I0401 16:41:43.380117 12160 tablet_server.cc:165] TabletServer shutting down...
W0401 16:41:43.390962 14207 consensus_peers.cc:457] T 676a5ec766f84ebebe099001cd7401a9 P 7f56a852ff774ae3bf4b2db3fdd9e794 -> Peer c8a139e6be04411cafa08fa475b4a949 (127.11.224.2:56141): Couldn't send request to peer c8a139e6be04411cafa08fa475b4a949. Status: Network error: Client connection negotiation failed: client connection to 127.11.224.2:56141: connect: Connection refused (error 111). This is attempt 1: this message will repeat every 5th retry.
W0401 16:41:43.392369 14204 consensus_peers.cc:457] T f7b07c95350a4913ac25ac4e7fe1d56f P 7f56a852ff774ae3bf4b2db3fdd9e794 -> Peer 3b217a135438461a92af851b0ff0e3b1 (127.11.224.1:60190): Couldn't send request to peer 3b217a135438461a92af851b0ff0e3b1. Status: Network error: Client connection negotiation failed: client connection to 127.11.224.1:60190: connect: Connection refused (error 111). This is attempt 1: this message will repeat every 5th retry.
I0401 16:41:43.393450 12160 ts_tablet_manager.cc:1126] Shutting down tablet manager...
I0401 16:41:43.393540 12160 tablet_replica.cc:264] T 13a6988475ce40e693996f0f56711a1a P 7f56a852ff774ae3bf4b2db3fdd9e794: stopping tablet replica
I0401 16:41:43.393652 12160 raft_consensus.cc:2143] T 13a6988475ce40e693996f0f56711a1a P 7f56a852ff774ae3bf4b2db3fdd9e794 [term 1 FOLLOWER]: Raft consensus shutting down.
I0401 16:41:43.393743 12160 raft_consensus.cc:2170] T 13a6988475ce40e693996f0f56711a1a P 7f56a852ff774ae3bf4b2db3fdd9e794 [term 1 FOLLOWER]: Raft consensus is shut down!
I0401 16:41:43.394570 12160 tablet_replica.cc:264] T 265f9ab062db4a7993f0dec921bf7c89 P 7f56a852ff774ae3bf4b2db3fdd9e794: stopping tablet replica
I0401 16:41:43.394645 12160 raft_consensus.cc:2143] T 265f9ab062db4a7993f0dec921bf7c89 P 7f56a852ff774ae3bf4b2db3fdd9e794 [term 1 FOLLOWER]: Raft consensus shutting down.
I0401 16:41:43.394742 12160 raft_consensus.cc:2170] T 265f9ab062db4a7993f0dec921bf7c89 P 7f56a852ff774ae3bf4b2db3fdd9e794 [term 1 FOLLOWER]: Raft consensus is shut down!
I0401 16:41:43.395449 12160 tablet_replica.cc:264] T d854a8d5225f43a7a40cfcec0bd9c1d5 P 7f56a852ff774ae3bf4b2db3fdd9e794: stopping tablet replica
I0401 16:41:43.395529 12160 raft_consensus.cc:2143] T d854a8d5225f43a7a40cfcec0bd9c1d5 P 7f56a852ff774ae3bf4b2db3fdd9e794 [term 1 FOLLOWER]: Raft consensus shutting down.
I0401 16:41:43.395593 12160 raft_consensus.cc:2170] T d854a8d5225f43a7a40cfcec0bd9c1d5 P 7f56a852ff774ae3bf4b2db3fdd9e794 [term 1 FOLLOWER]: Raft consensus is shut down!
I0401 16:41:43.396253 12160 tablet_replica.cc:264] T 97c087eb8f4a49a8aab7f45d389073bd P 7f56a852ff774ae3bf4b2db3fdd9e794: stopping tablet replica
I0401 16:41:43.396328 12160 raft_consensus.cc:2143] T 97c087eb8f4a49a8aab7f45d389073bd P 7f56a852ff774ae3bf4b2db3fdd9e794 [term 1 FOLLOWER]: Raft consensus shutting down.
I0401 16:41:43.396394 12160 raft_consensus.cc:2170] T 97c087eb8f4a49a8aab7f45d389073bd P 7f56a852ff774ae3bf4b2db3fdd9e794 [term 1 FOLLOWER]: Raft consensus is shut down!
I0401 16:41:43.397032 12160 tablet_replica.cc:264] T c436001f027647dfa8569052010729a6 P 7f56a852ff774ae3bf4b2db3fdd9e794: stopping tablet replica
I0401 16:41:43.397104 12160 raft_consensus.cc:2143] T c436001f027647dfa8569052010729a6 P 7f56a852ff774ae3bf4b2db3fdd9e794 [term 1 FOLLOWER]: Raft consensus shutting down.
I0401 16:41:43.397171 12160 raft_consensus.cc:2170] T c436001f027647dfa8569052010729a6 P 7f56a852ff774ae3bf4b2db3fdd9e794 [term 1 FOLLOWER]: Raft consensus is shut down!
I0401 16:41:43.397809 12160 tablet_replica.cc:264] T 25462a2724aa4e57b7b90498c8c2fade P 7f56a852ff774ae3bf4b2db3fdd9e794: stopping tablet replica
I0401 16:41:43.397898 12160 raft_consensus.cc:2143] T 25462a2724aa4e57b7b90498c8c2fade P 7f56a852ff774ae3bf4b2db3fdd9e794 [term 1 FOLLOWER]: Raft consensus shutting down.
I0401 16:41:43.398007 12160 raft_consensus.cc:2170] T 25462a2724aa4e57b7b90498c8c2fade P 7f56a852ff774ae3bf4b2db3fdd9e794 [term 1 FOLLOWER]: Raft consensus is shut down!
I0401 16:41:43.398515 12160 tablet_replica.cc:264] T 676a5ec766f84ebebe099001cd7401a9 P 7f56a852ff774ae3bf4b2db3fdd9e794: stopping tablet replica
I0401 16:41:43.398587 12160 raft_consensus.cc:2143] T 676a5ec766f84ebebe099001cd7401a9 P 7f56a852ff774ae3bf4b2db3fdd9e794 [term 1 LEADER]: Raft consensus shutting down.
I0401 16:41:43.398753 12160 raft_consensus.cc:2170] T 676a5ec766f84ebebe099001cd7401a9 P 7f56a852ff774ae3bf4b2db3fdd9e794 [term 1 FOLLOWER]: Raft consensus is shut down!
I0401 16:41:43.399375 12160 tablet_replica.cc:264] T b037d993bb1c4d0e973c88f5232fcec4 P 7f56a852ff774ae3bf4b2db3fdd9e794: stopping tablet replica
I0401 16:41:43.399447 12160 raft_consensus.cc:2143] T b037d993bb1c4d0e973c88f5232fcec4 P 7f56a852ff774ae3bf4b2db3fdd9e794 [term 1 LEADER]: Raft consensus shutting down.
I0401 16:41:43.399582 12160 raft_consensus.cc:2170] T b037d993bb1c4d0e973c88f5232fcec4 P 7f56a852ff774ae3bf4b2db3fdd9e794 [term 1 FOLLOWER]: Raft consensus is shut down!
I0401 16:41:43.400122 12160 tablet_replica.cc:264] T f3a8c8f94f44477aa2aba69e0834cd23 P 7f56a852ff774ae3bf4b2db3fdd9e794: stopping tablet replica
I0401 16:41:43.400192 12160 raft_consensus.cc:2143] T f3a8c8f94f44477aa2aba69e0834cd23 P 7f56a852ff774ae3bf4b2db3fdd9e794 [term 1 FOLLOWER]: Raft consensus shutting down.
I0401 16:41:43.400255 12160 raft_consensus.cc:2170] T f3a8c8f94f44477aa2aba69e0834cd23 P 7f56a852ff774ae3bf4b2db3fdd9e794 [term 1 FOLLOWER]: Raft consensus is shut down!
I0401 16:41:43.400847 12160 tablet_replica.cc:264] T f7b07c95350a4913ac25ac4e7fe1d56f P 7f56a852ff774ae3bf4b2db3fdd9e794: stopping tablet replica
I0401 16:41:43.400923 12160 raft_consensus.cc:2143] T f7b07c95350a4913ac25ac4e7fe1d56f P 7f56a852ff774ae3bf4b2db3fdd9e794 [term 1 LEADER]: Raft consensus shutting down.
I0401 16:41:43.401057 12160 raft_consensus.cc:2170] T f7b07c95350a4913ac25ac4e7fe1d56f P 7f56a852ff774ae3bf4b2db3fdd9e794 [term 1 FOLLOWER]: Raft consensus is shut down!
I0401 16:41:43.416921 12160 tablet_server.cc:179] TabletServer shutdown complete.
I0401 16:41:43.416963 12160 tablet_server.cc:165] TabletServer shutting down...
I0401 16:41:43.417098 12160 tablet_server.cc:179] TabletServer shutdown complete.
I0401 16:41:43.420414 12160 master.cc:270] Master@127.11.224.62:54067 shutting down...
I0401 16:41:43.438971 12160 raft_consensus.cc:2143] T 00000000000000000000000000000000 P 945cfa77e0464ef7908600619e1eacde [term 1 LEADER]: Raft consensus shutting down.
I0401 16:41:43.439249 12160 raft_consensus.cc:2170] T 00000000000000000000000000000000 P 945cfa77e0464ef7908600619e1eacde [term 1 FOLLOWER]: Raft consensus is shut down!
I0401 16:41:43.439316 12160 tablet_replica.cc:264] T 00000000000000000000000000000000 P 945cfa77e0464ef7908600619e1eacde: stopping tablet replica
I0401 16:41:43.452877 12160 master.cc:281] Master@127.11.224.62:54067 shutdown complete.
I0401 16:41:43.455555 12160 master.cc:270] Master@127.11.224.61:43507 shutting down...
I0401 16:41:43.464586 12160 raft_consensus.cc:2143] T 00000000000000000000000000000000 P 7add0c01d1c845d6af1e6612d46558c1 [term 1 FOLLOWER]: Raft consensus shutting down.
I0401 16:41:43.464711 12160 raft_consensus.cc:2170] T 00000000000000000000000000000000 P 7add0c01d1c845d6af1e6612d46558c1 [term 1 FOLLOWER]: Raft consensus is shut down!
I0401 16:41:43.464769 12160 tablet_replica.cc:264] T 00000000000000000000000000000000 P 7add0c01d1c845d6af1e6612d46558c1: stopping tablet replica
I0401 16:41:43.478251 12160 master.cc:281] Master@127.11.224.61:43507 shutdown complete.
I0401 16:41:43.480837 12160 master.cc:270] Master@127.11.224.60:55817 shutting down...
I0401 16:41:43.491405 12160 raft_consensus.cc:2143] T 00000000000000000000000000000000 P 8b91977a995b40aeb8aa0beaa589da13 [term 1 FOLLOWER]: Raft consensus shutting down.
I0401 16:41:43.491564 12160 raft_consensus.cc:2170] T 00000000000000000000000000000000 P 8b91977a995b40aeb8aa0beaa589da13 [term 1 FOLLOWER]: Raft consensus is shut down!
I0401 16:41:43.491636 12160 tablet_replica.cc:264] T 00000000000000000000000000000000 P 8b91977a995b40aeb8aa0beaa589da13: stopping tablet replica
I0401 16:41:43.505122 12160 master.cc:281] Master@127.11.224.60:55817 shutdown complete. [ OK ] RemoteKsckTest.TestTableConsistency (1840 ms) [ RUN ] RemoteKsckTest.TestChecksum
I0401 16:41:43.523216 12160 test_util.cc:212] Using random seed: -1877305461
I0401 16:41:43.523713 12160 internal_mini_cluster.cc:146] Creating distributed mini masters. Addrs: 127.11.224.62:49328,127.11.224.61:50234,127.11.224.60:37435
I0401 16:41:43.527024 12160 system_ntp.cc:199] NTP initialized. Skew: 500ppm Current error: 841931us
I0401 16:41:43.527184 12160 fs_manager.cc:263] Metadata directory not provided
I0401 16:41:43.527220 12160 fs_manager.cc:269] Using write-ahead log directory (fs_wal_dir) as metadata directory
I0401 16:41:43.527304 12160 server_base.cc:433] Could not load existing FS layout: Not found: could not find a healthy instance file
I0401 16:41:43.527333 12160 server_base.cc:434] Attempting to create new FS layout instead
I0401 16:41:43.527745 12160 fs_manager.cc:602] Generated new instance metadata in path /data/somelongdirectorytoavoidrpathissues/src/kudutest/ksck_remote-test.0.RemoteKsckTest.TestChecksum.1554162092376624-12160/minicluster-data/master-0-root/instance: uuid: "6dd1566ed5614f3495f174d0c2cd95ca" format_stamp: "Formatted at 2019-04-01 23:41:43 on quasar-eitwqx-1.vpc.cloudera.com"
I0401 16:41:43.531991 12160 fs_manager.cc:503] Time spent creating directory manager: real 0.004s user 0.002s sys 0.001s
I0401 16:41:43.532661 12160 file_cache.cc:466] Constructed file cache lbm with capacity 13107
I0401 16:41:43.534400 12160 fs_manager.cc:419] Time spent opening block manager: real 0.000s user 0.000s sys 0.000s
I0401 16:41:43.534445 12160 fs_manager.cc:436] Opened local filesystem: /data/somelongdirectorytoavoidrpathissues/src/kudutest/ksck_remote-test.0.RemoteKsckTest.TestChecksum.1554162092376624-12160/minicluster-data/master-0-root uuid: "6dd1566ed5614f3495f174d0c2cd95ca" format_stamp: "Formatted at 2019-04-01 23:41:43 on quasar-eitwqx-1.vpc.cloudera.com"
I0401 16:41:43.534516 12160 fs_report.cc:352] FS layout report -------------------- wal directory: /data/somelongdirectorytoavoidrpathissues/src/kudutest/ksck_remote-test.0.RemoteKsckTest.TestChecksum.1554162092376624-12160/minicluster-data/master-0-root metadata directory: /data/somelongdirectorytoavoidrpathissues/src/kudutest/ksck_remote-test.0.RemoteKsckTest.TestChecksum.1554162092376624-12160/minicluster-data/master-0-root 1 data directories: /data/somelongdirectorytoavoidrpathissues/src/kudutest/ksck_remote-test.0.RemoteKsckTest.TestChecksum.1554162092376624-12160/minicluster-data/master-0-root/data Total live blocks: 0 Total live bytes: 0 Total live bytes (after alignment): 0 Total number of LBM containers: 0 (0 full) Did not check for missing blocks Did not check for orphaned blocks Total full LBM containers with extra space: 0 (0 repaired) Total full LBM container extra space in bytes: 0 (0 repaired) Total incomplete LBM containers: 0 (0 repaired) Total LBM partial records: 0 (0 repaired)
I0401 16:41:43.579735 12160 rpc_server.cc:205] RPC server started. Bound to: 127.11.224.62:49328
I0401 16:41:43.580442 12160 webserver.cc:308] Webserver started at http://127.11.224.62:40522/ using document root and password file
I0401 16:41:43.581459 14499 data_dirs.cc:938] Could only allocate 1 dirs of requested 3 for tablet 00000000000000000000000000000000. 1 dirs total, 0 dirs full, 0 dirs failed
I0401 16:41:43.583474 14499 sys_catalog.cc:304] member_type: VOTER last_known_addr { host: "127.11.224.62" port: 49328 } has no permanent_uuid. Determining permanent_uuid...
I0401 16:41:43.584187 12160 system_ntp.cc:199] NTP initialized. Skew: 500ppm Current error: 841931us
I0401 16:41:43.584358 12160 fs_manager.cc:263] Metadata directory not provided
I0401 16:41:43.584395 12160 fs_manager.cc:269] Using write-ahead log directory (fs_wal_dir) as metadata directory
I0401 16:41:43.584511 12160 server_base.cc:433] Could not load existing FS layout: Not found: could not find a healthy instance file
I0401 16:41:43.584537 12160 server_base.cc:434] Attempting to create new FS layout instead
I0401 16:41:43.585634 12160 fs_manager.cc:602] Generated new instance metadata in path /data/somelongdirectorytoavoidrpathissues/src/kudutest/ksck_remote-test.0.RemoteKsckTest.TestChecksum.1554162092376624-12160/minicluster-data/master-1-root/instance: uuid: "c95f2f61d77f4869a667c1d8210ed34c" format_stamp: "Formatted at 2019-04-01 23:41:43 on quasar-eitwqx-1.vpc.cloudera.com"
I0401 16:41:43.594408 12160 fs_manager.cc:503] Time spent creating directory manager: real 0.008s user 0.002s sys 0.002s
I0401 16:41:43.595618 12160 file_cache.cc:466] Constructed file cache lbm with capacity 13107
I0401 16:41:43.596295 14499 sys_catalog.cc:304] member_type: VOTER last_known_addr { host: "127.11.224.61" port: 50234 } has no permanent_uuid. Determining permanent_uuid...
W0401 16:41:43.597098 14499 consensus_peers.cc:599] Error getting permanent uuid from config peer 127.11.224.61:50234: Network error: Client connection negotiation failed: client connection to 127.11.224.61:50234: connect: Connection refused (error 111)
I0401 16:41:43.597836 12160 fs_manager.cc:419] Time spent opening block manager: real 0.001s user 0.000s sys 0.001s
I0401 16:41:43.597903 12160 fs_manager.cc:436] Opened local filesystem: /data/somelongdirectorytoavoidrpathissues/src/kudutest/ksck_remote-test.0.RemoteKsckTest.TestChecksum.1554162092376624-12160/minicluster-data/master-1-root uuid: "c95f2f61d77f4869a667c1d8210ed34c" format_stamp: "Formatted at 2019-04-01 23:41:43 on quasar-eitwqx-1.vpc.cloudera.com"
I0401 16:41:43.598007 12160 fs_report.cc:352] FS layout report -------------------- wal directory: /data/somelongdirectorytoavoidrpathissues/src/kudutest/ksck_remote-test.0.RemoteKsckTest.TestChecksum.1554162092376624-12160/minicluster-data/master-1-root metadata directory: /data/somelongdirectorytoavoidrpathissues/src/kudutest/ksck_remote-test.0.RemoteKsckTest.TestChecksum.1554162092376624-12160/minicluster-data/master-1-root 1 data directories: /data/somelongdirectorytoavoidrpathissues/src/kudutest/ksck_remote-test.0.RemoteKsckTest.TestChecksum.1554162092376624-12160/minicluster-data/master-1-root/data Total live blocks: 0 Total live bytes: 0 Total live bytes (after alignment): 0 Total number of LBM containers: 0 (0 full) Did not check for missing blocks Did not check for orphaned blocks Total full LBM containers with extra space: 0 (0 repaired) Total full LBM container extra space in bytes: 0 (0 repaired) Total incomplete LBM containers: 0 (0 repaired) Total LBM partial records: 0 (0 repaired)
I0401 16:41:43.620303 14499 consensus_peers.cc:609] Retrying to get permanent uuid for remote peer: member_type: VOTER last_known_addr { host: "127.11.224.61" port: 50234 } attempt: 1
W0401 16:41:43.621194 14499 consensus_peers.cc:599] Error getting permanent uuid from config peer 127.11.224.61:50234: Network error: Client connection negotiation failed: client connection to 127.11.224.61:50234: connect: Connection refused (error 111)
I0401 16:41:43.637109 12160 rpc_server.cc:205] RPC server started. Bound to: 127.11.224.61:50234
I0401 16:41:43.637771 12160 webserver.cc:308] Webserver started at http://127.11.224.61:42456/ using document root and password file
I0401 16:41:43.638691 14556 data_dirs.cc:938] Could only allocate 1 dirs of requested 3 for tablet 00000000000000000000000000000000. 1 dirs total, 0 dirs full, 0 dirs failed
I0401 16:41:43.640535 14556 sys_catalog.cc:304] member_type: VOTER last_known_addr { host: "127.11.224.62" port: 49328 } has no permanent_uuid. Determining permanent_uuid...
I0401 16:41:43.641953 12160 system_ntp.cc:199] NTP initialized. Skew: 500ppm Current error: 841931us
I0401 16:41:43.642134 12160 fs_manager.cc:263] Metadata directory not provided
I0401 16:41:43.642189 12160 fs_manager.cc:269] Using write-ahead log directory (fs_wal_dir) as metadata directory
I0401 16:41:43.642283 12160 server_base.cc:433] Could not load existing FS layout: Not found: could not find a healthy instance file
I0401 16:41:43.642310 12160 server_base.cc:434] Attempting to create new FS layout instead
I0401 16:41:43.645696 14556 sys_catalog.cc:304] member_type: VOTER last_known_addr { host: "127.11.224.61" port: 50234 } has no permanent_uuid. Determining permanent_uuid...
I0401 16:41:43.650753 14556 sys_catalog.cc:304] member_type: VOTER last_known_addr { host: "127.11.224.60" port: 37435 } has no permanent_uuid. Determining permanent_uuid...
W0401 16:41:43.651382 14556 consensus_peers.cc:599] Error getting permanent uuid from config peer 127.11.224.60:37435: Network error: Client connection negotiation failed: client connection to 127.11.224.60:37435: connect: Connection refused (error 111)
I0401 16:41:43.654924 12160 fs_manager.cc:602] Generated new instance metadata in path /data/somelongdirectorytoavoidrpathissues/src/kudutest/ksck_remote-test.0.RemoteKsckTest.TestChecksum.1554162092376624-12160/minicluster-data/master-2-root/instance: uuid: "3554ae29f8ea452790970952916fbb67" format_stamp: "Formatted at 2019-04-01 23:41:43 on quasar-eitwqx-1.vpc.cloudera.com"
I0401 16:41:43.658756 12160 fs_manager.cc:503] Time spent creating directory manager: real 0.004s user 0.003s sys 0.000s
I0401 16:41:43.659384 12160 file_cache.cc:466] Constructed file cache lbm with capacity 13107
I0401 16:41:43.661401 12160 fs_manager.cc:419] Time spent opening block manager: real 0.000s user 0.000s sys 0.000s
I0401 16:41:43.661447 12160 fs_manager.cc:436] Opened local filesystem: /data/somelongdirectorytoavoidrpathissues/src/kudutest/ksck_remote-test.0.RemoteKsckTest.TestChecksum.1554162092376624-12160/minicluster-data/master-2-root uuid: "3554ae29f8ea452790970952916fbb67" format_stamp: "Formatted at 2019-04-01 23:41:43 on quasar-eitwqx-1.vpc.cloudera.com"
I0401 16:41:43.661523 12160 fs_report.cc:352] FS layout report -------------------- wal directory: /data/somelongdirectorytoavoidrpathissues/src/kudutest/ksck_remote-test.0.RemoteKsckTest.TestChecksum.1554162092376624-12160/minicluster-data/master-2-root metadata directory: /data/somelongdirectorytoavoidrpathissues/src/kudutest/ksck_remote-test.0.RemoteKsckTest.TestChecksum.1554162092376624-12160/minicluster-data/master-2-root 1 data directories: /data/somelongdirectorytoavoidrpathissues/src/kudutest/ksck_remote-test.0.RemoteKsckTest.TestChecksum.1554162092376624-12160/minicluster-data/master-2-root/data Total live blocks: 0 Total live bytes: 0 Total live bytes (after alignment): 0 Total number of LBM containers: 0 (0 full) Did not check for missing blocks Did not check for orphaned blocks Total full LBM containers with extra space: 0 (0 repaired) Total full LBM container extra space in bytes: 0 (0 repaired) Total incomplete LBM containers: 0 (0 repaired) Total LBM partial records: 0 (0 repaired)
I0401 16:41:43.676594 14556 consensus_peers.cc:609] Retrying to get permanent uuid for remote peer: member_type: VOTER last_known_addr { host: "127.11.224.60" port: 37435 } attempt: 1
W0401 16:41:43.677559 14556 consensus_peers.cc:599] Error getting permanent uuid from config peer 127.11.224.60:37435: Network error: Client connection negotiation failed: client connection to 127.11.224.60:37435: connect: Connection refused (error 111)
I0401 16:41:43.695462 14499 consensus_peers.cc:609] Retrying to get permanent uuid for remote peer: member_type: VOTER last_known_addr { host: "127.11.224.61" port: 50234 } attempt: 2
I0401 16:41:43.700109 14499 sys_catalog.cc:304] member_type: VOTER last_known_addr { host: "127.11.224.60" port: 37435 } has no permanent_uuid. Determining permanent_uuid...
W0401 16:41:43.700806 14499 consensus_peers.cc:599] Error getting permanent uuid from config peer 127.11.224.60:37435: Network error: Client connection negotiation failed: client connection to 127.11.224.60:37435: connect: Connection refused (error 111)
I0401 16:41:43.722643 12160 rpc_server.cc:205] RPC server started. Bound to: 127.11.224.60:37435
I0401 16:41:43.723331 12160 webserver.cc:308] Webserver started at http://127.11.224.60:55379/ using document root and password file
I0401 16:41:43.723656 12160 internal_mini_cluster.cc:166] Waiting to initialize catalog manager on master 0
I0401 16:41:43.724429 14613 data_dirs.cc:938] Could only allocate 1 dirs of requested 3 for tablet 00000000000000000000000000000000. 1 dirs total, 0 dirs full, 0 dirs failed
I0401 16:41:43.726263 14613 sys_catalog.cc:304] member_type: VOTER last_known_addr { host: "127.11.224.62" port: 49328 } has no permanent_uuid. Determining permanent_uuid...
I0401 16:41:43.730613 14613 sys_catalog.cc:304] member_type: VOTER last_known_addr { host: "127.11.224.61" port: 50234 } has no permanent_uuid. Determining permanent_uuid...
I0401 16:41:43.733876 14613 sys_catalog.cc:304] member_type: VOTER last_known_addr { host: "127.11.224.60" port: 37435 } has no permanent_uuid. Determining permanent_uuid...
I0401 16:41:43.737923 14499 consensus_peers.cc:609] Retrying to get permanent uuid for remote peer: member_type: VOTER last_known_addr { host: "127.11.224.60" port: 37435 } attempt: 1
I0401 16:41:43.740257 14613 tablet_bootstrap.cc:439] T 00000000000000000000000000000000 P 3554ae29f8ea452790970952916fbb67: Bootstrap starting.
I0401 16:41:43.741722 14613 tablet_bootstrap.cc:590] T 00000000000000000000000000000000 P 3554ae29f8ea452790970952916fbb67: No blocks or log segments found. Creating new log.
I0401 16:41:43.743450 14499 tablet_bootstrap.cc:439] T 00000000000000000000000000000000 P 6dd1566ed5614f3495f174d0c2cd95ca: Bootstrap starting.
I0401 16:41:43.743630 14613 tablet_bootstrap.cc:439] T 00000000000000000000000000000000 P 3554ae29f8ea452790970952916fbb67: No bootstrap required, opened a new log
I0401 16:41:43.744374 14613 raft_consensus.cc:340] T 00000000000000000000000000000000 P 3554ae29f8ea452790970952916fbb67 [term 0 FOLLOWER]: Replica starting. Triggering 0 pending transactions. Active config: opid_index: -1 OBSOLETE_local: false peers { permanent_uuid: "6dd1566ed5614f3495f174d0c2cd95ca" member_type: VOTER last_known_addr { host: "127.11.224.62" port: 49328 } } peers { permanent_uuid: "c95f2f61d77f4869a667c1d8210ed34c" member_type: VOTER last_known_addr { host: "127.11.224.61" port: 50234 } } peers { permanent_uuid: "3554ae29f8ea452790970952916fbb67" member_type: VOTER last_known_addr { host: "127.11.224.60" port: 37435 } }
I0401 16:41:43.744552 14613 raft_consensus.cc:366] T 00000000000000000000000000000000 P 3554ae29f8ea452790970952916fbb67 [term 0 FOLLOWER]: Consensus starting up: Expiring failure detector timer to make a prompt election more likely
I0401 16:41:43.744591 14613 raft_consensus.cc:705] T 00000000000000000000000000000000 P 3554ae29f8ea452790970952916fbb67 [term 0 FOLLOWER]: Becoming Follower/Learner. State: Replica: 3554ae29f8ea452790970952916fbb67, State: Initialized, Role: FOLLOWER
I0401 16:41:43.744787 14499 tablet_bootstrap.cc:590] T 00000000000000000000000000000000 P 6dd1566ed5614f3495f174d0c2cd95ca: No blocks or log segments found. Creating new log.
I0401 16:41:43.744747 14613 consensus_queue.cc:229] T 00000000000000000000000000000000 P 3554ae29f8ea452790970952916fbb67 [NON_LEADER]: Queue going to NON_LEADER mode. State: All replicated index: 0, Majority replicated index: 0, Committed index: 0, Last appended: 0.0, Last appended by leader: 0, Current term: 0, Majority size: -1, State: 0, Mode: NON_LEADER, active raft config: opid_index: -1 OBSOLETE_local: false peers { permanent_uuid: "6dd1566ed5614f3495f174d0c2cd95ca" member_type: VOTER last_known_addr { host: "127.11.224.62" port: 49328 } } peers { permanent_uuid: "c95f2f61d77f4869a667c1d8210ed34c" member_type: VOTER last_known_addr { host: "127.11.224.61" port: 50234 } } peers { permanent_uuid: "3554ae29f8ea452790970952916fbb67" member_type: VOTER last_known_addr { host: "127.11.224.60" port: 37435 } }
I0401 16:41:43.745296 14613 sys_catalog.cc:337] T 00000000000000000000000000000000 P 3554ae29f8ea452790970952916fbb67 [sys.catalog]: SysCatalogTable state changed. Reason: Started TabletReplica. Latest consensus state: current_term: 0 committed_config { opid_index: -1 OBSOLETE_local: false peers { permanent_uuid: "6dd1566ed5614f3495f174d0c2cd95ca" member_type: VOTER last_known_addr { host: "127.11.224.62" port: 49328 } } peers { permanent_uuid: "c95f2f61d77f4869a667c1d8210ed34c" member_type: VOTER last_known_addr { host: "127.11.224.61" port: 50234 } } peers { permanent_uuid: "3554ae29f8ea452790970952916fbb67" member_type: VOTER last_known_addr { host: "127.11.224.60" port: 37435 } } }
I0401 16:41:43.745512 14613 sys_catalog.cc:340] T 00000000000000000000000000000000 P 3554ae29f8ea452790970952916fbb67 [sys.catalog]: This master's current role is: FOLLOWER
I0401 16:41:43.745427 14617 sys_catalog.cc:337] T 00000000000000000000000000000000 P 3554ae29f8ea452790970952916fbb67 [sys.catalog]: SysCatalogTable state changed. Reason: RaftConsensus started. Latest consensus state: current_term: 0 committed_config { opid_index: -1 OBSOLETE_local: false peers { permanent_uuid: "6dd1566ed5614f3495f174d0c2cd95ca" member_type: VOTER last_known_addr { host: "127.11.224.62" port: 49328 } } peers { permanent_uuid: "c95f2f61d77f4869a667c1d8210ed34c" member_type: VOTER last_known_addr { host: "127.11.224.61" port: 50234 } } peers { permanent_uuid: "3554ae29f8ea452790970952916fbb67" member_type: VOTER last_known_addr { host: "127.11.224.60" port: 37435 } } }
I0401 16:41:43.745697 14617 sys_catalog.cc:340] T 00000000000000000000000000000000 P 3554ae29f8ea452790970952916fbb67 [sys.catalog]: This master's current role is: FOLLOWER
I0401 16:41:43.745995 14613 sys_catalog.cc:424] T 00000000000000000000000000000000 P 3554ae29f8ea452790970952916fbb67 [sys.catalog]: configured and running, proceeding with master startup.
I0401 16:41:43.746378 14499 tablet_bootstrap.cc:439] T 00000000000000000000000000000000 P 6dd1566ed5614f3495f174d0c2cd95ca: No bootstrap required, opened a new log
I0401 16:41:43.746841 14499 raft_consensus.cc:340] T 00000000000000000000000000000000 P 6dd1566ed5614f3495f174d0c2cd95ca [term 0 FOLLOWER]: Replica starting. Triggering 0 pending transactions. Active config: opid_index: -1 OBSOLETE_local: false peers { permanent_uuid: "6dd1566ed5614f3495f174d0c2cd95ca" member_type: VOTER last_known_addr { host: "127.11.224.62" port: 49328 } } peers { permanent_uuid: "c95f2f61d77f4869a667c1d8210ed34c" member_type: VOTER last_known_addr { host: "127.11.224.61" port: 50234 } } peers { permanent_uuid: "3554ae29f8ea452790970952916fbb67" member_type: VOTER last_known_addr { host: "127.11.224.60" port: 37435 } }
I0401 16:41:43.746976 14499 raft_consensus.cc:366] T 00000000000000000000000000000000 P 6dd1566ed5614f3495f174d0c2cd95ca [term 0 FOLLOWER]: Consensus starting up: Expiring failure detector timer to make a prompt election more likely
I0401 16:41:43.746999 14499 raft_consensus.cc:705] T 00000000000000000000000000000000 P 6dd1566ed5614f3495f174d0c2cd95ca [term 0 FOLLOWER]: Becoming Follower/Learner. State: Replica: 6dd1566ed5614f3495f174d0c2cd95ca, State: Initialized, Role: FOLLOWER
I0401 16:41:43.747130 14499 consensus_queue.cc:229] T 00000000000000000000000000000000 P 6dd1566ed5614f3495f174d0c2cd95ca [NON_LEADER]: Queue going to NON_LEADER mode. State: All replicated index: 0, Majority replicated index: 0, Committed index: 0, Last appended: 0.0, Last appended by leader: 0, Current term: 0, Majority size: -1, State: 0, Mode: NON_LEADER, active raft config: opid_index: -1 OBSOLETE_local: false peers { permanent_uuid: "6dd1566ed5614f3495f174d0c2cd95ca" member_type: VOTER last_known_addr { host: "127.11.224.62" port: 49328 } } peers { permanent_uuid: "c95f2f61d77f4869a667c1d8210ed34c" member_type: VOTER last_known_addr { host: "127.11.224.61" port: 50234 } } peers { permanent_uuid: "3554ae29f8ea452790970952916fbb67" member_type: VOTER last_known_addr { host: "127.11.224.60" port: 37435 } }
W0401 16:41:43.747306 14619 catalog_manager.cc:1113] T 00000000000000000000000000000000 P 3554ae29f8ea452790970952916fbb67: acquiring CA information for follower catalog manager: Not found: root CA entry not found
W0401 16:41:43.747357 14619 catalog_manager.cc:594] Not found: root CA entry not found: failed to prepare follower catalog manager, will retry
I0401 16:41:43.747587 14499 sys_catalog.cc:337] T 00000000000000000000000000000000 P 6dd1566ed5614f3495f174d0c2cd95ca [sys.catalog]: SysCatalogTable state changed. Reason: Started TabletReplica. Latest consensus state: current_term: 0 committed_config { opid_index: -1 OBSOLETE_local: false peers { permanent_uuid: "6dd1566ed5614f3495f174d0c2cd95ca" member_type: VOTER last_known_addr { host: "127.11.224.62" port: 49328 } } peers { permanent_uuid: "c95f2f61d77f4869a667c1d8210ed34c" member_type: VOTER last_known_addr { host: "127.11.224.61" port: 50234 } } peers { permanent_uuid: "3554ae29f8ea452790970952916fbb67" member_type: VOTER last_known_addr { host: "127.11.224.60" port: 37435 } } }
I0401 16:41:43.747750 14499 sys_catalog.cc:340] T 00000000000000000000000000000000 P 6dd1566ed5614f3495f174d0c2cd95ca [sys.catalog]: This master's current role is: FOLLOWER
I0401 16:41:43.747750 14556 consensus_peers.cc:609] Retrying to get permanent uuid for remote peer: member_type: VOTER last_known_addr { host: "127.11.224.60" port: 37435 } attempt: 2
I0401 16:41:43.747684 14620 sys_catalog.cc:337] T 00000000000000000000000000000000 P 6dd1566ed5614f3495f174d0c2cd95ca [sys.catalog]: SysCatalogTable state changed. Reason: RaftConsensus started. Latest consensus state: current_term: 0 committed_config { opid_index: -1 OBSOLETE_local: false peers { permanent_uuid: "6dd1566ed5614f3495f174d0c2cd95ca" member_type: VOTER last_known_addr { host: "127.11.224.62" port: 49328 } } peers { permanent_uuid: "c95f2f61d77f4869a667c1d8210ed34c" member_type: VOTER last_known_addr { host: "127.11.224.61" port: 50234 } } peers { permanent_uuid: "3554ae29f8ea452790970952916fbb67" member_type: VOTER last_known_addr { host: "127.11.224.60" port: 37435 } } }
I0401 16:41:43.748044 14620 sys_catalog.cc:340] T 00000000000000000000000000000000 P 6dd1566ed5614f3495f174d0c2cd95ca [sys.catalog]: This master's current role is: FOLLOWER
I0401 16:41:43.748513 14499 sys_catalog.cc:424] T 00000000000000000000000000000000 P 6dd1566ed5614f3495f174d0c2cd95ca [sys.catalog]: configured and running, proceeding with master startup.
I0401 16:41:43.748916 12160 internal_mini_cluster.cc:166] Waiting to initialize catalog manager on master 1
W0401 16:41:43.749944 14621 catalog_manager.cc:1113] T 00000000000000000000000000000000 P 6dd1566ed5614f3495f174d0c2cd95ca: acquiring CA information for follower catalog manager: Not found: root CA entry not found
W0401 16:41:43.749991 14621 catalog_manager.cc:594] Not found: root CA entry not found: failed to prepare follower catalog manager, will retry
I0401 16:41:43.752951 14556 tablet_bootstrap.cc:439] T 00000000000000000000000000000000 P c95f2f61d77f4869a667c1d8210ed34c: Bootstrap starting.
I0401 16:41:43.753821 14556 tablet_bootstrap.cc:590] T 00000000000000000000000000000000 P c95f2f61d77f4869a667c1d8210ed34c: No blocks or log segments found. Creating new log.
I0401 16:41:43.755043 14556 tablet_bootstrap.cc:439] T 00000000000000000000000000000000 P c95f2f61d77f4869a667c1d8210ed34c: No bootstrap required, opened a new log
I0401 16:41:43.755515 14556 raft_consensus.cc:340] T 00000000000000000000000000000000 P c95f2f61d77f4869a667c1d8210ed34c [term 0 FOLLOWER]: Replica starting. Triggering 0 pending transactions. Active config: opid_index: -1 OBSOLETE_local: false peers { permanent_uuid: "6dd1566ed5614f3495f174d0c2cd95ca" member_type: VOTER last_known_addr { host: "127.11.224.62" port: 49328 } } peers { permanent_uuid: "c95f2f61d77f4869a667c1d8210ed34c" member_type: VOTER last_known_addr { host: "127.11.224.61" port: 50234 } } peers { permanent_uuid: "3554ae29f8ea452790970952916fbb67" member_type: VOTER last_known_addr { host: "127.11.224.60" port: 37435 } }
I0401 16:41:43.755635 14556 raft_consensus.cc:366] T 00000000000000000000000000000000 P c95f2f61d77f4869a667c1d8210ed34c [term 0 FOLLOWER]: Consensus starting up: Expiring failure detector timer to make a prompt election more likely
I0401 16:41:43.755663 14556 raft_consensus.cc:705] T 00000000000000000000000000000000 P c95f2f61d77f4869a667c1d8210ed34c [term 0 FOLLOWER]: Becoming Follower/Learner. State: Replica: c95f2f61d77f4869a667c1d8210ed34c, State: Initialized, Role: FOLLOWER
I0401 16:41:43.755795 14556 consensus_queue.cc:229] T 00000000000000000000000000000000 P c95f2f61d77f4869a667c1d8210ed34c [NON_LEADER]: Queue going to NON_LEADER mode. State: All replicated index: 0, Majority replicated index: 0, Committed index: 0, Last appended: 0.0, Last appended by leader: 0, Current term: 0, Majority size: -1, State: 0, Mode: NON_LEADER, active raft config: opid_index: -1 OBSOLETE_local: false peers { permanent_uuid: "6dd1566ed5614f3495f174d0c2cd95ca" member_type: VOTER last_known_addr { host: "127.11.224.62" port: 49328 } } peers { permanent_uuid: "c95f2f61d77f4869a667c1d8210ed34c" member_type: VOTER last_known_addr { host: "127.11.224.61" port: 50234 } } peers { permanent_uuid: "3554ae29f8ea452790970952916fbb67" member_type: VOTER last_known_addr { host: "127.11.224.60" port: 37435 } }
I0401 16:41:43.756208 14556 sys_catalog.cc:337] T 00000000000000000000000000000000 P c95f2f61d77f4869a667c1d8210ed34c [sys.catalog]: SysCatalogTable state changed. Reason: Started TabletReplica. Latest consensus state: current_term: 0 committed_config { opid_index: -1 OBSOLETE_local: false peers { permanent_uuid: "6dd1566ed5614f3495f174d0c2cd95ca" member_type: VOTER last_known_addr { host: "127.11.224.62" port: 49328 } } peers { permanent_uuid: "c95f2f61d77f4869a667c1d8210ed34c" member_type: VOTER last_known_addr { host: "127.11.224.61" port: 50234 } } peers { permanent_uuid: "3554ae29f8ea452790970952916fbb67" member_type: VOTER last_known_addr { host: "127.11.224.60" port: 37435 } } }
I0401 16:41:43.756331 14556 sys_catalog.cc:340] T 00000000000000000000000000000000 P c95f2f61d77f4869a667c1d8210ed34c [sys.catalog]: This master's current role is: FOLLOWER
I0401 16:41:43.756264 14623 sys_catalog.cc:337] T 00000000000000000000000000000000 P c95f2f61d77f4869a667c1d8210ed34c [sys.catalog]: SysCatalogTable state changed. Reason: RaftConsensus started. Latest consensus state: current_term: 0 committed_config { opid_index: -1 OBSOLETE_local: false peers { permanent_uuid: "6dd1566ed5614f3495f174d0c2cd95ca" member_type: VOTER last_known_addr { host: "127.11.224.62" port: 49328 } } peers { permanent_uuid: "c95f2f61d77f4869a667c1d8210ed34c" member_type: VOTER last_known_addr { host: "127.11.224.61" port: 50234 } } peers { permanent_uuid: "3554ae29f8ea452790970952916fbb67" member_type: VOTER last_known_addr { host: "127.11.224.60" port: 37435 } } }
I0401 16:41:43.756383 14623 sys_catalog.cc:340] T 00000000000000000000000000000000 P c95f2f61d77f4869a667c1d8210ed34c [sys.catalog]: This master's current role is: FOLLOWER
I0401 16:41:43.756655 14556 sys_catalog.cc:424] T 00000000000000000000000000000000 P c95f2f61d77f4869a667c1d8210ed34c [sys.catalog]: configured and running, proceeding with master startup.
I0401 16:41:43.756942 12160 internal_mini_cluster.cc:166] Waiting to initialize catalog manager on master 2
W0401 16:41:43.758014 14624 catalog_manager.cc:1113] T 00000000000000000000000000000000 P c95f2f61d77f4869a667c1d8210ed34c: acquiring CA information for follower catalog manager: Not found: root CA entry not found
W0401 16:41:43.758052 14624 catalog_manager.cc:594] Not found: root CA entry not found: failed to prepare follower catalog manager, will retry
I0401 16:41:43.761477 12160 system_ntp.cc:199] NTP initialized. Skew: 500ppm Current error: 841931us
I0401 16:41:43.761612 12160 fs_manager.cc:263] Metadata directory not provided
I0401 16:41:43.761641 12160 fs_manager.cc:269] Using write-ahead log directory (fs_wal_dir) as metadata directory
I0401 16:41:43.761732 12160 server_base.cc:433] Could not load existing FS layout: Not found: could not find a healthy instance file
I0401 16:41:43.761759 12160 server_base.cc:434] Attempting to create new FS layout instead
I0401 16:41:43.762156 12160 fs_manager.cc:602] Generated new instance metadata in path /data/somelongdirectorytoavoidrpathissues/src/kudutest/ksck_remote-test.0.RemoteKsckTest.TestChecksum.1554162092376624-12160/minicluster-data/ts-0-root/instance: uuid: "0d05f40568e743aca4798bfc0dc47a8f" format_stamp: "Formatted at 2019-04-01 23:41:43 on quasar-eitwqx-1.vpc.cloudera.com"
I0401 16:41:43.765821 12160 fs_manager.cc:503] Time spent creating directory manager: real 0.003s user 0.003s sys 0.001s
I0401 16:41:43.766466 12160 file_cache.cc:466] Constructed file cache lbm with capacity 13107
I0401 16:41:43.768631 12160 fs_manager.cc:419] Time spent opening block manager: real 0.000s user 0.000s sys 0.000s
I0401 16:41:43.768677 12160 fs_manager.cc:436] Opened local filesystem: /data/somelongdirectorytoavoidrpathissues/src/kudutest/ksck_remote-test.0.RemoteKsckTest.TestChecksum.1554162092376624-12160/minicluster-data/ts-0-root uuid: "0d05f40568e743aca4798bfc0dc47a8f" format_stamp: "Formatted at 2019-04-01 23:41:43 on quasar-eitwqx-1.vpc.cloudera.com"
I0401 16:41:43.768746 12160 fs_report.cc:352] FS layout report -------------------- wal directory: /data/somelongdirectorytoavoidrpathissues/src/kudutest/ksck_remote-test.0.RemoteKsckTest.TestChecksum.1554162092376624-12160/minicluster-data/ts-0-root metadata directory: /data/somelongdirectorytoavoidrpathissues/src/kudutest/ksck_remote-test.0.RemoteKsckTest.TestChecksum.1554162092376624-12160/minicluster-data/ts-0-root 1 data directories: /data/somelongdirectorytoavoidrpathissues/src/kudutest/ksck_remote-test.0.RemoteKsckTest.TestChecksum.1554162092376624-12160/minicluster-data/ts-0-root/data Total live blocks: 0 Total live bytes: 0 Total live bytes (after alignment): 0 Total number of LBM containers: 0 (0 full) Did not check for missing blocks Did not check for orphaned blocks Total full LBM containers with extra space: 0 (0 repaired) Total full LBM container extra space in bytes: 0 (0 repaired) Total incomplete LBM containers: 0 (0 repaired) Total LBM partial records: 0 (0 repaired)
I0401 16:41:43.780594 12160 ts_tablet_manager.cc:356] Loaded tablet metadata (0 total tablets, 0 live tablets)
I0401 16:41:43.780635 12160 ts_tablet_manager.cc:376] Registered 0 tablets
I0401 16:41:43.795521 12160 rpc_server.cc:205] RPC server started. Bound to: 127.11.224.1:56369
I0401 16:41:43.796308 12160 webserver.cc:308] Webserver started at http://127.11.224.1:45948/ using document root and password file
I0401 16:41:43.808919 14690 heartbeater.cc:345] Connected to a master server at 127.11.224.61:50234
I0401 16:41:43.809007 14690 heartbeater.cc:426] Registering TS with master...
I0401 16:41:43.809196 14690 heartbeater.cc:475] Master 127.11.224.61:50234 requested a full tablet report, sending...
I0401 16:41:43.810314 14523 ts_manager.cc:159] Registered new tserver with Master: 0d05f40568e743aca4798bfc0dc47a8f (127.11.224.1:56369)
I0401 16:41:43.810714 12160 system_ntp.cc:199] NTP initialized. Skew: 500ppm Current error: 841931us
I0401 16:41:43.810910 12160 fs_manager.cc:263] Metadata directory not provided
I0401 16:41:43.810950 12160 fs_manager.cc:269] Using write-ahead log directory (fs_wal_dir) as metadata directory
I0401 16:41:43.810953 14691 heartbeater.cc:345] Connected to a master server at 127.11.224.62:49328
I0401 16:41:43.811012 14691 heartbeater.cc:426] Registering TS with master...
I0401 16:41:43.811045 12160 server_base.cc:433] Could not load existing FS layout: Not found: could not find a healthy instance file
I0401 16:41:43.811070 12160 server_base.cc:434] Attempting to create new FS layout instead
I0401 16:41:43.811327 14689 heartbeater.cc:345] Connected to a master server at 127.11.224.60:37435
I0401 16:41:43.811357 14691 heartbeater.cc:475] Master 127.11.224.62:49328 requested a full tablet report, sending...
I0401 16:41:43.811375 14689 heartbeater.cc:426] Registering TS with master...
I0401 16:41:43.811581 14689 heartbeater.cc:475] Master 127.11.224.60:37435 requested a full tablet report, sending...
I0401 16:41:43.811671 12160 fs_manager.cc:602] Generated new instance metadata in path /data/somelongdirectorytoavoidrpathissues/src/kudutest/ksck_remote-test.0.RemoteKsckTest.TestChecksum.1554162092376624-12160/minicluster-data/ts-1-root/instance: uuid: "fea15e44a97e4adda7ae903b7a1ee269" format_stamp: "Formatted at 2019-04-01 23:41:43 on quasar-eitwqx-1.vpc.cloudera.com"
I0401 16:41:43.812486 14466 ts_manager.cc:159] Registered new tserver with Master: 0d05f40568e743aca4798bfc0dc47a8f (127.11.224.1:56369)
I0401 16:41:43.812566 14580 ts_manager.cc:159] Registered new tserver with Master: 0d05f40568e743aca4798bfc0dc47a8f (127.11.224.1:56369)
I0401 16:41:43.815966 12160 fs_manager.cc:503] Time spent creating directory manager: real 0.004s user 0.001s sys 0.002s
I0401 16:41:43.816635 12160 file_cache.cc:466] Constructed file cache lbm with capacity 13107
I0401 16:41:43.819099 12160 fs_manager.cc:419] Time spent opening block manager: real 0.001s user 0.001s sys 0.000s
I0401 16:41:43.819145 12160 fs_manager.cc:436] Opened local filesystem: /data/somelongdirectorytoavoidrpathissues/src/kudutest/ksck_remote-test.0.RemoteKsckTest.TestChecksum.1554162092376624-12160/minicluster-data/ts-1-root uuid: "fea15e44a97e4adda7ae903b7a1ee269" format_stamp: "Formatted at 2019-04-01 23:41:43 on quasar-eitwqx-1.vpc.cloudera.com"
I0401 16:41:43.819218 12160 fs_report.cc:352] FS layout report -------------------- wal directory: /data/somelongdirectorytoavoidrpathissues/src/kudutest/ksck_remote-test.0.RemoteKsckTest.TestChecksum.1554162092376624-12160/minicluster-data/ts-1-root metadata directory: /data/somelongdirectorytoavoidrpathissues/src/kudutest/ksck_remote-test.0.RemoteKsckTest.TestChecksum.1554162092376624-12160/minicluster-data/ts-1-root 1 data directories: /data/somelongdirectorytoavoidrpathissues/src/kudutest/ksck_remote-test.0.RemoteKsckTest.TestChecksum.1554162092376624-12160/minicluster-data/ts-1-root/data Total live blocks: 0 Total live bytes: 0 Total live bytes (after alignment): 0 Total number of LBM containers: 0 (0 full) Did not check for missing blocks Did not check for orphaned blocks Total full LBM containers with extra space: 0 (0 repaired) Total full LBM container extra space in bytes: 0 (0 repaired) Total incomplete LBM containers: 0 (0 repaired) Total LBM partial records: 0 (0 repaired)
I0401 16:41:43.820993 14623 raft_consensus.cc:472] T 00000000000000000000000000000000 P c95f2f61d77f4869a667c1d8210ed34c [term 0 FOLLOWER]: Starting pre-election (no leader contacted us within the election timeout)
I0401 16:41:43.821091 14623 raft_consensus.cc:494] T 00000000000000000000000000000000 P c95f2f61d77f4869a667c1d8210ed34c [term 0 FOLLOWER]: Starting pre-election with config: opid_index: -1 OBSOLETE_local: false peers { permanent_uuid: "6dd1566ed5614f3495f174d0c2cd95ca" member_type: VOTER last_known_addr { host: "127.11.224.62" port: 49328 } } peers { permanent_uuid: "c95f2f61d77f4869a667c1d8210ed34c" member_type: VOTER last_known_addr { host: "127.11.224.61" port: 50234 } } peers { permanent_uuid: "3554ae29f8ea452790970952916fbb67" member_type: VOTER last_known_addr { host: "127.11.224.60" port: 37435 } }
I0401 16:41:43.821732 14623 leader_election.cc:296] T 00000000000000000000000000000000 P c95f2f61d77f4869a667c1d8210ed34c [CANDIDATE]: Term 1 pre-election: Requested pre-vote from peers 6dd1566ed5614f3495f174d0c2cd95ca (127.11.224.62:49328), 3554ae29f8ea452790970952916fbb67 (127.11.224.60:37435)
I0401 16:41:43.822257 14476 tablet_service.cc:1276] Received RequestConsensusVote() RPC: tablet_id: "00000000000000000000000000000000" candidate_uuid: "c95f2f61d77f4869a667c1d8210ed34c" candidate_term: 1 candidate_status { last_received { term: 0 index: 0 } } ignore_live_leader: false dest_uuid: "6dd1566ed5614f3495f174d0c2cd95ca" is_pre_election: true
I0401 16:41:43.822271 14590 tablet_service.cc:1276] Received RequestConsensusVote() RPC: tablet_id: "00000000000000000000000000000000" candidate_uuid: "c95f2f61d77f4869a667c1d8210ed34c" candidate_term: 1 candidate_status { last_received { term: 0 index: 0 } } ignore_live_leader: false dest_uuid: "3554ae29f8ea452790970952916fbb67" is_pre_election: true
I0401 16:41:43.822587 14476 raft_consensus.cc:2346] T 00000000000000000000000000000000 P 6dd1566ed5614f3495f174d0c2cd95ca [term 0 FOLLOWER]: Leader pre-election vote request: Granting yes vote for candidate c95f2f61d77f4869a667c1d8210ed34c in term 0.
I0401 16:41:43.822654 14590 raft_consensus.cc:2346] T 00000000000000000000000000000000 P 3554ae29f8ea452790970952916fbb67 [term 0 FOLLOWER]: Leader pre-election vote request: Granting yes vote for candidate c95f2f61d77f4869a667c1d8210ed34c in term 0.
I0401 16:41:43.822949 14507 leader_election.cc:310] T 00000000000000000000000000000000 P c95f2f61d77f4869a667c1d8210ed34c [CANDIDATE]: Term 1 pre-election: Election decided. Result: candidate won. Election summary: received 2 responses out of 3 voters: 2 yes votes; 0 no votes. yes voters: 3554ae29f8ea452790970952916fbb67, c95f2f61d77f4869a667c1d8210ed34c; no voters:
I0401 16:41:43.823132 14623 raft_consensus.cc:2640] T 00000000000000000000000000000000 P c95f2f61d77f4869a667c1d8210ed34c [term 0 FOLLOWER]: Leader pre-election won for term 1
I0401 16:41:43.823174 14623 raft_consensus.cc:472] T 00000000000000000000000000000000 P c95f2f61d77f4869a667c1d8210ed34c [term 0 FOLLOWER]: Starting leader election (no leader contacted us within the election timeout)
I0401 16:41:43.823220 14623 raft_consensus.cc:2886] T 00000000000000000000000000000000 P c95f2f61d77f4869a667c1d8210ed34c [term 0 FOLLOWER]: Advancing to term 1
I0401 16:41:43.825412 14623 raft_consensus.cc:494] T 00000000000000000000000000000000 P c95f2f61d77f4869a667c1d8210ed34c [term 1 FOLLOWER]: Starting leader election with config: opid_index: -1 OBSOLETE_local: false peers { permanent_uuid: "6dd1566ed5614f3495f174d0c2cd95ca" member_type: VOTER last_known_addr { host: "127.11.224.62" port: 49328 } } peers { permanent_uuid: "c95f2f61d77f4869a667c1d8210ed34c" member_type: VOTER last_known_addr { host: "127.11.224.61" port: 50234 } } peers { permanent_uuid: "3554ae29f8ea452790970952916fbb67" member_type: VOTER last_known_addr { host: "127.11.224.60" port: 37435 } }
I0401 16:41:43.825945 14623 leader_election.cc:296] T 00000000000000000000000000000000 P c95f2f61d77f4869a667c1d8210ed34c [CANDIDATE]: Term 1 election: Requested vote from peers 6dd1566ed5614f3495f174d0c2cd95ca (127.11.224.62:49328), 3554ae29f8ea452790970952916fbb67 (127.11.224.60:37435)
I0401 16:41:43.826232 14476 tablet_service.cc:1276] Received RequestConsensusVote() RPC: tablet_id: "00000000000000000000000000000000" candidate_uuid: "c95f2f61d77f4869a667c1d8210ed34c" candidate_term: 1 candidate_status { last_received { term: 0 index: 0 } } ignore_live_leader: false dest_uuid: "6dd1566ed5614f3495f174d0c2cd95ca"
I0401 16:41:43.826263 14590 tablet_service.cc:1276] Received RequestConsensusVote() RPC: tablet_id: "00000000000000000000000000000000" candidate_uuid: "c95f2f61d77f4869a667c1d8210ed34c" candidate_term: 1 candidate_status { last_received { term: 0 index: 0 } } ignore_live_leader: false dest_uuid: "3554ae29f8ea452790970952916fbb67"
I0401 16:41:43.826333 14476 raft_consensus.cc:2886] T 00000000000000000000000000000000 P 6dd1566ed5614f3495f174d0c2cd95ca [term 0 FOLLOWER]: Advancing to term 1
I0401 16:41:43.826365 14590 raft_consensus.cc:2886] T 00000000000000000000000000000000 P 3554ae29f8ea452790970952916fbb67 [term 0 FOLLOWER]: Advancing to term 1
I0401 16:41:43.828357 14590 raft_consensus.cc:2346] T 00000000000000000000000000000000 P 3554ae29f8ea452790970952916fbb67 [term 1 FOLLOWER]: Leader election vote request: Granting yes vote for candidate c95f2f61d77f4869a667c1d8210ed34c in term 1.
I0401 16:41:43.828357 14476 raft_consensus.cc:2346] T 00000000000000000000000000000000 P 6dd1566ed5614f3495f174d0c2cd95ca [term 1 FOLLOWER]: Leader election vote request: Granting yes vote for candidate c95f2f61d77f4869a667c1d8210ed34c in term 1.
I0401 16:41:43.828702 14507 leader_election.cc:310] T 00000000000000000000000000000000 P c95f2f61d77f4869a667c1d8210ed34c [CANDIDATE]: Term 1 election: Election decided. Result: candidate won. Election summary: received 2 responses out of 3 voters: 2 yes votes; 0 no votes. yes voters: 3554ae29f8ea452790970952916fbb67, c95f2f61d77f4869a667c1d8210ed34c; no voters:
I0401 16:41:43.828908 14623 raft_consensus.cc:2640] T 00000000000000000000000000000000 P c95f2f61d77f4869a667c1d8210ed34c [term 1 FOLLOWER]: Leader election won for term 1
I0401 16:41:43.829416 14623 raft_consensus.cc:667] T 00000000000000000000000000000000 P c95f2f61d77f4869a667c1d8210ed34c [term 1 LEADER]: Becoming Leader. State: Replica: c95f2f61d77f4869a667c1d8210ed34c, State: Running, Role: LEADER
I0401 16:41:43.829638 14623 consensus_queue.cc:206] T 00000000000000000000000000000000 P c95f2f61d77f4869a667c1d8210ed34c [LEADER]: Queue going to LEADER mode. State: All replicated index: 0, Majority replicated index: 0, Committed index: 0, Last appended: 0.0, Last appended by leader: 0, Current term: 1, Majority size: 2, State: 0, Mode: LEADER, active raft config: opid_index: -1 OBSOLETE_local: false peers { permanent_uuid: "6dd1566ed5614f3495f174d0c2cd95ca" member_type: VOTER last_known_addr { host: "127.11.224.62" port: 49328 } } peers { permanent_uuid: "c95f2f61d77f4869a667c1d8210ed34c" member_type: VOTER last_known_addr { host: "127.11.224.61" port: 50234 } } peers { permanent_uuid: "3554ae29f8ea452790970952916fbb67" member_type: VOTER last_known_addr { host: "127.11.224.60" port: 37435 } }
