I0401 16:41:39.137360 13679 raft_consensus.cc:494] T 86f4a446b8dd4d9abb1d9214303842e3 P 08c5d9e5b99c47b99a22fe631293c55c [term 0 FOLLOWER]: Starting pre-election with config: opid_index: -1 OBSOLETE_local: false peers { permanent_uuid: "06f0213f87654957840d437566ac9c74" member_type: VOTER last_known_addr { host: "127.11.224.1" port: 44443 } } peers { permanent_uuid: "08c5d9e5b99c47b99a22fe631293c55c" member_type: VOTER last_known_addr { host: "127.11.224.2" port: 43295 } } peers { permanent_uuid: "23af318238484ef9a92eb95e6550dfcc" member_type: VOTER last_known_addr { host: "127.11.224.3" port: 38333 } }
I0401 16:41:39.137979 13670 consensus_queue.cc:229] T d621d7353f94423ba39af452834b78d4 P 23af318238484ef9a92eb95e6550dfcc [NON_LEADER]: Queue going to NON_LEADER mode. State: All replicated index: 0, Majority replicated index: 0, Committed index: 0, Last appended: 0.0, Last appended by leader: 0, Current term: 0, Majority size: -1, State: 0, Mode: NON_LEADER, active raft config: opid_index: -1 OBSOLETE_local: false peers { permanent_uuid: "06f0213f87654957840d437566ac9c74" member_type: VOTER last_known_addr { host: "127.11.224.1" port: 44443 } } peers { permanent_uuid: "08c5d9e5b99c47b99a22fe631293c55c" member_type: VOTER last_known_addr { host: "127.11.224.2" port: 43295 } } peers { permanent_uuid: "23af318238484ef9a92eb95e6550dfcc" member_type: VOTER last_known_addr { host: "127.11.224.3" port: 38333 } }
I0401 16:41:39.138226 13679 leader_election.cc:296] T 86f4a446b8dd4d9abb1d9214303842e3 P 08c5d9e5b99c47b99a22fe631293c55c [CANDIDATE]: Term 1 pre-election: Requested pre-vote from peers 06f0213f87654957840d437566ac9c74 (127.11.224.1:44443), 23af318238484ef9a92eb95e6550dfcc (127.11.224.3:38333)
I0401 16:41:39.139729 13473 tablet_service.cc:1276] Received RequestConsensusVote() RPC: tablet_id: "86f4a446b8dd4d9abb1d9214303842e3" candidate_uuid: "08c5d9e5b99c47b99a22fe631293c55c" candidate_term: 1 candidate_status { last_received { term: 0 index: 0 } } ignore_live_leader: false dest_uuid: "06f0213f87654957840d437566ac9c74" is_pre_election: true
I0401 16:41:39.140172 13626 tablet_service.cc:1276] Received RequestConsensusVote() RPC: tablet_id: "86f4a446b8dd4d9abb1d9214303842e3" candidate_uuid: "08c5d9e5b99c47b99a22fe631293c55c" candidate_term: 1 candidate_status { last_received { term: 0 index: 0 } } ignore_live_leader: false dest_uuid: "23af318238484ef9a92eb95e6550dfcc" is_pre_election: true
I0401 16:41:39.140349 13473 raft_consensus.cc:2346] T 86f4a446b8dd4d9abb1d9214303842e3 P 06f0213f87654957840d437566ac9c74 [term 0 FOLLOWER]: Leader pre-election vote request: Granting yes vote for candidate 08c5d9e5b99c47b99a22fe631293c55c in term 0.
I0401 16:41:39.138885 13671 raft_consensus.cc:340] T 37932eedad8b4cc0976a2646090f84b3 P 08c5d9e5b99c47b99a22fe631293c55c [term 0 FOLLOWER]: Replica starting. Triggering 0 pending transactions. Active config: opid_index: -1 OBSOLETE_local: false peers { permanent_uuid: "06f0213f87654957840d437566ac9c74" member_type: VOTER last_known_addr { host: "127.11.224.1" port: 44443 } } peers { permanent_uuid: "08c5d9e5b99c47b99a22fe631293c55c" member_type: VOTER last_known_addr { host: "127.11.224.2" port: 43295 } } peers { permanent_uuid: "23af318238484ef9a92eb95e6550dfcc" member_type: VOTER last_known_addr { host: "127.11.224.3" port: 38333 } }
I0401 16:41:39.140566 13670 ts_tablet_manager.cc:1081] T d621d7353f94423ba39af452834b78d4 P 23af318238484ef9a92eb95e6550dfcc: Time spent starting tablet: real 0.004s user 0.001s sys 0.001s
I0401 16:41:39.141445 13505 leader_election.cc:310] T 86f4a446b8dd4d9abb1d9214303842e3 P 08c5d9e5b99c47b99a22fe631293c55c [CANDIDATE]: Term 1 pre-election: Election decided. Result: candidate won. Election summary: received 2 responses out of 3 voters: 2 yes votes; 0 no votes. yes voters: 06f0213f87654957840d437566ac9c74, 08c5d9e5b99c47b99a22fe631293c55c; no voters:
I0401 16:41:39.145860 13671 raft_consensus.cc:366] T 37932eedad8b4cc0976a2646090f84b3 P 08c5d9e5b99c47b99a22fe631293c55c [term 0 FOLLOWER]: Consensus starting up: Expiring failure detector timer to make a prompt election more likely
W0401 16:41:39.146257 13507 leader_election.cc:348] T 86f4a446b8dd4d9abb1d9214303842e3 P 08c5d9e5b99c47b99a22fe631293c55c [CANDIDATE]: Term 1 pre-election: Tablet error from VoteRequest() call to peer 23af318238484ef9a92eb95e6550dfcc (127.11.224.3:38333): Illegal state: must be running to vote when last-logged opid is not known
I0401 16:41:39.146257 13671 raft_consensus.cc:705] T 37932eedad8b4cc0976a2646090f84b3 P 08c5d9e5b99c47b99a22fe631293c55c [term 0 FOLLOWER]: Becoming Follower/Learner. State: Replica: 08c5d9e5b99c47b99a22fe631293c55c, State: Initialized, Role: FOLLOWER
I0401 16:41:39.147969 13679 raft_consensus.cc:2640] T 86f4a446b8dd4d9abb1d9214303842e3 P 08c5d9e5b99c47b99a22fe631293c55c [term 0 FOLLOWER]: Leader pre-election won for term 1
I0401 16:41:39.148090 13679 raft_consensus.cc:472] T 86f4a446b8dd4d9abb1d9214303842e3 P 08c5d9e5b99c47b99a22fe631293c55c [term 0 FOLLOWER]: Starting leader election (no leader contacted us within the election timeout)
I0401 16:41:39.148496 13670 tablet_bootstrap.cc:439] T 86f4a446b8dd4d9abb1d9214303842e3 P 23af318238484ef9a92eb95e6550dfcc: Bootstrap starting.
I0401 16:41:39.149444 13679 raft_consensus.cc:2886] T 86f4a446b8dd4d9abb1d9214303842e3 P 08c5d9e5b99c47b99a22fe631293c55c [term 0 FOLLOWER]: Advancing to term 1
I0401 16:41:39.150451 13671 consensus_queue.cc:229] T 37932eedad8b4cc0976a2646090f84b3 P 08c5d9e5b99c47b99a22fe631293c55c [NON_LEADER]: Queue going to NON_LEADER mode. State: All replicated index: 0, Majority replicated index: 0, Committed index: 0, Last appended: 0.0, Last appended by leader: 0, Current term: 0, Majority size: -1, State: 0, Mode: NON_LEADER, active raft config: opid_index: -1 OBSOLETE_local: false peers { permanent_uuid: "06f0213f87654957840d437566ac9c74" member_type: VOTER last_known_addr { host: "127.11.224.1" port: 44443 } } peers { permanent_uuid: "08c5d9e5b99c47b99a22fe631293c55c" member_type: VOTER last_known_addr { host: "127.11.224.2" port: 43295 } } peers { permanent_uuid: "23af318238484ef9a92eb95e6550dfcc" member_type: VOTER last_known_addr { host: "127.11.224.3" port: 38333 } }
I0401 16:41:39.152140 13671 ts_tablet_manager.cc:1081] T 37932eedad8b4cc0976a2646090f84b3 P 08c5d9e5b99c47b99a22fe631293c55c: Time spent starting tablet: real 0.017s user 0.001s sys 0.001s
I0401 16:41:39.153089 13671 tablet_bootstrap.cc:439] T 04f81e1b2f3e4f3f9d0b780d60d45c39 P 08c5d9e5b99c47b99a22fe631293c55c: Bootstrap starting.
I0401 16:41:39.154913 13679 raft_consensus.cc:494] T 86f4a446b8dd4d9abb1d9214303842e3 P 08c5d9e5b99c47b99a22fe631293c55c [term 1 FOLLOWER]: Starting leader election with config: opid_index: -1 OBSOLETE_local: false peers { permanent_uuid: "06f0213f87654957840d437566ac9c74" member_type: VOTER last_known_addr { host: "127.11.224.1" port: 44443 } } peers { permanent_uuid: "08c5d9e5b99c47b99a22fe631293c55c" member_type: VOTER last_known_addr { host: "127.11.224.2" port: 43295 } } peers { permanent_uuid: "23af318238484ef9a92eb95e6550dfcc" member_type: VOTER last_known_addr { host: "127.11.224.3" port: 38333 } }
I0401 16:41:39.159240 13473 tablet_service.cc:1276] Received RequestConsensusVote() RPC: tablet_id: "86f4a446b8dd4d9abb1d9214303842e3" candidate_uuid: "08c5d9e5b99c47b99a22fe631293c55c" candidate_term: 1 candidate_status { last_received { term: 0 index: 0 } } ignore_live_leader: false dest_uuid: "06f0213f87654957840d437566ac9c74"
I0401 16:41:39.159238 13626 tablet_service.cc:1276] Received RequestConsensusVote() RPC: tablet_id: "86f4a446b8dd4d9abb1d9214303842e3" candidate_uuid: "08c5d9e5b99c47b99a22fe631293c55c" candidate_term: 1 candidate_status { last_received { term: 0 index: 0 } } ignore_live_leader: false dest_uuid: "23af318238484ef9a92eb95e6550dfcc"
I0401 16:41:39.159559 13676 raft_consensus.cc:472] T 37932eedad8b4cc0976a2646090f84b3 P 06f0213f87654957840d437566ac9c74 [term 0 FOLLOWER]: Starting pre-election (no leader contacted us within the election timeout)
I0401 16:41:39.159698 13679 leader_election.cc:296] T 86f4a446b8dd4d9abb1d9214303842e3 P 08c5d9e5b99c47b99a22fe631293c55c [CANDIDATE]: Term 1 election: Requested vote from peers 06f0213f87654957840d437566ac9c74 (127.11.224.1:44443), 23af318238484ef9a92eb95e6550dfcc (127.11.224.3:38333)
I0401 16:41:39.160015 13473 raft_consensus.cc:2886] T 86f4a446b8dd4d9abb1d9214303842e3 P 06f0213f87654957840d437566ac9c74 [term 0 FOLLOWER]: Advancing to term 1
I0401 16:41:39.160032 13676 raft_consensus.cc:494] T 37932eedad8b4cc0976a2646090f84b3 P 06f0213f87654957840d437566ac9c74 [term 0 FOLLOWER]: Starting pre-election with config: opid_index: -1 OBSOLETE_local: false peers { permanent_uuid: "06f0213f87654957840d437566ac9c74" member_type: VOTER last_known_addr { host: "127.11.224.1" port: 44443 } } peers { permanent_uuid: "08c5d9e5b99c47b99a22fe631293c55c" member_type: VOTER last_known_addr { host: "127.11.224.2" port: 43295 } } peers { permanent_uuid: "23af318238484ef9a92eb95e6550dfcc" member_type: VOTER last_known_addr { host: "127.11.224.3" port: 38333 } }
I0401 16:41:39.161629 13626 tablet_service.cc:1276] Received RequestConsensusVote() RPC: tablet_id: "37932eedad8b4cc0976a2646090f84b3" candidate_uuid: "06f0213f87654957840d437566ac9c74" candidate_term: 1 candidate_status { last_received { term: 0 index: 0 } } ignore_live_leader: false dest_uuid: "23af318238484ef9a92eb95e6550dfcc" is_pre_election: true
I0401 16:41:39.161770 13626 raft_consensus.cc:2346] T 37932eedad8b4cc0976a2646090f84b3 P 23af318238484ef9a92eb95e6550dfcc [term 0 FOLLOWER]: Leader pre-election vote request: Granting yes vote for candidate 06f0213f87654957840d437566ac9c74 in term 0.
I0401 16:41:39.161844 13431 catalog_manager.cc:1111] T 00000000000000000000000000000000 P 201391c7ace24cd3892f79bf40365093: acquiring CA information for follower catalog manager: success
W0401 16:41:39.162330 13507 leader_election.cc:348] T 86f4a446b8dd4d9abb1d9214303842e3 P 08c5d9e5b99c47b99a22fe631293c55c [CANDIDATE]: Term 1 election: Tablet error from VoteRequest() call to peer 23af318238484ef9a92eb95e6550dfcc (127.11.224.3:38333): Illegal state: must be running to vote when last-logged opid is not known
I0401 16:41:39.162598 13690 raft_consensus.cc:472] T 37932eedad8b4cc0976a2646090f84b3 P 08c5d9e5b99c47b99a22fe631293c55c [term 0 FOLLOWER]: Starting pre-election (no leader contacted us within the election timeout)
I0401 16:41:39.162751 13676 leader_election.cc:296] T 37932eedad8b4cc0976a2646090f84b3 P 06f0213f87654957840d437566ac9c74 [CANDIDATE]: Term 1 pre-election: Requested pre-vote from peers 08c5d9e5b99c47b99a22fe631293c55c (127.11.224.2:43295), 23af318238484ef9a92eb95e6550dfcc (127.11.224.3:38333)
I0401 16:41:39.162972 13547 tablet_service.cc:1276] Received RequestConsensusVote() RPC: tablet_id: "37932eedad8b4cc0976a2646090f84b3" candidate_uuid: "06f0213f87654957840d437566ac9c74" candidate_term: 1 candidate_status { last_received { term: 0 index: 0 } } ignore_live_leader: false dest_uuid: "08c5d9e5b99c47b99a22fe631293c55c" is_pre_election: true
I0401 16:41:39.163153 13436 leader_election.cc:310] T 37932eedad8b4cc0976a2646090f84b3 P 06f0213f87654957840d437566ac9c74 [CANDIDATE]: Term 1 pre-election: Election decided. Result: candidate won. Election summary: received 2 responses out of 3 voters: 2 yes votes; 0 no votes. yes voters: 06f0213f87654957840d437566ac9c74, 23af318238484ef9a92eb95e6550dfcc; no voters:
I0401 16:41:39.164762 13676 raft_consensus.cc:2640] T 37932eedad8b4cc0976a2646090f84b3 P 06f0213f87654957840d437566ac9c74 [term 0 FOLLOWER]: Leader pre-election won for term 1
I0401 16:41:39.164767 13428 catalog_manager.cc:1111] T 00000000000000000000000000000000 P 417834d010834e939b776a60ca3dc755: acquiring CA information for follower catalog manager: success
I0401 16:41:39.164877 13676 raft_consensus.cc:472] T 37932eedad8b4cc0976a2646090f84b3 P 06f0213f87654957840d437566ac9c74 [term 0 FOLLOWER]: Starting leader election (no leader contacted us within the election timeout)
I0401 16:41:39.163164 13690 raft_consensus.cc:494] T 37932eedad8b4cc0976a2646090f84b3 P 08c5d9e5b99c47b99a22fe631293c55c [term 0 FOLLOWER]: Starting pre-election with config: opid_index: -1 OBSOLETE_local: false peers { permanent_uuid: "06f0213f87654957840d437566ac9c74" member_type: VOTER last_known_addr { host: "127.11.224.1" port: 44443 } } peers { permanent_uuid: "08c5d9e5b99c47b99a22fe631293c55c" member_type: VOTER last_known_addr { host: "127.11.224.2" port: 43295 } } peers { permanent_uuid: "23af318238484ef9a92eb95e6550dfcc" member_type: VOTER last_known_addr { host: "127.11.224.3" port: 38333 } }
I0401 16:41:39.165158 13669 tablet_bootstrap.cc:439] T f87568f1327546d48d3cea2e12ebd08b P 06f0213f87654957840d437566ac9c74: No bootstrap required, opened a new log
I0401 16:41:39.167428 13676 raft_consensus.cc:2886] T 37932eedad8b4cc0976a2646090f84b3 P 06f0213f87654957840d437566ac9c74 [term 0 FOLLOWER]: Advancing to term 1
I0401 16:41:39.167754 13687 raft_consensus.cc:472] T 28edfa2828274f5d894d568f23c58db8 P 23af318238484ef9a92eb95e6550dfcc [term 0 FOLLOWER]: Starting pre-election (no leader contacted us within the election timeout)
I0401 16:41:39.167981 13670 tablet_bootstrap.cc:590] T 86f4a446b8dd4d9abb1d9214303842e3 P 23af318238484ef9a92eb95e6550dfcc: No blocks or log segments found. Creating new log.
I0401 16:41:39.167981 13687 raft_consensus.cc:494] T 28edfa2828274f5d894d568f23c58db8 P 23af318238484ef9a92eb95e6550dfcc [term 0 FOLLOWER]: Starting pre-election with config: opid_index: -1 OBSOLETE_local: false peers { permanent_uuid: "06f0213f87654957840d437566ac9c74" member_type: VOTER last_known_addr { host: "127.11.224.1" port: 44443 } } peers { permanent_uuid: "08c5d9e5b99c47b99a22fe631293c55c" member_type: VOTER last_known_addr { host: "127.11.224.2" port: 43295 } } peers { permanent_uuid: "23af318238484ef9a92eb95e6550dfcc" member_type: VOTER last_known_addr { host: "127.11.224.3" port: 38333 } }
I0401 16:41:39.168146 13547 raft_consensus.cc:2346] T 37932eedad8b4cc0976a2646090f84b3 P 08c5d9e5b99c47b99a22fe631293c55c [term 0 FOLLOWER]: Leader pre-election vote request: Granting yes vote for candidate 06f0213f87654957840d437566ac9c74 in term 0.
I0401 16:41:39.168434 13669 ts_tablet_manager.cc:1053] T f87568f1327546d48d3cea2e12ebd08b P 06f0213f87654957840d437566ac9c74: Time spent bootstrapping tablet: real 0.035s user 0.002s sys 0.010s
I0401 16:41:39.169064 13472 tablet_service.cc:1276] Received RequestConsensusVote() RPC: tablet_id: "37932eedad8b4cc0976a2646090f84b3" candidate_uuid: "08c5d9e5b99c47b99a22fe631293c55c" candidate_term: 1 candidate_status { last_received { term: 0 index: 0 } } ignore_live_leader: false dest_uuid: "06f0213f87654957840d437566ac9c74" is_pre_election: true
I0401 16:41:39.169090 13690 leader_election.cc:296] T 37932eedad8b4cc0976a2646090f84b3 P 08c5d9e5b99c47b99a22fe631293c55c [CANDIDATE]: Term 1 pre-election: Requested pre-vote from peers 06f0213f87654957840d437566ac9c74 (127.11.224.1:44443), 23af318238484ef9a92eb95e6550dfcc (127.11.224.3:38333)
I0401 16:41:39.170019 13687 leader_election.cc:296] T 28edfa2828274f5d894d568f23c58db8 P 23af318238484ef9a92eb95e6550dfcc [CANDIDATE]: Term 1 pre-election: Requested pre-vote from peers 06f0213f87654957840d437566ac9c74 (127.11.224.1:44443), 08c5d9e5b99c47b99a22fe631293c55c (127.11.224.2:43295)
I0401 16:41:39.170269 13626 tablet_service.cc:1276] Received RequestConsensusVote() RPC: tablet_id: "37932eedad8b4cc0976a2646090f84b3" candidate_uuid: "08c5d9e5b99c47b99a22fe631293c55c" candidate_term: 1 candidate_status { last_received { term: 0 index: 0 } } ignore_live_leader: false dest_uuid: "23af318238484ef9a92eb95e6550dfcc" is_pre_election: true
I0401 16:41:39.170399 13626 raft_consensus.cc:2346] T 37932eedad8b4cc0976a2646090f84b3 P 23af318238484ef9a92eb95e6550dfcc [term 0 FOLLOWER]: Leader pre-election vote request: Granting yes vote for candidate 08c5d9e5b99c47b99a22fe631293c55c in term 0.
I0401 16:41:39.170877 13547 tablet_service.cc:1276] Received RequestConsensusVote() RPC: tablet_id: "28edfa2828274f5d894d568f23c58db8" candidate_uuid: "23af318238484ef9a92eb95e6550dfcc" candidate_term: 1 candidate_status { last_received { term: 0 index: 0 } } ignore_live_leader: false dest_uuid: "08c5d9e5b99c47b99a22fe631293c55c" is_pre_election: true
I0401 16:41:39.171066 13507 leader_election.cc:310] T 37932eedad8b4cc0976a2646090f84b3 P 08c5d9e5b99c47b99a22fe631293c55c [CANDIDATE]: Term 1 pre-election: Election decided. Result: candidate won. Election summary: received 2 responses out of 3 voters: 2 yes votes; 0 no votes. yes voters: 08c5d9e5b99c47b99a22fe631293c55c, 23af318238484ef9a92eb95e6550dfcc; no voters:
I0401 16:41:39.171435 13547 raft_consensus.cc:2346] T 28edfa2828274f5d894d568f23c58db8 P 08c5d9e5b99c47b99a22fe631293c55c [term 0 FOLLOWER]: Leader pre-election vote request: Granting yes vote for candidate 23af318238484ef9a92eb95e6550dfcc in term 0.
I0401 16:41:39.171058 13471 tablet_service.cc:1276] Received RequestConsensusVote() RPC: tablet_id: "28edfa2828274f5d894d568f23c58db8" candidate_uuid: "23af318238484ef9a92eb95e6550dfcc" candidate_term: 1 candidate_status { last_received { term: 0 index: 0 } } ignore_live_leader: false dest_uuid: "06f0213f87654957840d437566ac9c74" is_pre_election: true
I0401 16:41:39.171593 13471 raft_consensus.cc:2346] T 28edfa2828274f5d894d568f23c58db8 P 06f0213f87654957840d437566ac9c74 [term 0 FOLLOWER]: Leader pre-election vote request: Granting yes vote for candidate 23af318238484ef9a92eb95e6550dfcc in term 0.
I0401 16:41:39.171831 13690 raft_consensus.cc:2640] T 37932eedad8b4cc0976a2646090f84b3 P 08c5d9e5b99c47b99a22fe631293c55c [term 0 FOLLOWER]: Leader pre-election won for term 1
I0401 16:41:39.171903 13690 raft_consensus.cc:472] T 37932eedad8b4cc0976a2646090f84b3 P 08c5d9e5b99c47b99a22fe631293c55c [term 0 FOLLOWER]: Starting leader election (no leader contacted us within the election timeout)
I0401 16:41:39.171957 13690 raft_consensus.cc:2886] T 37932eedad8b4cc0976a2646090f84b3 P 08c5d9e5b99c47b99a22fe631293c55c [term 0 FOLLOWER]: Advancing to term 1
I0401 16:41:39.171974 13587 leader_election.cc:310] T 28edfa2828274f5d894d568f23c58db8 P 23af318238484ef9a92eb95e6550dfcc [CANDIDATE]: Term 1 pre-election: Election decided. Result: candidate won. Election summary: received 2 responses out of 3 voters: 2 yes votes; 0 no votes. yes voters: 06f0213f87654957840d437566ac9c74, 23af318238484ef9a92eb95e6550dfcc; no voters:
I0401 16:41:39.172315 13473 raft_consensus.cc:2346] T 86f4a446b8dd4d9abb1d9214303842e3 P 06f0213f87654957840d437566ac9c74 [term 1 FOLLOWER]: Leader election vote request: Granting yes vote for candidate 08c5d9e5b99c47b99a22fe631293c55c in term 1.
I0401 16:41:39.173051 13687 raft_consensus.cc:2640] T 28edfa2828274f5d894d568f23c58db8 P 23af318238484ef9a92eb95e6550dfcc [term 0 FOLLOWER]: Leader pre-election won for term 1
I0401 16:41:39.173055 13505 leader_election.cc:310] T 86f4a446b8dd4d9abb1d9214303842e3 P 08c5d9e5b99c47b99a22fe631293c55c [CANDIDATE]: Term 1 election: Election decided. Result: candidate won. Election summary: received 3 responses out of 3 voters: 2 yes votes; 1 no votes. yes voters: 06f0213f87654957840d437566ac9c74, 08c5d9e5b99c47b99a22fe631293c55c; no voters: 23af318238484ef9a92eb95e6550dfcc
I0401 16:41:39.173099 13687 raft_consensus.cc:472] T 28edfa2828274f5d894d568f23c58db8 P 23af318238484ef9a92eb95e6550dfcc [term 0 FOLLOWER]: Starting leader election (no leader contacted us within the election timeout)
I0401 16:41:39.173158 13687 raft_consensus.cc:2886] T 28edfa2828274f5d894d568f23c58db8 P 23af318238484ef9a92eb95e6550dfcc [term 0 FOLLOWER]: Advancing to term 1
I0401 16:41:39.173349 13689 raft_consensus.cc:2640] T 86f4a446b8dd4d9abb1d9214303842e3 P 08c5d9e5b99c47b99a22fe631293c55c [term 1 FOLLOWER]: Leader election won for term 1
I0401 16:41:39.174871 13671 tablet_bootstrap.cc:590] T 04f81e1b2f3e4f3f9d0b780d60d45c39 P 08c5d9e5b99c47b99a22fe631293c55c: No blocks or log segments found. Creating new log.
I0401 16:41:39.181351 13687 raft_consensus.cc:494] T 28edfa2828274f5d894d568f23c58db8 P 23af318238484ef9a92eb95e6550dfcc [term 1 FOLLOWER]: Starting leader election with config: opid_index: -1 OBSOLETE_local: false peers { permanent_uuid: "06f0213f87654957840d437566ac9c74" member_type: VOTER last_known_addr { host: "127.11.224.1" port: 44443 } } peers { permanent_uuid: "08c5d9e5b99c47b99a22fe631293c55c" member_type: VOTER last_known_addr { host: "127.11.224.2" port: 43295 } } peers { permanent_uuid: "23af318238484ef9a92eb95e6550dfcc" member_type: VOTER last_known_addr { host: "127.11.224.3" port: 38333 } }
I0401 16:41:39.182055 13687 leader_election.cc:296] T 28edfa2828274f5d894d568f23c58db8 P 23af318238484ef9a92eb95e6550dfcc [CANDIDATE]: Term 1 election: Requested vote from peers 06f0213f87654957840d437566ac9c74 (127.11.224.1:44443), 08c5d9e5b99c47b99a22fe631293c55c (127.11.224.2:43295)
I0401 16:41:39.182346 13473 tablet_service.cc:1276] Received RequestConsensusVote() RPC: tablet_id: "28edfa2828274f5d894d568f23c58db8" candidate_uuid: "23af318238484ef9a92eb95e6550dfcc" candidate_term: 1 candidate_status { last_received { term: 0 index: 0 } } ignore_live_leader: false dest_uuid: "06f0213f87654957840d437566ac9c74"
I0401 16:41:39.182490 13473 raft_consensus.cc:2886] T 28edfa2828274f5d894d568f23c58db8 P 06f0213f87654957840d437566ac9c74 [term 0 FOLLOWER]: Advancing to term 1
I0401 16:41:39.183209 13547 tablet_service.cc:1276] Received RequestConsensusVote() RPC: tablet_id: "28edfa2828274f5d894d568f23c58db8" candidate_uuid: "23af318238484ef9a92eb95e6550dfcc" candidate_term: 1 candidate_status { last_received { term: 0 index: 0 } } ignore_live_leader: false dest_uuid: "08c5d9e5b99c47b99a22fe631293c55c"
I0401 16:41:39.183326 13547 raft_consensus.cc:2886] T 28edfa2828274f5d894d568f23c58db8 P 08c5d9e5b99c47b99a22fe631293c55c [term 0 FOLLOWER]: Advancing to term 1
I0401 16:41:39.184934 13676 raft_consensus.cc:494] T 37932eedad8b4cc0976a2646090f84b3 P 06f0213f87654957840d437566ac9c74 [term 1 FOLLOWER]: Starting leader election with config: opid_index: -1 OBSOLETE_local: false peers { permanent_uuid: "06f0213f87654957840d437566ac9c74" member_type: VOTER last_known_addr { host: "127.11.224.1" port: 44443 } } peers { permanent_uuid: "08c5d9e5b99c47b99a22fe631293c55c" member_type: VOTER last_known_addr { host: "127.11.224.2" port: 43295 } } peers { permanent_uuid: "23af318238484ef9a92eb95e6550dfcc" member_type: VOTER last_known_addr { host: "127.11.224.3" port: 38333 } }
I0401 16:41:39.185530 13676 leader_election.cc:296] T 37932eedad8b4cc0976a2646090f84b3 P 06f0213f87654957840d437566ac9c74 [CANDIDATE]: Term 1 election: Requested vote from peers 08c5d9e5b99c47b99a22fe631293c55c (127.11.224.2:43295), 23af318238484ef9a92eb95e6550dfcc (127.11.224.3:38333)
I0401 16:41:39.185686 13472 raft_consensus.cc:2276] T 37932eedad8b4cc0976a2646090f84b3 P 06f0213f87654957840d437566ac9c74 [term 1 FOLLOWER]: Leader pre-election vote request: Denying vote to candidate 08c5d9e5b99c47b99a22fe631293c55c in current term 1: Already voted for candidate 06f0213f87654957840d437566ac9c74 in this term.
I0401 16:41:39.185922 13626 tablet_service.cc:1276] Received RequestConsensusVote() RPC: tablet_id: "37932eedad8b4cc0976a2646090f84b3" candidate_uuid: "06f0213f87654957840d437566ac9c74" candidate_term: 1 candidate_status { last_received { term: 0 index: 0 } } ignore_live_leader: false dest_uuid: "23af318238484ef9a92eb95e6550dfcc"
I0401 16:41:39.186028 13626 raft_consensus.cc:2886] T 37932eedad8b4cc0976a2646090f84b3 P 23af318238484ef9a92eb95e6550dfcc [term 0 FOLLOWER]: Advancing to term 1
I0401 16:41:39.186264 13546 tablet_service.cc:1276] Received RequestConsensusVote() RPC: tablet_id: "37932eedad8b4cc0976a2646090f84b3" candidate_uuid: "06f0213f87654957840d437566ac9c74" candidate_term: 1 candidate_status { last_received { term: 0 index: 0 } } ignore_live_leader: false dest_uuid: "08c5d9e5b99c47b99a22fe631293c55c"
I0401 16:41:39.189775 13547 raft_consensus.cc:2346] T 28edfa2828274f5d894d568f23c58db8 P 08c5d9e5b99c47b99a22fe631293c55c [term 1 FOLLOWER]: Leader election vote request: Granting yes vote for candidate 23af318238484ef9a92eb95e6550dfcc in term 1.
I0401 16:41:39.190732 13690 raft_consensus.cc:494] T 37932eedad8b4cc0976a2646090f84b3 P 08c5d9e5b99c47b99a22fe631293c55c [term 1 FOLLOWER]: Starting leader election with config: opid_index: -1 OBSOLETE_local: false peers { permanent_uuid: "06f0213f87654957840d437566ac9c74" member_type: VOTER last_known_addr { host: "127.11.224.1" port: 44443 } } peers { permanent_uuid: "08c5d9e5b99c47b99a22fe631293c55c" member_type: VOTER last_known_addr { host: "127.11.224.2" port: 43295 } } peers { permanent_uuid: "23af318238484ef9a92eb95e6550dfcc" member_type: VOTER last_known_addr { host: "127.11.224.3" port: 38333 } }
I0401 16:41:39.196902 13546 raft_consensus.cc:2276] T 37932eedad8b4cc0976a2646090f84b3 P 08c5d9e5b99c47b99a22fe631293c55c [term 1 FOLLOWER]: Leader election vote request: Denying vote to candidate 06f0213f87654957840d437566ac9c74 in current term 1: Already voted for candidate 08c5d9e5b99c47b99a22fe631293c55c in this term.
I0401 16:41:39.196939 13590 leader_election.cc:310] T 28edfa2828274f5d894d568f23c58db8 P 23af318238484ef9a92eb95e6550dfcc [CANDIDATE]: Term 1 election: Election decided. Result: candidate won. Election summary: received 2 responses out of 3 voters: 2 yes votes; 0 no votes. yes voters: 08c5d9e5b99c47b99a22fe631293c55c, 23af318238484ef9a92eb95e6550dfcc; no voters:
I0401 16:41:39.197361 13687 raft_consensus.cc:2640] T 28edfa2828274f5d894d568f23c58db8 P 23af318238484ef9a92eb95e6550dfcc [term 1 FOLLOWER]: Leader election won for term 1
I0401 16:41:39.197455 13431 catalog_manager.cc:1139] T 00000000000000000000000000000000 P 201391c7ace24cd3892f79bf40365093: importing token verification keys for follower catalog manager: success; most recent TSK sequence number 0
I0401 16:41:39.197458 13687 raft_consensus.cc:667] T 28edfa2828274f5d894d568f23c58db8 P 23af318238484ef9a92eb95e6550dfcc [term 1 LEADER]: Becoming Leader. State: Replica: 23af318238484ef9a92eb95e6550dfcc, State: Running, Role: LEADER
I0401 16:41:39.197535 13626 raft_consensus.cc:2346] T 37932eedad8b4cc0976a2646090f84b3 P 23af318238484ef9a92eb95e6550dfcc [term 1 FOLLOWER]: Leader election vote request: Granting yes vote for candidate 06f0213f87654957840d437566ac9c74 in term 1.
I0401 16:41:39.197700 13687 consensus_queue.cc:206] T 28edfa2828274f5d894d568f23c58db8 P 23af318238484ef9a92eb95e6550dfcc [LEADER]: Queue going to LEADER mode. State: All replicated index: 0, Majority replicated index: 0, Committed index: 0, Last appended: 0.0, Last appended by leader: 0, Current term: 1, Majority size: 2, State: 0, Mode: LEADER, active raft config: opid_index: -1 OBSOLETE_local: false peers { permanent_uuid: "06f0213f87654957840d437566ac9c74" member_type: VOTER last_known_addr { host: "127.11.224.1" port: 44443 } } peers { permanent_uuid: "08c5d9e5b99c47b99a22fe631293c55c" member_type: VOTER last_known_addr { host: "127.11.224.2" port: 43295 } } peers { permanent_uuid: "23af318238484ef9a92eb95e6550dfcc" member_type: VOTER last_known_addr { host: "127.11.224.3" port: 38333 } }
I0401 16:41:39.197955 13436 leader_election.cc:310] T 37932eedad8b4cc0976a2646090f84b3 P 06f0213f87654957840d437566ac9c74 [CANDIDATE]: Term 1 election: Election decided. Result: candidate won. Election summary: received 2 responses out of 3 voters: 2 yes votes; 0 no votes. yes voters: 06f0213f87654957840d437566ac9c74, 23af318238484ef9a92eb95e6550dfcc; no voters:
I0401 16:41:39.198299 13676 raft_consensus.cc:2640] T 37932eedad8b4cc0976a2646090f84b3 P 06f0213f87654957840d437566ac9c74 [term 1 FOLLOWER]: Leader election won for term 1
I0401 16:41:39.198388 13676 raft_consensus.cc:667] T 37932eedad8b4cc0976a2646090f84b3 P 06f0213f87654957840d437566ac9c74 [term 1 LEADER]: Becoming Leader. State: Replica: 06f0213f87654957840d437566ac9c74, State: Running, Role: LEADER
I0401 16:41:39.198460 13472 tablet_service.cc:1276] Received RequestConsensusVote() RPC: tablet_id: "37932eedad8b4cc0976a2646090f84b3" candidate_uuid: "08c5d9e5b99c47b99a22fe631293c55c" candidate_term: 1 candidate_status { last_received { term: 0 index: 0 } } ignore_live_leader: false dest_uuid: "06f0213f87654957840d437566ac9c74"
I0401 16:41:39.198537 13676 consensus_queue.cc:206] T 37932eedad8b4cc0976a2646090f84b3 P 06f0213f87654957840d437566ac9c74 [LEADER]: Queue going to LEADER mode. State: All replicated index: 0, Majority replicated index: 0, Committed index: 0, Last appended: 0.0, Last appended by leader: 0, Current term: 1, Majority size: 2, State: 0, Mode: LEADER, active raft config: opid_index: -1 OBSOLETE_local: false peers { permanent_uuid: "06f0213f87654957840d437566ac9c74" member_type: VOTER last_known_addr { host: "127.11.224.1" port: 44443 } } peers { permanent_uuid: "08c5d9e5b99c47b99a22fe631293c55c" member_type: VOTER last_known_addr { host: "127.11.224.2" port: 43295 } } peers { permanent_uuid: "23af318238484ef9a92eb95e6550dfcc" member_type: VOTER last_known_addr { host: "127.11.224.3" port: 38333 } }
I0401 16:41:39.193809 13690 leader_election.cc:296] T 37932eedad8b4cc0976a2646090f84b3 P 08c5d9e5b99c47b99a22fe631293c55c [CANDIDATE]: Term 1 election: Requested vote from peers 06f0213f87654957840d437566ac9c74 (127.11.224.1:44443), 23af318238484ef9a92eb95e6550dfcc (127.11.224.3:38333)
I0401 16:41:39.198959 13690 raft_consensus.cc:472] T f87568f1327546d48d3cea2e12ebd08b P 08c5d9e5b99c47b99a22fe631293c55c [term 0 FOLLOWER]: Starting pre-election (no leader contacted us within the election timeout)
I0401 16:41:39.200570 13473 raft_consensus.cc:2346] T 28edfa2828274f5d894d568f23c58db8 P 06f0213f87654957840d437566ac9c74 [term 1 FOLLOWER]: Leader election vote request: Granting yes vote for candidate 23af318238484ef9a92eb95e6550dfcc in term 1.
I0401 16:41:39.199352 13690 raft_consensus.cc:494] T f87568f1327546d48d3cea2e12ebd08b P 08c5d9e5b99c47b99a22fe631293c55c [term 0 FOLLOWER]: Starting pre-election with config: opid_index: -1 OBSOLETE_local: false peers { permanent_uuid: "06f0213f87654957840d437566ac9c74" member_type: VOTER last_known_addr { host: "127.11.224.1" port: 44443 } } peers { permanent_uuid: "08c5d9e5b99c47b99a22fe631293c55c" member_type: VOTER last_known_addr { host: "127.11.224.2" port: 43295 } } peers { permanent_uuid: "23af318238484ef9a92eb95e6550dfcc" member_type: VOTER last_known_addr { host: "127.11.224.3" port: 38333 } }
I0401 16:41:39.200310 13626 tablet_service.cc:1276] Received RequestConsensusVote() RPC: tablet_id: "37932eedad8b4cc0976a2646090f84b3" candidate_uuid: "08c5d9e5b99c47b99a22fe631293c55c" candidate_term: 1 candidate_status { last_received { term: 0 index: 0 } } ignore_live_leader: false dest_uuid: "23af318238484ef9a92eb95e6550dfcc"
I0401 16:41:39.201234 13626 raft_consensus.cc:2276] T 37932eedad8b4cc0976a2646090f84b3 P 23af318238484ef9a92eb95e6550dfcc [term 1 FOLLOWER]: Leader election vote request: Denying vote to candidate 08c5d9e5b99c47b99a22fe631293c55c in current term 1: Already voted for candidate 06f0213f87654957840d437566ac9c74 in this term.
I0401 16:41:39.202109 13690 leader_election.cc:296] T f87568f1327546d48d3cea2e12ebd08b P 08c5d9e5b99c47b99a22fe631293c55c [CANDIDATE]: Term 1 pre-election: Requested pre-vote from peers 06f0213f87654957840d437566ac9c74 (127.11.224.1:44443), 23af318238484ef9a92eb95e6550dfcc (127.11.224.3:38333)
I0401 16:41:39.202486 13473 tablet_service.cc:1276] Received RequestConsensusVote() RPC: tablet_id: "f87568f1327546d48d3cea2e12ebd08b" candidate_uuid: "08c5d9e5b99c47b99a22fe631293c55c" candidate_term: 1 candidate_status { last_received { term: 0 index: 0 } } ignore_live_leader: false dest_uuid: "06f0213f87654957840d437566ac9c74" is_pre_election: true
I0401 16:41:39.202486 13626 tablet_service.cc:1276] Received RequestConsensusVote() RPC: tablet_id: "f87568f1327546d48d3cea2e12ebd08b" candidate_uuid: "08c5d9e5b99c47b99a22fe631293c55c" candidate_term: 1 candidate_status { last_received { term: 0 index: 0 } } ignore_live_leader: false dest_uuid: "23af318238484ef9a92eb95e6550dfcc" is_pre_election: true
I0401 16:41:39.200726 13669 raft_consensus.cc:340] T f87568f1327546d48d3cea2e12ebd08b P 06f0213f87654957840d437566ac9c74 [term 0 FOLLOWER]: Replica starting. Triggering 0 pending transactions. Active config: opid_index: -1 OBSOLETE_local: false peers { permanent_uuid: "06f0213f87654957840d437566ac9c74" member_type: VOTER last_known_addr { host: "127.11.224.1" port: 44443 } } peers { permanent_uuid: "08c5d9e5b99c47b99a22fe631293c55c" member_type: VOTER last_known_addr { host: "127.11.224.2" port: 43295 } } peers { permanent_uuid: "23af318238484ef9a92eb95e6550dfcc" member_type: VOTER last_known_addr { host: "127.11.224.3" port: 38333 } }
I0401 16:41:39.202832 13669 raft_consensus.cc:366] T f87568f1327546d48d3cea2e12ebd08b P 06f0213f87654957840d437566ac9c74 [term 0 FOLLOWER]: Consensus starting up: Expiring failure detector timer to make a prompt election more likely
I0401 16:41:39.202895 13669 raft_consensus.cc:705] T f87568f1327546d48d3cea2e12ebd08b P 06f0213f87654957840d437566ac9c74 [term 0 FOLLOWER]: Becoming Follower/Learner. State: Replica: 06f0213f87654957840d437566ac9c74, State: Initialized, Role: FOLLOWER
W0401 16:41:39.203054 13507 leader_election.cc:348] T f87568f1327546d48d3cea2e12ebd08b P 08c5d9e5b99c47b99a22fe631293c55c [CANDIDATE]: Term 1 pre-election: Tablet error from VoteRequest() call to peer 23af318238484ef9a92eb95e6550dfcc (127.11.224.3:38333): Illegal state: must be running to vote when last-logged opid is not known
I0401 16:41:39.203550 13669 consensus_queue.cc:229] T f87568f1327546d48d3cea2e12ebd08b P 06f0213f87654957840d437566ac9c74 [NON_LEADER]: Queue going to NON_LEADER mode. State: All replicated index: 0, Majority replicated index: 0, Committed index: 0, Last appended: 0.0, Last appended by leader: 0, Current term: 0, Majority size: -1, State: 0, Mode: NON_LEADER, active raft config: opid_index: -1 OBSOLETE_local: false peers { permanent_uuid: "06f0213f87654957840d437566ac9c74" member_type: VOTER last_known_addr { host: "127.11.224.1" port: 44443 } } peers { permanent_uuid: "08c5d9e5b99c47b99a22fe631293c55c" member_type: VOTER last_known_addr { host: "127.11.224.2" port: 43295 } } peers { permanent_uuid: "23af318238484ef9a92eb95e6550dfcc" member_type: VOTER last_known_addr { host: "127.11.224.3" port: 38333 } }
I0401 16:41:39.204874 13473 raft_consensus.cc:2346] T f87568f1327546d48d3cea2e12ebd08b P 06f0213f87654957840d437566ac9c74 [term 0 FOLLOWER]: Leader pre-election vote request: Granting yes vote for candidate 08c5d9e5b99c47b99a22fe631293c55c in term 0.
I0401 16:41:39.205703 13669 ts_tablet_manager.cc:1081] T f87568f1327546d48d3cea2e12ebd08b P 06f0213f87654957840d437566ac9c74: Time spent starting tablet: real 0.037s user 0.002s sys 0.000s
I0401 16:41:39.206063 13689 raft_consensus.cc:667] T 86f4a446b8dd4d9abb1d9214303842e3 P 08c5d9e5b99c47b99a22fe631293c55c [term 1 LEADER]: Becoming Leader. State: Replica: 08c5d9e5b99c47b99a22fe631293c55c, State: Running, Role: LEADER
I0401 16:41:39.206562 13505 leader_election.cc:310] T f87568f1327546d48d3cea2e12ebd08b P 08c5d9e5b99c47b99a22fe631293c55c [CANDIDATE]: Term 1 pre-election: Election decided. Result: candidate won. Election summary: received 3 responses out of 3 voters: 2 yes votes; 1 no votes. yes voters: 06f0213f87654957840d437566ac9c74, 08c5d9e5b99c47b99a22fe631293c55c; no voters: 23af318238484ef9a92eb95e6550dfcc
I0401 16:41:39.207274 13690 raft_consensus.cc:2640] T f87568f1327546d48d3cea2e12ebd08b P 08c5d9e5b99c47b99a22fe631293c55c [term 0 FOLLOWER]: Leader pre-election won for term 1
I0401 16:41:39.207321 13690 raft_consensus.cc:472] T f87568f1327546d48d3cea2e12ebd08b P 08c5d9e5b99c47b99a22fe631293c55c [term 0 FOLLOWER]: Starting leader election (no leader contacted us within the election timeout)
I0401 16:41:39.207366 13690 raft_consensus.cc:2886] T f87568f1327546d48d3cea2e12ebd08b P 08c5d9e5b99c47b99a22fe631293c55c [term 0 FOLLOWER]: Advancing to term 1
I0401 16:41:39.208818 13428 catalog_manager.cc:1139] T 00000000000000000000000000000000 P 417834d010834e939b776a60ca3dc755: importing token verification keys for follower catalog manager: success; most recent TSK sequence number 0
I0401 16:41:39.208950 13472 raft_consensus.cc:2307] T 37932eedad8b4cc0976a2646090f84b3 P 06f0213f87654957840d437566ac9c74 [term 1 LEADER]: Leader election vote request: Denying vote to candidate 08c5d9e5b99c47b99a22fe631293c55c for term 1 because replica is either leader or believes a valid leader to be alive.
I0401 16:41:39.207201 13689 consensus_queue.cc:206] T 86f4a446b8dd4d9abb1d9214303842e3 P 08c5d9e5b99c47b99a22fe631293c55c [LEADER]: Queue going to LEADER mode. State: All replicated index: 0, Majority replicated index: 0, Committed index: 0, Last appended: 0.0, Last appended by leader: 0, Current term: 1, Majority size: 2, State: 0, Mode: LEADER, active raft config: opid_index: -1 OBSOLETE_local: false peers { permanent_uuid: "06f0213f87654957840d437566ac9c74" member_type: VOTER last_known_addr { host: "127.11.224.1" port: 44443 } } peers { permanent_uuid: "08c5d9e5b99c47b99a22fe631293c55c" member_type: VOTER last_known_addr { host: "127.11.224.2" port: 43295 } } peers { permanent_uuid: "23af318238484ef9a92eb95e6550dfcc" member_type: VOTER last_known_addr { host: "127.11.224.3" port: 38333 } }
I0401 16:41:39.211550 13671 tablet_bootstrap.cc:439] T 04f81e1b2f3e4f3f9d0b780d60d45c39 P 08c5d9e5b99c47b99a22fe631293c55c: No bootstrap required, opened a new log
I0401 16:41:39.211668 13671 ts_tablet_manager.cc:1053] T 04f81e1b2f3e4f3f9d0b780d60d45c39 P 08c5d9e5b99c47b99a22fe631293c55c: Time spent bootstrapping tablet: real 0.059s user 0.001s sys 0.010s
I0401 16:41:39.212329 13505 leader_election.cc:310] T 37932eedad8b4cc0976a2646090f84b3 P 08c5d9e5b99c47b99a22fe631293c55c [CANDIDATE]: Term 1 election: Election decided. Result: candidate lost. Election summary: received 3 responses out of 3 voters: 1 yes votes; 2 no votes. yes voters: 08c5d9e5b99c47b99a22fe631293c55c; no voters: 06f0213f87654957840d437566ac9c74, 23af318238484ef9a92eb95e6550dfcc
I0401 16:41:39.214085 13671 raft_consensus.cc:340] T 04f81e1b2f3e4f3f9d0b780d60d45c39 P 08c5d9e5b99c47b99a22fe631293c55c [term 0 FOLLOWER]: Replica starting. Triggering 0 pending transactions. Active config: opid_index: -1 OBSOLETE_local: false peers { permanent_uuid: "06f0213f87654957840d437566ac9c74" member_type: VOTER last_known_addr { host: "127.11.224.1" port: 44443 } } peers { permanent_uuid: "08c5d9e5b99c47b99a22fe631293c55c" member_type: VOTER last_known_addr { host: "127.11.224.2" port: 43295 } } peers { permanent_uuid: "23af318238484ef9a92eb95e6550dfcc" member_type: VOTER last_known_addr { host: "127.11.224.3" port: 38333 } }
I0401 16:41:39.214238 13671 raft_consensus.cc:366] T 04f81e1b2f3e4f3f9d0b780d60d45c39 P 08c5d9e5b99c47b99a22fe631293c55c [term 0 FOLLOWER]: Consensus starting up: Expiring failure detector timer to make a prompt election more likely
I0401 16:41:39.214263 13671 raft_consensus.cc:705] T 04f81e1b2f3e4f3f9d0b780d60d45c39 P 08c5d9e5b99c47b99a22fe631293c55c [term 0 FOLLOWER]: Becoming Follower/Learner. State: Replica: 08c5d9e5b99c47b99a22fe631293c55c, State: Initialized, Role: FOLLOWER
I0401 16:41:39.214380 13671 consensus_queue.cc:229] T 04f81e1b2f3e4f3f9d0b780d60d45c39 P 08c5d9e5b99c47b99a22fe631293c55c [NON_LEADER]: Queue going to NON_LEADER mode. State: All replicated index: 0, Majority replicated index: 0, Committed index: 0, Last appended: 0.0, Last appended by leader: 0, Current term: 0, Majority size: -1, State: 0, Mode: NON_LEADER, active raft config: opid_index: -1 OBSOLETE_local: false peers { permanent_uuid: "06f0213f87654957840d437566ac9c74" member_type: VOTER last_known_addr { host: "127.11.224.1" port: 44443 } } peers { permanent_uuid: "08c5d9e5b99c47b99a22fe631293c55c" member_type: VOTER last_known_addr { host: "127.11.224.2" port: 43295 } } peers { permanent_uuid: "23af318238484ef9a92eb95e6550dfcc" member_type: VOTER last_known_addr { host: "127.11.224.3" port: 38333 } }
I0401 16:41:39.214799 13717 raft_consensus.cc:2588] T 37932eedad8b4cc0976a2646090f84b3 P 08c5d9e5b99c47b99a22fe631293c55c [term 1 FOLLOWER]: Leader election lost for term 1. Reason: could not achieve majority
I0401 16:41:39.214941 13671 ts_tablet_manager.cc:1081] T 04f81e1b2f3e4f3f9d0b780d60d45c39 P 08c5d9e5b99c47b99a22fe631293c55c: Time spent starting tablet: real 0.003s user 0.002s sys 0.001s
I0401 16:41:39.215138 13671 tablet_bootstrap.cc:439] T 1f1318e7978b461897280d152a86b709 P 08c5d9e5b99c47b99a22fe631293c55c: Bootstrap starting.
I0401 16:41:39.215371 13269 catalog_manager.cc:3977] T 37932eedad8b4cc0976a2646090f84b3 P 06f0213f87654957840d437566ac9c74 reported cstate change: term changed from 0 to 1, leader changed from to 06f0213f87654957840d437566ac9c74 (127.11.224.1). New cstate: current_term: 1 leader_uuid: "06f0213f87654957840d437566ac9c74" committed_config { opid_index: -1 OBSOLETE_local: false peers { permanent_uuid: "06f0213f87654957840d437566ac9c74" member_type: VOTER last_known_addr { host: "127.11.224.1" port: 44443 } health_report { overall_health: HEALTHY } } peers { permanent_uuid: "08c5d9e5b99c47b99a22fe631293c55c" member_type: VOTER last_known_addr { host: "127.11.224.2" port: 43295 } health_report { overall_health: UNKNOWN } } peers { permanent_uuid: "23af318238484ef9a92eb95e6550dfcc" member_type: VOTER last_known_addr { host: "127.11.224.3" port: 38333 } health_report { overall_health: UNKNOWN } } }
I0401 16:41:39.216431 13671 tablet_bootstrap.cc:590] T 1f1318e7978b461897280d152a86b709 P 08c5d9e5b99c47b99a22fe631293c55c: No blocks or log segments found. Creating new log.
I0401 16:41:39.219223 13690 raft_consensus.cc:494] T f87568f1327546d48d3cea2e12ebd08b P 08c5d9e5b99c47b99a22fe631293c55c [term 1 FOLLOWER]: Starting leader election with config: opid_index: -1 OBSOLETE_local: false peers { permanent_uuid: "06f0213f87654957840d437566ac9c74" member_type: VOTER last_known_addr { host: "127.11.224.1" port: 44443 } } peers { permanent_uuid: "08c5d9e5b99c47b99a22fe631293c55c" member_type: VOTER last_known_addr { host: "127.11.224.2" port: 43295 } } peers { permanent_uuid: "23af318238484ef9a92eb95e6550dfcc" member_type: VOTER last_known_addr { host: "127.11.224.3" port: 38333 } }
I0401 16:41:39.220693 13472 tablet_service.cc:1276] Received RequestConsensusVote() RPC: tablet_id: "f87568f1327546d48d3cea2e12ebd08b" candidate_uuid: "08c5d9e5b99c47b99a22fe631293c55c" candidate_term: 1 candidate_status { last_received { term: 0 index: 0 } } ignore_live_leader: false dest_uuid: "06f0213f87654957840d437566ac9c74"
I0401 16:41:39.220829 13472 raft_consensus.cc:2886] T f87568f1327546d48d3cea2e12ebd08b P 06f0213f87654957840d437566ac9c74 [term 0 FOLLOWER]: Advancing to term 1
I0401 16:41:39.223091 13472 raft_consensus.cc:2346] T f87568f1327546d48d3cea2e12ebd08b P 06f0213f87654957840d437566ac9c74 [term 1 FOLLOWER]: Leader election vote request: Granting yes vote for candidate 08c5d9e5b99c47b99a22fe631293c55c in term 1.
I0401 16:41:39.223522 13505 leader_election.cc:310] T f87568f1327546d48d3cea2e12ebd08b P 08c5d9e5b99c47b99a22fe631293c55c [CANDIDATE]: Term 1 election: Election decided. Result: candidate won. Election summary: received 2 responses out of 3 voters: 2 yes votes; 0 no votes. yes voters: 06f0213f87654957840d437566ac9c74, 08c5d9e5b99c47b99a22fe631293c55c; no voters:
I0401 16:41:39.223950 13690 leader_election.cc:296] T f87568f1327546d48d3cea2e12ebd08b P 08c5d9e5b99c47b99a22fe631293c55c [CANDIDATE]: Term 1 election: Requested vote from peers 06f0213f87654957840d437566ac9c74 (127.11.224.1:44443), 23af318238484ef9a92eb95e6550dfcc (127.11.224.3:38333)
I0401 16:41:39.224102 13690 raft_consensus.cc:2640] T f87568f1327546d48d3cea2e12ebd08b P 08c5d9e5b99c47b99a22fe631293c55c [term 1 FOLLOWER]: Leader election won for term 1
I0401 16:41:39.224228 13690 raft_consensus.cc:667] T f87568f1327546d48d3cea2e12ebd08b P 08c5d9e5b99c47b99a22fe631293c55c [term 1 LEADER]: Becoming Leader. State: Replica: 08c5d9e5b99c47b99a22fe631293c55c, State: Running, Role: LEADER
I0401 16:41:39.224326 13626 tablet_service.cc:1276] Received RequestConsensusVote() RPC: tablet_id: "f87568f1327546d48d3cea2e12ebd08b" candidate_uuid: "08c5d9e5b99c47b99a22fe631293c55c" candidate_term: 1 candidate_status { last_received { term: 0 index: 0 } } ignore_live_leader: false dest_uuid: "23af318238484ef9a92eb95e6550dfcc"
W0401 16:41:39.224737 13507 leader_election.cc:348] T f87568f1327546d48d3cea2e12ebd08b P 08c5d9e5b99c47b99a22fe631293c55c [CANDIDATE]: Term 1 election: Tablet error from VoteRequest() call to peer 23af318238484ef9a92eb95e6550dfcc (127.11.224.3:38333): Illegal state: must be running to vote when last-logged opid is not known
I0401 16:41:39.224457 13690 consensus_queue.cc:206] T f87568f1327546d48d3cea2e12ebd08b P 08c5d9e5b99c47b99a22fe631293c55c [LEADER]: Queue going to LEADER mode. State: All replicated index: 0, Majority replicated index: 0, Committed index: 0, Last appended: 0.0, Last appended by leader: 0, Current term: 1, Majority size: 2, State: 0, Mode: LEADER, active raft config: opid_index: -1 OBSOLETE_local: false peers { permanent_uuid: "06f0213f87654957840d437566ac9c74" member_type: VOTER last_known_addr { host: "127.11.224.1" port: 44443 } } peers { permanent_uuid: "08c5d9e5b99c47b99a22fe631293c55c" member_type: VOTER last_known_addr { host: "127.11.224.2" port: 43295 } } peers { permanent_uuid: "23af318238484ef9a92eb95e6550dfcc" member_type: VOTER last_known_addr { host: "127.11.224.3" port: 38333 } }
I0401 16:41:39.227862 13269 catalog_manager.cc:3977] T 86f4a446b8dd4d9abb1d9214303842e3 P 08c5d9e5b99c47b99a22fe631293c55c reported cstate change: term changed from 0 to 1, leader changed from to 08c5d9e5b99c47b99a22fe631293c55c (127.11.224.2). New cstate: current_term: 1 leader_uuid: "08c5d9e5b99c47b99a22fe631293c55c" committed_config { opid_index: -1 OBSOLETE_local: false peers { permanent_uuid: "06f0213f87654957840d437566ac9c74" member_type: VOTER last_known_addr { host: "127.11.224.1" port: 44443 } health_report { overall_health: UNKNOWN } } peers { permanent_uuid: "08c5d9e5b99c47b99a22fe631293c55c" member_type: VOTER last_known_addr { host: "127.11.224.2" port: 43295 } health_report { overall_health: HEALTHY } } peers { permanent_uuid: "23af318238484ef9a92eb95e6550dfcc" member_type: VOTER last_known_addr { host: "127.11.224.3" port: 38333 } health_report { overall_health: UNKNOWN } } }
I0401 16:41:39.229476 13670 tablet_bootstrap.cc:439] T 86f4a446b8dd4d9abb1d9214303842e3 P 23af318238484ef9a92eb95e6550dfcc: No bootstrap required, opened a new log
I0401 16:41:39.229593 13670 ts_tablet_manager.cc:1053] T 86f4a446b8dd4d9abb1d9214303842e3 P 23af318238484ef9a92eb95e6550dfcc: Time spent bootstrapping tablet: real 0.089s user 0.004s sys 0.011s
I0401 16:41:39.229215 13270 catalog_manager.cc:3977] T 28edfa2828274f5d894d568f23c58db8 P 23af318238484ef9a92eb95e6550dfcc reported cstate change: term changed from 0 to 1, leader changed from to 23af318238484ef9a92eb95e6550dfcc (127.11.224.3). New cstate: current_term: 1 leader_uuid: "23af318238484ef9a92eb95e6550dfcc" committed_config { opid_index: -1 OBSOLETE_local: false peers { permanent_uuid: "06f0213f87654957840d437566ac9c74" member_type: VOTER last_known_addr { host: "127.11.224.1" port: 44443 } health_report { overall_health: UNKNOWN } } peers { permanent_uuid: "08c5d9e5b99c47b99a22fe631293c55c" member_type: VOTER last_known_addr { host: "127.11.224.2" port: 43295 } health_report { overall_health: UNKNOWN } } peers { permanent_uuid: "23af318238484ef9a92eb95e6550dfcc" member_type: VOTER last_known_addr { host: "127.11.224.3" port: 38333 } health_report { overall_health: HEALTHY } } }
I0401 16:41:39.233588 13670 raft_consensus.cc:340] T 86f4a446b8dd4d9abb1d9214303842e3 P 23af318238484ef9a92eb95e6550dfcc [term 0 FOLLOWER]: Replica starting. Triggering 0 pending transactions. Active config: opid_index: -1 OBSOLETE_local: false peers { permanent_uuid: "06f0213f87654957840d437566ac9c74" member_type: VOTER last_known_addr { host: "127.11.224.1" port: 44443 } } peers { permanent_uuid: "08c5d9e5b99c47b99a22fe631293c55c" member_type: VOTER last_known_addr { host: "127.11.224.2" port: 43295 } } peers { permanent_uuid: "23af318238484ef9a92eb95e6550dfcc" member_type: VOTER last_known_addr { host: "127.11.224.3" port: 38333 } }
I0401 16:41:39.233750 13670 raft_consensus.cc:366] T 86f4a446b8dd4d9abb1d9214303842e3 P 23af318238484ef9a92eb95e6550dfcc [term 0 FOLLOWER]: Consensus starting up: Expiring failure detector timer to make a prompt election more likely
I0401 16:41:39.233786 13670 raft_consensus.cc:705] T 86f4a446b8dd4d9abb1d9214303842e3 P 23af318238484ef9a92eb95e6550dfcc [term 0 FOLLOWER]: Becoming Follower/Learner. State: Replica: 23af318238484ef9a92eb95e6550dfcc, State: Initialized, Role: FOLLOWER
I0401 16:41:39.234987 13671 tablet_bootstrap.cc:439] T 1f1318e7978b461897280d152a86b709 P 08c5d9e5b99c47b99a22fe631293c55c: No bootstrap required, opened a new log
I0401 16:41:39.235131 13671 ts_tablet_manager.cc:1053] T 1f1318e7978b461897280d152a86b709 P 08c5d9e5b99c47b99a22fe631293c55c: Time spent bootstrapping tablet: real 0.020s user 0.004s sys 0.002s
