I0401 16:41:36.737668 12939 raft_consensus.cc:2886] T 952c63a4d69146b19220a4a9789f70b5 P 46a1ffbde8cb4162990fb2785a682d2c [term 0 FOLLOWER]: Advancing to term 1
I0401 16:41:36.739125 13138 ts_tablet_manager.cc:1081] T 952c63a4d69146b19220a4a9789f70b5 P 46a1ffbde8cb4162990fb2785a682d2c: Time spent starting tablet: real 0.024s user 0.001s sys 0.001s
I0401 16:41:36.739993 13138 tablet_bootstrap.cc:439] T 313183f8b0704fa58ee6bb03c0325a47 P 46a1ffbde8cb4162990fb2785a682d2c: Bootstrap starting.
I0401 16:41:36.743192 13139 tablet_bootstrap.cc:439] T e7a4b8a6de384b3ead437ec059b2eef5 P d8dba20a0d5849dcb24e05863dc0a123: No bootstrap required, opened a new log
I0401 16:41:36.743567 13139 ts_tablet_manager.cc:1053] T e7a4b8a6de384b3ead437ec059b2eef5 P d8dba20a0d5849dcb24e05863dc0a123: Time spent bootstrapping tablet: real 0.043s user 0.002s sys 0.004s
I0401 16:41:36.743563 12796 catalog_manager.cc:3977] T bd721271b4404021931802cc9a11675b P d8dba20a0d5849dcb24e05863dc0a123 reported cstate change: term changed from 0 to 1, leader changed from to d8dba20a0d5849dcb24e05863dc0a123 (127.11.224.2). New cstate: current_term: 1 leader_uuid: "d8dba20a0d5849dcb24e05863dc0a123" committed_config { opid_index: -1 OBSOLETE_local: false peers { permanent_uuid: "46a1ffbde8cb4162990fb2785a682d2c" member_type: VOTER last_known_addr { host: "127.11.224.1" port: 60895 } health_report { overall_health: UNKNOWN } } peers { permanent_uuid: "d8dba20a0d5849dcb24e05863dc0a123" member_type: VOTER last_known_addr { host: "127.11.224.2" port: 52355 } health_report { overall_health: HEALTHY } } peers { permanent_uuid: "37c64d6d84ba4b82a4befb752c172f5e" member_type: VOTER last_known_addr { host: "127.11.224.3" port: 56700 } health_report { overall_health: UNKNOWN } } }
I0401 16:41:36.746073 13139 raft_consensus.cc:340] T e7a4b8a6de384b3ead437ec059b2eef5 P d8dba20a0d5849dcb24e05863dc0a123 [term 0 FOLLOWER]: Replica starting. Triggering 0 pending transactions. Active config: opid_index: -1 OBSOLETE_local: false peers { permanent_uuid: "46a1ffbde8cb4162990fb2785a682d2c" member_type: VOTER last_known_addr { host: "127.11.224.1" port: 60895 } } peers { permanent_uuid: "d8dba20a0d5849dcb24e05863dc0a123" member_type: VOTER last_known_addr { host: "127.11.224.2" port: 52355 } } peers { permanent_uuid: "37c64d6d84ba4b82a4befb752c172f5e" member_type: VOTER last_known_addr { host: "127.11.224.3" port: 56700 } }
I0401 16:41:36.746889 13139 raft_consensus.cc:366] T e7a4b8a6de384b3ead437ec059b2eef5 P d8dba20a0d5849dcb24e05863dc0a123 [term 0 FOLLOWER]: Consensus starting up: Expiring failure detector timer to make a prompt election more likely
I0401 16:41:36.747658 13139 raft_consensus.cc:705] T e7a4b8a6de384b3ead437ec059b2eef5 P d8dba20a0d5849dcb24e05863dc0a123 [term 0 FOLLOWER]: Becoming Follower/Learner. State: Replica: d8dba20a0d5849dcb24e05863dc0a123, State: Initialized, Role: FOLLOWER
I0401 16:41:36.749009 12939 raft_consensus.cc:2346] T 952c63a4d69146b19220a4a9789f70b5 P 46a1ffbde8cb4162990fb2785a682d2c [term 1 FOLLOWER]: Leader election vote request: Granting yes vote for candidate d8dba20a0d5849dcb24e05863dc0a123 in term 1.
I0401 16:41:36.749186 13092 raft_consensus.cc:2346] T 952c63a4d69146b19220a4a9789f70b5 P 37c64d6d84ba4b82a4befb752c172f5e [term 1 FOLLOWER]: Leader election vote request: Granting yes vote for candidate d8dba20a0d5849dcb24e05863dc0a123 in term 1.
I0401 16:41:36.749447 12973 leader_election.cc:310] T 952c63a4d69146b19220a4a9789f70b5 P d8dba20a0d5849dcb24e05863dc0a123 [CANDIDATE]: Term 1 election: Election decided. Result: candidate won. Election summary: received 2 responses out of 3 voters: 2 yes votes; 0 no votes. yes voters: 46a1ffbde8cb4162990fb2785a682d2c, d8dba20a0d5849dcb24e05863dc0a123; no voters:
I0401 16:41:36.752548 13175 raft_consensus.cc:2640] T 952c63a4d69146b19220a4a9789f70b5 P d8dba20a0d5849dcb24e05863dc0a123 [term 1 FOLLOWER]: Leader election won for term 1
I0401 16:41:36.750098 13139 consensus_queue.cc:229] T e7a4b8a6de384b3ead437ec059b2eef5 P d8dba20a0d5849dcb24e05863dc0a123 [NON_LEADER]: Queue going to NON_LEADER mode. State: All replicated index: 0, Majority replicated index: 0, Committed index: 0, Last appended: 0.0, Last appended by leader: 0, Current term: 0, Majority size: -1, State: 0, Mode: NON_LEADER, active raft config: opid_index: -1 OBSOLETE_local: false peers { permanent_uuid: "46a1ffbde8cb4162990fb2785a682d2c" member_type: VOTER last_known_addr { host: "127.11.224.1" port: 60895 } } peers { permanent_uuid: "d8dba20a0d5849dcb24e05863dc0a123" member_type: VOTER last_known_addr { host: "127.11.224.2" port: 52355 } } peers { permanent_uuid: "37c64d6d84ba4b82a4befb752c172f5e" member_type: VOTER last_known_addr { host: "127.11.224.3" port: 56700 } }
I0401 16:41:36.754264 13139 ts_tablet_manager.cc:1081] T e7a4b8a6de384b3ead437ec059b2eef5 P d8dba20a0d5849dcb24e05863dc0a123: Time spent starting tablet: real 0.010s user 0.002s sys 0.001s
I0401 16:41:36.754654 13139 tablet_bootstrap.cc:439] T 1528709f2f9a40618394fc1ba6bd2922 P d8dba20a0d5849dcb24e05863dc0a123: Bootstrap starting.
I0401 16:41:36.755486 13175 raft_consensus.cc:667] T 952c63a4d69146b19220a4a9789f70b5 P d8dba20a0d5849dcb24e05863dc0a123 [term 1 LEADER]: Becoming Leader. State: Replica: d8dba20a0d5849dcb24e05863dc0a123, State: Running, Role: LEADER
I0401 16:41:36.755762 13175 consensus_queue.cc:206] T 952c63a4d69146b19220a4a9789f70b5 P d8dba20a0d5849dcb24e05863dc0a123 [LEADER]: Queue going to LEADER mode. State: All replicated index: 0, Majority replicated index: 0, Committed index: 0, Last appended: 0.0, Last appended by leader: 0, Current term: 1, Majority size: 2, State: 0, Mode: LEADER, active raft config: opid_index: -1 OBSOLETE_local: false peers { permanent_uuid: "46a1ffbde8cb4162990fb2785a682d2c" member_type: VOTER last_known_addr { host: "127.11.224.1" port: 60895 } } peers { permanent_uuid: "d8dba20a0d5849dcb24e05863dc0a123" member_type: VOTER last_known_addr { host: "127.11.224.2" port: 52355 } } peers { permanent_uuid: "37c64d6d84ba4b82a4befb752c172f5e" member_type: VOTER last_known_addr { host: "127.11.224.3" port: 56700 } }
I0401 16:41:36.758097 13139 tablet_bootstrap.cc:590] T 1528709f2f9a40618394fc1ba6bd2922 P d8dba20a0d5849dcb24e05863dc0a123: No blocks or log segments found. Creating new log.
I0401 16:41:36.758106 13138 tablet_bootstrap.cc:590] T 313183f8b0704fa58ee6bb03c0325a47 P 46a1ffbde8cb4162990fb2785a682d2c: No blocks or log segments found. Creating new log.
I0401 16:41:36.758386 13137 tablet_bootstrap.cc:439] T c7e6874d51284fa4a1cfde0a2ce07e8a P 37c64d6d84ba4b82a4befb752c172f5e: No bootstrap required, opened a new log
I0401 16:41:36.759410 13137 ts_tablet_manager.cc:1053] T c7e6874d51284fa4a1cfde0a2ce07e8a P 37c64d6d84ba4b82a4befb752c172f5e: Time spent bootstrapping tablet: real 0.083s user 0.004s sys 0.006s
I0401 16:41:36.761567 12797 catalog_manager.cc:3977] T 952c63a4d69146b19220a4a9789f70b5 P d8dba20a0d5849dcb24e05863dc0a123 reported cstate change: term changed from 0 to 1, leader changed from to d8dba20a0d5849dcb24e05863dc0a123 (127.11.224.2). New cstate: current_term: 1 leader_uuid: "d8dba20a0d5849dcb24e05863dc0a123" committed_config { opid_index: -1 OBSOLETE_local: false peers { permanent_uuid: "46a1ffbde8cb4162990fb2785a682d2c" member_type: VOTER last_known_addr { host: "127.11.224.1" port: 60895 } health_report { overall_health: UNKNOWN } } peers { permanent_uuid: "d8dba20a0d5849dcb24e05863dc0a123" member_type: VOTER last_known_addr { host: "127.11.224.2" port: 52355 } health_report { overall_health: HEALTHY } } peers { permanent_uuid: "37c64d6d84ba4b82a4befb752c172f5e" member_type: VOTER last_known_addr { host: "127.11.224.3" port: 56700 } health_report { overall_health: UNKNOWN } } }
I0401 16:41:36.766129 13137 raft_consensus.cc:340] T c7e6874d51284fa4a1cfde0a2ce07e8a P 37c64d6d84ba4b82a4befb752c172f5e [term 0 FOLLOWER]: Replica starting. Triggering 0 pending transactions. Active config: opid_index: -1 OBSOLETE_local: false peers { permanent_uuid: "d8dba20a0d5849dcb24e05863dc0a123" member_type: VOTER last_known_addr { host: "127.11.224.2" port: 52355 } } peers { permanent_uuid: "46a1ffbde8cb4162990fb2785a682d2c" member_type: VOTER last_known_addr { host: "127.11.224.1" port: 60895 } } peers { permanent_uuid: "37c64d6d84ba4b82a4befb752c172f5e" member_type: VOTER last_known_addr { host: "127.11.224.3" port: 56700 } }
I0401 16:41:36.769351 13137 raft_consensus.cc:366] T c7e6874d51284fa4a1cfde0a2ce07e8a P 37c64d6d84ba4b82a4befb752c172f5e [term 0 FOLLOWER]: Consensus starting up: Expiring failure detector timer to make a prompt election more likely
I0401 16:41:36.769544 13137 raft_consensus.cc:705] T c7e6874d51284fa4a1cfde0a2ce07e8a P 37c64d6d84ba4b82a4befb752c172f5e [term 0 FOLLOWER]: Becoming Follower/Learner. State: Replica: 37c64d6d84ba4b82a4befb752c172f5e, State: Initialized, Role: FOLLOWER
I0401 16:41:36.770318 13137 consensus_queue.cc:229] T c7e6874d51284fa4a1cfde0a2ce07e8a P 37c64d6d84ba4b82a4befb752c172f5e [NON_LEADER]: Queue going to NON_LEADER mode. State: All replicated index: 0, Majority replicated index: 0, Committed index: 0, Last appended: 0.0, Last appended by leader: 0, Current term: 0, Majority size: -1, State: 0, Mode: NON_LEADER, active raft config: opid_index: -1 OBSOLETE_local: false peers { permanent_uuid: "d8dba20a0d5849dcb24e05863dc0a123" member_type: VOTER last_known_addr { host: "127.11.224.2" port: 52355 } } peers { permanent_uuid: "46a1ffbde8cb4162990fb2785a682d2c" member_type: VOTER last_known_addr { host: "127.11.224.1" port: 60895 } } peers { permanent_uuid: "37c64d6d84ba4b82a4befb752c172f5e" member_type: VOTER last_known_addr { host: "127.11.224.3" port: 56700 } }
I0401 16:41:36.771399 13175 raft_consensus.cc:472] T c7e6874d51284fa4a1cfde0a2ce07e8a P d8dba20a0d5849dcb24e05863dc0a123 [term 0 FOLLOWER]: Starting pre-election (no leader contacted us within the election timeout)
I0401 16:41:36.771571 13175 raft_consensus.cc:494] T c7e6874d51284fa4a1cfde0a2ce07e8a P d8dba20a0d5849dcb24e05863dc0a123 [term 0 FOLLOWER]: Starting pre-election with config: opid_index: -1 OBSOLETE_local: false peers { permanent_uuid: "d8dba20a0d5849dcb24e05863dc0a123" member_type: VOTER last_known_addr { host: "127.11.224.2" port: 52355 } } peers { permanent_uuid: "46a1ffbde8cb4162990fb2785a682d2c" member_type: VOTER last_known_addr { host: "127.11.224.1" port: 60895 } } peers { permanent_uuid: "37c64d6d84ba4b82a4befb752c172f5e" member_type: VOTER last_known_addr { host: "127.11.224.3" port: 56700 } }
I0401 16:41:36.772569 13144 raft_consensus.cc:472] T 313183f8b0704fa58ee6bb03c0325a47 P 37c64d6d84ba4b82a4befb752c172f5e [term 0 FOLLOWER]: Starting pre-election (no leader contacted us within the election timeout)
I0401 16:41:36.774133 12939 tablet_service.cc:1276] Received RequestConsensusVote() RPC: tablet_id: "c7e6874d51284fa4a1cfde0a2ce07e8a" candidate_uuid: "d8dba20a0d5849dcb24e05863dc0a123" candidate_term: 1 candidate_status { last_received { term: 0 index: 0 } } ignore_live_leader: false dest_uuid: "46a1ffbde8cb4162990fb2785a682d2c" is_pre_election: true
I0401 16:41:36.774134 13144 raft_consensus.cc:494] T 313183f8b0704fa58ee6bb03c0325a47 P 37c64d6d84ba4b82a4befb752c172f5e [term 0 FOLLOWER]: Starting pre-election with config: opid_index: -1 OBSOLETE_local: false peers { permanent_uuid: "46a1ffbde8cb4162990fb2785a682d2c" member_type: VOTER last_known_addr { host: "127.11.224.1" port: 60895 } } peers { permanent_uuid: "d8dba20a0d5849dcb24e05863dc0a123" member_type: VOTER last_known_addr { host: "127.11.224.2" port: 52355 } } peers { permanent_uuid: "37c64d6d84ba4b82a4befb752c172f5e" member_type: VOTER last_known_addr { host: "127.11.224.3" port: 56700 } }
I0401 16:41:36.774372 13092 tablet_service.cc:1276] Received RequestConsensusVote() RPC: tablet_id: "c7e6874d51284fa4a1cfde0a2ce07e8a" candidate_uuid: "d8dba20a0d5849dcb24e05863dc0a123" candidate_term: 1 candidate_status { last_received { term: 0 index: 0 } } ignore_live_leader: false dest_uuid: "37c64d6d84ba4b82a4befb752c172f5e" is_pre_election: true
I0401 16:41:36.775928 13023 tablet_service.cc:1276] Received RequestConsensusVote() RPC: tablet_id: "313183f8b0704fa58ee6bb03c0325a47" candidate_uuid: "37c64d6d84ba4b82a4befb752c172f5e" candidate_term: 1 candidate_status { last_received { term: 0 index: 0 } } ignore_live_leader: false dest_uuid: "d8dba20a0d5849dcb24e05863dc0a123" is_pre_election: true
I0401 16:41:36.776336 13092 raft_consensus.cc:2346] T c7e6874d51284fa4a1cfde0a2ce07e8a P 37c64d6d84ba4b82a4befb752c172f5e [term 0 FOLLOWER]: Leader pre-election vote request: Granting yes vote for candidate d8dba20a0d5849dcb24e05863dc0a123 in term 0.
I0401 16:41:36.777212 13137 ts_tablet_manager.cc:1081] T c7e6874d51284fa4a1cfde0a2ce07e8a P 37c64d6d84ba4b82a4befb752c172f5e: Time spent starting tablet: real 0.012s user 0.000s sys 0.002s
I0401 16:41:36.777813 12939 tablet_service.cc:1276] Received RequestConsensusVote() RPC: tablet_id: "313183f8b0704fa58ee6bb03c0325a47" candidate_uuid: "37c64d6d84ba4b82a4befb752c172f5e" candidate_term: 1 candidate_status { last_received { term: 0 index: 0 } } ignore_live_leader: false dest_uuid: "46a1ffbde8cb4162990fb2785a682d2c" is_pre_election: true
I0401 16:41:36.778117 13144 leader_election.cc:296] T 313183f8b0704fa58ee6bb03c0325a47 P 37c64d6d84ba4b82a4befb752c172f5e [CANDIDATE]: Term 1 pre-election: Requested pre-vote from peers 46a1ffbde8cb4162990fb2785a682d2c (127.11.224.1:60895), d8dba20a0d5849dcb24e05863dc0a123 (127.11.224.2:52355)
W0401 16:41:36.778020 13055 leader_election.cc:348] T 313183f8b0704fa58ee6bb03c0325a47 P 37c64d6d84ba4b82a4befb752c172f5e [CANDIDATE]: Term 1 pre-election: Tablet error from VoteRequest() call to peer d8dba20a0d5849dcb24e05863dc0a123 (127.11.224.2:52355): Illegal state: must be running to vote when last-logged opid is not known
W0401 16:41:36.778524 12973 leader_election.cc:348] T c7e6874d51284fa4a1cfde0a2ce07e8a P d8dba20a0d5849dcb24e05863dc0a123 [CANDIDATE]: Term 1 pre-election: Tablet error from VoteRequest() call to peer 46a1ffbde8cb4162990fb2785a682d2c (127.11.224.1:60895): Illegal state: must be running to vote when last-logged opid is not known
I0401 16:41:36.781636 13137 tablet_bootstrap.cc:439] T 5cd867ea58ed4b0f94a00683e468c72f P 37c64d6d84ba4b82a4befb752c172f5e: Bootstrap starting.
I0401 16:41:36.780555 13175 leader_election.cc:296] T c7e6874d51284fa4a1cfde0a2ce07e8a P d8dba20a0d5849dcb24e05863dc0a123 [CANDIDATE]: Term 1 pre-election: Requested pre-vote from peers 46a1ffbde8cb4162990fb2785a682d2c (127.11.224.1:60895), 37c64d6d84ba4b82a4befb752c172f5e (127.11.224.3:56700)
W0401 16:41:36.782850 13056 leader_election.cc:348] T 313183f8b0704fa58ee6bb03c0325a47 P 37c64d6d84ba4b82a4befb752c172f5e [CANDIDATE]: Term 1 pre-election: Tablet error from VoteRequest() call to peer 46a1ffbde8cb4162990fb2785a682d2c (127.11.224.1:60895): Illegal state: must be running to vote when last-logged opid is not known
I0401 16:41:36.782865 12975 leader_election.cc:310] T c7e6874d51284fa4a1cfde0a2ce07e8a P d8dba20a0d5849dcb24e05863dc0a123 [CANDIDATE]: Term 1 pre-election: Election decided. Result: candidate won. Election summary: received 3 responses out of 3 voters: 2 yes votes; 1 no votes. yes voters: 37c64d6d84ba4b82a4befb752c172f5e, d8dba20a0d5849dcb24e05863dc0a123; no voters: 46a1ffbde8cb4162990fb2785a682d2c
I0401 16:41:36.783061 13056 leader_election.cc:310] T 313183f8b0704fa58ee6bb03c0325a47 P 37c64d6d84ba4b82a4befb752c172f5e [CANDIDATE]: Term 1 pre-election: Election decided. Result: candidate lost. Election summary: received 3 responses out of 3 voters: 1 yes votes; 2 no votes. yes voters: 37c64d6d84ba4b82a4befb752c172f5e; no voters: 46a1ffbde8cb4162990fb2785a682d2c, d8dba20a0d5849dcb24e05863dc0a123
I0401 16:41:36.784137 13144 raft_consensus.cc:2588] T 313183f8b0704fa58ee6bb03c0325a47 P 37c64d6d84ba4b82a4befb752c172f5e [term 0 FOLLOWER]: Leader pre-election lost for term 1. Reason: could not achieve majority
I0401 16:41:36.784482 13175 raft_consensus.cc:2640] T c7e6874d51284fa4a1cfde0a2ce07e8a P d8dba20a0d5849dcb24e05863dc0a123 [term 0 FOLLOWER]: Leader pre-election won for term 1
I0401 16:41:36.784646 13175 raft_consensus.cc:472] T c7e6874d51284fa4a1cfde0a2ce07e8a P d8dba20a0d5849dcb24e05863dc0a123 [term 0 FOLLOWER]: Starting leader election (no leader contacted us within the election timeout)
I0401 16:41:36.784742 13175 raft_consensus.cc:2886] T c7e6874d51284fa4a1cfde0a2ce07e8a P d8dba20a0d5849dcb24e05863dc0a123 [term 0 FOLLOWER]: Advancing to term 1
I0401 16:41:36.787106 13137 tablet_bootstrap.cc:590] T 5cd867ea58ed4b0f94a00683e468c72f P 37c64d6d84ba4b82a4befb752c172f5e: No blocks or log segments found. Creating new log.
I0401 16:41:36.789149 13175 raft_consensus.cc:494] T c7e6874d51284fa4a1cfde0a2ce07e8a P d8dba20a0d5849dcb24e05863dc0a123 [term 1 FOLLOWER]: Starting leader election with config: opid_index: -1 OBSOLETE_local: false peers { permanent_uuid: "d8dba20a0d5849dcb24e05863dc0a123" member_type: VOTER last_known_addr { host: "127.11.224.2" port: 52355 } } peers { permanent_uuid: "46a1ffbde8cb4162990fb2785a682d2c" member_type: VOTER last_known_addr { host: "127.11.224.1" port: 60895 } } peers { permanent_uuid: "37c64d6d84ba4b82a4befb752c172f5e" member_type: VOTER last_known_addr { host: "127.11.224.3" port: 56700 } }
I0401 16:41:36.790102 13175 leader_election.cc:296] T c7e6874d51284fa4a1cfde0a2ce07e8a P d8dba20a0d5849dcb24e05863dc0a123 [CANDIDATE]: Term 1 election: Requested vote from peers 46a1ffbde8cb4162990fb2785a682d2c (127.11.224.1:60895), 37c64d6d84ba4b82a4befb752c172f5e (127.11.224.3:56700)
I0401 16:41:36.790165 13138 tablet_bootstrap.cc:439] T 313183f8b0704fa58ee6bb03c0325a47 P 46a1ffbde8cb4162990fb2785a682d2c: No bootstrap required, opened a new log
I0401 16:41:36.790236 13139 tablet_bootstrap.cc:439] T 1528709f2f9a40618394fc1ba6bd2922 P d8dba20a0d5849dcb24e05863dc0a123: No bootstrap required, opened a new log
I0401 16:41:36.790464 13139 ts_tablet_manager.cc:1053] T 1528709f2f9a40618394fc1ba6bd2922 P d8dba20a0d5849dcb24e05863dc0a123: Time spent bootstrapping tablet: real 0.036s user 0.004s sys 0.010s
I0401 16:41:36.790693 13092 tablet_service.cc:1276] Received RequestConsensusVote() RPC: tablet_id: "c7e6874d51284fa4a1cfde0a2ce07e8a" candidate_uuid: "d8dba20a0d5849dcb24e05863dc0a123" candidate_term: 1 candidate_status { last_received { term: 0 index: 0 } } ignore_live_leader: false dest_uuid: "37c64d6d84ba4b82a4befb752c172f5e"
I0401 16:41:36.790691 12939 tablet_service.cc:1276] Received RequestConsensusVote() RPC: tablet_id: "c7e6874d51284fa4a1cfde0a2ce07e8a" candidate_uuid: "d8dba20a0d5849dcb24e05863dc0a123" candidate_term: 1 candidate_status { last_received { term: 0 index: 0 } } ignore_live_leader: false dest_uuid: "46a1ffbde8cb4162990fb2785a682d2c"
I0401 16:41:36.791092 13092 raft_consensus.cc:2886] T c7e6874d51284fa4a1cfde0a2ce07e8a P 37c64d6d84ba4b82a4befb752c172f5e [term 0 FOLLOWER]: Advancing to term 1
W0401 16:41:36.791246 12973 leader_election.cc:348] T c7e6874d51284fa4a1cfde0a2ce07e8a P d8dba20a0d5849dcb24e05863dc0a123 [CANDIDATE]: Term 1 election: Tablet error from VoteRequest() call to peer 46a1ffbde8cb4162990fb2785a682d2c (127.11.224.1:60895): Illegal state: must be running to vote when last-logged opid is not known
I0401 16:41:36.792034 13138 ts_tablet_manager.cc:1053] T 313183f8b0704fa58ee6bb03c0325a47 P 46a1ffbde8cb4162990fb2785a682d2c: Time spent bootstrapping tablet: real 0.051s user 0.005s sys 0.008s
I0401 16:41:36.793226 13139 raft_consensus.cc:340] T 1528709f2f9a40618394fc1ba6bd2922 P d8dba20a0d5849dcb24e05863dc0a123 [term 0 FOLLOWER]: Replica starting. Triggering 0 pending transactions. Active config: opid_index: -1 OBSOLETE_local: false peers { permanent_uuid: "46a1ffbde8cb4162990fb2785a682d2c" member_type: VOTER last_known_addr { host: "127.11.224.1" port: 60895 } } peers { permanent_uuid: "d8dba20a0d5849dcb24e05863dc0a123" member_type: VOTER last_known_addr { host: "127.11.224.2" port: 52355 } } peers { permanent_uuid: "37c64d6d84ba4b82a4befb752c172f5e" member_type: VOTER last_known_addr { host: "127.11.224.3" port: 56700 } }
I0401 16:41:36.795215 13139 raft_consensus.cc:366] T 1528709f2f9a40618394fc1ba6bd2922 P d8dba20a0d5849dcb24e05863dc0a123 [term 0 FOLLOWER]: Consensus starting up: Expiring failure detector timer to make a prompt election more likely
I0401 16:41:36.795372 13139 raft_consensus.cc:705] T 1528709f2f9a40618394fc1ba6bd2922 P d8dba20a0d5849dcb24e05863dc0a123 [term 0 FOLLOWER]: Becoming Follower/Learner. State: Replica: d8dba20a0d5849dcb24e05863dc0a123, State: Initialized, Role: FOLLOWER
I0401 16:41:36.795998 13139 consensus_queue.cc:229] T 1528709f2f9a40618394fc1ba6bd2922 P d8dba20a0d5849dcb24e05863dc0a123 [NON_LEADER]: Queue going to NON_LEADER mode. State: All replicated index: 0, Majority replicated index: 0, Committed index: 0, Last appended: 0.0, Last appended by leader: 0, Current term: 0, Majority size: -1, State: 0, Mode: NON_LEADER, active raft config: opid_index: -1 OBSOLETE_local: false peers { permanent_uuid: "46a1ffbde8cb4162990fb2785a682d2c" member_type: VOTER last_known_addr { host: "127.11.224.1" port: 60895 } } peers { permanent_uuid: "d8dba20a0d5849dcb24e05863dc0a123" member_type: VOTER last_known_addr { host: "127.11.224.2" port: 52355 } } peers { permanent_uuid: "37c64d6d84ba4b82a4befb752c172f5e" member_type: VOTER last_known_addr { host: "127.11.224.3" port: 56700 } }
I0401 16:41:36.797137 13092 raft_consensus.cc:2346] T c7e6874d51284fa4a1cfde0a2ce07e8a P 37c64d6d84ba4b82a4befb752c172f5e [term 1 FOLLOWER]: Leader election vote request: Granting yes vote for candidate d8dba20a0d5849dcb24e05863dc0a123 in term 1.
I0401 16:41:36.797665 12975 leader_election.cc:310] T c7e6874d51284fa4a1cfde0a2ce07e8a P d8dba20a0d5849dcb24e05863dc0a123 [CANDIDATE]: Term 1 election: Election decided. Result: candidate won. Election summary: received 3 responses out of 3 voters: 2 yes votes; 1 no votes. yes voters: 37c64d6d84ba4b82a4befb752c172f5e, d8dba20a0d5849dcb24e05863dc0a123; no voters: 46a1ffbde8cb4162990fb2785a682d2c
I0401 16:41:36.798171 13175 raft_consensus.cc:2640] T c7e6874d51284fa4a1cfde0a2ce07e8a P d8dba20a0d5849dcb24e05863dc0a123 [term 1 FOLLOWER]: Leader election won for term 1
I0401 16:41:36.798338 13175 raft_consensus.cc:667] T c7e6874d51284fa4a1cfde0a2ce07e8a P d8dba20a0d5849dcb24e05863dc0a123 [term 1 LEADER]: Becoming Leader. State: Replica: d8dba20a0d5849dcb24e05863dc0a123, State: Running, Role: LEADER
I0401 16:41:36.798671 13175 consensus_queue.cc:206] T c7e6874d51284fa4a1cfde0a2ce07e8a P d8dba20a0d5849dcb24e05863dc0a123 [LEADER]: Queue going to LEADER mode. State: All replicated index: 0, Majority replicated index: 0, Committed index: 0, Last appended: 0.0, Last appended by leader: 0, Current term: 1, Majority size: 2, State: 0, Mode: LEADER, active raft config: opid_index: -1 OBSOLETE_local: false peers { permanent_uuid: "d8dba20a0d5849dcb24e05863dc0a123" member_type: VOTER last_known_addr { host: "127.11.224.2" port: 52355 } } peers { permanent_uuid: "46a1ffbde8cb4162990fb2785a682d2c" member_type: VOTER last_known_addr { host: "127.11.224.1" port: 60895 } } peers { permanent_uuid: "37c64d6d84ba4b82a4befb752c172f5e" member_type: VOTER last_known_addr { host: "127.11.224.3" port: 56700 } }
I0401 16:41:36.799052 13139 ts_tablet_manager.cc:1081] T 1528709f2f9a40618394fc1ba6bd2922 P d8dba20a0d5849dcb24e05863dc0a123: Time spent starting tablet: real 0.008s user 0.002s sys 0.001s
I0401 16:41:36.799383 13139 tablet_bootstrap.cc:439] T 313183f8b0704fa58ee6bb03c0325a47 P d8dba20a0d5849dcb24e05863dc0a123: Bootstrap starting.
I0401 16:41:36.801612 13138 raft_consensus.cc:340] T 313183f8b0704fa58ee6bb03c0325a47 P 46a1ffbde8cb4162990fb2785a682d2c [term 0 FOLLOWER]: Replica starting. Triggering 0 pending transactions. Active config: opid_index: -1 OBSOLETE_local: false peers { permanent_uuid: "46a1ffbde8cb4162990fb2785a682d2c" member_type: VOTER last_known_addr { host: "127.11.224.1" port: 60895 } } peers { permanent_uuid: "d8dba20a0d5849dcb24e05863dc0a123" member_type: VOTER last_known_addr { host: "127.11.224.2" port: 52355 } } peers { permanent_uuid: "37c64d6d84ba4b82a4befb752c172f5e" member_type: VOTER last_known_addr { host: "127.11.224.3" port: 56700 } }
I0401 16:41:36.804484 13138 raft_consensus.cc:366] T 313183f8b0704fa58ee6bb03c0325a47 P 46a1ffbde8cb4162990fb2785a682d2c [term 0 FOLLOWER]: Consensus starting up: Expiring failure detector timer to make a prompt election more likely
I0401 16:41:36.804746 13137 tablet_bootstrap.cc:439] T 5cd867ea58ed4b0f94a00683e468c72f P 37c64d6d84ba4b82a4befb752c172f5e: No bootstrap required, opened a new log
I0401 16:41:36.805057 13138 raft_consensus.cc:705] T 313183f8b0704fa58ee6bb03c0325a47 P 46a1ffbde8cb4162990fb2785a682d2c [term 0 FOLLOWER]: Becoming Follower/Learner. State: Replica: 46a1ffbde8cb4162990fb2785a682d2c, State: Initialized, Role: FOLLOWER
I0401 16:41:36.803165 12796 catalog_manager.cc:3977] T c7e6874d51284fa4a1cfde0a2ce07e8a P d8dba20a0d5849dcb24e05863dc0a123 reported cstate change: term changed from 0 to 1, leader changed from to d8dba20a0d5849dcb24e05863dc0a123 (127.11.224.2). New cstate: current_term: 1 leader_uuid: "d8dba20a0d5849dcb24e05863dc0a123" committed_config { opid_index: -1 OBSOLETE_local: false peers { permanent_uuid: "d8dba20a0d5849dcb24e05863dc0a123" member_type: VOTER last_known_addr { host: "127.11.224.2" port: 52355 } health_report { overall_health: HEALTHY } } peers { permanent_uuid: "46a1ffbde8cb4162990fb2785a682d2c" member_type: VOTER last_known_addr { host: "127.11.224.1" port: 60895 } health_report { overall_health: UNKNOWN } } peers { permanent_uuid: "37c64d6d84ba4b82a4befb752c172f5e" member_type: VOTER last_known_addr { host: "127.11.224.3" port: 56700 } health_report { overall_health: UNKNOWN } } }
I0401 16:41:36.805451 13161 raft_consensus.cc:472] T 4a3ab93d6988404697e9d57ff3b08276 P 46a1ffbde8cb4162990fb2785a682d2c [term 0 FOLLOWER]: Starting pre-election (no leader contacted us within the election timeout)
I0401 16:41:36.805817 13137 ts_tablet_manager.cc:1053] T 5cd867ea58ed4b0f94a00683e468c72f P 37c64d6d84ba4b82a4befb752c172f5e: Time spent bootstrapping tablet: real 0.026s user 0.003s sys 0.003s
I0401 16:41:36.805794 13161 raft_consensus.cc:494] T 4a3ab93d6988404697e9d57ff3b08276 P 46a1ffbde8cb4162990fb2785a682d2c [term 0 FOLLOWER]: Starting pre-election with config: opid_index: -1 OBSOLETE_local: false peers { permanent_uuid: "46a1ffbde8cb4162990fb2785a682d2c" member_type: VOTER last_known_addr { host: "127.11.224.1" port: 60895 } } peers { permanent_uuid: "d8dba20a0d5849dcb24e05863dc0a123" member_type: VOTER last_known_addr { host: "127.11.224.2" port: 52355 } } peers { permanent_uuid: "37c64d6d84ba4b82a4befb752c172f5e" member_type: VOTER last_known_addr { host: "127.11.224.3" port: 56700 } }
I0401 16:41:36.806846 13161 leader_election.cc:296] T 4a3ab93d6988404697e9d57ff3b08276 P 46a1ffbde8cb4162990fb2785a682d2c [CANDIDATE]: Term 1 pre-election: Requested pre-vote from peers d8dba20a0d5849dcb24e05863dc0a123 (127.11.224.2:52355), 37c64d6d84ba4b82a4befb752c172f5e (127.11.224.3:56700)
I0401 16:41:36.807516 13023 tablet_service.cc:1276] Received RequestConsensusVote() RPC: tablet_id: "4a3ab93d6988404697e9d57ff3b08276" candidate_uuid: "46a1ffbde8cb4162990fb2785a682d2c" candidate_term: 1 candidate_status { last_received { term: 0 index: 0 } } ignore_live_leader: false dest_uuid: "d8dba20a0d5849dcb24e05863dc0a123" is_pre_election: true
W0401 16:41:36.808106 12901 leader_election.cc:348] T 4a3ab93d6988404697e9d57ff3b08276 P 46a1ffbde8cb4162990fb2785a682d2c [CANDIDATE]: Term 1 pre-election: Tablet error from VoteRequest() call to peer d8dba20a0d5849dcb24e05863dc0a123 (127.11.224.2:52355): Illegal state: must be running to vote when last-logged opid is not known
I0401 16:41:36.807516 13092 tablet_service.cc:1276] Received RequestConsensusVote() RPC: tablet_id: "4a3ab93d6988404697e9d57ff3b08276" candidate_uuid: "46a1ffbde8cb4162990fb2785a682d2c" candidate_term: 1 candidate_status { last_received { term: 0 index: 0 } } ignore_live_leader: false dest_uuid: "37c64d6d84ba4b82a4befb752c172f5e" is_pre_election: true
I0401 16:41:36.808296 13092 raft_consensus.cc:2346] T 4a3ab93d6988404697e9d57ff3b08276 P 37c64d6d84ba4b82a4befb752c172f5e [term 0 FOLLOWER]: Leader pre-election vote request: Granting yes vote for candidate 46a1ffbde8cb4162990fb2785a682d2c in term 0.
I0401 16:41:36.809741 12904 leader_election.cc:310] T 4a3ab93d6988404697e9d57ff3b08276 P 46a1ffbde8cb4162990fb2785a682d2c [CANDIDATE]: Term 1 pre-election: Election decided. Result: candidate won. Election summary: received 3 responses out of 3 voters: 2 yes votes; 1 no votes. yes voters: 37c64d6d84ba4b82a4befb752c172f5e, 46a1ffbde8cb4162990fb2785a682d2c; no voters: d8dba20a0d5849dcb24e05863dc0a123
I0401 16:41:36.809777 13139 tablet_bootstrap.cc:590] T 313183f8b0704fa58ee6bb03c0325a47 P d8dba20a0d5849dcb24e05863dc0a123: No blocks or log segments found. Creating new log.
I0401 16:41:36.810050 13161 raft_consensus.cc:2640] T 4a3ab93d6988404697e9d57ff3b08276 P 46a1ffbde8cb4162990fb2785a682d2c [term 0 FOLLOWER]: Leader pre-election won for term 1
I0401 16:41:36.810443 13161 raft_consensus.cc:472] T 4a3ab93d6988404697e9d57ff3b08276 P 46a1ffbde8cb4162990fb2785a682d2c [term 0 FOLLOWER]: Starting leader election (no leader contacted us within the election timeout)
I0401 16:41:36.810585 13161 raft_consensus.cc:2886] T 4a3ab93d6988404697e9d57ff3b08276 P 46a1ffbde8cb4162990fb2785a682d2c [term 0 FOLLOWER]: Advancing to term 1
I0401 16:41:36.812711 13137 raft_consensus.cc:340] T 5cd867ea58ed4b0f94a00683e468c72f P 37c64d6d84ba4b82a4befb752c172f5e [term 0 FOLLOWER]: Replica starting. Triggering 0 pending transactions. Active config: opid_index: -1 OBSOLETE_local: false peers { permanent_uuid: "37c64d6d84ba4b82a4befb752c172f5e" member_type: VOTER last_known_addr { host: "127.11.224.3" port: 56700 } } peers { permanent_uuid: "d8dba20a0d5849dcb24e05863dc0a123" member_type: VOTER last_known_addr { host: "127.11.224.2" port: 52355 } } peers { permanent_uuid: "46a1ffbde8cb4162990fb2785a682d2c" member_type: VOTER last_known_addr { host: "127.11.224.1" port: 60895 } }
I0401 16:41:36.815137 13137 raft_consensus.cc:366] T 5cd867ea58ed4b0f94a00683e468c72f P 37c64d6d84ba4b82a4befb752c172f5e [term 0 FOLLOWER]: Consensus starting up: Expiring failure detector timer to make a prompt election more likely
I0401 16:41:36.811790 13138 consensus_queue.cc:229] T 313183f8b0704fa58ee6bb03c0325a47 P 46a1ffbde8cb4162990fb2785a682d2c [NON_LEADER]: Queue going to NON_LEADER mode. State: All replicated index: 0, Majority replicated index: 0, Committed index: 0, Last appended: 0.0, Last appended by leader: 0, Current term: 0, Majority size: -1, State: 0, Mode: NON_LEADER, active raft config: opid_index: -1 OBSOLETE_local: false peers { permanent_uuid: "46a1ffbde8cb4162990fb2785a682d2c" member_type: VOTER last_known_addr { host: "127.11.224.1" port: 60895 } } peers { permanent_uuid: "d8dba20a0d5849dcb24e05863dc0a123" member_type: VOTER last_known_addr { host: "127.11.224.2" port: 52355 } } peers { permanent_uuid: "37c64d6d84ba4b82a4befb752c172f5e" member_type: VOTER last_known_addr { host: "127.11.224.3" port: 56700 } }
I0401 16:41:36.817503 13144 raft_consensus.cc:472] T e7a4b8a6de384b3ead437ec059b2eef5 P 37c64d6d84ba4b82a4befb752c172f5e [term 0 FOLLOWER]: Starting pre-election (no leader contacted us within the election timeout)
I0401 16:41:36.817780 13137 raft_consensus.cc:705] T 5cd867ea58ed4b0f94a00683e468c72f P 37c64d6d84ba4b82a4befb752c172f5e [term 0 FOLLOWER]: Becoming Follower/Learner. State: Replica: 37c64d6d84ba4b82a4befb752c172f5e, State: Initialized, Role: FOLLOWER
I0401 16:41:36.818176 13144 raft_consensus.cc:494] T e7a4b8a6de384b3ead437ec059b2eef5 P 37c64d6d84ba4b82a4befb752c172f5e [term 0 FOLLOWER]: Starting pre-election with config: opid_index: -1 OBSOLETE_local: false peers { permanent_uuid: "46a1ffbde8cb4162990fb2785a682d2c" member_type: VOTER last_known_addr { host: "127.11.224.1" port: 60895 } } peers { permanent_uuid: "d8dba20a0d5849dcb24e05863dc0a123" member_type: VOTER last_known_addr { host: "127.11.224.2" port: 52355 } } peers { permanent_uuid: "37c64d6d84ba4b82a4befb752c172f5e" member_type: VOTER last_known_addr { host: "127.11.224.3" port: 56700 } }
I0401 16:41:36.819358 13144 leader_election.cc:296] T e7a4b8a6de384b3ead437ec059b2eef5 P 37c64d6d84ba4b82a4befb752c172f5e [CANDIDATE]: Term 1 pre-election: Requested pre-vote from peers 46a1ffbde8cb4162990fb2785a682d2c (127.11.224.1:60895), d8dba20a0d5849dcb24e05863dc0a123 (127.11.224.2:52355)
I0401 16:41:36.819869 13023 tablet_service.cc:1276] Received RequestConsensusVote() RPC: tablet_id: "e7a4b8a6de384b3ead437ec059b2eef5" candidate_uuid: "37c64d6d84ba4b82a4befb752c172f5e" candidate_term: 1 candidate_status { last_received { term: 0 index: 0 } } ignore_live_leader: false dest_uuid: "d8dba20a0d5849dcb24e05863dc0a123" is_pre_election: true
I0401 16:41:36.819855 13161 raft_consensus.cc:494] T 4a3ab93d6988404697e9d57ff3b08276 P 46a1ffbde8cb4162990fb2785a682d2c [term 1 FOLLOWER]: Starting leader election with config: opid_index: -1 OBSOLETE_local: false peers { permanent_uuid: "46a1ffbde8cb4162990fb2785a682d2c" member_type: VOTER last_known_addr { host: "127.11.224.1" port: 60895 } } peers { permanent_uuid: "d8dba20a0d5849dcb24e05863dc0a123" member_type: VOTER last_known_addr { host: "127.11.224.2" port: 52355 } } peers { permanent_uuid: "37c64d6d84ba4b82a4befb752c172f5e" member_type: VOTER last_known_addr { host: "127.11.224.3" port: 56700 } }
I0401 16:41:36.820888 13138 ts_tablet_manager.cc:1081] T 313183f8b0704fa58ee6bb03c0325a47 P 46a1ffbde8cb4162990fb2785a682d2c: Time spent starting tablet: real 0.025s user 0.001s sys 0.002s
I0401 16:41:36.821017 13023 raft_consensus.cc:2346] T e7a4b8a6de384b3ead437ec059b2eef5 P d8dba20a0d5849dcb24e05863dc0a123 [term 0 FOLLOWER]: Leader pre-election vote request: Granting yes vote for candidate 37c64d6d84ba4b82a4befb752c172f5e in term 0.
I0401 16:41:36.821328 13161 leader_election.cc:296] T 4a3ab93d6988404697e9d57ff3b08276 P 46a1ffbde8cb4162990fb2785a682d2c [CANDIDATE]: Term 1 election: Requested vote from peers d8dba20a0d5849dcb24e05863dc0a123 (127.11.224.2:52355), 37c64d6d84ba4b82a4befb752c172f5e (127.11.224.3:56700)
I0401 16:41:36.821475 13137 consensus_queue.cc:229] T 5cd867ea58ed4b0f94a00683e468c72f P 37c64d6d84ba4b82a4befb752c172f5e [NON_LEADER]: Queue going to NON_LEADER mode. State: All replicated index: 0, Majority replicated index: 0, Committed index: 0, Last appended: 0.0, Last appended by leader: 0, Current term: 0, Majority size: -1, State: 0, Mode: NON_LEADER, active raft config: opid_index: -1 OBSOLETE_local: false peers { permanent_uuid: "37c64d6d84ba4b82a4befb752c172f5e" member_type: VOTER last_known_addr { host: "127.11.224.3" port: 56700 } } peers { permanent_uuid: "d8dba20a0d5849dcb24e05863dc0a123" member_type: VOTER last_known_addr { host: "127.11.224.2" port: 52355 } } peers { permanent_uuid: "46a1ffbde8cb4162990fb2785a682d2c" member_type: VOTER last_known_addr { host: "127.11.224.1" port: 60895 } }
I0401 16:41:36.821879 12939 tablet_service.cc:1276] Received RequestConsensusVote() RPC: tablet_id: "e7a4b8a6de384b3ead437ec059b2eef5" candidate_uuid: "37c64d6d84ba4b82a4befb752c172f5e" candidate_term: 1 candidate_status { last_received { term: 0 index: 0 } } ignore_live_leader: false dest_uuid: "46a1ffbde8cb4162990fb2785a682d2c" is_pre_election: true
I0401 16:41:36.822226 13055 leader_election.cc:310] T e7a4b8a6de384b3ead437ec059b2eef5 P 37c64d6d84ba4b82a4befb752c172f5e [CANDIDATE]: Term 1 pre-election: Election decided. Result: candidate won. Election summary: received 2 responses out of 3 voters: 2 yes votes; 0 no votes. yes voters: 37c64d6d84ba4b82a4befb752c172f5e, d8dba20a0d5849dcb24e05863dc0a123; no voters:
I0401 16:41:36.823309 13023 tablet_service.cc:1276] Received RequestConsensusVote() RPC: tablet_id: "4a3ab93d6988404697e9d57ff3b08276" candidate_uuid: "46a1ffbde8cb4162990fb2785a682d2c" candidate_term: 1 candidate_status { last_received { term: 0 index: 0 } } ignore_live_leader: false dest_uuid: "d8dba20a0d5849dcb24e05863dc0a123"
I0401 16:41:36.823314 13092 tablet_service.cc:1276] Received RequestConsensusVote() RPC: tablet_id: "4a3ab93d6988404697e9d57ff3b08276" candidate_uuid: "46a1ffbde8cb4162990fb2785a682d2c" candidate_term: 1 candidate_status { last_received { term: 0 index: 0 } } ignore_live_leader: false dest_uuid: "37c64d6d84ba4b82a4befb752c172f5e"
W0401 16:41:36.823314 13056 leader_election.cc:348] T e7a4b8a6de384b3ead437ec059b2eef5 P 37c64d6d84ba4b82a4befb752c172f5e [CANDIDATE]: Term 1 pre-election: Tablet error from VoteRequest() call to peer 46a1ffbde8cb4162990fb2785a682d2c (127.11.224.1:60895): Illegal state: must be running to vote when last-logged opid is not known
I0401 16:41:36.823523 13092 raft_consensus.cc:2886] T 4a3ab93d6988404697e9d57ff3b08276 P 37c64d6d84ba4b82a4befb752c172f5e [term 0 FOLLOWER]: Advancing to term 1
I0401 16:41:36.824414 13137 ts_tablet_manager.cc:1081] T 5cd867ea58ed4b0f94a00683e468c72f P 37c64d6d84ba4b82a4befb752c172f5e: Time spent starting tablet: real 0.017s user 0.003s sys 0.000s
I0401 16:41:36.824863 13144 raft_consensus.cc:2640] T e7a4b8a6de384b3ead437ec059b2eef5 P 37c64d6d84ba4b82a4befb752c172f5e [term 0 FOLLOWER]: Leader pre-election won for term 1
W0401 16:41:36.825387 12901 leader_election.cc:348] T 4a3ab93d6988404697e9d57ff3b08276 P 46a1ffbde8cb4162990fb2785a682d2c [CANDIDATE]: Term 1 election: Tablet error from VoteRequest() call to peer d8dba20a0d5849dcb24e05863dc0a123 (127.11.224.2:52355): Illegal state: must be running to vote when last-logged opid is not known
I0401 16:41:36.826200 13144 raft_consensus.cc:472] T e7a4b8a6de384b3ead437ec059b2eef5 P 37c64d6d84ba4b82a4befb752c172f5e [term 0 FOLLOWER]: Starting leader election (no leader contacted us within the election timeout)
I0401 16:41:36.826591 13144 raft_consensus.cc:2886] T e7a4b8a6de384b3ead437ec059b2eef5 P 37c64d6d84ba4b82a4befb752c172f5e [term 0 FOLLOWER]: Advancing to term 1
I0401 16:41:36.827893 13138 tablet_bootstrap.cc:439] T c7e6874d51284fa4a1cfde0a2ce07e8a P 46a1ffbde8cb4162990fb2785a682d2c: Bootstrap starting.
I0401 16:41:36.830739 13138 tablet_bootstrap.cc:590] T c7e6874d51284fa4a1cfde0a2ce07e8a P 46a1ffbde8cb4162990fb2785a682d2c: No blocks or log segments found. Creating new log.
I0401 16:41:36.832660 13092 raft_consensus.cc:2346] T 4a3ab93d6988404697e9d57ff3b08276 P 37c64d6d84ba4b82a4befb752c172f5e [term 1 FOLLOWER]: Leader election vote request: Granting yes vote for candidate 46a1ffbde8cb4162990fb2785a682d2c in term 1.
I0401 16:41:36.833114 12904 leader_election.cc:310] T 4a3ab93d6988404697e9d57ff3b08276 P 46a1ffbde8cb4162990fb2785a682d2c [CANDIDATE]: Term 1 election: Election decided. Result: candidate won. Election summary: received 3 responses out of 3 voters: 2 yes votes; 1 no votes. yes voters: 37c64d6d84ba4b82a4befb752c172f5e, 46a1ffbde8cb4162990fb2785a682d2c; no voters: d8dba20a0d5849dcb24e05863dc0a123
I0401 16:41:36.833843 13161 raft_consensus.cc:2640] T 4a3ab93d6988404697e9d57ff3b08276 P 46a1ffbde8cb4162990fb2785a682d2c [term 1 FOLLOWER]: Leader election won for term 1
I0401 16:41:36.834105 13161 raft_consensus.cc:667] T 4a3ab93d6988404697e9d57ff3b08276 P 46a1ffbde8cb4162990fb2785a682d2c [term 1 LEADER]: Becoming Leader. State: Replica: 46a1ffbde8cb4162990fb2785a682d2c, State: Running, Role: LEADER
I0401 16:41:36.834617 13161 consensus_queue.cc:206] T 4a3ab93d6988404697e9d57ff3b08276 P 46a1ffbde8cb4162990fb2785a682d2c [LEADER]: Queue going to LEADER mode. State: All replicated index: 0, Majority replicated index: 0, Committed index: 0, Last appended: 0.0, Last appended by leader: 0, Current term: 1, Majority size: 2, State: 0, Mode: LEADER, active raft config: opid_index: -1 OBSOLETE_local: false peers { permanent_uuid: "46a1ffbde8cb4162990fb2785a682d2c" member_type: VOTER last_known_addr { host: "127.11.224.1" port: 60895 } } peers { permanent_uuid: "d8dba20a0d5849dcb24e05863dc0a123" member_type: VOTER last_known_addr { host: "127.11.224.2" port: 52355 } } peers { permanent_uuid: "37c64d6d84ba4b82a4befb752c172f5e" member_type: VOTER last_known_addr { host: "127.11.224.3" port: 56700 } }
I0401 16:41:36.834125 13144 raft_consensus.cc:494] T e7a4b8a6de384b3ead437ec059b2eef5 P 37c64d6d84ba4b82a4befb752c172f5e [term 1 FOLLOWER]: Starting leader election with config: opid_index: -1 OBSOLETE_local: false peers { permanent_uuid: "46a1ffbde8cb4162990fb2785a682d2c" member_type: VOTER last_known_addr { host: "127.11.224.1" port: 60895 } } peers { permanent_uuid: "d8dba20a0d5849dcb24e05863dc0a123" member_type: VOTER last_known_addr { host: "127.11.224.2" port: 52355 } } peers { permanent_uuid: "37c64d6d84ba4b82a4befb752c172f5e" member_type: VOTER last_known_addr { host: "127.11.224.3" port: 56700 } }
I0401 16:41:36.835965 12939 tablet_service.cc:1276] Received RequestConsensusVote() RPC: tablet_id: "e7a4b8a6de384b3ead437ec059b2eef5" candidate_uuid: "37c64d6d84ba4b82a4befb752c172f5e" candidate_term: 1 candidate_status { last_received { term: 0 index: 0 } } ignore_live_leader: false dest_uuid: "46a1ffbde8cb4162990fb2785a682d2c"
I0401 16:41:36.836644 13144 leader_election.cc:296] T e7a4b8a6de384b3ead437ec059b2eef5 P 37c64d6d84ba4b82a4befb752c172f5e [CANDIDATE]: Term 1 election: Requested vote from peers 46a1ffbde8cb4162990fb2785a682d2c (127.11.224.1:60895), d8dba20a0d5849dcb24e05863dc0a123 (127.11.224.2:52355)
W0401 16:41:36.836649 13056 leader_election.cc:348] T e7a4b8a6de384b3ead437ec059b2eef5 P 37c64d6d84ba4b82a4befb752c172f5e [CANDIDATE]: Term 1 election: Tablet error from VoteRequest() call to peer 46a1ffbde8cb4162990fb2785a682d2c (127.11.224.1:60895): Illegal state: must be running to vote when last-logged opid is not known
I0401 16:41:36.837095 13023 tablet_service.cc:1276] Received RequestConsensusVote() RPC: tablet_id: "e7a4b8a6de384b3ead437ec059b2eef5" candidate_uuid: "37c64d6d84ba4b82a4befb752c172f5e" candidate_term: 1 candidate_status { last_received { term: 0 index: 0 } } ignore_live_leader: false dest_uuid: "d8dba20a0d5849dcb24e05863dc0a123"
I0401 16:41:36.837246 13023 raft_consensus.cc:2886] T e7a4b8a6de384b3ead437ec059b2eef5 P d8dba20a0d5849dcb24e05863dc0a123 [term 0 FOLLOWER]: Advancing to term 1
I0401 16:41:36.837579 13138 tablet_bootstrap.cc:439] T c7e6874d51284fa4a1cfde0a2ce07e8a P 46a1ffbde8cb4162990fb2785a682d2c: No bootstrap required, opened a new log
I0401 16:41:36.837759 13138 ts_tablet_manager.cc:1053] T c7e6874d51284fa4a1cfde0a2ce07e8a P 46a1ffbde8cb4162990fb2785a682d2c: Time spent bootstrapping tablet: real 0.015s user 0.001s sys 0.005s
I0401 16:41:36.839130 13138 raft_consensus.cc:340] T c7e6874d51284fa4a1cfde0a2ce07e8a P 46a1ffbde8cb4162990fb2785a682d2c [term 0 FOLLOWER]: Replica starting. Triggering 0 pending transactions. Active config: opid_index: -1 OBSOLETE_local: false peers { permanent_uuid: "d8dba20a0d5849dcb24e05863dc0a123" member_type: VOTER last_known_addr { host: "127.11.224.2" port: 52355 } } peers { permanent_uuid: "46a1ffbde8cb4162990fb2785a682d2c" member_type: VOTER last_known_addr { host: "127.11.224.1" port: 60895 } } peers { permanent_uuid: "37c64d6d84ba4b82a4befb752c172f5e" member_type: VOTER last_known_addr { host: "127.11.224.3" port: 56700 } }
I0401 16:41:36.839774 13139 tablet_bootstrap.cc:439] T 313183f8b0704fa58ee6bb03c0325a47 P d8dba20a0d5849dcb24e05863dc0a123: No bootstrap required, opened a new log
I0401 16:41:36.840154 13138 raft_consensus.cc:366] T c7e6874d51284fa4a1cfde0a2ce07e8a P 46a1ffbde8cb4162990fb2785a682d2c [term 0 FOLLOWER]: Consensus starting up: Expiring failure detector timer to make a prompt election more likely
I0401 16:41:36.840855 13138 raft_consensus.cc:705] T c7e6874d51284fa4a1cfde0a2ce07e8a P 46a1ffbde8cb4162990fb2785a682d2c [term 0 FOLLOWER]: Becoming Follower/Learner. State: Replica: 46a1ffbde8cb4162990fb2785a682d2c, State: Initialized, Role: FOLLOWER
I0401 16:41:36.838431 12796 catalog_manager.cc:3977] T 4a3ab93d6988404697e9d57ff3b08276 P 46a1ffbde8cb4162990fb2785a682d2c reported cstate change: term changed from 0 to 1, leader changed from to 46a1ffbde8cb4162990fb2785a682d2c (127.11.224.1). New cstate: current_term: 1 leader_uuid: "46a1ffbde8cb4162990fb2785a682d2c" committed_config { opid_index: -1 OBSOLETE_local: false peers { permanent_uuid: "46a1ffbde8cb4162990fb2785a682d2c" member_type: VOTER last_known_addr { host: "127.11.224.1" port: 60895 } health_report { overall_health: HEALTHY } } peers { permanent_uuid: "d8dba20a0d5849dcb24e05863dc0a123" member_type: VOTER last_known_addr { host: "127.11.224.2" port: 52355 } health_report { overall_health: UNKNOWN } } peers { permanent_uuid: "37c64d6d84ba4b82a4befb752c172f5e" member_type: VOTER last_known_addr { host: "127.11.224.3" port: 56700 } health_report { overall_health: UNKNOWN } } }
I0401 16:41:36.842525 13138 consensus_queue.cc:229] T c7e6874d51284fa4a1cfde0a2ce07e8a P 46a1ffbde8cb4162990fb2785a682d2c [NON_LEADER]: Queue going to NON_LEADER mode. State: All replicated index: 0, Majority replicated index: 0, Committed index: 0, Last appended: 0.0, Last appended by leader: 0, Current term: 0, Majority size: -1, State: 0, Mode: NON_LEADER, active raft config: opid_index: -1 OBSOLETE_local: false peers { permanent_uuid: "d8dba20a0d5849dcb24e05863dc0a123" member_type: VOTER last_known_addr { host: "127.11.224.2" port: 52355 } } peers { permanent_uuid: "46a1ffbde8cb4162990fb2785a682d2c" member_type: VOTER last_known_addr { host: "127.11.224.1" port: 60895 } } peers { permanent_uuid: "37c64d6d84ba4b82a4befb752c172f5e" member_type: VOTER last_known_addr { host: "127.11.224.3" port: 56700 } }
I0401 16:41:36.844616 13138 ts_tablet_manager.cc:1081] T c7e6874d51284fa4a1cfde0a2ce07e8a P 46a1ffbde8cb4162990fb2785a682d2c: Time spent starting tablet: real 0.006s user 0.002s sys 0.001s
I0401 16:41:36.845978 13139 ts_tablet_manager.cc:1053] T 313183f8b0704fa58ee6bb03c0325a47 P d8dba20a0d5849dcb24e05863dc0a123: Time spent bootstrapping tablet: real 0.041s user 0.004s sys 0.005s
I0401 16:41:36.845822 13023 raft_consensus.cc:2346] T e7a4b8a6de384b3ead437ec059b2eef5 P d8dba20a0d5849dcb24e05863dc0a123 [term 1 FOLLOWER]: Leader election vote request: Granting yes vote for candidate 37c64d6d84ba4b82a4befb752c172f5e in term 1.
I0401 16:41:36.846976 13138 tablet_bootstrap.cc:439] T e7a4b8a6de384b3ead437ec059b2eef5 P 46a1ffbde8cb4162990fb2785a682d2c: Bootstrap starting.
I0401 16:41:36.846868 13055 leader_election.cc:310] T e7a4b8a6de384b3ead437ec059b2eef5 P 37c64d6d84ba4b82a4befb752c172f5e [CANDIDATE]: Term 1 election: Election decided. Result: candidate won. Election summary: received 3 responses out of 3 voters: 2 yes votes; 1 no votes. yes voters: 37c64d6d84ba4b82a4befb752c172f5e, d8dba20a0d5849dcb24e05863dc0a123; no voters: 46a1ffbde8cb4162990fb2785a682d2c
I0401 16:41:36.847666 13144 raft_consensus.cc:2640] T e7a4b8a6de384b3ead437ec059b2eef5 P 37c64d6d84ba4b82a4befb752c172f5e [term 1 FOLLOWER]: Leader election won for term 1
I0401 16:41:36.848961 13144 raft_consensus.cc:667] T e7a4b8a6de384b3ead437ec059b2eef5 P 37c64d6d84ba4b82a4befb752c172f5e [term 1 LEADER]: Becoming Leader. State: Replica: 37c64d6d84ba4b82a4befb752c172f5e, State: Running, Role: LEADER
I0401 16:41:36.850450 13144 consensus_queue.cc:206] T e7a4b8a6de384b3ead437ec059b2eef5 P 37c64d6d84ba4b82a4befb752c172f5e [LEADER]: Queue going to LEADER mode. State: All replicated index: 0, Majority replicated index: 0, Committed index: 0, Last appended: 0.0, Last appended by leader: 0, Current term: 1, Majority size: 2, State: 0, Mode: LEADER, active raft config: opid_index: -1 OBSOLETE_local: false peers { permanent_uuid: "46a1ffbde8cb4162990fb2785a682d2c" member_type: VOTER last_known_addr { host: "127.11.224.1" port: 60895 } } peers { permanent_uuid: "d8dba20a0d5849dcb24e05863dc0a123" member_type: VOTER last_known_addr { host: "127.11.224.2" port: 52355 } } peers { permanent_uuid: "37c64d6d84ba4b82a4befb752c172f5e" member_type: VOTER last_known_addr { host: "127.11.224.3" port: 56700 } }
I0401 16:41:36.852530 13138 tablet_bootstrap.cc:590] T e7a4b8a6de384b3ead437ec059b2eef5 P 46a1ffbde8cb4162990fb2785a682d2c: No blocks or log segments found. Creating new log.
I0401 16:41:36.852234 13139 raft_consensus.cc:340] T 313183f8b0704fa58ee6bb03c0325a47 P d8dba20a0d5849dcb24e05863dc0a123 [term 0 FOLLOWER]: Replica starting. Triggering 0 pending transactions. Active config: opid_index: -1 OBSOLETE_local: false peers { permanent_uuid: "46a1ffbde8cb4162990fb2785a682d2c" member_type: VOTER last_known_addr { host: "127.11.224.1" port: 60895 } } peers { permanent_uuid: "d8dba20a0d5849dcb24e05863dc0a123" member_type: VOTER last_known_addr { host: "127.11.224.2" port: 52355 } } peers { permanent_uuid: "37c64d6d84ba4b82a4befb752c172f5e" member_type: VOTER last_known_addr { host: "127.11.224.3" port: 56700 } }
I0401 16:41:36.853798 13139 raft_consensus.cc:366] T 313183f8b0704fa58ee6bb03c0325a47 P d8dba20a0d5849dcb24e05863dc0a123 [term 0 FOLLOWER]: Consensus starting up: Expiring failure detector timer to make a prompt election more likely
I0401 16:41:36.854858 13139 raft_consensus.cc:705] T 313183f8b0704fa58ee6bb03c0325a47 P d8dba20a0d5849dcb24e05863dc0a123 [term 0 FOLLOWER]: Becoming Follower/Learner. State: Replica: d8dba20a0d5849dcb24e05863dc0a123, State: Initialized, Role: FOLLOWER
