[==========] Running 11 tests from 1 test case. [----------] Global test environment set-up. [----------] 11 tests from RemoteKsckTest [ RUN ] RemoteKsckTest.TestClusterOk WARNING: Logging before InitGoogleLogging() is written to STDERR
I0401 16:41:32.397868 12160 test_util.cc:212] Using random seed: -1888430870
I0401 16:41:32.401453 12160 internal_mini_cluster.cc:146] Creating distributed mini masters. Addrs: 127.11.224.62:58248,127.11.224.61:51035,127.11.224.60:60032
I0401 16:41:32.411993 12160 system_ntp.cc:199] NTP initialized. Skew: 500ppm Current error: 836431us
I0401 16:41:32.412670 12160 fs_manager.cc:263] Metadata directory not provided
I0401 16:41:32.412729 12160 fs_manager.cc:269] Using write-ahead log directory (fs_wal_dir) as metadata directory
I0401 16:41:32.413005 12160 server_base.cc:433] Could not load existing FS layout: Not found: could not find a healthy instance file
I0401 16:41:32.413089 12160 server_base.cc:434] Attempting to create new FS layout instead
I0401 16:41:32.417237 12160 fs_manager.cc:602] Generated new instance metadata in path /data/somelongdirectorytoavoidrpathissues/src/kudutest/ksck_remote-test.0.RemoteKsckTest.TestClusterOk.1554162092376624-12160/minicluster-data/master-0-root/instance: uuid: "6c091e7d3a92407c899173d47c5e9f2d" format_stamp: "Formatted at 2019-04-01 23:41:32 on quasar-eitwqx-1.vpc.cloudera.com"
I0401 16:41:32.428709 12160 fs_manager.cc:503] Time spent creating directory manager: real 0.011s user 0.005s sys 0.004s
I0401 16:41:32.430126 12160 env_posix.cc:1676] Not raising this process' open files per process limit of 32768; it is already as high as it can go
I0401 16:41:32.430780 12160 file_cache.cc:466] Constructed file cache lbm with capacity 13107
I0401 16:41:32.434818 12160 fs_manager.cc:419] Time spent opening block manager: real 0.002s user 0.001s sys 0.001s
I0401 16:41:32.434887 12160 fs_manager.cc:436] Opened local filesystem: /data/somelongdirectorytoavoidrpathissues/src/kudutest/ksck_remote-test.0.RemoteKsckTest.TestClusterOk.1554162092376624-12160/minicluster-data/master-0-root uuid: "6c091e7d3a92407c899173d47c5e9f2d" format_stamp: "Formatted at 2019-04-01 23:41:32 on quasar-eitwqx-1.vpc.cloudera.com"
I0401 16:41:32.435024 12160 fs_report.cc:352] FS layout report -------------------- wal directory: /data/somelongdirectorytoavoidrpathissues/src/kudutest/ksck_remote-test.0.RemoteKsckTest.TestClusterOk.1554162092376624-12160/minicluster-data/master-0-root metadata directory: /data/somelongdirectorytoavoidrpathissues/src/kudutest/ksck_remote-test.0.RemoteKsckTest.TestClusterOk.1554162092376624-12160/minicluster-data/master-0-root 1 data directories: /data/somelongdirectorytoavoidrpathissues/src/kudutest/ksck_remote-test.0.RemoteKsckTest.TestClusterOk.1554162092376624-12160/minicluster-data/master-0-root/data Total live blocks: 0 Total live bytes: 0 Total live bytes (after alignment): 0 Total number of LBM containers: 0 (0 full) Did not check for missing blocks Did not check for orphaned blocks Total full LBM containers with extra space: 0 (0 repaired) Total full LBM container extra space in bytes: 0 (0 repaired) Total incomplete LBM containers: 0 (0 repaired) Total LBM partial records: 0 (0 repaired)
I0401 16:41:32.483273 12160 env_posix.cc:1671] Raising this process' running threads per effective uid limit from 32768 to 65536
I0401 16:41:32.523545 12160 rpc_server.cc:205] RPC server started. Bound to: 127.11.224.62:58248
I0401 16:41:32.525099 12160 webserver.cc:308] Webserver started at http://127.11.224.62:51522/ using document root and password file
I0401 16:41:32.529189 12219 data_dirs.cc:938] Could only allocate 1 dirs of requested 3 for tablet 00000000000000000000000000000000. 1 dirs total, 0 dirs full, 0 dirs failed
I0401 16:41:32.529991 12160 system_ntp.cc:199] NTP initialized. Skew: 500ppm Current error: 836431us
I0401 16:41:32.530194 12160 fs_manager.cc:263] Metadata directory not provided
I0401 16:41:32.530315 12160 fs_manager.cc:269] Using write-ahead log directory (fs_wal_dir) as metadata directory
I0401 16:41:32.530454 12160 server_base.cc:433] Could not load existing FS layout: Not found: could not find a healthy instance file
I0401 16:41:32.530532 12160 server_base.cc:434] Attempting to create new FS layout instead
I0401 16:41:32.531252 12160 fs_manager.cc:602] Generated new instance metadata in path /data/somelongdirectorytoavoidrpathissues/src/kudutest/ksck_remote-test.0.RemoteKsckTest.TestClusterOk.1554162092376624-12160/minicluster-data/master-1-root/instance: uuid: "a8bb772d23844fb38e2f7ac70789393c" format_stamp: "Formatted at 2019-04-01 23:41:32 on quasar-eitwqx-1.vpc.cloudera.com"
I0401 16:41:32.537164 12160 fs_manager.cc:503] Time spent creating directory manager: real 0.006s user 0.003s sys 0.001s
I0401 16:41:32.539193 12160 file_cache.cc:466] Constructed file cache lbm with capacity 13107
I0401 16:41:32.542663 12160 fs_manager.cc:419] Time spent opening block manager: real 0.002s user 0.000s sys 0.001s
I0401 16:41:32.542769 12160 fs_manager.cc:436] Opened local filesystem: /data/somelongdirectorytoavoidrpathissues/src/kudutest/ksck_remote-test.0.RemoteKsckTest.TestClusterOk.1554162092376624-12160/minicluster-data/master-1-root uuid: "a8bb772d23844fb38e2f7ac70789393c" format_stamp: "Formatted at 2019-04-01 23:41:32 on quasar-eitwqx-1.vpc.cloudera.com"
I0401 16:41:32.543232 12160 fs_report.cc:352] FS layout report -------------------- wal directory: /data/somelongdirectorytoavoidrpathissues/src/kudutest/ksck_remote-test.0.RemoteKsckTest.TestClusterOk.1554162092376624-12160/minicluster-data/master-1-root metadata directory: /data/somelongdirectorytoavoidrpathissues/src/kudutest/ksck_remote-test.0.RemoteKsckTest.TestClusterOk.1554162092376624-12160/minicluster-data/master-1-root 1 data directories: /data/somelongdirectorytoavoidrpathissues/src/kudutest/ksck_remote-test.0.RemoteKsckTest.TestClusterOk.1554162092376624-12160/minicluster-data/master-1-root/data Total live blocks: 0 Total live bytes: 0 Total live bytes (after alignment): 0 Total number of LBM containers: 0 (0 full) Did not check for missing blocks Did not check for orphaned blocks Total full LBM containers with extra space: 0 (0 repaired) Total full LBM container extra space in bytes: 0 (0 repaired) Total incomplete LBM containers: 0 (0 repaired) Total LBM partial records: 0 (0 repaired)
I0401 16:41:32.546526 12219 sys_catalog.cc:304] member_type: VOTER last_known_addr { host: "127.11.224.62" port: 58248 } has no permanent_uuid. Determining permanent_uuid...
I0401 16:41:32.577932 12219 sys_catalog.cc:304] member_type: VOTER last_known_addr { host: "127.11.224.61" port: 51035 } has no permanent_uuid. Determining permanent_uuid...
W0401 16:41:32.578920 12219 consensus_peers.cc:599] Error getting permanent uuid from config peer 127.11.224.61:51035: Network error: Client connection negotiation failed: client connection to 127.11.224.61:51035: connect: Connection refused (error 111)
I0401 16:41:32.605269 12219 consensus_peers.cc:609] Retrying to get permanent uuid for remote peer: member_type: VOTER last_known_addr { host: "127.11.224.61" port: 51035 } attempt: 1
W0401 16:41:32.606313 12219 consensus_peers.cc:599] Error getting permanent uuid from config peer 127.11.224.61:51035: Network error: Client connection negotiation failed: client connection to 127.11.224.61:51035: connect: Connection refused (error 111)
I0401 16:41:32.651266 12160 rpc_server.cc:205] RPC server started. Bound to: 127.11.224.61:51035
I0401 16:41:32.652695 12160 webserver.cc:308] Webserver started at http://127.11.224.61:38458/ using document root and password file
I0401 16:41:32.655120 12276 data_dirs.cc:938] Could only allocate 1 dirs of requested 3 for tablet 00000000000000000000000000000000. 1 dirs total, 0 dirs full, 0 dirs failed
I0401 16:41:32.657541 12276 sys_catalog.cc:304] member_type: VOTER last_known_addr { host: "127.11.224.62" port: 58248 } has no permanent_uuid. Determining permanent_uuid...
I0401 16:41:32.657671 12160 system_ntp.cc:199] NTP initialized. Skew: 500ppm Current error: 836431us
I0401 16:41:32.657882 12160 fs_manager.cc:263] Metadata directory not provided
I0401 16:41:32.657979 12160 fs_manager.cc:269] Using write-ahead log directory (fs_wal_dir) as metadata directory
I0401 16:41:32.658224 12160 server_base.cc:433] Could not load existing FS layout: Not found: could not find a healthy instance file
I0401 16:41:32.658316 12160 server_base.cc:434] Attempting to create new FS layout instead
I0401 16:41:32.659263 12160 fs_manager.cc:602] Generated new instance metadata in path /data/somelongdirectorytoavoidrpathissues/src/kudutest/ksck_remote-test.0.RemoteKsckTest.TestClusterOk.1554162092376624-12160/minicluster-data/master-2-root/instance: uuid: "997fe12c9d23427eaf9f8c2e6a18eb89" format_stamp: "Formatted at 2019-04-01 23:41:32 on quasar-eitwqx-1.vpc.cloudera.com"
I0401 16:41:32.666667 12160 fs_manager.cc:503] Time spent creating directory manager: real 0.007s user 0.003s sys 0.002s
I0401 16:41:32.667599 12276 sys_catalog.cc:304] member_type: VOTER last_known_addr { host: "127.11.224.61" port: 51035 } has no permanent_uuid. Determining permanent_uuid...
I0401 16:41:32.668292 12160 file_cache.cc:466] Constructed file cache lbm with capacity 13107
I0401 16:41:32.671826 12160 fs_manager.cc:419] Time spent opening block manager: real 0.001s user 0.000s sys 0.001s
I0401 16:41:32.671929 12160 fs_manager.cc:436] Opened local filesystem: /data/somelongdirectorytoavoidrpathissues/src/kudutest/ksck_remote-test.0.RemoteKsckTest.TestClusterOk.1554162092376624-12160/minicluster-data/master-2-root uuid: "997fe12c9d23427eaf9f8c2e6a18eb89" format_stamp: "Formatted at 2019-04-01 23:41:32 on quasar-eitwqx-1.vpc.cloudera.com"
I0401 16:41:32.672049 12160 fs_report.cc:352] FS layout report -------------------- wal directory: /data/somelongdirectorytoavoidrpathissues/src/kudutest/ksck_remote-test.0.RemoteKsckTest.TestClusterOk.1554162092376624-12160/minicluster-data/master-2-root metadata directory: /data/somelongdirectorytoavoidrpathissues/src/kudutest/ksck_remote-test.0.RemoteKsckTest.TestClusterOk.1554162092376624-12160/minicluster-data/master-2-root 1 data directories: /data/somelongdirectorytoavoidrpathissues/src/kudutest/ksck_remote-test.0.RemoteKsckTest.TestClusterOk.1554162092376624-12160/minicluster-data/master-2-root/data Total live blocks: 0 Total live bytes: 0 Total live bytes (after alignment): 0 Total number of LBM containers: 0 (0 full) Did not check for missing blocks Did not check for orphaned blocks Total full LBM containers with extra space: 0 (0 repaired) Total full LBM container extra space in bytes: 0 (0 repaired) Total incomplete LBM containers: 0 (0 repaired) Total LBM partial records: 0 (0 repaired)
I0401 16:41:32.678584 12276 sys_catalog.cc:304] member_type: VOTER last_known_addr { host: "127.11.224.60" port: 60032 } has no permanent_uuid. Determining permanent_uuid...
W0401 16:41:32.679548 12276 consensus_peers.cc:599] Error getting permanent uuid from config peer 127.11.224.60:60032: Network error: Client connection negotiation failed: client connection to 127.11.224.60:60032: connect: Connection refused (error 111)
I0401 16:41:32.686533 12219 consensus_peers.cc:609] Retrying to get permanent uuid for remote peer: member_type: VOTER last_known_addr { host: "127.11.224.61" port: 51035 } attempt: 2
I0401 16:41:32.691119 12219 sys_catalog.cc:304] member_type: VOTER last_known_addr { host: "127.11.224.60" port: 60032 } has no permanent_uuid. Determining permanent_uuid...
W0401 16:41:32.691906 12219 consensus_peers.cc:599] Error getting permanent uuid from config peer 127.11.224.60:60032: Network error: Client connection negotiation failed: client connection to 127.11.224.60:60032: connect: Connection refused (error 111)
I0401 16:41:32.703793 12276 consensus_peers.cc:609] Retrying to get permanent uuid for remote peer: member_type: VOTER last_known_addr { host: "127.11.224.60" port: 60032 } attempt: 1
W0401 16:41:32.704805 12276 consensus_peers.cc:599] Error getting permanent uuid from config peer 127.11.224.60:60032: Network error: Client connection negotiation failed: client connection to 127.11.224.60:60032: connect: Connection refused (error 111)
I0401 16:41:32.739395 12160 rpc_server.cc:205] RPC server started. Bound to: 127.11.224.60:60032
I0401 16:41:32.740178 12160 webserver.cc:308] Webserver started at http://127.11.224.60:33416/ using document root and password file
I0401 16:41:32.741647 12160 internal_mini_cluster.cc:166] Waiting to initialize catalog manager on master 0
I0401 16:41:32.742364 12333 data_dirs.cc:938] Could only allocate 1 dirs of requested 3 for tablet 00000000000000000000000000000000. 1 dirs total, 0 dirs full, 0 dirs failed
I0401 16:41:32.744473 12333 sys_catalog.cc:304] member_type: VOTER last_known_addr { host: "127.11.224.62" port: 58248 } has no permanent_uuid. Determining permanent_uuid...
I0401 16:41:32.750080 12333 sys_catalog.cc:304] member_type: VOTER last_known_addr { host: "127.11.224.61" port: 51035 } has no permanent_uuid. Determining permanent_uuid...
I0401 16:41:32.750993 12276 consensus_peers.cc:609] Retrying to get permanent uuid for remote peer: member_type: VOTER last_known_addr { host: "127.11.224.60" port: 60032 } attempt: 2
I0401 16:41:32.756906 12333 sys_catalog.cc:304] member_type: VOTER last_known_addr { host: "127.11.224.60" port: 60032 } has no permanent_uuid. Determining permanent_uuid...
I0401 16:41:32.757177 12219 consensus_peers.cc:609] Retrying to get permanent uuid for remote peer: member_type: VOTER last_known_addr { host: "127.11.224.60" port: 60032 } attempt: 1
I0401 16:41:32.765700 12276 tablet_bootstrap.cc:439] T 00000000000000000000000000000000 P a8bb772d23844fb38e2f7ac70789393c: Bootstrap starting.
I0401 16:41:32.768558 12333 tablet_bootstrap.cc:439] T 00000000000000000000000000000000 P 997fe12c9d23427eaf9f8c2e6a18eb89: Bootstrap starting.
I0401 16:41:32.770015 12219 tablet_bootstrap.cc:439] T 00000000000000000000000000000000 P 6c091e7d3a92407c899173d47c5e9f2d: Bootstrap starting.
I0401 16:41:32.771221 12333 tablet_bootstrap.cc:590] T 00000000000000000000000000000000 P 997fe12c9d23427eaf9f8c2e6a18eb89: No blocks or log segments found. Creating new log.
I0401 16:41:32.771229 12276 tablet_bootstrap.cc:590] T 00000000000000000000000000000000 P a8bb772d23844fb38e2f7ac70789393c: No blocks or log segments found. Creating new log.
I0401 16:41:32.772047 12219 tablet_bootstrap.cc:590] T 00000000000000000000000000000000 P 6c091e7d3a92407c899173d47c5e9f2d: No blocks or log segments found. Creating new log.
I0401 16:41:32.773489 12219 log.cc:525] T 00000000000000000000000000000000 P 6c091e7d3a92407c899173d47c5e9f2d: Log is configured to *not* fsync() on all Append() calls
I0401 16:41:32.778753 12276 tablet_bootstrap.cc:439] T 00000000000000000000000000000000 P a8bb772d23844fb38e2f7ac70789393c: No bootstrap required, opened a new log
I0401 16:41:32.778753 12333 tablet_bootstrap.cc:439] T 00000000000000000000000000000000 P 997fe12c9d23427eaf9f8c2e6a18eb89: No bootstrap required, opened a new log
I0401 16:41:32.778923 12219 tablet_bootstrap.cc:439] T 00000000000000000000000000000000 P 6c091e7d3a92407c899173d47c5e9f2d: No bootstrap required, opened a new log
I0401 16:41:32.790997 12219 raft_consensus.cc:340] T 00000000000000000000000000000000 P 6c091e7d3a92407c899173d47c5e9f2d [term 0 FOLLOWER]: Replica starting. Triggering 0 pending transactions. Active config: opid_index: -1 OBSOLETE_local: false peers { permanent_uuid: "6c091e7d3a92407c899173d47c5e9f2d" member_type: VOTER last_known_addr { host: "127.11.224.62" port: 58248 } } peers { permanent_uuid: "a8bb772d23844fb38e2f7ac70789393c" member_type: VOTER last_known_addr { host: "127.11.224.61" port: 51035 } } peers { permanent_uuid: "997fe12c9d23427eaf9f8c2e6a18eb89" member_type: VOTER last_known_addr { host: "127.11.224.60" port: 60032 } }
I0401 16:41:32.791093 12276 raft_consensus.cc:340] T 00000000000000000000000000000000 P a8bb772d23844fb38e2f7ac70789393c [term 0 FOLLOWER]: Replica starting. Triggering 0 pending transactions. Active config: opid_index: -1 OBSOLETE_local: false peers { permanent_uuid: "6c091e7d3a92407c899173d47c5e9f2d" member_type: VOTER last_known_addr { host: "127.11.224.62" port: 58248 } } peers { permanent_uuid: "a8bb772d23844fb38e2f7ac70789393c" member_type: VOTER last_known_addr { host: "127.11.224.61" port: 51035 } } peers { permanent_uuid: "997fe12c9d23427eaf9f8c2e6a18eb89" member_type: VOTER last_known_addr { host: "127.11.224.60" port: 60032 } }
I0401 16:41:32.791474 12276 raft_consensus.cc:366] T 00000000000000000000000000000000 P a8bb772d23844fb38e2f7ac70789393c [term 0 FOLLOWER]: Consensus starting up: Expiring failure detector timer to make a prompt election more likely
I0401 16:41:32.791471 12219 raft_consensus.cc:366] T 00000000000000000000000000000000 P 6c091e7d3a92407c899173d47c5e9f2d [term 0 FOLLOWER]: Consensus starting up: Expiring failure detector timer to make a prompt election more likely
I0401 16:41:32.791093 12333 raft_consensus.cc:340] T 00000000000000000000000000000000 P 997fe12c9d23427eaf9f8c2e6a18eb89 [term 0 FOLLOWER]: Replica starting. Triggering 0 pending transactions. Active config: opid_index: -1 OBSOLETE_local: false peers { permanent_uuid: "6c091e7d3a92407c899173d47c5e9f2d" member_type: VOTER last_known_addr { host: "127.11.224.62" port: 58248 } } peers { permanent_uuid: "a8bb772d23844fb38e2f7ac70789393c" member_type: VOTER last_known_addr { host: "127.11.224.61" port: 51035 } } peers { permanent_uuid: "997fe12c9d23427eaf9f8c2e6a18eb89" member_type: VOTER last_known_addr { host: "127.11.224.60" port: 60032 } }
I0401 16:41:32.791723 12219 raft_consensus.cc:705] T 00000000000000000000000000000000 P 6c091e7d3a92407c899173d47c5e9f2d [term 0 FOLLOWER]: Becoming Follower/Learner. State: Replica: 6c091e7d3a92407c899173d47c5e9f2d, State: Initialized, Role: FOLLOWER
I0401 16:41:32.791775 12333 raft_consensus.cc:366] T 00000000000000000000000000000000 P 997fe12c9d23427eaf9f8c2e6a18eb89 [term 0 FOLLOWER]: Consensus starting up: Expiring failure detector timer to make a prompt election more likely
I0401 16:41:32.791775 12276 raft_consensus.cc:705] T 00000000000000000000000000000000 P a8bb772d23844fb38e2f7ac70789393c [term 0 FOLLOWER]: Becoming Follower/Learner. State: Replica: a8bb772d23844fb38e2f7ac70789393c, State: Initialized, Role: FOLLOWER
I0401 16:41:32.791916 12333 raft_consensus.cc:705] T 00000000000000000000000000000000 P 997fe12c9d23427eaf9f8c2e6a18eb89 [term 0 FOLLOWER]: Becoming Follower/Learner. State: Replica: 997fe12c9d23427eaf9f8c2e6a18eb89, State: Initialized, Role: FOLLOWER
I0401 16:41:32.792726 12333 consensus_queue.cc:229] T 00000000000000000000000000000000 P 997fe12c9d23427eaf9f8c2e6a18eb89 [NON_LEADER]: Queue going to NON_LEADER mode. State: All replicated index: 0, Majority replicated index: 0, Committed index: 0, Last appended: 0.0, Last appended by leader: 0, Current term: 0, Majority size: -1, State: 0, Mode: NON_LEADER, active raft config: opid_index: -1 OBSOLETE_local: false peers { permanent_uuid: "6c091e7d3a92407c899173d47c5e9f2d" member_type: VOTER last_known_addr { host: "127.11.224.62" port: 58248 } } peers { permanent_uuid: "a8bb772d23844fb38e2f7ac70789393c" member_type: VOTER last_known_addr { host: "127.11.224.61" port: 51035 } } peers { permanent_uuid: "997fe12c9d23427eaf9f8c2e6a18eb89" member_type: VOTER last_known_addr { host: "127.11.224.60" port: 60032 } }
I0401 16:41:32.792726 12219 consensus_queue.cc:229] T 00000000000000000000000000000000 P 6c091e7d3a92407c899173d47c5e9f2d [NON_LEADER]: Queue going to NON_LEADER mode. State: All replicated index: 0, Majority replicated index: 0, Committed index: 0, Last appended: 0.0, Last appended by leader: 0, Current term: 0, Majority size: -1, State: 0, Mode: NON_LEADER, active raft config: opid_index: -1 OBSOLETE_local: false peers { permanent_uuid: "6c091e7d3a92407c899173d47c5e9f2d" member_type: VOTER last_known_addr { host: "127.11.224.62" port: 58248 } } peers { permanent_uuid: "a8bb772d23844fb38e2f7ac70789393c" member_type: VOTER last_known_addr { host: "127.11.224.61" port: 51035 } } peers { permanent_uuid: "997fe12c9d23427eaf9f8c2e6a18eb89" member_type: VOTER last_known_addr { host: "127.11.224.60" port: 60032 } }
I0401 16:41:32.792732 12276 consensus_queue.cc:229] T 00000000000000000000000000000000 P a8bb772d23844fb38e2f7ac70789393c [NON_LEADER]: Queue going to NON_LEADER mode. State: All replicated index: 0, Majority replicated index: 0, Committed index: 0, Last appended: 0.0, Last appended by leader: 0, Current term: 0, Majority size: -1, State: 0, Mode: NON_LEADER, active raft config: opid_index: -1 OBSOLETE_local: false peers { permanent_uuid: "6c091e7d3a92407c899173d47c5e9f2d" member_type: VOTER last_known_addr { host: "127.11.224.62" port: 58248 } } peers { permanent_uuid: "a8bb772d23844fb38e2f7ac70789393c" member_type: VOTER last_known_addr { host: "127.11.224.61" port: 51035 } } peers { permanent_uuid: "997fe12c9d23427eaf9f8c2e6a18eb89" member_type: VOTER last_known_addr { host: "127.11.224.60" port: 60032 } }
I0401 16:41:32.795965 12219 sys_catalog.cc:337] T 00000000000000000000000000000000 P 6c091e7d3a92407c899173d47c5e9f2d [sys.catalog]: SysCatalogTable state changed. Reason: Started TabletReplica. Latest consensus state: current_term: 0 committed_config { opid_index: -1 OBSOLETE_local: false peers { permanent_uuid: "6c091e7d3a92407c899173d47c5e9f2d" member_type: VOTER last_known_addr { host: "127.11.224.62" port: 58248 } } peers { permanent_uuid: "a8bb772d23844fb38e2f7ac70789393c" member_type: VOTER last_known_addr { host: "127.11.224.61" port: 51035 } } peers { permanent_uuid: "997fe12c9d23427eaf9f8c2e6a18eb89" member_type: VOTER last_known_addr { host: "127.11.224.60" port: 60032 } } }
I0401 16:41:32.795962 12276 sys_catalog.cc:337] T 00000000000000000000000000000000 P a8bb772d23844fb38e2f7ac70789393c [sys.catalog]: SysCatalogTable state changed. Reason: Started TabletReplica. Latest consensus state: current_term: 0 committed_config { opid_index: -1 OBSOLETE_local: false peers { permanent_uuid: "6c091e7d3a92407c899173d47c5e9f2d" member_type: VOTER last_known_addr { host: "127.11.224.62" port: 58248 } } peers { permanent_uuid: "a8bb772d23844fb38e2f7ac70789393c" member_type: VOTER last_known_addr { host: "127.11.224.61" port: 51035 } } peers { permanent_uuid: "997fe12c9d23427eaf9f8c2e6a18eb89" member_type: VOTER last_known_addr { host: "127.11.224.60" port: 60032 } } }
I0401 16:41:32.796324 12219 sys_catalog.cc:340] T 00000000000000000000000000000000 P 6c091e7d3a92407c899173d47c5e9f2d [sys.catalog]: This master's current role is: FOLLOWER
I0401 16:41:32.797667 12276 sys_catalog.cc:340] T 00000000000000000000000000000000 P a8bb772d23844fb38e2f7ac70789393c [sys.catalog]: This master's current role is: FOLLOWER
I0401 16:41:32.797668 12333 sys_catalog.cc:337] T 00000000000000000000000000000000 P 997fe12c9d23427eaf9f8c2e6a18eb89 [sys.catalog]: SysCatalogTable state changed. Reason: Started TabletReplica. Latest consensus state: current_term: 0 committed_config { opid_index: -1 OBSOLETE_local: false peers { permanent_uuid: "6c091e7d3a92407c899173d47c5e9f2d" member_type: VOTER last_known_addr { host: "127.11.224.62" port: 58248 } } peers { permanent_uuid: "a8bb772d23844fb38e2f7ac70789393c" member_type: VOTER last_known_addr { host: "127.11.224.61" port: 51035 } } peers { permanent_uuid: "997fe12c9d23427eaf9f8c2e6a18eb89" member_type: VOTER last_known_addr { host: "127.11.224.60" port: 60032 } } }
I0401 16:41:32.797286 12341 sys_catalog.cc:337] T 00000000000000000000000000000000 P a8bb772d23844fb38e2f7ac70789393c [sys.catalog]: SysCatalogTable state changed. Reason: RaftConsensus started. Latest consensus state: current_term: 0 committed_config { opid_index: -1 OBSOLETE_local: false peers { permanent_uuid: "6c091e7d3a92407c899173d47c5e9f2d" member_type: VOTER last_known_addr { host: "127.11.224.62" port: 58248 } } peers { permanent_uuid: "a8bb772d23844fb38e2f7ac70789393c" member_type: VOTER last_known_addr { host: "127.11.224.61" port: 51035 } } peers { permanent_uuid: "997fe12c9d23427eaf9f8c2e6a18eb89" member_type: VOTER last_known_addr { host: "127.11.224.60" port: 60032 } } }
I0401 16:41:32.799226 12333 sys_catalog.cc:340] T 00000000000000000000000000000000 P 997fe12c9d23427eaf9f8c2e6a18eb89 [sys.catalog]: This master's current role is: FOLLOWER
I0401 16:41:32.799392 12341 sys_catalog.cc:340] T 00000000000000000000000000000000 P a8bb772d23844fb38e2f7ac70789393c [sys.catalog]: This master's current role is: FOLLOWER
I0401 16:41:32.799392 12340 sys_catalog.cc:337] T 00000000000000000000000000000000 P 997fe12c9d23427eaf9f8c2e6a18eb89 [sys.catalog]: SysCatalogTable state changed. Reason: RaftConsensus started. Latest consensus state: current_term: 0 committed_config { opid_index: -1 OBSOLETE_local: false peers { permanent_uuid: "6c091e7d3a92407c899173d47c5e9f2d" member_type: VOTER last_known_addr { host: "127.11.224.62" port: 58248 } } peers { permanent_uuid: "a8bb772d23844fb38e2f7ac70789393c" member_type: VOTER last_known_addr { host: "127.11.224.61" port: 51035 } } peers { permanent_uuid: "997fe12c9d23427eaf9f8c2e6a18eb89" member_type: VOTER last_known_addr { host: "127.11.224.60" port: 60032 } } }
I0401 16:41:32.801192 12340 sys_catalog.cc:340] T 00000000000000000000000000000000 P 997fe12c9d23427eaf9f8c2e6a18eb89 [sys.catalog]: This master's current role is: FOLLOWER
I0401 16:41:32.801476 12276 sys_catalog.cc:424] T 00000000000000000000000000000000 P a8bb772d23844fb38e2f7ac70789393c [sys.catalog]: configured and running, proceeding with master startup.
I0401 16:41:32.801367 12333 sys_catalog.cc:424] T 00000000000000000000000000000000 P 997fe12c9d23427eaf9f8c2e6a18eb89 [sys.catalog]: configured and running, proceeding with master startup.
I0401 16:41:32.798441 12342 sys_catalog.cc:337] T 00000000000000000000000000000000 P 6c091e7d3a92407c899173d47c5e9f2d [sys.catalog]: SysCatalogTable state changed. Reason: RaftConsensus started. Latest consensus state: current_term: 0 committed_config { opid_index: -1 OBSOLETE_local: false peers { permanent_uuid: "6c091e7d3a92407c899173d47c5e9f2d" member_type: VOTER last_known_addr { host: "127.11.224.62" port: 58248 } } peers { permanent_uuid: "a8bb772d23844fb38e2f7ac70789393c" member_type: VOTER last_known_addr { host: "127.11.224.61" port: 51035 } } peers { permanent_uuid: "997fe12c9d23427eaf9f8c2e6a18eb89" member_type: VOTER last_known_addr { host: "127.11.224.60" port: 60032 } } }
I0401 16:41:32.801775 12219 sys_catalog.cc:424] T 00000000000000000000000000000000 P 6c091e7d3a92407c899173d47c5e9f2d [sys.catalog]: configured and running, proceeding with master startup.
I0401 16:41:32.802816 12342 sys_catalog.cc:340] T 00000000000000000000000000000000 P 6c091e7d3a92407c899173d47c5e9f2d [sys.catalog]: This master's current role is: FOLLOWER
I0401 16:41:32.801916 12340 raft_consensus.cc:472] T 00000000000000000000000000000000 P 997fe12c9d23427eaf9f8c2e6a18eb89 [term 0 FOLLOWER]: Starting pre-election (no leader contacted us within the election timeout)
I0401 16:41:32.803874 12340 raft_consensus.cc:494] T 00000000000000000000000000000000 P 997fe12c9d23427eaf9f8c2e6a18eb89 [term 0 FOLLOWER]: Starting pre-election with config: opid_index: -1 OBSOLETE_local: false peers { permanent_uuid: "6c091e7d3a92407c899173d47c5e9f2d" member_type: VOTER last_known_addr { host: "127.11.224.62" port: 58248 } } peers { permanent_uuid: "a8bb772d23844fb38e2f7ac70789393c" member_type: VOTER last_known_addr { host: "127.11.224.61" port: 51035 } } peers { permanent_uuid: "997fe12c9d23427eaf9f8c2e6a18eb89" member_type: VOTER last_known_addr { host: "127.11.224.60" port: 60032 } }
I0401 16:41:32.808346 12160 internal_mini_cluster.cc:166] Waiting to initialize catalog manager on master 1
I0401 16:41:32.808406 12253 tablet_service.cc:1276] Received RequestConsensusVote() RPC: tablet_id: "00000000000000000000000000000000" candidate_uuid: "997fe12c9d23427eaf9f8c2e6a18eb89" candidate_term: 1 candidate_status { last_received { term: 0 index: 0 } } ignore_live_leader: false dest_uuid: "a8bb772d23844fb38e2f7ac70789393c" is_pre_election: true
I0401 16:41:32.807639 12340 leader_election.cc:296] T 00000000000000000000000000000000 P 997fe12c9d23427eaf9f8c2e6a18eb89 [CANDIDATE]: Term 1 pre-election: Requested pre-vote from peers 6c091e7d3a92407c899173d47c5e9f2d (127.11.224.62:58248), a8bb772d23844fb38e2f7ac70789393c (127.11.224.61:51035)
I0401 16:41:32.808676 12196 tablet_service.cc:1276] Received RequestConsensusVote() RPC: tablet_id: "00000000000000000000000000000000" candidate_uuid: "997fe12c9d23427eaf9f8c2e6a18eb89" candidate_term: 1 candidate_status { last_received { term: 0 index: 0 } } ignore_live_leader: false dest_uuid: "6c091e7d3a92407c899173d47c5e9f2d" is_pre_election: true
I0401 16:41:32.810595 12160 internal_mini_cluster.cc:166] Waiting to initialize catalog manager on master 2
I0401 16:41:32.810593 12253 raft_consensus.cc:2346] T 00000000000000000000000000000000 P a8bb772d23844fb38e2f7ac70789393c [term 0 FOLLOWER]: Leader pre-election vote request: Granting yes vote for candidate 997fe12c9d23427eaf9f8c2e6a18eb89 in term 0.
I0401 16:41:32.810597 12196 raft_consensus.cc:2346] T 00000000000000000000000000000000 P 6c091e7d3a92407c899173d47c5e9f2d [term 0 FOLLOWER]: Leader pre-election vote request: Granting yes vote for candidate 997fe12c9d23427eaf9f8c2e6a18eb89 in term 0.
I0401 16:41:32.811607 12282 leader_election.cc:310] T 00000000000000000000000000000000 P 997fe12c9d23427eaf9f8c2e6a18eb89 [CANDIDATE]: Term 1 pre-election: Election decided. Result: candidate won. Election summary: received 2 responses out of 3 voters: 2 yes votes; 0 no votes. yes voters: 997fe12c9d23427eaf9f8c2e6a18eb89, a8bb772d23844fb38e2f7ac70789393c; no voters:
I0401 16:41:32.813022 12340 raft_consensus.cc:2640] T 00000000000000000000000000000000 P 997fe12c9d23427eaf9f8c2e6a18eb89 [term 0 FOLLOWER]: Leader pre-election won for term 1
I0401 16:41:32.813292 12340 raft_consensus.cc:472] T 00000000000000000000000000000000 P 997fe12c9d23427eaf9f8c2e6a18eb89 [term 0 FOLLOWER]: Starting leader election (no leader contacted us within the election timeout)
I0401 16:41:32.813729 12340 raft_consensus.cc:2886] T 00000000000000000000000000000000 P 997fe12c9d23427eaf9f8c2e6a18eb89 [term 0 FOLLOWER]: Advancing to term 1
W0401 16:41:32.825052 12345 catalog_manager.cc:1113] T 00000000000000000000000000000000 P 6c091e7d3a92407c899173d47c5e9f2d: acquiring CA information for follower catalog manager: Not found: root CA entry not found
W0401 16:41:32.825053 12344 catalog_manager.cc:1113] T 00000000000000000000000000000000 P 997fe12c9d23427eaf9f8c2e6a18eb89: acquiring CA information for follower catalog manager: Not found: root CA entry not found
W0401 16:41:32.825211 12345 catalog_manager.cc:594] Not found: root CA entry not found: failed to prepare follower catalog manager, will retry
W0401 16:41:32.825335 12346 catalog_manager.cc:1113] T 00000000000000000000000000000000 P a8bb772d23844fb38e2f7ac70789393c: acquiring CA information for follower catalog manager: Not found: root CA entry not found
W0401 16:41:32.825359 12344 catalog_manager.cc:594] Not found: root CA entry not found: failed to prepare follower catalog manager, will retry
W0401 16:41:32.825522 12346 catalog_manager.cc:594] Not found: root CA entry not found: failed to prepare follower catalog manager, will retry
I0401 16:41:32.826146 12160 system_ntp.cc:199] NTP initialized. Skew: 500ppm Current error: 836431us
I0401 16:41:32.826967 12160 fs_manager.cc:263] Metadata directory not provided
I0401 16:41:32.827065 12160 fs_manager.cc:269] Using write-ahead log directory (fs_wal_dir) as metadata directory
I0401 16:41:32.827276 12160 server_base.cc:433] Could not load existing FS layout: Not found: could not find a healthy instance file
I0401 16:41:32.828330 12160 server_base.cc:434] Attempting to create new FS layout instead
I0401 16:41:32.829139 12340 raft_consensus.cc:494] T 00000000000000000000000000000000 P 997fe12c9d23427eaf9f8c2e6a18eb89 [term 1 FOLLOWER]: Starting leader election with config: opid_index: -1 OBSOLETE_local: false peers { permanent_uuid: "6c091e7d3a92407c899173d47c5e9f2d" member_type: VOTER last_known_addr { host: "127.11.224.62" port: 58248 } } peers { permanent_uuid: "a8bb772d23844fb38e2f7ac70789393c" member_type: VOTER last_known_addr { host: "127.11.224.61" port: 51035 } } peers { permanent_uuid: "997fe12c9d23427eaf9f8c2e6a18eb89" member_type: VOTER last_known_addr { host: "127.11.224.60" port: 60032 } }
I0401 16:41:32.829725 12160 fs_manager.cc:602] Generated new instance metadata in path /data/somelongdirectorytoavoidrpathissues/src/kudutest/ksck_remote-test.0.RemoteKsckTest.TestClusterOk.1554162092376624-12160/minicluster-data/ts-0-root/instance: uuid: "e6c51e0f80484ea1b328f8ba01762295" format_stamp: "Formatted at 2019-04-01 23:41:32 on quasar-eitwqx-1.vpc.cloudera.com"
I0401 16:41:32.830703 12340 leader_election.cc:296] T 00000000000000000000000000000000 P 997fe12c9d23427eaf9f8c2e6a18eb89 [CANDIDATE]: Term 1 election: Requested vote from peers 6c091e7d3a92407c899173d47c5e9f2d (127.11.224.62:58248), a8bb772d23844fb38e2f7ac70789393c (127.11.224.61:51035)
I0401 16:41:32.831687 12253 tablet_service.cc:1276] Received RequestConsensusVote() RPC: tablet_id: "00000000000000000000000000000000" candidate_uuid: "997fe12c9d23427eaf9f8c2e6a18eb89" candidate_term: 1 candidate_status { last_received { term: 0 index: 0 } } ignore_live_leader: false dest_uuid: "a8bb772d23844fb38e2f7ac70789393c"
I0401 16:41:32.831692 12196 tablet_service.cc:1276] Received RequestConsensusVote() RPC: tablet_id: "00000000000000000000000000000000" candidate_uuid: "997fe12c9d23427eaf9f8c2e6a18eb89" candidate_term: 1 candidate_status { last_received { term: 0 index: 0 } } ignore_live_leader: false dest_uuid: "6c091e7d3a92407c899173d47c5e9f2d"
I0401 16:41:32.831938 12253 raft_consensus.cc:2886] T 00000000000000000000000000000000 P a8bb772d23844fb38e2f7ac70789393c [term 0 FOLLOWER]: Advancing to term 1
I0401 16:41:32.831944 12196 raft_consensus.cc:2886] T 00000000000000000000000000000000 P 6c091e7d3a92407c899173d47c5e9f2d [term 0 FOLLOWER]: Advancing to term 1
I0401 16:41:32.837529 12196 raft_consensus.cc:2346] T 00000000000000000000000000000000 P 6c091e7d3a92407c899173d47c5e9f2d [term 1 FOLLOWER]: Leader election vote request: Granting yes vote for candidate 997fe12c9d23427eaf9f8c2e6a18eb89 in term 1.
I0401 16:41:32.837529 12253 raft_consensus.cc:2346] T 00000000000000000000000000000000 P a8bb772d23844fb38e2f7ac70789393c [term 1 FOLLOWER]: Leader election vote request: Granting yes vote for candidate 997fe12c9d23427eaf9f8c2e6a18eb89 in term 1.
I0401 16:41:32.838256 12281 leader_election.cc:310] T 00000000000000000000000000000000 P 997fe12c9d23427eaf9f8c2e6a18eb89 [CANDIDATE]: Term 1 election: Election decided. Result: candidate won. Election summary: received 2 responses out of 3 voters: 2 yes votes; 0 no votes. yes voters: 6c091e7d3a92407c899173d47c5e9f2d, 997fe12c9d23427eaf9f8c2e6a18eb89; no voters:
I0401 16:41:32.839481 12340 raft_consensus.cc:2640] T 00000000000000000000000000000000 P 997fe12c9d23427eaf9f8c2e6a18eb89 [term 1 FOLLOWER]: Leader election won for term 1
I0401 16:41:32.839738 12340 raft_consensus.cc:667] T 00000000000000000000000000000000 P 997fe12c9d23427eaf9f8c2e6a18eb89 [term 1 LEADER]: Becoming Leader. State: Replica: 997fe12c9d23427eaf9f8c2e6a18eb89, State: Running, Role: LEADER
I0401 16:41:32.840591 12340 consensus_queue.cc:206] T 00000000000000000000000000000000 P 997fe12c9d23427eaf9f8c2e6a18eb89 [LEADER]: Queue going to LEADER mode. State: All replicated index: 0, Majority replicated index: 0, Committed index: 0, Last appended: 0.0, Last appended by leader: 0, Current term: 1, Majority size: 2, State: 0, Mode: LEADER, active raft config: opid_index: -1 OBSOLETE_local: false peers { permanent_uuid: "6c091e7d3a92407c899173d47c5e9f2d" member_type: VOTER last_known_addr { host: "127.11.224.62" port: 58248 } } peers { permanent_uuid: "a8bb772d23844fb38e2f7ac70789393c" member_type: VOTER last_known_addr { host: "127.11.224.61" port: 51035 } } peers { permanent_uuid: "997fe12c9d23427eaf9f8c2e6a18eb89" member_type: VOTER last_known_addr { host: "127.11.224.60" port: 60032 } }
I0401 16:41:32.840934 12160 fs_manager.cc:503] Time spent creating directory manager: real 0.010s user 0.004s sys 0.004s
I0401 16:41:32.844319 12160 file_cache.cc:466] Constructed file cache lbm with capacity 13107
I0401 16:41:32.845268 12343 sys_catalog.cc:337] T 00000000000000000000000000000000 P 997fe12c9d23427eaf9f8c2e6a18eb89 [sys.catalog]: SysCatalogTable state changed. Reason: New leader 997fe12c9d23427eaf9f8c2e6a18eb89. Latest consensus state: current_term: 1 leader_uuid: "997fe12c9d23427eaf9f8c2e6a18eb89" committed_config { opid_index: -1 OBSOLETE_local: false peers { permanent_uuid: "6c091e7d3a92407c899173d47c5e9f2d" member_type: VOTER last_known_addr { host: "127.11.224.62" port: 58248 } } peers { permanent_uuid: "a8bb772d23844fb38e2f7ac70789393c" member_type: VOTER last_known_addr { host: "127.11.224.61" port: 51035 } } peers { permanent_uuid: "997fe12c9d23427eaf9f8c2e6a18eb89" member_type: VOTER last_known_addr { host: "127.11.224.60" port: 60032 } } }
I0401 16:41:32.846385 12343 sys_catalog.cc:340] T 00000000000000000000000000000000 P 997fe12c9d23427eaf9f8c2e6a18eb89 [sys.catalog]: This master's current role is: LEADER
I0401 16:41:32.855224 12350 catalog_manager.cc:1055] Loading table and tablet metadata into memory...
I0401 16:41:32.855836 12160 fs_manager.cc:419] Time spent opening block manager: real 0.008s user 0.000s sys 0.002s
I0401 16:41:32.856070 12160 fs_manager.cc:436] Opened local filesystem: /data/somelongdirectorytoavoidrpathissues/src/kudutest/ksck_remote-test.0.RemoteKsckTest.TestClusterOk.1554162092376624-12160/minicluster-data/ts-0-root uuid: "e6c51e0f80484ea1b328f8ba01762295" format_stamp: "Formatted at 2019-04-01 23:41:32 on quasar-eitwqx-1.vpc.cloudera.com"
I0401 16:41:32.856245 12160 fs_report.cc:352] FS layout report -------------------- wal directory: /data/somelongdirectorytoavoidrpathissues/src/kudutest/ksck_remote-test.0.RemoteKsckTest.TestClusterOk.1554162092376624-12160/minicluster-data/ts-0-root metadata directory: /data/somelongdirectorytoavoidrpathissues/src/kudutest/ksck_remote-test.0.RemoteKsckTest.TestClusterOk.1554162092376624-12160/minicluster-data/ts-0-root 1 data directories: /data/somelongdirectorytoavoidrpathissues/src/kudutest/ksck_remote-test.0.RemoteKsckTest.TestClusterOk.1554162092376624-12160/minicluster-data/ts-0-root/data Total live blocks: 0 Total live bytes: 0 Total live bytes (after alignment): 0 Total number of LBM containers: 0 (0 full) Did not check for missing blocks Did not check for orphaned blocks Total full LBM containers with extra space: 0 (0 repaired) Total full LBM container extra space in bytes: 0 (0 repaired) Total incomplete LBM containers: 0 (0 repaired) Total LBM partial records: 0 (0 repaired)
I0401 16:41:32.864323 12350 catalog_manager.cc:1066] Initializing Kudu internal certificate authority...
W0401 16:41:32.864431 12232 tablet.cc:1786] T 00000000000000000000000000000000 P a8bb772d23844fb38e2f7ac70789393c: Can't schedule compaction. Clean time has not been advanced past its initial value.
I0401 16:41:32.886984 12160 ts_tablet_manager.cc:356] Loaded tablet metadata (0 total tablets, 0 live tablets)
I0401 16:41:32.887100 12160 ts_tablet_manager.cc:376] Registered 0 tablets
I0401 16:41:32.938194 12196 raft_consensus.cc:1181] T 00000000000000000000000000000000 P 6c091e7d3a92407c899173d47c5e9f2d [term 1 FOLLOWER]: Refusing update from remote peer 997fe12c9d23427eaf9f8c2e6a18eb89: Log matching property violated. Preceding OpId in replica: term: 0 index: 0. Preceding OpId from leader: term: 1 index: 2. (index mismatch)
I0401 16:41:32.938194 12253 raft_consensus.cc:1181] T 00000000000000000000000000000000 P a8bb772d23844fb38e2f7ac70789393c [term 1 FOLLOWER]: Refusing update from remote peer 997fe12c9d23427eaf9f8c2e6a18eb89: Log matching property violated. Preceding OpId in replica: term: 0 index: 0. Preceding OpId from leader: term: 1 index: 2. (index mismatch)
I0401 16:41:32.939638 12343 consensus_queue.cc:984] T 00000000000000000000000000000000 P 997fe12c9d23427eaf9f8c2e6a18eb89 [LEADER]: Connected to new peer: Peer: permanent_uuid: "a8bb772d23844fb38e2f7ac70789393c" member_type: VOTER last_known_addr { host: "127.11.224.61" port: 51035 }, Status: LMP_MISMATCH, Last received: 0.0, Next index: 1, Last known committed idx: 0, Time since last communication: 0.000s
I0401 16:41:32.941179 12340 consensus_queue.cc:984] T 00000000000000000000000000000000 P 997fe12c9d23427eaf9f8c2e6a18eb89 [LEADER]: Connected to new peer: Peer: permanent_uuid: "6c091e7d3a92407c899173d47c5e9f2d" member_type: VOTER last_known_addr { host: "127.11.224.62" port: 58248 }, Status: LMP_MISMATCH, Last received: 0.0, Next index: 1, Last known committed idx: 0, Time since last communication: 0.001s
I0401 16:41:32.975188 12342 sys_catalog.cc:337] T 00000000000000000000000000000000 P 6c091e7d3a92407c899173d47c5e9f2d [sys.catalog]: SysCatalogTable state changed. Reason: New leader 997fe12c9d23427eaf9f8c2e6a18eb89. Latest consensus state: current_term: 1 leader_uuid: "997fe12c9d23427eaf9f8c2e6a18eb89" committed_config { opid_index: -1 OBSOLETE_local: false peers { permanent_uuid: "6c091e7d3a92407c899173d47c5e9f2d" member_type: VOTER last_known_addr { host: "127.11.224.62" port: 58248 } } peers { permanent_uuid: "a8bb772d23844fb38e2f7ac70789393c" member_type: VOTER last_known_addr { host: "127.11.224.61" port: 51035 } } peers { permanent_uuid: "997fe12c9d23427eaf9f8c2e6a18eb89" member_type: VOTER last_known_addr { host: "127.11.224.60" port: 60032 } } }
I0401 16:41:32.975188 12341 sys_catalog.cc:337] T 00000000000000000000000000000000 P a8bb772d23844fb38e2f7ac70789393c [sys.catalog]: SysCatalogTable state changed. Reason: New leader 997fe12c9d23427eaf9f8c2e6a18eb89. Latest consensus state: current_term: 1 leader_uuid: "997fe12c9d23427eaf9f8c2e6a18eb89" committed_config { opid_index: -1 OBSOLETE_local: false peers { permanent_uuid: "6c091e7d3a92407c899173d47c5e9f2d" member_type: VOTER last_known_addr { host: "127.11.224.62" port: 58248 } } peers { permanent_uuid: "a8bb772d23844fb38e2f7ac70789393c" member_type: VOTER last_known_addr { host: "127.11.224.61" port: 51035 } } peers { permanent_uuid: "997fe12c9d23427eaf9f8c2e6a18eb89" member_type: VOTER last_known_addr { host: "127.11.224.60" port: 60032 } } }
I0401 16:41:32.975791 12342 sys_catalog.cc:340] T 00000000000000000000000000000000 P 6c091e7d3a92407c899173d47c5e9f2d [sys.catalog]: This master's current role is: FOLLOWER
I0401 16:41:32.975879 12341 sys_catalog.cc:340] T 00000000000000000000000000000000 P a8bb772d23844fb38e2f7ac70789393c [sys.catalog]: This master's current role is: FOLLOWER
I0401 16:41:32.981566 12374 mvcc.cc:203] Tried to move safe_time back from 6365847932655820800 to 6365847932279459840. Current Snapshot: MvccSnapshot[committed={T|T < 6365847932655820800}]
I0401 16:41:32.983523 12343 sys_catalog.cc:337] T 00000000000000000000000000000000 P 997fe12c9d23427eaf9f8c2e6a18eb89 [sys.catalog]: SysCatalogTable state changed. Reason: Peer health change. Latest consensus state: current_term: 1 leader_uuid: "997fe12c9d23427eaf9f8c2e6a18eb89" committed_config { opid_index: -1 OBSOLETE_local: false peers { permanent_uuid: "6c091e7d3a92407c899173d47c5e9f2d" member_type: VOTER last_known_addr { host: "127.11.224.62" port: 58248 } } peers { permanent_uuid: "a8bb772d23844fb38e2f7ac70789393c" member_type: VOTER last_known_addr { host: "127.11.224.61" port: 51035 } } peers { permanent_uuid: "997fe12c9d23427eaf9f8c2e6a18eb89" member_type: VOTER last_known_addr { host: "127.11.224.60" port: 60032 } } }
I0401 16:41:32.984148 12343 sys_catalog.cc:340] T 00000000000000000000000000000000 P 997fe12c9d23427eaf9f8c2e6a18eb89 [sys.catalog]: This master's current role is: LEADER
I0401 16:41:32.988680 12350 catalog_manager.cc:950] Generated new certificate authority record
I0401 16:41:32.992496 12342 sys_catalog.cc:337] T 00000000000000000000000000000000 P 6c091e7d3a92407c899173d47c5e9f2d [sys.catalog]: SysCatalogTable state changed. Reason: Replicated consensus-only round. Latest consensus state: current_term: 1 leader_uuid: "997fe12c9d23427eaf9f8c2e6a18eb89" committed_config { opid_index: -1 OBSOLETE_local: false peers { permanent_uuid: "6c091e7d3a92407c899173d47c5e9f2d" member_type: VOTER last_known_addr { host: "127.11.224.62" port: 58248 } } peers { permanent_uuid: "a8bb772d23844fb38e2f7ac70789393c" member_type: VOTER last_known_addr { host: "127.11.224.61" port: 51035 } } peers { permanent_uuid: "997fe12c9d23427eaf9f8c2e6a18eb89" member_type: VOTER last_known_addr { host: "127.11.224.60" port: 60032 } } }
I0401 16:41:32.991922 12343 sys_catalog.cc:337] T 00000000000000000000000000000000 P 997fe12c9d23427eaf9f8c2e6a18eb89 [sys.catalog]: SysCatalogTable state changed. Reason: Peer health change. Latest consensus state: current_term: 1 leader_uuid: "997fe12c9d23427eaf9f8c2e6a18eb89" committed_config { opid_index: -1 OBSOLETE_local: false peers { permanent_uuid: "6c091e7d3a92407c899173d47c5e9f2d" member_type: VOTER last_known_addr { host: "127.11.224.62" port: 58248 } } peers { permanent_uuid: "a8bb772d23844fb38e2f7ac70789393c" member_type: VOTER last_known_addr { host: "127.11.224.61" port: 51035 } } peers { permanent_uuid: "997fe12c9d23427eaf9f8c2e6a18eb89" member_type: VOTER last_known_addr { host: "127.11.224.60" port: 60032 } } }
I0401 16:41:32.993777 12343 sys_catalog.cc:340] T 00000000000000000000000000000000 P 997fe12c9d23427eaf9f8c2e6a18eb89 [sys.catalog]: This master's current role is: LEADER
I0401 16:41:32.997556 12350 catalog_manager.cc:1075] Loading token signing keys...
I0401 16:41:32.997552 12342 sys_catalog.cc:340] T 00000000000000000000000000000000 P 6c091e7d3a92407c899173d47c5e9f2d [sys.catalog]: This master's current role is: FOLLOWER
I0401 16:41:33.006153 12341 sys_catalog.cc:337] T 00000000000000000000000000000000 P a8bb772d23844fb38e2f7ac70789393c [sys.catalog]: SysCatalogTable state changed. Reason: Replicated consensus-only round. Latest consensus state: current_term: 1 leader_uuid: "997fe12c9d23427eaf9f8c2e6a18eb89" committed_config { opid_index: -1 OBSOLETE_local: false peers { permanent_uuid: "6c091e7d3a92407c899173d47c5e9f2d" member_type: VOTER last_known_addr { host: "127.11.224.62" port: 58248 } } peers { permanent_uuid: "a8bb772d23844fb38e2f7ac70789393c" member_type: VOTER last_known_addr { host: "127.11.224.61" port: 51035 } } peers { permanent_uuid: "997fe12c9d23427eaf9f8c2e6a18eb89" member_type: VOTER last_known_addr { host: "127.11.224.60" port: 60032 } } }
I0401 16:41:33.007148 12341 sys_catalog.cc:340] T 00000000000000000000000000000000 P a8bb772d23844fb38e2f7ac70789393c [sys.catalog]: This master's current role is: FOLLOWER
I0401 16:41:33.022426 12350 catalog_manager.cc:4281] T 00000000000000000000000000000000 P 997fe12c9d23427eaf9f8c2e6a18eb89: Generated new TSK 0
I0401 16:41:33.050518 12160 rpc_server.cc:205] RPC server started. Bound to: 127.11.224.1:47680
I0401 16:41:33.052392 12160 webserver.cc:308] Webserver started at http://127.11.224.1:42394/ using document root and password file
I0401 16:41:33.075410 12423 heartbeater.cc:345] Connected to a master server at 127.11.224.60:60032
I0401 16:41:33.075738 12423 heartbeater.cc:426] Registering TS with master...
I0401 16:41:33.076905 12423 heartbeater.cc:475] Master 127.11.224.60:60032 requested a full tablet report, sending...
I0401 16:41:33.079623 12424 heartbeater.cc:345] Connected to a master server at 127.11.224.61:51035
I0401 16:41:33.079751 12424 heartbeater.cc:426] Registering TS with master...
I0401 16:41:33.080780 12424 heartbeater.cc:475] Master 127.11.224.61:51035 requested a full tablet report, sending...
I0401 16:41:33.081640 12300 ts_manager.cc:159] Registered new tserver with Master: e6c51e0f80484ea1b328f8ba01762295 (127.11.224.1:47680)
I0401 16:41:33.081807 12160 system_ntp.cc:199] NTP initialized. Skew: 500ppm Current error: 836931us
I0401 16:41:33.082231 12160 fs_manager.cc:263] Metadata directory not provided
I0401 16:41:33.083614 12160 fs_manager.cc:269] Using write-ahead log directory (fs_wal_dir) as metadata directory
I0401 16:41:33.083559 12243 ts_manager.cc:159] Registered new tserver with Master: e6c51e0f80484ea1b328f8ba01762295 (127.11.224.1:47680)
I0401 16:41:33.084525 12160 server_base.cc:433] Could not load existing FS layout: Not found: could not find a healthy instance file
I0401 16:41:33.084816 12160 server_base.cc:434] Attempting to create new FS layout instead
I0401 16:41:33.086329 12160 fs_manager.cc:602] Generated new instance metadata in path /data/somelongdirectorytoavoidrpathissues/src/kudutest/ksck_remote-test.0.RemoteKsckTest.TestClusterOk.1554162092376624-12160/minicluster-data/ts-1-root/instance: uuid: "691d7e738af946209181748f7c01636c" format_stamp: "Formatted at 2019-04-01 23:41:33 on quasar-eitwqx-1.vpc.cloudera.com"
I0401 16:41:33.086753 12300 master_service.cc:271] Signed X509 certificate for tserver {username='jenkins'} at 127.11.224.60:33512
I0401 16:41:33.086911 12426 heartbeater.cc:345] Connected to a master server at 127.11.224.62:58248
I0401 16:41:33.087091 12426 heartbeater.cc:426] Registering TS with master...
I0401 16:41:33.088106 12426 heartbeater.cc:475] Master 127.11.224.62:58248 requested a full tablet report, sending...
I0401 16:41:33.091018 12186 ts_manager.cc:159] Registered new tserver with Master: e6c51e0f80484ea1b328f8ba01762295 (127.11.224.1:47680)
I0401 16:41:33.093575 12160 fs_manager.cc:503] Time spent creating directory manager: real 0.006s user 0.002s sys 0.002s
I0401 16:41:33.094837 12160 file_cache.cc:466] Constructed file cache lbm with capacity 13107
I0401 16:41:33.099030 12160 fs_manager.cc:419] Time spent opening block manager: real 0.002s user 0.000s sys 0.001s
