I0401 16:41:34.070840 12597 raft_consensus.cc:2886] T 3f24ded7ec9b44c4b1f69713686999c7 P e6c51e0f80484ea1b328f8ba01762295 [term 0 FOLLOWER]: Advancing to term 1
I0401 16:41:34.069713 12593 consensus_queue.cc:229] T 3a5a3eb985a1449a842c4cbc6b054d8c P e6c51e0f80484ea1b328f8ba01762295 [NON_LEADER]: Queue going to NON_LEADER mode. State: All replicated index: 0, Majority replicated index: 0, Committed index: 0, Last appended: 0.0, Last appended by leader: 0, Current term: 0, Majority size: -1, State: 0, Mode: NON_LEADER, active raft config: opid_index: -1 OBSOLETE_local: false peers { permanent_uuid: "e6c51e0f80484ea1b328f8ba01762295" member_type: VOTER last_known_addr { host: "127.11.224.1" port: 47680 } } peers { permanent_uuid: "691d7e738af946209181748f7c01636c" member_type: VOTER last_known_addr { host: "127.11.224.2" port: 57495 } } peers { permanent_uuid: "ea22542beb2e4cf297a2b82c04c5485a" member_type: VOTER last_known_addr { host: "127.11.224.3" port: 41712 } }
I0401 16:41:34.073019 12594 tablet_bootstrap.cc:439] T 3f24ded7ec9b44c4b1f69713686999c7 P ea22542beb2e4cf297a2b82c04c5485a: No bootstrap required, opened a new log
I0401 16:41:34.077036 12594 ts_tablet_manager.cc:1053] T 3f24ded7ec9b44c4b1f69713686999c7 P ea22542beb2e4cf297a2b82c04c5485a: Time spent bootstrapping tablet: real 0.026s user 0.002s sys 0.010s
I0401 16:41:34.075379 12592 raft_consensus.cc:340] T 278fa1bb7726469ba58f4245848f1046 P 691d7e738af946209181748f7c01636c [term 0 FOLLOWER]: Replica starting. Triggering 0 pending transactions. Active config: opid_index: -1 OBSOLETE_local: false peers { permanent_uuid: "691d7e738af946209181748f7c01636c" member_type: VOTER last_known_addr { host: "127.11.224.2" port: 57495 } } peers { permanent_uuid: "e6c51e0f80484ea1b328f8ba01762295" member_type: VOTER last_known_addr { host: "127.11.224.1" port: 47680 } } peers { permanent_uuid: "ea22542beb2e4cf297a2b82c04c5485a" member_type: VOTER last_known_addr { host: "127.11.224.3" port: 41712 } }
I0401 16:41:34.078876 12471 tablet_service.cc:1276] Received RequestConsensusVote() RPC: tablet_id: "1d9ff322fafe44b49647e1d0a461a9a8" candidate_uuid: "e6c51e0f80484ea1b328f8ba01762295" candidate_term: 1 candidate_status { last_received { term: 0 index: 0 } } ignore_live_leader: false dest_uuid: "691d7e738af946209181748f7c01636c" is_pre_election: true
I0401 16:41:34.079360 12610 raft_consensus.cc:2640] T 1d9ff322fafe44b49647e1d0a461a9a8 P e6c51e0f80484ea1b328f8ba01762295 [term 0 FOLLOWER]: Leader pre-election won for term 1
I0401 16:41:34.079506 12610 raft_consensus.cc:472] T 1d9ff322fafe44b49647e1d0a461a9a8 P e6c51e0f80484ea1b328f8ba01762295 [term 0 FOLLOWER]: Starting leader election (no leader contacted us within the election timeout)
I0401 16:41:34.079910 12592 raft_consensus.cc:366] T 278fa1bb7726469ba58f4245848f1046 P 691d7e738af946209181748f7c01636c [term 0 FOLLOWER]: Consensus starting up: Expiring failure detector timer to make a prompt election more likely
I0401 16:41:34.080448 12592 raft_consensus.cc:705] T 278fa1bb7726469ba58f4245848f1046 P 691d7e738af946209181748f7c01636c [term 0 FOLLOWER]: Becoming Follower/Learner. State: Replica: 691d7e738af946209181748f7c01636c, State: Initialized, Role: FOLLOWER
I0401 16:41:34.080847 12597 raft_consensus.cc:494] T 3f24ded7ec9b44c4b1f69713686999c7 P e6c51e0f80484ea1b328f8ba01762295 [term 1 FOLLOWER]: Starting leader election with config: opid_index: -1 OBSOLETE_local: false peers { permanent_uuid: "691d7e738af946209181748f7c01636c" member_type: VOTER last_known_addr { host: "127.11.224.2" port: 57495 } } peers { permanent_uuid: "e6c51e0f80484ea1b328f8ba01762295" member_type: VOTER last_known_addr { host: "127.11.224.1" port: 47680 } } peers { permanent_uuid: "ea22542beb2e4cf297a2b82c04c5485a" member_type: VOTER last_known_addr { host: "127.11.224.3" port: 41712 } }
I0401 16:41:34.080456 12610 raft_consensus.cc:2886] T 1d9ff322fafe44b49647e1d0a461a9a8 P e6c51e0f80484ea1b328f8ba01762295 [term 0 FOLLOWER]: Advancing to term 1
I0401 16:41:34.081326 12593 ts_tablet_manager.cc:1081] T 3a5a3eb985a1449a842c4cbc6b054d8c P e6c51e0f80484ea1b328f8ba01762295: Time spent starting tablet: real 0.034s user 0.002s sys 0.002s
W0401 16:41:34.081321 12355 leader_election.cc:348] T 1d9ff322fafe44b49647e1d0a461a9a8 P e6c51e0f80484ea1b328f8ba01762295 [CANDIDATE]: Term 1 pre-election: Tablet error from VoteRequest() call to peer 691d7e738af946209181748f7c01636c (127.11.224.2:57495): Illegal state: must be running to vote when last-logged opid is not known
I0401 16:41:34.080847 12592 consensus_queue.cc:229] T 278fa1bb7726469ba58f4245848f1046 P 691d7e738af946209181748f7c01636c [NON_LEADER]: Queue going to NON_LEADER mode. State: All replicated index: 0, Majority replicated index: 0, Committed index: 0, Last appended: 0.0, Last appended by leader: 0, Current term: 0, Majority size: -1, State: 0, Mode: NON_LEADER, active raft config: opid_index: -1 OBSOLETE_local: false peers { permanent_uuid: "691d7e738af946209181748f7c01636c" member_type: VOTER last_known_addr { host: "127.11.224.2" port: 57495 } } peers { permanent_uuid: "e6c51e0f80484ea1b328f8ba01762295" member_type: VOTER last_known_addr { host: "127.11.224.1" port: 47680 } } peers { permanent_uuid: "ea22542beb2e4cf297a2b82c04c5485a" member_type: VOTER last_known_addr { host: "127.11.224.3" port: 41712 } }
I0401 16:41:34.082893 12597 leader_election.cc:296] T 3f24ded7ec9b44c4b1f69713686999c7 P e6c51e0f80484ea1b328f8ba01762295 [CANDIDATE]: Term 1 election: Requested vote from peers 691d7e738af946209181748f7c01636c (127.11.224.2:57495), ea22542beb2e4cf297a2b82c04c5485a (127.11.224.3:41712)
I0401 16:41:34.083112 12541 tablet_service.cc:1276] Received RequestConsensusVote() RPC: tablet_id: "3f24ded7ec9b44c4b1f69713686999c7" candidate_uuid: "e6c51e0f80484ea1b328f8ba01762295" candidate_term: 1 candidate_status { last_received { term: 0 index: 0 } } ignore_live_leader: false dest_uuid: "ea22542beb2e4cf297a2b82c04c5485a"
I0401 16:41:34.083237 12471 tablet_service.cc:1276] Received RequestConsensusVote() RPC: tablet_id: "3f24ded7ec9b44c4b1f69713686999c7" candidate_uuid: "e6c51e0f80484ea1b328f8ba01762295" candidate_term: 1 candidate_status { last_received { term: 0 index: 0 } } ignore_live_leader: false dest_uuid: "691d7e738af946209181748f7c01636c"
I0401 16:41:34.084904 12471 raft_consensus.cc:2886] T 3f24ded7ec9b44c4b1f69713686999c7 P 691d7e738af946209181748f7c01636c [term 0 FOLLOWER]: Advancing to term 1
I0401 16:41:34.087028 12593 tablet_bootstrap.cc:439] T 9528934d3883467d973e249b3542e541 P e6c51e0f80484ea1b328f8ba01762295: Bootstrap starting.
I0401 16:41:34.088551 12592 ts_tablet_manager.cc:1081] T 278fa1bb7726469ba58f4245848f1046 P 691d7e738af946209181748f7c01636c: Time spent starting tablet: real 0.027s user 0.000s sys 0.003s
W0401 16:41:34.091778 12352 leader_election.cc:348] T 3f24ded7ec9b44c4b1f69713686999c7 P e6c51e0f80484ea1b328f8ba01762295 [CANDIDATE]: Term 1 election: Tablet error from VoteRequest() call to peer ea22542beb2e4cf297a2b82c04c5485a (127.11.224.3:41712): Illegal state: must be running to vote when last-logged opid is not known
I0401 16:41:34.091984 12592 tablet_bootstrap.cc:439] T 19de4523dc8b4ed68f5e3ddab4128579 P 691d7e738af946209181748f7c01636c: Bootstrap starting.
I0401 16:41:34.091928 12594 raft_consensus.cc:340] T 3f24ded7ec9b44c4b1f69713686999c7 P ea22542beb2e4cf297a2b82c04c5485a [term 0 FOLLOWER]: Replica starting. Triggering 0 pending transactions. Active config: opid_index: -1 OBSOLETE_local: false peers { permanent_uuid: "691d7e738af946209181748f7c01636c" member_type: VOTER last_known_addr { host: "127.11.224.2" port: 57495 } } peers { permanent_uuid: "e6c51e0f80484ea1b328f8ba01762295" member_type: VOTER last_known_addr { host: "127.11.224.1" port: 47680 } } peers { permanent_uuid: "ea22542beb2e4cf297a2b82c04c5485a" member_type: VOTER last_known_addr { host: "127.11.224.3" port: 41712 } }
I0401 16:41:34.092762 12594 raft_consensus.cc:366] T 3f24ded7ec9b44c4b1f69713686999c7 P ea22542beb2e4cf297a2b82c04c5485a [term 0 FOLLOWER]: Consensus starting up: Expiring failure detector timer to make a prompt election more likely
I0401 16:41:34.092993 12594 raft_consensus.cc:705] T 3f24ded7ec9b44c4b1f69713686999c7 P ea22542beb2e4cf297a2b82c04c5485a [term 0 FOLLOWER]: Becoming Follower/Learner. State: Replica: ea22542beb2e4cf297a2b82c04c5485a, State: Initialized, Role: FOLLOWER
I0401 16:41:34.093825 12471 raft_consensus.cc:2346] T 3f24ded7ec9b44c4b1f69713686999c7 P 691d7e738af946209181748f7c01636c [term 1 FOLLOWER]: Leader election vote request: Granting yes vote for candidate e6c51e0f80484ea1b328f8ba01762295 in term 1.
I0401 16:41:34.095059 12355 leader_election.cc:310] T 3f24ded7ec9b44c4b1f69713686999c7 P e6c51e0f80484ea1b328f8ba01762295 [CANDIDATE]: Term 1 election: Election decided. Result: candidate won. Election summary: received 3 responses out of 3 voters: 2 yes votes; 1 no votes. yes voters: 691d7e738af946209181748f7c01636c, e6c51e0f80484ea1b328f8ba01762295; no voters: ea22542beb2e4cf297a2b82c04c5485a
I0401 16:41:34.093860 12594 consensus_queue.cc:229] T 3f24ded7ec9b44c4b1f69713686999c7 P ea22542beb2e4cf297a2b82c04c5485a [NON_LEADER]: Queue going to NON_LEADER mode. State: All replicated index: 0, Majority replicated index: 0, Committed index: 0, Last appended: 0.0, Last appended by leader: 0, Current term: 0, Majority size: -1, State: 0, Mode: NON_LEADER, active raft config: opid_index: -1 OBSOLETE_local: false peers { permanent_uuid: "691d7e738af946209181748f7c01636c" member_type: VOTER last_known_addr { host: "127.11.224.2" port: 57495 } } peers { permanent_uuid: "e6c51e0f80484ea1b328f8ba01762295" member_type: VOTER last_known_addr { host: "127.11.224.1" port: 47680 } } peers { permanent_uuid: "ea22542beb2e4cf297a2b82c04c5485a" member_type: VOTER last_known_addr { host: "127.11.224.3" port: 41712 } }
I0401 16:41:34.096979 12611 raft_consensus.cc:2640] T 3f24ded7ec9b44c4b1f69713686999c7 P e6c51e0f80484ea1b328f8ba01762295 [term 1 FOLLOWER]: Leader election won for term 1
I0401 16:41:34.097012 12594 ts_tablet_manager.cc:1081] T 3f24ded7ec9b44c4b1f69713686999c7 P ea22542beb2e4cf297a2b82c04c5485a: Time spent starting tablet: real 0.019s user 0.002s sys 0.000s
I0401 16:41:34.099030 12611 raft_consensus.cc:667] T 3f24ded7ec9b44c4b1f69713686999c7 P e6c51e0f80484ea1b328f8ba01762295 [term 1 LEADER]: Becoming Leader. State: Replica: e6c51e0f80484ea1b328f8ba01762295, State: Running, Role: LEADER
I0401 16:41:34.099666 12611 consensus_queue.cc:206] T 3f24ded7ec9b44c4b1f69713686999c7 P e6c51e0f80484ea1b328f8ba01762295 [LEADER]: Queue going to LEADER mode. State: All replicated index: 0, Majority replicated index: 0, Committed index: 0, Last appended: 0.0, Last appended by leader: 0, Current term: 1, Majority size: 2, State: 0, Mode: LEADER, active raft config: opid_index: -1 OBSOLETE_local: false peers { permanent_uuid: "691d7e738af946209181748f7c01636c" member_type: VOTER last_known_addr { host: "127.11.224.2" port: 57495 } } peers { permanent_uuid: "e6c51e0f80484ea1b328f8ba01762295" member_type: VOTER last_known_addr { host: "127.11.224.1" port: 47680 } } peers { permanent_uuid: "ea22542beb2e4cf297a2b82c04c5485a" member_type: VOTER last_known_addr { host: "127.11.224.3" port: 41712 } }
I0401 16:41:34.100909 12593 tablet_bootstrap.cc:590] T 9528934d3883467d973e249b3542e541 P e6c51e0f80484ea1b328f8ba01762295: No blocks or log segments found. Creating new log.
I0401 16:41:34.102252 12594 tablet_bootstrap.cc:439] T 278fa1bb7726469ba58f4245848f1046 P ea22542beb2e4cf297a2b82c04c5485a: Bootstrap starting.
I0401 16:41:34.099707 12610 raft_consensus.cc:494] T 1d9ff322fafe44b49647e1d0a461a9a8 P e6c51e0f80484ea1b328f8ba01762295 [term 1 FOLLOWER]: Starting leader election with config: opid_index: -1 OBSOLETE_local: false peers { permanent_uuid: "691d7e738af946209181748f7c01636c" member_type: VOTER last_known_addr { host: "127.11.224.2" port: 57495 } } peers { permanent_uuid: "e6c51e0f80484ea1b328f8ba01762295" member_type: VOTER last_known_addr { host: "127.11.224.1" port: 47680 } } peers { permanent_uuid: "ea22542beb2e4cf297a2b82c04c5485a" member_type: VOTER last_known_addr { host: "127.11.224.3" port: 41712 } }
I0401 16:41:34.104487 12610 leader_election.cc:296] T 1d9ff322fafe44b49647e1d0a461a9a8 P e6c51e0f80484ea1b328f8ba01762295 [CANDIDATE]: Term 1 election: Requested vote from peers 691d7e738af946209181748f7c01636c (127.11.224.2:57495), ea22542beb2e4cf297a2b82c04c5485a (127.11.224.3:41712)
I0401 16:41:34.104554 12471 tablet_service.cc:1276] Received RequestConsensusVote() RPC: tablet_id: "1d9ff322fafe44b49647e1d0a461a9a8" candidate_uuid: "e6c51e0f80484ea1b328f8ba01762295" candidate_term: 1 candidate_status { last_received { term: 0 index: 0 } } ignore_live_leader: false dest_uuid: "691d7e738af946209181748f7c01636c"
I0401 16:41:34.104928 12541 tablet_service.cc:1276] Received RequestConsensusVote() RPC: tablet_id: "1d9ff322fafe44b49647e1d0a461a9a8" candidate_uuid: "e6c51e0f80484ea1b328f8ba01762295" candidate_term: 1 candidate_status { last_received { term: 0 index: 0 } } ignore_live_leader: false dest_uuid: "ea22542beb2e4cf297a2b82c04c5485a"
I0401 16:41:34.105953 12541 raft_consensus.cc:2886] T 1d9ff322fafe44b49647e1d0a461a9a8 P ea22542beb2e4cf297a2b82c04c5485a [term 0 FOLLOWER]: Advancing to term 1
W0401 16:41:34.106184 12355 leader_election.cc:348] T 1d9ff322fafe44b49647e1d0a461a9a8 P e6c51e0f80484ea1b328f8ba01762295 [CANDIDATE]: Term 1 election: Tablet error from VoteRequest() call to peer 691d7e738af946209181748f7c01636c (127.11.224.2:57495): Illegal state: must be running to vote when last-logged opid is not known
I0401 16:41:34.106436 12592 tablet_bootstrap.cc:590] T 19de4523dc8b4ed68f5e3ddab4128579 P 691d7e738af946209181748f7c01636c: No blocks or log segments found. Creating new log.
I0401 16:41:34.111193 12541 raft_consensus.cc:2346] T 1d9ff322fafe44b49647e1d0a461a9a8 P ea22542beb2e4cf297a2b82c04c5485a [term 1 FOLLOWER]: Leader election vote request: Granting yes vote for candidate e6c51e0f80484ea1b328f8ba01762295 in term 1.
I0401 16:41:34.113643 12352 leader_election.cc:310] T 1d9ff322fafe44b49647e1d0a461a9a8 P e6c51e0f80484ea1b328f8ba01762295 [CANDIDATE]: Term 1 election: Election decided. Result: candidate won. Election summary: received 3 responses out of 3 voters: 2 yes votes; 1 no votes. yes voters: e6c51e0f80484ea1b328f8ba01762295, ea22542beb2e4cf297a2b82c04c5485a; no voters: 691d7e738af946209181748f7c01636c
I0401 16:41:34.117805 12594 tablet_bootstrap.cc:590] T 278fa1bb7726469ba58f4245848f1046 P ea22542beb2e4cf297a2b82c04c5485a: No blocks or log segments found. Creating new log.
I0401 16:41:34.119741 12611 raft_consensus.cc:2640] T 1d9ff322fafe44b49647e1d0a461a9a8 P e6c51e0f80484ea1b328f8ba01762295 [term 1 FOLLOWER]: Leader election won for term 1
I0401 16:41:34.119932 12599 raft_consensus.cc:472] T 278fa1bb7726469ba58f4245848f1046 P 691d7e738af946209181748f7c01636c [term 0 FOLLOWER]: Starting pre-election (no leader contacted us within the election timeout)
I0401 16:41:34.123706 12611 raft_consensus.cc:667] T 1d9ff322fafe44b49647e1d0a461a9a8 P e6c51e0f80484ea1b328f8ba01762295 [term 1 LEADER]: Becoming Leader. State: Replica: e6c51e0f80484ea1b328f8ba01762295, State: Running, Role: LEADER
I0401 16:41:34.122586 12599 raft_consensus.cc:494] T 278fa1bb7726469ba58f4245848f1046 P 691d7e738af946209181748f7c01636c [term 0 FOLLOWER]: Starting pre-election with config: opid_index: -1 OBSOLETE_local: false peers { permanent_uuid: "691d7e738af946209181748f7c01636c" member_type: VOTER last_known_addr { host: "127.11.224.2" port: 57495 } } peers { permanent_uuid: "e6c51e0f80484ea1b328f8ba01762295" member_type: VOTER last_known_addr { host: "127.11.224.1" port: 47680 } } peers { permanent_uuid: "ea22542beb2e4cf297a2b82c04c5485a" member_type: VOTER last_known_addr { host: "127.11.224.3" port: 41712 } }
I0401 16:41:34.122772 12297 catalog_manager.cc:3977] T 3f24ded7ec9b44c4b1f69713686999c7 P e6c51e0f80484ea1b328f8ba01762295 reported cstate change: term changed from 0 to 1, leader changed from to e6c51e0f80484ea1b328f8ba01762295 (127.11.224.1). New cstate: current_term: 1 leader_uuid: "e6c51e0f80484ea1b328f8ba01762295" committed_config { opid_index: -1 OBSOLETE_local: false peers { permanent_uuid: "691d7e738af946209181748f7c01636c" member_type: VOTER last_known_addr { host: "127.11.224.2" port: 57495 } health_report { overall_health: UNKNOWN } } peers { permanent_uuid: "e6c51e0f80484ea1b328f8ba01762295" member_type: VOTER last_known_addr { host: "127.11.224.1" port: 47680 } health_report { overall_health: HEALTHY } } peers { permanent_uuid: "ea22542beb2e4cf297a2b82c04c5485a" member_type: VOTER last_known_addr { host: "127.11.224.3" port: 41712 } health_report { overall_health: UNKNOWN } } }
I0401 16:41:34.127738 12611 consensus_queue.cc:206] T 1d9ff322fafe44b49647e1d0a461a9a8 P e6c51e0f80484ea1b328f8ba01762295 [LEADER]: Queue going to LEADER mode. State: All replicated index: 0, Majority replicated index: 0, Committed index: 0, Last appended: 0.0, Last appended by leader: 0, Current term: 1, Majority size: 2, State: 0, Mode: LEADER, active raft config: opid_index: -1 OBSOLETE_local: false peers { permanent_uuid: "691d7e738af946209181748f7c01636c" member_type: VOTER last_known_addr { host: "127.11.224.2" port: 57495 } } peers { permanent_uuid: "e6c51e0f80484ea1b328f8ba01762295" member_type: VOTER last_known_addr { host: "127.11.224.1" port: 47680 } } peers { permanent_uuid: "ea22542beb2e4cf297a2b82c04c5485a" member_type: VOTER last_known_addr { host: "127.11.224.3" port: 41712 } }
I0401 16:41:34.128870 12599 leader_election.cc:296] T 278fa1bb7726469ba58f4245848f1046 P 691d7e738af946209181748f7c01636c [CANDIDATE]: Term 1 pre-election: Requested pre-vote from peers e6c51e0f80484ea1b328f8ba01762295 (127.11.224.1:47680), ea22542beb2e4cf297a2b82c04c5485a (127.11.224.3:41712)
I0401 16:41:34.129163 12599 raft_consensus.cc:472] T 8a583f4e15144ad085e5373b90d24e01 P 691d7e738af946209181748f7c01636c [term 0 FOLLOWER]: Starting pre-election (no leader contacted us within the election timeout)
I0401 16:41:34.131570 12594 tablet_bootstrap.cc:439] T 278fa1bb7726469ba58f4245848f1046 P ea22542beb2e4cf297a2b82c04c5485a: No bootstrap required, opened a new log
I0401 16:41:34.131392 12599 raft_consensus.cc:494] T 8a583f4e15144ad085e5373b90d24e01 P 691d7e738af946209181748f7c01636c [term 0 FOLLOWER]: Starting pre-election with config: opid_index: -1 OBSOLETE_local: false peers { permanent_uuid: "691d7e738af946209181748f7c01636c" member_type: VOTER last_known_addr { host: "127.11.224.2" port: 57495 } } peers { permanent_uuid: "e6c51e0f80484ea1b328f8ba01762295" member_type: VOTER last_known_addr { host: "127.11.224.1" port: 47680 } } peers { permanent_uuid: "ea22542beb2e4cf297a2b82c04c5485a" member_type: VOTER last_known_addr { host: "127.11.224.3" port: 41712 } }
I0401 16:41:34.136180 12599 leader_election.cc:296] T 8a583f4e15144ad085e5373b90d24e01 P 691d7e738af946209181748f7c01636c [CANDIDATE]: Term 1 pre-election: Requested pre-vote from peers e6c51e0f80484ea1b328f8ba01762295 (127.11.224.1:47680), ea22542beb2e4cf297a2b82c04c5485a (127.11.224.3:41712)
I0401 16:41:34.136399 12594 ts_tablet_manager.cc:1053] T 278fa1bb7726469ba58f4245848f1046 P ea22542beb2e4cf297a2b82c04c5485a: Time spent bootstrapping tablet: real 0.034s user 0.004s sys 0.005s
I0401 16:41:34.138447 12610 raft_consensus.cc:472] T 3a5a3eb985a1449a842c4cbc6b054d8c P e6c51e0f80484ea1b328f8ba01762295 [term 0 FOLLOWER]: Starting pre-election (no leader contacted us within the election timeout)
I0401 16:41:34.138950 12610 raft_consensus.cc:494] T 3a5a3eb985a1449a842c4cbc6b054d8c P e6c51e0f80484ea1b328f8ba01762295 [term 0 FOLLOWER]: Starting pre-election with config: opid_index: -1 OBSOLETE_local: false peers { permanent_uuid: "e6c51e0f80484ea1b328f8ba01762295" member_type: VOTER last_known_addr { host: "127.11.224.1" port: 47680 } } peers { permanent_uuid: "691d7e738af946209181748f7c01636c" member_type: VOTER last_known_addr { host: "127.11.224.2" port: 57495 } } peers { permanent_uuid: "ea22542beb2e4cf297a2b82c04c5485a" member_type: VOTER last_known_addr { host: "127.11.224.3" port: 41712 } }
I0401 16:41:34.139297 12592 tablet_bootstrap.cc:439] T 19de4523dc8b4ed68f5e3ddab4128579 P 691d7e738af946209181748f7c01636c: No bootstrap required, opened a new log
I0401 16:41:34.140658 12592 ts_tablet_manager.cc:1053] T 19de4523dc8b4ed68f5e3ddab4128579 P 691d7e738af946209181748f7c01636c: Time spent bootstrapping tablet: real 0.048s user 0.001s sys 0.012s
I0401 16:41:34.141635 12593 tablet_bootstrap.cc:439] T 9528934d3883467d973e249b3542e541 P e6c51e0f80484ea1b328f8ba01762295: No bootstrap required, opened a new log
I0401 16:41:34.141894 12594 raft_consensus.cc:340] T 278fa1bb7726469ba58f4245848f1046 P ea22542beb2e4cf297a2b82c04c5485a [term 0 FOLLOWER]: Replica starting. Triggering 0 pending transactions. Active config: opid_index: -1 OBSOLETE_local: false peers { permanent_uuid: "691d7e738af946209181748f7c01636c" member_type: VOTER last_known_addr { host: "127.11.224.2" port: 57495 } } peers { permanent_uuid: "e6c51e0f80484ea1b328f8ba01762295" member_type: VOTER last_known_addr { host: "127.11.224.1" port: 47680 } } peers { permanent_uuid: "ea22542beb2e4cf297a2b82c04c5485a" member_type: VOTER last_known_addr { host: "127.11.224.3" port: 41712 } }
I0401 16:41:34.146762 12594 raft_consensus.cc:366] T 278fa1bb7726469ba58f4245848f1046 P ea22542beb2e4cf297a2b82c04c5485a [term 0 FOLLOWER]: Consensus starting up: Expiring failure detector timer to make a prompt election more likely
I0401 16:41:34.143600 12541 tablet_service.cc:1276] Received RequestConsensusVote() RPC: tablet_id: "3a5a3eb985a1449a842c4cbc6b054d8c" candidate_uuid: "e6c51e0f80484ea1b328f8ba01762295" candidate_term: 1 candidate_status { last_received { term: 0 index: 0 } } ignore_live_leader: false dest_uuid: "ea22542beb2e4cf297a2b82c04c5485a" is_pre_election: true
I0401 16:41:34.147569 12610 leader_election.cc:296] T 3a5a3eb985a1449a842c4cbc6b054d8c P e6c51e0f80484ea1b328f8ba01762295 [CANDIDATE]: Term 1 pre-election: Requested pre-vote from peers 691d7e738af946209181748f7c01636c (127.11.224.2:57495), ea22542beb2e4cf297a2b82c04c5485a (127.11.224.3:41712)
I0401 16:41:34.147881 12593 ts_tablet_manager.cc:1053] T 9528934d3883467d973e249b3542e541 P e6c51e0f80484ea1b328f8ba01762295: Time spent bootstrapping tablet: real 0.060s user 0.003s sys 0.011s
I0401 16:41:34.146839 12592 raft_consensus.cc:340] T 19de4523dc8b4ed68f5e3ddab4128579 P 691d7e738af946209181748f7c01636c [term 0 FOLLOWER]: Replica starting. Triggering 0 pending transactions. Active config: opid_index: -1 OBSOLETE_local: false peers { permanent_uuid: "691d7e738af946209181748f7c01636c" member_type: VOTER last_known_addr { host: "127.11.224.2" port: 57495 } } peers { permanent_uuid: "e6c51e0f80484ea1b328f8ba01762295" member_type: VOTER last_known_addr { host: "127.11.224.1" port: 47680 } } peers { permanent_uuid: "ea22542beb2e4cf297a2b82c04c5485a" member_type: VOTER last_known_addr { host: "127.11.224.3" port: 41712 } }
I0401 16:41:34.149670 12594 raft_consensus.cc:705] T 278fa1bb7726469ba58f4245848f1046 P ea22542beb2e4cf297a2b82c04c5485a [term 0 FOLLOWER]: Becoming Follower/Learner. State: Replica: ea22542beb2e4cf297a2b82c04c5485a, State: Initialized, Role: FOLLOWER
I0401 16:41:34.150025 12541 raft_consensus.cc:2346] T 3a5a3eb985a1449a842c4cbc6b054d8c P ea22542beb2e4cf297a2b82c04c5485a [term 0 FOLLOWER]: Leader pre-election vote request: Granting yes vote for candidate e6c51e0f80484ea1b328f8ba01762295 in term 0.
I0401 16:41:34.155450 12592 raft_consensus.cc:366] T 19de4523dc8b4ed68f5e3ddab4128579 P 691d7e738af946209181748f7c01636c [term 0 FOLLOWER]: Consensus starting up: Expiring failure detector timer to make a prompt election more likely
I0401 16:41:34.157308 12352 leader_election.cc:310] T 3a5a3eb985a1449a842c4cbc6b054d8c P e6c51e0f80484ea1b328f8ba01762295 [CANDIDATE]: Term 1 pre-election: Election decided. Result: candidate won. Election summary: received 2 responses out of 3 voters: 2 yes votes; 0 no votes. yes voters: e6c51e0f80484ea1b328f8ba01762295, ea22542beb2e4cf297a2b82c04c5485a; no voters:
I0401 16:41:34.156821 12594 consensus_queue.cc:229] T 278fa1bb7726469ba58f4245848f1046 P ea22542beb2e4cf297a2b82c04c5485a [NON_LEADER]: Queue going to NON_LEADER mode. State: All replicated index: 0, Majority replicated index: 0, Committed index: 0, Last appended: 0.0, Last appended by leader: 0, Current term: 0, Majority size: -1, State: 0, Mode: NON_LEADER, active raft config: opid_index: -1 OBSOLETE_local: false peers { permanent_uuid: "691d7e738af946209181748f7c01636c" member_type: VOTER last_known_addr { host: "127.11.224.2" port: 57495 } } peers { permanent_uuid: "e6c51e0f80484ea1b328f8ba01762295" member_type: VOTER last_known_addr { host: "127.11.224.1" port: 47680 } } peers { permanent_uuid: "ea22542beb2e4cf297a2b82c04c5485a" member_type: VOTER last_known_addr { host: "127.11.224.3" port: 41712 } }
I0401 16:41:34.158133 12592 raft_consensus.cc:705] T 19de4523dc8b4ed68f5e3ddab4128579 P 691d7e738af946209181748f7c01636c [term 0 FOLLOWER]: Becoming Follower/Learner. State: Replica: 691d7e738af946209181748f7c01636c, State: Initialized, Role: FOLLOWER
I0401 16:41:34.158605 12610 raft_consensus.cc:2640] T 3a5a3eb985a1449a842c4cbc6b054d8c P e6c51e0f80484ea1b328f8ba01762295 [term 0 FOLLOWER]: Leader pre-election won for term 1
I0401 16:41:34.159168 12610 raft_consensus.cc:472] T 3a5a3eb985a1449a842c4cbc6b054d8c P e6c51e0f80484ea1b328f8ba01762295 [term 0 FOLLOWER]: Starting leader election (no leader contacted us within the election timeout)
I0401 16:41:34.160413 12610 raft_consensus.cc:2886] T 3a5a3eb985a1449a842c4cbc6b054d8c P e6c51e0f80484ea1b328f8ba01762295 [term 0 FOLLOWER]: Advancing to term 1
I0401 16:41:34.163223 12594 ts_tablet_manager.cc:1081] T 278fa1bb7726469ba58f4245848f1046 P ea22542beb2e4cf297a2b82c04c5485a: Time spent starting tablet: real 0.023s user 0.001s sys 0.002s
I0401 16:41:34.162165 12592 consensus_queue.cc:229] T 19de4523dc8b4ed68f5e3ddab4128579 P 691d7e738af946209181748f7c01636c [NON_LEADER]: Queue going to NON_LEADER mode. State: All replicated index: 0, Majority replicated index: 0, Committed index: 0, Last appended: 0.0, Last appended by leader: 0, Current term: 0, Majority size: -1, State: 0, Mode: NON_LEADER, active raft config: opid_index: -1 OBSOLETE_local: false peers { permanent_uuid: "691d7e738af946209181748f7c01636c" member_type: VOTER last_known_addr { host: "127.11.224.2" port: 57495 } } peers { permanent_uuid: "e6c51e0f80484ea1b328f8ba01762295" member_type: VOTER last_known_addr { host: "127.11.224.1" port: 47680 } } peers { permanent_uuid: "ea22542beb2e4cf297a2b82c04c5485a" member_type: VOTER last_known_addr { host: "127.11.224.3" port: 41712 } }
I0401 16:41:34.164405 12592 ts_tablet_manager.cc:1081] T 19de4523dc8b4ed68f5e3ddab4128579 P 691d7e738af946209181748f7c01636c: Time spent starting tablet: real 0.023s user 0.001s sys 0.001s
I0401 16:41:34.165421 12592 tablet_bootstrap.cc:439] T 58213f99590747369b50a74ed52178f4 P 691d7e738af946209181748f7c01636c: Bootstrap starting.
I0401 16:41:34.165416 12471 tablet_service.cc:1276] Received RequestConsensusVote() RPC: tablet_id: "3a5a3eb985a1449a842c4cbc6b054d8c" candidate_uuid: "e6c51e0f80484ea1b328f8ba01762295" candidate_term: 1 candidate_status { last_received { term: 0 index: 0 } } ignore_live_leader: false dest_uuid: "691d7e738af946209181748f7c01636c" is_pre_election: true
I0401 16:41:34.166712 12594 tablet_bootstrap.cc:439] T cf2344da4a8848a79e815e6f1306547a P ea22542beb2e4cf297a2b82c04c5485a: Bootstrap starting.
W0401 16:41:34.168542 12355 leader_election.cc:348] T 3a5a3eb985a1449a842c4cbc6b054d8c P e6c51e0f80484ea1b328f8ba01762295 [CANDIDATE]: Term 1 pre-election: Tablet error from VoteRequest() call to peer 691d7e738af946209181748f7c01636c (127.11.224.2:57495): Illegal state: must be running to vote when last-logged opid is not known
I0401 16:41:34.171196 12593 raft_consensus.cc:340] T 9528934d3883467d973e249b3542e541 P e6c51e0f80484ea1b328f8ba01762295 [term 0 FOLLOWER]: Replica starting. Triggering 0 pending transactions. Active config: opid_index: -1 OBSOLETE_local: false peers { permanent_uuid: "691d7e738af946209181748f7c01636c" member_type: VOTER last_known_addr { host: "127.11.224.2" port: 57495 } } peers { permanent_uuid: "e6c51e0f80484ea1b328f8ba01762295" member_type: VOTER last_known_addr { host: "127.11.224.1" port: 47680 } } peers { permanent_uuid: "ea22542beb2e4cf297a2b82c04c5485a" member_type: VOTER last_known_addr { host: "127.11.224.3" port: 41712 } }
I0401 16:41:34.172089 12593 raft_consensus.cc:366] T 9528934d3883467d973e249b3542e541 P e6c51e0f80484ea1b328f8ba01762295 [term 0 FOLLOWER]: Consensus starting up: Expiring failure detector timer to make a prompt election more likely
I0401 16:41:34.172322 12593 raft_consensus.cc:705] T 9528934d3883467d973e249b3542e541 P e6c51e0f80484ea1b328f8ba01762295 [term 0 FOLLOWER]: Becoming Follower/Learner. State: Replica: e6c51e0f80484ea1b328f8ba01762295, State: Initialized, Role: FOLLOWER
I0401 16:41:34.173249 12593 consensus_queue.cc:229] T 9528934d3883467d973e249b3542e541 P e6c51e0f80484ea1b328f8ba01762295 [NON_LEADER]: Queue going to NON_LEADER mode. State: All replicated index: 0, Majority replicated index: 0, Committed index: 0, Last appended: 0.0, Last appended by leader: 0, Current term: 0, Majority size: -1, State: 0, Mode: NON_LEADER, active raft config: opid_index: -1 OBSOLETE_local: false peers { permanent_uuid: "691d7e738af946209181748f7c01636c" member_type: VOTER last_known_addr { host: "127.11.224.2" port: 57495 } } peers { permanent_uuid: "e6c51e0f80484ea1b328f8ba01762295" member_type: VOTER last_known_addr { host: "127.11.224.1" port: 47680 } } peers { permanent_uuid: "ea22542beb2e4cf297a2b82c04c5485a" member_type: VOTER last_known_addr { host: "127.11.224.3" port: 41712 } }
I0401 16:41:34.176542 12593 ts_tablet_manager.cc:1081] T 9528934d3883467d973e249b3542e541 P e6c51e0f80484ea1b328f8ba01762295: Time spent starting tablet: real 0.028s user 0.001s sys 0.001s
I0401 16:41:34.176723 12610 raft_consensus.cc:494] T 3a5a3eb985a1449a842c4cbc6b054d8c P e6c51e0f80484ea1b328f8ba01762295 [term 1 FOLLOWER]: Starting leader election with config: opid_index: -1 OBSOLETE_local: false peers { permanent_uuid: "e6c51e0f80484ea1b328f8ba01762295" member_type: VOTER last_known_addr { host: "127.11.224.1" port: 47680 } } peers { permanent_uuid: "691d7e738af946209181748f7c01636c" member_type: VOTER last_known_addr { host: "127.11.224.2" port: 57495 } } peers { permanent_uuid: "ea22542beb2e4cf297a2b82c04c5485a" member_type: VOTER last_known_addr { host: "127.11.224.3" port: 41712 } }
I0401 16:41:34.178872 12594 tablet_bootstrap.cc:590] T cf2344da4a8848a79e815e6f1306547a P ea22542beb2e4cf297a2b82c04c5485a: No blocks or log segments found. Creating new log.
I0401 16:41:34.179028 12601 raft_consensus.cc:472] T 3f24ded7ec9b44c4b1f69713686999c7 P ea22542beb2e4cf297a2b82c04c5485a [term 0 FOLLOWER]: Starting pre-election (no leader contacted us within the election timeout)
I0401 16:41:34.182191 12541 tablet_service.cc:1276] Received RequestConsensusVote() RPC: tablet_id: "3a5a3eb985a1449a842c4cbc6b054d8c" candidate_uuid: "e6c51e0f80484ea1b328f8ba01762295" candidate_term: 1 candidate_status { last_received { term: 0 index: 0 } } ignore_live_leader: false dest_uuid: "ea22542beb2e4cf297a2b82c04c5485a"
I0401 16:41:34.182651 12610 leader_election.cc:296] T 3a5a3eb985a1449a842c4cbc6b054d8c P e6c51e0f80484ea1b328f8ba01762295 [CANDIDATE]: Term 1 election: Requested vote from peers 691d7e738af946209181748f7c01636c (127.11.224.2:57495), ea22542beb2e4cf297a2b82c04c5485a (127.11.224.3:41712)
I0401 16:41:34.183153 12541 raft_consensus.cc:2886] T 3a5a3eb985a1449a842c4cbc6b054d8c P ea22542beb2e4cf297a2b82c04c5485a [term 0 FOLLOWER]: Advancing to term 1
I0401 16:41:34.186200 12593 tablet_bootstrap.cc:439] T 8a583f4e15144ad085e5373b90d24e01 P e6c51e0f80484ea1b328f8ba01762295: Bootstrap starting.
I0401 16:41:34.184739 12601 raft_consensus.cc:494] T 3f24ded7ec9b44c4b1f69713686999c7 P ea22542beb2e4cf297a2b82c04c5485a [term 0 FOLLOWER]: Starting pre-election with config: opid_index: -1 OBSOLETE_local: false peers { permanent_uuid: "691d7e738af946209181748f7c01636c" member_type: VOTER last_known_addr { host: "127.11.224.2" port: 57495 } } peers { permanent_uuid: "e6c51e0f80484ea1b328f8ba01762295" member_type: VOTER last_known_addr { host: "127.11.224.1" port: 47680 } } peers { permanent_uuid: "ea22542beb2e4cf297a2b82c04c5485a" member_type: VOTER last_known_addr { host: "127.11.224.3" port: 41712 } }
I0401 16:41:34.182971 12471 tablet_service.cc:1276] Received RequestConsensusVote() RPC: tablet_id: "3a5a3eb985a1449a842c4cbc6b054d8c" candidate_uuid: "e6c51e0f80484ea1b328f8ba01762295" candidate_term: 1 candidate_status { last_received { term: 0 index: 0 } } ignore_live_leader: false dest_uuid: "691d7e738af946209181748f7c01636c"
I0401 16:41:34.193912 12601 leader_election.cc:296] T 3f24ded7ec9b44c4b1f69713686999c7 P ea22542beb2e4cf297a2b82c04c5485a [CANDIDATE]: Term 1 pre-election: Requested pre-vote from peers 691d7e738af946209181748f7c01636c (127.11.224.2:57495), e6c51e0f80484ea1b328f8ba01762295 (127.11.224.1:47680)
W0401 16:41:34.194262 12355 leader_election.cc:348] T 3a5a3eb985a1449a842c4cbc6b054d8c P e6c51e0f80484ea1b328f8ba01762295 [CANDIDATE]: Term 1 election: Tablet error from VoteRequest() call to peer 691d7e738af946209181748f7c01636c (127.11.224.2:57495): Illegal state: must be running to vote when last-logged opid is not known
I0401 16:41:34.220187 12541 raft_consensus.cc:2346] T 3a5a3eb985a1449a842c4cbc6b054d8c P ea22542beb2e4cf297a2b82c04c5485a [term 1 FOLLOWER]: Leader election vote request: Granting yes vote for candidate e6c51e0f80484ea1b328f8ba01762295 in term 1.
I0401 16:41:34.221846 12592 tablet_bootstrap.cc:590] T 58213f99590747369b50a74ed52178f4 P 691d7e738af946209181748f7c01636c: No blocks or log segments found. Creating new log.
I0401 16:41:34.219018 12399 tablet_service.cc:1276] Received RequestConsensusVote() RPC: tablet_id: "278fa1bb7726469ba58f4245848f1046" candidate_uuid: "691d7e738af946209181748f7c01636c" candidate_term: 1 candidate_status { last_received { term: 0 index: 0 } } ignore_live_leader: false dest_uuid: "e6c51e0f80484ea1b328f8ba01762295" is_pre_election: true
I0401 16:41:34.221213 12398 tablet_service.cc:1276] Received RequestConsensusVote() RPC: tablet_id: "8a583f4e15144ad085e5373b90d24e01" candidate_uuid: "691d7e738af946209181748f7c01636c" candidate_term: 1 candidate_status { last_received { term: 0 index: 0 } } ignore_live_leader: false dest_uuid: "e6c51e0f80484ea1b328f8ba01762295" is_pre_election: true
W0401 16:41:34.228477 12432 leader_election.cc:348] T 278fa1bb7726469ba58f4245848f1046 P 691d7e738af946209181748f7c01636c [CANDIDATE]: Term 1 pre-election: Tablet error from VoteRequest() call to peer e6c51e0f80484ea1b328f8ba01762295 (127.11.224.1:47680): Illegal state: must be running to vote when last-logged opid is not known
I0401 16:41:34.230136 12352 leader_election.cc:310] T 3a5a3eb985a1449a842c4cbc6b054d8c P e6c51e0f80484ea1b328f8ba01762295 [CANDIDATE]: Term 1 election: Election decided. Result: candidate won. Election summary: received 3 responses out of 3 voters: 2 yes votes; 1 no votes. yes voters: e6c51e0f80484ea1b328f8ba01762295, ea22542beb2e4cf297a2b82c04c5485a; no voters: 691d7e738af946209181748f7c01636c
W0401 16:41:34.231974 12432 leader_election.cc:348] T 8a583f4e15144ad085e5373b90d24e01 P 691d7e738af946209181748f7c01636c [CANDIDATE]: Term 1 pre-election: Tablet error from VoteRequest() call to peer e6c51e0f80484ea1b328f8ba01762295 (127.11.224.1:47680): Illegal state: must be running to vote when last-logged opid is not known
I0401 16:41:34.234338 12593 tablet_bootstrap.cc:590] T 8a583f4e15144ad085e5373b90d24e01 P e6c51e0f80484ea1b328f8ba01762295: No blocks or log segments found. Creating new log.
I0401 16:41:34.234778 12610 raft_consensus.cc:2640] T 3a5a3eb985a1449a842c4cbc6b054d8c P e6c51e0f80484ea1b328f8ba01762295 [term 1 FOLLOWER]: Leader election won for term 1
I0401 16:41:34.236357 12610 raft_consensus.cc:667] T 3a5a3eb985a1449a842c4cbc6b054d8c P e6c51e0f80484ea1b328f8ba01762295 [term 1 LEADER]: Becoming Leader. State: Replica: e6c51e0f80484ea1b328f8ba01762295, State: Running, Role: LEADER
I0401 16:41:34.236742 12610 consensus_queue.cc:206] T 3a5a3eb985a1449a842c4cbc6b054d8c P e6c51e0f80484ea1b328f8ba01762295 [LEADER]: Queue going to LEADER mode. State: All replicated index: 0, Majority replicated index: 0, Committed index: 0, Last appended: 0.0, Last appended by leader: 0, Current term: 1, Majority size: 2, State: 0, Mode: LEADER, active raft config: opid_index: -1 OBSOLETE_local: false peers { permanent_uuid: "e6c51e0f80484ea1b328f8ba01762295" member_type: VOTER last_known_addr { host: "127.11.224.1" port: 47680 } } peers { permanent_uuid: "691d7e738af946209181748f7c01636c" member_type: VOTER last_known_addr { host: "127.11.224.2" port: 57495 } } peers { permanent_uuid: "ea22542beb2e4cf297a2b82c04c5485a" member_type: VOTER last_known_addr { host: "127.11.224.3" port: 41712 } }
I0401 16:41:34.252785 12541 tablet_service.cc:1276] Received RequestConsensusVote() RPC: tablet_id: "278fa1bb7726469ba58f4245848f1046" candidate_uuid: "691d7e738af946209181748f7c01636c" candidate_term: 1 candidate_status { last_received { term: 0 index: 0 } } ignore_live_leader: false dest_uuid: "ea22542beb2e4cf297a2b82c04c5485a" is_pre_election: true
I0401 16:41:34.253301 12541 raft_consensus.cc:2346] T 278fa1bb7726469ba58f4245848f1046 P ea22542beb2e4cf297a2b82c04c5485a [term 0 FOLLOWER]: Leader pre-election vote request: Granting yes vote for candidate 691d7e738af946209181748f7c01636c in term 0.
I0401 16:41:34.255229 12432 leader_election.cc:310] T 278fa1bb7726469ba58f4245848f1046 P 691d7e738af946209181748f7c01636c [CANDIDATE]: Term 1 pre-election: Election decided. Result: candidate won. Election summary: received 3 responses out of 3 voters: 2 yes votes; 1 no votes. yes voters: 691d7e738af946209181748f7c01636c, ea22542beb2e4cf297a2b82c04c5485a; no voters: e6c51e0f80484ea1b328f8ba01762295
I0401 16:41:34.255540 12540 tablet_service.cc:1276] Received RequestConsensusVote() RPC: tablet_id: "8a583f4e15144ad085e5373b90d24e01" candidate_uuid: "691d7e738af946209181748f7c01636c" candidate_term: 1 candidate_status { last_received { term: 0 index: 0 } } ignore_live_leader: false dest_uuid: "ea22542beb2e4cf297a2b82c04c5485a" is_pre_election: true
I0401 16:41:34.262452 12616 raft_consensus.cc:2640] T 278fa1bb7726469ba58f4245848f1046 P 691d7e738af946209181748f7c01636c [term 0 FOLLOWER]: Leader pre-election won for term 1
I0401 16:41:34.267675 12616 raft_consensus.cc:472] T 278fa1bb7726469ba58f4245848f1046 P 691d7e738af946209181748f7c01636c [term 0 FOLLOWER]: Starting leader election (no leader contacted us within the election timeout)
I0401 16:41:34.268561 12616 raft_consensus.cc:2886] T 278fa1bb7726469ba58f4245848f1046 P 691d7e738af946209181748f7c01636c [term 0 FOLLOWER]: Advancing to term 1
W0401 16:41:34.269428 12432 leader_election.cc:348] T 8a583f4e15144ad085e5373b90d24e01 P 691d7e738af946209181748f7c01636c [CANDIDATE]: Term 1 pre-election: Tablet error from VoteRequest() call to peer ea22542beb2e4cf297a2b82c04c5485a (127.11.224.3:41712): Illegal state: must be running to vote when last-logged opid is not known
I0401 16:41:34.272349 12432 leader_election.cc:310] T 8a583f4e15144ad085e5373b90d24e01 P 691d7e738af946209181748f7c01636c [CANDIDATE]: Term 1 pre-election: Election decided. Result: candidate lost. Election summary: received 3 responses out of 3 voters: 1 yes votes; 2 no votes. yes voters: 691d7e738af946209181748f7c01636c; no voters: e6c51e0f80484ea1b328f8ba01762295, ea22542beb2e4cf297a2b82c04c5485a
I0401 16:41:34.274744 12599 raft_consensus.cc:2588] T 8a583f4e15144ad085e5373b90d24e01 P 691d7e738af946209181748f7c01636c [term 0 FOLLOWER]: Leader pre-election lost for term 1. Reason: could not achieve majority
I0401 16:41:34.275904 12300 catalog_manager.cc:3977] T 1d9ff322fafe44b49647e1d0a461a9a8 P e6c51e0f80484ea1b328f8ba01762295 reported cstate change: term changed from 0 to 1, leader changed from to e6c51e0f80484ea1b328f8ba01762295 (127.11.224.1). New cstate: current_term: 1 leader_uuid: "e6c51e0f80484ea1b328f8ba01762295" committed_config { opid_index: -1 OBSOLETE_local: false peers { permanent_uuid: "691d7e738af946209181748f7c01636c" member_type: VOTER last_known_addr { host: "127.11.224.2" port: 57495 } health_report { overall_health: UNKNOWN } } peers { permanent_uuid: "e6c51e0f80484ea1b328f8ba01762295" member_type: VOTER last_known_addr { host: "127.11.224.1" port: 47680 } health_report { overall_health: HEALTHY } } peers { permanent_uuid: "ea22542beb2e4cf297a2b82c04c5485a" member_type: VOTER last_known_addr { host: "127.11.224.3" port: 41712 } health_report { overall_health: UNKNOWN } } }
I0401 16:41:34.280333 12398 tablet_service.cc:1276] Received RequestConsensusVote() RPC: tablet_id: "3f24ded7ec9b44c4b1f69713686999c7" candidate_uuid: "ea22542beb2e4cf297a2b82c04c5485a" candidate_term: 1 candidate_status { last_received { term: 0 index: 0 } } ignore_live_leader: false dest_uuid: "e6c51e0f80484ea1b328f8ba01762295" is_pre_election: true
I0401 16:41:34.282485 12398 raft_consensus.cc:2307] T 3f24ded7ec9b44c4b1f69713686999c7 P e6c51e0f80484ea1b328f8ba01762295 [term 1 LEADER]: Leader pre-election vote request: Denying vote to candidate ea22542beb2e4cf297a2b82c04c5485a for term 1 because replica is either leader or believes a valid leader to be alive.
I0401 16:41:34.277607 12300 catalog_manager.cc:3977] T 3a5a3eb985a1449a842c4cbc6b054d8c P e6c51e0f80484ea1b328f8ba01762295 reported cstate change: term changed from 0 to 1, leader changed from to e6c51e0f80484ea1b328f8ba01762295 (127.11.224.1). New cstate: current_term: 1 leader_uuid: "e6c51e0f80484ea1b328f8ba01762295" committed_config { opid_index: -1 OBSOLETE_local: false peers { permanent_uuid: "e6c51e0f80484ea1b328f8ba01762295" member_type: VOTER last_known_addr { host: "127.11.224.1" port: 47680 } health_report { overall_health: HEALTHY } } peers { permanent_uuid: "691d7e738af946209181748f7c01636c" member_type: VOTER last_known_addr { host: "127.11.224.2" port: 57495 } health_report { overall_health: UNKNOWN } } peers { permanent_uuid: "ea22542beb2e4cf297a2b82c04c5485a" member_type: VOTER last_known_addr { host: "127.11.224.3" port: 41712 } health_report { overall_health: UNKNOWN } } }
I0401 16:41:34.291956 12594 tablet_bootstrap.cc:439] T cf2344da4a8848a79e815e6f1306547a P ea22542beb2e4cf297a2b82c04c5485a: No bootstrap required, opened a new log
I0401 16:41:34.292515 12594 ts_tablet_manager.cc:1053] T cf2344da4a8848a79e815e6f1306547a P ea22542beb2e4cf297a2b82c04c5485a: Time spent bootstrapping tablet: real 0.129s user 0.005s sys 0.018s
I0401 16:41:34.294222 12594 raft_consensus.cc:340] T cf2344da4a8848a79e815e6f1306547a P ea22542beb2e4cf297a2b82c04c5485a [term 0 FOLLOWER]: Replica starting. Triggering 0 pending transactions. Active config: opid_index: -1 OBSOLETE_local: false peers { permanent_uuid: "e6c51e0f80484ea1b328f8ba01762295" member_type: VOTER last_known_addr { host: "127.11.224.1" port: 47680 } } peers { permanent_uuid: "691d7e738af946209181748f7c01636c" member_type: VOTER last_known_addr { host: "127.11.224.2" port: 57495 } } peers { permanent_uuid: "ea22542beb2e4cf297a2b82c04c5485a" member_type: VOTER last_known_addr { host: "127.11.224.3" port: 41712 } }
I0401 16:41:34.295006 12594 raft_consensus.cc:366] T cf2344da4a8848a79e815e6f1306547a P ea22542beb2e4cf297a2b82c04c5485a [term 0 FOLLOWER]: Consensus starting up: Expiring failure detector timer to make a prompt election more likely
I0401 16:41:34.295202 12593 tablet_bootstrap.cc:439] T 8a583f4e15144ad085e5373b90d24e01 P e6c51e0f80484ea1b328f8ba01762295: No bootstrap required, opened a new log
I0401 16:41:34.295887 12594 raft_consensus.cc:705] T cf2344da4a8848a79e815e6f1306547a P ea22542beb2e4cf297a2b82c04c5485a [term 0 FOLLOWER]: Becoming Follower/Learner. State: Replica: ea22542beb2e4cf297a2b82c04c5485a, State: Initialized, Role: FOLLOWER
I0401 16:41:34.297138 12594 consensus_queue.cc:229] T cf2344da4a8848a79e815e6f1306547a P ea22542beb2e4cf297a2b82c04c5485a [NON_LEADER]: Queue going to NON_LEADER mode. State: All replicated index: 0, Majority replicated index: 0, Committed index: 0, Last appended: 0.0, Last appended by leader: 0, Current term: 0, Majority size: -1, State: 0, Mode: NON_LEADER, active raft config: opid_index: -1 OBSOLETE_local: false peers { permanent_uuid: "e6c51e0f80484ea1b328f8ba01762295" member_type: VOTER last_known_addr { host: "127.11.224.1" port: 47680 } } peers { permanent_uuid: "691d7e738af946209181748f7c01636c" member_type: VOTER last_known_addr { host: "127.11.224.2" port: 57495 } } peers { permanent_uuid: "ea22542beb2e4cf297a2b82c04c5485a" member_type: VOTER last_known_addr { host: "127.11.224.3" port: 41712 } }
I0401 16:41:34.298094 12594 ts_tablet_manager.cc:1081] T cf2344da4a8848a79e815e6f1306547a P ea22542beb2e4cf297a2b82c04c5485a: Time spent starting tablet: real 0.005s user 0.001s sys 0.002s
I0401 16:41:34.299098 12593 ts_tablet_manager.cc:1053] T 8a583f4e15144ad085e5373b90d24e01 P e6c51e0f80484ea1b328f8ba01762295: Time spent bootstrapping tablet: real 0.119s user 0.003s sys 0.009s
I0401 16:41:34.299626 12594 tablet_bootstrap.cc:439] T 8a583f4e15144ad085e5373b90d24e01 P ea22542beb2e4cf297a2b82c04c5485a: Bootstrap starting.
I0401 16:41:34.305023 12471 tablet_service.cc:1276] Received RequestConsensusVote() RPC: tablet_id: "3f24ded7ec9b44c4b1f69713686999c7" candidate_uuid: "ea22542beb2e4cf297a2b82c04c5485a" candidate_term: 1 candidate_status { last_received { term: 0 index: 0 } } ignore_live_leader: false dest_uuid: "691d7e738af946209181748f7c01636c" is_pre_election: true
I0401 16:41:34.305733 12471 raft_consensus.cc:2276] T 3f24ded7ec9b44c4b1f69713686999c7 P 691d7e738af946209181748f7c01636c [term 1 FOLLOWER]: Leader pre-election vote request: Denying vote to candidate ea22542beb2e4cf297a2b82c04c5485a in current term 1: Already voted for candidate e6c51e0f80484ea1b328f8ba01762295 in this term.
I0401 16:41:34.304678 12593 raft_consensus.cc:340] T 8a583f4e15144ad085e5373b90d24e01 P e6c51e0f80484ea1b328f8ba01762295 [term 0 FOLLOWER]: Replica starting. Triggering 0 pending transactions. Active config: opid_index: -1 OBSOLETE_local: false peers { permanent_uuid: "691d7e738af946209181748f7c01636c" member_type: VOTER last_known_addr { host: "127.11.224.2" port: 57495 } } peers { permanent_uuid: "e6c51e0f80484ea1b328f8ba01762295" member_type: VOTER last_known_addr { host: "127.11.224.1" port: 47680 } } peers { permanent_uuid: "ea22542beb2e4cf297a2b82c04c5485a" member_type: VOTER last_known_addr { host: "127.11.224.3" port: 41712 } }
I0401 16:41:34.306416 12593 raft_consensus.cc:366] T 8a583f4e15144ad085e5373b90d24e01 P e6c51e0f80484ea1b328f8ba01762295 [term 0 FOLLOWER]: Consensus starting up: Expiring failure detector timer to make a prompt election more likely
I0401 16:41:34.304674 12616 raft_consensus.cc:494] T 278fa1bb7726469ba58f4245848f1046 P 691d7e738af946209181748f7c01636c [term 1 FOLLOWER]: Starting leader election with config: opid_index: -1 OBSOLETE_local: false peers { permanent_uuid: "691d7e738af946209181748f7c01636c" member_type: VOTER last_known_addr { host: "127.11.224.2" port: 57495 } } peers { permanent_uuid: "e6c51e0f80484ea1b328f8ba01762295" member_type: VOTER last_known_addr { host: "127.11.224.1" port: 47680 } } peers { permanent_uuid: "ea22542beb2e4cf297a2b82c04c5485a" member_type: VOTER last_known_addr { host: "127.11.224.3" port: 41712 } }
I0401 16:41:34.307338 12592 tablet_bootstrap.cc:439] T 58213f99590747369b50a74ed52178f4 P 691d7e738af946209181748f7c01636c: No bootstrap required, opened a new log
I0401 16:41:34.307464 12505 leader_election.cc:310] T 3f24ded7ec9b44c4b1f69713686999c7 P ea22542beb2e4cf297a2b82c04c5485a [CANDIDATE]: Term 1 pre-election: Election decided. Result: candidate lost. Election summary: received 3 responses out of 3 voters: 1 yes votes; 2 no votes. yes voters: ea22542beb2e4cf297a2b82c04c5485a; no voters: 691d7e738af946209181748f7c01636c, e6c51e0f80484ea1b328f8ba01762295
I0401 16:41:34.307548 12592 ts_tablet_manager.cc:1053] T 58213f99590747369b50a74ed52178f4 P 691d7e738af946209181748f7c01636c: Time spent bootstrapping tablet: real 0.143s user 0.002s sys 0.023s
I0401 16:41:34.307919 12593 raft_consensus.cc:705] T 8a583f4e15144ad085e5373b90d24e01 P e6c51e0f80484ea1b328f8ba01762295 [term 0 FOLLOWER]: Becoming Follower/Learner. State: Replica: e6c51e0f80484ea1b328f8ba01762295, State: Initialized, Role: FOLLOWER
I0401 16:41:34.308158 12616 leader_election.cc:296] T 278fa1bb7726469ba58f4245848f1046 P 691d7e738af946209181748f7c01636c [CANDIDATE]: Term 1 election: Requested vote from peers e6c51e0f80484ea1b328f8ba01762295 (127.11.224.1:47680), ea22542beb2e4cf297a2b82c04c5485a (127.11.224.3:41712)
I0401 16:41:34.308267 12601 raft_consensus.cc:2886] T 3f24ded7ec9b44c4b1f69713686999c7 P ea22542beb2e4cf297a2b82c04c5485a [term 0 FOLLOWER]: Advancing to term 1
I0401 16:41:34.308606 12540 tablet_service.cc:1276] Received RequestConsensusVote() RPC: tablet_id: "278fa1bb7726469ba58f4245848f1046" candidate_uuid: "691d7e738af946209181748f7c01636c" candidate_term: 1 candidate_status { last_received { term: 0 index: 0 } } ignore_live_leader: false dest_uuid: "ea22542beb2e4cf297a2b82c04c5485a"
I0401 16:41:34.308605 12398 tablet_service.cc:1276] Received RequestConsensusVote() RPC: tablet_id: "278fa1bb7726469ba58f4245848f1046" candidate_uuid: "691d7e738af946209181748f7c01636c" candidate_term: 1 candidate_status { last_received { term: 0 index: 0 } } ignore_live_leader: false dest_uuid: "e6c51e0f80484ea1b328f8ba01762295"
I0401 16:41:34.309144 12540 raft_consensus.cc:2886] T 278fa1bb7726469ba58f4245848f1046 P ea22542beb2e4cf297a2b82c04c5485a [term 0 FOLLOWER]: Advancing to term 1
