I0401 16:41:39.234782 13670 consensus_queue.cc:229] T 86f4a446b8dd4d9abb1d9214303842e3 P 23af318238484ef9a92eb95e6550dfcc [NON_LEADER]: Queue going to NON_LEADER mode. State: All replicated index: 0, Majority replicated index: 0, Committed index: 0, Last appended: 0.0, Last appended by leader: 0, Current term: 0, Majority size: -1, State: 0, Mode: NON_LEADER, active raft config: opid_index: -1 OBSOLETE_local: false peers { permanent_uuid: "06f0213f87654957840d437566ac9c74" member_type: VOTER last_known_addr { host: "127.11.224.1" port: 44443 } } peers { permanent_uuid: "08c5d9e5b99c47b99a22fe631293c55c" member_type: VOTER last_known_addr { host: "127.11.224.2" port: 43295 } } peers { permanent_uuid: "23af318238484ef9a92eb95e6550dfcc" member_type: VOTER last_known_addr { host: "127.11.224.3" port: 38333 } }
I0401 16:41:39.240752 13670 ts_tablet_manager.cc:1081] T 86f4a446b8dd4d9abb1d9214303842e3 P 23af318238484ef9a92eb95e6550dfcc: Time spent starting tablet: real 0.011s user 0.001s sys 0.002s
I0401 16:41:39.241029 13670 tablet_bootstrap.cc:439] T f87568f1327546d48d3cea2e12ebd08b P 23af318238484ef9a92eb95e6550dfcc: Bootstrap starting.
I0401 16:41:39.242697 13670 tablet_bootstrap.cc:590] T f87568f1327546d48d3cea2e12ebd08b P 23af318238484ef9a92eb95e6550dfcc: No blocks or log segments found. Creating new log.
I0401 16:41:39.244149 13269 catalog_manager.cc:3977] T f87568f1327546d48d3cea2e12ebd08b P 08c5d9e5b99c47b99a22fe631293c55c reported cstate change: term changed from 0 to 1, leader changed from to 08c5d9e5b99c47b99a22fe631293c55c (127.11.224.2). New cstate: current_term: 1 leader_uuid: "08c5d9e5b99c47b99a22fe631293c55c" committed_config { opid_index: -1 OBSOLETE_local: false peers { permanent_uuid: "06f0213f87654957840d437566ac9c74" member_type: VOTER last_known_addr { host: "127.11.224.1" port: 44443 } health_report { overall_health: UNKNOWN } } peers { permanent_uuid: "08c5d9e5b99c47b99a22fe631293c55c" member_type: VOTER last_known_addr { host: "127.11.224.2" port: 43295 } health_report { overall_health: HEALTHY } } peers { permanent_uuid: "23af318238484ef9a92eb95e6550dfcc" member_type: VOTER last_known_addr { host: "127.11.224.3" port: 38333 } health_report { overall_health: UNKNOWN } } }
I0401 16:41:39.240440 13671 raft_consensus.cc:340] T 1f1318e7978b461897280d152a86b709 P 08c5d9e5b99c47b99a22fe631293c55c [term 0 FOLLOWER]: Replica starting. Triggering 0 pending transactions. Active config: opid_index: -1 OBSOLETE_local: false peers { permanent_uuid: "06f0213f87654957840d437566ac9c74" member_type: VOTER last_known_addr { host: "127.11.224.1" port: 44443 } } peers { permanent_uuid: "08c5d9e5b99c47b99a22fe631293c55c" member_type: VOTER last_known_addr { host: "127.11.224.2" port: 43295 } } peers { permanent_uuid: "23af318238484ef9a92eb95e6550dfcc" member_type: VOTER last_known_addr { host: "127.11.224.3" port: 38333 } }
I0401 16:41:39.245535 13671 raft_consensus.cc:366] T 1f1318e7978b461897280d152a86b709 P 08c5d9e5b99c47b99a22fe631293c55c [term 0 FOLLOWER]: Consensus starting up: Expiring failure detector timer to make a prompt election more likely
I0401 16:41:39.245605 13671 raft_consensus.cc:705] T 1f1318e7978b461897280d152a86b709 P 08c5d9e5b99c47b99a22fe631293c55c [term 0 FOLLOWER]: Becoming Follower/Learner. State: Replica: 08c5d9e5b99c47b99a22fe631293c55c, State: Initialized, Role: FOLLOWER
I0401 16:41:39.245877 13671 consensus_queue.cc:229] T 1f1318e7978b461897280d152a86b709 P 08c5d9e5b99c47b99a22fe631293c55c [NON_LEADER]: Queue going to NON_LEADER mode. State: All replicated index: 0, Majority replicated index: 0, Committed index: 0, Last appended: 0.0, Last appended by leader: 0, Current term: 0, Majority size: -1, State: 0, Mode: NON_LEADER, active raft config: opid_index: -1 OBSOLETE_local: false peers { permanent_uuid: "06f0213f87654957840d437566ac9c74" member_type: VOTER last_known_addr { host: "127.11.224.1" port: 44443 } } peers { permanent_uuid: "08c5d9e5b99c47b99a22fe631293c55c" member_type: VOTER last_known_addr { host: "127.11.224.2" port: 43295 } } peers { permanent_uuid: "23af318238484ef9a92eb95e6550dfcc" member_type: VOTER last_known_addr { host: "127.11.224.3" port: 38333 } }
I0401 16:41:39.250802 13671 ts_tablet_manager.cc:1081] T 1f1318e7978b461897280d152a86b709 P 08c5d9e5b99c47b99a22fe631293c55c: Time spent starting tablet: real 0.016s user 0.002s sys 0.000s
I0401 16:41:39.253639 13670 tablet_bootstrap.cc:439] T f87568f1327546d48d3cea2e12ebd08b P 23af318238484ef9a92eb95e6550dfcc: No bootstrap required, opened a new log
I0401 16:41:39.253926 13670 ts_tablet_manager.cc:1053] T f87568f1327546d48d3cea2e12ebd08b P 23af318238484ef9a92eb95e6550dfcc: Time spent bootstrapping tablet: real 0.013s user 0.003s sys 0.005s
I0401 16:41:39.254469 13670 raft_consensus.cc:340] T f87568f1327546d48d3cea2e12ebd08b P 23af318238484ef9a92eb95e6550dfcc [term 0 FOLLOWER]: Replica starting. Triggering 0 pending transactions. Active config: opid_index: -1 OBSOLETE_local: false peers { permanent_uuid: "06f0213f87654957840d437566ac9c74" member_type: VOTER last_known_addr { host: "127.11.224.1" port: 44443 } } peers { permanent_uuid: "08c5d9e5b99c47b99a22fe631293c55c" member_type: VOTER last_known_addr { host: "127.11.224.2" port: 43295 } } peers { permanent_uuid: "23af318238484ef9a92eb95e6550dfcc" member_type: VOTER last_known_addr { host: "127.11.224.3" port: 38333 } }
I0401 16:41:39.254585 13670 raft_consensus.cc:366] T f87568f1327546d48d3cea2e12ebd08b P 23af318238484ef9a92eb95e6550dfcc [term 0 FOLLOWER]: Consensus starting up: Expiring failure detector timer to make a prompt election more likely
I0401 16:41:39.254622 13670 raft_consensus.cc:705] T f87568f1327546d48d3cea2e12ebd08b P 23af318238484ef9a92eb95e6550dfcc [term 0 FOLLOWER]: Becoming Follower/Learner. State: Replica: 23af318238484ef9a92eb95e6550dfcc, State: Initialized, Role: FOLLOWER
I0401 16:41:39.254760 13670 consensus_queue.cc:229] T f87568f1327546d48d3cea2e12ebd08b P 23af318238484ef9a92eb95e6550dfcc [NON_LEADER]: Queue going to NON_LEADER mode. State: All replicated index: 0, Majority replicated index: 0, Committed index: 0, Last appended: 0.0, Last appended by leader: 0, Current term: 0, Majority size: -1, State: 0, Mode: NON_LEADER, active raft config: opid_index: -1 OBSOLETE_local: false peers { permanent_uuid: "06f0213f87654957840d437566ac9c74" member_type: VOTER last_known_addr { host: "127.11.224.1" port: 44443 } } peers { permanent_uuid: "08c5d9e5b99c47b99a22fe631293c55c" member_type: VOTER last_known_addr { host: "127.11.224.2" port: 43295 } } peers { permanent_uuid: "23af318238484ef9a92eb95e6550dfcc" member_type: VOTER last_known_addr { host: "127.11.224.3" port: 38333 } }
I0401 16:41:39.256057 13670 ts_tablet_manager.cc:1081] T f87568f1327546d48d3cea2e12ebd08b P 23af318238484ef9a92eb95e6550dfcc: Time spent starting tablet: real 0.002s user 0.000s sys 0.001s
I0401 16:41:39.256409 13687 raft_consensus.cc:472] T 1f1318e7978b461897280d152a86b709 P 23af318238484ef9a92eb95e6550dfcc [term 0 FOLLOWER]: Starting pre-election (no leader contacted us within the election timeout)
I0401 16:41:39.256489 13687 raft_consensus.cc:494] T 1f1318e7978b461897280d152a86b709 P 23af318238484ef9a92eb95e6550dfcc [term 0 FOLLOWER]: Starting pre-election with config: opid_index: -1 OBSOLETE_local: false peers { permanent_uuid: "06f0213f87654957840d437566ac9c74" member_type: VOTER last_known_addr { host: "127.11.224.1" port: 44443 } } peers { permanent_uuid: "08c5d9e5b99c47b99a22fe631293c55c" member_type: VOTER last_known_addr { host: "127.11.224.2" port: 43295 } } peers { permanent_uuid: "23af318238484ef9a92eb95e6550dfcc" member_type: VOTER last_known_addr { host: "127.11.224.3" port: 38333 } }
I0401 16:41:39.257171 13687 leader_election.cc:296] T 1f1318e7978b461897280d152a86b709 P 23af318238484ef9a92eb95e6550dfcc [CANDIDATE]: Term 1 pre-election: Requested pre-vote from peers 06f0213f87654957840d437566ac9c74 (127.11.224.1:44443), 08c5d9e5b99c47b99a22fe631293c55c (127.11.224.2:43295)
I0401 16:41:39.257580 13472 tablet_service.cc:1276] Received RequestConsensusVote() RPC: tablet_id: "1f1318e7978b461897280d152a86b709" candidate_uuid: "23af318238484ef9a92eb95e6550dfcc" candidate_term: 1 candidate_status { last_received { term: 0 index: 0 } } ignore_live_leader: false dest_uuid: "06f0213f87654957840d437566ac9c74" is_pre_election: true
I0401 16:41:39.257643 13546 tablet_service.cc:1276] Received RequestConsensusVote() RPC: tablet_id: "1f1318e7978b461897280d152a86b709" candidate_uuid: "23af318238484ef9a92eb95e6550dfcc" candidate_term: 1 candidate_status { last_received { term: 0 index: 0 } } ignore_live_leader: false dest_uuid: "08c5d9e5b99c47b99a22fe631293c55c" is_pre_election: true
I0401 16:41:39.257740 13546 raft_consensus.cc:2346] T 1f1318e7978b461897280d152a86b709 P 08c5d9e5b99c47b99a22fe631293c55c [term 0 FOLLOWER]: Leader pre-election vote request: Granting yes vote for candidate 23af318238484ef9a92eb95e6550dfcc in term 0.
I0401 16:41:39.257728 13472 raft_consensus.cc:2346] T 1f1318e7978b461897280d152a86b709 P 06f0213f87654957840d437566ac9c74 [term 0 FOLLOWER]: Leader pre-election vote request: Granting yes vote for candidate 23af318238484ef9a92eb95e6550dfcc in term 0.
I0401 16:41:39.258066 13590 leader_election.cc:310] T 1f1318e7978b461897280d152a86b709 P 23af318238484ef9a92eb95e6550dfcc [CANDIDATE]: Term 1 pre-election: Election decided. Result: candidate won. Election summary: received 2 responses out of 3 voters: 2 yes votes; 0 no votes. yes voters: 08c5d9e5b99c47b99a22fe631293c55c, 23af318238484ef9a92eb95e6550dfcc; no voters:
I0401 16:41:39.258260 13687 raft_consensus.cc:2640] T 1f1318e7978b461897280d152a86b709 P 23af318238484ef9a92eb95e6550dfcc [term 0 FOLLOWER]: Leader pre-election won for term 1
I0401 16:41:39.258301 13687 raft_consensus.cc:472] T 1f1318e7978b461897280d152a86b709 P 23af318238484ef9a92eb95e6550dfcc [term 0 FOLLOWER]: Starting leader election (no leader contacted us within the election timeout)
I0401 16:41:39.258355 13687 raft_consensus.cc:2886] T 1f1318e7978b461897280d152a86b709 P 23af318238484ef9a92eb95e6550dfcc [term 0 FOLLOWER]: Advancing to term 1
I0401 16:41:39.260061 13687 raft_consensus.cc:494] T 1f1318e7978b461897280d152a86b709 P 23af318238484ef9a92eb95e6550dfcc [term 1 FOLLOWER]: Starting leader election with config: opid_index: -1 OBSOLETE_local: false peers { permanent_uuid: "06f0213f87654957840d437566ac9c74" member_type: VOTER last_known_addr { host: "127.11.224.1" port: 44443 } } peers { permanent_uuid: "08c5d9e5b99c47b99a22fe631293c55c" member_type: VOTER last_known_addr { host: "127.11.224.2" port: 43295 } } peers { permanent_uuid: "23af318238484ef9a92eb95e6550dfcc" member_type: VOTER last_known_addr { host: "127.11.224.3" port: 38333 } }
I0401 16:41:39.260577 13687 leader_election.cc:296] T 1f1318e7978b461897280d152a86b709 P 23af318238484ef9a92eb95e6550dfcc [CANDIDATE]: Term 1 election: Requested vote from peers 06f0213f87654957840d437566ac9c74 (127.11.224.1:44443), 08c5d9e5b99c47b99a22fe631293c55c (127.11.224.2:43295)
I0401 16:41:39.260833 13472 tablet_service.cc:1276] Received RequestConsensusVote() RPC: tablet_id: "1f1318e7978b461897280d152a86b709" candidate_uuid: "23af318238484ef9a92eb95e6550dfcc" candidate_term: 1 candidate_status { last_received { term: 0 index: 0 } } ignore_live_leader: false dest_uuid: "06f0213f87654957840d437566ac9c74"
I0401 16:41:39.260946 13472 raft_consensus.cc:2886] T 1f1318e7978b461897280d152a86b709 P 06f0213f87654957840d437566ac9c74 [term 0 FOLLOWER]: Advancing to term 1
I0401 16:41:39.261126 13546 tablet_service.cc:1276] Received RequestConsensusVote() RPC: tablet_id: "1f1318e7978b461897280d152a86b709" candidate_uuid: "23af318238484ef9a92eb95e6550dfcc" candidate_term: 1 candidate_status { last_received { term: 0 index: 0 } } ignore_live_leader: false dest_uuid: "08c5d9e5b99c47b99a22fe631293c55c"
I0401 16:41:39.261246 13546 raft_consensus.cc:2886] T 1f1318e7978b461897280d152a86b709 P 08c5d9e5b99c47b99a22fe631293c55c [term 0 FOLLOWER]: Advancing to term 1
I0401 16:41:39.262253 13472 raft_consensus.cc:2346] T 1f1318e7978b461897280d152a86b709 P 06f0213f87654957840d437566ac9c74 [term 1 FOLLOWER]: Leader election vote request: Granting yes vote for candidate 23af318238484ef9a92eb95e6550dfcc in term 1.
I0401 16:41:39.262501 13587 leader_election.cc:310] T 1f1318e7978b461897280d152a86b709 P 23af318238484ef9a92eb95e6550dfcc [CANDIDATE]: Term 1 election: Election decided. Result: candidate won. Election summary: received 2 responses out of 3 voters: 2 yes votes; 0 no votes. yes voters: 06f0213f87654957840d437566ac9c74, 23af318238484ef9a92eb95e6550dfcc; no voters:
I0401 16:41:39.262735 13687 raft_consensus.cc:2640] T 1f1318e7978b461897280d152a86b709 P 23af318238484ef9a92eb95e6550dfcc [term 1 FOLLOWER]: Leader election won for term 1
I0401 16:41:39.262830 13546 raft_consensus.cc:2346] T 1f1318e7978b461897280d152a86b709 P 08c5d9e5b99c47b99a22fe631293c55c [term 1 FOLLOWER]: Leader election vote request: Granting yes vote for candidate 23af318238484ef9a92eb95e6550dfcc in term 1.
I0401 16:41:39.262840 13687 raft_consensus.cc:667] T 1f1318e7978b461897280d152a86b709 P 23af318238484ef9a92eb95e6550dfcc [term 1 LEADER]: Becoming Leader. State: Replica: 23af318238484ef9a92eb95e6550dfcc, State: Running, Role: LEADER
I0401 16:41:39.263058 13687 consensus_queue.cc:206] T 1f1318e7978b461897280d152a86b709 P 23af318238484ef9a92eb95e6550dfcc [LEADER]: Queue going to LEADER mode. State: All replicated index: 0, Majority replicated index: 0, Committed index: 0, Last appended: 0.0, Last appended by leader: 0, Current term: 1, Majority size: 2, State: 0, Mode: LEADER, active raft config: opid_index: -1 OBSOLETE_local: false peers { permanent_uuid: "06f0213f87654957840d437566ac9c74" member_type: VOTER last_known_addr { host: "127.11.224.1" port: 44443 } } peers { permanent_uuid: "08c5d9e5b99c47b99a22fe631293c55c" member_type: VOTER last_known_addr { host: "127.11.224.2" port: 43295 } } peers { permanent_uuid: "23af318238484ef9a92eb95e6550dfcc" member_type: VOTER last_known_addr { host: "127.11.224.3" port: 38333 } }
I0401 16:41:39.265703 13269 catalog_manager.cc:3977] T 1f1318e7978b461897280d152a86b709 P 23af318238484ef9a92eb95e6550dfcc reported cstate change: term changed from 0 to 1, leader changed from to 23af318238484ef9a92eb95e6550dfcc (127.11.224.3). New cstate: current_term: 1 leader_uuid: "23af318238484ef9a92eb95e6550dfcc" committed_config { opid_index: -1 OBSOLETE_local: false peers { permanent_uuid: "06f0213f87654957840d437566ac9c74" member_type: VOTER last_known_addr { host: "127.11.224.1" port: 44443 } health_report { overall_health: UNKNOWN } } peers { permanent_uuid: "08c5d9e5b99c47b99a22fe631293c55c" member_type: VOTER last_known_addr { host: "127.11.224.2" port: 43295 } health_report { overall_health: UNKNOWN } } peers { permanent_uuid: "23af318238484ef9a92eb95e6550dfcc" member_type: VOTER last_known_addr { host: "127.11.224.3" port: 38333 } health_report { overall_health: HEALTHY } } }
I0401 16:41:39.370546 13687 raft_consensus.cc:472] T 55a20d481298439c9464da6bd6a35dee P 23af318238484ef9a92eb95e6550dfcc [term 0 FOLLOWER]: Starting pre-election (no leader contacted us within the election timeout)
I0401 16:41:39.370654 13687 raft_consensus.cc:494] T 55a20d481298439c9464da6bd6a35dee P 23af318238484ef9a92eb95e6550dfcc [term 0 FOLLOWER]: Starting pre-election with config: opid_index: -1 OBSOLETE_local: false peers { permanent_uuid: "08c5d9e5b99c47b99a22fe631293c55c" member_type: VOTER last_known_addr { host: "127.11.224.2" port: 43295 } } peers { permanent_uuid: "06f0213f87654957840d437566ac9c74" member_type: VOTER last_known_addr { host: "127.11.224.1" port: 44443 } } peers { permanent_uuid: "23af318238484ef9a92eb95e6550dfcc" member_type: VOTER last_known_addr { host: "127.11.224.3" port: 38333 } }
I0401 16:41:39.371253 13687 leader_election.cc:296] T 55a20d481298439c9464da6bd6a35dee P 23af318238484ef9a92eb95e6550dfcc [CANDIDATE]: Term 1 pre-election: Requested pre-vote from peers 08c5d9e5b99c47b99a22fe631293c55c (127.11.224.2:43295), 06f0213f87654957840d437566ac9c74 (127.11.224.1:44443)
I0401 16:41:39.371599 13546 tablet_service.cc:1276] Received RequestConsensusVote() RPC: tablet_id: "55a20d481298439c9464da6bd6a35dee" candidate_uuid: "23af318238484ef9a92eb95e6550dfcc" candidate_term: 1 candidate_status { last_received { term: 0 index: 0 } } ignore_live_leader: false dest_uuid: "08c5d9e5b99c47b99a22fe631293c55c" is_pre_election: true
I0401 16:41:39.371665 13472 tablet_service.cc:1276] Received RequestConsensusVote() RPC: tablet_id: "55a20d481298439c9464da6bd6a35dee" candidate_uuid: "23af318238484ef9a92eb95e6550dfcc" candidate_term: 1 candidate_status { last_received { term: 0 index: 0 } } ignore_live_leader: false dest_uuid: "06f0213f87654957840d437566ac9c74" is_pre_election: true
I0401 16:41:39.371789 13546 raft_consensus.cc:2307] T 55a20d481298439c9464da6bd6a35dee P 08c5d9e5b99c47b99a22fe631293c55c [term 1 LEADER]: Leader pre-election vote request: Denying vote to candidate 23af318238484ef9a92eb95e6550dfcc for term 1 because replica is either leader or believes a valid leader to be alive.
I0401 16:41:39.371827 13472 raft_consensus.cc:2276] T 55a20d481298439c9464da6bd6a35dee P 06f0213f87654957840d437566ac9c74 [term 1 FOLLOWER]: Leader pre-election vote request: Denying vote to candidate 23af318238484ef9a92eb95e6550dfcc in current term 1: Already voted for candidate 08c5d9e5b99c47b99a22fe631293c55c in this term.
I0401 16:41:39.372280 13590 leader_election.cc:310] T 55a20d481298439c9464da6bd6a35dee P 23af318238484ef9a92eb95e6550dfcc [CANDIDATE]: Term 1 pre-election: Election decided. Result: candidate lost. Election summary: received 3 responses out of 3 voters: 1 yes votes; 2 no votes. yes voters: 23af318238484ef9a92eb95e6550dfcc; no voters: 06f0213f87654957840d437566ac9c74, 08c5d9e5b99c47b99a22fe631293c55c
I0401 16:41:39.372509 13687 raft_consensus.cc:2886] T 55a20d481298439c9464da6bd6a35dee P 23af318238484ef9a92eb95e6550dfcc [term 0 FOLLOWER]: Advancing to term 1
I0401 16:41:39.374801 13687 raft_consensus.cc:2588] T 55a20d481298439c9464da6bd6a35dee P 23af318238484ef9a92eb95e6550dfcc [term 1 FOLLOWER]: Leader pre-election lost for term 1. Reason: could not achieve majority
I0401 16:41:39.460793 13546 raft_consensus.cc:2886] T 04f81e1b2f3e4f3f9d0b780d60d45c39 P 08c5d9e5b99c47b99a22fe631293c55c [term 0 FOLLOWER]: Advancing to term 1
I0401 16:41:39.462474 13546 raft_consensus.cc:1181] T 04f81e1b2f3e4f3f9d0b780d60d45c39 P 08c5d9e5b99c47b99a22fe631293c55c [term 1 FOLLOWER]: Refusing update from remote peer 23af318238484ef9a92eb95e6550dfcc: Log matching property violated. Preceding OpId in replica: term: 0 index: 0. Preceding OpId from leader: term: 1 index: 1. (index mismatch)
I0401 16:41:39.462982 13687 consensus_queue.cc:984] T 04f81e1b2f3e4f3f9d0b780d60d45c39 P 23af318238484ef9a92eb95e6550dfcc [LEADER]: Connected to new peer: Peer: permanent_uuid: "08c5d9e5b99c47b99a22fe631293c55c" member_type: VOTER last_known_addr { host: "127.11.224.2" port: 43295 }, Status: LMP_MISMATCH, Last received: 0.0, Next index: 1, Last known committed idx: 0, Time since last communication: 0.000s
I0401 16:41:39.467474 13472 raft_consensus.cc:1181] T 04f81e1b2f3e4f3f9d0b780d60d45c39 P 06f0213f87654957840d437566ac9c74 [term 1 FOLLOWER]: Refusing update from remote peer 23af318238484ef9a92eb95e6550dfcc: Log matching property violated. Preceding OpId in replica: term: 0 index: 0. Preceding OpId from leader: term: 1 index: 1. (index mismatch)
I0401 16:41:39.469470 13687 consensus_queue.cc:984] T 04f81e1b2f3e4f3f9d0b780d60d45c39 P 23af318238484ef9a92eb95e6550dfcc [LEADER]: Connected to new peer: Peer: permanent_uuid: "06f0213f87654957840d437566ac9c74" member_type: VOTER last_known_addr { host: "127.11.224.1" port: 44443 }, Status: LMP_MISMATCH, Last received: 0.0, Next index: 1, Last known committed idx: 0, Time since last communication: 0.000s
I0401 16:41:39.482487 13676 raft_consensus.cc:472] T 384e1ddffaff458485ef136a4df89922 P 06f0213f87654957840d437566ac9c74 [term 0 FOLLOWER]: Starting pre-election (no leader contacted us within the election timeout)
I0401 16:41:39.482581 13676 raft_consensus.cc:494] T 384e1ddffaff458485ef136a4df89922 P 06f0213f87654957840d437566ac9c74 [term 0 FOLLOWER]: Starting pre-election with config: opid_index: -1 OBSOLETE_local: false peers { permanent_uuid: "06f0213f87654957840d437566ac9c74" member_type: VOTER last_known_addr { host: "127.11.224.1" port: 44443 } } peers { permanent_uuid: "23af318238484ef9a92eb95e6550dfcc" member_type: VOTER last_known_addr { host: "127.11.224.3" port: 38333 } } peers { permanent_uuid: "08c5d9e5b99c47b99a22fe631293c55c" member_type: VOTER last_known_addr { host: "127.11.224.2" port: 43295 } }
I0401 16:41:39.483106 13676 leader_election.cc:296] T 384e1ddffaff458485ef136a4df89922 P 06f0213f87654957840d437566ac9c74 [CANDIDATE]: Term 1 pre-election: Requested pre-vote from peers 23af318238484ef9a92eb95e6550dfcc (127.11.224.3:38333), 08c5d9e5b99c47b99a22fe631293c55c (127.11.224.2:43295)
I0401 16:41:39.483428 13626 tablet_service.cc:1276] Received RequestConsensusVote() RPC: tablet_id: "384e1ddffaff458485ef136a4df89922" candidate_uuid: "06f0213f87654957840d437566ac9c74" candidate_term: 1 candidate_status { last_received { term: 0 index: 0 } } ignore_live_leader: false dest_uuid: "23af318238484ef9a92eb95e6550dfcc" is_pre_election: true
I0401 16:41:39.483608 13626 raft_consensus.cc:2276] T 384e1ddffaff458485ef136a4df89922 P 23af318238484ef9a92eb95e6550dfcc [term 1 FOLLOWER]: Leader pre-election vote request: Denying vote to candidate 06f0213f87654957840d437566ac9c74 in current term 1: Already voted for candidate 23af318238484ef9a92eb95e6550dfcc in this term.
I0401 16:41:39.483484 13546 tablet_service.cc:1276] Received RequestConsensusVote() RPC: tablet_id: "384e1ddffaff458485ef136a4df89922" candidate_uuid: "06f0213f87654957840d437566ac9c74" candidate_term: 1 candidate_status { last_received { term: 0 index: 0 } } ignore_live_leader: false dest_uuid: "08c5d9e5b99c47b99a22fe631293c55c" is_pre_election: true
I0401 16:41:39.483703 13546 raft_consensus.cc:2276] T 384e1ddffaff458485ef136a4df89922 P 08c5d9e5b99c47b99a22fe631293c55c [term 1 FOLLOWER]: Leader pre-election vote request: Denying vote to candidate 06f0213f87654957840d437566ac9c74 in current term 1: Already voted for candidate 08c5d9e5b99c47b99a22fe631293c55c in this term.
I0401 16:41:39.484119 13437 leader_election.cc:310] T 384e1ddffaff458485ef136a4df89922 P 06f0213f87654957840d437566ac9c74 [CANDIDATE]: Term 1 pre-election: Election decided. Result: candidate lost. Election summary: received 3 responses out of 3 voters: 1 yes votes; 2 no votes. yes voters: 06f0213f87654957840d437566ac9c74; no voters: 08c5d9e5b99c47b99a22fe631293c55c, 23af318238484ef9a92eb95e6550dfcc
I0401 16:41:39.484340 13676 raft_consensus.cc:2886] T 384e1ddffaff458485ef136a4df89922 P 06f0213f87654957840d437566ac9c74 [term 0 FOLLOWER]: Advancing to term 1
I0401 16:41:39.486294 13676 raft_consensus.cc:2588] T 384e1ddffaff458485ef136a4df89922 P 06f0213f87654957840d437566ac9c74 [term 1 FOLLOWER]: Leader pre-election lost for term 1. Reason: could not achieve majority
I0401 16:41:39.496506 13546 raft_consensus.cc:1181] T d621d7353f94423ba39af452834b78d4 P 08c5d9e5b99c47b99a22fe631293c55c [term 1 FOLLOWER]: Refusing update from remote peer 06f0213f87654957840d437566ac9c74: Log matching property violated. Preceding OpId in replica: term: 0 index: 0. Preceding OpId from leader: term: 1 index: 1. (index mismatch)
I0401 16:41:39.497092 13676 consensus_queue.cc:984] T d621d7353f94423ba39af452834b78d4 P 06f0213f87654957840d437566ac9c74 [LEADER]: Connected to new peer: Peer: permanent_uuid: "08c5d9e5b99c47b99a22fe631293c55c" member_type: VOTER last_known_addr { host: "127.11.224.2" port: 43295 }, Status: LMP_MISMATCH, Last received: 0.0, Next index: 1, Last known committed idx: 0, Time since last communication: 0.000s
I0401 16:41:39.500494 13472 raft_consensus.cc:1181] T 96dfd007ed1d43b5baae5e46cf2ba91a P 06f0213f87654957840d437566ac9c74 [term 1 FOLLOWER]: Refusing update from remote peer 23af318238484ef9a92eb95e6550dfcc: Log matching property violated. Preceding OpId in replica: term: 0 index: 0. Preceding OpId from leader: term: 1 index: 1. (index mismatch)
I0401 16:41:39.501014 13687 consensus_queue.cc:984] T 96dfd007ed1d43b5baae5e46cf2ba91a P 23af318238484ef9a92eb95e6550dfcc [LEADER]: Connected to new peer: Peer: permanent_uuid: "06f0213f87654957840d437566ac9c74" member_type: VOTER last_known_addr { host: "127.11.224.1" port: 44443 }, Status: LMP_MISMATCH, Last received: 0.0, Next index: 1, Last known committed idx: 0, Time since last communication: 0.000s
I0401 16:41:39.501677 13626 raft_consensus.cc:2886] T d621d7353f94423ba39af452834b78d4 P 23af318238484ef9a92eb95e6550dfcc [term 0 FOLLOWER]: Advancing to term 1
I0401 16:41:39.504724 13626 raft_consensus.cc:1181] T d621d7353f94423ba39af452834b78d4 P 23af318238484ef9a92eb95e6550dfcc [term 1 FOLLOWER]: Refusing update from remote peer 06f0213f87654957840d437566ac9c74: Log matching property violated. Preceding OpId in replica: term: 0 index: 0. Preceding OpId from leader: term: 1 index: 1. (index mismatch)
I0401 16:41:39.505465 13709 consensus_queue.cc:984] T d621d7353f94423ba39af452834b78d4 P 06f0213f87654957840d437566ac9c74 [LEADER]: Connected to new peer: Peer: permanent_uuid: "23af318238484ef9a92eb95e6550dfcc" member_type: VOTER last_known_addr { host: "127.11.224.3" port: 38333 }, Status: LMP_MISMATCH, Last received: 0.0, Next index: 1, Last known committed idx: 0, Time since last communication: 0.000s
I0401 16:41:39.511349 13546 raft_consensus.cc:1181] T 96dfd007ed1d43b5baae5e46cf2ba91a P 08c5d9e5b99c47b99a22fe631293c55c [term 1 FOLLOWER]: Refusing update from remote peer 23af318238484ef9a92eb95e6550dfcc: Log matching property violated. Preceding OpId in replica: term: 0 index: 0. Preceding OpId from leader: term: 1 index: 1. (index mismatch)
I0401 16:41:39.512109 13692 consensus_queue.cc:984] T 96dfd007ed1d43b5baae5e46cf2ba91a P 23af318238484ef9a92eb95e6550dfcc [LEADER]: Connected to new peer: Peer: permanent_uuid: "08c5d9e5b99c47b99a22fe631293c55c" member_type: VOTER last_known_addr { host: "127.11.224.2" port: 43295 }, Status: LMP_MISMATCH, Last received: 0.0, Next index: 1, Last known committed idx: 0, Time since last communication: 0.000s
I0401 16:41:39.550963 13626 raft_consensus.cc:1181] T 55a20d481298439c9464da6bd6a35dee P 23af318238484ef9a92eb95e6550dfcc [term 1 FOLLOWER]: Refusing update from remote peer 08c5d9e5b99c47b99a22fe631293c55c: Log matching property violated. Preceding OpId in replica: term: 0 index: 0. Preceding OpId from leader: term: 1 index: 1. (index mismatch)
I0401 16:41:39.551425 13690 consensus_queue.cc:984] T 55a20d481298439c9464da6bd6a35dee P 08c5d9e5b99c47b99a22fe631293c55c [LEADER]: Connected to new peer: Peer: permanent_uuid: "23af318238484ef9a92eb95e6550dfcc" member_type: VOTER last_known_addr { host: "127.11.224.3" port: 38333 }, Status: LMP_MISMATCH, Last received: 0.0, Next index: 1, Last known committed idx: 0, Time since last communication: 0.000s
I0401 16:41:39.555534 13472 raft_consensus.cc:1181] T 55a20d481298439c9464da6bd6a35dee P 06f0213f87654957840d437566ac9c74 [term 1 FOLLOWER]: Refusing update from remote peer 08c5d9e5b99c47b99a22fe631293c55c: Log matching property violated. Preceding OpId in replica: term: 0 index: 0. Preceding OpId from leader: term: 1 index: 1. (index mismatch)
I0401 16:41:39.556020 13679 consensus_queue.cc:984] T 55a20d481298439c9464da6bd6a35dee P 08c5d9e5b99c47b99a22fe631293c55c [LEADER]: Connected to new peer: Peer: permanent_uuid: "06f0213f87654957840d437566ac9c74" member_type: VOTER last_known_addr { host: "127.11.224.1" port: 44443 }, Status: LMP_MISMATCH, Last received: 0.0, Next index: 1, Last known committed idx: 0, Time since last communication: 0.000s
I0401 16:41:39.597362 13472 raft_consensus.cc:1181] T 28edfa2828274f5d894d568f23c58db8 P 06f0213f87654957840d437566ac9c74 [term 1 FOLLOWER]: Refusing update from remote peer 23af318238484ef9a92eb95e6550dfcc: Log matching property violated. Preceding OpId in replica: term: 0 index: 0. Preceding OpId from leader: term: 1 index: 1. (index mismatch)
I0401 16:41:39.597841 13692 consensus_queue.cc:984] T 28edfa2828274f5d894d568f23c58db8 P 23af318238484ef9a92eb95e6550dfcc [LEADER]: Connected to new peer: Peer: permanent_uuid: "06f0213f87654957840d437566ac9c74" member_type: VOTER last_known_addr { host: "127.11.224.1" port: 44443 }, Status: LMP_MISMATCH, Last received: 0.0, Next index: 1, Last known committed idx: 0, Time since last communication: 0.000s
I0401 16:41:39.602355 13546 raft_consensus.cc:1181] T 28edfa2828274f5d894d568f23c58db8 P 08c5d9e5b99c47b99a22fe631293c55c [term 1 FOLLOWER]: Refusing update from remote peer 23af318238484ef9a92eb95e6550dfcc: Log matching property violated. Preceding OpId in replica: term: 0 index: 0. Preceding OpId from leader: term: 1 index: 1. (index mismatch)
I0401 16:41:39.603296 13674 consensus_queue.cc:984] T 28edfa2828274f5d894d568f23c58db8 P 23af318238484ef9a92eb95e6550dfcc [LEADER]: Connected to new peer: Peer: permanent_uuid: "08c5d9e5b99c47b99a22fe631293c55c" member_type: VOTER last_known_addr { host: "127.11.224.2" port: 43295 }, Status: LMP_MISMATCH, Last received: 0.0, Next index: 1, Last known committed idx: 0, Time since last communication: 0.000s
I0401 16:41:39.621918 13626 raft_consensus.cc:2886] T f87568f1327546d48d3cea2e12ebd08b P 23af318238484ef9a92eb95e6550dfcc [term 0 FOLLOWER]: Advancing to term 1
I0401 16:41:39.623579 13626 raft_consensus.cc:1181] T f87568f1327546d48d3cea2e12ebd08b P 23af318238484ef9a92eb95e6550dfcc [term 1 FOLLOWER]: Refusing update from remote peer 08c5d9e5b99c47b99a22fe631293c55c: Log matching property violated. Preceding OpId in replica: term: 0 index: 0. Preceding OpId from leader: term: 1 index: 1. (index mismatch)
I0401 16:41:39.624032 13679 consensus_queue.cc:984] T f87568f1327546d48d3cea2e12ebd08b P 08c5d9e5b99c47b99a22fe631293c55c [LEADER]: Connected to new peer: Peer: permanent_uuid: "23af318238484ef9a92eb95e6550dfcc" member_type: VOTER last_known_addr { host: "127.11.224.3" port: 38333 }, Status: LMP_MISMATCH, Last received: 0.0, Next index: 1, Last known committed idx: 0, Time since last communication: 0.000s
I0401 16:41:39.629293 13472 raft_consensus.cc:1181] T f87568f1327546d48d3cea2e12ebd08b P 06f0213f87654957840d437566ac9c74 [term 1 FOLLOWER]: Refusing update from remote peer 08c5d9e5b99c47b99a22fe631293c55c: Log matching property violated. Preceding OpId in replica: term: 0 index: 0. Preceding OpId from leader: term: 1 index: 1. (index mismatch)
I0401 16:41:39.630340 13679 consensus_queue.cc:984] T f87568f1327546d48d3cea2e12ebd08b P 08c5d9e5b99c47b99a22fe631293c55c [LEADER]: Connected to new peer: Peer: permanent_uuid: "06f0213f87654957840d437566ac9c74" member_type: VOTER last_known_addr { host: "127.11.224.1" port: 44443 }, Status: LMP_MISMATCH, Last received: 0.0, Next index: 1, Last known committed idx: 0, Time since last communication: 0.000s
I0401 16:41:39.637609 13626 raft_consensus.cc:2886] T 86f4a446b8dd4d9abb1d9214303842e3 P 23af318238484ef9a92eb95e6550dfcc [term 0 FOLLOWER]: Advancing to term 1
I0401 16:41:39.639212 13626 raft_consensus.cc:1181] T 86f4a446b8dd4d9abb1d9214303842e3 P 23af318238484ef9a92eb95e6550dfcc [term 1 FOLLOWER]: Refusing update from remote peer 08c5d9e5b99c47b99a22fe631293c55c: Log matching property violated. Preceding OpId in replica: term: 0 index: 0. Preceding OpId from leader: term: 1 index: 1. (index mismatch)
I0401 16:41:39.639652 13690 consensus_queue.cc:984] T 86f4a446b8dd4d9abb1d9214303842e3 P 08c5d9e5b99c47b99a22fe631293c55c [LEADER]: Connected to new peer: Peer: permanent_uuid: "23af318238484ef9a92eb95e6550dfcc" member_type: VOTER last_known_addr { host: "127.11.224.3" port: 38333 }, Status: LMP_MISMATCH, Last received: 0.0, Next index: 1, Last known committed idx: 0, Time since last communication: 0.000s
I0401 16:41:39.642942 13473 raft_consensus.cc:1181] T 86f4a446b8dd4d9abb1d9214303842e3 P 06f0213f87654957840d437566ac9c74 [term 1 FOLLOWER]: Refusing update from remote peer 08c5d9e5b99c47b99a22fe631293c55c: Log matching property violated. Preceding OpId in replica: term: 0 index: 0. Preceding OpId from leader: term: 1 index: 1. (index mismatch)
I0401 16:41:39.643632 13679 consensus_queue.cc:984] T 86f4a446b8dd4d9abb1d9214303842e3 P 08c5d9e5b99c47b99a22fe631293c55c [LEADER]: Connected to new peer: Peer: permanent_uuid: "06f0213f87654957840d437566ac9c74" member_type: VOTER last_known_addr { host: "127.11.224.1" port: 44443 }, Status: LMP_MISMATCH, Last received: 0.0, Next index: 1, Last known committed idx: 0, Time since last communication: 0.000s
I0401 16:41:39.700351 13473 raft_consensus.cc:1181] T 1f1318e7978b461897280d152a86b709 P 06f0213f87654957840d437566ac9c74 [term 1 FOLLOWER]: Refusing update from remote peer 23af318238484ef9a92eb95e6550dfcc: Log matching property violated. Preceding OpId in replica: term: 0 index: 0. Preceding OpId from leader: term: 1 index: 1. (index mismatch)
I0401 16:41:39.700850 13674 consensus_queue.cc:984] T 1f1318e7978b461897280d152a86b709 P 23af318238484ef9a92eb95e6550dfcc [LEADER]: Connected to new peer: Peer: permanent_uuid: "06f0213f87654957840d437566ac9c74" member_type: VOTER last_known_addr { host: "127.11.224.1" port: 44443 }, Status: LMP_MISMATCH, Last received: 0.0, Next index: 1, Last known committed idx: 0, Time since last communication: 0.000s
I0401 16:41:39.707428 13546 raft_consensus.cc:1181] T 1f1318e7978b461897280d152a86b709 P 08c5d9e5b99c47b99a22fe631293c55c [term 1 FOLLOWER]: Refusing update from remote peer 23af318238484ef9a92eb95e6550dfcc: Log matching property violated. Preceding OpId in replica: term: 0 index: 0. Preceding OpId from leader: term: 1 index: 1. (index mismatch)
I0401 16:41:39.708010 13674 consensus_queue.cc:984] T 1f1318e7978b461897280d152a86b709 P 23af318238484ef9a92eb95e6550dfcc [LEADER]: Connected to new peer: Peer: permanent_uuid: "08c5d9e5b99c47b99a22fe631293c55c" member_type: VOTER last_known_addr { host: "127.11.224.2" port: 43295 }, Status: LMP_MISMATCH, Last received: 0.0, Next index: 1, Last known committed idx: 0, Time since last communication: 0.000s
I0401 16:41:39.818820 13626 raft_consensus.cc:1181] T 37932eedad8b4cc0976a2646090f84b3 P 23af318238484ef9a92eb95e6550dfcc [term 1 FOLLOWER]: Refusing update from remote peer 06f0213f87654957840d437566ac9c74: Log matching property violated. Preceding OpId in replica: term: 0 index: 0. Preceding OpId from leader: term: 1 index: 1. (index mismatch)
I0401 16:41:39.819327 13676 consensus_queue.cc:984] T 37932eedad8b4cc0976a2646090f84b3 P 06f0213f87654957840d437566ac9c74 [LEADER]: Connected to new peer: Peer: permanent_uuid: "23af318238484ef9a92eb95e6550dfcc" member_type: VOTER last_known_addr { host: "127.11.224.3" port: 38333 }, Status: LMP_MISMATCH, Last received: 0.0, Next index: 1, Last known committed idx: 0, Time since last communication: 0.000s
I0401 16:41:39.822659 13546 raft_consensus.cc:1181] T 37932eedad8b4cc0976a2646090f84b3 P 08c5d9e5b99c47b99a22fe631293c55c [term 1 FOLLOWER]: Refusing update from remote peer 06f0213f87654957840d437566ac9c74: Log matching property violated. Preceding OpId in replica: term: 0 index: 0. Preceding OpId from leader: term: 1 index: 1. (index mismatch)
I0401 16:41:39.823287 13676 consensus_queue.cc:984] T 37932eedad8b4cc0976a2646090f84b3 P 06f0213f87654957840d437566ac9c74 [LEADER]: Connected to new peer: Peer: permanent_uuid: "08c5d9e5b99c47b99a22fe631293c55c" member_type: VOTER last_known_addr { host: "127.11.224.2" port: 43295 }, Status: LMP_MISMATCH, Last received: 0.0, Next index: 1, Last known committed idx: 0, Time since last communication: 0.000s
I0401 16:41:40.704277 13679 raft_consensus.cc:472] T 384e1ddffaff458485ef136a4df89922 P 08c5d9e5b99c47b99a22fe631293c55c [term 1 FOLLOWER]: Starting pre-election (no leader contacted us within the election timeout)
I0401 16:41:40.704444 13679 raft_consensus.cc:494] T 384e1ddffaff458485ef136a4df89922 P 08c5d9e5b99c47b99a22fe631293c55c [term 1 FOLLOWER]: Starting pre-election with config: opid_index: -1 OBSOLETE_local: false peers { permanent_uuid: "06f0213f87654957840d437566ac9c74" member_type: VOTER last_known_addr { host: "127.11.224.1" port: 44443 } } peers { permanent_uuid: "23af318238484ef9a92eb95e6550dfcc" member_type: VOTER last_known_addr { host: "127.11.224.3" port: 38333 } } peers { permanent_uuid: "08c5d9e5b99c47b99a22fe631293c55c" member_type: VOTER last_known_addr { host: "127.11.224.2" port: 43295 } }
I0401 16:41:40.705312 13679 leader_election.cc:296] T 384e1ddffaff458485ef136a4df89922 P 08c5d9e5b99c47b99a22fe631293c55c [CANDIDATE]: Term 2 pre-election: Requested pre-vote from peers 06f0213f87654957840d437566ac9c74 (127.11.224.1:44443), 23af318238484ef9a92eb95e6550dfcc (127.11.224.3:38333)
I0401 16:41:40.705549 13473 tablet_service.cc:1276] Received RequestConsensusVote() RPC: tablet_id: "384e1ddffaff458485ef136a4df89922" candidate_uuid: "08c5d9e5b99c47b99a22fe631293c55c" candidate_term: 2 candidate_status { last_received { term: 0 index: 0 } } ignore_live_leader: false dest_uuid: "06f0213f87654957840d437566ac9c74" is_pre_election: true
I0401 16:41:40.705690 13626 tablet_service.cc:1276] Received RequestConsensusVote() RPC: tablet_id: "384e1ddffaff458485ef136a4df89922" candidate_uuid: "08c5d9e5b99c47b99a22fe631293c55c" candidate_term: 2 candidate_status { last_received { term: 0 index: 0 } } ignore_live_leader: false dest_uuid: "23af318238484ef9a92eb95e6550dfcc" is_pre_election: true
I0401 16:41:40.705766 13473 raft_consensus.cc:2346] T 384e1ddffaff458485ef136a4df89922 P 06f0213f87654957840d437566ac9c74 [term 1 FOLLOWER]: Leader pre-election vote request: Granting yes vote for candidate 08c5d9e5b99c47b99a22fe631293c55c in term 1.
I0401 16:41:40.705914 13626 raft_consensus.cc:2346] T 384e1ddffaff458485ef136a4df89922 P 23af318238484ef9a92eb95e6550dfcc [term 1 FOLLOWER]: Leader pre-election vote request: Granting yes vote for candidate 08c5d9e5b99c47b99a22fe631293c55c in term 1.
I0401 16:41:40.706213 13507 leader_election.cc:310] T 384e1ddffaff458485ef136a4df89922 P 08c5d9e5b99c47b99a22fe631293c55c [CANDIDATE]: Term 2 pre-election: Election decided. Result: candidate won. Election summary: received 2 responses out of 3 voters: 2 yes votes; 0 no votes. yes voters: 08c5d9e5b99c47b99a22fe631293c55c, 23af318238484ef9a92eb95e6550dfcc; no voters:
I0401 16:41:40.706840 13679 raft_consensus.cc:2640] T 384e1ddffaff458485ef136a4df89922 P 08c5d9e5b99c47b99a22fe631293c55c [term 1 FOLLOWER]: Leader pre-election won for term 2
I0401 16:41:40.706948 13679 raft_consensus.cc:472] T 384e1ddffaff458485ef136a4df89922 P 08c5d9e5b99c47b99a22fe631293c55c [term 1 FOLLOWER]: Starting leader election (no leader contacted us within the election timeout)
I0401 16:41:40.707671 13679 raft_consensus.cc:2886] T 384e1ddffaff458485ef136a4df89922 P 08c5d9e5b99c47b99a22fe631293c55c [term 1 FOLLOWER]: Advancing to term 2
I0401 16:41:40.709893 13679 raft_consensus.cc:494] T 384e1ddffaff458485ef136a4df89922 P 08c5d9e5b99c47b99a22fe631293c55c [term 2 FOLLOWER]: Starting leader election with config: opid_index: -1 OBSOLETE_local: false peers { permanent_uuid: "06f0213f87654957840d437566ac9c74" member_type: VOTER last_known_addr { host: "127.11.224.1" port: 44443 } } peers { permanent_uuid: "23af318238484ef9a92eb95e6550dfcc" member_type: VOTER last_known_addr { host: "127.11.224.3" port: 38333 } } peers { permanent_uuid: "08c5d9e5b99c47b99a22fe631293c55c" member_type: VOTER last_known_addr { host: "127.11.224.2" port: 43295 } }
I0401 16:41:40.710701 13679 leader_election.cc:296] T 384e1ddffaff458485ef136a4df89922 P 08c5d9e5b99c47b99a22fe631293c55c [CANDIDATE]: Term 2 election: Requested vote from peers 06f0213f87654957840d437566ac9c74 (127.11.224.1:44443), 23af318238484ef9a92eb95e6550dfcc (127.11.224.3:38333)
I0401 16:41:40.711166 13626 tablet_service.cc:1276] Received RequestConsensusVote() RPC: tablet_id: "384e1ddffaff458485ef136a4df89922" candidate_uuid: "08c5d9e5b99c47b99a22fe631293c55c" candidate_term: 2 candidate_status { last_received { term: 0 index: 0 } } ignore_live_leader: false dest_uuid: "23af318238484ef9a92eb95e6550dfcc"
I0401 16:41:40.711231 13473 tablet_service.cc:1276] Received RequestConsensusVote() RPC: tablet_id: "384e1ddffaff458485ef136a4df89922" candidate_uuid: "08c5d9e5b99c47b99a22fe631293c55c" candidate_term: 2 candidate_status { last_received { term: 0 index: 0 } } ignore_live_leader: false dest_uuid: "06f0213f87654957840d437566ac9c74"
I0401 16:41:40.711585 13473 raft_consensus.cc:2886] T 384e1ddffaff458485ef136a4df89922 P 06f0213f87654957840d437566ac9c74 [term 1 FOLLOWER]: Advancing to term 2
I0401 16:41:40.711587 13626 raft_consensus.cc:2886] T 384e1ddffaff458485ef136a4df89922 P 23af318238484ef9a92eb95e6550dfcc [term 1 FOLLOWER]: Advancing to term 2
I0401 16:41:40.713395 13626 raft_consensus.cc:2346] T 384e1ddffaff458485ef136a4df89922 P 23af318238484ef9a92eb95e6550dfcc [term 2 FOLLOWER]: Leader election vote request: Granting yes vote for candidate 08c5d9e5b99c47b99a22fe631293c55c in term 2.
I0401 16:41:40.713448 13473 raft_consensus.cc:2346] T 384e1ddffaff458485ef136a4df89922 P 06f0213f87654957840d437566ac9c74 [term 2 FOLLOWER]: Leader election vote request: Granting yes vote for candidate 08c5d9e5b99c47b99a22fe631293c55c in term 2.
I0401 16:41:40.713740 13507 leader_election.cc:310] T 384e1ddffaff458485ef136a4df89922 P 08c5d9e5b99c47b99a22fe631293c55c [CANDIDATE]: Term 2 election: Election decided. Result: candidate won. Election summary: received 2 responses out of 3 voters: 2 yes votes; 0 no votes. yes voters: 08c5d9e5b99c47b99a22fe631293c55c, 23af318238484ef9a92eb95e6550dfcc; no voters:
I0401 16:41:40.714164 13679 raft_consensus.cc:2640] T 384e1ddffaff458485ef136a4df89922 P 08c5d9e5b99c47b99a22fe631293c55c [term 2 FOLLOWER]: Leader election won for term 2
I0401 16:41:40.714634 13679 raft_consensus.cc:667] T 384e1ddffaff458485ef136a4df89922 P 08c5d9e5b99c47b99a22fe631293c55c [term 2 LEADER]: Becoming Leader. State: Replica: 08c5d9e5b99c47b99a22fe631293c55c, State: Running, Role: LEADER
I0401 16:41:40.714932 13679 consensus_queue.cc:206] T 384e1ddffaff458485ef136a4df89922 P 08c5d9e5b99c47b99a22fe631293c55c [LEADER]: Queue going to LEADER mode. State: All replicated index: 0, Majority replicated index: 0, Committed index: 0, Last appended: 0.0, Last appended by leader: 0, Current term: 2, Majority size: 2, State: 0, Mode: LEADER, active raft config: opid_index: -1 OBSOLETE_local: false peers { permanent_uuid: "06f0213f87654957840d437566ac9c74" member_type: VOTER last_known_addr { host: "127.11.224.1" port: 44443 } } peers { permanent_uuid: "23af318238484ef9a92eb95e6550dfcc" member_type: VOTER last_known_addr { host: "127.11.224.3" port: 38333 } } peers { permanent_uuid: "08c5d9e5b99c47b99a22fe631293c55c" member_type: VOTER last_known_addr { host: "127.11.224.2" port: 43295 } }
I0401 16:41:40.717432 13269 catalog_manager.cc:3977] T 384e1ddffaff458485ef136a4df89922 P 08c5d9e5b99c47b99a22fe631293c55c reported cstate change: term changed from 0 to 2, leader changed from to 08c5d9e5b99c47b99a22fe631293c55c (127.11.224.2). New cstate: current_term: 2 leader_uuid: "08c5d9e5b99c47b99a22fe631293c55c" committed_config { opid_index: -1 OBSOLETE_local: false peers { permanent_uuid: "06f0213f87654957840d437566ac9c74" member_type: VOTER last_known_addr { host: "127.11.224.1" port: 44443 } health_report { overall_health: UNKNOWN } } peers { permanent_uuid: "23af318238484ef9a92eb95e6550dfcc" member_type: VOTER last_known_addr { host: "127.11.224.3" port: 38333 } health_report { overall_health: UNKNOWN } } peers { permanent_uuid: "08c5d9e5b99c47b99a22fe631293c55c" member_type: VOTER last_known_addr { host: "127.11.224.2" port: 43295 } health_report { overall_health: HEALTHY } } }
I0401 16:41:41.121629 13473 raft_consensus.cc:1181] T 384e1ddffaff458485ef136a4df89922 P 06f0213f87654957840d437566ac9c74 [term 2 FOLLOWER]: Refusing update from remote peer 08c5d9e5b99c47b99a22fe631293c55c: Log matching property violated. Preceding OpId in replica: term: 0 index: 0. Preceding OpId from leader: term: 2 index: 1. (index mismatch)
I0401 16:41:41.122077 13679 consensus_queue.cc:984] T 384e1ddffaff458485ef136a4df89922 P 08c5d9e5b99c47b99a22fe631293c55c [LEADER]: Connected to new peer: Peer: permanent_uuid: "06f0213f87654957840d437566ac9c74" member_type: VOTER last_known_addr { host: "127.11.224.1" port: 44443 }, Status: LMP_MISMATCH, Last received: 0.0, Next index: 1, Last known committed idx: 0, Time since last communication: 0.000s
I0401 16:41:41.126979 13626 raft_consensus.cc:1181] T 384e1ddffaff458485ef136a4df89922 P 23af318238484ef9a92eb95e6550dfcc [term 2 FOLLOWER]: Refusing update from remote peer 08c5d9e5b99c47b99a22fe631293c55c: Log matching property violated. Preceding OpId in replica: term: 0 index: 0. Preceding OpId from leader: term: 2 index: 1. (index mismatch)
I0401 16:41:41.127822 13747 consensus_queue.cc:984] T 384e1ddffaff458485ef136a4df89922 P 08c5d9e5b99c47b99a22fe631293c55c [LEADER]: Connected to new peer: Peer: permanent_uuid: "23af318238484ef9a92eb95e6550dfcc" member_type: VOTER last_known_addr { host: "127.11.224.3" port: 38333 }, Status: LMP_MISMATCH, Last received: 0.0, Next index: 1, Last known committed idx: 0, Time since last communication: 0.000s
I0401 16:41:41.289716 12160 tablet_server.cc:165] TabletServer shutting down...
I0401 16:41:41.308486 12160 ts_tablet_manager.cc:1126] Shutting down tablet manager...
I0401 16:41:41.308609 12160 tablet_replica.cc:264] T f87568f1327546d48d3cea2e12ebd08b P 06f0213f87654957840d437566ac9c74: stopping tablet replica
I0401 16:41:41.308745 12160 raft_consensus.cc:2143] T f87568f1327546d48d3cea2e12ebd08b P 06f0213f87654957840d437566ac9c74 [term 1 FOLLOWER]: Raft consensus shutting down.
I0401 16:41:41.308864 12160 raft_consensus.cc:2170] T f87568f1327546d48d3cea2e12ebd08b P 06f0213f87654957840d437566ac9c74 [term 1 FOLLOWER]: Raft consensus is shut down!
I0401 16:41:41.309535 12160 tablet_replica.cc:264] T 28edfa2828274f5d894d568f23c58db8 P 06f0213f87654957840d437566ac9c74: stopping tablet replica
I0401 16:41:41.309628 12160 raft_consensus.cc:2143] T 28edfa2828274f5d894d568f23c58db8 P 06f0213f87654957840d437566ac9c74 [term 1 FOLLOWER]: Raft consensus shutting down.
I0401 16:41:41.309705 12160 raft_consensus.cc:2170] T 28edfa2828274f5d894d568f23c58db8 P 06f0213f87654957840d437566ac9c74 [term 1 FOLLOWER]: Raft consensus is shut down!
I0401 16:41:41.310123 12160 tablet_replica.cc:264] T 384e1ddffaff458485ef136a4df89922 P 06f0213f87654957840d437566ac9c74: stopping tablet replica
I0401 16:41:41.310209 12160 raft_consensus.cc:2143] T 384e1ddffaff458485ef136a4df89922 P 06f0213f87654957840d437566ac9c74 [term 2 FOLLOWER]: Raft consensus shutting down.
I0401 16:41:41.310284 12160 raft_consensus.cc:2170] T 384e1ddffaff458485ef136a4df89922 P 06f0213f87654957840d437566ac9c74 [term 2 FOLLOWER]: Raft consensus is shut down!
I0401 16:41:41.311028 12160 tablet_replica.cc:264] T 1f1318e7978b461897280d152a86b709 P 06f0213f87654957840d437566ac9c74: stopping tablet replica
I0401 16:41:41.311157 12160 raft_consensus.cc:2143] T 1f1318e7978b461897280d152a86b709 P 06f0213f87654957840d437566ac9c74 [term 1 FOLLOWER]: Raft consensus shutting down.
I0401 16:41:41.311236 12160 raft_consensus.cc:2170] T 1f1318e7978b461897280d152a86b709 P 06f0213f87654957840d437566ac9c74 [term 1 FOLLOWER]: Raft consensus is shut down!
I0401 16:41:41.311575 12160 tablet_replica.cc:264] T 37932eedad8b4cc0976a2646090f84b3 P 06f0213f87654957840d437566ac9c74: stopping tablet replica
I0401 16:41:41.311659 12160 raft_consensus.cc:2143] T 37932eedad8b4cc0976a2646090f84b3 P 06f0213f87654957840d437566ac9c74 [term 1 LEADER]: Raft consensus shutting down.
I0401 16:41:41.311861 12160 raft_consensus.cc:2170] T 37932eedad8b4cc0976a2646090f84b3 P 06f0213f87654957840d437566ac9c74 [term 1 FOLLOWER]: Raft consensus is shut down!
I0401 16:41:41.312214 12160 tablet_replica.cc:264] T 55a20d481298439c9464da6bd6a35dee P 06f0213f87654957840d437566ac9c74: stopping tablet replica
I0401 16:41:41.312297 12160 raft_consensus.cc:2143] T 55a20d481298439c9464da6bd6a35dee P 06f0213f87654957840d437566ac9c74 [term 1 FOLLOWER]: Raft consensus shutting down.
I0401 16:41:41.312373 12160 raft_consensus.cc:2170] T 55a20d481298439c9464da6bd6a35dee P 06f0213f87654957840d437566ac9c74 [term 1 FOLLOWER]: Raft consensus is shut down!
I0401 16:41:41.312703 12160 tablet_replica.cc:264] T 86f4a446b8dd4d9abb1d9214303842e3 P 06f0213f87654957840d437566ac9c74: stopping tablet replica
I0401 16:41:41.312788 12160 raft_consensus.cc:2143] T 86f4a446b8dd4d9abb1d9214303842e3 P 06f0213f87654957840d437566ac9c74 [term 1 FOLLOWER]: Raft consensus shutting down.
I0401 16:41:41.312867 12160 raft_consensus.cc:2170] T 86f4a446b8dd4d9abb1d9214303842e3 P 06f0213f87654957840d437566ac9c74 [term 1 FOLLOWER]: Raft consensus is shut down!
I0401 16:41:41.313328 12160 tablet_replica.cc:264] T 04f81e1b2f3e4f3f9d0b780d60d45c39 P 06f0213f87654957840d437566ac9c74: stopping tablet replica
I0401 16:41:41.313446 12160 raft_consensus.cc:2143] T 04f81e1b2f3e4f3f9d0b780d60d45c39 P 06f0213f87654957840d437566ac9c74 [term 1 FOLLOWER]: Raft consensus shutting down.
I0401 16:41:41.313524 12160 raft_consensus.cc:2170] T 04f81e1b2f3e4f3f9d0b780d60d45c39 P 06f0213f87654957840d437566ac9c74 [term 1 FOLLOWER]: Raft consensus is shut down!
I0401 16:41:41.314007 12160 tablet_replica.cc:264] T d621d7353f94423ba39af452834b78d4 P 06f0213f87654957840d437566ac9c74: stopping tablet replica
I0401 16:41:41.314090 12160 raft_consensus.cc:2143] T d621d7353f94423ba39af452834b78d4 P 06f0213f87654957840d437566ac9c74 [term 1 LEADER]: Raft consensus shutting down.
I0401 16:41:41.314240 12160 raft_consensus.cc:2170] T d621d7353f94423ba39af452834b78d4 P 06f0213f87654957840d437566ac9c74 [term 1 FOLLOWER]: Raft consensus is shut down!
