I0401 16:41:48.582276 12160 raft_consensus.cc:2143] T 54573e3062224e96b91a66dc9df3a535 P 6e4a71e6f77049ad9ea0cbf7ec69a364 [term 1 FOLLOWER]: Raft consensus shutting down.
I0401 16:41:48.582357 12160 raft_consensus.cc:2170] T 54573e3062224e96b91a66dc9df3a535 P 6e4a71e6f77049ad9ea0cbf7ec69a364 [term 1 FOLLOWER]: Raft consensus is shut down!
I0401 16:41:48.591094 12160 tablet_server.cc:179] TabletServer shutdown complete.
I0401 16:41:48.591449 12160 tablet_server.cc:165] TabletServer shutting down...
I0401 16:41:48.591821 12160 tablet_server.cc:179] TabletServer shutdown complete.
I0401 16:41:48.597076 12160 tablet_server.cc:165] TabletServer shutting down...
I0401 16:41:48.621608 12160 ts_tablet_manager.cc:1126] Shutting down tablet manager...
I0401 16:41:48.621727 12160 tablet_replica.cc:264] T 1831857df7324b18964447ca50f9568e P 3a91cc8c6e76418d88c7fe9c2cca94be: stopping tablet replica
I0401 16:41:48.621863 12160 raft_consensus.cc:2143] T 1831857df7324b18964447ca50f9568e P 3a91cc8c6e76418d88c7fe9c2cca94be [term 1 FOLLOWER]: Raft consensus shutting down.
I0401 16:41:48.621978 12160 raft_consensus.cc:2170] T 1831857df7324b18964447ca50f9568e P 3a91cc8c6e76418d88c7fe9c2cca94be [term 1 FOLLOWER]: Raft consensus is shut down!
I0401 16:41:48.622550 12160 tablet_replica.cc:264] T 54573e3062224e96b91a66dc9df3a535 P 3a91cc8c6e76418d88c7fe9c2cca94be: stopping tablet replica
I0401 16:41:48.622647 12160 raft_consensus.cc:2143] T 54573e3062224e96b91a66dc9df3a535 P 3a91cc8c6e76418d88c7fe9c2cca94be [term 1 FOLLOWER]: Raft consensus shutting down.
I0401 16:41:48.622725 12160 raft_consensus.cc:2170] T 54573e3062224e96b91a66dc9df3a535 P 3a91cc8c6e76418d88c7fe9c2cca94be [term 1 FOLLOWER]: Raft consensus is shut down!
I0401 16:41:48.623145 12160 tablet_replica.cc:264] T 40cc2afeb94246a4965b95e72b1bdf1d P 3a91cc8c6e76418d88c7fe9c2cca94be: stopping tablet replica
I0401 16:41:48.623234 12160 raft_consensus.cc:2143] T 40cc2afeb94246a4965b95e72b1bdf1d P 3a91cc8c6e76418d88c7fe9c2cca94be [term 1 LEADER]: Raft consensus shutting down.
I0401 16:41:48.623402 12160 raft_consensus.cc:2170] T 40cc2afeb94246a4965b95e72b1bdf1d P 3a91cc8c6e76418d88c7fe9c2cca94be [term 1 FOLLOWER]: Raft consensus is shut down!
I0401 16:41:48.624418 12160 tablet_replica.cc:264] T 408d8036689747bf8e4bf31380916ae8 P 3a91cc8c6e76418d88c7fe9c2cca94be: stopping tablet replica
I0401 16:41:48.624528 12160 raft_consensus.cc:2143] T 408d8036689747bf8e4bf31380916ae8 P 3a91cc8c6e76418d88c7fe9c2cca94be [term 1 LEADER]: Raft consensus shutting down.
I0401 16:41:48.624677 12160 raft_consensus.cc:2170] T 408d8036689747bf8e4bf31380916ae8 P 3a91cc8c6e76418d88c7fe9c2cca94be [term 1 FOLLOWER]: Raft consensus is shut down!
I0401 16:41:48.625123 12160 tablet_replica.cc:264] T b5385787b2244d03853e1c7fe8ab2380 P 3a91cc8c6e76418d88c7fe9c2cca94be: stopping tablet replica
I0401 16:41:48.625216 12160 raft_consensus.cc:2143] T b5385787b2244d03853e1c7fe8ab2380 P 3a91cc8c6e76418d88c7fe9c2cca94be [term 1 FOLLOWER]: Raft consensus shutting down.
I0401 16:41:48.625293 12160 raft_consensus.cc:2170] T b5385787b2244d03853e1c7fe8ab2380 P 3a91cc8c6e76418d88c7fe9c2cca94be [term 1 FOLLOWER]: Raft consensus is shut down!
I0401 16:41:48.625694 12160 tablet_replica.cc:264] T 8dec592d52774f3b84d581cbf80c0139 P 3a91cc8c6e76418d88c7fe9c2cca94be: stopping tablet replica
I0401 16:41:48.625780 12160 raft_consensus.cc:2143] T 8dec592d52774f3b84d581cbf80c0139 P 3a91cc8c6e76418d88c7fe9c2cca94be [term 1 FOLLOWER]: Raft consensus shutting down.
I0401 16:41:48.625874 12160 raft_consensus.cc:2170] T 8dec592d52774f3b84d581cbf80c0139 P 3a91cc8c6e76418d88c7fe9c2cca94be [term 1 FOLLOWER]: Raft consensus is shut down!
I0401 16:41:48.626269 12160 tablet_replica.cc:264] T 4e3f5387e6e342eab8254c100662c241 P 3a91cc8c6e76418d88c7fe9c2cca94be: stopping tablet replica
I0401 16:41:48.626356 12160 raft_consensus.cc:2143] T 4e3f5387e6e342eab8254c100662c241 P 3a91cc8c6e76418d88c7fe9c2cca94be [term 1 FOLLOWER]: Raft consensus shutting down.
I0401 16:41:48.626432 12160 raft_consensus.cc:2170] T 4e3f5387e6e342eab8254c100662c241 P 3a91cc8c6e76418d88c7fe9c2cca94be [term 1 FOLLOWER]: Raft consensus is shut down!
I0401 16:41:48.626803 12160 tablet_replica.cc:264] T 4c188a2569664da38e94e98cf7c60325 P 3a91cc8c6e76418d88c7fe9c2cca94be: stopping tablet replica
I0401 16:41:48.626912 12160 raft_consensus.cc:2143] T 4c188a2569664da38e94e98cf7c60325 P 3a91cc8c6e76418d88c7fe9c2cca94be [term 1 FOLLOWER]: Raft consensus shutting down.
I0401 16:41:48.626991 12160 raft_consensus.cc:2170] T 4c188a2569664da38e94e98cf7c60325 P 3a91cc8c6e76418d88c7fe9c2cca94be [term 1 FOLLOWER]: Raft consensus is shut down!
I0401 16:41:48.627351 12160 tablet_replica.cc:264] T b9d400ec7b0e41a3b952da5c6ca820a3 P 3a91cc8c6e76418d88c7fe9c2cca94be: stopping tablet replica
I0401 16:41:48.627435 12160 raft_consensus.cc:2143] T b9d400ec7b0e41a3b952da5c6ca820a3 P 3a91cc8c6e76418d88c7fe9c2cca94be [term 1 FOLLOWER]: Raft consensus shutting down.
I0401 16:41:48.627511 12160 raft_consensus.cc:2170] T b9d400ec7b0e41a3b952da5c6ca820a3 P 3a91cc8c6e76418d88c7fe9c2cca94be [term 1 FOLLOWER]: Raft consensus is shut down!
I0401 16:41:48.627936 12160 tablet_replica.cc:264] T 64714e1653ba47a0823ad950e06f658a P 3a91cc8c6e76418d88c7fe9c2cca94be: stopping tablet replica
I0401 16:41:48.628018 12160 raft_consensus.cc:2143] T 64714e1653ba47a0823ad950e06f658a P 3a91cc8c6e76418d88c7fe9c2cca94be [term 1 LEADER]: Raft consensus shutting down.
I0401 16:41:48.628167 12160 raft_consensus.cc:2170] T 64714e1653ba47a0823ad950e06f658a P 3a91cc8c6e76418d88c7fe9c2cca94be [term 1 FOLLOWER]: Raft consensus is shut down!
I0401 16:41:48.645498 12160 tablet_server.cc:179] TabletServer shutdown complete.
I0401 16:41:48.645543 12160 tablet_server.cc:165] TabletServer shutting down...
I0401 16:41:48.645681 12160 tablet_server.cc:179] TabletServer shutdown complete.
I0401 16:41:48.658578 12160 master.cc:270] Master@127.11.224.62:46307 shutting down...
I0401 16:41:48.668591 12160 raft_consensus.cc:2143] T 00000000000000000000000000000000 P eb648a2ef68b4313979717f88e363b20 [term 1 FOLLOWER]: Raft consensus shutting down.
I0401 16:41:48.668740 12160 raft_consensus.cc:2170] T 00000000000000000000000000000000 P eb648a2ef68b4313979717f88e363b20 [term 1 FOLLOWER]: Raft consensus is shut down!
I0401 16:41:48.668817 12160 tablet_replica.cc:264] T 00000000000000000000000000000000 P eb648a2ef68b4313979717f88e363b20: stopping tablet replica
I0401 16:41:48.682312 12160 master.cc:281] Master@127.11.224.62:46307 shutdown complete.
I0401 16:41:48.684942 12160 master.cc:270] Master@127.11.224.61:41024 shutting down...
I0401 16:41:48.694392 12160 raft_consensus.cc:2143] T 00000000000000000000000000000000 P 17d307571a004ef88f4d3c1a723610be [term 1 FOLLOWER]: Raft consensus shutting down.
I0401 16:41:48.694523 12160 raft_consensus.cc:2170] T 00000000000000000000000000000000 P 17d307571a004ef88f4d3c1a723610be [term 1 FOLLOWER]: Raft consensus is shut down!
I0401 16:41:48.694594 12160 tablet_replica.cc:264] T 00000000000000000000000000000000 P 17d307571a004ef88f4d3c1a723610be: stopping tablet replica
I0401 16:41:48.707556 12160 master.cc:281] Master@127.11.224.61:41024 shutdown complete.
I0401 16:41:48.710050 12160 master.cc:270] Master@127.11.224.60:45270 shutting down...
I0401 16:41:48.719748 12160 raft_consensus.cc:2143] T 00000000000000000000000000000000 P 866eb3aa863645639487aa432aefaa71 [term 1 LEADER]: Raft consensus shutting down.
I0401 16:41:48.720038 12160 raft_consensus.cc:2170] T 00000000000000000000000000000000 P 866eb3aa863645639487aa432aefaa71 [term 1 FOLLOWER]: Raft consensus is shut down!
I0401 16:41:48.720114 12160 tablet_replica.cc:264] T 00000000000000000000000000000000 P 866eb3aa863645639487aa432aefaa71: stopping tablet replica
I0401 16:41:48.733956 12160 master.cc:281] Master@127.11.224.60:45270 shutdown complete. [ OK ] RemoteKsckTest.TestChecksumTimeout (3327 ms) [ RUN ] RemoteKsckTest.TestChecksumSnapshot
I0401 16:41:48.751981 12160 test_util.cc:212] Using random seed: -1872076697
I0401 16:41:48.752496 12160 internal_mini_cluster.cc:146] Creating distributed mini masters. Addrs: 127.11.224.62:37596,127.11.224.61:58736,127.11.224.60:32872
I0401 16:41:48.755898 12160 system_ntp.cc:199] NTP initialized. Skew: 500ppm Current error: 844431us
I0401 16:41:48.756055 12160 fs_manager.cc:263] Metadata directory not provided
I0401 16:41:48.756089 12160 fs_manager.cc:269] Using write-ahead log directory (fs_wal_dir) as metadata directory
I0401 16:41:48.756168 12160 server_base.cc:433] Could not load existing FS layout: Not found: could not find a healthy instance file
I0401 16:41:48.756196 12160 server_base.cc:434] Attempting to create new FS layout instead
I0401 16:41:48.756611 12160 fs_manager.cc:602] Generated new instance metadata in path /data/somelongdirectorytoavoidrpathissues/src/kudutest/ksck_remote-test.0.RemoteKsckTest.TestChecksumSnapshot.1554162092376624-12160/minicluster-data/master-0-root/instance: uuid: "f157b39c0d014af294d782407497c377" format_stamp: "Formatted at 2019-04-01 23:41:48 on quasar-eitwqx-1.vpc.cloudera.com"
I0401 16:41:48.760767 12160 fs_manager.cc:503] Time spent creating directory manager: real 0.004s user 0.002s sys 0.000s
I0401 16:41:48.761422 12160 file_cache.cc:466] Constructed file cache lbm with capacity 13107
I0401 16:41:48.763178 12160 fs_manager.cc:419] Time spent opening block manager: real 0.000s user 0.001s sys 0.000s
I0401 16:41:48.763223 12160 fs_manager.cc:436] Opened local filesystem: /data/somelongdirectorytoavoidrpathissues/src/kudutest/ksck_remote-test.0.RemoteKsckTest.TestChecksumSnapshot.1554162092376624-12160/minicluster-data/master-0-root uuid: "f157b39c0d014af294d782407497c377" format_stamp: "Formatted at 2019-04-01 23:41:48 on quasar-eitwqx-1.vpc.cloudera.com"
I0401 16:41:48.763296 12160 fs_report.cc:352] FS layout report -------------------- wal directory: /data/somelongdirectorytoavoidrpathissues/src/kudutest/ksck_remote-test.0.RemoteKsckTest.TestChecksumSnapshot.1554162092376624-12160/minicluster-data/master-0-root metadata directory: /data/somelongdirectorytoavoidrpathissues/src/kudutest/ksck_remote-test.0.RemoteKsckTest.TestChecksumSnapshot.1554162092376624-12160/minicluster-data/master-0-root 1 data directories: /data/somelongdirectorytoavoidrpathissues/src/kudutest/ksck_remote-test.0.RemoteKsckTest.TestChecksumSnapshot.1554162092376624-12160/minicluster-data/master-0-root/data Total live blocks: 0 Total live bytes: 0 Total live bytes (after alignment): 0 Total number of LBM containers: 0 (0 full) Did not check for missing blocks Did not check for orphaned blocks Total full LBM containers with extra space: 0 (0 repaired) Total full LBM container extra space in bytes: 0 (0 repaired) Total incomplete LBM containers: 0 (0 repaired) Total LBM partial records: 0 (0 repaired)
I0401 16:41:48.783293 12160 rpc_server.cc:205] RPC server started. Bound to: 127.11.224.62:37596
I0401 16:41:48.784023 12160 webserver.cc:308] Webserver started at http://127.11.224.62:59235/ using document root and password file
I0401 16:41:48.784946 15622 data_dirs.cc:938] Could only allocate 1 dirs of requested 3 for tablet 00000000000000000000000000000000. 1 dirs total, 0 dirs full, 0 dirs failed
I0401 16:41:48.786872 15622 sys_catalog.cc:304] member_type: VOTER last_known_addr { host: "127.11.224.62" port: 37596 } has no permanent_uuid. Determining permanent_uuid...
I0401 16:41:48.787700 12160 system_ntp.cc:199] NTP initialized. Skew: 500ppm Current error: 844431us
I0401 16:41:48.787909 12160 fs_manager.cc:263] Metadata directory not provided
I0401 16:41:48.787971 12160 fs_manager.cc:269] Using write-ahead log directory (fs_wal_dir) as metadata directory
I0401 16:41:48.788089 12160 server_base.cc:433] Could not load existing FS layout: Not found: could not find a healthy instance file
I0401 16:41:48.788139 12160 server_base.cc:434] Attempting to create new FS layout instead
I0401 16:41:48.788604 12160 fs_manager.cc:602] Generated new instance metadata in path /data/somelongdirectorytoavoidrpathissues/src/kudutest/ksck_remote-test.0.RemoteKsckTest.TestChecksumSnapshot.1554162092376624-12160/minicluster-data/master-1-root/instance: uuid: "c648c7b342d841319c073af14dbe36e5" format_stamp: "Formatted at 2019-04-01 23:41:48 on quasar-eitwqx-1.vpc.cloudera.com"
I0401 16:41:48.793241 12160 fs_manager.cc:503] Time spent creating directory manager: real 0.004s user 0.003s sys 0.001s
I0401 16:41:48.794167 12160 file_cache.cc:466] Constructed file cache lbm with capacity 13107
I0401 16:41:48.797024 12160 fs_manager.cc:419] Time spent opening block manager: real 0.001s user 0.001s sys 0.000s
I0401 16:41:48.797111 12160 fs_manager.cc:436] Opened local filesystem: /data/somelongdirectorytoavoidrpathissues/src/kudutest/ksck_remote-test.0.RemoteKsckTest.TestChecksumSnapshot.1554162092376624-12160/minicluster-data/master-1-root uuid: "c648c7b342d841319c073af14dbe36e5" format_stamp: "Formatted at 2019-04-01 23:41:48 on quasar-eitwqx-1.vpc.cloudera.com"
I0401 16:41:48.797204 12160 fs_report.cc:352] FS layout report -------------------- wal directory: /data/somelongdirectorytoavoidrpathissues/src/kudutest/ksck_remote-test.0.RemoteKsckTest.TestChecksumSnapshot.1554162092376624-12160/minicluster-data/master-1-root metadata directory: /data/somelongdirectorytoavoidrpathissues/src/kudutest/ksck_remote-test.0.RemoteKsckTest.TestChecksumSnapshot.1554162092376624-12160/minicluster-data/master-1-root 1 data directories: /data/somelongdirectorytoavoidrpathissues/src/kudutest/ksck_remote-test.0.RemoteKsckTest.TestChecksumSnapshot.1554162092376624-12160/minicluster-data/master-1-root/data Total live blocks: 0 Total live bytes: 0 Total live bytes (after alignment): 0 Total number of LBM containers: 0 (0 full) Did not check for missing blocks Did not check for orphaned blocks Total full LBM containers with extra space: 0 (0 repaired) Total full LBM container extra space in bytes: 0 (0 repaired) Total incomplete LBM containers: 0 (0 repaired) Total LBM partial records: 0 (0 repaired)
I0401 16:41:48.799299 15622 sys_catalog.cc:304] member_type: VOTER last_known_addr { host: "127.11.224.61" port: 58736 } has no permanent_uuid. Determining permanent_uuid...
W0401 16:41:48.800019 15622 consensus_peers.cc:599] Error getting permanent uuid from config peer 127.11.224.61:58736: Network error: Client connection negotiation failed: client connection to 127.11.224.61:58736: connect: Connection refused (error 111)
I0401 16:41:48.820232 15622 consensus_peers.cc:609] Retrying to get permanent uuid for remote peer: member_type: VOTER last_known_addr { host: "127.11.224.61" port: 58736 } attempt: 1
W0401 16:41:48.821260 15622 consensus_peers.cc:599] Error getting permanent uuid from config peer 127.11.224.61:58736: Network error: Client connection negotiation failed: client connection to 127.11.224.61:58736: connect: Connection refused (error 111)
I0401 16:41:48.843570 12160 rpc_server.cc:205] RPC server started. Bound to: 127.11.224.61:58736
I0401 16:41:48.844202 12160 webserver.cc:308] Webserver started at http://127.11.224.61:40889/ using document root and password file
I0401 16:41:48.845118 15679 data_dirs.cc:938] Could only allocate 1 dirs of requested 3 for tablet 00000000000000000000000000000000. 1 dirs total, 0 dirs full, 0 dirs failed
I0401 16:41:48.846966 15679 sys_catalog.cc:304] member_type: VOTER last_known_addr { host: "127.11.224.62" port: 37596 } has no permanent_uuid. Determining permanent_uuid...
I0401 16:41:48.848212 12160 system_ntp.cc:199] NTP initialized. Skew: 500ppm Current error: 844431us
I0401 16:41:48.848439 12160 fs_manager.cc:263] Metadata directory not provided
I0401 16:41:48.848477 12160 fs_manager.cc:269] Using write-ahead log directory (fs_wal_dir) as metadata directory
I0401 16:41:48.848598 12160 server_base.cc:433] Could not load existing FS layout: Not found: could not find a healthy instance file
I0401 16:41:48.848649 12160 server_base.cc:434] Attempting to create new FS layout instead
I0401 16:41:48.849167 12160 fs_manager.cc:602] Generated new instance metadata in path /data/somelongdirectorytoavoidrpathissues/src/kudutest/ksck_remote-test.0.RemoteKsckTest.TestChecksumSnapshot.1554162092376624-12160/minicluster-data/master-2-root/instance: uuid: "db81944f68db4f41a11ed545fdf4ca28" format_stamp: "Formatted at 2019-04-01 23:41:48 on quasar-eitwqx-1.vpc.cloudera.com"
I0401 16:41:48.852128 15679 sys_catalog.cc:304] member_type: VOTER last_known_addr { host: "127.11.224.61" port: 58736 } has no permanent_uuid. Determining permanent_uuid...
I0401 16:41:48.853844 12160 fs_manager.cc:503] Time spent creating directory manager: real 0.004s user 0.003s sys 0.001s
I0401 16:41:48.854467 12160 file_cache.cc:466] Constructed file cache lbm with capacity 13107
I0401 16:41:48.856698 12160 fs_manager.cc:419] Time spent opening block manager: real 0.001s user 0.000s sys 0.000s
I0401 16:41:48.856730 15679 sys_catalog.cc:304] member_type: VOTER last_known_addr { host: "127.11.224.60" port: 32872 } has no permanent_uuid. Determining permanent_uuid...
I0401 16:41:48.856743 12160 fs_manager.cc:436] Opened local filesystem: /data/somelongdirectorytoavoidrpathissues/src/kudutest/ksck_remote-test.0.RemoteKsckTest.TestChecksumSnapshot.1554162092376624-12160/minicluster-data/master-2-root uuid: "db81944f68db4f41a11ed545fdf4ca28" format_stamp: "Formatted at 2019-04-01 23:41:48 on quasar-eitwqx-1.vpc.cloudera.com"
I0401 16:41:48.856827 12160 fs_report.cc:352] FS layout report -------------------- wal directory: /data/somelongdirectorytoavoidrpathissues/src/kudutest/ksck_remote-test.0.RemoteKsckTest.TestChecksumSnapshot.1554162092376624-12160/minicluster-data/master-2-root metadata directory: /data/somelongdirectorytoavoidrpathissues/src/kudutest/ksck_remote-test.0.RemoteKsckTest.TestChecksumSnapshot.1554162092376624-12160/minicluster-data/master-2-root 1 data directories: /data/somelongdirectorytoavoidrpathissues/src/kudutest/ksck_remote-test.0.RemoteKsckTest.TestChecksumSnapshot.1554162092376624-12160/minicluster-data/master-2-root/data Total live blocks: 0 Total live bytes: 0 Total live bytes (after alignment): 0 Total number of LBM containers: 0 (0 full) Did not check for missing blocks Did not check for orphaned blocks Total full LBM containers with extra space: 0 (0 repaired) Total full LBM container extra space in bytes: 0 (0 repaired) Total incomplete LBM containers: 0 (0 repaired) Total LBM partial records: 0 (0 repaired)
W0401 16:41:48.857389 15679 consensus_peers.cc:599] Error getting permanent uuid from config peer 127.11.224.60:32872: Network error: Client connection negotiation failed: client connection to 127.11.224.60:32872: connect: Connection refused (error 111)
I0401 16:41:48.877460 15622 consensus_peers.cc:609] Retrying to get permanent uuid for remote peer: member_type: VOTER last_known_addr { host: "127.11.224.61" port: 58736 } attempt: 2
I0401 16:41:48.881983 15622 sys_catalog.cc:304] member_type: VOTER last_known_addr { host: "127.11.224.60" port: 32872 } has no permanent_uuid. Determining permanent_uuid...
W0401 16:41:48.882747 15622 consensus_peers.cc:599] Error getting permanent uuid from config peer 127.11.224.60:32872: Network error: Client connection negotiation failed: client connection to 127.11.224.60:32872: connect: Connection refused (error 111)
I0401 16:41:48.895727 12160 rpc_server.cc:205] RPC server started. Bound to: 127.11.224.60:32872
I0401 16:41:48.896420 12160 webserver.cc:308] Webserver started at http://127.11.224.60:37118/ using document root and password file
I0401 16:41:48.896747 12160 internal_mini_cluster.cc:166] Waiting to initialize catalog manager on master 0
I0401 16:41:48.897351 15736 data_dirs.cc:938] Could only allocate 1 dirs of requested 3 for tablet 00000000000000000000000000000000. 1 dirs total, 0 dirs full, 0 dirs failed
I0401 16:41:48.899199 15736 sys_catalog.cc:304] member_type: VOTER last_known_addr { host: "127.11.224.62" port: 37596 } has no permanent_uuid. Determining permanent_uuid...
I0401 16:41:48.903606 15736 sys_catalog.cc:304] member_type: VOTER last_known_addr { host: "127.11.224.61" port: 58736 } has no permanent_uuid. Determining permanent_uuid...
I0401 16:41:48.907068 15736 sys_catalog.cc:304] member_type: VOTER last_known_addr { host: "127.11.224.60" port: 32872 } has no permanent_uuid. Determining permanent_uuid...
I0401 16:41:48.912791 15736 tablet_bootstrap.cc:439] T 00000000000000000000000000000000 P db81944f68db4f41a11ed545fdf4ca28: Bootstrap starting.
I0401 16:41:48.913800 15736 tablet_bootstrap.cc:590] T 00000000000000000000000000000000 P db81944f68db4f41a11ed545fdf4ca28: No blocks or log segments found. Creating new log.
I0401 16:41:48.915426 15736 tablet_bootstrap.cc:439] T 00000000000000000000000000000000 P db81944f68db4f41a11ed545fdf4ca28: No bootstrap required, opened a new log
I0401 16:41:48.915599 15679 consensus_peers.cc:609] Retrying to get permanent uuid for remote peer: member_type: VOTER last_known_addr { host: "127.11.224.60" port: 32872 } attempt: 1
I0401 16:41:48.916455 15736 raft_consensus.cc:340] T 00000000000000000000000000000000 P db81944f68db4f41a11ed545fdf4ca28 [term 0 FOLLOWER]: Replica starting. Triggering 0 pending transactions. Active config: opid_index: -1 OBSOLETE_local: false peers { permanent_uuid: "f157b39c0d014af294d782407497c377" member_type: VOTER last_known_addr { host: "127.11.224.62" port: 37596 } } peers { permanent_uuid: "c648c7b342d841319c073af14dbe36e5" member_type: VOTER last_known_addr { host: "127.11.224.61" port: 58736 } } peers { permanent_uuid: "db81944f68db4f41a11ed545fdf4ca28" member_type: VOTER last_known_addr { host: "127.11.224.60" port: 32872 } }
I0401 16:41:48.916970 15736 raft_consensus.cc:366] T 00000000000000000000000000000000 P db81944f68db4f41a11ed545fdf4ca28 [term 0 FOLLOWER]: Consensus starting up: Expiring failure detector timer to make a prompt election more likely
I0401 16:41:48.917014 15736 raft_consensus.cc:705] T 00000000000000000000000000000000 P db81944f68db4f41a11ed545fdf4ca28 [term 0 FOLLOWER]: Becoming Follower/Learner. State: Replica: db81944f68db4f41a11ed545fdf4ca28, State: Initialized, Role: FOLLOWER
I0401 16:41:48.917754 15736 consensus_queue.cc:229] T 00000000000000000000000000000000 P db81944f68db4f41a11ed545fdf4ca28 [NON_LEADER]: Queue going to NON_LEADER mode. State: All replicated index: 0, Majority replicated index: 0, Committed index: 0, Last appended: 0.0, Last appended by leader: 0, Current term: 0, Majority size: -1, State: 0, Mode: NON_LEADER, active raft config: opid_index: -1 OBSOLETE_local: false peers { permanent_uuid: "f157b39c0d014af294d782407497c377" member_type: VOTER last_known_addr { host: "127.11.224.62" port: 37596 } } peers { permanent_uuid: "c648c7b342d841319c073af14dbe36e5" member_type: VOTER last_known_addr { host: "127.11.224.61" port: 58736 } } peers { permanent_uuid: "db81944f68db4f41a11ed545fdf4ca28" member_type: VOTER last_known_addr { host: "127.11.224.60" port: 32872 } }
I0401 16:41:48.918335 15736 sys_catalog.cc:337] T 00000000000000000000000000000000 P db81944f68db4f41a11ed545fdf4ca28 [sys.catalog]: SysCatalogTable state changed. Reason: Started TabletReplica. Latest consensus state: current_term: 0 committed_config { opid_index: -1 OBSOLETE_local: false peers { permanent_uuid: "f157b39c0d014af294d782407497c377" member_type: VOTER last_known_addr { host: "127.11.224.62" port: 37596 } } peers { permanent_uuid: "c648c7b342d841319c073af14dbe36e5" member_type: VOTER last_known_addr { host: "127.11.224.61" port: 58736 } } peers { permanent_uuid: "db81944f68db4f41a11ed545fdf4ca28" member_type: VOTER last_known_addr { host: "127.11.224.60" port: 32872 } } }
I0401 16:41:48.918519 15736 sys_catalog.cc:340] T 00000000000000000000000000000000 P db81944f68db4f41a11ed545fdf4ca28 [sys.catalog]: This master's current role is: FOLLOWER
I0401 16:41:48.918390 15740 sys_catalog.cc:337] T 00000000000000000000000000000000 P db81944f68db4f41a11ed545fdf4ca28 [sys.catalog]: SysCatalogTable state changed. Reason: RaftConsensus started. Latest consensus state: current_term: 0 committed_config { opid_index: -1 OBSOLETE_local: false peers { permanent_uuid: "f157b39c0d014af294d782407497c377" member_type: VOTER last_known_addr { host: "127.11.224.62" port: 37596 } } peers { permanent_uuid: "c648c7b342d841319c073af14dbe36e5" member_type: VOTER last_known_addr { host: "127.11.224.61" port: 58736 } } peers { permanent_uuid: "db81944f68db4f41a11ed545fdf4ca28" member_type: VOTER last_known_addr { host: "127.11.224.60" port: 32872 } } }
I0401 16:41:48.918610 15740 sys_catalog.cc:340] T 00000000000000000000000000000000 P db81944f68db4f41a11ed545fdf4ca28 [sys.catalog]: This master's current role is: FOLLOWER
I0401 16:41:48.919970 15736 sys_catalog.cc:424] T 00000000000000000000000000000000 P db81944f68db4f41a11ed545fdf4ca28 [sys.catalog]: configured and running, proceeding with master startup.
W0401 16:41:48.921284 15741 catalog_manager.cc:1113] T 00000000000000000000000000000000 P db81944f68db4f41a11ed545fdf4ca28: acquiring CA information for follower catalog manager: Not found: root CA entry not found
W0401 16:41:48.921332 15741 catalog_manager.cc:594] Not found: root CA entry not found: failed to prepare follower catalog manager, will retry
I0401 16:41:48.921725 15679 tablet_bootstrap.cc:439] T 00000000000000000000000000000000 P c648c7b342d841319c073af14dbe36e5: Bootstrap starting.
I0401 16:41:48.922564 15679 tablet_bootstrap.cc:590] T 00000000000000000000000000000000 P c648c7b342d841319c073af14dbe36e5: No blocks or log segments found. Creating new log.
I0401 16:41:48.923753 15679 tablet_bootstrap.cc:439] T 00000000000000000000000000000000 P c648c7b342d841319c073af14dbe36e5: No bootstrap required, opened a new log
I0401 16:41:48.923934 15622 consensus_peers.cc:609] Retrying to get permanent uuid for remote peer: member_type: VOTER last_known_addr { host: "127.11.224.60" port: 32872 } attempt: 1
I0401 16:41:48.924664 15679 raft_consensus.cc:340] T 00000000000000000000000000000000 P c648c7b342d841319c073af14dbe36e5 [term 0 FOLLOWER]: Replica starting. Triggering 0 pending transactions. Active config: opid_index: -1 OBSOLETE_local: false peers { permanent_uuid: "f157b39c0d014af294d782407497c377" member_type: VOTER last_known_addr { host: "127.11.224.62" port: 37596 } } peers { permanent_uuid: "c648c7b342d841319c073af14dbe36e5" member_type: VOTER last_known_addr { host: "127.11.224.61" port: 58736 } } peers { permanent_uuid: "db81944f68db4f41a11ed545fdf4ca28" member_type: VOTER last_known_addr { host: "127.11.224.60" port: 32872 } }
I0401 16:41:48.924856 15679 raft_consensus.cc:366] T 00000000000000000000000000000000 P c648c7b342d841319c073af14dbe36e5 [term 0 FOLLOWER]: Consensus starting up: Expiring failure detector timer to make a prompt election more likely
I0401 16:41:48.924901 15679 raft_consensus.cc:705] T 00000000000000000000000000000000 P c648c7b342d841319c073af14dbe36e5 [term 0 FOLLOWER]: Becoming Follower/Learner. State: Replica: c648c7b342d841319c073af14dbe36e5, State: Initialized, Role: FOLLOWER
I0401 16:41:48.925060 15679 consensus_queue.cc:229] T 00000000000000000000000000000000 P c648c7b342d841319c073af14dbe36e5 [NON_LEADER]: Queue going to NON_LEADER mode. State: All replicated index: 0, Majority replicated index: 0, Committed index: 0, Last appended: 0.0, Last appended by leader: 0, Current term: 0, Majority size: -1, State: 0, Mode: NON_LEADER, active raft config: opid_index: -1 OBSOLETE_local: false peers { permanent_uuid: "f157b39c0d014af294d782407497c377" member_type: VOTER last_known_addr { host: "127.11.224.62" port: 37596 } } peers { permanent_uuid: "c648c7b342d841319c073af14dbe36e5" member_type: VOTER last_known_addr { host: "127.11.224.61" port: 58736 } } peers { permanent_uuid: "db81944f68db4f41a11ed545fdf4ca28" member_type: VOTER last_known_addr { host: "127.11.224.60" port: 32872 } }
I0401 16:41:48.925559 15679 sys_catalog.cc:337] T 00000000000000000000000000000000 P c648c7b342d841319c073af14dbe36e5 [sys.catalog]: SysCatalogTable state changed. Reason: Started TabletReplica. Latest consensus state: current_term: 0 committed_config { opid_index: -1 OBSOLETE_local: false peers { permanent_uuid: "f157b39c0d014af294d782407497c377" member_type: VOTER last_known_addr { host: "127.11.224.62" port: 37596 } } peers { permanent_uuid: "c648c7b342d841319c073af14dbe36e5" member_type: VOTER last_known_addr { host: "127.11.224.61" port: 58736 } } peers { permanent_uuid: "db81944f68db4f41a11ed545fdf4ca28" member_type: VOTER last_known_addr { host: "127.11.224.60" port: 32872 } } }
I0401 16:41:48.925738 15679 sys_catalog.cc:340] T 00000000000000000000000000000000 P c648c7b342d841319c073af14dbe36e5 [sys.catalog]: This master's current role is: FOLLOWER
I0401 16:41:48.925612 15743 sys_catalog.cc:337] T 00000000000000000000000000000000 P c648c7b342d841319c073af14dbe36e5 [sys.catalog]: SysCatalogTable state changed. Reason: RaftConsensus started. Latest consensus state: current_term: 0 committed_config { opid_index: -1 OBSOLETE_local: false peers { permanent_uuid: "f157b39c0d014af294d782407497c377" member_type: VOTER last_known_addr { host: "127.11.224.62" port: 37596 } } peers { permanent_uuid: "c648c7b342d841319c073af14dbe36e5" member_type: VOTER last_known_addr { host: "127.11.224.61" port: 58736 } } peers { permanent_uuid: "db81944f68db4f41a11ed545fdf4ca28" member_type: VOTER last_known_addr { host: "127.11.224.60" port: 32872 } } }
I0401 16:41:48.925840 15743 sys_catalog.cc:340] T 00000000000000000000000000000000 P c648c7b342d841319c073af14dbe36e5 [sys.catalog]: This master's current role is: FOLLOWER
I0401 16:41:48.926205 15679 sys_catalog.cc:424] T 00000000000000000000000000000000 P c648c7b342d841319c073af14dbe36e5 [sys.catalog]: configured and running, proceeding with master startup.
W0401 16:41:48.927858 15744 catalog_manager.cc:1113] T 00000000000000000000000000000000 P c648c7b342d841319c073af14dbe36e5: acquiring CA information for follower catalog manager: Not found: root CA entry not found
W0401 16:41:48.927932 15744 catalog_manager.cc:594] Not found: root CA entry not found: failed to prepare follower catalog manager, will retry
I0401 16:41:48.929725 15622 tablet_bootstrap.cc:439] T 00000000000000000000000000000000 P f157b39c0d014af294d782407497c377: Bootstrap starting.
I0401 16:41:48.930649 15622 tablet_bootstrap.cc:590] T 00000000000000000000000000000000 P f157b39c0d014af294d782407497c377: No blocks or log segments found. Creating new log.
I0401 16:41:48.932020 15622 tablet_bootstrap.cc:439] T 00000000000000000000000000000000 P f157b39c0d014af294d782407497c377: No bootstrap required, opened a new log
I0401 16:41:48.932539 15622 raft_consensus.cc:340] T 00000000000000000000000000000000 P f157b39c0d014af294d782407497c377 [term 0 FOLLOWER]: Replica starting. Triggering 0 pending transactions. Active config: opid_index: -1 OBSOLETE_local: false peers { permanent_uuid: "f157b39c0d014af294d782407497c377" member_type: VOTER last_known_addr { host: "127.11.224.62" port: 37596 } } peers { permanent_uuid: "c648c7b342d841319c073af14dbe36e5" member_type: VOTER last_known_addr { host: "127.11.224.61" port: 58736 } } peers { permanent_uuid: "db81944f68db4f41a11ed545fdf4ca28" member_type: VOTER last_known_addr { host: "127.11.224.60" port: 32872 } }
I0401 16:41:48.932672 15622 raft_consensus.cc:366] T 00000000000000000000000000000000 P f157b39c0d014af294d782407497c377 [term 0 FOLLOWER]: Consensus starting up: Expiring failure detector timer to make a prompt election more likely
I0401 16:41:48.932694 15622 raft_consensus.cc:705] T 00000000000000000000000000000000 P f157b39c0d014af294d782407497c377 [term 0 FOLLOWER]: Becoming Follower/Learner. State: Replica: f157b39c0d014af294d782407497c377, State: Initialized, Role: FOLLOWER
I0401 16:41:48.932830 15622 consensus_queue.cc:229] T 00000000000000000000000000000000 P f157b39c0d014af294d782407497c377 [NON_LEADER]: Queue going to NON_LEADER mode. State: All replicated index: 0, Majority replicated index: 0, Committed index: 0, Last appended: 0.0, Last appended by leader: 0, Current term: 0, Majority size: -1, State: 0, Mode: NON_LEADER, active raft config: opid_index: -1 OBSOLETE_local: false peers { permanent_uuid: "f157b39c0d014af294d782407497c377" member_type: VOTER last_known_addr { host: "127.11.224.62" port: 37596 } } peers { permanent_uuid: "c648c7b342d841319c073af14dbe36e5" member_type: VOTER last_known_addr { host: "127.11.224.61" port: 58736 } } peers { permanent_uuid: "db81944f68db4f41a11ed545fdf4ca28" member_type: VOTER last_known_addr { host: "127.11.224.60" port: 32872 } }
I0401 16:41:48.933259 15622 sys_catalog.cc:337] T 00000000000000000000000000000000 P f157b39c0d014af294d782407497c377 [sys.catalog]: SysCatalogTable state changed. Reason: Started TabletReplica. Latest consensus state: current_term: 0 committed_config { opid_index: -1 OBSOLETE_local: false peers { permanent_uuid: "f157b39c0d014af294d782407497c377" member_type: VOTER last_known_addr { host: "127.11.224.62" port: 37596 } } peers { permanent_uuid: "c648c7b342d841319c073af14dbe36e5" member_type: VOTER last_known_addr { host: "127.11.224.61" port: 58736 } } peers { permanent_uuid: "db81944f68db4f41a11ed545fdf4ca28" member_type: VOTER last_known_addr { host: "127.11.224.60" port: 32872 } } }
I0401 16:41:48.933383 15622 sys_catalog.cc:340] T 00000000000000000000000000000000 P f157b39c0d014af294d782407497c377 [sys.catalog]: This master's current role is: FOLLOWER
I0401 16:41:48.933356 15746 sys_catalog.cc:337] T 00000000000000000000000000000000 P f157b39c0d014af294d782407497c377 [sys.catalog]: SysCatalogTable state changed. Reason: RaftConsensus started. Latest consensus state: current_term: 0 committed_config { opid_index: -1 OBSOLETE_local: false peers { permanent_uuid: "f157b39c0d014af294d782407497c377" member_type: VOTER last_known_addr { host: "127.11.224.62" port: 37596 } } peers { permanent_uuid: "c648c7b342d841319c073af14dbe36e5" member_type: VOTER last_known_addr { host: "127.11.224.61" port: 58736 } } peers { permanent_uuid: "db81944f68db4f41a11ed545fdf4ca28" member_type: VOTER last_known_addr { host: "127.11.224.60" port: 32872 } } }
I0401 16:41:48.933547 15746 sys_catalog.cc:340] T 00000000000000000000000000000000 P f157b39c0d014af294d782407497c377 [sys.catalog]: This master's current role is: FOLLOWER
I0401 16:41:48.933715 15622 sys_catalog.cc:424] T 00000000000000000000000000000000 P f157b39c0d014af294d782407497c377 [sys.catalog]: configured and running, proceeding with master startup.
I0401 16:41:48.934015 12160 internal_mini_cluster.cc:166] Waiting to initialize catalog manager on master 1
I0401 16:41:48.934047 12160 internal_mini_cluster.cc:166] Waiting to initialize catalog manager on master 2
W0401 16:41:48.935279 15747 catalog_manager.cc:1113] T 00000000000000000000000000000000 P f157b39c0d014af294d782407497c377: acquiring CA information for follower catalog manager: Not found: root CA entry not found
W0401 16:41:48.935320 15747 catalog_manager.cc:594] Not found: root CA entry not found: failed to prepare follower catalog manager, will retry
I0401 16:41:48.938591 12160 system_ntp.cc:199] NTP initialized. Skew: 500ppm Current error: 844431us
I0401 16:41:48.938752 12160 fs_manager.cc:263] Metadata directory not provided
I0401 16:41:48.938809 12160 fs_manager.cc:269] Using write-ahead log directory (fs_wal_dir) as metadata directory
I0401 16:41:48.938896 12160 server_base.cc:433] Could not load existing FS layout: Not found: could not find a healthy instance file
I0401 16:41:48.938923 12160 server_base.cc:434] Attempting to create new FS layout instead
I0401 16:41:48.939326 12160 fs_manager.cc:602] Generated new instance metadata in path /data/somelongdirectorytoavoidrpathissues/src/kudutest/ksck_remote-test.0.RemoteKsckTest.TestChecksumSnapshot.1554162092376624-12160/minicluster-data/ts-0-root/instance: uuid: "c389c480349f4579bf5e70301b6d4517" format_stamp: "Formatted at 2019-04-01 23:41:48 on quasar-eitwqx-1.vpc.cloudera.com"
I0401 16:41:48.942981 12160 fs_manager.cc:503] Time spent creating directory manager: real 0.003s user 0.002s sys 0.001s
I0401 16:41:48.943635 12160 file_cache.cc:466] Constructed file cache lbm with capacity 13107
I0401 16:41:48.945888 12160 fs_manager.cc:419] Time spent opening block manager: real 0.001s user 0.001s sys 0.000s
I0401 16:41:48.945935 12160 fs_manager.cc:436] Opened local filesystem: /data/somelongdirectorytoavoidrpathissues/src/kudutest/ksck_remote-test.0.RemoteKsckTest.TestChecksumSnapshot.1554162092376624-12160/minicluster-data/ts-0-root uuid: "c389c480349f4579bf5e70301b6d4517" format_stamp: "Formatted at 2019-04-01 23:41:48 on quasar-eitwqx-1.vpc.cloudera.com"
I0401 16:41:48.946008 12160 fs_report.cc:352] FS layout report -------------------- wal directory: /data/somelongdirectorytoavoidrpathissues/src/kudutest/ksck_remote-test.0.RemoteKsckTest.TestChecksumSnapshot.1554162092376624-12160/minicluster-data/ts-0-root metadata directory: /data/somelongdirectorytoavoidrpathissues/src/kudutest/ksck_remote-test.0.RemoteKsckTest.TestChecksumSnapshot.1554162092376624-12160/minicluster-data/ts-0-root 1 data directories: /data/somelongdirectorytoavoidrpathissues/src/kudutest/ksck_remote-test.0.RemoteKsckTest.TestChecksumSnapshot.1554162092376624-12160/minicluster-data/ts-0-root/data Total live blocks: 0 Total live bytes: 0 Total live bytes (after alignment): 0 Total number of LBM containers: 0 (0 full) Did not check for missing blocks Did not check for orphaned blocks Total full LBM containers with extra space: 0 (0 repaired) Total full LBM container extra space in bytes: 0 (0 repaired) Total incomplete LBM containers: 0 (0 repaired) Total LBM partial records: 0 (0 repaired)
I0401 16:41:49.044189 12160 ts_tablet_manager.cc:356] Loaded tablet metadata (0 total tablets, 0 live tablets)
I0401 16:41:49.044234 12160 ts_tablet_manager.cc:376] Registered 0 tablets
I0401 16:41:49.058722 12160 rpc_server.cc:205] RPC server started. Bound to: 127.11.224.1:33095
I0401 16:41:49.059523 12160 webserver.cc:308] Webserver started at http://127.11.224.1:43337/ using document root and password file
I0401 16:41:49.067694 15812 heartbeater.cc:345] Connected to a master server at 127.11.224.60:32872
I0401 16:41:49.067773 15812 heartbeater.cc:426] Registering TS with master...
I0401 16:41:49.068043 15812 heartbeater.cc:475] Master 127.11.224.60:32872 requested a full tablet report, sending...
I0401 16:41:49.068977 15703 ts_manager.cc:159] Registered new tserver with Master: c389c480349f4579bf5e70301b6d4517 (127.11.224.1:33095)
I0401 16:41:49.071382 15813 heartbeater.cc:345] Connected to a master server at 127.11.224.61:58736
I0401 16:41:49.071444 15813 heartbeater.cc:426] Registering TS with master...
I0401 16:41:49.071640 15813 heartbeater.cc:475] Master 127.11.224.61:58736 requested a full tablet report, sending...
I0401 16:41:49.072032 15746 raft_consensus.cc:472] T 00000000000000000000000000000000 P f157b39c0d014af294d782407497c377 [term 0 FOLLOWER]: Starting pre-election (no leader contacted us within the election timeout)
I0401 16:41:49.072219 15746 raft_consensus.cc:494] T 00000000000000000000000000000000 P f157b39c0d014af294d782407497c377 [term 0 FOLLOWER]: Starting pre-election with config: opid_index: -1 OBSOLETE_local: false peers { permanent_uuid: "f157b39c0d014af294d782407497c377" member_type: VOTER last_known_addr { host: "127.11.224.62" port: 37596 } } peers { permanent_uuid: "c648c7b342d841319c073af14dbe36e5" member_type: VOTER last_known_addr { host: "127.11.224.61" port: 58736 } } peers { permanent_uuid: "db81944f68db4f41a11ed545fdf4ca28" member_type: VOTER last_known_addr { host: "127.11.224.60" port: 32872 } }
I0401 16:41:49.072707 15646 ts_manager.cc:159] Registered new tserver with Master: c389c480349f4579bf5e70301b6d4517 (127.11.224.1:33095)
I0401 16:41:49.072919 15746 leader_election.cc:296] T 00000000000000000000000000000000 P f157b39c0d014af294d782407497c377 [CANDIDATE]: Term 1 pre-election: Requested pre-vote from peers c648c7b342d841319c073af14dbe36e5 (127.11.224.61:58736), db81944f68db4f41a11ed545fdf4ca28 (127.11.224.60:32872)
I0401 16:41:49.073056 15814 heartbeater.cc:345] Connected to a master server at 127.11.224.62:37596
I0401 16:41:49.073117 15814 heartbeater.cc:426] Registering TS with master...
I0401 16:41:49.073288 15814 heartbeater.cc:475] Master 127.11.224.62:37596 requested a full tablet report, sending...
I0401 16:41:49.073303 15656 tablet_service.cc:1276] Received RequestConsensusVote() RPC: tablet_id: "00000000000000000000000000000000" candidate_uuid: "f157b39c0d014af294d782407497c377" candidate_term: 1 candidate_status { last_received { term: 0 index: 0 } } ignore_live_leader: false dest_uuid: "c648c7b342d841319c073af14dbe36e5" is_pre_election: true
I0401 16:41:49.073462 15656 raft_consensus.cc:2346] T 00000000000000000000000000000000 P c648c7b342d841319c073af14dbe36e5 [term 0 FOLLOWER]: Leader pre-election vote request: Granting yes vote for candidate f157b39c0d014af294d782407497c377 in term 0.
I0401 16:41:49.073352 15713 tablet_service.cc:1276] Received RequestConsensusVote() RPC: tablet_id: "00000000000000000000000000000000" candidate_uuid: "f157b39c0d014af294d782407497c377" candidate_term: 1 candidate_status { last_received { term: 0 index: 0 } } ignore_live_leader: false dest_uuid: "db81944f68db4f41a11ed545fdf4ca28" is_pre_election: true
I0401 16:41:49.073647 15713 raft_consensus.cc:2346] T 00000000000000000000000000000000 P db81944f68db4f41a11ed545fdf4ca28 [term 0 FOLLOWER]: Leader pre-election vote request: Granting yes vote for candidate f157b39c0d014af294d782407497c377 in term 0.
I0401 16:41:49.073756 12160 system_ntp.cc:199] NTP initialized. Skew: 500ppm Current error: 844931us
I0401 16:41:49.073819 15570 leader_election.cc:310] T 00000000000000000000000000000000 P f157b39c0d014af294d782407497c377 [CANDIDATE]: Term 1 pre-election: Election decided. Result: candidate won. Election summary: received 2 responses out of 3 voters: 2 yes votes; 0 no votes. yes voters: c648c7b342d841319c073af14dbe36e5, f157b39c0d014af294d782407497c377; no voters:
I0401 16:41:49.073973 12160 fs_manager.cc:263] Metadata directory not provided
I0401 16:41:49.074012 12160 fs_manager.cc:269] Using write-ahead log directory (fs_wal_dir) as metadata directory
I0401 16:41:49.074127 12160 server_base.cc:433] Could not load existing FS layout: Not found: could not find a healthy instance file
I0401 16:41:49.074156 12160 server_base.cc:434] Attempting to create new FS layout instead
I0401 16:41:49.074158 15746 raft_consensus.cc:2640] T 00000000000000000000000000000000 P f157b39c0d014af294d782407497c377 [term 0 FOLLOWER]: Leader pre-election won for term 1
I0401 16:41:49.074203 15746 raft_consensus.cc:472] T 00000000000000000000000000000000 P f157b39c0d014af294d782407497c377 [term 0 FOLLOWER]: Starting leader election (no leader contacted us within the election timeout)
I0401 16:41:49.074250 15746 raft_consensus.cc:2886] T 00000000000000000000000000000000 P f157b39c0d014af294d782407497c377 [term 0 FOLLOWER]: Advancing to term 1
I0401 16:41:49.074589 12160 fs_manager.cc:602] Generated new instance metadata in path /data/somelongdirectorytoavoidrpathissues/src/kudutest/ksck_remote-test.0.RemoteKsckTest.TestChecksumSnapshot.1554162092376624-12160/minicluster-data/ts-1-root/instance: uuid: "c49eacb8125f47b5a28548c823edfbf3" format_stamp: "Formatted at 2019-04-01 23:41:49 on quasar-eitwqx-1.vpc.cloudera.com"
I0401 16:41:49.075574 15746 raft_consensus.cc:494] T 00000000000000000000000000000000 P f157b39c0d014af294d782407497c377 [term 1 FOLLOWER]: Starting leader election with config: opid_index: -1 OBSOLETE_local: false peers { permanent_uuid: "f157b39c0d014af294d782407497c377" member_type: VOTER last_known_addr { host: "127.11.224.62" port: 37596 } } peers { permanent_uuid: "c648c7b342d841319c073af14dbe36e5" member_type: VOTER last_known_addr { host: "127.11.224.61" port: 58736 } } peers { permanent_uuid: "db81944f68db4f41a11ed545fdf4ca28" member_type: VOTER last_known_addr { host: "127.11.224.60" port: 32872 } }
I0401 16:41:49.076099 15746 leader_election.cc:296] T 00000000000000000000000000000000 P f157b39c0d014af294d782407497c377 [CANDIDATE]: Term 1 election: Requested vote from peers c648c7b342d841319c073af14dbe36e5 (127.11.224.61:58736), db81944f68db4f41a11ed545fdf4ca28 (127.11.224.60:32872)
I0401 16:41:49.076159 15589 ts_manager.cc:159] Registered new tserver with Master: c389c480349f4579bf5e70301b6d4517 (127.11.224.1:33095)
I0401 16:41:49.076604 15713 tablet_service.cc:1276] Received RequestConsensusVote() RPC: tablet_id: "00000000000000000000000000000000" candidate_uuid: "f157b39c0d014af294d782407497c377" candidate_term: 1 candidate_status { last_received { term: 0 index: 0 } } ignore_live_leader: false dest_uuid: "db81944f68db4f41a11ed545fdf4ca28"
I0401 16:41:49.076716 15713 raft_consensus.cc:2886] T 00000000000000000000000000000000 P db81944f68db4f41a11ed545fdf4ca28 [term 0 FOLLOWER]: Advancing to term 1
I0401 16:41:49.076782 15656 tablet_service.cc:1276] Received RequestConsensusVote() RPC: tablet_id: "00000000000000000000000000000000" candidate_uuid: "f157b39c0d014af294d782407497c377" candidate_term: 1 candidate_status { last_received { term: 0 index: 0 } } ignore_live_leader: false dest_uuid: "c648c7b342d841319c073af14dbe36e5"
I0401 16:41:49.076922 15656 raft_consensus.cc:2886] T 00000000000000000000000000000000 P c648c7b342d841319c073af14dbe36e5 [term 0 FOLLOWER]: Advancing to term 1
I0401 16:41:49.078223 15656 raft_consensus.cc:2346] T 00000000000000000000000000000000 P c648c7b342d841319c073af14dbe36e5 [term 1 FOLLOWER]: Leader election vote request: Granting yes vote for candidate f157b39c0d014af294d782407497c377 in term 1.
I0401 16:41:49.078471 15570 leader_election.cc:310] T 00000000000000000000000000000000 P f157b39c0d014af294d782407497c377 [CANDIDATE]: Term 1 election: Election decided. Result: candidate won. Election summary: received 2 responses out of 3 voters: 2 yes votes; 0 no votes. yes voters: c648c7b342d841319c073af14dbe36e5, f157b39c0d014af294d782407497c377; no voters:
I0401 16:41:49.078647 15713 raft_consensus.cc:2346] T 00000000000000000000000000000000 P db81944f68db4f41a11ed545fdf4ca28 [term 1 FOLLOWER]: Leader election vote request: Granting yes vote for candidate f157b39c0d014af294d782407497c377 in term 1.
I0401 16:41:49.078660 15746 raft_consensus.cc:2640] T 00000000000000000000000000000000 P f157b39c0d014af294d782407497c377 [term 1 FOLLOWER]: Leader election won for term 1
I0401 16:41:49.079257 15746 raft_consensus.cc:667] T 00000000000000000000000000000000 P f157b39c0d014af294d782407497c377 [term 1 LEADER]: Becoming Leader. State: Replica: f157b39c0d014af294d782407497c377, State: Running, Role: LEADER
I0401 16:41:49.079489 15746 consensus_queue.cc:206] T 00000000000000000000000000000000 P f157b39c0d014af294d782407497c377 [LEADER]: Queue going to LEADER mode. State: All replicated index: 0, Majority replicated index: 0, Committed index: 0, Last appended: 0.0, Last appended by leader: 0, Current term: 1, Majority size: 2, State: 0, Mode: LEADER, active raft config: opid_index: -1 OBSOLETE_local: false peers { permanent_uuid: "f157b39c0d014af294d782407497c377" member_type: VOTER last_known_addr { host: "127.11.224.62" port: 37596 } } peers { permanent_uuid: "c648c7b342d841319c073af14dbe36e5" member_type: VOTER last_known_addr { host: "127.11.224.61" port: 58736 } } peers { permanent_uuid: "db81944f68db4f41a11ed545fdf4ca28" member_type: VOTER last_known_addr { host: "127.11.224.60" port: 32872 } }
I0401 16:41:49.079630 12160 fs_manager.cc:503] Time spent creating directory manager: real 0.005s user 0.001s sys 0.003s
I0401 16:41:49.080298 12160 file_cache.cc:466] Constructed file cache lbm with capacity 13107
I0401 16:41:49.080799 15820 sys_catalog.cc:337] T 00000000000000000000000000000000 P f157b39c0d014af294d782407497c377 [sys.catalog]: SysCatalogTable state changed. Reason: New leader f157b39c0d014af294d782407497c377. Latest consensus state: current_term: 1 leader_uuid: "f157b39c0d014af294d782407497c377" committed_config { opid_index: -1 OBSOLETE_local: false peers { permanent_uuid: "f157b39c0d014af294d782407497c377" member_type: VOTER last_known_addr { host: "127.11.224.62" port: 37596 } } peers { permanent_uuid: "c648c7b342d841319c073af14dbe36e5" member_type: VOTER last_known_addr { host: "127.11.224.61" port: 58736 } } peers { permanent_uuid: "db81944f68db4f41a11ed545fdf4ca28" member_type: VOTER last_known_addr { host: "127.11.224.60" port: 32872 } } }
I0401 16:41:49.081135 15820 sys_catalog.cc:340] T 00000000000000000000000000000000 P f157b39c0d014af294d782407497c377 [sys.catalog]: This master's current role is: LEADER
I0401 16:41:49.081856 15822 catalog_manager.cc:1055] Loading table and tablet metadata into memory...
I0401 16:41:49.083357 12160 fs_manager.cc:419] Time spent opening block manager: real 0.001s user 0.000s sys 0.002s
I0401 16:41:49.083403 12160 fs_manager.cc:436] Opened local filesystem: /data/somelongdirectorytoavoidrpathissues/src/kudutest/ksck_remote-test.0.RemoteKsckTest.TestChecksumSnapshot.1554162092376624-12160/minicluster-data/ts-1-root uuid: "c49eacb8125f47b5a28548c823edfbf3" format_stamp: "Formatted at 2019-04-01 23:41:49 on quasar-eitwqx-1.vpc.cloudera.com"
I0401 16:41:49.083480 15822 catalog_manager.cc:1066] Initializing Kudu internal certificate authority...
