I0401 16:41:44.375165 14874 raft_consensus.cc:494] T f4022cf548804d9fa764b8b6e861569c P 0d05f40568e743aca4798bfc0dc47a8f [term 1 FOLLOWER]: Starting leader election with config: opid_index: -1 OBSOLETE_local: false peers { permanent_uuid: "fea15e44a97e4adda7ae903b7a1ee269" member_type: VOTER last_known_addr { host: "127.11.224.2" port: 42396 } } peers { permanent_uuid: "0d05f40568e743aca4798bfc0dc47a8f" member_type: VOTER last_known_addr { host: "127.11.224.1" port: 56369 } } peers { permanent_uuid: "283c2ec6589f41e3ae8293860db57d2d" member_type: VOTER last_known_addr { host: "127.11.224.3" port: 37505 } }
I0401 16:41:44.375582 14874 leader_election.cc:296] T f4022cf548804d9fa764b8b6e861569c P 0d05f40568e743aca4798bfc0dc47a8f [CANDIDATE]: Term 1 election: Requested vote from peers fea15e44a97e4adda7ae903b7a1ee269 (127.11.224.2:42396), 283c2ec6589f41e3ae8293860db57d2d (127.11.224.3:37505)
I0401 16:41:44.376121 14749 tablet_service.cc:1276] Received RequestConsensusVote() RPC: tablet_id: "387632c6220140579a2af626e0d32b27" candidate_uuid: "0d05f40568e743aca4798bfc0dc47a8f" candidate_term: 1 candidate_status { last_received { term: 0 index: 0 } } ignore_live_leader: false dest_uuid: "fea15e44a97e4adda7ae903b7a1ee269" is_pre_election: true
I0401 16:41:44.376294 14749 raft_consensus.cc:2307] T 387632c6220140579a2af626e0d32b27 P fea15e44a97e4adda7ae903b7a1ee269 [term 1 LEADER]: Leader pre-election vote request: Denying vote to candidate 0d05f40568e743aca4798bfc0dc47a8f for term 1 because replica is either leader or believes a valid leader to be alive.
I0401 16:41:44.376263 14748 tablet_service.cc:1276] Received RequestConsensusVote() RPC: tablet_id: "f4022cf548804d9fa764b8b6e861569c" candidate_uuid: "0d05f40568e743aca4798bfc0dc47a8f" candidate_term: 1 candidate_status { last_received { term: 0 index: 0 } } ignore_live_leader: false dest_uuid: "fea15e44a97e4adda7ae903b7a1ee269"
I0401 16:41:44.376376 14748 raft_consensus.cc:2886] T f4022cf548804d9fa764b8b6e861569c P fea15e44a97e4adda7ae903b7a1ee269 [term 0 FOLLOWER]: Advancing to term 1
I0401 16:41:44.377066 14820 tablet_service.cc:1276] Received RequestConsensusVote() RPC: tablet_id: "f4022cf548804d9fa764b8b6e861569c" candidate_uuid: "0d05f40568e743aca4798bfc0dc47a8f" candidate_term: 1 candidate_status { last_received { term: 0 index: 0 } } ignore_live_leader: false dest_uuid: "283c2ec6589f41e3ae8293860db57d2d" is_pre_election: true
I0401 16:41:44.377203 14820 raft_consensus.cc:2346] T f4022cf548804d9fa764b8b6e861569c P 283c2ec6589f41e3ae8293860db57d2d [term 0 FOLLOWER]: Leader pre-election vote request: Granting yes vote for candidate 0d05f40568e743aca4798bfc0dc47a8f in term 0.
I0401 16:41:44.377192 14819 tablet_service.cc:1276] Received RequestConsensusVote() RPC: tablet_id: "387632c6220140579a2af626e0d32b27" candidate_uuid: "0d05f40568e743aca4798bfc0dc47a8f" candidate_term: 1 candidate_status { last_received { term: 0 index: 0 } } ignore_live_leader: false dest_uuid: "283c2ec6589f41e3ae8293860db57d2d" is_pre_election: true
I0401 16:41:44.377420 14819 raft_consensus.cc:2276] T 387632c6220140579a2af626e0d32b27 P 283c2ec6589f41e3ae8293860db57d2d [term 1 FOLLOWER]: Leader pre-election vote request: Denying vote to candidate 0d05f40568e743aca4798bfc0dc47a8f in current term 1: Already voted for candidate fea15e44a97e4adda7ae903b7a1ee269 in this term.
I0401 16:41:44.377645 14818 tablet_service.cc:1276] Received RequestConsensusVote() RPC: tablet_id: "f4022cf548804d9fa764b8b6e861569c" candidate_uuid: "0d05f40568e743aca4798bfc0dc47a8f" candidate_term: 1 candidate_status { last_received { term: 0 index: 0 } } ignore_live_leader: false dest_uuid: "283c2ec6589f41e3ae8293860db57d2d"
I0401 16:41:44.377764 14818 raft_consensus.cc:2886] T f4022cf548804d9fa764b8b6e861569c P 283c2ec6589f41e3ae8293860db57d2d [term 0 FOLLOWER]: Advancing to term 1
I0401 16:41:44.377835 14628 leader_election.cc:310] T 387632c6220140579a2af626e0d32b27 P 0d05f40568e743aca4798bfc0dc47a8f [CANDIDATE]: Term 1 pre-election: Election decided. Result: candidate lost. Election summary: received 3 responses out of 3 voters: 1 yes votes; 2 no votes. yes voters: 0d05f40568e743aca4798bfc0dc47a8f; no voters: 283c2ec6589f41e3ae8293860db57d2d, fea15e44a97e4adda7ae903b7a1ee269
I0401 16:41:44.378023 14874 raft_consensus.cc:2886] T 387632c6220140579a2af626e0d32b27 P 0d05f40568e743aca4798bfc0dc47a8f [term 0 FOLLOWER]: Advancing to term 1
I0401 16:41:44.379271 14818 raft_consensus.cc:2346] T f4022cf548804d9fa764b8b6e861569c P 283c2ec6589f41e3ae8293860db57d2d [term 1 FOLLOWER]: Leader election vote request: Granting yes vote for candidate 0d05f40568e743aca4798bfc0dc47a8f in term 1.
I0401 16:41:44.379557 14628 leader_election.cc:310] T f4022cf548804d9fa764b8b6e861569c P 0d05f40568e743aca4798bfc0dc47a8f [CANDIDATE]: Term 1 election: Election decided. Result: candidate won. Election summary: received 2 responses out of 3 voters: 2 yes votes; 0 no votes. yes voters: 0d05f40568e743aca4798bfc0dc47a8f, 283c2ec6589f41e3ae8293860db57d2d; no voters:
I0401 16:41:44.379582 14748 raft_consensus.cc:2346] T f4022cf548804d9fa764b8b6e861569c P fea15e44a97e4adda7ae903b7a1ee269 [term 1 FOLLOWER]: Leader election vote request: Granting yes vote for candidate 0d05f40568e743aca4798bfc0dc47a8f in term 1.
I0401 16:41:44.379626 14874 raft_consensus.cc:2588] T 387632c6220140579a2af626e0d32b27 P 0d05f40568e743aca4798bfc0dc47a8f [term 1 FOLLOWER]: Leader pre-election lost for term 1. Reason: could not achieve majority
I0401 16:41:44.379770 14874 raft_consensus.cc:2640] T f4022cf548804d9fa764b8b6e861569c P 0d05f40568e743aca4798bfc0dc47a8f [term 1 FOLLOWER]: Leader election won for term 1
I0401 16:41:44.380579 14874 raft_consensus.cc:667] T f4022cf548804d9fa764b8b6e861569c P 0d05f40568e743aca4798bfc0dc47a8f [term 1 LEADER]: Becoming Leader. State: Replica: 0d05f40568e743aca4798bfc0dc47a8f, State: Running, Role: LEADER
I0401 16:41:44.380887 14874 consensus_queue.cc:206] T f4022cf548804d9fa764b8b6e861569c P 0d05f40568e743aca4798bfc0dc47a8f [LEADER]: Queue going to LEADER mode. State: All replicated index: 0, Majority replicated index: 0, Committed index: 0, Last appended: 0.0, Last appended by leader: 0, Current term: 1, Majority size: 2, State: 0, Mode: LEADER, active raft config: opid_index: -1 OBSOLETE_local: false peers { permanent_uuid: "fea15e44a97e4adda7ae903b7a1ee269" member_type: VOTER last_known_addr { host: "127.11.224.2" port: 42396 } } peers { permanent_uuid: "0d05f40568e743aca4798bfc0dc47a8f" member_type: VOTER last_known_addr { host: "127.11.224.1" port: 56369 } } peers { permanent_uuid: "283c2ec6589f41e3ae8293860db57d2d" member_type: VOTER last_known_addr { host: "127.11.224.3" port: 37505 } }
I0401 16:41:44.383934 14521 catalog_manager.cc:3977] T f4022cf548804d9fa764b8b6e861569c P 0d05f40568e743aca4798bfc0dc47a8f reported cstate change: term changed from 0 to 1, leader changed from to 0d05f40568e743aca4798bfc0dc47a8f (127.11.224.1). New cstate: current_term: 1 leader_uuid: "0d05f40568e743aca4798bfc0dc47a8f" committed_config { opid_index: -1 OBSOLETE_local: false peers { permanent_uuid: "fea15e44a97e4adda7ae903b7a1ee269" member_type: VOTER last_known_addr { host: "127.11.224.2" port: 42396 } health_report { overall_health: UNKNOWN } } peers { permanent_uuid: "0d05f40568e743aca4798bfc0dc47a8f" member_type: VOTER last_known_addr { host: "127.11.224.1" port: 56369 } health_report { overall_health: HEALTHY } } peers { permanent_uuid: "283c2ec6589f41e3ae8293860db57d2d" member_type: VOTER last_known_addr { host: "127.11.224.3" port: 37505 } health_report { overall_health: UNKNOWN } } }
I0401 16:41:44.440340 14874 raft_consensus.cc:472] T a0fbe7cbf8074d36affe7823f6e106e8 P 0d05f40568e743aca4798bfc0dc47a8f [term 0 FOLLOWER]: Starting pre-election (no leader contacted us within the election timeout)
I0401 16:41:44.440510 14874 raft_consensus.cc:494] T a0fbe7cbf8074d36affe7823f6e106e8 P 0d05f40568e743aca4798bfc0dc47a8f [term 0 FOLLOWER]: Starting pre-election with config: opid_index: -1 OBSOLETE_local: false peers { permanent_uuid: "0d05f40568e743aca4798bfc0dc47a8f" member_type: VOTER last_known_addr { host: "127.11.224.1" port: 56369 } } peers { permanent_uuid: "fea15e44a97e4adda7ae903b7a1ee269" member_type: VOTER last_known_addr { host: "127.11.224.2" port: 42396 } } peers { permanent_uuid: "283c2ec6589f41e3ae8293860db57d2d" member_type: VOTER last_known_addr { host: "127.11.224.3" port: 37505 } }
I0401 16:41:44.441504 14874 leader_election.cc:296] T a0fbe7cbf8074d36affe7823f6e106e8 P 0d05f40568e743aca4798bfc0dc47a8f [CANDIDATE]: Term 1 pre-election: Requested pre-vote from peers fea15e44a97e4adda7ae903b7a1ee269 (127.11.224.2:42396), 283c2ec6589f41e3ae8293860db57d2d (127.11.224.3:37505)
I0401 16:41:44.441789 14748 tablet_service.cc:1276] Received RequestConsensusVote() RPC: tablet_id: "a0fbe7cbf8074d36affe7823f6e106e8" candidate_uuid: "0d05f40568e743aca4798bfc0dc47a8f" candidate_term: 1 candidate_status { last_received { term: 0 index: 0 } } ignore_live_leader: false dest_uuid: "fea15e44a97e4adda7ae903b7a1ee269" is_pre_election: true
I0401 16:41:44.441859 14818 tablet_service.cc:1276] Received RequestConsensusVote() RPC: tablet_id: "a0fbe7cbf8074d36affe7823f6e106e8" candidate_uuid: "0d05f40568e743aca4798bfc0dc47a8f" candidate_term: 1 candidate_status { last_received { term: 0 index: 0 } } ignore_live_leader: false dest_uuid: "283c2ec6589f41e3ae8293860db57d2d" is_pre_election: true
I0401 16:41:44.441977 14748 raft_consensus.cc:2346] T a0fbe7cbf8074d36affe7823f6e106e8 P fea15e44a97e4adda7ae903b7a1ee269 [term 0 FOLLOWER]: Leader pre-election vote request: Granting yes vote for candidate 0d05f40568e743aca4798bfc0dc47a8f in term 0.
I0401 16:41:44.441993 14818 raft_consensus.cc:2346] T a0fbe7cbf8074d36affe7823f6e106e8 P 283c2ec6589f41e3ae8293860db57d2d [term 0 FOLLOWER]: Leader pre-election vote request: Granting yes vote for candidate 0d05f40568e743aca4798bfc0dc47a8f in term 0.
I0401 16:41:44.442243 14629 leader_election.cc:310] T a0fbe7cbf8074d36affe7823f6e106e8 P 0d05f40568e743aca4798bfc0dc47a8f [CANDIDATE]: Term 1 pre-election: Election decided. Result: candidate won. Election summary: received 2 responses out of 3 voters: 2 yes votes; 0 no votes. yes voters: 0d05f40568e743aca4798bfc0dc47a8f, fea15e44a97e4adda7ae903b7a1ee269; no voters:
I0401 16:41:44.442437 14874 raft_consensus.cc:2640] T a0fbe7cbf8074d36affe7823f6e106e8 P 0d05f40568e743aca4798bfc0dc47a8f [term 0 FOLLOWER]: Leader pre-election won for term 1
I0401 16:41:44.442478 14874 raft_consensus.cc:472] T a0fbe7cbf8074d36affe7823f6e106e8 P 0d05f40568e743aca4798bfc0dc47a8f [term 0 FOLLOWER]: Starting leader election (no leader contacted us within the election timeout)
I0401 16:41:44.442544 14874 raft_consensus.cc:2886] T a0fbe7cbf8074d36affe7823f6e106e8 P 0d05f40568e743aca4798bfc0dc47a8f [term 0 FOLLOWER]: Advancing to term 1
I0401 16:41:44.444483 14874 raft_consensus.cc:494] T a0fbe7cbf8074d36affe7823f6e106e8 P 0d05f40568e743aca4798bfc0dc47a8f [term 1 FOLLOWER]: Starting leader election with config: opid_index: -1 OBSOLETE_local: false peers { permanent_uuid: "0d05f40568e743aca4798bfc0dc47a8f" member_type: VOTER last_known_addr { host: "127.11.224.1" port: 56369 } } peers { permanent_uuid: "fea15e44a97e4adda7ae903b7a1ee269" member_type: VOTER last_known_addr { host: "127.11.224.2" port: 42396 } } peers { permanent_uuid: "283c2ec6589f41e3ae8293860db57d2d" member_type: VOTER last_known_addr { host: "127.11.224.3" port: 37505 } }
I0401 16:41:44.445066 14874 leader_election.cc:296] T a0fbe7cbf8074d36affe7823f6e106e8 P 0d05f40568e743aca4798bfc0dc47a8f [CANDIDATE]: Term 1 election: Requested vote from peers fea15e44a97e4adda7ae903b7a1ee269 (127.11.224.2:42396), 283c2ec6589f41e3ae8293860db57d2d (127.11.224.3:37505)
I0401 16:41:44.445335 14748 tablet_service.cc:1276] Received RequestConsensusVote() RPC: tablet_id: "a0fbe7cbf8074d36affe7823f6e106e8" candidate_uuid: "0d05f40568e743aca4798bfc0dc47a8f" candidate_term: 1 candidate_status { last_received { term: 0 index: 0 } } ignore_live_leader: false dest_uuid: "fea15e44a97e4adda7ae903b7a1ee269"
I0401 16:41:44.445431 14748 raft_consensus.cc:2886] T a0fbe7cbf8074d36affe7823f6e106e8 P fea15e44a97e4adda7ae903b7a1ee269 [term 0 FOLLOWER]: Advancing to term 1
I0401 16:41:44.445410 14818 tablet_service.cc:1276] Received RequestConsensusVote() RPC: tablet_id: "a0fbe7cbf8074d36affe7823f6e106e8" candidate_uuid: "0d05f40568e743aca4798bfc0dc47a8f" candidate_term: 1 candidate_status { last_received { term: 0 index: 0 } } ignore_live_leader: false dest_uuid: "283c2ec6589f41e3ae8293860db57d2d"
I0401 16:41:44.445506 14818 raft_consensus.cc:2886] T a0fbe7cbf8074d36affe7823f6e106e8 P 283c2ec6589f41e3ae8293860db57d2d [term 0 FOLLOWER]: Advancing to term 1
I0401 16:41:44.447037 14748 raft_consensus.cc:2346] T a0fbe7cbf8074d36affe7823f6e106e8 P fea15e44a97e4adda7ae903b7a1ee269 [term 1 FOLLOWER]: Leader election vote request: Granting yes vote for candidate 0d05f40568e743aca4798bfc0dc47a8f in term 1.
I0401 16:41:44.447299 14629 leader_election.cc:310] T a0fbe7cbf8074d36affe7823f6e106e8 P 0d05f40568e743aca4798bfc0dc47a8f [CANDIDATE]: Term 1 election: Election decided. Result: candidate won. Election summary: received 2 responses out of 3 voters: 2 yes votes; 0 no votes. yes voters: 0d05f40568e743aca4798bfc0dc47a8f, fea15e44a97e4adda7ae903b7a1ee269; no voters:
I0401 16:41:44.447367 14818 raft_consensus.cc:2346] T a0fbe7cbf8074d36affe7823f6e106e8 P 283c2ec6589f41e3ae8293860db57d2d [term 1 FOLLOWER]: Leader election vote request: Granting yes vote for candidate 0d05f40568e743aca4798bfc0dc47a8f in term 1.
I0401 16:41:44.447628 14874 raft_consensus.cc:2640] T a0fbe7cbf8074d36affe7823f6e106e8 P 0d05f40568e743aca4798bfc0dc47a8f [term 1 FOLLOWER]: Leader election won for term 1
I0401 16:41:44.447746 14874 raft_consensus.cc:667] T a0fbe7cbf8074d36affe7823f6e106e8 P 0d05f40568e743aca4798bfc0dc47a8f [term 1 LEADER]: Becoming Leader. State: Replica: 0d05f40568e743aca4798bfc0dc47a8f, State: Running, Role: LEADER
I0401 16:41:44.448091 14874 consensus_queue.cc:206] T a0fbe7cbf8074d36affe7823f6e106e8 P 0d05f40568e743aca4798bfc0dc47a8f [LEADER]: Queue going to LEADER mode. State: All replicated index: 0, Majority replicated index: 0, Committed index: 0, Last appended: 0.0, Last appended by leader: 0, Current term: 1, Majority size: 2, State: 0, Mode: LEADER, active raft config: opid_index: -1 OBSOLETE_local: false peers { permanent_uuid: "0d05f40568e743aca4798bfc0dc47a8f" member_type: VOTER last_known_addr { host: "127.11.224.1" port: 56369 } } peers { permanent_uuid: "fea15e44a97e4adda7ae903b7a1ee269" member_type: VOTER last_known_addr { host: "127.11.224.2" port: 42396 } } peers { permanent_uuid: "283c2ec6589f41e3ae8293860db57d2d" member_type: VOTER last_known_addr { host: "127.11.224.3" port: 37505 } }
I0401 16:41:44.450732 14521 catalog_manager.cc:3977] T a0fbe7cbf8074d36affe7823f6e106e8 P 0d05f40568e743aca4798bfc0dc47a8f reported cstate change: term changed from 0 to 1, leader changed from to 0d05f40568e743aca4798bfc0dc47a8f (127.11.224.1). New cstate: current_term: 1 leader_uuid: "0d05f40568e743aca4798bfc0dc47a8f" committed_config { opid_index: -1 OBSOLETE_local: false peers { permanent_uuid: "0d05f40568e743aca4798bfc0dc47a8f" member_type: VOTER last_known_addr { host: "127.11.224.1" port: 56369 } health_report { overall_health: HEALTHY } } peers { permanent_uuid: "fea15e44a97e4adda7ae903b7a1ee269" member_type: VOTER last_known_addr { host: "127.11.224.2" port: 42396 } health_report { overall_health: UNKNOWN } } peers { permanent_uuid: "283c2ec6589f41e3ae8293860db57d2d" member_type: VOTER last_known_addr { host: "127.11.224.3" port: 37505 } health_report { overall_health: UNKNOWN } } }
I0401 16:41:44.452841 14871 raft_consensus.cc:472] T a1871f71f942419aa8e00e2299cdaf51 P fea15e44a97e4adda7ae903b7a1ee269 [term 0 FOLLOWER]: Starting pre-election (no leader contacted us within the election timeout)
I0401 16:41:44.452940 14871 raft_consensus.cc:494] T a1871f71f942419aa8e00e2299cdaf51 P fea15e44a97e4adda7ae903b7a1ee269 [term 0 FOLLOWER]: Starting pre-election with config: opid_index: -1 OBSOLETE_local: false peers { permanent_uuid: "0d05f40568e743aca4798bfc0dc47a8f" member_type: VOTER last_known_addr { host: "127.11.224.1" port: 56369 } } peers { permanent_uuid: "fea15e44a97e4adda7ae903b7a1ee269" member_type: VOTER last_known_addr { host: "127.11.224.2" port: 42396 } } peers { permanent_uuid: "283c2ec6589f41e3ae8293860db57d2d" member_type: VOTER last_known_addr { host: "127.11.224.3" port: 37505 } }
I0401 16:41:44.453547 14871 leader_election.cc:296] T a1871f71f942419aa8e00e2299cdaf51 P fea15e44a97e4adda7ae903b7a1ee269 [CANDIDATE]: Term 1 pre-election: Requested pre-vote from peers 0d05f40568e743aca4798bfc0dc47a8f (127.11.224.1:56369), 283c2ec6589f41e3ae8293860db57d2d (127.11.224.3:37505)
I0401 16:41:44.454176 14818 tablet_service.cc:1276] Received RequestConsensusVote() RPC: tablet_id: "a1871f71f942419aa8e00e2299cdaf51" candidate_uuid: "fea15e44a97e4adda7ae903b7a1ee269" candidate_term: 1 candidate_status { last_received { term: 0 index: 0 } } ignore_live_leader: false dest_uuid: "283c2ec6589f41e3ae8293860db57d2d" is_pre_election: true
I0401 16:41:44.454321 14818 raft_consensus.cc:2346] T a1871f71f942419aa8e00e2299cdaf51 P 283c2ec6589f41e3ae8293860db57d2d [term 0 FOLLOWER]: Leader pre-election vote request: Granting yes vote for candidate fea15e44a97e4adda7ae903b7a1ee269 in term 0.
I0401 16:41:44.454582 14666 tablet_service.cc:1276] Received RequestConsensusVote() RPC: tablet_id: "a1871f71f942419aa8e00e2299cdaf51" candidate_uuid: "fea15e44a97e4adda7ae903b7a1ee269" candidate_term: 1 candidate_status { last_received { term: 0 index: 0 } } ignore_live_leader: false dest_uuid: "0d05f40568e743aca4798bfc0dc47a8f" is_pre_election: true
I0401 16:41:44.454655 14699 leader_election.cc:310] T a1871f71f942419aa8e00e2299cdaf51 P fea15e44a97e4adda7ae903b7a1ee269 [CANDIDATE]: Term 1 pre-election: Election decided. Result: candidate won. Election summary: received 2 responses out of 3 voters: 2 yes votes; 0 no votes. yes voters: 283c2ec6589f41e3ae8293860db57d2d, fea15e44a97e4adda7ae903b7a1ee269; no voters:
I0401 16:41:44.454721 14666 raft_consensus.cc:2346] T a1871f71f942419aa8e00e2299cdaf51 P 0d05f40568e743aca4798bfc0dc47a8f [term 0 FOLLOWER]: Leader pre-election vote request: Granting yes vote for candidate fea15e44a97e4adda7ae903b7a1ee269 in term 0.
I0401 16:41:44.454869 14871 raft_consensus.cc:2640] T a1871f71f942419aa8e00e2299cdaf51 P fea15e44a97e4adda7ae903b7a1ee269 [term 0 FOLLOWER]: Leader pre-election won for term 1
I0401 16:41:44.454912 14871 raft_consensus.cc:472] T a1871f71f942419aa8e00e2299cdaf51 P fea15e44a97e4adda7ae903b7a1ee269 [term 0 FOLLOWER]: Starting leader election (no leader contacted us within the election timeout)
I0401 16:41:44.454962 14871 raft_consensus.cc:2886] T a1871f71f942419aa8e00e2299cdaf51 P fea15e44a97e4adda7ae903b7a1ee269 [term 0 FOLLOWER]: Advancing to term 1
I0401 16:41:44.456900 14871 raft_consensus.cc:494] T a1871f71f942419aa8e00e2299cdaf51 P fea15e44a97e4adda7ae903b7a1ee269 [term 1 FOLLOWER]: Starting leader election with config: opid_index: -1 OBSOLETE_local: false peers { permanent_uuid: "0d05f40568e743aca4798bfc0dc47a8f" member_type: VOTER last_known_addr { host: "127.11.224.1" port: 56369 } } peers { permanent_uuid: "fea15e44a97e4adda7ae903b7a1ee269" member_type: VOTER last_known_addr { host: "127.11.224.2" port: 42396 } } peers { permanent_uuid: "283c2ec6589f41e3ae8293860db57d2d" member_type: VOTER last_known_addr { host: "127.11.224.3" port: 37505 } }
I0401 16:41:44.457550 14871 leader_election.cc:296] T a1871f71f942419aa8e00e2299cdaf51 P fea15e44a97e4adda7ae903b7a1ee269 [CANDIDATE]: Term 1 election: Requested vote from peers 0d05f40568e743aca4798bfc0dc47a8f (127.11.224.1:56369), 283c2ec6589f41e3ae8293860db57d2d (127.11.224.3:37505)
I0401 16:41:44.457805 14666 tablet_service.cc:1276] Received RequestConsensusVote() RPC: tablet_id: "a1871f71f942419aa8e00e2299cdaf51" candidate_uuid: "fea15e44a97e4adda7ae903b7a1ee269" candidate_term: 1 candidate_status { last_received { term: 0 index: 0 } } ignore_live_leader: false dest_uuid: "0d05f40568e743aca4798bfc0dc47a8f"
I0401 16:41:44.457921 14666 raft_consensus.cc:2886] T a1871f71f942419aa8e00e2299cdaf51 P 0d05f40568e743aca4798bfc0dc47a8f [term 0 FOLLOWER]: Advancing to term 1
I0401 16:41:44.457948 14818 tablet_service.cc:1276] Received RequestConsensusVote() RPC: tablet_id: "a1871f71f942419aa8e00e2299cdaf51" candidate_uuid: "fea15e44a97e4adda7ae903b7a1ee269" candidate_term: 1 candidate_status { last_received { term: 0 index: 0 } } ignore_live_leader: false dest_uuid: "283c2ec6589f41e3ae8293860db57d2d"
I0401 16:41:44.458045 14818 raft_consensus.cc:2886] T a1871f71f942419aa8e00e2299cdaf51 P 283c2ec6589f41e3ae8293860db57d2d [term 0 FOLLOWER]: Advancing to term 1
I0401 16:41:44.459233 14666 raft_consensus.cc:2346] T a1871f71f942419aa8e00e2299cdaf51 P 0d05f40568e743aca4798bfc0dc47a8f [term 1 FOLLOWER]: Leader election vote request: Granting yes vote for candidate fea15e44a97e4adda7ae903b7a1ee269 in term 1.
I0401 16:41:44.459400 14818 raft_consensus.cc:2346] T a1871f71f942419aa8e00e2299cdaf51 P 283c2ec6589f41e3ae8293860db57d2d [term 1 FOLLOWER]: Leader election vote request: Granting yes vote for candidate fea15e44a97e4adda7ae903b7a1ee269 in term 1.
I0401 16:41:44.459477 14698 leader_election.cc:310] T a1871f71f942419aa8e00e2299cdaf51 P fea15e44a97e4adda7ae903b7a1ee269 [CANDIDATE]: Term 1 election: Election decided. Result: candidate won. Election summary: received 2 responses out of 3 voters: 2 yes votes; 0 no votes. yes voters: 0d05f40568e743aca4798bfc0dc47a8f, fea15e44a97e4adda7ae903b7a1ee269; no voters:
I0401 16:41:44.459661 14871 raft_consensus.cc:2640] T a1871f71f942419aa8e00e2299cdaf51 P fea15e44a97e4adda7ae903b7a1ee269 [term 1 FOLLOWER]: Leader election won for term 1
I0401 16:41:44.459738 14871 raft_consensus.cc:667] T a1871f71f942419aa8e00e2299cdaf51 P fea15e44a97e4adda7ae903b7a1ee269 [term 1 LEADER]: Becoming Leader. State: Replica: fea15e44a97e4adda7ae903b7a1ee269, State: Running, Role: LEADER
I0401 16:41:44.459962 14871 consensus_queue.cc:206] T a1871f71f942419aa8e00e2299cdaf51 P fea15e44a97e4adda7ae903b7a1ee269 [LEADER]: Queue going to LEADER mode. State: All replicated index: 0, Majority replicated index: 0, Committed index: 0, Last appended: 0.0, Last appended by leader: 0, Current term: 1, Majority size: 2, State: 0, Mode: LEADER, active raft config: opid_index: -1 OBSOLETE_local: false peers { permanent_uuid: "0d05f40568e743aca4798bfc0dc47a8f" member_type: VOTER last_known_addr { host: "127.11.224.1" port: 56369 } } peers { permanent_uuid: "fea15e44a97e4adda7ae903b7a1ee269" member_type: VOTER last_known_addr { host: "127.11.224.2" port: 42396 } } peers { permanent_uuid: "283c2ec6589f41e3ae8293860db57d2d" member_type: VOTER last_known_addr { host: "127.11.224.3" port: 37505 } }
I0401 16:41:44.463140 14521 catalog_manager.cc:3977] T a1871f71f942419aa8e00e2299cdaf51 P fea15e44a97e4adda7ae903b7a1ee269 reported cstate change: term changed from 0 to 1, leader changed from to fea15e44a97e4adda7ae903b7a1ee269 (127.11.224.2). New cstate: current_term: 1 leader_uuid: "fea15e44a97e4adda7ae903b7a1ee269" committed_config { opid_index: -1 OBSOLETE_local: false peers { permanent_uuid: "0d05f40568e743aca4798bfc0dc47a8f" member_type: VOTER last_known_addr { host: "127.11.224.1" port: 56369 } health_report { overall_health: UNKNOWN } } peers { permanent_uuid: "fea15e44a97e4adda7ae903b7a1ee269" member_type: VOTER last_known_addr { host: "127.11.224.2" port: 42396 } health_report { overall_health: HEALTHY } } peers { permanent_uuid: "283c2ec6589f41e3ae8293860db57d2d" member_type: VOTER last_known_addr { host: "127.11.224.3" port: 37505 } health_report { overall_health: UNKNOWN } } }
I0401 16:41:44.482983 14871 raft_consensus.cc:472] T 1198d0b3a3dd4b5e8b73d7f0db45b0c6 P fea15e44a97e4adda7ae903b7a1ee269 [term 0 FOLLOWER]: Starting pre-election (no leader contacted us within the election timeout)
I0401 16:41:44.483098 14871 raft_consensus.cc:494] T 1198d0b3a3dd4b5e8b73d7f0db45b0c6 P fea15e44a97e4adda7ae903b7a1ee269 [term 0 FOLLOWER]: Starting pre-election with config: opid_index: -1 OBSOLETE_local: false peers { permanent_uuid: "0d05f40568e743aca4798bfc0dc47a8f" member_type: VOTER last_known_addr { host: "127.11.224.1" port: 56369 } } peers { permanent_uuid: "fea15e44a97e4adda7ae903b7a1ee269" member_type: VOTER last_known_addr { host: "127.11.224.2" port: 42396 } } peers { permanent_uuid: "283c2ec6589f41e3ae8293860db57d2d" member_type: VOTER last_known_addr { host: "127.11.224.3" port: 37505 } }
I0401 16:41:44.483786 14871 leader_election.cc:296] T 1198d0b3a3dd4b5e8b73d7f0db45b0c6 P fea15e44a97e4adda7ae903b7a1ee269 [CANDIDATE]: Term 1 pre-election: Requested pre-vote from peers 0d05f40568e743aca4798bfc0dc47a8f (127.11.224.1:56369), 283c2ec6589f41e3ae8293860db57d2d (127.11.224.3:37505)
I0401 16:41:44.484225 14818 tablet_service.cc:1276] Received RequestConsensusVote() RPC: tablet_id: "1198d0b3a3dd4b5e8b73d7f0db45b0c6" candidate_uuid: "fea15e44a97e4adda7ae903b7a1ee269" candidate_term: 1 candidate_status { last_received { term: 0 index: 0 } } ignore_live_leader: false dest_uuid: "283c2ec6589f41e3ae8293860db57d2d" is_pre_election: true
I0401 16:41:44.484395 14818 raft_consensus.cc:2346] T 1198d0b3a3dd4b5e8b73d7f0db45b0c6 P 283c2ec6589f41e3ae8293860db57d2d [term 0 FOLLOWER]: Leader pre-election vote request: Granting yes vote for candidate fea15e44a97e4adda7ae903b7a1ee269 in term 0.
I0401 16:41:44.484385 14666 tablet_service.cc:1276] Received RequestConsensusVote() RPC: tablet_id: "1198d0b3a3dd4b5e8b73d7f0db45b0c6" candidate_uuid: "fea15e44a97e4adda7ae903b7a1ee269" candidate_term: 1 candidate_status { last_received { term: 0 index: 0 } } ignore_live_leader: false dest_uuid: "0d05f40568e743aca4798bfc0dc47a8f" is_pre_election: true
I0401 16:41:44.484516 14666 raft_consensus.cc:2346] T 1198d0b3a3dd4b5e8b73d7f0db45b0c6 P 0d05f40568e743aca4798bfc0dc47a8f [term 0 FOLLOWER]: Leader pre-election vote request: Granting yes vote for candidate fea15e44a97e4adda7ae903b7a1ee269 in term 0.
I0401 16:41:44.484659 14699 leader_election.cc:310] T 1198d0b3a3dd4b5e8b73d7f0db45b0c6 P fea15e44a97e4adda7ae903b7a1ee269 [CANDIDATE]: Term 1 pre-election: Election decided. Result: candidate won. Election summary: received 2 responses out of 3 voters: 2 yes votes; 0 no votes. yes voters: 283c2ec6589f41e3ae8293860db57d2d, fea15e44a97e4adda7ae903b7a1ee269; no voters:
I0401 16:41:44.484882 14871 raft_consensus.cc:2640] T 1198d0b3a3dd4b5e8b73d7f0db45b0c6 P fea15e44a97e4adda7ae903b7a1ee269 [term 0 FOLLOWER]: Leader pre-election won for term 1
I0401 16:41:44.484941 14871 raft_consensus.cc:472] T 1198d0b3a3dd4b5e8b73d7f0db45b0c6 P fea15e44a97e4adda7ae903b7a1ee269 [term 0 FOLLOWER]: Starting leader election (no leader contacted us within the election timeout)
I0401 16:41:44.484983 14871 raft_consensus.cc:2886] T 1198d0b3a3dd4b5e8b73d7f0db45b0c6 P fea15e44a97e4adda7ae903b7a1ee269 [term 0 FOLLOWER]: Advancing to term 1
I0401 16:41:44.486670 14871 raft_consensus.cc:494] T 1198d0b3a3dd4b5e8b73d7f0db45b0c6 P fea15e44a97e4adda7ae903b7a1ee269 [term 1 FOLLOWER]: Starting leader election with config: opid_index: -1 OBSOLETE_local: false peers { permanent_uuid: "0d05f40568e743aca4798bfc0dc47a8f" member_type: VOTER last_known_addr { host: "127.11.224.1" port: 56369 } } peers { permanent_uuid: "fea15e44a97e4adda7ae903b7a1ee269" member_type: VOTER last_known_addr { host: "127.11.224.2" port: 42396 } } peers { permanent_uuid: "283c2ec6589f41e3ae8293860db57d2d" member_type: VOTER last_known_addr { host: "127.11.224.3" port: 37505 } }
I0401 16:41:44.487154 14871 leader_election.cc:296] T 1198d0b3a3dd4b5e8b73d7f0db45b0c6 P fea15e44a97e4adda7ae903b7a1ee269 [CANDIDATE]: Term 1 election: Requested vote from peers 0d05f40568e743aca4798bfc0dc47a8f (127.11.224.1:56369), 283c2ec6589f41e3ae8293860db57d2d (127.11.224.3:37505)
I0401 16:41:44.487470 14666 tablet_service.cc:1276] Received RequestConsensusVote() RPC: tablet_id: "1198d0b3a3dd4b5e8b73d7f0db45b0c6" candidate_uuid: "fea15e44a97e4adda7ae903b7a1ee269" candidate_term: 1 candidate_status { last_received { term: 0 index: 0 } } ignore_live_leader: false dest_uuid: "0d05f40568e743aca4798bfc0dc47a8f"
I0401 16:41:44.487488 14818 tablet_service.cc:1276] Received RequestConsensusVote() RPC: tablet_id: "1198d0b3a3dd4b5e8b73d7f0db45b0c6" candidate_uuid: "fea15e44a97e4adda7ae903b7a1ee269" candidate_term: 1 candidate_status { last_received { term: 0 index: 0 } } ignore_live_leader: false dest_uuid: "283c2ec6589f41e3ae8293860db57d2d"
I0401 16:41:44.487576 14666 raft_consensus.cc:2886] T 1198d0b3a3dd4b5e8b73d7f0db45b0c6 P 0d05f40568e743aca4798bfc0dc47a8f [term 0 FOLLOWER]: Advancing to term 1
I0401 16:41:44.487588 14818 raft_consensus.cc:2886] T 1198d0b3a3dd4b5e8b73d7f0db45b0c6 P 283c2ec6589f41e3ae8293860db57d2d [term 0 FOLLOWER]: Advancing to term 1
I0401 16:41:44.489105 14666 raft_consensus.cc:2346] T 1198d0b3a3dd4b5e8b73d7f0db45b0c6 P 0d05f40568e743aca4798bfc0dc47a8f [term 1 FOLLOWER]: Leader election vote request: Granting yes vote for candidate fea15e44a97e4adda7ae903b7a1ee269 in term 1.
I0401 16:41:44.489338 14874 raft_consensus.cc:472] T 541db4e418a0469eb8411e03991af88a P 0d05f40568e743aca4798bfc0dc47a8f [term 0 FOLLOWER]: Starting pre-election (no leader contacted us within the election timeout)
I0401 16:41:44.489363 14698 leader_election.cc:310] T 1198d0b3a3dd4b5e8b73d7f0db45b0c6 P fea15e44a97e4adda7ae903b7a1ee269 [CANDIDATE]: Term 1 election: Election decided. Result: candidate won. Election summary: received 2 responses out of 3 voters: 2 yes votes; 0 no votes. yes voters: 0d05f40568e743aca4798bfc0dc47a8f, fea15e44a97e4adda7ae903b7a1ee269; no voters:
I0401 16:41:44.489405 14818 raft_consensus.cc:2346] T 1198d0b3a3dd4b5e8b73d7f0db45b0c6 P 283c2ec6589f41e3ae8293860db57d2d [term 1 FOLLOWER]: Leader election vote request: Granting yes vote for candidate fea15e44a97e4adda7ae903b7a1ee269 in term 1.
I0401 16:41:44.489684 14871 raft_consensus.cc:2640] T 1198d0b3a3dd4b5e8b73d7f0db45b0c6 P fea15e44a97e4adda7ae903b7a1ee269 [term 1 FOLLOWER]: Leader election won for term 1
I0401 16:41:44.489493 14874 raft_consensus.cc:494] T 541db4e418a0469eb8411e03991af88a P 0d05f40568e743aca4798bfc0dc47a8f [term 0 FOLLOWER]: Starting pre-election with config: opid_index: -1 OBSOLETE_local: false peers { permanent_uuid: "fea15e44a97e4adda7ae903b7a1ee269" member_type: VOTER last_known_addr { host: "127.11.224.2" port: 42396 } } peers { permanent_uuid: "0d05f40568e743aca4798bfc0dc47a8f" member_type: VOTER last_known_addr { host: "127.11.224.1" port: 56369 } } peers { permanent_uuid: "283c2ec6589f41e3ae8293860db57d2d" member_type: VOTER last_known_addr { host: "127.11.224.3" port: 37505 } }
I0401 16:41:44.490252 14871 raft_consensus.cc:667] T 1198d0b3a3dd4b5e8b73d7f0db45b0c6 P fea15e44a97e4adda7ae903b7a1ee269 [term 1 LEADER]: Becoming Leader. State: Replica: fea15e44a97e4adda7ae903b7a1ee269, State: Running, Role: LEADER
I0401 16:41:44.490485 14871 consensus_queue.cc:206] T 1198d0b3a3dd4b5e8b73d7f0db45b0c6 P fea15e44a97e4adda7ae903b7a1ee269 [LEADER]: Queue going to LEADER mode. State: All replicated index: 0, Majority replicated index: 0, Committed index: 0, Last appended: 0.0, Last appended by leader: 0, Current term: 1, Majority size: 2, State: 0, Mode: LEADER, active raft config: opid_index: -1 OBSOLETE_local: false peers { permanent_uuid: "0d05f40568e743aca4798bfc0dc47a8f" member_type: VOTER last_known_addr { host: "127.11.224.1" port: 56369 } } peers { permanent_uuid: "fea15e44a97e4adda7ae903b7a1ee269" member_type: VOTER last_known_addr { host: "127.11.224.2" port: 42396 } } peers { permanent_uuid: "283c2ec6589f41e3ae8293860db57d2d" member_type: VOTER last_known_addr { host: "127.11.224.3" port: 37505 } }
I0401 16:41:44.491168 14818 tablet_service.cc:1276] Received RequestConsensusVote() RPC: tablet_id: "541db4e418a0469eb8411e03991af88a" candidate_uuid: "0d05f40568e743aca4798bfc0dc47a8f" candidate_term: 1 candidate_status { last_received { term: 0 index: 0 } } ignore_live_leader: false dest_uuid: "283c2ec6589f41e3ae8293860db57d2d" is_pre_election: true
I0401 16:41:44.491012 14748 tablet_service.cc:1276] Received RequestConsensusVote() RPC: tablet_id: "541db4e418a0469eb8411e03991af88a" candidate_uuid: "0d05f40568e743aca4798bfc0dc47a8f" candidate_term: 1 candidate_status { last_received { term: 0 index: 0 } } ignore_live_leader: false dest_uuid: "fea15e44a97e4adda7ae903b7a1ee269" is_pre_election: true
I0401 16:41:44.491304 14818 raft_consensus.cc:2346] T 541db4e418a0469eb8411e03991af88a P 283c2ec6589f41e3ae8293860db57d2d [term 0 FOLLOWER]: Leader pre-election vote request: Granting yes vote for candidate 0d05f40568e743aca4798bfc0dc47a8f in term 0.
I0401 16:41:44.491353 14748 raft_consensus.cc:2346] T 541db4e418a0469eb8411e03991af88a P fea15e44a97e4adda7ae903b7a1ee269 [term 0 FOLLOWER]: Leader pre-election vote request: Granting yes vote for candidate 0d05f40568e743aca4798bfc0dc47a8f in term 0.
I0401 16:41:44.491037 14874 leader_election.cc:296] T 541db4e418a0469eb8411e03991af88a P 0d05f40568e743aca4798bfc0dc47a8f [CANDIDATE]: Term 1 pre-election: Requested pre-vote from peers fea15e44a97e4adda7ae903b7a1ee269 (127.11.224.2:42396), 283c2ec6589f41e3ae8293860db57d2d (127.11.224.3:37505)
I0401 16:41:44.491619 14629 leader_election.cc:310] T 541db4e418a0469eb8411e03991af88a P 0d05f40568e743aca4798bfc0dc47a8f [CANDIDATE]: Term 1 pre-election: Election decided. Result: candidate won. Election summary: received 2 responses out of 3 voters: 2 yes votes; 0 no votes. yes voters: 0d05f40568e743aca4798bfc0dc47a8f, fea15e44a97e4adda7ae903b7a1ee269; no voters:
I0401 16:41:44.491832 14874 raft_consensus.cc:2640] T 541db4e418a0469eb8411e03991af88a P 0d05f40568e743aca4798bfc0dc47a8f [term 0 FOLLOWER]: Leader pre-election won for term 1
I0401 16:41:44.491896 14874 raft_consensus.cc:472] T 541db4e418a0469eb8411e03991af88a P 0d05f40568e743aca4798bfc0dc47a8f [term 0 FOLLOWER]: Starting leader election (no leader contacted us within the election timeout)
I0401 16:41:44.491945 14874 raft_consensus.cc:2886] T 541db4e418a0469eb8411e03991af88a P 0d05f40568e743aca4798bfc0dc47a8f [term 0 FOLLOWER]: Advancing to term 1
I0401 16:41:44.493587 14521 catalog_manager.cc:3977] T 1198d0b3a3dd4b5e8b73d7f0db45b0c6 P fea15e44a97e4adda7ae903b7a1ee269 reported cstate change: term changed from 0 to 1, leader changed from to fea15e44a97e4adda7ae903b7a1ee269 (127.11.224.2). New cstate: current_term: 1 leader_uuid: "fea15e44a97e4adda7ae903b7a1ee269" committed_config { opid_index: -1 OBSOLETE_local: false peers { permanent_uuid: "0d05f40568e743aca4798bfc0dc47a8f" member_type: VOTER last_known_addr { host: "127.11.224.1" port: 56369 } health_report { overall_health: UNKNOWN } } peers { permanent_uuid: "fea15e44a97e4adda7ae903b7a1ee269" member_type: VOTER last_known_addr { host: "127.11.224.2" port: 42396 } health_report { overall_health: HEALTHY } } peers { permanent_uuid: "283c2ec6589f41e3ae8293860db57d2d" member_type: VOTER last_known_addr { host: "127.11.224.3" port: 37505 } health_report { overall_health: UNKNOWN } } }
I0401 16:41:44.493932 14874 raft_consensus.cc:494] T 541db4e418a0469eb8411e03991af88a P 0d05f40568e743aca4798bfc0dc47a8f [term 1 FOLLOWER]: Starting leader election with config: opid_index: -1 OBSOLETE_local: false peers { permanent_uuid: "fea15e44a97e4adda7ae903b7a1ee269" member_type: VOTER last_known_addr { host: "127.11.224.2" port: 42396 } } peers { permanent_uuid: "0d05f40568e743aca4798bfc0dc47a8f" member_type: VOTER last_known_addr { host: "127.11.224.1" port: 56369 } } peers { permanent_uuid: "283c2ec6589f41e3ae8293860db57d2d" member_type: VOTER last_known_addr { host: "127.11.224.3" port: 37505 } }
I0401 16:41:44.494494 14874 leader_election.cc:296] T 541db4e418a0469eb8411e03991af88a P 0d05f40568e743aca4798bfc0dc47a8f [CANDIDATE]: Term 1 election: Requested vote from peers fea15e44a97e4adda7ae903b7a1ee269 (127.11.224.2:42396), 283c2ec6589f41e3ae8293860db57d2d (127.11.224.3:37505)
I0401 16:41:44.494771 14748 tablet_service.cc:1276] Received RequestConsensusVote() RPC: tablet_id: "541db4e418a0469eb8411e03991af88a" candidate_uuid: "0d05f40568e743aca4798bfc0dc47a8f" candidate_term: 1 candidate_status { last_received { term: 0 index: 0 } } ignore_live_leader: false dest_uuid: "fea15e44a97e4adda7ae903b7a1ee269"
I0401 16:41:44.494884 14748 raft_consensus.cc:2886] T 541db4e418a0469eb8411e03991af88a P fea15e44a97e4adda7ae903b7a1ee269 [term 0 FOLLOWER]: Advancing to term 1
I0401 16:41:44.494941 14818 tablet_service.cc:1276] Received RequestConsensusVote() RPC: tablet_id: "541db4e418a0469eb8411e03991af88a" candidate_uuid: "0d05f40568e743aca4798bfc0dc47a8f" candidate_term: 1 candidate_status { last_received { term: 0 index: 0 } } ignore_live_leader: false dest_uuid: "283c2ec6589f41e3ae8293860db57d2d"
I0401 16:41:44.495100 14818 raft_consensus.cc:2886] T 541db4e418a0469eb8411e03991af88a P 283c2ec6589f41e3ae8293860db57d2d [term 0 FOLLOWER]: Advancing to term 1
I0401 16:41:44.496783 14748 raft_consensus.cc:2346] T 541db4e418a0469eb8411e03991af88a P fea15e44a97e4adda7ae903b7a1ee269 [term 1 FOLLOWER]: Leader election vote request: Granting yes vote for candidate 0d05f40568e743aca4798bfc0dc47a8f in term 1.
I0401 16:41:44.497066 14629 leader_election.cc:310] T 541db4e418a0469eb8411e03991af88a P 0d05f40568e743aca4798bfc0dc47a8f [CANDIDATE]: Term 1 election: Election decided. Result: candidate won. Election summary: received 2 responses out of 3 voters: 2 yes votes; 0 no votes. yes voters: 0d05f40568e743aca4798bfc0dc47a8f, fea15e44a97e4adda7ae903b7a1ee269; no voters:
I0401 16:41:44.497460 14818 raft_consensus.cc:2346] T 541db4e418a0469eb8411e03991af88a P 283c2ec6589f41e3ae8293860db57d2d [term 1 FOLLOWER]: Leader election vote request: Granting yes vote for candidate 0d05f40568e743aca4798bfc0dc47a8f in term 1.
I0401 16:41:44.498155 14874 raft_consensus.cc:2640] T 541db4e418a0469eb8411e03991af88a P 0d05f40568e743aca4798bfc0dc47a8f [term 1 FOLLOWER]: Leader election won for term 1
I0401 16:41:44.498961 14874 raft_consensus.cc:667] T 541db4e418a0469eb8411e03991af88a P 0d05f40568e743aca4798bfc0dc47a8f [term 1 LEADER]: Becoming Leader. State: Replica: 0d05f40568e743aca4798bfc0dc47a8f, State: Running, Role: LEADER
I0401 16:41:44.499338 14874 consensus_queue.cc:206] T 541db4e418a0469eb8411e03991af88a P 0d05f40568e743aca4798bfc0dc47a8f [LEADER]: Queue going to LEADER mode. State: All replicated index: 0, Majority replicated index: 0, Committed index: 0, Last appended: 0.0, Last appended by leader: 0, Current term: 1, Majority size: 2, State: 0, Mode: LEADER, active raft config: opid_index: -1 OBSOLETE_local: false peers { permanent_uuid: "fea15e44a97e4adda7ae903b7a1ee269" member_type: VOTER last_known_addr { host: "127.11.224.2" port: 42396 } } peers { permanent_uuid: "0d05f40568e743aca4798bfc0dc47a8f" member_type: VOTER last_known_addr { host: "127.11.224.1" port: 56369 } } peers { permanent_uuid: "283c2ec6589f41e3ae8293860db57d2d" member_type: VOTER last_known_addr { host: "127.11.224.3" port: 37505 } }
I0401 16:41:44.502568 14521 catalog_manager.cc:3977] T 541db4e418a0469eb8411e03991af88a P 0d05f40568e743aca4798bfc0dc47a8f reported cstate change: term changed from 0 to 1, leader changed from to 0d05f40568e743aca4798bfc0dc47a8f (127.11.224.1). New cstate: current_term: 1 leader_uuid: "0d05f40568e743aca4798bfc0dc47a8f" committed_config { opid_index: -1 OBSOLETE_local: false peers { permanent_uuid: "fea15e44a97e4adda7ae903b7a1ee269" member_type: VOTER last_known_addr { host: "127.11.224.2" port: 42396 } health_report { overall_health: UNKNOWN } } peers { permanent_uuid: "0d05f40568e743aca4798bfc0dc47a8f" member_type: VOTER last_known_addr { host: "127.11.224.1" port: 56369 } health_report { overall_health: HEALTHY } } peers { permanent_uuid: "283c2ec6589f41e3ae8293860db57d2d" member_type: VOTER last_known_addr { host: "127.11.224.3" port: 37505 } health_report { overall_health: UNKNOWN } } }
I0401 16:41:44.524495 14872 raft_consensus.cc:472] T 45c9acddafbe4259a83368d1018f5f78 P 283c2ec6589f41e3ae8293860db57d2d [term 0 FOLLOWER]: Starting pre-election (no leader contacted us within the election timeout)
I0401 16:41:44.524617 14872 raft_consensus.cc:494] T 45c9acddafbe4259a83368d1018f5f78 P 283c2ec6589f41e3ae8293860db57d2d [term 0 FOLLOWER]: Starting pre-election with config: opid_index: -1 OBSOLETE_local: false peers { permanent_uuid: "fea15e44a97e4adda7ae903b7a1ee269" member_type: VOTER last_known_addr { host: "127.11.224.2" port: 42396 } } peers { permanent_uuid: "0d05f40568e743aca4798bfc0dc47a8f" member_type: VOTER last_known_addr { host: "127.11.224.1" port: 56369 } } peers { permanent_uuid: "283c2ec6589f41e3ae8293860db57d2d" member_type: VOTER last_known_addr { host: "127.11.224.3" port: 37505 } }
I0401 16:41:44.525336 14872 leader_election.cc:296] T 45c9acddafbe4259a83368d1018f5f78 P 283c2ec6589f41e3ae8293860db57d2d [CANDIDATE]: Term 1 pre-election: Requested pre-vote from peers fea15e44a97e4adda7ae903b7a1ee269 (127.11.224.2:42396), 0d05f40568e743aca4798bfc0dc47a8f (127.11.224.1:56369)
I0401 16:41:44.525621 14748 tablet_service.cc:1276] Received RequestConsensusVote() RPC: tablet_id: "45c9acddafbe4259a83368d1018f5f78" candidate_uuid: "283c2ec6589f41e3ae8293860db57d2d" candidate_term: 1 candidate_status { last_received { term: 0 index: 0 } } ignore_live_leader: false dest_uuid: "fea15e44a97e4adda7ae903b7a1ee269" is_pre_election: true
I0401 16:41:44.525760 14748 raft_consensus.cc:2346] T 45c9acddafbe4259a83368d1018f5f78 P fea15e44a97e4adda7ae903b7a1ee269 [term 0 FOLLOWER]: Leader pre-election vote request: Granting yes vote for candidate 283c2ec6589f41e3ae8293860db57d2d in term 0.
I0401 16:41:44.525794 14666 tablet_service.cc:1276] Received RequestConsensusVote() RPC: tablet_id: "45c9acddafbe4259a83368d1018f5f78" candidate_uuid: "283c2ec6589f41e3ae8293860db57d2d" candidate_term: 1 candidate_status { last_received { term: 0 index: 0 } } ignore_live_leader: false dest_uuid: "0d05f40568e743aca4798bfc0dc47a8f" is_pre_election: true
I0401 16:41:44.525946 14666 raft_consensus.cc:2346] T 45c9acddafbe4259a83368d1018f5f78 P 0d05f40568e743aca4798bfc0dc47a8f [term 0 FOLLOWER]: Leader pre-election vote request: Granting yes vote for candidate 283c2ec6589f41e3ae8293860db57d2d in term 0.
I0401 16:41:44.526243 14783 leader_election.cc:310] T 45c9acddafbe4259a83368d1018f5f78 P 283c2ec6589f41e3ae8293860db57d2d [CANDIDATE]: Term 1 pre-election: Election decided. Result: candidate won. Election summary: received 2 responses out of 3 voters: 2 yes votes; 0 no votes. yes voters: 283c2ec6589f41e3ae8293860db57d2d, fea15e44a97e4adda7ae903b7a1ee269; no voters:
I0401 16:41:44.526578 14872 raft_consensus.cc:2640] T 45c9acddafbe4259a83368d1018f5f78 P 283c2ec6589f41e3ae8293860db57d2d [term 0 FOLLOWER]: Leader pre-election won for term 1
I0401 16:41:44.526620 14872 raft_consensus.cc:472] T 45c9acddafbe4259a83368d1018f5f78 P 283c2ec6589f41e3ae8293860db57d2d [term 0 FOLLOWER]: Starting leader election (no leader contacted us within the election timeout)
I0401 16:41:44.526680 14872 raft_consensus.cc:2886] T 45c9acddafbe4259a83368d1018f5f78 P 283c2ec6589f41e3ae8293860db57d2d [term 0 FOLLOWER]: Advancing to term 1
I0401 16:41:44.528327 14872 raft_consensus.cc:494] T 45c9acddafbe4259a83368d1018f5f78 P 283c2ec6589f41e3ae8293860db57d2d [term 1 FOLLOWER]: Starting leader election with config: opid_index: -1 OBSOLETE_local: false peers { permanent_uuid: "fea15e44a97e4adda7ae903b7a1ee269" member_type: VOTER last_known_addr { host: "127.11.224.2" port: 42396 } } peers { permanent_uuid: "0d05f40568e743aca4798bfc0dc47a8f" member_type: VOTER last_known_addr { host: "127.11.224.1" port: 56369 } } peers { permanent_uuid: "283c2ec6589f41e3ae8293860db57d2d" member_type: VOTER last_known_addr { host: "127.11.224.3" port: 37505 } }
I0401 16:41:44.528928 14872 leader_election.cc:296] T 45c9acddafbe4259a83368d1018f5f78 P 283c2ec6589f41e3ae8293860db57d2d [CANDIDATE]: Term 1 election: Requested vote from peers fea15e44a97e4adda7ae903b7a1ee269 (127.11.224.2:42396), 0d05f40568e743aca4798bfc0dc47a8f (127.11.224.1:56369)
I0401 16:41:44.529235 14748 tablet_service.cc:1276] Received RequestConsensusVote() RPC: tablet_id: "45c9acddafbe4259a83368d1018f5f78" candidate_uuid: "283c2ec6589f41e3ae8293860db57d2d" candidate_term: 1 candidate_status { last_received { term: 0 index: 0 } } ignore_live_leader: false dest_uuid: "fea15e44a97e4adda7ae903b7a1ee269"
I0401 16:41:44.529276 14666 tablet_service.cc:1276] Received RequestConsensusVote() RPC: tablet_id: "45c9acddafbe4259a83368d1018f5f78" candidate_uuid: "283c2ec6589f41e3ae8293860db57d2d" candidate_term: 1 candidate_status { last_received { term: 0 index: 0 } } ignore_live_leader: false dest_uuid: "0d05f40568e743aca4798bfc0dc47a8f"
I0401 16:41:44.529336 14748 raft_consensus.cc:2886] T 45c9acddafbe4259a83368d1018f5f78 P fea15e44a97e4adda7ae903b7a1ee269 [term 0 FOLLOWER]: Advancing to term 1
I0401 16:41:44.529407 14666 raft_consensus.cc:2886] T 45c9acddafbe4259a83368d1018f5f78 P 0d05f40568e743aca4798bfc0dc47a8f [term 0 FOLLOWER]: Advancing to term 1
I0401 16:41:44.531010 14666 raft_consensus.cc:2346] T 45c9acddafbe4259a83368d1018f5f78 P 0d05f40568e743aca4798bfc0dc47a8f [term 1 FOLLOWER]: Leader election vote request: Granting yes vote for candidate 283c2ec6589f41e3ae8293860db57d2d in term 1.
I0401 16:41:44.531025 14748 raft_consensus.cc:2346] T 45c9acddafbe4259a83368d1018f5f78 P fea15e44a97e4adda7ae903b7a1ee269 [term 1 FOLLOWER]: Leader election vote request: Granting yes vote for candidate 283c2ec6589f41e3ae8293860db57d2d in term 1.
I0401 16:41:44.531257 14783 leader_election.cc:310] T 45c9acddafbe4259a83368d1018f5f78 P 283c2ec6589f41e3ae8293860db57d2d [CANDIDATE]: Term 1 election: Election decided. Result: candidate won. Election summary: received 2 responses out of 3 voters: 2 yes votes; 0 no votes. yes voters: 283c2ec6589f41e3ae8293860db57d2d, fea15e44a97e4adda7ae903b7a1ee269; no voters:
I0401 16:41:44.531442 14872 raft_consensus.cc:2640] T 45c9acddafbe4259a83368d1018f5f78 P 283c2ec6589f41e3ae8293860db57d2d [term 1 FOLLOWER]: Leader election won for term 1
I0401 16:41:44.531536 14872 raft_consensus.cc:667] T 45c9acddafbe4259a83368d1018f5f78 P 283c2ec6589f41e3ae8293860db57d2d [term 1 LEADER]: Becoming Leader. State: Replica: 283c2ec6589f41e3ae8293860db57d2d, State: Running, Role: LEADER
I0401 16:41:44.531749 14872 consensus_queue.cc:206] T 45c9acddafbe4259a83368d1018f5f78 P 283c2ec6589f41e3ae8293860db57d2d [LEADER]: Queue going to LEADER mode. State: All replicated index: 0, Majority replicated index: 0, Committed index: 0, Last appended: 0.0, Last appended by leader: 0, Current term: 1, Majority size: 2, State: 0, Mode: LEADER, active raft config: opid_index: -1 OBSOLETE_local: false peers { permanent_uuid: "fea15e44a97e4adda7ae903b7a1ee269" member_type: VOTER last_known_addr { host: "127.11.224.2" port: 42396 } } peers { permanent_uuid: "0d05f40568e743aca4798bfc0dc47a8f" member_type: VOTER last_known_addr { host: "127.11.224.1" port: 56369 } } peers { permanent_uuid: "283c2ec6589f41e3ae8293860db57d2d" member_type: VOTER last_known_addr { host: "127.11.224.3" port: 37505 } }
I0401 16:41:44.533726 14523 catalog_manager.cc:3977] T 45c9acddafbe4259a83368d1018f5f78 P 283c2ec6589f41e3ae8293860db57d2d reported cstate change: term changed from 0 to 1, leader changed from to 283c2ec6589f41e3ae8293860db57d2d (127.11.224.3). New cstate: current_term: 1 leader_uuid: "283c2ec6589f41e3ae8293860db57d2d" committed_config { opid_index: -1 OBSOLETE_local: false peers { permanent_uuid: "fea15e44a97e4adda7ae903b7a1ee269" member_type: VOTER last_known_addr { host: "127.11.224.2" port: 42396 } health_report { overall_health: UNKNOWN } } peers { permanent_uuid: "0d05f40568e743aca4798bfc0dc47a8f" member_type: VOTER last_known_addr { host: "127.11.224.1" port: 56369 } health_report { overall_health: UNKNOWN } } peers { permanent_uuid: "283c2ec6589f41e3ae8293860db57d2d" member_type: VOTER last_known_addr { host: "127.11.224.3" port: 37505 } health_report { overall_health: HEALTHY } } }
I0401 16:41:44.554515 12160 ksck_remote-test.cc:319] Generating row writes...
I0401 16:41:44.596148 14818 raft_consensus.cc:1181] T f4022cf548804d9fa764b8b6e861569c P 283c2ec6589f41e3ae8293860db57d2d [term 1 FOLLOWER]: Refusing update from remote peer 0d05f40568e743aca4798bfc0dc47a8f: Log matching property violated. Preceding OpId in replica: term: 0 index: 0. Preceding OpId from leader: term: 1 index: 2. (index mismatch)
I0401 16:41:44.596678 14874 consensus_queue.cc:984] T f4022cf548804d9fa764b8b6e861569c P 0d05f40568e743aca4798bfc0dc47a8f [LEADER]: Connected to new peer: Peer: permanent_uuid: "283c2ec6589f41e3ae8293860db57d2d" member_type: VOTER last_known_addr { host: "127.11.224.3" port: 37505 }, Status: LMP_MISMATCH, Last received: 0.0, Next index: 1, Last known committed idx: 0, Time since last communication: 0.000s
I0401 16:41:44.599095 14748 raft_consensus.cc:1181] T f4022cf548804d9fa764b8b6e861569c P fea15e44a97e4adda7ae903b7a1ee269 [term 1 FOLLOWER]: Refusing update from remote peer 0d05f40568e743aca4798bfc0dc47a8f: Log matching property violated. Preceding OpId in replica: term: 0 index: 0. Preceding OpId from leader: term: 1 index: 2. (index mismatch)
I0401 16:41:44.599908 14748 raft_consensus.cc:2886] T d85f21b57325444f83daa076c12958c6 P fea15e44a97e4adda7ae903b7a1ee269 [term 0 FOLLOWER]: Advancing to term 1
I0401 16:41:44.600170 14874 consensus_queue.cc:984] T f4022cf548804d9fa764b8b6e861569c P 0d05f40568e743aca4798bfc0dc47a8f [LEADER]: Connected to new peer: Peer: permanent_uuid: "fea15e44a97e4adda7ae903b7a1ee269" member_type: VOTER last_known_addr { host: "127.11.224.2" port: 42396 }, Status: LMP_MISMATCH, Last received: 0.0, Next index: 1, Last known committed idx: 0, Time since last communication: 0.000s
