I0401 16:41:34.749344 12298 catalog_manager.cc:3977] T 8a583f4e15144ad085e5373b90d24e01 P e6c51e0f80484ea1b328f8ba01762295 reported cstate change: term changed from 0 to 1, leader changed from to e6c51e0f80484ea1b328f8ba01762295 (127.11.224.1). New cstate: current_term: 1 leader_uuid: "e6c51e0f80484ea1b328f8ba01762295" committed_config { opid_index: -1 OBSOLETE_local: false peers { permanent_uuid: "691d7e738af946209181748f7c01636c" member_type: VOTER last_known_addr { host: "127.11.224.2" port: 57495 } health_report { overall_health: UNKNOWN } } peers { permanent_uuid: "e6c51e0f80484ea1b328f8ba01762295" member_type: VOTER last_known_addr { host: "127.11.224.1" port: 47680 } health_report { overall_health: HEALTHY } } peers { permanent_uuid: "ea22542beb2e4cf297a2b82c04c5485a" member_type: VOTER last_known_addr { host: "127.11.224.3" port: 41712 } health_report { overall_health: UNKNOWN } } }
I0401 16:41:34.750164 12432 leader_election.cc:310] T 3a5a3eb985a1449a842c4cbc6b054d8c P 691d7e738af946209181748f7c01636c [CANDIDATE]: Term 1 pre-election: Election decided. Result: candidate lost. Election summary: received 3 responses out of 3 voters: 1 yes votes; 2 no votes. yes voters: 691d7e738af946209181748f7c01636c; no voters: e6c51e0f80484ea1b328f8ba01762295, ea22542beb2e4cf297a2b82c04c5485a
I0401 16:41:34.753617 12469 raft_consensus.cc:1181] T 1d9ff322fafe44b49647e1d0a461a9a8 P 691d7e738af946209181748f7c01636c [term 1 FOLLOWER]: Refusing update from remote peer e6c51e0f80484ea1b328f8ba01762295: Log matching property violated. Preceding OpId in replica: term: 0 index: 0. Preceding OpId from leader: term: 1 index: 1. (index mismatch)
I0401 16:41:34.754653 12671 consensus_queue.cc:984] T 1d9ff322fafe44b49647e1d0a461a9a8 P e6c51e0f80484ea1b328f8ba01762295 [LEADER]: Connected to new peer: Peer: permanent_uuid: "691d7e738af946209181748f7c01636c" member_type: VOTER last_known_addr { host: "127.11.224.2" port: 57495 }, Status: LMP_MISMATCH, Last received: 0.0, Next index: 1, Last known committed idx: 0, Time since last communication: 0.001s
I0401 16:41:34.757243 12471 raft_consensus.cc:1181] T 3a5a3eb985a1449a842c4cbc6b054d8c P 691d7e738af946209181748f7c01636c [term 1 FOLLOWER]: Refusing update from remote peer e6c51e0f80484ea1b328f8ba01762295: Log matching property violated. Preceding OpId in replica: term: 0 index: 0. Preceding OpId from leader: term: 1 index: 1. (index mismatch)
I0401 16:41:34.757449 12616 raft_consensus.cc:2588] T 3a5a3eb985a1449a842c4cbc6b054d8c P 691d7e738af946209181748f7c01636c [term 1 FOLLOWER]: Leader pre-election lost for term 1. Reason: could not achieve majority
I0401 16:41:34.758046 12671 consensus_queue.cc:984] T 3a5a3eb985a1449a842c4cbc6b054d8c P e6c51e0f80484ea1b328f8ba01762295 [LEADER]: Connected to new peer: Peer: permanent_uuid: "691d7e738af946209181748f7c01636c" member_type: VOTER last_known_addr { host: "127.11.224.2" port: 57495 }, Status: LMP_MISMATCH, Last received: 0.0, Next index: 1, Last known committed idx: 0, Time since last communication: 0.000s
I0401 16:41:34.825865 12398 raft_consensus.cc:2886] T 278fa1bb7726469ba58f4245848f1046 P e6c51e0f80484ea1b328f8ba01762295 [term 0 FOLLOWER]: Advancing to term 1
I0401 16:41:34.828974 12398 raft_consensus.cc:1181] T 278fa1bb7726469ba58f4245848f1046 P e6c51e0f80484ea1b328f8ba01762295 [term 1 FOLLOWER]: Refusing update from remote peer 691d7e738af946209181748f7c01636c: Log matching property violated. Preceding OpId in replica: term: 0 index: 0. Preceding OpId from leader: term: 1 index: 1. (index mismatch)
I0401 16:41:34.829574 12616 consensus_queue.cc:984] T 278fa1bb7726469ba58f4245848f1046 P 691d7e738af946209181748f7c01636c [LEADER]: Connected to new peer: Peer: permanent_uuid: "e6c51e0f80484ea1b328f8ba01762295" member_type: VOTER last_known_addr { host: "127.11.224.1" port: 47680 }, Status: LMP_MISMATCH, Last received: 0.0, Next index: 1, Last known committed idx: 0, Time since last communication: 0.000s
I0401 16:41:34.837414 12539 raft_consensus.cc:1181] T 278fa1bb7726469ba58f4245848f1046 P ea22542beb2e4cf297a2b82c04c5485a [term 1 FOLLOWER]: Refusing update from remote peer 691d7e738af946209181748f7c01636c: Log matching property violated. Preceding OpId in replica: term: 0 index: 0. Preceding OpId from leader: term: 1 index: 1. (index mismatch)
I0401 16:41:34.838706 12599 consensus_queue.cc:984] T 278fa1bb7726469ba58f4245848f1046 P 691d7e738af946209181748f7c01636c [LEADER]: Connected to new peer: Peer: permanent_uuid: "ea22542beb2e4cf297a2b82c04c5485a" member_type: VOTER last_known_addr { host: "127.11.224.3" port: 41712 }, Status: LMP_MISMATCH, Last received: 0.0, Next index: 1, Last known committed idx: 0, Time since last communication: 0.001s
I0401 16:41:34.890812 12469 raft_consensus.cc:1181] T 19de4523dc8b4ed68f5e3ddab4128579 P 691d7e738af946209181748f7c01636c [term 1 FOLLOWER]: Refusing update from remote peer e6c51e0f80484ea1b328f8ba01762295: Log matching property violated. Preceding OpId in replica: term: 0 index: 0. Preceding OpId from leader: term: 1 index: 1. (index mismatch)
I0401 16:41:34.891297 12671 consensus_queue.cc:984] T 19de4523dc8b4ed68f5e3ddab4128579 P e6c51e0f80484ea1b328f8ba01762295 [LEADER]: Connected to new peer: Peer: permanent_uuid: "691d7e738af946209181748f7c01636c" member_type: VOTER last_known_addr { host: "127.11.224.2" port: 57495 }, Status: LMP_MISMATCH, Last received: 0.0, Next index: 1, Last known committed idx: 0, Time since last communication: 0.000s
I0401 16:41:34.897192 12539 raft_consensus.cc:1181] T 19de4523dc8b4ed68f5e3ddab4128579 P ea22542beb2e4cf297a2b82c04c5485a [term 1 FOLLOWER]: Refusing update from remote peer e6c51e0f80484ea1b328f8ba01762295: Log matching property violated. Preceding OpId in replica: term: 0 index: 0. Preceding OpId from leader: term: 1 index: 1. (index mismatch)
I0401 16:41:34.898933 12611 consensus_queue.cc:984] T 19de4523dc8b4ed68f5e3ddab4128579 P e6c51e0f80484ea1b328f8ba01762295 [LEADER]: Connected to new peer: Peer: permanent_uuid: "ea22542beb2e4cf297a2b82c04c5485a" member_type: VOTER last_known_addr { host: "127.11.224.3" port: 41712 }, Status: LMP_MISMATCH, Last received: 0.0, Next index: 1, Last known committed idx: 0, Time since last communication: 0.000s
I0401 16:41:34.918735 12539 raft_consensus.cc:2886] T 9528934d3883467d973e249b3542e541 P ea22542beb2e4cf297a2b82c04c5485a [term 0 FOLLOWER]: Advancing to term 1
I0401 16:41:34.920779 12539 raft_consensus.cc:1181] T 9528934d3883467d973e249b3542e541 P ea22542beb2e4cf297a2b82c04c5485a [term 1 FOLLOWER]: Refusing update from remote peer e6c51e0f80484ea1b328f8ba01762295: Log matching property violated. Preceding OpId in replica: term: 0 index: 0. Preceding OpId from leader: term: 1 index: 1. (index mismatch)
I0401 16:41:34.921727 12611 consensus_queue.cc:984] T 9528934d3883467d973e249b3542e541 P e6c51e0f80484ea1b328f8ba01762295 [LEADER]: Connected to new peer: Peer: permanent_uuid: "ea22542beb2e4cf297a2b82c04c5485a" member_type: VOTER last_known_addr { host: "127.11.224.3" port: 41712 }, Status: LMP_MISMATCH, Last received: 0.0, Next index: 1, Last known committed idx: 0, Time since last communication: 0.000s
I0401 16:41:34.928041 12469 raft_consensus.cc:1181] T 9528934d3883467d973e249b3542e541 P 691d7e738af946209181748f7c01636c [term 1 FOLLOWER]: Refusing update from remote peer e6c51e0f80484ea1b328f8ba01762295: Log matching property violated. Preceding OpId in replica: term: 0 index: 0. Preceding OpId from leader: term: 1 index: 1. (index mismatch)
I0401 16:41:34.928598 12669 consensus_queue.cc:984] T 9528934d3883467d973e249b3542e541 P e6c51e0f80484ea1b328f8ba01762295 [LEADER]: Connected to new peer: Peer: permanent_uuid: "691d7e738af946209181748f7c01636c" member_type: VOTER last_known_addr { host: "127.11.224.2" port: 57495 }, Status: LMP_MISMATCH, Last received: 0.0, Next index: 1, Last known committed idx: 0, Time since last communication: 0.001s
I0401 16:41:34.995054 12469 raft_consensus.cc:1181] T 58213f99590747369b50a74ed52178f4 P 691d7e738af946209181748f7c01636c [term 1 FOLLOWER]: Refusing update from remote peer ea22542beb2e4cf297a2b82c04c5485a: Log matching property violated. Preceding OpId in replica: term: 0 index: 0. Preceding OpId from leader: term: 1 index: 1. (index mismatch)
I0401 16:41:34.995543 12648 consensus_queue.cc:984] T 58213f99590747369b50a74ed52178f4 P ea22542beb2e4cf297a2b82c04c5485a [LEADER]: Connected to new peer: Peer: permanent_uuid: "691d7e738af946209181748f7c01636c" member_type: VOTER last_known_addr { host: "127.11.224.2" port: 57495 }, Status: LMP_MISMATCH, Last received: 0.0, Next index: 1, Last known committed idx: 0, Time since last communication: 0.000s
I0401 16:41:35.002784 12398 raft_consensus.cc:1181] T 58213f99590747369b50a74ed52178f4 P e6c51e0f80484ea1b328f8ba01762295 [term 1 FOLLOWER]: Refusing update from remote peer ea22542beb2e4cf297a2b82c04c5485a: Log matching property violated. Preceding OpId in replica: term: 0 index: 0. Preceding OpId from leader: term: 1 index: 1. (index mismatch)
I0401 16:41:35.004595 12646 consensus_queue.cc:984] T 58213f99590747369b50a74ed52178f4 P ea22542beb2e4cf297a2b82c04c5485a [LEADER]: Connected to new peer: Peer: permanent_uuid: "e6c51e0f80484ea1b328f8ba01762295" member_type: VOTER last_known_addr { host: "127.11.224.1" port: 47680 }, Status: LMP_MISMATCH, Last received: 0.0, Next index: 1, Last known committed idx: 0, Time since last communication: 0.000s
I0401 16:41:35.097612 12539 raft_consensus.cc:1181] T 8a583f4e15144ad085e5373b90d24e01 P ea22542beb2e4cf297a2b82c04c5485a [term 1 FOLLOWER]: Refusing update from remote peer e6c51e0f80484ea1b328f8ba01762295: Log matching property violated. Preceding OpId in replica: term: 0 index: 0. Preceding OpId from leader: term: 1 index: 1. (index mismatch)
I0401 16:41:35.098204 12669 consensus_queue.cc:984] T 8a583f4e15144ad085e5373b90d24e01 P e6c51e0f80484ea1b328f8ba01762295 [LEADER]: Connected to new peer: Peer: permanent_uuid: "ea22542beb2e4cf297a2b82c04c5485a" member_type: VOTER last_known_addr { host: "127.11.224.3" port: 41712 }, Status: LMP_MISMATCH, Last received: 0.0, Next index: 1, Last known committed idx: 0, Time since last communication: 0.000s
I0401 16:41:35.102689 12398 raft_consensus.cc:1181] T 179f7d444d934e97b7d1600583addb41 P e6c51e0f80484ea1b328f8ba01762295 [term 1 FOLLOWER]: Refusing update from remote peer ea22542beb2e4cf297a2b82c04c5485a: Log matching property violated. Preceding OpId in replica: term: 0 index: 0. Preceding OpId from leader: term: 1 index: 1. (index mismatch)
I0401 16:41:35.103174 12648 consensus_queue.cc:984] T 179f7d444d934e97b7d1600583addb41 P ea22542beb2e4cf297a2b82c04c5485a [LEADER]: Connected to new peer: Peer: permanent_uuid: "e6c51e0f80484ea1b328f8ba01762295" member_type: VOTER last_known_addr { host: "127.11.224.1" port: 47680 }, Status: LMP_MISMATCH, Last received: 0.0, Next index: 1, Last known committed idx: 0, Time since last communication: 0.000s
I0401 16:41:35.124591 12469 raft_consensus.cc:1181] T 179f7d444d934e97b7d1600583addb41 P 691d7e738af946209181748f7c01636c [term 1 FOLLOWER]: Refusing update from remote peer ea22542beb2e4cf297a2b82c04c5485a: Log matching property violated. Preceding OpId in replica: term: 0 index: 0. Preceding OpId from leader: term: 1 index: 1. (index mismatch)
I0401 16:41:35.127157 12648 consensus_queue.cc:984] T 179f7d444d934e97b7d1600583addb41 P ea22542beb2e4cf297a2b82c04c5485a [LEADER]: Connected to new peer: Peer: permanent_uuid: "691d7e738af946209181748f7c01636c" member_type: VOTER last_known_addr { host: "127.11.224.2" port: 57495 }, Status: LMP_MISMATCH, Last received: 0.0, Next index: 1, Last known committed idx: 0, Time since last communication: 0.001s
I0401 16:41:35.138624 12471 raft_consensus.cc:1181] T 8a583f4e15144ad085e5373b90d24e01 P 691d7e738af946209181748f7c01636c [term 1 FOLLOWER]: Refusing update from remote peer e6c51e0f80484ea1b328f8ba01762295: Log matching property violated. Preceding OpId in replica: term: 0 index: 0. Preceding OpId from leader: term: 1 index: 1. (index mismatch)
I0401 16:41:35.140285 12671 consensus_queue.cc:984] T 8a583f4e15144ad085e5373b90d24e01 P e6c51e0f80484ea1b328f8ba01762295 [LEADER]: Connected to new peer: Peer: permanent_uuid: "691d7e738af946209181748f7c01636c" member_type: VOTER last_known_addr { host: "127.11.224.2" port: 57495 }, Status: LMP_MISMATCH, Last received: 0.0, Next index: 1, Last known committed idx: 0, Time since last communication: 0.000s
I0401 16:41:35.210711 12471 raft_consensus.cc:1181] T cf2344da4a8848a79e815e6f1306547a P 691d7e738af946209181748f7c01636c [term 1 FOLLOWER]: Refusing update from remote peer ea22542beb2e4cf297a2b82c04c5485a: Log matching property violated. Preceding OpId in replica: term: 0 index: 0. Preceding OpId from leader: term: 1 index: 1. (index mismatch)
I0401 16:41:35.211315 12648 consensus_queue.cc:984] T cf2344da4a8848a79e815e6f1306547a P ea22542beb2e4cf297a2b82c04c5485a [LEADER]: Connected to new peer: Peer: permanent_uuid: "691d7e738af946209181748f7c01636c" member_type: VOTER last_known_addr { host: "127.11.224.2" port: 57495 }, Status: LMP_MISMATCH, Last received: 0.0, Next index: 1, Last known committed idx: 0, Time since last communication: 0.000s
I0401 16:41:35.223580 12398 raft_consensus.cc:1181] T cf2344da4a8848a79e815e6f1306547a P e6c51e0f80484ea1b328f8ba01762295 [term 1 FOLLOWER]: Refusing update from remote peer ea22542beb2e4cf297a2b82c04c5485a: Log matching property violated. Preceding OpId in replica: term: 0 index: 0. Preceding OpId from leader: term: 1 index: 1. (index mismatch)
I0401 16:41:35.224656 12648 consensus_queue.cc:984] T cf2344da4a8848a79e815e6f1306547a P ea22542beb2e4cf297a2b82c04c5485a [LEADER]: Connected to new peer: Peer: permanent_uuid: "e6c51e0f80484ea1b328f8ba01762295" member_type: VOTER last_known_addr { host: "127.11.224.1" port: 47680 }, Status: LMP_MISMATCH, Last received: 0.0, Next index: 1, Last known committed idx: 0, Time since last communication: 0.001s
I0401 16:41:35.249172 12160 tablet_server.cc:165] TabletServer shutting down...
I0401 16:41:35.276319 12160 ts_tablet_manager.cc:1126] Shutting down tablet manager...
I0401 16:41:35.276595 12160 tablet_replica.cc:264] T 58213f99590747369b50a74ed52178f4 P e6c51e0f80484ea1b328f8ba01762295: stopping tablet replica
I0401 16:41:35.277022 12160 raft_consensus.cc:2143] T 58213f99590747369b50a74ed52178f4 P e6c51e0f80484ea1b328f8ba01762295 [term 1 FOLLOWER]: Raft consensus shutting down.
I0401 16:41:35.277230 12160 raft_consensus.cc:2170] T 58213f99590747369b50a74ed52178f4 P e6c51e0f80484ea1b328f8ba01762295 [term 1 FOLLOWER]: Raft consensus is shut down!
I0401 16:41:35.278705 12160 tablet_replica.cc:264] T 19de4523dc8b4ed68f5e3ddab4128579 P e6c51e0f80484ea1b328f8ba01762295: stopping tablet replica
I0401 16:41:35.278822 12160 raft_consensus.cc:2143] T 19de4523dc8b4ed68f5e3ddab4128579 P e6c51e0f80484ea1b328f8ba01762295 [term 1 LEADER]: Raft consensus shutting down.
I0401 16:41:35.279110 12160 raft_consensus.cc:2170] T 19de4523dc8b4ed68f5e3ddab4128579 P e6c51e0f80484ea1b328f8ba01762295 [term 1 FOLLOWER]: Raft consensus is shut down!
I0401 16:41:35.279650 12160 tablet_replica.cc:264] T cf2344da4a8848a79e815e6f1306547a P e6c51e0f80484ea1b328f8ba01762295: stopping tablet replica
I0401 16:41:35.279788 12160 raft_consensus.cc:2143] T cf2344da4a8848a79e815e6f1306547a P e6c51e0f80484ea1b328f8ba01762295 [term 1 FOLLOWER]: Raft consensus shutting down.
I0401 16:41:35.279929 12160 raft_consensus.cc:2170] T cf2344da4a8848a79e815e6f1306547a P e6c51e0f80484ea1b328f8ba01762295 [term 1 FOLLOWER]: Raft consensus is shut down!
I0401 16:41:35.280503 12160 tablet_replica.cc:264] T 9528934d3883467d973e249b3542e541 P e6c51e0f80484ea1b328f8ba01762295: stopping tablet replica
I0401 16:41:35.280601 12160 raft_consensus.cc:2143] T 9528934d3883467d973e249b3542e541 P e6c51e0f80484ea1b328f8ba01762295 [term 1 LEADER]: Raft consensus shutting down.
I0401 16:41:35.280768 12160 raft_consensus.cc:2170] T 9528934d3883467d973e249b3542e541 P e6c51e0f80484ea1b328f8ba01762295 [term 1 FOLLOWER]: Raft consensus is shut down!
I0401 16:41:35.281522 12160 tablet_replica.cc:264] T 278fa1bb7726469ba58f4245848f1046 P e6c51e0f80484ea1b328f8ba01762295: stopping tablet replica
I0401 16:41:35.281630 12160 raft_consensus.cc:2143] T 278fa1bb7726469ba58f4245848f1046 P e6c51e0f80484ea1b328f8ba01762295 [term 1 FOLLOWER]: Raft consensus shutting down.
I0401 16:41:35.281719 12160 raft_consensus.cc:2170] T 278fa1bb7726469ba58f4245848f1046 P e6c51e0f80484ea1b328f8ba01762295 [term 1 FOLLOWER]: Raft consensus is shut down!
I0401 16:41:35.282433 12160 tablet_replica.cc:264] T 3a5a3eb985a1449a842c4cbc6b054d8c P e6c51e0f80484ea1b328f8ba01762295: stopping tablet replica
I0401 16:41:35.282596 12160 raft_consensus.cc:2143] T 3a5a3eb985a1449a842c4cbc6b054d8c P e6c51e0f80484ea1b328f8ba01762295 [term 1 LEADER]: Raft consensus shutting down.
I0401 16:41:35.282809 12160 raft_consensus.cc:2170] T 3a5a3eb985a1449a842c4cbc6b054d8c P e6c51e0f80484ea1b328f8ba01762295 [term 1 FOLLOWER]: Raft consensus is shut down!
I0401 16:41:35.283680 12160 tablet_replica.cc:264] T 8a583f4e15144ad085e5373b90d24e01 P e6c51e0f80484ea1b328f8ba01762295: stopping tablet replica
I0401 16:41:35.283783 12160 raft_consensus.cc:2143] T 8a583f4e15144ad085e5373b90d24e01 P e6c51e0f80484ea1b328f8ba01762295 [term 1 LEADER]: Raft consensus shutting down.
I0401 16:41:35.283969 12160 raft_consensus.cc:2170] T 8a583f4e15144ad085e5373b90d24e01 P e6c51e0f80484ea1b328f8ba01762295 [term 1 FOLLOWER]: Raft consensus is shut down!
I0401 16:41:35.284765 12160 tablet_replica.cc:264] T 3f24ded7ec9b44c4b1f69713686999c7 P e6c51e0f80484ea1b328f8ba01762295: stopping tablet replica
I0401 16:41:35.284960 12160 raft_consensus.cc:2143] T 3f24ded7ec9b44c4b1f69713686999c7 P e6c51e0f80484ea1b328f8ba01762295 [term 1 LEADER]: Raft consensus shutting down.
I0401 16:41:35.285152 12160 raft_consensus.cc:2170] T 3f24ded7ec9b44c4b1f69713686999c7 P e6c51e0f80484ea1b328f8ba01762295 [term 1 FOLLOWER]: Raft consensus is shut down!
I0401 16:41:35.285939 12160 tablet_replica.cc:264] T 179f7d444d934e97b7d1600583addb41 P e6c51e0f80484ea1b328f8ba01762295: stopping tablet replica
I0401 16:41:35.286265 12160 raft_consensus.cc:2143] T 179f7d444d934e97b7d1600583addb41 P e6c51e0f80484ea1b328f8ba01762295 [term 1 FOLLOWER]: Raft consensus shutting down.
I0401 16:41:35.286461 12160 raft_consensus.cc:2170] T 179f7d444d934e97b7d1600583addb41 P e6c51e0f80484ea1b328f8ba01762295 [term 1 FOLLOWER]: Raft consensus is shut down!
I0401 16:41:35.287544 12160 tablet_replica.cc:264] T 1d9ff322fafe44b49647e1d0a461a9a8 P e6c51e0f80484ea1b328f8ba01762295: stopping tablet replica
I0401 16:41:35.287676 12160 raft_consensus.cc:2143] T 1d9ff322fafe44b49647e1d0a461a9a8 P e6c51e0f80484ea1b328f8ba01762295 [term 1 LEADER]: Raft consensus shutting down.
I0401 16:41:35.287899 12160 raft_consensus.cc:2170] T 1d9ff322fafe44b49647e1d0a461a9a8 P e6c51e0f80484ea1b328f8ba01762295 [term 1 FOLLOWER]: Raft consensus is shut down!
I0401 16:41:35.306694 12160 tablet_server.cc:179] TabletServer shutdown complete.
I0401 16:41:35.306836 12160 tablet_server.cc:165] TabletServer shutting down...
I0401 16:41:35.306990 12160 tablet_server.cc:179] TabletServer shutdown complete.
I0401 16:41:35.313042 12160 tablet_server.cc:165] TabletServer shutting down...
I0401 16:41:35.327958 12160 ts_tablet_manager.cc:1126] Shutting down tablet manager...
I0401 16:41:35.328081 12160 tablet_replica.cc:264] T 9528934d3883467d973e249b3542e541 P 691d7e738af946209181748f7c01636c: stopping tablet replica
I0401 16:41:35.328212 12160 raft_consensus.cc:2143] T 9528934d3883467d973e249b3542e541 P 691d7e738af946209181748f7c01636c [term 1 FOLLOWER]: Raft consensus shutting down.
I0401 16:41:35.328336 12160 raft_consensus.cc:2170] T 9528934d3883467d973e249b3542e541 P 691d7e738af946209181748f7c01636c [term 1 FOLLOWER]: Raft consensus is shut down!
I0401 16:41:35.329212 12160 tablet_replica.cc:264] T cf2344da4a8848a79e815e6f1306547a P 691d7e738af946209181748f7c01636c: stopping tablet replica
I0401 16:41:35.329320 12160 raft_consensus.cc:2143] T cf2344da4a8848a79e815e6f1306547a P 691d7e738af946209181748f7c01636c [term 1 FOLLOWER]: Raft consensus shutting down.
I0401 16:41:35.329411 12160 raft_consensus.cc:2170] T cf2344da4a8848a79e815e6f1306547a P 691d7e738af946209181748f7c01636c [term 1 FOLLOWER]: Raft consensus is shut down!
I0401 16:41:35.330004 12160 tablet_replica.cc:264] T 1d9ff322fafe44b49647e1d0a461a9a8 P 691d7e738af946209181748f7c01636c: stopping tablet replica
I0401 16:41:35.330104 12160 raft_consensus.cc:2143] T 1d9ff322fafe44b49647e1d0a461a9a8 P 691d7e738af946209181748f7c01636c [term 1 FOLLOWER]: Raft consensus shutting down.
I0401 16:41:35.330200 12160 raft_consensus.cc:2170] T 1d9ff322fafe44b49647e1d0a461a9a8 P 691d7e738af946209181748f7c01636c [term 1 FOLLOWER]: Raft consensus is shut down!
I0401 16:41:35.330790 12160 tablet_replica.cc:264] T 179f7d444d934e97b7d1600583addb41 P 691d7e738af946209181748f7c01636c: stopping tablet replica
I0401 16:41:35.330899 12160 raft_consensus.cc:2143] T 179f7d444d934e97b7d1600583addb41 P 691d7e738af946209181748f7c01636c [term 1 FOLLOWER]: Raft consensus shutting down.
I0401 16:41:35.330987 12160 raft_consensus.cc:2170] T 179f7d444d934e97b7d1600583addb41 P 691d7e738af946209181748f7c01636c [term 1 FOLLOWER]: Raft consensus is shut down!
I0401 16:41:35.331673 12160 tablet_replica.cc:264] T 58213f99590747369b50a74ed52178f4 P 691d7e738af946209181748f7c01636c: stopping tablet replica
I0401 16:41:35.331826 12160 raft_consensus.cc:2143] T 58213f99590747369b50a74ed52178f4 P 691d7e738af946209181748f7c01636c [term 1 FOLLOWER]: Raft consensus shutting down.
I0401 16:41:35.331959 12160 raft_consensus.cc:2170] T 58213f99590747369b50a74ed52178f4 P 691d7e738af946209181748f7c01636c [term 1 FOLLOWER]: Raft consensus is shut down!
I0401 16:41:35.333102 12160 tablet_replica.cc:264] T 19de4523dc8b4ed68f5e3ddab4128579 P 691d7e738af946209181748f7c01636c: stopping tablet replica
I0401 16:41:35.333452 12160 raft_consensus.cc:2143] T 19de4523dc8b4ed68f5e3ddab4128579 P 691d7e738af946209181748f7c01636c [term 1 FOLLOWER]: Raft consensus shutting down.
I0401 16:41:35.333572 12160 raft_consensus.cc:2170] T 19de4523dc8b4ed68f5e3ddab4128579 P 691d7e738af946209181748f7c01636c [term 1 FOLLOWER]: Raft consensus is shut down!
I0401 16:41:35.334300 12160 tablet_replica.cc:264] T 3a5a3eb985a1449a842c4cbc6b054d8c P 691d7e738af946209181748f7c01636c: stopping tablet replica
I0401 16:41:35.334396 12160 raft_consensus.cc:2143] T 3a5a3eb985a1449a842c4cbc6b054d8c P 691d7e738af946209181748f7c01636c [term 1 FOLLOWER]: Raft consensus shutting down.
I0401 16:41:35.334492 12160 raft_consensus.cc:2170] T 3a5a3eb985a1449a842c4cbc6b054d8c P 691d7e738af946209181748f7c01636c [term 1 FOLLOWER]: Raft consensus is shut down!
I0401 16:41:35.335193 12160 tablet_replica.cc:264] T 278fa1bb7726469ba58f4245848f1046 P 691d7e738af946209181748f7c01636c: stopping tablet replica
I0401 16:41:35.335295 12160 raft_consensus.cc:2143] T 278fa1bb7726469ba58f4245848f1046 P 691d7e738af946209181748f7c01636c [term 1 LEADER]: Raft consensus shutting down.
I0401 16:41:35.335484 12160 raft_consensus.cc:2170] T 278fa1bb7726469ba58f4245848f1046 P 691d7e738af946209181748f7c01636c [term 1 FOLLOWER]: Raft consensus is shut down!
I0401 16:41:35.336161 12160 tablet_replica.cc:264] T 3f24ded7ec9b44c4b1f69713686999c7 P 691d7e738af946209181748f7c01636c: stopping tablet replica
I0401 16:41:35.336257 12160 raft_consensus.cc:2143] T 3f24ded7ec9b44c4b1f69713686999c7 P 691d7e738af946209181748f7c01636c [term 1 FOLLOWER]: Raft consensus shutting down.
I0401 16:41:35.336351 12160 raft_consensus.cc:2170] T 3f24ded7ec9b44c4b1f69713686999c7 P 691d7e738af946209181748f7c01636c [term 1 FOLLOWER]: Raft consensus is shut down!
I0401 16:41:35.337052 12160 tablet_replica.cc:264] T 8a583f4e15144ad085e5373b90d24e01 P 691d7e738af946209181748f7c01636c: stopping tablet replica
I0401 16:41:35.337153 12160 raft_consensus.cc:2143] T 8a583f4e15144ad085e5373b90d24e01 P 691d7e738af946209181748f7c01636c [term 1 FOLLOWER]: Raft consensus shutting down.
I0401 16:41:35.337242 12160 raft_consensus.cc:2170] T 8a583f4e15144ad085e5373b90d24e01 P 691d7e738af946209181748f7c01636c [term 1 FOLLOWER]: Raft consensus is shut down!
I0401 16:41:35.353693 12160 tablet_server.cc:179] TabletServer shutdown complete.
I0401 16:41:35.353754 12160 tablet_server.cc:165] TabletServer shutting down...
I0401 16:41:35.353947 12160 tablet_server.cc:179] TabletServer shutdown complete.
I0401 16:41:35.358335 12160 tablet_server.cc:165] TabletServer shutting down...
I0401 16:41:35.373159 12160 ts_tablet_manager.cc:1126] Shutting down tablet manager...
I0401 16:41:35.373276 12160 tablet_replica.cc:264] T 9528934d3883467d973e249b3542e541 P ea22542beb2e4cf297a2b82c04c5485a: stopping tablet replica
I0401 16:41:35.373479 12160 raft_consensus.cc:2143] T 9528934d3883467d973e249b3542e541 P ea22542beb2e4cf297a2b82c04c5485a [term 1 FOLLOWER]: Raft consensus shutting down.
I0401 16:41:35.373605 12160 raft_consensus.cc:2170] T 9528934d3883467d973e249b3542e541 P ea22542beb2e4cf297a2b82c04c5485a [term 1 FOLLOWER]: Raft consensus is shut down!
I0401 16:41:35.374387 12160 tablet_replica.cc:264] T 19de4523dc8b4ed68f5e3ddab4128579 P ea22542beb2e4cf297a2b82c04c5485a: stopping tablet replica
I0401 16:41:35.374475 12160 raft_consensus.cc:2143] T 19de4523dc8b4ed68f5e3ddab4128579 P ea22542beb2e4cf297a2b82c04c5485a [term 1 FOLLOWER]: Raft consensus shutting down.
I0401 16:41:35.374563 12160 raft_consensus.cc:2170] T 19de4523dc8b4ed68f5e3ddab4128579 P ea22542beb2e4cf297a2b82c04c5485a [term 1 FOLLOWER]: Raft consensus is shut down!
I0401 16:41:35.375176 12160 tablet_replica.cc:264] T 58213f99590747369b50a74ed52178f4 P ea22542beb2e4cf297a2b82c04c5485a: stopping tablet replica
I0401 16:41:35.375270 12160 raft_consensus.cc:2143] T 58213f99590747369b50a74ed52178f4 P ea22542beb2e4cf297a2b82c04c5485a [term 1 LEADER]: Raft consensus shutting down.
I0401 16:41:35.375458 12160 raft_consensus.cc:2170] T 58213f99590747369b50a74ed52178f4 P ea22542beb2e4cf297a2b82c04c5485a [term 1 FOLLOWER]: Raft consensus is shut down!
I0401 16:41:35.376011 12160 tablet_replica.cc:264] T cf2344da4a8848a79e815e6f1306547a P ea22542beb2e4cf297a2b82c04c5485a: stopping tablet replica
I0401 16:41:35.376094 12160 raft_consensus.cc:2143] T cf2344da4a8848a79e815e6f1306547a P ea22542beb2e4cf297a2b82c04c5485a [term 1 LEADER]: Raft consensus shutting down.
I0401 16:41:35.376250 12160 raft_consensus.cc:2170] T cf2344da4a8848a79e815e6f1306547a P ea22542beb2e4cf297a2b82c04c5485a [term 1 FOLLOWER]: Raft consensus is shut down!
I0401 16:41:35.376868 12160 tablet_replica.cc:264] T 8a583f4e15144ad085e5373b90d24e01 P ea22542beb2e4cf297a2b82c04c5485a: stopping tablet replica
I0401 16:41:35.376973 12160 raft_consensus.cc:2143] T 8a583f4e15144ad085e5373b90d24e01 P ea22542beb2e4cf297a2b82c04c5485a [term 1 FOLLOWER]: Raft consensus shutting down.
I0401 16:41:35.377058 12160 raft_consensus.cc:2170] T 8a583f4e15144ad085e5373b90d24e01 P ea22542beb2e4cf297a2b82c04c5485a [term 1 FOLLOWER]: Raft consensus is shut down!
I0401 16:41:35.377739 12160 tablet_replica.cc:264] T 3f24ded7ec9b44c4b1f69713686999c7 P ea22542beb2e4cf297a2b82c04c5485a: stopping tablet replica
I0401 16:41:35.377822 12160 raft_consensus.cc:2143] T 3f24ded7ec9b44c4b1f69713686999c7 P ea22542beb2e4cf297a2b82c04c5485a [term 1 FOLLOWER]: Raft consensus shutting down.
I0401 16:41:35.377934 12160 raft_consensus.cc:2170] T 3f24ded7ec9b44c4b1f69713686999c7 P ea22542beb2e4cf297a2b82c04c5485a [term 1 FOLLOWER]: Raft consensus is shut down!
I0401 16:41:35.378520 12160 tablet_replica.cc:264] T 278fa1bb7726469ba58f4245848f1046 P ea22542beb2e4cf297a2b82c04c5485a: stopping tablet replica
I0401 16:41:35.378607 12160 raft_consensus.cc:2143] T 278fa1bb7726469ba58f4245848f1046 P ea22542beb2e4cf297a2b82c04c5485a [term 1 FOLLOWER]: Raft consensus shutting down.
I0401 16:41:35.378684 12160 raft_consensus.cc:2170] T 278fa1bb7726469ba58f4245848f1046 P ea22542beb2e4cf297a2b82c04c5485a [term 1 FOLLOWER]: Raft consensus is shut down!
I0401 16:41:35.379266 12160 tablet_replica.cc:264] T 3a5a3eb985a1449a842c4cbc6b054d8c P ea22542beb2e4cf297a2b82c04c5485a: stopping tablet replica
I0401 16:41:35.379346 12160 raft_consensus.cc:2143] T 3a5a3eb985a1449a842c4cbc6b054d8c P ea22542beb2e4cf297a2b82c04c5485a [term 1 FOLLOWER]: Raft consensus shutting down.
I0401 16:41:35.379432 12160 raft_consensus.cc:2170] T 3a5a3eb985a1449a842c4cbc6b054d8c P ea22542beb2e4cf297a2b82c04c5485a [term 1 FOLLOWER]: Raft consensus is shut down!
I0401 16:41:35.380084 12160 tablet_replica.cc:264] T 1d9ff322fafe44b49647e1d0a461a9a8 P ea22542beb2e4cf297a2b82c04c5485a: stopping tablet replica
I0401 16:41:35.380169 12160 raft_consensus.cc:2143] T 1d9ff322fafe44b49647e1d0a461a9a8 P ea22542beb2e4cf297a2b82c04c5485a [term 1 FOLLOWER]: Raft consensus shutting down.
I0401 16:41:35.380249 12160 raft_consensus.cc:2170] T 1d9ff322fafe44b49647e1d0a461a9a8 P ea22542beb2e4cf297a2b82c04c5485a [term 1 FOLLOWER]: Raft consensus is shut down!
I0401 16:41:35.380779 12160 tablet_replica.cc:264] T 179f7d444d934e97b7d1600583addb41 P ea22542beb2e4cf297a2b82c04c5485a: stopping tablet replica
I0401 16:41:35.380872 12160 raft_consensus.cc:2143] T 179f7d444d934e97b7d1600583addb41 P ea22542beb2e4cf297a2b82c04c5485a [term 1 LEADER]: Raft consensus shutting down.
I0401 16:41:35.381043 12160 raft_consensus.cc:2170] T 179f7d444d934e97b7d1600583addb41 P ea22542beb2e4cf297a2b82c04c5485a [term 1 FOLLOWER]: Raft consensus is shut down!
I0401 16:41:35.397019 12160 tablet_server.cc:179] TabletServer shutdown complete.
I0401 16:41:35.397066 12160 tablet_server.cc:165] TabletServer shutting down...
I0401 16:41:35.397202 12160 tablet_server.cc:179] TabletServer shutdown complete.
I0401 16:41:35.400624 12160 master.cc:270] Master@127.11.224.62:58248 shutting down...
I0401 16:41:35.410598 12160 raft_consensus.cc:2143] T 00000000000000000000000000000000 P 6c091e7d3a92407c899173d47c5e9f2d [term 1 FOLLOWER]: Raft consensus shutting down.
I0401 16:41:35.410734 12160 raft_consensus.cc:2170] T 00000000000000000000000000000000 P 6c091e7d3a92407c899173d47c5e9f2d [term 1 FOLLOWER]: Raft consensus is shut down!
I0401 16:41:35.410835 12160 tablet_replica.cc:264] T 00000000000000000000000000000000 P 6c091e7d3a92407c899173d47c5e9f2d: stopping tablet replica
I0401 16:41:35.424377 12160 master.cc:281] Master@127.11.224.62:58248 shutdown complete.
I0401 16:41:35.427230 12160 master.cc:270] Master@127.11.224.61:51035 shutting down...
I0401 16:41:35.437711 12160 raft_consensus.cc:2143] T 00000000000000000000000000000000 P a8bb772d23844fb38e2f7ac70789393c [term 1 FOLLOWER]: Raft consensus shutting down.
I0401 16:41:35.437871 12160 raft_consensus.cc:2170] T 00000000000000000000000000000000 P a8bb772d23844fb38e2f7ac70789393c [term 1 FOLLOWER]: Raft consensus is shut down!
I0401 16:41:35.437961 12160 tablet_replica.cc:264] T 00000000000000000000000000000000 P a8bb772d23844fb38e2f7ac70789393c: stopping tablet replica
I0401 16:41:35.451525 12160 master.cc:281] Master@127.11.224.61:51035 shutdown complete.
I0401 16:41:35.454243 12160 master.cc:270] Master@127.11.224.60:60032 shutting down...
I0401 16:41:35.466743 12160 raft_consensus.cc:2143] T 00000000000000000000000000000000 P 997fe12c9d23427eaf9f8c2e6a18eb89 [term 1 LEADER]: Raft consensus shutting down.
I0401 16:41:35.467051 12160 raft_consensus.cc:2170] T 00000000000000000000000000000000 P 997fe12c9d23427eaf9f8c2e6a18eb89 [term 1 FOLLOWER]: Raft consensus is shut down!
I0401 16:41:35.467134 12160 tablet_replica.cc:264] T 00000000000000000000000000000000 P 997fe12c9d23427eaf9f8c2e6a18eb89: stopping tablet replica
I0401 16:41:35.470759 12160 master.cc:281] Master@127.11.224.60:60032 shutdown complete. [ OK ] RemoteKsckTest.TestClusterOk (3096 ms) [ RUN ] RemoteKsckTest.TestCheckUnusualFlags
I0401 16:41:35.490430 12160 test_util.cc:212] Using random seed: -1885338255
I0401 16:41:35.491017 12160 internal_mini_cluster.cc:146] Creating distributed mini masters. Addrs: 127.11.224.62:47883,127.11.224.61:55560,127.11.224.60:50532
I0401 16:41:35.494258 12160 system_ntp.cc:199] NTP initialized. Skew: 500ppm Current error: 837931us
I0401 16:41:35.494418 12160 fs_manager.cc:263] Metadata directory not provided
I0401 16:41:35.494457 12160 fs_manager.cc:269] Using write-ahead log directory (fs_wal_dir) as metadata directory
I0401 16:41:35.494542 12160 server_base.cc:433] Could not load existing FS layout: Not found: could not find a healthy instance file
I0401 16:41:35.494575 12160 server_base.cc:434] Attempting to create new FS layout instead
I0401 16:41:35.495121 12160 fs_manager.cc:602] Generated new instance metadata in path /data/somelongdirectorytoavoidrpathissues/src/kudutest/ksck_remote-test.0.RemoteKsckTest.TestCheckUnusualFlags.1554162092376624-12160/minicluster-data/master-0-root/instance: uuid: "d2204fb616014e5c944c1d7538ec0efc" format_stamp: "Formatted at 2019-04-01 23:41:35 on quasar-eitwqx-1.vpc.cloudera.com"
I0401 16:41:35.499133 12160 fs_manager.cc:503] Time spent creating directory manager: real 0.004s user 0.001s sys 0.002s
I0401 16:41:35.499822 12160 file_cache.cc:466] Constructed file cache lbm with capacity 13107
I0401 16:41:35.501646 12160 fs_manager.cc:419] Time spent opening block manager: real 0.001s user 0.000s sys 0.000s
I0401 16:41:35.501703 12160 fs_manager.cc:436] Opened local filesystem: /data/somelongdirectorytoavoidrpathissues/src/kudutest/ksck_remote-test.0.RemoteKsckTest.TestCheckUnusualFlags.1554162092376624-12160/minicluster-data/master-0-root uuid: "d2204fb616014e5c944c1d7538ec0efc" format_stamp: "Formatted at 2019-04-01 23:41:35 on quasar-eitwqx-1.vpc.cloudera.com"
I0401 16:41:35.501772 12160 fs_report.cc:352] FS layout report -------------------- wal directory: /data/somelongdirectorytoavoidrpathissues/src/kudutest/ksck_remote-test.0.RemoteKsckTest.TestCheckUnusualFlags.1554162092376624-12160/minicluster-data/master-0-root metadata directory: /data/somelongdirectorytoavoidrpathissues/src/kudutest/ksck_remote-test.0.RemoteKsckTest.TestCheckUnusualFlags.1554162092376624-12160/minicluster-data/master-0-root 1 data directories: /data/somelongdirectorytoavoidrpathissues/src/kudutest/ksck_remote-test.0.RemoteKsckTest.TestCheckUnusualFlags.1554162092376624-12160/minicluster-data/master-0-root/data Total live blocks: 0 Total live bytes: 0 Total live bytes (after alignment): 0 Total number of LBM containers: 0 (0 full) Did not check for missing blocks Did not check for orphaned blocks Total full LBM containers with extra space: 0 (0 repaired) Total full LBM container extra space in bytes: 0 (0 repaired) Total incomplete LBM containers: 0 (0 repaired) Total LBM partial records: 0 (0 repaired)
I0401 16:41:35.549705 12160 rpc_server.cc:205] RPC server started. Bound to: 127.11.224.62:47883
I0401 16:41:35.550456 12160 webserver.cc:308] Webserver started at http://127.11.224.62:59146/ using document root and password file
I0401 16:41:35.551638 12773 data_dirs.cc:938] Could only allocate 1 dirs of requested 3 for tablet 00000000000000000000000000000000. 1 dirs total, 0 dirs full, 0 dirs failed
I0401 16:41:35.553807 12773 sys_catalog.cc:304] member_type: VOTER last_known_addr { host: "127.11.224.62" port: 47883 } has no permanent_uuid. Determining permanent_uuid...
I0401 16:41:35.554340 12160 system_ntp.cc:199] NTP initialized. Skew: 500ppm Current error: 837931us
I0401 16:41:35.554549 12160 fs_manager.cc:263] Metadata directory not provided
I0401 16:41:35.555240 12160 fs_manager.cc:269] Using write-ahead log directory (fs_wal_dir) as metadata directory
I0401 16:41:35.555629 12160 server_base.cc:433] Could not load existing FS layout: Not found: could not find a healthy instance file
I0401 16:41:35.555999 12160 server_base.cc:434] Attempting to create new FS layout instead
I0401 16:41:35.556809 12160 fs_manager.cc:602] Generated new instance metadata in path /data/somelongdirectorytoavoidrpathissues/src/kudutest/ksck_remote-test.0.RemoteKsckTest.TestCheckUnusualFlags.1554162092376624-12160/minicluster-data/master-1-root/instance: uuid: "9e4b1b33f83944a09262a70c9b11c5d6" format_stamp: "Formatted at 2019-04-01 23:41:35 on quasar-eitwqx-1.vpc.cloudera.com"
I0401 16:41:35.561058 12160 fs_manager.cc:503] Time spent creating directory manager: real 0.004s user 0.001s sys 0.002s
I0401 16:41:35.561718 12773 sys_catalog.cc:304] member_type: VOTER last_known_addr { host: "127.11.224.61" port: 55560 } has no permanent_uuid. Determining permanent_uuid...
I0401 16:41:35.562289 12160 file_cache.cc:466] Constructed file cache lbm with capacity 13107
W0401 16:41:35.562734 12773 consensus_peers.cc:599] Error getting permanent uuid from config peer 127.11.224.61:55560: Network error: Client connection negotiation failed: client connection to 127.11.224.61:55560: connect: Connection refused (error 111)
I0401 16:41:35.564360 12160 fs_manager.cc:419] Time spent opening block manager: real 0.001s user 0.000s sys 0.001s
I0401 16:41:35.564412 12160 fs_manager.cc:436] Opened local filesystem: /data/somelongdirectorytoavoidrpathissues/src/kudutest/ksck_remote-test.0.RemoteKsckTest.TestCheckUnusualFlags.1554162092376624-12160/minicluster-data/master-1-root uuid: "9e4b1b33f83944a09262a70c9b11c5d6" format_stamp: "Formatted at 2019-04-01 23:41:35 on quasar-eitwqx-1.vpc.cloudera.com"
I0401 16:41:35.564503 12160 fs_report.cc:352] FS layout report -------------------- wal directory: /data/somelongdirectorytoavoidrpathissues/src/kudutest/ksck_remote-test.0.RemoteKsckTest.TestCheckUnusualFlags.1554162092376624-12160/minicluster-data/master-1-root metadata directory: /data/somelongdirectorytoavoidrpathissues/src/kudutest/ksck_remote-test.0.RemoteKsckTest.TestCheckUnusualFlags.1554162092376624-12160/minicluster-data/master-1-root 1 data directories: /data/somelongdirectorytoavoidrpathissues/src/kudutest/ksck_remote-test.0.RemoteKsckTest.TestCheckUnusualFlags.1554162092376624-12160/minicluster-data/master-1-root/data Total live blocks: 0 Total live bytes: 0 Total live bytes (after alignment): 0 Total number of LBM containers: 0 (0 full) Did not check for missing blocks Did not check for orphaned blocks Total full LBM containers with extra space: 0 (0 repaired) Total full LBM container extra space in bytes: 0 (0 repaired) Total incomplete LBM containers: 0 (0 repaired) Total LBM partial records: 0 (0 repaired)
I0401 16:41:35.584967 12773 consensus_peers.cc:609] Retrying to get permanent uuid for remote peer: member_type: VOTER last_known_addr { host: "127.11.224.61" port: 55560 } attempt: 1
W0401 16:41:35.586477 12773 consensus_peers.cc:599] Error getting permanent uuid from config peer 127.11.224.61:55560: Network error: Client connection negotiation failed: client connection to 127.11.224.61:55560: connect: Connection refused (error 111)
I0401 16:41:35.590134 12160 rpc_server.cc:205] RPC server started. Bound to: 127.11.224.61:55560
I0401 16:41:35.590900 12160 webserver.cc:308] Webserver started at http://127.11.224.61:56138/ using document root and password file
I0401 16:41:35.592046 12830 data_dirs.cc:938] Could only allocate 1 dirs of requested 3 for tablet 00000000000000000000000000000000. 1 dirs total, 0 dirs full, 0 dirs failed
I0401 16:41:35.594204 12830 sys_catalog.cc:304] member_type: VOTER last_known_addr { host: "127.11.224.62" port: 47883 } has no permanent_uuid. Determining permanent_uuid...
I0401 16:41:35.595078 12160 system_ntp.cc:199] NTP initialized. Skew: 500ppm Current error: 837931us
I0401 16:41:35.595449 12160 fs_manager.cc:263] Metadata directory not provided
I0401 16:41:35.595568 12160 fs_manager.cc:269] Using write-ahead log directory (fs_wal_dir) as metadata directory
I0401 16:41:35.595754 12160 server_base.cc:433] Could not load existing FS layout: Not found: could not find a healthy instance file
I0401 16:41:35.595866 12160 server_base.cc:434] Attempting to create new FS layout instead
I0401 16:41:35.596695 12160 fs_manager.cc:602] Generated new instance metadata in path /data/somelongdirectorytoavoidrpathissues/src/kudutest/ksck_remote-test.0.RemoteKsckTest.TestCheckUnusualFlags.1554162092376624-12160/minicluster-data/master-2-root/instance: uuid: "1f9ec791a501435eab0d7b2836d621cb" format_stamp: "Formatted at 2019-04-01 23:41:35 on quasar-eitwqx-1.vpc.cloudera.com"
I0401 16:41:35.600705 12830 sys_catalog.cc:304] member_type: VOTER last_known_addr { host: "127.11.224.61" port: 55560 } has no permanent_uuid. Determining permanent_uuid...
I0401 16:41:35.602362 12160 fs_manager.cc:503] Time spent creating directory manager: real 0.005s user 0.001s sys 0.002s
I0401 16:41:35.603722 12160 file_cache.cc:466] Constructed file cache lbm with capacity 13107
I0401 16:41:35.606338 12160 fs_manager.cc:419] Time spent opening block manager: real 0.001s user 0.001s sys 0.000s
I0401 16:41:35.606456 12160 fs_manager.cc:436] Opened local filesystem: /data/somelongdirectorytoavoidrpathissues/src/kudutest/ksck_remote-test.0.RemoteKsckTest.TestCheckUnusualFlags.1554162092376624-12160/minicluster-data/master-2-root uuid: "1f9ec791a501435eab0d7b2836d621cb" format_stamp: "Formatted at 2019-04-01 23:41:35 on quasar-eitwqx-1.vpc.cloudera.com"
I0401 16:41:35.606590 12160 fs_report.cc:352] FS layout report -------------------- wal directory: /data/somelongdirectorytoavoidrpathissues/src/kudutest/ksck_remote-test.0.RemoteKsckTest.TestCheckUnusualFlags.1554162092376624-12160/minicluster-data/master-2-root metadata directory: /data/somelongdirectorytoavoidrpathissues/src/kudutest/ksck_remote-test.0.RemoteKsckTest.TestCheckUnusualFlags.1554162092376624-12160/minicluster-data/master-2-root 1 data directories: /data/somelongdirectorytoavoidrpathissues/src/kudutest/ksck_remote-test.0.RemoteKsckTest.TestCheckUnusualFlags.1554162092376624-12160/minicluster-data/master-2-root/data Total live blocks: 0 Total live bytes: 0 Total live bytes (after alignment): 0 Total number of LBM containers: 0 (0 full) Did not check for missing blocks Did not check for orphaned blocks Total full LBM containers with extra space: 0 (0 repaired) Total full LBM container extra space in bytes: 0 (0 repaired) Total incomplete LBM containers: 0 (0 repaired) Total LBM partial records: 0 (0 repaired)
I0401 16:41:35.607756 12830 sys_catalog.cc:304] member_type: VOTER last_known_addr { host: "127.11.224.60" port: 50532 } has no permanent_uuid. Determining permanent_uuid...
W0401 16:41:35.609463 12830 consensus_peers.cc:599] Error getting permanent uuid from config peer 127.11.224.60:50532: Network error: Client connection negotiation failed: client connection to 127.11.224.60:50532: connect: Connection refused (error 111)
I0401 16:41:35.636987 12160 rpc_server.cc:205] RPC server started. Bound to: 127.11.224.60:50532
I0401 16:41:35.637745 12160 webserver.cc:308] Webserver started at http://127.11.224.60:55679/ using document root and password file
I0401 16:41:35.638137 12160 internal_mini_cluster.cc:166] Waiting to initialize catalog manager on master 0
I0401 16:41:35.638782 12887 data_dirs.cc:938] Could only allocate 1 dirs of requested 3 for tablet 00000000000000000000000000000000. 1 dirs total, 0 dirs full, 0 dirs failed
I0401 16:41:35.640693 12887 sys_catalog.cc:304] member_type: VOTER last_known_addr { host: "127.11.224.62" port: 47883 } has no permanent_uuid. Determining permanent_uuid...
I0401 16:41:35.645781 12887 sys_catalog.cc:304] member_type: VOTER last_known_addr { host: "127.11.224.61" port: 55560 } has no permanent_uuid. Determining permanent_uuid...
I0401 16:41:35.649994 12887 sys_catalog.cc:304] member_type: VOTER last_known_addr { host: "127.11.224.60" port: 50532 } has no permanent_uuid. Determining permanent_uuid...
I0401 16:41:35.656260 12887 tablet_bootstrap.cc:439] T 00000000000000000000000000000000 P 1f9ec791a501435eab0d7b2836d621cb: Bootstrap starting.
I0401 16:41:35.657425 12887 tablet_bootstrap.cc:590] T 00000000000000000000000000000000 P 1f9ec791a501435eab0d7b2836d621cb: No blocks or log segments found. Creating new log.
I0401 16:41:35.659215 12887 tablet_bootstrap.cc:439] T 00000000000000000000000000000000 P 1f9ec791a501435eab0d7b2836d621cb: No bootstrap required, opened a new log
I0401 16:41:35.659833 12887 raft_consensus.cc:340] T 00000000000000000000000000000000 P 1f9ec791a501435eab0d7b2836d621cb [term 0 FOLLOWER]: Replica starting. Triggering 0 pending transactions. Active config: opid_index: -1 OBSOLETE_local: false peers { permanent_uuid: "d2204fb616014e5c944c1d7538ec0efc" member_type: VOTER last_known_addr { host: "127.11.224.62" port: 47883 } } peers { permanent_uuid: "9e4b1b33f83944a09262a70c9b11c5d6" member_type: VOTER last_known_addr { host: "127.11.224.61" port: 55560 } } peers { permanent_uuid: "1f9ec791a501435eab0d7b2836d621cb" member_type: VOTER last_known_addr { host: "127.11.224.60" port: 50532 } }
I0401 16:41:35.660023 12887 raft_consensus.cc:366] T 00000000000000000000000000000000 P 1f9ec791a501435eab0d7b2836d621cb [term 0 FOLLOWER]: Consensus starting up: Expiring failure detector timer to make a prompt election more likely
I0401 16:41:35.660091 12887 raft_consensus.cc:705] T 00000000000000000000000000000000 P 1f9ec791a501435eab0d7b2836d621cb [term 0 FOLLOWER]: Becoming Follower/Learner. State: Replica: 1f9ec791a501435eab0d7b2836d621cb, State: Initialized, Role: FOLLOWER
I0401 16:41:35.660310 12887 consensus_queue.cc:229] T 00000000000000000000000000000000 P 1f9ec791a501435eab0d7b2836d621cb [NON_LEADER]: Queue going to NON_LEADER mode. State: All replicated index: 0, Majority replicated index: 0, Committed index: 0, Last appended: 0.0, Last appended by leader: 0, Current term: 0, Majority size: -1, State: 0, Mode: NON_LEADER, active raft config: opid_index: -1 OBSOLETE_local: false peers { permanent_uuid: "d2204fb616014e5c944c1d7538ec0efc" member_type: VOTER last_known_addr { host: "127.11.224.62" port: 47883 } } peers { permanent_uuid: "9e4b1b33f83944a09262a70c9b11c5d6" member_type: VOTER last_known_addr { host: "127.11.224.61" port: 55560 } } peers { permanent_uuid: "1f9ec791a501435eab0d7b2836d621cb" member_type: VOTER last_known_addr { host: "127.11.224.60" port: 50532 } }
I0401 16:41:35.660727 12830 consensus_peers.cc:609] Retrying to get permanent uuid for remote peer: member_type: VOTER last_known_addr { host: "127.11.224.60" port: 50532 } attempt: 1
I0401 16:41:35.660835 12891 sys_catalog.cc:337] T 00000000000000000000000000000000 P 1f9ec791a501435eab0d7b2836d621cb [sys.catalog]: SysCatalogTable state changed. Reason: RaftConsensus started. Latest consensus state: current_term: 0 committed_config { opid_index: -1 OBSOLETE_local: false peers { permanent_uuid: "d2204fb616014e5c944c1d7538ec0efc" member_type: VOTER last_known_addr { host: "127.11.224.62" port: 47883 } } peers { permanent_uuid: "9e4b1b33f83944a09262a70c9b11c5d6" member_type: VOTER last_known_addr { host: "127.11.224.61" port: 55560 } } peers { permanent_uuid: "1f9ec791a501435eab0d7b2836d621cb" member_type: VOTER last_known_addr { host: "127.11.224.60" port: 50532 } } }
I0401 16:41:35.661206 12891 sys_catalog.cc:340] T 00000000000000000000000000000000 P 1f9ec791a501435eab0d7b2836d621cb [sys.catalog]: This master's current role is: FOLLOWER
I0401 16:41:35.660853 12887 sys_catalog.cc:337] T 00000000000000000000000000000000 P 1f9ec791a501435eab0d7b2836d621cb [sys.catalog]: SysCatalogTable state changed. Reason: Started TabletReplica. Latest consensus state: current_term: 0 committed_config { opid_index: -1 OBSOLETE_local: false peers { permanent_uuid: "d2204fb616014e5c944c1d7538ec0efc" member_type: VOTER last_known_addr { host: "127.11.224.62" port: 47883 } } peers { permanent_uuid: "9e4b1b33f83944a09262a70c9b11c5d6" member_type: VOTER last_known_addr { host: "127.11.224.61" port: 55560 } } peers { permanent_uuid: "1f9ec791a501435eab0d7b2836d621cb" member_type: VOTER last_known_addr { host: "127.11.224.60" port: 50532 } } }
I0401 16:41:35.661414 12887 sys_catalog.cc:340] T 00000000000000000000000000000000 P 1f9ec791a501435eab0d7b2836d621cb [sys.catalog]: This master's current role is: FOLLOWER
I0401 16:41:35.661980 12887 sys_catalog.cc:424] T 00000000000000000000000000000000 P 1f9ec791a501435eab0d7b2836d621cb [sys.catalog]: configured and running, proceeding with master startup.
I0401 16:41:35.663763 12773 consensus_peers.cc:609] Retrying to get permanent uuid for remote peer: member_type: VOTER last_known_addr { host: "127.11.224.61" port: 55560 } attempt: 2
W0401 16:41:35.664757 12892 catalog_manager.cc:1113] T 00000000000000000000000000000000 P 1f9ec791a501435eab0d7b2836d621cb: acquiring CA information for follower catalog manager: Not found: root CA entry not found
W0401 16:41:35.664949 12892 catalog_manager.cc:594] Not found: root CA entry not found: failed to prepare follower catalog manager, will retry
I0401 16:41:35.668885 12830 tablet_bootstrap.cc:439] T 00000000000000000000000000000000 P 9e4b1b33f83944a09262a70c9b11c5d6: Bootstrap starting.
I0401 16:41:35.669924 12830 tablet_bootstrap.cc:590] T 00000000000000000000000000000000 P 9e4b1b33f83944a09262a70c9b11c5d6: No blocks or log segments found. Creating new log.
I0401 16:41:35.672015 12830 tablet_bootstrap.cc:439] T 00000000000000000000000000000000 P 9e4b1b33f83944a09262a70c9b11c5d6: No bootstrap required, opened a new log
I0401 16:41:35.671991 12773 sys_catalog.cc:304] member_type: VOTER last_known_addr { host: "127.11.224.60" port: 50532 } has no permanent_uuid. Determining permanent_uuid...
