I0401 16:41:42.280920 14289 consensus_queue.cc:229] T f7b07c95350a4913ac25ac4e7fe1d56f P 7f56a852ff774ae3bf4b2db3fdd9e794 [NON_LEADER]: Queue going to NON_LEADER mode. State: All replicated index: 0, Majority replicated index: 0, Committed index: 0, Last appended: 0.0, Last appended by leader: 0, Current term: 0, Majority size: -1, State: 0, Mode: NON_LEADER, active raft config: opid_index: -1 OBSOLETE_local: false peers { permanent_uuid: "3b217a135438461a92af851b0ff0e3b1" member_type: VOTER last_known_addr { host: "127.11.224.1" port: 60190 } } peers { permanent_uuid: "c8a139e6be04411cafa08fa475b4a949" member_type: VOTER last_known_addr { host: "127.11.224.2" port: 56141 } } peers { permanent_uuid: "7f56a852ff774ae3bf4b2db3fdd9e794" member_type: VOTER last_known_addr { host: "127.11.224.3" port: 41734 } }
I0401 16:41:42.283756 14288 tablet_bootstrap.cc:590] T b037d993bb1c4d0e973c88f5232fcec4 P c8a139e6be04411cafa08fa475b4a949: No blocks or log segments found. Creating new log.
I0401 16:41:42.284916 14286 ts_tablet_manager.cc:1081] T 25462a2724aa4e57b7b90498c8c2fade P 3b217a135438461a92af851b0ff0e3b1: Time spent starting tablet: real 0.006s user 0.001s sys 0.001s
I0401 16:41:42.286156 14289 ts_tablet_manager.cc:1081] T f7b07c95350a4913ac25ac4e7fe1d56f P 7f56a852ff774ae3bf4b2db3fdd9e794: Time spent starting tablet: real 0.007s user 0.002s sys 0.001s
I0401 16:41:42.286378 14289 tablet_bootstrap.cc:439] T f3a8c8f94f44477aa2aba69e0834cd23 P 7f56a852ff774ae3bf4b2db3fdd9e794: Bootstrap starting.
I0401 16:41:42.286543 14286 tablet_bootstrap.cc:439] T 676a5ec766f84ebebe099001cd7401a9 P 3b217a135438461a92af851b0ff0e3b1: Bootstrap starting.
I0401 16:41:42.288507 14289 tablet_bootstrap.cc:590] T f3a8c8f94f44477aa2aba69e0834cd23 P 7f56a852ff774ae3bf4b2db3fdd9e794: No blocks or log segments found. Creating new log.
I0401 16:41:42.289182 14286 tablet_bootstrap.cc:590] T 676a5ec766f84ebebe099001cd7401a9 P 3b217a135438461a92af851b0ff0e3b1: No blocks or log segments found. Creating new log.
I0401 16:41:42.290225 14288 tablet_bootstrap.cc:439] T b037d993bb1c4d0e973c88f5232fcec4 P c8a139e6be04411cafa08fa475b4a949: No bootstrap required, opened a new log
I0401 16:41:42.290349 14288 ts_tablet_manager.cc:1053] T b037d993bb1c4d0e973c88f5232fcec4 P c8a139e6be04411cafa08fa475b4a949: Time spent bootstrapping tablet: real 0.009s user 0.003s sys 0.001s
I0401 16:41:42.291270 14288 raft_consensus.cc:340] T b037d993bb1c4d0e973c88f5232fcec4 P c8a139e6be04411cafa08fa475b4a949 [term 0 FOLLOWER]: Replica starting. Triggering 0 pending transactions. Active config: opid_index: -1 OBSOLETE_local: false peers { permanent_uuid: "3b217a135438461a92af851b0ff0e3b1" member_type: VOTER last_known_addr { host: "127.11.224.1" port: 60190 } } peers { permanent_uuid: "c8a139e6be04411cafa08fa475b4a949" member_type: VOTER last_known_addr { host: "127.11.224.2" port: 56141 } } peers { permanent_uuid: "7f56a852ff774ae3bf4b2db3fdd9e794" member_type: VOTER last_known_addr { host: "127.11.224.3" port: 41734 } }
I0401 16:41:42.291411 14288 raft_consensus.cc:366] T b037d993bb1c4d0e973c88f5232fcec4 P c8a139e6be04411cafa08fa475b4a949 [term 0 FOLLOWER]: Consensus starting up: Expiring failure detector timer to make a prompt election more likely
I0401 16:41:42.291472 14288 raft_consensus.cc:705] T b037d993bb1c4d0e973c88f5232fcec4 P c8a139e6be04411cafa08fa475b4a949 [term 0 FOLLOWER]: Becoming Follower/Learner. State: Replica: c8a139e6be04411cafa08fa475b4a949, State: Initialized, Role: FOLLOWER
I0401 16:41:42.291662 14289 tablet_bootstrap.cc:439] T f3a8c8f94f44477aa2aba69e0834cd23 P 7f56a852ff774ae3bf4b2db3fdd9e794: No bootstrap required, opened a new log
I0401 16:41:42.291754 14289 ts_tablet_manager.cc:1053] T f3a8c8f94f44477aa2aba69e0834cd23 P 7f56a852ff774ae3bf4b2db3fdd9e794: Time spent bootstrapping tablet: real 0.005s user 0.002s sys 0.001s
I0401 16:41:42.291666 14288 consensus_queue.cc:229] T b037d993bb1c4d0e973c88f5232fcec4 P c8a139e6be04411cafa08fa475b4a949 [NON_LEADER]: Queue going to NON_LEADER mode. State: All replicated index: 0, Majority replicated index: 0, Committed index: 0, Last appended: 0.0, Last appended by leader: 0, Current term: 0, Majority size: -1, State: 0, Mode: NON_LEADER, active raft config: opid_index: -1 OBSOLETE_local: false peers { permanent_uuid: "3b217a135438461a92af851b0ff0e3b1" member_type: VOTER last_known_addr { host: "127.11.224.1" port: 60190 } } peers { permanent_uuid: "c8a139e6be04411cafa08fa475b4a949" member_type: VOTER last_known_addr { host: "127.11.224.2" port: 56141 } } peers { permanent_uuid: "7f56a852ff774ae3bf4b2db3fdd9e794" member_type: VOTER last_known_addr { host: "127.11.224.3" port: 41734 } }
I0401 16:41:42.291874 14286 tablet_bootstrap.cc:439] T 676a5ec766f84ebebe099001cd7401a9 P 3b217a135438461a92af851b0ff0e3b1: No bootstrap required, opened a new log
I0401 16:41:42.291987 14286 ts_tablet_manager.cc:1053] T 676a5ec766f84ebebe099001cd7401a9 P 3b217a135438461a92af851b0ff0e3b1: Time spent bootstrapping tablet: real 0.005s user 0.002s sys 0.000s
I0401 16:41:42.292506 14288 ts_tablet_manager.cc:1081] T b037d993bb1c4d0e973c88f5232fcec4 P c8a139e6be04411cafa08fa475b4a949: Time spent starting tablet: real 0.002s user 0.000s sys 0.001s
I0401 16:41:42.292616 14286 raft_consensus.cc:340] T 676a5ec766f84ebebe099001cd7401a9 P 3b217a135438461a92af851b0ff0e3b1 [term 0 FOLLOWER]: Replica starting. Triggering 0 pending transactions. Active config: opid_index: -1 OBSOLETE_local: false peers { permanent_uuid: "3b217a135438461a92af851b0ff0e3b1" member_type: VOTER last_known_addr { host: "127.11.224.1" port: 60190 } } peers { permanent_uuid: "c8a139e6be04411cafa08fa475b4a949" member_type: VOTER last_known_addr { host: "127.11.224.2" port: 56141 } } peers { permanent_uuid: "7f56a852ff774ae3bf4b2db3fdd9e794" member_type: VOTER last_known_addr { host: "127.11.224.3" port: 41734 } }
I0401 16:41:42.292832 14286 raft_consensus.cc:366] T 676a5ec766f84ebebe099001cd7401a9 P 3b217a135438461a92af851b0ff0e3b1 [term 0 FOLLOWER]: Consensus starting up: Expiring failure detector timer to make a prompt election more likely
I0401 16:41:42.292896 14286 raft_consensus.cc:705] T 676a5ec766f84ebebe099001cd7401a9 P 3b217a135438461a92af851b0ff0e3b1 [term 0 FOLLOWER]: Becoming Follower/Learner. State: Replica: 3b217a135438461a92af851b0ff0e3b1, State: Initialized, Role: FOLLOWER
I0401 16:41:42.292925 14288 tablet_bootstrap.cc:439] T 13a6988475ce40e693996f0f56711a1a P c8a139e6be04411cafa08fa475b4a949: Bootstrap starting.
I0401 16:41:42.293231 14286 consensus_queue.cc:229] T 676a5ec766f84ebebe099001cd7401a9 P 3b217a135438461a92af851b0ff0e3b1 [NON_LEADER]: Queue going to NON_LEADER mode. State: All replicated index: 0, Majority replicated index: 0, Committed index: 0, Last appended: 0.0, Last appended by leader: 0, Current term: 0, Majority size: -1, State: 0, Mode: NON_LEADER, active raft config: opid_index: -1 OBSOLETE_local: false peers { permanent_uuid: "3b217a135438461a92af851b0ff0e3b1" member_type: VOTER last_known_addr { host: "127.11.224.1" port: 60190 } } peers { permanent_uuid: "c8a139e6be04411cafa08fa475b4a949" member_type: VOTER last_known_addr { host: "127.11.224.2" port: 56141 } } peers { permanent_uuid: "7f56a852ff774ae3bf4b2db3fdd9e794" member_type: VOTER last_known_addr { host: "127.11.224.3" port: 41734 } }
I0401 16:41:42.293418 14289 raft_consensus.cc:340] T f3a8c8f94f44477aa2aba69e0834cd23 P 7f56a852ff774ae3bf4b2db3fdd9e794 [term 0 FOLLOWER]: Replica starting. Triggering 0 pending transactions. Active config: opid_index: -1 OBSOLETE_local: false peers { permanent_uuid: "3b217a135438461a92af851b0ff0e3b1" member_type: VOTER last_known_addr { host: "127.11.224.1" port: 60190 } } peers { permanent_uuid: "c8a139e6be04411cafa08fa475b4a949" member_type: VOTER last_known_addr { host: "127.11.224.2" port: 56141 } } peers { permanent_uuid: "7f56a852ff774ae3bf4b2db3fdd9e794" member_type: VOTER last_known_addr { host: "127.11.224.3" port: 41734 } }
I0401 16:41:42.294872 14289 raft_consensus.cc:366] T f3a8c8f94f44477aa2aba69e0834cd23 P 7f56a852ff774ae3bf4b2db3fdd9e794 [term 0 FOLLOWER]: Consensus starting up: Expiring failure detector timer to make a prompt election more likely
I0401 16:41:42.294993 14289 raft_consensus.cc:705] T f3a8c8f94f44477aa2aba69e0834cd23 P 7f56a852ff774ae3bf4b2db3fdd9e794 [term 0 FOLLOWER]: Becoming Follower/Learner. State: Replica: 7f56a852ff774ae3bf4b2db3fdd9e794, State: Initialized, Role: FOLLOWER
I0401 16:41:42.295331 14289 consensus_queue.cc:229] T f3a8c8f94f44477aa2aba69e0834cd23 P 7f56a852ff774ae3bf4b2db3fdd9e794 [NON_LEADER]: Queue going to NON_LEADER mode. State: All replicated index: 0, Majority replicated index: 0, Committed index: 0, Last appended: 0.0, Last appended by leader: 0, Current term: 0, Majority size: -1, State: 0, Mode: NON_LEADER, active raft config: opid_index: -1 OBSOLETE_local: false peers { permanent_uuid: "3b217a135438461a92af851b0ff0e3b1" member_type: VOTER last_known_addr { host: "127.11.224.1" port: 60190 } } peers { permanent_uuid: "c8a139e6be04411cafa08fa475b4a949" member_type: VOTER last_known_addr { host: "127.11.224.2" port: 56141 } } peers { permanent_uuid: "7f56a852ff774ae3bf4b2db3fdd9e794" member_type: VOTER last_known_addr { host: "127.11.224.3" port: 41734 } }
I0401 16:41:42.297513 14286 ts_tablet_manager.cc:1081] T 676a5ec766f84ebebe099001cd7401a9 P 3b217a135438461a92af851b0ff0e3b1: Time spent starting tablet: real 0.005s user 0.002s sys 0.000s
I0401 16:41:42.297916 14286 tablet_bootstrap.cc:439] T c436001f027647dfa8569052010729a6 P 3b217a135438461a92af851b0ff0e3b1: Bootstrap starting.
I0401 16:41:42.298032 14289 ts_tablet_manager.cc:1081] T f3a8c8f94f44477aa2aba69e0834cd23 P 7f56a852ff774ae3bf4b2db3fdd9e794: Time spent starting tablet: real 0.006s user 0.001s sys 0.000s
I0401 16:41:42.298158 14288 tablet_bootstrap.cc:590] T 13a6988475ce40e693996f0f56711a1a P c8a139e6be04411cafa08fa475b4a949: No blocks or log segments found. Creating new log.
I0401 16:41:42.298262 14289 tablet_bootstrap.cc:439] T 676a5ec766f84ebebe099001cd7401a9 P 7f56a852ff774ae3bf4b2db3fdd9e794: Bootstrap starting.
I0401 16:41:42.300004 14289 tablet_bootstrap.cc:590] T 676a5ec766f84ebebe099001cd7401a9 P 7f56a852ff774ae3bf4b2db3fdd9e794: No blocks or log segments found. Creating new log.
I0401 16:41:42.300127 14286 tablet_bootstrap.cc:590] T c436001f027647dfa8569052010729a6 P 3b217a135438461a92af851b0ff0e3b1: No blocks or log segments found. Creating new log.
I0401 16:41:42.309343 14286 tablet_bootstrap.cc:439] T c436001f027647dfa8569052010729a6 P 3b217a135438461a92af851b0ff0e3b1: No bootstrap required, opened a new log
I0401 16:41:42.309347 14288 tablet_bootstrap.cc:439] T 13a6988475ce40e693996f0f56711a1a P c8a139e6be04411cafa08fa475b4a949: No bootstrap required, opened a new log
I0401 16:41:42.309499 14288 ts_tablet_manager.cc:1053] T 13a6988475ce40e693996f0f56711a1a P c8a139e6be04411cafa08fa475b4a949: Time spent bootstrapping tablet: real 0.017s user 0.003s sys 0.008s
I0401 16:41:42.309501 14286 ts_tablet_manager.cc:1053] T c436001f027647dfa8569052010729a6 P 3b217a135438461a92af851b0ff0e3b1: Time spent bootstrapping tablet: real 0.012s user 0.002s sys 0.006s
I0401 16:41:42.310717 14286 raft_consensus.cc:340] T c436001f027647dfa8569052010729a6 P 3b217a135438461a92af851b0ff0e3b1 [term 0 FOLLOWER]: Replica starting. Triggering 0 pending transactions. Active config: opid_index: -1 OBSOLETE_local: false peers { permanent_uuid: "c8a139e6be04411cafa08fa475b4a949" member_type: VOTER last_known_addr { host: "127.11.224.2" port: 56141 } } peers { permanent_uuid: "3b217a135438461a92af851b0ff0e3b1" member_type: VOTER last_known_addr { host: "127.11.224.1" port: 60190 } } peers { permanent_uuid: "7f56a852ff774ae3bf4b2db3fdd9e794" member_type: VOTER last_known_addr { host: "127.11.224.3" port: 41734 } }
I0401 16:41:42.310818 14288 raft_consensus.cc:340] T 13a6988475ce40e693996f0f56711a1a P c8a139e6be04411cafa08fa475b4a949 [term 0 FOLLOWER]: Replica starting. Triggering 0 pending transactions. Active config: opid_index: -1 OBSOLETE_local: false peers { permanent_uuid: "c8a139e6be04411cafa08fa475b4a949" member_type: VOTER last_known_addr { host: "127.11.224.2" port: 56141 } } peers { permanent_uuid: "3b217a135438461a92af851b0ff0e3b1" member_type: VOTER last_known_addr { host: "127.11.224.1" port: 60190 } } peers { permanent_uuid: "7f56a852ff774ae3bf4b2db3fdd9e794" member_type: VOTER last_known_addr { host: "127.11.224.3" port: 41734 } }
I0401 16:41:42.311010 14288 raft_consensus.cc:366] T 13a6988475ce40e693996f0f56711a1a P c8a139e6be04411cafa08fa475b4a949 [term 0 FOLLOWER]: Consensus starting up: Expiring failure detector timer to make a prompt election more likely
I0401 16:41:42.310972 14286 raft_consensus.cc:366] T c436001f027647dfa8569052010729a6 P 3b217a135438461a92af851b0ff0e3b1 [term 0 FOLLOWER]: Consensus starting up: Expiring failure detector timer to make a prompt election more likely
I0401 16:41:42.311074 14288 raft_consensus.cc:705] T 13a6988475ce40e693996f0f56711a1a P c8a139e6be04411cafa08fa475b4a949 [term 0 FOLLOWER]: Becoming Follower/Learner. State: Replica: c8a139e6be04411cafa08fa475b4a949, State: Initialized, Role: FOLLOWER
I0401 16:41:42.311111 14286 raft_consensus.cc:705] T c436001f027647dfa8569052010729a6 P 3b217a135438461a92af851b0ff0e3b1 [term 0 FOLLOWER]: Becoming Follower/Learner. State: Replica: 3b217a135438461a92af851b0ff0e3b1, State: Initialized, Role: FOLLOWER
I0401 16:41:42.311275 14289 tablet_bootstrap.cc:439] T 676a5ec766f84ebebe099001cd7401a9 P 7f56a852ff774ae3bf4b2db3fdd9e794: No bootstrap required, opened a new log
I0401 16:41:42.311411 14289 ts_tablet_manager.cc:1053] T 676a5ec766f84ebebe099001cd7401a9 P 7f56a852ff774ae3bf4b2db3fdd9e794: Time spent bootstrapping tablet: real 0.013s user 0.001s sys 0.003s
I0401 16:41:42.311308 14288 consensus_queue.cc:229] T 13a6988475ce40e693996f0f56711a1a P c8a139e6be04411cafa08fa475b4a949 [NON_LEADER]: Queue going to NON_LEADER mode. State: All replicated index: 0, Majority replicated index: 0, Committed index: 0, Last appended: 0.0, Last appended by leader: 0, Current term: 0, Majority size: -1, State: 0, Mode: NON_LEADER, active raft config: opid_index: -1 OBSOLETE_local: false peers { permanent_uuid: "c8a139e6be04411cafa08fa475b4a949" member_type: VOTER last_known_addr { host: "127.11.224.2" port: 56141 } } peers { permanent_uuid: "3b217a135438461a92af851b0ff0e3b1" member_type: VOTER last_known_addr { host: "127.11.224.1" port: 60190 } } peers { permanent_uuid: "7f56a852ff774ae3bf4b2db3fdd9e794" member_type: VOTER last_known_addr { host: "127.11.224.3" port: 41734 } }
I0401 16:41:42.311308 14286 consensus_queue.cc:229] T c436001f027647dfa8569052010729a6 P 3b217a135438461a92af851b0ff0e3b1 [NON_LEADER]: Queue going to NON_LEADER mode. State: All replicated index: 0, Majority replicated index: 0, Committed index: 0, Last appended: 0.0, Last appended by leader: 0, Current term: 0, Majority size: -1, State: 0, Mode: NON_LEADER, active raft config: opid_index: -1 OBSOLETE_local: false peers { permanent_uuid: "c8a139e6be04411cafa08fa475b4a949" member_type: VOTER last_known_addr { host: "127.11.224.2" port: 56141 } } peers { permanent_uuid: "3b217a135438461a92af851b0ff0e3b1" member_type: VOTER last_known_addr { host: "127.11.224.1" port: 60190 } } peers { permanent_uuid: "7f56a852ff774ae3bf4b2db3fdd9e794" member_type: VOTER last_known_addr { host: "127.11.224.3" port: 41734 } }
I0401 16:41:42.312019 14289 raft_consensus.cc:340] T 676a5ec766f84ebebe099001cd7401a9 P 7f56a852ff774ae3bf4b2db3fdd9e794 [term 0 FOLLOWER]: Replica starting. Triggering 0 pending transactions. Active config: opid_index: -1 OBSOLETE_local: false peers { permanent_uuid: "3b217a135438461a92af851b0ff0e3b1" member_type: VOTER last_known_addr { host: "127.11.224.1" port: 60190 } } peers { permanent_uuid: "c8a139e6be04411cafa08fa475b4a949" member_type: VOTER last_known_addr { host: "127.11.224.2" port: 56141 } } peers { permanent_uuid: "7f56a852ff774ae3bf4b2db3fdd9e794" member_type: VOTER last_known_addr { host: "127.11.224.3" port: 41734 } }
I0401 16:41:42.312238 14289 raft_consensus.cc:366] T 676a5ec766f84ebebe099001cd7401a9 P 7f56a852ff774ae3bf4b2db3fdd9e794 [term 0 FOLLOWER]: Consensus starting up: Expiring failure detector timer to make a prompt election more likely
I0401 16:41:42.312304 14288 ts_tablet_manager.cc:1081] T 13a6988475ce40e693996f0f56711a1a P c8a139e6be04411cafa08fa475b4a949: Time spent starting tablet: real 0.003s user 0.001s sys 0.000s
I0401 16:41:42.312711 14288 tablet_bootstrap.cc:439] T d854a8d5225f43a7a40cfcec0bd9c1d5 P c8a139e6be04411cafa08fa475b4a949: Bootstrap starting.
I0401 16:41:42.312309 14289 raft_consensus.cc:705] T 676a5ec766f84ebebe099001cd7401a9 P 7f56a852ff774ae3bf4b2db3fdd9e794 [term 0 FOLLOWER]: Becoming Follower/Learner. State: Replica: 7f56a852ff774ae3bf4b2db3fdd9e794, State: Initialized, Role: FOLLOWER
I0401 16:41:42.313211 14289 consensus_queue.cc:229] T 676a5ec766f84ebebe099001cd7401a9 P 7f56a852ff774ae3bf4b2db3fdd9e794 [NON_LEADER]: Queue going to NON_LEADER mode. State: All replicated index: 0, Majority replicated index: 0, Committed index: 0, Last appended: 0.0, Last appended by leader: 0, Current term: 0, Majority size: -1, State: 0, Mode: NON_LEADER, active raft config: opid_index: -1 OBSOLETE_local: false peers { permanent_uuid: "3b217a135438461a92af851b0ff0e3b1" member_type: VOTER last_known_addr { host: "127.11.224.1" port: 60190 } } peers { permanent_uuid: "c8a139e6be04411cafa08fa475b4a949" member_type: VOTER last_known_addr { host: "127.11.224.2" port: 56141 } } peers { permanent_uuid: "7f56a852ff774ae3bf4b2db3fdd9e794" member_type: VOTER last_known_addr { host: "127.11.224.3" port: 41734 } }
I0401 16:41:42.314146 14289 ts_tablet_manager.cc:1081] T 676a5ec766f84ebebe099001cd7401a9 P 7f56a852ff774ae3bf4b2db3fdd9e794: Time spent starting tablet: real 0.003s user 0.001s sys 0.000s
I0401 16:41:42.315553 14289 tablet_bootstrap.cc:439] T c436001f027647dfa8569052010729a6 P 7f56a852ff774ae3bf4b2db3fdd9e794: Bootstrap starting.
I0401 16:41:42.317324 14288 tablet_bootstrap.cc:590] T d854a8d5225f43a7a40cfcec0bd9c1d5 P c8a139e6be04411cafa08fa475b4a949: No blocks or log segments found. Creating new log.
I0401 16:41:42.317853 14289 tablet_bootstrap.cc:590] T c436001f027647dfa8569052010729a6 P 7f56a852ff774ae3bf4b2db3fdd9e794: No blocks or log segments found. Creating new log.
I0401 16:41:42.318837 14286 ts_tablet_manager.cc:1081] T c436001f027647dfa8569052010729a6 P 3b217a135438461a92af851b0ff0e3b1: Time spent starting tablet: real 0.009s user 0.002s sys 0.000s
I0401 16:41:42.319113 14286 tablet_bootstrap.cc:439] T f7b07c95350a4913ac25ac4e7fe1d56f P 3b217a135438461a92af851b0ff0e3b1: Bootstrap starting.
I0401 16:41:42.320322 14288 tablet_bootstrap.cc:439] T d854a8d5225f43a7a40cfcec0bd9c1d5 P c8a139e6be04411cafa08fa475b4a949: No bootstrap required, opened a new log
I0401 16:41:42.320437 14286 tablet_bootstrap.cc:590] T f7b07c95350a4913ac25ac4e7fe1d56f P 3b217a135438461a92af851b0ff0e3b1: No blocks or log segments found. Creating new log.
I0401 16:41:42.320457 14288 ts_tablet_manager.cc:1053] T d854a8d5225f43a7a40cfcec0bd9c1d5 P c8a139e6be04411cafa08fa475b4a949: Time spent bootstrapping tablet: real 0.008s user 0.003s sys 0.000s
I0401 16:41:42.320479 14289 tablet_bootstrap.cc:439] T c436001f027647dfa8569052010729a6 P 7f56a852ff774ae3bf4b2db3fdd9e794: No bootstrap required, opened a new log
I0401 16:41:42.320631 14289 ts_tablet_manager.cc:1053] T c436001f027647dfa8569052010729a6 P 7f56a852ff774ae3bf4b2db3fdd9e794: Time spent bootstrapping tablet: real 0.005s user 0.001s sys 0.002s
I0401 16:41:42.321135 14289 raft_consensus.cc:340] T c436001f027647dfa8569052010729a6 P 7f56a852ff774ae3bf4b2db3fdd9e794 [term 0 FOLLOWER]: Replica starting. Triggering 0 pending transactions. Active config: opid_index: -1 OBSOLETE_local: false peers { permanent_uuid: "c8a139e6be04411cafa08fa475b4a949" member_type: VOTER last_known_addr { host: "127.11.224.2" port: 56141 } } peers { permanent_uuid: "3b217a135438461a92af851b0ff0e3b1" member_type: VOTER last_known_addr { host: "127.11.224.1" port: 60190 } } peers { permanent_uuid: "7f56a852ff774ae3bf4b2db3fdd9e794" member_type: VOTER last_known_addr { host: "127.11.224.3" port: 41734 } }
I0401 16:41:42.321223 14288 raft_consensus.cc:340] T d854a8d5225f43a7a40cfcec0bd9c1d5 P c8a139e6be04411cafa08fa475b4a949 [term 0 FOLLOWER]: Replica starting. Triggering 0 pending transactions. Active config: opid_index: -1 OBSOLETE_local: false peers { permanent_uuid: "c8a139e6be04411cafa08fa475b4a949" member_type: VOTER last_known_addr { host: "127.11.224.2" port: 56141 } } peers { permanent_uuid: "3b217a135438461a92af851b0ff0e3b1" member_type: VOTER last_known_addr { host: "127.11.224.1" port: 60190 } } peers { permanent_uuid: "7f56a852ff774ae3bf4b2db3fdd9e794" member_type: VOTER last_known_addr { host: "127.11.224.3" port: 41734 } }
I0401 16:41:42.321331 14289 raft_consensus.cc:366] T c436001f027647dfa8569052010729a6 P 7f56a852ff774ae3bf4b2db3fdd9e794 [term 0 FOLLOWER]: Consensus starting up: Expiring failure detector timer to make a prompt election more likely
I0401 16:41:42.321424 14288 raft_consensus.cc:366] T d854a8d5225f43a7a40cfcec0bd9c1d5 P c8a139e6be04411cafa08fa475b4a949 [term 0 FOLLOWER]: Consensus starting up: Expiring failure detector timer to make a prompt election more likely
I0401 16:41:42.321455 14288 raft_consensus.cc:705] T d854a8d5225f43a7a40cfcec0bd9c1d5 P c8a139e6be04411cafa08fa475b4a949 [term 0 FOLLOWER]: Becoming Follower/Learner. State: Replica: c8a139e6be04411cafa08fa475b4a949, State: Initialized, Role: FOLLOWER
I0401 16:41:42.321450 14289 raft_consensus.cc:705] T c436001f027647dfa8569052010729a6 P 7f56a852ff774ae3bf4b2db3fdd9e794 [term 0 FOLLOWER]: Becoming Follower/Learner. State: Replica: 7f56a852ff774ae3bf4b2db3fdd9e794, State: Initialized, Role: FOLLOWER
I0401 16:41:42.321617 14288 consensus_queue.cc:229] T d854a8d5225f43a7a40cfcec0bd9c1d5 P c8a139e6be04411cafa08fa475b4a949 [NON_LEADER]: Queue going to NON_LEADER mode. State: All replicated index: 0, Majority replicated index: 0, Committed index: 0, Last appended: 0.0, Last appended by leader: 0, Current term: 0, Majority size: -1, State: 0, Mode: NON_LEADER, active raft config: opid_index: -1 OBSOLETE_local: false peers { permanent_uuid: "c8a139e6be04411cafa08fa475b4a949" member_type: VOTER last_known_addr { host: "127.11.224.2" port: 56141 } } peers { permanent_uuid: "3b217a135438461a92af851b0ff0e3b1" member_type: VOTER last_known_addr { host: "127.11.224.1" port: 60190 } } peers { permanent_uuid: "7f56a852ff774ae3bf4b2db3fdd9e794" member_type: VOTER last_known_addr { host: "127.11.224.3" port: 41734 } }
I0401 16:41:42.321697 14289 consensus_queue.cc:229] T c436001f027647dfa8569052010729a6 P 7f56a852ff774ae3bf4b2db3fdd9e794 [NON_LEADER]: Queue going to NON_LEADER mode. State: All replicated index: 0, Majority replicated index: 0, Committed index: 0, Last appended: 0.0, Last appended by leader: 0, Current term: 0, Majority size: -1, State: 0, Mode: NON_LEADER, active raft config: opid_index: -1 OBSOLETE_local: false peers { permanent_uuid: "c8a139e6be04411cafa08fa475b4a949" member_type: VOTER last_known_addr { host: "127.11.224.2" port: 56141 } } peers { permanent_uuid: "3b217a135438461a92af851b0ff0e3b1" member_type: VOTER last_known_addr { host: "127.11.224.1" port: 60190 } } peers { permanent_uuid: "7f56a852ff774ae3bf4b2db3fdd9e794" member_type: VOTER last_known_addr { host: "127.11.224.3" port: 41734 } }
I0401 16:41:42.322373 14288 ts_tablet_manager.cc:1081] T d854a8d5225f43a7a40cfcec0bd9c1d5 P c8a139e6be04411cafa08fa475b4a949: Time spent starting tablet: real 0.002s user 0.002s sys 0.000s
I0401 16:41:42.322540 14288 tablet_bootstrap.cc:439] T 97c087eb8f4a49a8aab7f45d389073bd P c8a139e6be04411cafa08fa475b4a949: Bootstrap starting.
I0401 16:41:42.322979 14294 raft_consensus.cc:472] T 25462a2724aa4e57b7b90498c8c2fade P c8a139e6be04411cafa08fa475b4a949 [term 0 FOLLOWER]: Starting pre-election (no leader contacted us within the election timeout)
I0401 16:41:42.323066 14294 raft_consensus.cc:494] T 25462a2724aa4e57b7b90498c8c2fade P c8a139e6be04411cafa08fa475b4a949 [term 0 FOLLOWER]: Starting pre-election with config: opid_index: -1 OBSOLETE_local: false peers { permanent_uuid: "3b217a135438461a92af851b0ff0e3b1" member_type: VOTER last_known_addr { host: "127.11.224.1" port: 60190 } } peers { permanent_uuid: "c8a139e6be04411cafa08fa475b4a949" member_type: VOTER last_known_addr { host: "127.11.224.2" port: 56141 } } peers { permanent_uuid: "7f56a852ff774ae3bf4b2db3fdd9e794" member_type: VOTER last_known_addr { host: "127.11.224.3" port: 41734 } }
I0401 16:41:42.323901 14294 leader_election.cc:296] T 25462a2724aa4e57b7b90498c8c2fade P c8a139e6be04411cafa08fa475b4a949 [CANDIDATE]: Term 1 pre-election: Requested pre-vote from peers 3b217a135438461a92af851b0ff0e3b1 (127.11.224.1:60190), 7f56a852ff774ae3bf4b2db3fdd9e794 (127.11.224.3:41734)
I0401 16:41:42.324062 14288 tablet_bootstrap.cc:590] T 97c087eb8f4a49a8aab7f45d389073bd P c8a139e6be04411cafa08fa475b4a949: No blocks or log segments found. Creating new log.
I0401 16:41:42.325202 14289 ts_tablet_manager.cc:1081] T c436001f027647dfa8569052010729a6 P 7f56a852ff774ae3bf4b2db3fdd9e794: Time spent starting tablet: real 0.005s user 0.001s sys 0.000s
I0401 16:41:42.326313 14289 tablet_bootstrap.cc:439] T b037d993bb1c4d0e973c88f5232fcec4 P 7f56a852ff774ae3bf4b2db3fdd9e794: Bootstrap starting.
I0401 16:41:42.326108 14286 tablet_bootstrap.cc:439] T f7b07c95350a4913ac25ac4e7fe1d56f P 3b217a135438461a92af851b0ff0e3b1: No bootstrap required, opened a new log
I0401 16:41:42.327236 14290 raft_consensus.cc:472] T 25462a2724aa4e57b7b90498c8c2fade P 3b217a135438461a92af851b0ff0e3b1 [term 0 FOLLOWER]: Starting pre-election (no leader contacted us within the election timeout)
I0401 16:41:42.327327 14290 raft_consensus.cc:494] T 25462a2724aa4e57b7b90498c8c2fade P 3b217a135438461a92af851b0ff0e3b1 [term 0 FOLLOWER]: Starting pre-election with config: opid_index: -1 OBSOLETE_local: false peers { permanent_uuid: "3b217a135438461a92af851b0ff0e3b1" member_type: VOTER last_known_addr { host: "127.11.224.1" port: 60190 } } peers { permanent_uuid: "c8a139e6be04411cafa08fa475b4a949" member_type: VOTER last_known_addr { host: "127.11.224.2" port: 56141 } } peers { permanent_uuid: "7f56a852ff774ae3bf4b2db3fdd9e794" member_type: VOTER last_known_addr { host: "127.11.224.3" port: 41734 } }
I0401 16:41:42.328121 14290 leader_election.cc:296] T 25462a2724aa4e57b7b90498c8c2fade P 3b217a135438461a92af851b0ff0e3b1 [CANDIDATE]: Term 1 pre-election: Requested pre-vote from peers c8a139e6be04411cafa08fa475b4a949 (127.11.224.2:56141), 7f56a852ff774ae3bf4b2db3fdd9e794 (127.11.224.3:41734)
I0401 16:41:42.329756 14286 ts_tablet_manager.cc:1053] T f7b07c95350a4913ac25ac4e7fe1d56f P 3b217a135438461a92af851b0ff0e3b1: Time spent bootstrapping tablet: real 0.011s user 0.002s sys 0.000s
I0401 16:41:42.334331 14243 tablet_service.cc:1276] Received RequestConsensusVote() RPC: tablet_id: "25462a2724aa4e57b7b90498c8c2fade" candidate_uuid: "c8a139e6be04411cafa08fa475b4a949" candidate_term: 1 candidate_status { last_received { term: 0 index: 0 } } ignore_live_leader: false dest_uuid: "7f56a852ff774ae3bf4b2db3fdd9e794" is_pre_election: true
W0401 16:41:42.336325 14124 leader_election.cc:348] T 25462a2724aa4e57b7b90498c8c2fade P c8a139e6be04411cafa08fa475b4a949 [CANDIDATE]: Term 1 pre-election: Tablet error from VoteRequest() call to peer 7f56a852ff774ae3bf4b2db3fdd9e794 (127.11.224.3:41734): Illegal state: must be running to vote when last-logged opid is not known
I0401 16:41:42.331871 14286 raft_consensus.cc:340] T f7b07c95350a4913ac25ac4e7fe1d56f P 3b217a135438461a92af851b0ff0e3b1 [term 0 FOLLOWER]: Replica starting. Triggering 0 pending transactions. Active config: opid_index: -1 OBSOLETE_local: false peers { permanent_uuid: "3b217a135438461a92af851b0ff0e3b1" member_type: VOTER last_known_addr { host: "127.11.224.1" port: 60190 } } peers { permanent_uuid: "c8a139e6be04411cafa08fa475b4a949" member_type: VOTER last_known_addr { host: "127.11.224.2" port: 56141 } } peers { permanent_uuid: "7f56a852ff774ae3bf4b2db3fdd9e794" member_type: VOTER last_known_addr { host: "127.11.224.3" port: 41734 } }
I0401 16:41:42.336881 14286 raft_consensus.cc:366] T f7b07c95350a4913ac25ac4e7fe1d56f P 3b217a135438461a92af851b0ff0e3b1 [term 0 FOLLOWER]: Consensus starting up: Expiring failure detector timer to make a prompt election more likely
I0401 16:41:42.336921 14286 raft_consensus.cc:705] T f7b07c95350a4913ac25ac4e7fe1d56f P 3b217a135438461a92af851b0ff0e3b1 [term 0 FOLLOWER]: Becoming Follower/Learner. State: Replica: 3b217a135438461a92af851b0ff0e3b1, State: Initialized, Role: FOLLOWER
I0401 16:41:42.337136 14286 consensus_queue.cc:229] T f7b07c95350a4913ac25ac4e7fe1d56f P 3b217a135438461a92af851b0ff0e3b1 [NON_LEADER]: Queue going to NON_LEADER mode. State: All replicated index: 0, Majority replicated index: 0, Committed index: 0, Last appended: 0.0, Last appended by leader: 0, Current term: 0, Majority size: -1, State: 0, Mode: NON_LEADER, active raft config: opid_index: -1 OBSOLETE_local: false peers { permanent_uuid: "3b217a135438461a92af851b0ff0e3b1" member_type: VOTER last_known_addr { host: "127.11.224.1" port: 60190 } } peers { permanent_uuid: "c8a139e6be04411cafa08fa475b4a949" member_type: VOTER last_known_addr { host: "127.11.224.2" port: 56141 } } peers { permanent_uuid: "7f56a852ff774ae3bf4b2db3fdd9e794" member_type: VOTER last_known_addr { host: "127.11.224.3" port: 41734 } }
I0401 16:41:42.338014 14286 ts_tablet_manager.cc:1081] T f7b07c95350a4913ac25ac4e7fe1d56f P 3b217a135438461a92af851b0ff0e3b1: Time spent starting tablet: real 0.007s user 0.001s sys 0.000s
I0401 16:41:42.338461 14090 tablet_service.cc:1276] Received RequestConsensusVote() RPC: tablet_id: "25462a2724aa4e57b7b90498c8c2fade" candidate_uuid: "c8a139e6be04411cafa08fa475b4a949" candidate_term: 1 candidate_status { last_received { term: 0 index: 0 } } ignore_live_leader: false dest_uuid: "3b217a135438461a92af851b0ff0e3b1" is_pre_election: true
I0401 16:41:42.338986 14289 tablet_bootstrap.cc:590] T b037d993bb1c4d0e973c88f5232fcec4 P 7f56a852ff774ae3bf4b2db3fdd9e794: No blocks or log segments found. Creating new log.
I0401 16:41:42.338973 14090 raft_consensus.cc:2346] T 25462a2724aa4e57b7b90498c8c2fade P 3b217a135438461a92af851b0ff0e3b1 [term 0 FOLLOWER]: Leader pre-election vote request: Granting yes vote for candidate c8a139e6be04411cafa08fa475b4a949 in term 0.
I0401 16:41:42.340075 14124 leader_election.cc:310] T 25462a2724aa4e57b7b90498c8c2fade P c8a139e6be04411cafa08fa475b4a949 [CANDIDATE]: Term 1 pre-election: Election decided. Result: candidate won. Election summary: received 3 responses out of 3 voters: 2 yes votes; 1 no votes. yes voters: 3b217a135438461a92af851b0ff0e3b1, c8a139e6be04411cafa08fa475b4a949; no voters: 7f56a852ff774ae3bf4b2db3fdd9e794
I0401 16:41:42.340674 14294 raft_consensus.cc:2640] T 25462a2724aa4e57b7b90498c8c2fade P c8a139e6be04411cafa08fa475b4a949 [term 0 FOLLOWER]: Leader pre-election won for term 1
I0401 16:41:42.340816 14294 raft_consensus.cc:472] T 25462a2724aa4e57b7b90498c8c2fade P c8a139e6be04411cafa08fa475b4a949 [term 0 FOLLOWER]: Starting leader election (no leader contacted us within the election timeout)
I0401 16:41:42.340966 14294 raft_consensus.cc:2886] T 25462a2724aa4e57b7b90498c8c2fade P c8a139e6be04411cafa08fa475b4a949 [term 0 FOLLOWER]: Advancing to term 1
I0401 16:41:42.343582 14286 tablet_bootstrap.cc:439] T 265f9ab062db4a7993f0dec921bf7c89 P 3b217a135438461a92af851b0ff0e3b1: Bootstrap starting.
I0401 16:41:42.344880 14164 tablet_service.cc:1276] Received RequestConsensusVote() RPC: tablet_id: "25462a2724aa4e57b7b90498c8c2fade" candidate_uuid: "3b217a135438461a92af851b0ff0e3b1" candidate_term: 1 candidate_status { last_received { term: 0 index: 0 } } ignore_live_leader: false dest_uuid: "c8a139e6be04411cafa08fa475b4a949" is_pre_election: true
I0401 16:41:42.346984 14294 raft_consensus.cc:494] T 25462a2724aa4e57b7b90498c8c2fade P c8a139e6be04411cafa08fa475b4a949 [term 1 FOLLOWER]: Starting leader election with config: opid_index: -1 OBSOLETE_local: false peers { permanent_uuid: "3b217a135438461a92af851b0ff0e3b1" member_type: VOTER last_known_addr { host: "127.11.224.1" port: 60190 } } peers { permanent_uuid: "c8a139e6be04411cafa08fa475b4a949" member_type: VOTER last_known_addr { host: "127.11.224.2" port: 56141 } } peers { permanent_uuid: "7f56a852ff774ae3bf4b2db3fdd9e794" member_type: VOTER last_known_addr { host: "127.11.224.3" port: 41734 } }
I0401 16:41:42.347370 14164 raft_consensus.cc:2276] T 25462a2724aa4e57b7b90498c8c2fade P c8a139e6be04411cafa08fa475b4a949 [term 1 FOLLOWER]: Leader pre-election vote request: Denying vote to candidate 3b217a135438461a92af851b0ff0e3b1 in current term 1: Already voted for candidate c8a139e6be04411cafa08fa475b4a949 in this term.
I0401 16:41:42.348006 14294 leader_election.cc:296] T 25462a2724aa4e57b7b90498c8c2fade P c8a139e6be04411cafa08fa475b4a949 [CANDIDATE]: Term 1 election: Requested vote from peers 3b217a135438461a92af851b0ff0e3b1 (127.11.224.1:60190), 7f56a852ff774ae3bf4b2db3fdd9e794 (127.11.224.3:41734)
I0401 16:41:42.348768 14288 tablet_bootstrap.cc:439] T 97c087eb8f4a49a8aab7f45d389073bd P c8a139e6be04411cafa08fa475b4a949: No bootstrap required, opened a new log
I0401 16:41:42.348778 14243 tablet_service.cc:1276] Received RequestConsensusVote() RPC: tablet_id: "25462a2724aa4e57b7b90498c8c2fade" candidate_uuid: "c8a139e6be04411cafa08fa475b4a949" candidate_term: 1 candidate_status { last_received { term: 0 index: 0 } } ignore_live_leader: false dest_uuid: "7f56a852ff774ae3bf4b2db3fdd9e794"
I0401 16:41:42.348762 14090 tablet_service.cc:1276] Received RequestConsensusVote() RPC: tablet_id: "25462a2724aa4e57b7b90498c8c2fade" candidate_uuid: "c8a139e6be04411cafa08fa475b4a949" candidate_term: 1 candidate_status { last_received { term: 0 index: 0 } } ignore_live_leader: false dest_uuid: "3b217a135438461a92af851b0ff0e3b1"
I0401 16:41:42.348906 14090 raft_consensus.cc:2886] T 25462a2724aa4e57b7b90498c8c2fade P 3b217a135438461a92af851b0ff0e3b1 [term 0 FOLLOWER]: Advancing to term 1
I0401 16:41:42.349150 14288 ts_tablet_manager.cc:1053] T 97c087eb8f4a49a8aab7f45d389073bd P c8a139e6be04411cafa08fa475b4a949: Time spent bootstrapping tablet: real 0.027s user 0.003s sys 0.007s
W0401 16:41:42.349177 14124 leader_election.cc:348] T 25462a2724aa4e57b7b90498c8c2fade P c8a139e6be04411cafa08fa475b4a949 [CANDIDATE]: Term 1 election: Tablet error from VoteRequest() call to peer 7f56a852ff774ae3bf4b2db3fdd9e794 (127.11.224.3:41734): Illegal state: must be running to vote when last-logged opid is not known
I0401 16:41:42.350133 14243 tablet_service.cc:1276] Received RequestConsensusVote() RPC: tablet_id: "25462a2724aa4e57b7b90498c8c2fade" candidate_uuid: "3b217a135438461a92af851b0ff0e3b1" candidate_term: 1 candidate_status { last_received { term: 0 index: 0 } } ignore_live_leader: false dest_uuid: "7f56a852ff774ae3bf4b2db3fdd9e794" is_pre_election: true
W0401 16:41:42.350491 14051 leader_election.cc:348] T 25462a2724aa4e57b7b90498c8c2fade P 3b217a135438461a92af851b0ff0e3b1 [CANDIDATE]: Term 1 pre-election: Tablet error from VoteRequest() call to peer 7f56a852ff774ae3bf4b2db3fdd9e794 (127.11.224.3:41734): Illegal state: must be running to vote when last-logged opid is not known
I0401 16:41:42.350555 14051 leader_election.cc:310] T 25462a2724aa4e57b7b90498c8c2fade P 3b217a135438461a92af851b0ff0e3b1 [CANDIDATE]: Term 1 pre-election: Election decided. Result: candidate lost. Election summary: received 3 responses out of 3 voters: 1 yes votes; 2 no votes. yes voters: 3b217a135438461a92af851b0ff0e3b1; no voters: 7f56a852ff774ae3bf4b2db3fdd9e794, c8a139e6be04411cafa08fa475b4a949
I0401 16:41:42.349958 14288 raft_consensus.cc:340] T 97c087eb8f4a49a8aab7f45d389073bd P c8a139e6be04411cafa08fa475b4a949 [term 0 FOLLOWER]: Replica starting. Triggering 0 pending transactions. Active config: opid_index: -1 OBSOLETE_local: false peers { permanent_uuid: "3b217a135438461a92af851b0ff0e3b1" member_type: VOTER last_known_addr { host: "127.11.224.1" port: 60190 } } peers { permanent_uuid: "c8a139e6be04411cafa08fa475b4a949" member_type: VOTER last_known_addr { host: "127.11.224.2" port: 56141 } } peers { permanent_uuid: "7f56a852ff774ae3bf4b2db3fdd9e794" member_type: VOTER last_known_addr { host: "127.11.224.3" port: 41734 } }
I0401 16:41:42.351003 14288 raft_consensus.cc:366] T 97c087eb8f4a49a8aab7f45d389073bd P c8a139e6be04411cafa08fa475b4a949 [term 0 FOLLOWER]: Consensus starting up: Expiring failure detector timer to make a prompt election more likely
I0401 16:41:42.351038 14288 raft_consensus.cc:705] T 97c087eb8f4a49a8aab7f45d389073bd P c8a139e6be04411cafa08fa475b4a949 [term 0 FOLLOWER]: Becoming Follower/Learner. State: Replica: c8a139e6be04411cafa08fa475b4a949, State: Initialized, Role: FOLLOWER
I0401 16:41:42.351271 14289 tablet_bootstrap.cc:439] T b037d993bb1c4d0e973c88f5232fcec4 P 7f56a852ff774ae3bf4b2db3fdd9e794: No bootstrap required, opened a new log
I0401 16:41:42.351395 14289 ts_tablet_manager.cc:1053] T b037d993bb1c4d0e973c88f5232fcec4 P 7f56a852ff774ae3bf4b2db3fdd9e794: Time spent bootstrapping tablet: real 0.025s user 0.001s sys 0.002s
I0401 16:41:42.353404 14090 raft_consensus.cc:2346] T 25462a2724aa4e57b7b90498c8c2fade P 3b217a135438461a92af851b0ff0e3b1 [term 1 FOLLOWER]: Leader election vote request: Granting yes vote for candidate c8a139e6be04411cafa08fa475b4a949 in term 1.
I0401 16:41:42.353487 14290 raft_consensus.cc:2588] T 25462a2724aa4e57b7b90498c8c2fade P 3b217a135438461a92af851b0ff0e3b1 [term 1 FOLLOWER]: Leader pre-election lost for term 1. Reason: could not achieve majority
I0401 16:41:42.353803 14124 leader_election.cc:310] T 25462a2724aa4e57b7b90498c8c2fade P c8a139e6be04411cafa08fa475b4a949 [CANDIDATE]: Term 1 election: Election decided. Result: candidate won. Election summary: received 3 responses out of 3 voters: 2 yes votes; 1 no votes. yes voters: 3b217a135438461a92af851b0ff0e3b1, c8a139e6be04411cafa08fa475b4a949; no voters: 7f56a852ff774ae3bf4b2db3fdd9e794
I0401 16:41:42.354079 14294 raft_consensus.cc:2640] T 25462a2724aa4e57b7b90498c8c2fade P c8a139e6be04411cafa08fa475b4a949 [term 1 FOLLOWER]: Leader election won for term 1
I0401 16:41:42.354547 14286 tablet_bootstrap.cc:590] T 265f9ab062db4a7993f0dec921bf7c89 P 3b217a135438461a92af851b0ff0e3b1: No blocks or log segments found. Creating new log.
I0401 16:41:42.351219 14288 consensus_queue.cc:229] T 97c087eb8f4a49a8aab7f45d389073bd P c8a139e6be04411cafa08fa475b4a949 [NON_LEADER]: Queue going to NON_LEADER mode. State: All replicated index: 0, Majority replicated index: 0, Committed index: 0, Last appended: 0.0, Last appended by leader: 0, Current term: 0, Majority size: -1, State: 0, Mode: NON_LEADER, active raft config: opid_index: -1 OBSOLETE_local: false peers { permanent_uuid: "3b217a135438461a92af851b0ff0e3b1" member_type: VOTER last_known_addr { host: "127.11.224.1" port: 60190 } } peers { permanent_uuid: "c8a139e6be04411cafa08fa475b4a949" member_type: VOTER last_known_addr { host: "127.11.224.2" port: 56141 } } peers { permanent_uuid: "7f56a852ff774ae3bf4b2db3fdd9e794" member_type: VOTER last_known_addr { host: "127.11.224.3" port: 41734 } }
I0401 16:41:42.353148 14289 raft_consensus.cc:340] T b037d993bb1c4d0e973c88f5232fcec4 P 7f56a852ff774ae3bf4b2db3fdd9e794 [term 0 FOLLOWER]: Replica starting. Triggering 0 pending transactions. Active config: opid_index: -1 OBSOLETE_local: false peers { permanent_uuid: "3b217a135438461a92af851b0ff0e3b1" member_type: VOTER last_known_addr { host: "127.11.224.1" port: 60190 } } peers { permanent_uuid: "c8a139e6be04411cafa08fa475b4a949" member_type: VOTER last_known_addr { host: "127.11.224.2" port: 56141 } } peers { permanent_uuid: "7f56a852ff774ae3bf4b2db3fdd9e794" member_type: VOTER last_known_addr { host: "127.11.224.3" port: 41734 } }
I0401 16:41:42.356813 14289 raft_consensus.cc:366] T b037d993bb1c4d0e973c88f5232fcec4 P 7f56a852ff774ae3bf4b2db3fdd9e794 [term 0 FOLLOWER]: Consensus starting up: Expiring failure detector timer to make a prompt election more likely
I0401 16:41:42.356860 14289 raft_consensus.cc:705] T b037d993bb1c4d0e973c88f5232fcec4 P 7f56a852ff774ae3bf4b2db3fdd9e794 [term 0 FOLLOWER]: Becoming Follower/Learner. State: Replica: 7f56a852ff774ae3bf4b2db3fdd9e794, State: Initialized, Role: FOLLOWER
I0401 16:41:42.357375 14294 raft_consensus.cc:667] T 25462a2724aa4e57b7b90498c8c2fade P c8a139e6be04411cafa08fa475b4a949 [term 1 LEADER]: Becoming Leader. State: Replica: c8a139e6be04411cafa08fa475b4a949, State: Running, Role: LEADER
I0401 16:41:42.357136 14289 consensus_queue.cc:229] T b037d993bb1c4d0e973c88f5232fcec4 P 7f56a852ff774ae3bf4b2db3fdd9e794 [NON_LEADER]: Queue going to NON_LEADER mode. State: All replicated index: 0, Majority replicated index: 0, Committed index: 0, Last appended: 0.0, Last appended by leader: 0, Current term: 0, Majority size: -1, State: 0, Mode: NON_LEADER, active raft config: opid_index: -1 OBSOLETE_local: false peers { permanent_uuid: "3b217a135438461a92af851b0ff0e3b1" member_type: VOTER last_known_addr { host: "127.11.224.1" port: 60190 } } peers { permanent_uuid: "c8a139e6be04411cafa08fa475b4a949" member_type: VOTER last_known_addr { host: "127.11.224.2" port: 56141 } } peers { permanent_uuid: "7f56a852ff774ae3bf4b2db3fdd9e794" member_type: VOTER last_known_addr { host: "127.11.224.3" port: 41734 } }
I0401 16:41:42.357944 14294 consensus_queue.cc:206] T 25462a2724aa4e57b7b90498c8c2fade P c8a139e6be04411cafa08fa475b4a949 [LEADER]: Queue going to LEADER mode. State: All replicated index: 0, Majority replicated index: 0, Committed index: 0, Last appended: 0.0, Last appended by leader: 0, Current term: 1, Majority size: 2, State: 0, Mode: LEADER, active raft config: opid_index: -1 OBSOLETE_local: false peers { permanent_uuid: "3b217a135438461a92af851b0ff0e3b1" member_type: VOTER last_known_addr { host: "127.11.224.1" port: 60190 } } peers { permanent_uuid: "c8a139e6be04411cafa08fa475b4a949" member_type: VOTER last_known_addr { host: "127.11.224.2" port: 56141 } } peers { permanent_uuid: "7f56a852ff774ae3bf4b2db3fdd9e794" member_type: VOTER last_known_addr { host: "127.11.224.3" port: 41734 } }
I0401 16:41:42.358716 14288 ts_tablet_manager.cc:1081] T 97c087eb8f4a49a8aab7f45d389073bd P c8a139e6be04411cafa08fa475b4a949: Time spent starting tablet: real 0.009s user 0.001s sys 0.001s
I0401 16:41:42.359113 14288 tablet_bootstrap.cc:439] T f7b07c95350a4913ac25ac4e7fe1d56f P c8a139e6be04411cafa08fa475b4a949: Bootstrap starting.
I0401 16:41:42.359848 14289 ts_tablet_manager.cc:1081] T b037d993bb1c4d0e973c88f5232fcec4 P 7f56a852ff774ae3bf4b2db3fdd9e794: Time spent starting tablet: real 0.008s user 0.002s sys 0.001s
I0401 16:41:42.361155 14289 tablet_bootstrap.cc:439] T 97c087eb8f4a49a8aab7f45d389073bd P 7f56a852ff774ae3bf4b2db3fdd9e794: Bootstrap starting.
I0401 16:41:42.361557 14288 tablet_bootstrap.cc:590] T f7b07c95350a4913ac25ac4e7fe1d56f P c8a139e6be04411cafa08fa475b4a949: No blocks or log segments found. Creating new log.
I0401 16:41:42.363723 14289 tablet_bootstrap.cc:590] T 97c087eb8f4a49a8aab7f45d389073bd P 7f56a852ff774ae3bf4b2db3fdd9e794: No blocks or log segments found. Creating new log.
I0401 16:41:42.366616 13889 catalog_manager.cc:3977] T 25462a2724aa4e57b7b90498c8c2fade P c8a139e6be04411cafa08fa475b4a949 reported cstate change: term changed from 0 to 1, leader changed from to c8a139e6be04411cafa08fa475b4a949 (127.11.224.2). New cstate: current_term: 1 leader_uuid: "c8a139e6be04411cafa08fa475b4a949" committed_config { opid_index: -1 OBSOLETE_local: false peers { permanent_uuid: "3b217a135438461a92af851b0ff0e3b1" member_type: VOTER last_known_addr { host: "127.11.224.1" port: 60190 } health_report { overall_health: UNKNOWN } } peers { permanent_uuid: "c8a139e6be04411cafa08fa475b4a949" member_type: VOTER last_known_addr { host: "127.11.224.2" port: 56141 } health_report { overall_health: HEALTHY } } peers { permanent_uuid: "7f56a852ff774ae3bf4b2db3fdd9e794" member_type: VOTER last_known_addr { host: "127.11.224.3" port: 41734 } health_report { overall_health: UNKNOWN } } }
I0401 16:41:42.372664 14295 raft_consensus.cc:472] T f7b07c95350a4913ac25ac4e7fe1d56f P 7f56a852ff774ae3bf4b2db3fdd9e794 [term 0 FOLLOWER]: Starting pre-election (no leader contacted us within the election timeout)
I0401 16:41:42.378792 14286 tablet_bootstrap.cc:439] T 265f9ab062db4a7993f0dec921bf7c89 P 3b217a135438461a92af851b0ff0e3b1: No bootstrap required, opened a new log
I0401 16:41:42.378928 14286 ts_tablet_manager.cc:1053] T 265f9ab062db4a7993f0dec921bf7c89 P 3b217a135438461a92af851b0ff0e3b1: Time spent bootstrapping tablet: real 0.035s user 0.003s sys 0.001s
I0401 16:41:42.379570 14286 raft_consensus.cc:340] T 265f9ab062db4a7993f0dec921bf7c89 P 3b217a135438461a92af851b0ff0e3b1 [term 0 FOLLOWER]: Replica starting. Triggering 0 pending transactions. Active config: opid_index: -1 OBSOLETE_local: false peers { permanent_uuid: "3b217a135438461a92af851b0ff0e3b1" member_type: VOTER last_known_addr { host: "127.11.224.1" port: 60190 } } peers { permanent_uuid: "c8a139e6be04411cafa08fa475b4a949" member_type: VOTER last_known_addr { host: "127.11.224.2" port: 56141 } } peers { permanent_uuid: "7f56a852ff774ae3bf4b2db3fdd9e794" member_type: VOTER last_known_addr { host: "127.11.224.3" port: 41734 } }
I0401 16:41:42.379693 14286 raft_consensus.cc:366] T 265f9ab062db4a7993f0dec921bf7c89 P 3b217a135438461a92af851b0ff0e3b1 [term 0 FOLLOWER]: Consensus starting up: Expiring failure detector timer to make a prompt election more likely
I0401 16:41:42.379734 14286 raft_consensus.cc:705] T 265f9ab062db4a7993f0dec921bf7c89 P 3b217a135438461a92af851b0ff0e3b1 [term 0 FOLLOWER]: Becoming Follower/Learner. State: Replica: 3b217a135438461a92af851b0ff0e3b1, State: Initialized, Role: FOLLOWER
I0401 16:41:42.380403 14288 tablet_bootstrap.cc:439] T f7b07c95350a4913ac25ac4e7fe1d56f P c8a139e6be04411cafa08fa475b4a949: No bootstrap required, opened a new log
I0401 16:41:42.379899 14286 consensus_queue.cc:229] T 265f9ab062db4a7993f0dec921bf7c89 P 3b217a135438461a92af851b0ff0e3b1 [NON_LEADER]: Queue going to NON_LEADER mode. State: All replicated index: 0, Majority replicated index: 0, Committed index: 0, Last appended: 0.0, Last appended by leader: 0, Current term: 0, Majority size: -1, State: 0, Mode: NON_LEADER, active raft config: opid_index: -1 OBSOLETE_local: false peers { permanent_uuid: "3b217a135438461a92af851b0ff0e3b1" member_type: VOTER last_known_addr { host: "127.11.224.1" port: 60190 } } peers { permanent_uuid: "c8a139e6be04411cafa08fa475b4a949" member_type: VOTER last_known_addr { host: "127.11.224.2" port: 56141 } } peers { permanent_uuid: "7f56a852ff774ae3bf4b2db3fdd9e794" member_type: VOTER last_known_addr { host: "127.11.224.3" port: 41734 } }
I0401 16:41:42.380537 14288 ts_tablet_manager.cc:1053] T f7b07c95350a4913ac25ac4e7fe1d56f P c8a139e6be04411cafa08fa475b4a949: Time spent bootstrapping tablet: real 0.021s user 0.002s sys 0.004s
I0401 16:41:42.380969 14286 ts_tablet_manager.cc:1081] T 265f9ab062db4a7993f0dec921bf7c89 P 3b217a135438461a92af851b0ff0e3b1: Time spent starting tablet: real 0.002s user 0.002s sys 0.000s
I0401 16:41:42.381201 14286 tablet_bootstrap.cc:439] T 13a6988475ce40e693996f0f56711a1a P 3b217a135438461a92af851b0ff0e3b1: Bootstrap starting.
I0401 16:41:42.382076 14288 raft_consensus.cc:340] T f7b07c95350a4913ac25ac4e7fe1d56f P c8a139e6be04411cafa08fa475b4a949 [term 0 FOLLOWER]: Replica starting. Triggering 0 pending transactions. Active config: opid_index: -1 OBSOLETE_local: false peers { permanent_uuid: "3b217a135438461a92af851b0ff0e3b1" member_type: VOTER last_known_addr { host: "127.11.224.1" port: 60190 } } peers { permanent_uuid: "c8a139e6be04411cafa08fa475b4a949" member_type: VOTER last_known_addr { host: "127.11.224.2" port: 56141 } } peers { permanent_uuid: "7f56a852ff774ae3bf4b2db3fdd9e794" member_type: VOTER last_known_addr { host: "127.11.224.3" port: 41734 } }
I0401 16:41:42.382270 14288 raft_consensus.cc:366] T f7b07c95350a4913ac25ac4e7fe1d56f P c8a139e6be04411cafa08fa475b4a949 [term 0 FOLLOWER]: Consensus starting up: Expiring failure detector timer to make a prompt election more likely
I0401 16:41:42.382325 14288 raft_consensus.cc:705] T f7b07c95350a4913ac25ac4e7fe1d56f P c8a139e6be04411cafa08fa475b4a949 [term 0 FOLLOWER]: Becoming Follower/Learner. State: Replica: c8a139e6be04411cafa08fa475b4a949, State: Initialized, Role: FOLLOWER
I0401 16:41:42.382585 14286 tablet_bootstrap.cc:590] T 13a6988475ce40e693996f0f56711a1a P 3b217a135438461a92af851b0ff0e3b1: No blocks or log segments found. Creating new log.
I0401 16:41:42.382666 14288 consensus_queue.cc:229] T f7b07c95350a4913ac25ac4e7fe1d56f P c8a139e6be04411cafa08fa475b4a949 [NON_LEADER]: Queue going to NON_LEADER mode. State: All replicated index: 0, Majority replicated index: 0, Committed index: 0, Last appended: 0.0, Last appended by leader: 0, Current term: 0, Majority size: -1, State: 0, Mode: NON_LEADER, active raft config: opid_index: -1 OBSOLETE_local: false peers { permanent_uuid: "3b217a135438461a92af851b0ff0e3b1" member_type: VOTER last_known_addr { host: "127.11.224.1" port: 60190 } } peers { permanent_uuid: "c8a139e6be04411cafa08fa475b4a949" member_type: VOTER last_known_addr { host: "127.11.224.2" port: 56141 } } peers { permanent_uuid: "7f56a852ff774ae3bf4b2db3fdd9e794" member_type: VOTER last_known_addr { host: "127.11.224.3" port: 41734 } }
I0401 16:41:42.383613 14288 ts_tablet_manager.cc:1081] T f7b07c95350a4913ac25ac4e7fe1d56f P c8a139e6be04411cafa08fa475b4a949: Time spent starting tablet: real 0.003s user 0.002s sys 0.000s
I0401 16:41:42.383852 14288 tablet_bootstrap.cc:439] T c436001f027647dfa8569052010729a6 P c8a139e6be04411cafa08fa475b4a949: Bootstrap starting.
