I0401 16:41:38.828794 13669 raft_consensus.cc:366] T d621d7353f94423ba39af452834b78d4 P 06f0213f87654957840d437566ac9c74 [term 0 FOLLOWER]: Consensus starting up: Expiring failure detector timer to make a prompt election more likely
I0401 16:41:38.828981 13669 raft_consensus.cc:705] T d621d7353f94423ba39af452834b78d4 P 06f0213f87654957840d437566ac9c74 [term 0 FOLLOWER]: Becoming Follower/Learner. State: Replica: 06f0213f87654957840d437566ac9c74, State: Initialized, Role: FOLLOWER
I0401 16:41:38.829514 13669 consensus_queue.cc:229] T d621d7353f94423ba39af452834b78d4 P 06f0213f87654957840d437566ac9c74 [NON_LEADER]: Queue going to NON_LEADER mode. State: All replicated index: 0, Majority replicated index: 0, Committed index: 0, Last appended: 0.0, Last appended by leader: 0, Current term: 0, Majority size: -1, State: 0, Mode: NON_LEADER, active raft config: opid_index: -1 OBSOLETE_local: false peers { permanent_uuid: "06f0213f87654957840d437566ac9c74" member_type: VOTER last_known_addr { host: "127.11.224.1" port: 44443 } } peers { permanent_uuid: "08c5d9e5b99c47b99a22fe631293c55c" member_type: VOTER last_known_addr { host: "127.11.224.2" port: 43295 } } peers { permanent_uuid: "23af318238484ef9a92eb95e6550dfcc" member_type: VOTER last_known_addr { host: "127.11.224.3" port: 38333 } }
I0401 16:41:38.830456 13671 tablet_bootstrap.cc:590] T 86f4a446b8dd4d9abb1d9214303842e3 P 08c5d9e5b99c47b99a22fe631293c55c: No blocks or log segments found. Creating new log.
I0401 16:41:38.830454 13670 tablet_bootstrap.cc:590] T 384e1ddffaff458485ef136a4df89922 P 23af318238484ef9a92eb95e6550dfcc: No blocks or log segments found. Creating new log.
I0401 16:41:38.831193 13669 ts_tablet_manager.cc:1081] T d621d7353f94423ba39af452834b78d4 P 06f0213f87654957840d437566ac9c74: Time spent starting tablet: real 0.007s user 0.000s sys 0.002s
I0401 16:41:38.833159 13669 tablet_bootstrap.cc:439] T 04f81e1b2f3e4f3f9d0b780d60d45c39 P 06f0213f87654957840d437566ac9c74: Bootstrap starting.
I0401 16:41:38.837204 13671 tablet_bootstrap.cc:439] T 86f4a446b8dd4d9abb1d9214303842e3 P 08c5d9e5b99c47b99a22fe631293c55c: No bootstrap required, opened a new log
I0401 16:41:38.837574 13669 tablet_bootstrap.cc:590] T 04f81e1b2f3e4f3f9d0b780d60d45c39 P 06f0213f87654957840d437566ac9c74: No blocks or log segments found. Creating new log.
I0401 16:41:38.837572 13671 ts_tablet_manager.cc:1053] T 86f4a446b8dd4d9abb1d9214303842e3 P 08c5d9e5b99c47b99a22fe631293c55c: Time spent bootstrapping tablet: real 0.010s user 0.001s sys 0.004s
I0401 16:41:38.839933 13670 tablet_bootstrap.cc:439] T 384e1ddffaff458485ef136a4df89922 P 23af318238484ef9a92eb95e6550dfcc: No bootstrap required, opened a new log
I0401 16:41:38.840653 13670 ts_tablet_manager.cc:1053] T 384e1ddffaff458485ef136a4df89922 P 23af318238484ef9a92eb95e6550dfcc: Time spent bootstrapping tablet: real 0.019s user 0.001s sys 0.004s
I0401 16:41:38.840407 13671 raft_consensus.cc:340] T 86f4a446b8dd4d9abb1d9214303842e3 P 08c5d9e5b99c47b99a22fe631293c55c [term 0 FOLLOWER]: Replica starting. Triggering 0 pending transactions. Active config: opid_index: -1 OBSOLETE_local: false peers { permanent_uuid: "06f0213f87654957840d437566ac9c74" member_type: VOTER last_known_addr { host: "127.11.224.1" port: 44443 } } peers { permanent_uuid: "08c5d9e5b99c47b99a22fe631293c55c" member_type: VOTER last_known_addr { host: "127.11.224.2" port: 43295 } } peers { permanent_uuid: "23af318238484ef9a92eb95e6550dfcc" member_type: VOTER last_known_addr { host: "127.11.224.3" port: 38333 } }
I0401 16:41:38.841121 13671 raft_consensus.cc:366] T 86f4a446b8dd4d9abb1d9214303842e3 P 08c5d9e5b99c47b99a22fe631293c55c [term 0 FOLLOWER]: Consensus starting up: Expiring failure detector timer to make a prompt election more likely
I0401 16:41:38.841274 13671 raft_consensus.cc:705] T 86f4a446b8dd4d9abb1d9214303842e3 P 08c5d9e5b99c47b99a22fe631293c55c [term 0 FOLLOWER]: Becoming Follower/Learner. State: Replica: 08c5d9e5b99c47b99a22fe631293c55c, State: Initialized, Role: FOLLOWER
I0401 16:41:38.841915 13671 consensus_queue.cc:229] T 86f4a446b8dd4d9abb1d9214303842e3 P 08c5d9e5b99c47b99a22fe631293c55c [NON_LEADER]: Queue going to NON_LEADER mode. State: All replicated index: 0, Majority replicated index: 0, Committed index: 0, Last appended: 0.0, Last appended by leader: 0, Current term: 0, Majority size: -1, State: 0, Mode: NON_LEADER, active raft config: opid_index: -1 OBSOLETE_local: false peers { permanent_uuid: "06f0213f87654957840d437566ac9c74" member_type: VOTER last_known_addr { host: "127.11.224.1" port: 44443 } } peers { permanent_uuid: "08c5d9e5b99c47b99a22fe631293c55c" member_type: VOTER last_known_addr { host: "127.11.224.2" port: 43295 } } peers { permanent_uuid: "23af318238484ef9a92eb95e6550dfcc" member_type: VOTER last_known_addr { host: "127.11.224.3" port: 38333 } }
I0401 16:41:38.842191 13670 raft_consensus.cc:340] T 384e1ddffaff458485ef136a4df89922 P 23af318238484ef9a92eb95e6550dfcc [term 0 FOLLOWER]: Replica starting. Triggering 0 pending transactions. Active config: opid_index: -1 OBSOLETE_local: false peers { permanent_uuid: "06f0213f87654957840d437566ac9c74" member_type: VOTER last_known_addr { host: "127.11.224.1" port: 44443 } } peers { permanent_uuid: "23af318238484ef9a92eb95e6550dfcc" member_type: VOTER last_known_addr { host: "127.11.224.3" port: 38333 } } peers { permanent_uuid: "08c5d9e5b99c47b99a22fe631293c55c" member_type: VOTER last_known_addr { host: "127.11.224.2" port: 43295 } }
I0401 16:41:38.843041 13671 ts_tablet_manager.cc:1081] T 86f4a446b8dd4d9abb1d9214303842e3 P 08c5d9e5b99c47b99a22fe631293c55c: Time spent starting tablet: real 0.005s user 0.001s sys 0.002s
I0401 16:41:38.844337 13671 tablet_bootstrap.cc:439] T 55a20d481298439c9464da6bd6a35dee P 08c5d9e5b99c47b99a22fe631293c55c: Bootstrap starting.
I0401 16:41:38.844601 13670 raft_consensus.cc:366] T 384e1ddffaff458485ef136a4df89922 P 23af318238484ef9a92eb95e6550dfcc [term 0 FOLLOWER]: Consensus starting up: Expiring failure detector timer to make a prompt election more likely
I0401 16:41:38.845134 13670 raft_consensus.cc:705] T 384e1ddffaff458485ef136a4df89922 P 23af318238484ef9a92eb95e6550dfcc [term 0 FOLLOWER]: Becoming Follower/Learner. State: Replica: 23af318238484ef9a92eb95e6550dfcc, State: Initialized, Role: FOLLOWER
I0401 16:41:38.845882 13670 consensus_queue.cc:229] T 384e1ddffaff458485ef136a4df89922 P 23af318238484ef9a92eb95e6550dfcc [NON_LEADER]: Queue going to NON_LEADER mode. State: All replicated index: 0, Majority replicated index: 0, Committed index: 0, Last appended: 0.0, Last appended by leader: 0, Current term: 0, Majority size: -1, State: 0, Mode: NON_LEADER, active raft config: opid_index: -1 OBSOLETE_local: false peers { permanent_uuid: "06f0213f87654957840d437566ac9c74" member_type: VOTER last_known_addr { host: "127.11.224.1" port: 44443 } } peers { permanent_uuid: "23af318238484ef9a92eb95e6550dfcc" member_type: VOTER last_known_addr { host: "127.11.224.3" port: 38333 } } peers { permanent_uuid: "08c5d9e5b99c47b99a22fe631293c55c" member_type: VOTER last_known_addr { host: "127.11.224.2" port: 43295 } }
I0401 16:41:38.847488 13669 tablet_bootstrap.cc:439] T 04f81e1b2f3e4f3f9d0b780d60d45c39 P 06f0213f87654957840d437566ac9c74: No bootstrap required, opened a new log
I0401 16:41:38.847723 13669 ts_tablet_manager.cc:1053] T 04f81e1b2f3e4f3f9d0b780d60d45c39 P 06f0213f87654957840d437566ac9c74: Time spent bootstrapping tablet: real 0.016s user 0.004s sys 0.004s
I0401 16:41:38.848940 13671 tablet_bootstrap.cc:590] T 55a20d481298439c9464da6bd6a35dee P 08c5d9e5b99c47b99a22fe631293c55c: No blocks or log segments found. Creating new log.
I0401 16:41:38.850095 13670 ts_tablet_manager.cc:1081] T 384e1ddffaff458485ef136a4df89922 P 23af318238484ef9a92eb95e6550dfcc: Time spent starting tablet: real 0.008s user 0.001s sys 0.002s
I0401 16:41:38.850369 13670 tablet_bootstrap.cc:439] T 28edfa2828274f5d894d568f23c58db8 P 23af318238484ef9a92eb95e6550dfcc: Bootstrap starting.
I0401 16:41:38.851675 13669 raft_consensus.cc:340] T 04f81e1b2f3e4f3f9d0b780d60d45c39 P 06f0213f87654957840d437566ac9c74 [term 0 FOLLOWER]: Replica starting. Triggering 0 pending transactions. Active config: opid_index: -1 OBSOLETE_local: false peers { permanent_uuid: "06f0213f87654957840d437566ac9c74" member_type: VOTER last_known_addr { host: "127.11.224.1" port: 44443 } } peers { permanent_uuid: "08c5d9e5b99c47b99a22fe631293c55c" member_type: VOTER last_known_addr { host: "127.11.224.2" port: 43295 } } peers { permanent_uuid: "23af318238484ef9a92eb95e6550dfcc" member_type: VOTER last_known_addr { host: "127.11.224.3" port: 38333 } }
I0401 16:41:38.852471 13669 raft_consensus.cc:366] T 04f81e1b2f3e4f3f9d0b780d60d45c39 P 06f0213f87654957840d437566ac9c74 [term 0 FOLLOWER]: Consensus starting up: Expiring failure detector timer to make a prompt election more likely
I0401 16:41:38.852705 13669 raft_consensus.cc:705] T 04f81e1b2f3e4f3f9d0b780d60d45c39 P 06f0213f87654957840d437566ac9c74 [term 0 FOLLOWER]: Becoming Follower/Learner. State: Replica: 06f0213f87654957840d437566ac9c74, State: Initialized, Role: FOLLOWER
I0401 16:41:38.853075 13669 consensus_queue.cc:229] T 04f81e1b2f3e4f3f9d0b780d60d45c39 P 06f0213f87654957840d437566ac9c74 [NON_LEADER]: Queue going to NON_LEADER mode. State: All replicated index: 0, Majority replicated index: 0, Committed index: 0, Last appended: 0.0, Last appended by leader: 0, Current term: 0, Majority size: -1, State: 0, Mode: NON_LEADER, active raft config: opid_index: -1 OBSOLETE_local: false peers { permanent_uuid: "06f0213f87654957840d437566ac9c74" member_type: VOTER last_known_addr { host: "127.11.224.1" port: 44443 } } peers { permanent_uuid: "08c5d9e5b99c47b99a22fe631293c55c" member_type: VOTER last_known_addr { host: "127.11.224.2" port: 43295 } } peers { permanent_uuid: "23af318238484ef9a92eb95e6550dfcc" member_type: VOTER last_known_addr { host: "127.11.224.3" port: 38333 } }
I0401 16:41:38.853366 13670 tablet_bootstrap.cc:590] T 28edfa2828274f5d894d568f23c58db8 P 23af318238484ef9a92eb95e6550dfcc: No blocks or log segments found. Creating new log.
I0401 16:41:38.853902 13669 ts_tablet_manager.cc:1081] T 04f81e1b2f3e4f3f9d0b780d60d45c39 P 06f0213f87654957840d437566ac9c74: Time spent starting tablet: real 0.006s user 0.001s sys 0.001s
I0401 16:41:38.854245 13669 tablet_bootstrap.cc:439] T 55a20d481298439c9464da6bd6a35dee P 06f0213f87654957840d437566ac9c74: Bootstrap starting.
I0401 16:41:38.855365 13671 tablet_bootstrap.cc:439] T 55a20d481298439c9464da6bd6a35dee P 08c5d9e5b99c47b99a22fe631293c55c: No bootstrap required, opened a new log
I0401 16:41:38.855631 13671 ts_tablet_manager.cc:1053] T 55a20d481298439c9464da6bd6a35dee P 08c5d9e5b99c47b99a22fe631293c55c: Time spent bootstrapping tablet: real 0.011s user 0.001s sys 0.004s
I0401 16:41:38.857189 13671 raft_consensus.cc:340] T 55a20d481298439c9464da6bd6a35dee P 08c5d9e5b99c47b99a22fe631293c55c [term 0 FOLLOWER]: Replica starting. Triggering 0 pending transactions. Active config: opid_index: -1 OBSOLETE_local: false peers { permanent_uuid: "08c5d9e5b99c47b99a22fe631293c55c" member_type: VOTER last_known_addr { host: "127.11.224.2" port: 43295 } } peers { permanent_uuid: "06f0213f87654957840d437566ac9c74" member_type: VOTER last_known_addr { host: "127.11.224.1" port: 44443 } } peers { permanent_uuid: "23af318238484ef9a92eb95e6550dfcc" member_type: VOTER last_known_addr { host: "127.11.224.3" port: 38333 } }
I0401 16:41:38.857342 13671 raft_consensus.cc:366] T 55a20d481298439c9464da6bd6a35dee P 08c5d9e5b99c47b99a22fe631293c55c [term 0 FOLLOWER]: Consensus starting up: Expiring failure detector timer to make a prompt election more likely
I0401 16:41:38.857400 13671 raft_consensus.cc:705] T 55a20d481298439c9464da6bd6a35dee P 08c5d9e5b99c47b99a22fe631293c55c [term 0 FOLLOWER]: Becoming Follower/Learner. State: Replica: 08c5d9e5b99c47b99a22fe631293c55c, State: Initialized, Role: FOLLOWER
I0401 16:41:38.857586 13671 consensus_queue.cc:229] T 55a20d481298439c9464da6bd6a35dee P 08c5d9e5b99c47b99a22fe631293c55c [NON_LEADER]: Queue going to NON_LEADER mode. State: All replicated index: 0, Majority replicated index: 0, Committed index: 0, Last appended: 0.0, Last appended by leader: 0, Current term: 0, Majority size: -1, State: 0, Mode: NON_LEADER, active raft config: opid_index: -1 OBSOLETE_local: false peers { permanent_uuid: "08c5d9e5b99c47b99a22fe631293c55c" member_type: VOTER last_known_addr { host: "127.11.224.2" port: 43295 } } peers { permanent_uuid: "06f0213f87654957840d437566ac9c74" member_type: VOTER last_known_addr { host: "127.11.224.1" port: 44443 } } peers { permanent_uuid: "23af318238484ef9a92eb95e6550dfcc" member_type: VOTER last_known_addr { host: "127.11.224.3" port: 38333 } }
I0401 16:41:38.861028 13671 ts_tablet_manager.cc:1081] T 55a20d481298439c9464da6bd6a35dee P 08c5d9e5b99c47b99a22fe631293c55c: Time spent starting tablet: real 0.004s user 0.001s sys 0.001s
I0401 16:41:38.862463 13679 raft_consensus.cc:472] T 384e1ddffaff458485ef136a4df89922 P 08c5d9e5b99c47b99a22fe631293c55c [term 0 FOLLOWER]: Starting pre-election (no leader contacted us within the election timeout)
I0401 16:41:38.863440 13671 tablet_bootstrap.cc:439] T 96dfd007ed1d43b5baae5e46cf2ba91a P 08c5d9e5b99c47b99a22fe631293c55c: Bootstrap starting.
I0401 16:41:38.863430 13679 raft_consensus.cc:494] T 384e1ddffaff458485ef136a4df89922 P 08c5d9e5b99c47b99a22fe631293c55c [term 0 FOLLOWER]: Starting pre-election with config: opid_index: -1 OBSOLETE_local: false peers { permanent_uuid: "06f0213f87654957840d437566ac9c74" member_type: VOTER last_known_addr { host: "127.11.224.1" port: 44443 } } peers { permanent_uuid: "23af318238484ef9a92eb95e6550dfcc" member_type: VOTER last_known_addr { host: "127.11.224.3" port: 38333 } } peers { permanent_uuid: "08c5d9e5b99c47b99a22fe631293c55c" member_type: VOTER last_known_addr { host: "127.11.224.2" port: 43295 } }
I0401 16:41:38.864617 13679 leader_election.cc:296] T 384e1ddffaff458485ef136a4df89922 P 08c5d9e5b99c47b99a22fe631293c55c [CANDIDATE]: Term 1 pre-election: Requested pre-vote from peers 06f0213f87654957840d437566ac9c74 (127.11.224.1:44443), 23af318238484ef9a92eb95e6550dfcc (127.11.224.3:38333)
I0401 16:41:38.866294 13674 raft_consensus.cc:472] T 384e1ddffaff458485ef136a4df89922 P 23af318238484ef9a92eb95e6550dfcc [term 0 FOLLOWER]: Starting pre-election (no leader contacted us within the election timeout)
I0401 16:41:38.866744 13674 raft_consensus.cc:494] T 384e1ddffaff458485ef136a4df89922 P 23af318238484ef9a92eb95e6550dfcc [term 0 FOLLOWER]: Starting pre-election with config: opid_index: -1 OBSOLETE_local: false peers { permanent_uuid: "06f0213f87654957840d437566ac9c74" member_type: VOTER last_known_addr { host: "127.11.224.1" port: 44443 } } peers { permanent_uuid: "23af318238484ef9a92eb95e6550dfcc" member_type: VOTER last_known_addr { host: "127.11.224.3" port: 38333 } } peers { permanent_uuid: "08c5d9e5b99c47b99a22fe631293c55c" member_type: VOTER last_known_addr { host: "127.11.224.2" port: 43295 } }
I0401 16:41:38.865871 13669 tablet_bootstrap.cc:590] T 55a20d481298439c9464da6bd6a35dee P 06f0213f87654957840d437566ac9c74: No blocks or log segments found. Creating new log.
I0401 16:41:38.868973 13674 leader_election.cc:296] T 384e1ddffaff458485ef136a4df89922 P 23af318238484ef9a92eb95e6550dfcc [CANDIDATE]: Term 1 pre-election: Requested pre-vote from peers 06f0213f87654957840d437566ac9c74 (127.11.224.1:44443), 08c5d9e5b99c47b99a22fe631293c55c (127.11.224.2:43295)
I0401 16:41:38.880419 13670 tablet_bootstrap.cc:439] T 28edfa2828274f5d894d568f23c58db8 P 23af318238484ef9a92eb95e6550dfcc: No bootstrap required, opened a new log
I0401 16:41:38.881054 13670 ts_tablet_manager.cc:1053] T 28edfa2828274f5d894d568f23c58db8 P 23af318238484ef9a92eb95e6550dfcc: Time spent bootstrapping tablet: real 0.030s user 0.004s sys 0.006s
I0401 16:41:38.882833 13671 tablet_bootstrap.cc:590] T 96dfd007ed1d43b5baae5e46cf2ba91a P 08c5d9e5b99c47b99a22fe631293c55c: No blocks or log segments found. Creating new log.
I0401 16:41:38.887727 13626 tablet_service.cc:1276] Received RequestConsensusVote() RPC: tablet_id: "384e1ddffaff458485ef136a4df89922" candidate_uuid: "08c5d9e5b99c47b99a22fe631293c55c" candidate_term: 1 candidate_status { last_received { term: 0 index: 0 } } ignore_live_leader: false dest_uuid: "23af318238484ef9a92eb95e6550dfcc" is_pre_election: true
I0401 16:41:38.889529 13626 raft_consensus.cc:2346] T 384e1ddffaff458485ef136a4df89922 P 23af318238484ef9a92eb95e6550dfcc [term 0 FOLLOWER]: Leader pre-election vote request: Granting yes vote for candidate 08c5d9e5b99c47b99a22fe631293c55c in term 0.
I0401 16:41:38.889894 13547 tablet_service.cc:1276] Received RequestConsensusVote() RPC: tablet_id: "384e1ddffaff458485ef136a4df89922" candidate_uuid: "23af318238484ef9a92eb95e6550dfcc" candidate_term: 1 candidate_status { last_received { term: 0 index: 0 } } ignore_live_leader: false dest_uuid: "08c5d9e5b99c47b99a22fe631293c55c" is_pre_election: true
I0401 16:41:38.891338 13507 leader_election.cc:310] T 384e1ddffaff458485ef136a4df89922 P 08c5d9e5b99c47b99a22fe631293c55c [CANDIDATE]: Term 1 pre-election: Election decided. Result: candidate won. Election summary: received 2 responses out of 3 voters: 2 yes votes; 0 no votes. yes voters: 08c5d9e5b99c47b99a22fe631293c55c, 23af318238484ef9a92eb95e6550dfcc; no voters:
I0401 16:41:38.888129 13670 raft_consensus.cc:340] T 28edfa2828274f5d894d568f23c58db8 P 23af318238484ef9a92eb95e6550dfcc [term 0 FOLLOWER]: Replica starting. Triggering 0 pending transactions. Active config: opid_index: -1 OBSOLETE_local: false peers { permanent_uuid: "06f0213f87654957840d437566ac9c74" member_type: VOTER last_known_addr { host: "127.11.224.1" port: 44443 } } peers { permanent_uuid: "08c5d9e5b99c47b99a22fe631293c55c" member_type: VOTER last_known_addr { host: "127.11.224.2" port: 43295 } } peers { permanent_uuid: "23af318238484ef9a92eb95e6550dfcc" member_type: VOTER last_known_addr { host: "127.11.224.3" port: 38333 } }
I0401 16:41:38.890627 13473 tablet_service.cc:1276] Received RequestConsensusVote() RPC: tablet_id: "384e1ddffaff458485ef136a4df89922" candidate_uuid: "08c5d9e5b99c47b99a22fe631293c55c" candidate_term: 1 candidate_status { last_received { term: 0 index: 0 } } ignore_live_leader: false dest_uuid: "06f0213f87654957840d437566ac9c74" is_pre_election: true
I0401 16:41:38.892401 13547 raft_consensus.cc:2346] T 384e1ddffaff458485ef136a4df89922 P 08c5d9e5b99c47b99a22fe631293c55c [term 0 FOLLOWER]: Leader pre-election vote request: Granting yes vote for candidate 23af318238484ef9a92eb95e6550dfcc in term 0.
I0401 16:41:38.893605 13670 raft_consensus.cc:366] T 28edfa2828274f5d894d568f23c58db8 P 23af318238484ef9a92eb95e6550dfcc [term 0 FOLLOWER]: Consensus starting up: Expiring failure detector timer to make a prompt election more likely
I0401 16:41:38.894127 13679 raft_consensus.cc:2640] T 384e1ddffaff458485ef136a4df89922 P 08c5d9e5b99c47b99a22fe631293c55c [term 0 FOLLOWER]: Leader pre-election won for term 1
W0401 16:41:38.894186 13505 leader_election.cc:348] T 384e1ddffaff458485ef136a4df89922 P 08c5d9e5b99c47b99a22fe631293c55c [CANDIDATE]: Term 1 pre-election: Tablet error from VoteRequest() call to peer 06f0213f87654957840d437566ac9c74 (127.11.224.1:44443): Illegal state: must be running to vote when last-logged opid is not known
I0401 16:41:38.894896 13679 raft_consensus.cc:472] T 384e1ddffaff458485ef136a4df89922 P 08c5d9e5b99c47b99a22fe631293c55c [term 0 FOLLOWER]: Starting leader election (no leader contacted us within the election timeout)
I0401 16:41:38.895020 13679 raft_consensus.cc:2886] T 384e1ddffaff458485ef136a4df89922 P 08c5d9e5b99c47b99a22fe631293c55c [term 0 FOLLOWER]: Advancing to term 1
I0401 16:41:38.895298 13670 raft_consensus.cc:705] T 28edfa2828274f5d894d568f23c58db8 P 23af318238484ef9a92eb95e6550dfcc [term 0 FOLLOWER]: Becoming Follower/Learner. State: Replica: 23af318238484ef9a92eb95e6550dfcc, State: Initialized, Role: FOLLOWER
I0401 16:41:38.895537 13590 leader_election.cc:310] T 384e1ddffaff458485ef136a4df89922 P 23af318238484ef9a92eb95e6550dfcc [CANDIDATE]: Term 1 pre-election: Election decided. Result: candidate won. Election summary: received 2 responses out of 3 voters: 2 yes votes; 0 no votes. yes voters: 08c5d9e5b99c47b99a22fe631293c55c, 23af318238484ef9a92eb95e6550dfcc; no voters:
I0401 16:41:38.895596 13670 consensus_queue.cc:229] T 28edfa2828274f5d894d568f23c58db8 P 23af318238484ef9a92eb95e6550dfcc [NON_LEADER]: Queue going to NON_LEADER mode. State: All replicated index: 0, Majority replicated index: 0, Committed index: 0, Last appended: 0.0, Last appended by leader: 0, Current term: 0, Majority size: -1, State: 0, Mode: NON_LEADER, active raft config: opid_index: -1 OBSOLETE_local: false peers { permanent_uuid: "06f0213f87654957840d437566ac9c74" member_type: VOTER last_known_addr { host: "127.11.224.1" port: 44443 } } peers { permanent_uuid: "08c5d9e5b99c47b99a22fe631293c55c" member_type: VOTER last_known_addr { host: "127.11.224.2" port: 43295 } } peers { permanent_uuid: "23af318238484ef9a92eb95e6550dfcc" member_type: VOTER last_known_addr { host: "127.11.224.3" port: 38333 } }
I0401 16:41:38.895925 13674 raft_consensus.cc:2640] T 384e1ddffaff458485ef136a4df89922 P 23af318238484ef9a92eb95e6550dfcc [term 0 FOLLOWER]: Leader pre-election won for term 1
I0401 16:41:38.896574 13674 raft_consensus.cc:472] T 384e1ddffaff458485ef136a4df89922 P 23af318238484ef9a92eb95e6550dfcc [term 0 FOLLOWER]: Starting leader election (no leader contacted us within the election timeout)
I0401 16:41:38.896721 13674 raft_consensus.cc:2886] T 384e1ddffaff458485ef136a4df89922 P 23af318238484ef9a92eb95e6550dfcc [term 0 FOLLOWER]: Advancing to term 1
I0401 16:41:38.903467 13669 tablet_bootstrap.cc:439] T 55a20d481298439c9464da6bd6a35dee P 06f0213f87654957840d437566ac9c74: No bootstrap required, opened a new log
I0401 16:41:38.903654 13473 tablet_service.cc:1276] Received RequestConsensusVote() RPC: tablet_id: "384e1ddffaff458485ef136a4df89922" candidate_uuid: "23af318238484ef9a92eb95e6550dfcc" candidate_term: 1 candidate_status { last_received { term: 0 index: 0 } } ignore_live_leader: false dest_uuid: "06f0213f87654957840d437566ac9c74" is_pre_election: true
I0401 16:41:38.905745 13669 ts_tablet_manager.cc:1053] T 55a20d481298439c9464da6bd6a35dee P 06f0213f87654957840d437566ac9c74: Time spent bootstrapping tablet: real 0.050s user 0.002s sys 0.010s
W0401 16:41:38.907562 13587 leader_election.cc:348] T 384e1ddffaff458485ef136a4df89922 P 23af318238484ef9a92eb95e6550dfcc [CANDIDATE]: Term 1 pre-election: Tablet error from VoteRequest() call to peer 06f0213f87654957840d437566ac9c74 (127.11.224.1:44443): Illegal state: must be running to vote when last-logged opid is not known
I0401 16:41:38.907341 13674 raft_consensus.cc:494] T 384e1ddffaff458485ef136a4df89922 P 23af318238484ef9a92eb95e6550dfcc [term 1 FOLLOWER]: Starting leader election with config: opid_index: -1 OBSOLETE_local: false peers { permanent_uuid: "06f0213f87654957840d437566ac9c74" member_type: VOTER last_known_addr { host: "127.11.224.1" port: 44443 } } peers { permanent_uuid: "23af318238484ef9a92eb95e6550dfcc" member_type: VOTER last_known_addr { host: "127.11.224.3" port: 38333 } } peers { permanent_uuid: "08c5d9e5b99c47b99a22fe631293c55c" member_type: VOTER last_known_addr { host: "127.11.224.2" port: 43295 } }
I0401 16:41:38.910223 13669 raft_consensus.cc:340] T 55a20d481298439c9464da6bd6a35dee P 06f0213f87654957840d437566ac9c74 [term 0 FOLLOWER]: Replica starting. Triggering 0 pending transactions. Active config: opid_index: -1 OBSOLETE_local: false peers { permanent_uuid: "08c5d9e5b99c47b99a22fe631293c55c" member_type: VOTER last_known_addr { host: "127.11.224.2" port: 43295 } } peers { permanent_uuid: "06f0213f87654957840d437566ac9c74" member_type: VOTER last_known_addr { host: "127.11.224.1" port: 44443 } } peers { permanent_uuid: "23af318238484ef9a92eb95e6550dfcc" member_type: VOTER last_known_addr { host: "127.11.224.3" port: 38333 } }
I0401 16:41:38.910905 13473 tablet_service.cc:1276] Received RequestConsensusVote() RPC: tablet_id: "384e1ddffaff458485ef136a4df89922" candidate_uuid: "23af318238484ef9a92eb95e6550dfcc" candidate_term: 1 candidate_status { last_received { term: 0 index: 0 } } ignore_live_leader: false dest_uuid: "06f0213f87654957840d437566ac9c74"
I0401 16:41:38.909938 13679 raft_consensus.cc:494] T 384e1ddffaff458485ef136a4df89922 P 08c5d9e5b99c47b99a22fe631293c55c [term 1 FOLLOWER]: Starting leader election with config: opid_index: -1 OBSOLETE_local: false peers { permanent_uuid: "06f0213f87654957840d437566ac9c74" member_type: VOTER last_known_addr { host: "127.11.224.1" port: 44443 } } peers { permanent_uuid: "23af318238484ef9a92eb95e6550dfcc" member_type: VOTER last_known_addr { host: "127.11.224.3" port: 38333 } } peers { permanent_uuid: "08c5d9e5b99c47b99a22fe631293c55c" member_type: VOTER last_known_addr { host: "127.11.224.2" port: 43295 } }
I0401 16:41:38.911639 13547 tablet_service.cc:1276] Received RequestConsensusVote() RPC: tablet_id: "384e1ddffaff458485ef136a4df89922" candidate_uuid: "23af318238484ef9a92eb95e6550dfcc" candidate_term: 1 candidate_status { last_received { term: 0 index: 0 } } ignore_live_leader: false dest_uuid: "08c5d9e5b99c47b99a22fe631293c55c"
W0401 16:41:38.912662 13587 leader_election.cc:348] T 384e1ddffaff458485ef136a4df89922 P 23af318238484ef9a92eb95e6550dfcc [CANDIDATE]: Term 1 election: Tablet error from VoteRequest() call to peer 06f0213f87654957840d437566ac9c74 (127.11.224.1:44443): Illegal state: must be running to vote when last-logged opid is not known
I0401 16:41:38.912766 13669 raft_consensus.cc:366] T 55a20d481298439c9464da6bd6a35dee P 06f0213f87654957840d437566ac9c74 [term 0 FOLLOWER]: Consensus starting up: Expiring failure detector timer to make a prompt election more likely
I0401 16:41:38.912900 13669 raft_consensus.cc:705] T 55a20d481298439c9464da6bd6a35dee P 06f0213f87654957840d437566ac9c74 [term 0 FOLLOWER]: Becoming Follower/Learner. State: Replica: 06f0213f87654957840d437566ac9c74, State: Initialized, Role: FOLLOWER
I0401 16:41:38.913267 13674 leader_election.cc:296] T 384e1ddffaff458485ef136a4df89922 P 23af318238484ef9a92eb95e6550dfcc [CANDIDATE]: Term 1 election: Requested vote from peers 06f0213f87654957840d437566ac9c74 (127.11.224.1:44443), 08c5d9e5b99c47b99a22fe631293c55c (127.11.224.2:43295)
I0401 16:41:38.915392 13669 consensus_queue.cc:229] T 55a20d481298439c9464da6bd6a35dee P 06f0213f87654957840d437566ac9c74 [NON_LEADER]: Queue going to NON_LEADER mode. State: All replicated index: 0, Majority replicated index: 0, Committed index: 0, Last appended: 0.0, Last appended by leader: 0, Current term: 0, Majority size: -1, State: 0, Mode: NON_LEADER, active raft config: opid_index: -1 OBSOLETE_local: false peers { permanent_uuid: "08c5d9e5b99c47b99a22fe631293c55c" member_type: VOTER last_known_addr { host: "127.11.224.2" port: 43295 } } peers { permanent_uuid: "06f0213f87654957840d437566ac9c74" member_type: VOTER last_known_addr { host: "127.11.224.1" port: 44443 } } peers { permanent_uuid: "23af318238484ef9a92eb95e6550dfcc" member_type: VOTER last_known_addr { host: "127.11.224.3" port: 38333 } }
I0401 16:41:38.916127 13669 ts_tablet_manager.cc:1081] T 55a20d481298439c9464da6bd6a35dee P 06f0213f87654957840d437566ac9c74: Time spent starting tablet: real 0.010s user 0.003s sys 0.000s
I0401 16:41:38.916424 13547 raft_consensus.cc:2276] T 384e1ddffaff458485ef136a4df89922 P 08c5d9e5b99c47b99a22fe631293c55c [term 1 FOLLOWER]: Leader election vote request: Denying vote to candidate 23af318238484ef9a92eb95e6550dfcc in current term 1: Already voted for candidate 08c5d9e5b99c47b99a22fe631293c55c in this term.
I0401 16:41:38.919247 13590 leader_election.cc:310] T 384e1ddffaff458485ef136a4df89922 P 23af318238484ef9a92eb95e6550dfcc [CANDIDATE]: Term 1 election: Election decided. Result: candidate lost. Election summary: received 3 responses out of 3 voters: 1 yes votes; 2 no votes. yes voters: 23af318238484ef9a92eb95e6550dfcc; no voters: 06f0213f87654957840d437566ac9c74, 08c5d9e5b99c47b99a22fe631293c55c
I0401 16:41:38.919535 13671 tablet_bootstrap.cc:439] T 96dfd007ed1d43b5baae5e46cf2ba91a P 08c5d9e5b99c47b99a22fe631293c55c: No bootstrap required, opened a new log
I0401 16:41:38.920409 13669 tablet_bootstrap.cc:439] T 37932eedad8b4cc0976a2646090f84b3 P 06f0213f87654957840d437566ac9c74: Bootstrap starting.
I0401 16:41:38.921440 13670 ts_tablet_manager.cc:1081] T 28edfa2828274f5d894d568f23c58db8 P 23af318238484ef9a92eb95e6550dfcc: Time spent starting tablet: real 0.037s user 0.002s sys 0.009s
I0401 16:41:38.921640 13689 raft_consensus.cc:472] T 55a20d481298439c9464da6bd6a35dee P 08c5d9e5b99c47b99a22fe631293c55c [term 0 FOLLOWER]: Starting pre-election (no leader contacted us within the election timeout)
I0401 16:41:38.921757 13626 tablet_service.cc:1276] Received RequestConsensusVote() RPC: tablet_id: "384e1ddffaff458485ef136a4df89922" candidate_uuid: "08c5d9e5b99c47b99a22fe631293c55c" candidate_term: 1 candidate_status { last_received { term: 0 index: 0 } } ignore_live_leader: false dest_uuid: "23af318238484ef9a92eb95e6550dfcc"
I0401 16:41:38.921753 13473 tablet_service.cc:1276] Received RequestConsensusVote() RPC: tablet_id: "384e1ddffaff458485ef136a4df89922" candidate_uuid: "08c5d9e5b99c47b99a22fe631293c55c" candidate_term: 1 candidate_status { last_received { term: 0 index: 0 } } ignore_live_leader: false dest_uuid: "06f0213f87654957840d437566ac9c74"
I0401 16:41:38.922262 13671 ts_tablet_manager.cc:1053] T 96dfd007ed1d43b5baae5e46cf2ba91a P 08c5d9e5b99c47b99a22fe631293c55c: Time spent bootstrapping tablet: real 0.059s user 0.002s sys 0.019s
W0401 16:41:38.922376 13505 leader_election.cc:348] T 384e1ddffaff458485ef136a4df89922 P 08c5d9e5b99c47b99a22fe631293c55c [CANDIDATE]: Term 1 election: Tablet error from VoteRequest() call to peer 06f0213f87654957840d437566ac9c74 (127.11.224.1:44443): Illegal state: must be running to vote when last-logged opid is not known
I0401 16:41:38.922011 13689 raft_consensus.cc:494] T 55a20d481298439c9464da6bd6a35dee P 08c5d9e5b99c47b99a22fe631293c55c [term 0 FOLLOWER]: Starting pre-election with config: opid_index: -1 OBSOLETE_local: false peers { permanent_uuid: "08c5d9e5b99c47b99a22fe631293c55c" member_type: VOTER last_known_addr { host: "127.11.224.2" port: 43295 } } peers { permanent_uuid: "06f0213f87654957840d437566ac9c74" member_type: VOTER last_known_addr { host: "127.11.224.1" port: 44443 } } peers { permanent_uuid: "23af318238484ef9a92eb95e6550dfcc" member_type: VOTER last_known_addr { host: "127.11.224.3" port: 38333 } }
I0401 16:41:38.923215 13687 raft_consensus.cc:2588] T 384e1ddffaff458485ef136a4df89922 P 23af318238484ef9a92eb95e6550dfcc [term 1 FOLLOWER]: Leader election lost for term 1. Reason: could not achieve majority
I0401 16:41:38.923461 13626 raft_consensus.cc:2276] T 384e1ddffaff458485ef136a4df89922 P 23af318238484ef9a92eb95e6550dfcc [term 1 FOLLOWER]: Leader election vote request: Denying vote to candidate 08c5d9e5b99c47b99a22fe631293c55c in current term 1: Already voted for candidate 23af318238484ef9a92eb95e6550dfcc in this term.
I0401 16:41:38.923774 13679 leader_election.cc:296] T 384e1ddffaff458485ef136a4df89922 P 08c5d9e5b99c47b99a22fe631293c55c [CANDIDATE]: Term 1 election: Requested vote from peers 06f0213f87654957840d437566ac9c74 (127.11.224.1:44443), 23af318238484ef9a92eb95e6550dfcc (127.11.224.3:38333)
I0401 16:41:38.924573 13507 leader_election.cc:310] T 384e1ddffaff458485ef136a4df89922 P 08c5d9e5b99c47b99a22fe631293c55c [CANDIDATE]: Term 1 election: Election decided. Result: candidate lost. Election summary: received 3 responses out of 3 voters: 1 yes votes; 2 no votes. yes voters: 08c5d9e5b99c47b99a22fe631293c55c; no voters: 06f0213f87654957840d437566ac9c74, 23af318238484ef9a92eb95e6550dfcc
I0401 16:41:38.924219 13473 tablet_service.cc:1276] Received RequestConsensusVote() RPC: tablet_id: "55a20d481298439c9464da6bd6a35dee" candidate_uuid: "08c5d9e5b99c47b99a22fe631293c55c" candidate_term: 1 candidate_status { last_received { term: 0 index: 0 } } ignore_live_leader: false dest_uuid: "06f0213f87654957840d437566ac9c74" is_pre_election: true
I0401 16:41:38.925225 13473 raft_consensus.cc:2346] T 55a20d481298439c9464da6bd6a35dee P 06f0213f87654957840d437566ac9c74 [term 0 FOLLOWER]: Leader pre-election vote request: Granting yes vote for candidate 08c5d9e5b99c47b99a22fe631293c55c in term 0.
I0401 16:41:38.925896 13505 leader_election.cc:310] T 55a20d481298439c9464da6bd6a35dee P 08c5d9e5b99c47b99a22fe631293c55c [CANDIDATE]: Term 1 pre-election: Election decided. Result: candidate won. Election summary: received 2 responses out of 3 voters: 2 yes votes; 0 no votes. yes voters: 06f0213f87654957840d437566ac9c74, 08c5d9e5b99c47b99a22fe631293c55c; no voters:
I0401 16:41:38.926043 13671 raft_consensus.cc:340] T 96dfd007ed1d43b5baae5e46cf2ba91a P 08c5d9e5b99c47b99a22fe631293c55c [term 0 FOLLOWER]: Replica starting. Triggering 0 pending transactions. Active config: opid_index: -1 OBSOLETE_local: false peers { permanent_uuid: "06f0213f87654957840d437566ac9c74" member_type: VOTER last_known_addr { host: "127.11.224.1" port: 44443 } } peers { permanent_uuid: "08c5d9e5b99c47b99a22fe631293c55c" member_type: VOTER last_known_addr { host: "127.11.224.2" port: 43295 } } peers { permanent_uuid: "23af318238484ef9a92eb95e6550dfcc" member_type: VOTER last_known_addr { host: "127.11.224.3" port: 38333 } }
I0401 16:41:38.926606 13669 tablet_bootstrap.cc:590] T 37932eedad8b4cc0976a2646090f84b3 P 06f0213f87654957840d437566ac9c74: No blocks or log segments found. Creating new log.
I0401 16:41:38.926965 13670 tablet_bootstrap.cc:439] T 37932eedad8b4cc0976a2646090f84b3 P 23af318238484ef9a92eb95e6550dfcc: Bootstrap starting.
I0401 16:41:38.929853 13671 raft_consensus.cc:366] T 96dfd007ed1d43b5baae5e46cf2ba91a P 08c5d9e5b99c47b99a22fe631293c55c [term 0 FOLLOWER]: Consensus starting up: Expiring failure detector timer to make a prompt election more likely
I0401 16:41:38.930140 13671 raft_consensus.cc:705] T 96dfd007ed1d43b5baae5e46cf2ba91a P 08c5d9e5b99c47b99a22fe631293c55c [term 0 FOLLOWER]: Becoming Follower/Learner. State: Replica: 08c5d9e5b99c47b99a22fe631293c55c, State: Initialized, Role: FOLLOWER
I0401 16:41:38.929936 13626 tablet_service.cc:1276] Received RequestConsensusVote() RPC: tablet_id: "55a20d481298439c9464da6bd6a35dee" candidate_uuid: "08c5d9e5b99c47b99a22fe631293c55c" candidate_term: 1 candidate_status { last_received { term: 0 index: 0 } } ignore_live_leader: false dest_uuid: "23af318238484ef9a92eb95e6550dfcc" is_pre_election: true
I0401 16:41:38.930734 13679 raft_consensus.cc:2588] T 384e1ddffaff458485ef136a4df89922 P 08c5d9e5b99c47b99a22fe631293c55c [term 1 FOLLOWER]: Leader election lost for term 1. Reason: could not achieve majority
W0401 16:41:38.930999 13507 leader_election.cc:348] T 55a20d481298439c9464da6bd6a35dee P 08c5d9e5b99c47b99a22fe631293c55c [CANDIDATE]: Term 1 pre-election: Tablet error from VoteRequest() call to peer 23af318238484ef9a92eb95e6550dfcc (127.11.224.3:38333): Illegal state: must be running to vote when last-logged opid is not known
I0401 16:41:38.930855 13689 leader_election.cc:296] T 55a20d481298439c9464da6bd6a35dee P 08c5d9e5b99c47b99a22fe631293c55c [CANDIDATE]: Term 1 pre-election: Requested pre-vote from peers 06f0213f87654957840d437566ac9c74 (127.11.224.1:44443), 23af318238484ef9a92eb95e6550dfcc (127.11.224.3:38333)
I0401 16:41:38.932216 13679 raft_consensus.cc:2640] T 55a20d481298439c9464da6bd6a35dee P 08c5d9e5b99c47b99a22fe631293c55c [term 0 FOLLOWER]: Leader pre-election won for term 1
I0401 16:41:38.932909 13679 raft_consensus.cc:472] T 55a20d481298439c9464da6bd6a35dee P 08c5d9e5b99c47b99a22fe631293c55c [term 0 FOLLOWER]: Starting leader election (no leader contacted us within the election timeout)
I0401 16:41:38.932654 13671 consensus_queue.cc:229] T 96dfd007ed1d43b5baae5e46cf2ba91a P 08c5d9e5b99c47b99a22fe631293c55c [NON_LEADER]: Queue going to NON_LEADER mode. State: All replicated index: 0, Majority replicated index: 0, Committed index: 0, Last appended: 0.0, Last appended by leader: 0, Current term: 0, Majority size: -1, State: 0, Mode: NON_LEADER, active raft config: opid_index: -1 OBSOLETE_local: false peers { permanent_uuid: "06f0213f87654957840d437566ac9c74" member_type: VOTER last_known_addr { host: "127.11.224.1" port: 44443 } } peers { permanent_uuid: "08c5d9e5b99c47b99a22fe631293c55c" member_type: VOTER last_known_addr { host: "127.11.224.2" port: 43295 } } peers { permanent_uuid: "23af318238484ef9a92eb95e6550dfcc" member_type: VOTER last_known_addr { host: "127.11.224.3" port: 38333 } }
I0401 16:41:38.935442 13679 raft_consensus.cc:2886] T 55a20d481298439c9464da6bd6a35dee P 08c5d9e5b99c47b99a22fe631293c55c [term 0 FOLLOWER]: Advancing to term 1
I0401 16:41:38.937360 13671 ts_tablet_manager.cc:1081] T 96dfd007ed1d43b5baae5e46cf2ba91a P 08c5d9e5b99c47b99a22fe631293c55c: Time spent starting tablet: real 0.012s user 0.001s sys 0.001s
I0401 16:41:38.937974 13671 tablet_bootstrap.cc:439] T d621d7353f94423ba39af452834b78d4 P 08c5d9e5b99c47b99a22fe631293c55c: Bootstrap starting.
I0401 16:41:38.940814 13674 raft_consensus.cc:472] T 04f81e1b2f3e4f3f9d0b780d60d45c39 P 23af318238484ef9a92eb95e6550dfcc [term 0 FOLLOWER]: Starting pre-election (no leader contacted us within the election timeout)
I0401 16:41:38.941020 13674 raft_consensus.cc:494] T 04f81e1b2f3e4f3f9d0b780d60d45c39 P 23af318238484ef9a92eb95e6550dfcc [term 0 FOLLOWER]: Starting pre-election with config: opid_index: -1 OBSOLETE_local: false peers { permanent_uuid: "06f0213f87654957840d437566ac9c74" member_type: VOTER last_known_addr { host: "127.11.224.1" port: 44443 } } peers { permanent_uuid: "08c5d9e5b99c47b99a22fe631293c55c" member_type: VOTER last_known_addr { host: "127.11.224.2" port: 43295 } } peers { permanent_uuid: "23af318238484ef9a92eb95e6550dfcc" member_type: VOTER last_known_addr { host: "127.11.224.3" port: 38333 } }
I0401 16:41:38.941311 13687 raft_consensus.cc:472] T 96dfd007ed1d43b5baae5e46cf2ba91a P 23af318238484ef9a92eb95e6550dfcc [term 0 FOLLOWER]: Starting pre-election (no leader contacted us within the election timeout)
I0401 16:41:38.943406 13674 leader_election.cc:296] T 04f81e1b2f3e4f3f9d0b780d60d45c39 P 23af318238484ef9a92eb95e6550dfcc [CANDIDATE]: Term 1 pre-election: Requested pre-vote from peers 06f0213f87654957840d437566ac9c74 (127.11.224.1:44443), 08c5d9e5b99c47b99a22fe631293c55c (127.11.224.2:43295)
I0401 16:41:38.943409 13547 tablet_service.cc:1276] Received RequestConsensusVote() RPC: tablet_id: "04f81e1b2f3e4f3f9d0b780d60d45c39" candidate_uuid: "23af318238484ef9a92eb95e6550dfcc" candidate_term: 1 candidate_status { last_received { term: 0 index: 0 } } ignore_live_leader: false dest_uuid: "08c5d9e5b99c47b99a22fe631293c55c" is_pre_election: true
I0401 16:41:38.942478 13473 tablet_service.cc:1276] Received RequestConsensusVote() RPC: tablet_id: "04f81e1b2f3e4f3f9d0b780d60d45c39" candidate_uuid: "23af318238484ef9a92eb95e6550dfcc" candidate_term: 1 candidate_status { last_received { term: 0 index: 0 } } ignore_live_leader: false dest_uuid: "06f0213f87654957840d437566ac9c74" is_pre_election: true
I0401 16:41:38.943949 13473 raft_consensus.cc:2346] T 04f81e1b2f3e4f3f9d0b780d60d45c39 P 06f0213f87654957840d437566ac9c74 [term 0 FOLLOWER]: Leader pre-election vote request: Granting yes vote for candidate 23af318238484ef9a92eb95e6550dfcc in term 0.
I0401 16:41:38.944448 13587 leader_election.cc:310] T 04f81e1b2f3e4f3f9d0b780d60d45c39 P 23af318238484ef9a92eb95e6550dfcc [CANDIDATE]: Term 1 pre-election: Election decided. Result: candidate won. Election summary: received 2 responses out of 3 voters: 2 yes votes; 0 no votes. yes voters: 06f0213f87654957840d437566ac9c74, 23af318238484ef9a92eb95e6550dfcc; no voters:
I0401 16:41:38.944633 13670 tablet_bootstrap.cc:590] T 37932eedad8b4cc0976a2646090f84b3 P 23af318238484ef9a92eb95e6550dfcc: No blocks or log segments found. Creating new log.
W0401 16:41:38.944821 13590 leader_election.cc:348] T 04f81e1b2f3e4f3f9d0b780d60d45c39 P 23af318238484ef9a92eb95e6550dfcc [CANDIDATE]: Term 1 pre-election: Tablet error from VoteRequest() call to peer 08c5d9e5b99c47b99a22fe631293c55c (127.11.224.2:43295): Illegal state: must be running to vote when last-logged opid is not known
I0401 16:41:38.944907 13674 raft_consensus.cc:2640] T 04f81e1b2f3e4f3f9d0b780d60d45c39 P 23af318238484ef9a92eb95e6550dfcc [term 0 FOLLOWER]: Leader pre-election won for term 1
I0401 16:41:38.945881 13674 raft_consensus.cc:472] T 04f81e1b2f3e4f3f9d0b780d60d45c39 P 23af318238484ef9a92eb95e6550dfcc [term 0 FOLLOWER]: Starting leader election (no leader contacted us within the election timeout)
I0401 16:41:38.946421 13674 raft_consensus.cc:2886] T 04f81e1b2f3e4f3f9d0b780d60d45c39 P 23af318238484ef9a92eb95e6550dfcc [term 0 FOLLOWER]: Advancing to term 1
I0401 16:41:38.946849 13671 tablet_bootstrap.cc:590] T d621d7353f94423ba39af452834b78d4 P 08c5d9e5b99c47b99a22fe631293c55c: No blocks or log segments found. Creating new log.
I0401 16:41:38.945169 13687 raft_consensus.cc:494] T 96dfd007ed1d43b5baae5e46cf2ba91a P 23af318238484ef9a92eb95e6550dfcc [term 0 FOLLOWER]: Starting pre-election with config: opid_index: -1 OBSOLETE_local: false peers { permanent_uuid: "06f0213f87654957840d437566ac9c74" member_type: VOTER last_known_addr { host: "127.11.224.1" port: 44443 } } peers { permanent_uuid: "08c5d9e5b99c47b99a22fe631293c55c" member_type: VOTER last_known_addr { host: "127.11.224.2" port: 43295 } } peers { permanent_uuid: "23af318238484ef9a92eb95e6550dfcc" member_type: VOTER last_known_addr { host: "127.11.224.3" port: 38333 } }
I0401 16:41:38.950204 13473 tablet_service.cc:1276] Received RequestConsensusVote() RPC: tablet_id: "96dfd007ed1d43b5baae5e46cf2ba91a" candidate_uuid: "23af318238484ef9a92eb95e6550dfcc" candidate_term: 1 candidate_status { last_received { term: 0 index: 0 } } ignore_live_leader: false dest_uuid: "06f0213f87654957840d437566ac9c74" is_pre_election: true
I0401 16:41:38.950609 13473 raft_consensus.cc:2346] T 96dfd007ed1d43b5baae5e46cf2ba91a P 06f0213f87654957840d437566ac9c74 [term 0 FOLLOWER]: Leader pre-election vote request: Granting yes vote for candidate 23af318238484ef9a92eb95e6550dfcc in term 0.
I0401 16:41:38.950613 13547 tablet_service.cc:1276] Received RequestConsensusVote() RPC: tablet_id: "96dfd007ed1d43b5baae5e46cf2ba91a" candidate_uuid: "23af318238484ef9a92eb95e6550dfcc" candidate_term: 1 candidate_status { last_received { term: 0 index: 0 } } ignore_live_leader: false dest_uuid: "08c5d9e5b99c47b99a22fe631293c55c" is_pre_election: true
I0401 16:41:38.951145 13547 raft_consensus.cc:2346] T 96dfd007ed1d43b5baae5e46cf2ba91a P 08c5d9e5b99c47b99a22fe631293c55c [term 0 FOLLOWER]: Leader pre-election vote request: Granting yes vote for candidate 23af318238484ef9a92eb95e6550dfcc in term 0.
I0401 16:41:38.951537 13669 tablet_bootstrap.cc:439] T 37932eedad8b4cc0976a2646090f84b3 P 06f0213f87654957840d437566ac9c74: No bootstrap required, opened a new log
I0401 16:41:38.951786 13679 raft_consensus.cc:494] T 55a20d481298439c9464da6bd6a35dee P 08c5d9e5b99c47b99a22fe631293c55c [term 1 FOLLOWER]: Starting leader election with config: opid_index: -1 OBSOLETE_local: false peers { permanent_uuid: "08c5d9e5b99c47b99a22fe631293c55c" member_type: VOTER last_known_addr { host: "127.11.224.2" port: 43295 } } peers { permanent_uuid: "06f0213f87654957840d437566ac9c74" member_type: VOTER last_known_addr { host: "127.11.224.1" port: 44443 } } peers { permanent_uuid: "23af318238484ef9a92eb95e6550dfcc" member_type: VOTER last_known_addr { host: "127.11.224.3" port: 38333 } }
I0401 16:41:38.951784 13587 leader_election.cc:310] T 96dfd007ed1d43b5baae5e46cf2ba91a P 23af318238484ef9a92eb95e6550dfcc [CANDIDATE]: Term 1 pre-election: Election decided. Result: candidate won. Election summary: received 2 responses out of 3 voters: 2 yes votes; 0 no votes. yes voters: 06f0213f87654957840d437566ac9c74, 23af318238484ef9a92eb95e6550dfcc; no voters:
I0401 16:41:38.950613 13687 leader_election.cc:296] T 96dfd007ed1d43b5baae5e46cf2ba91a P 23af318238484ef9a92eb95e6550dfcc [CANDIDATE]: Term 1 pre-election: Requested pre-vote from peers 06f0213f87654957840d437566ac9c74 (127.11.224.1:44443), 08c5d9e5b99c47b99a22fe631293c55c (127.11.224.2:43295)
I0401 16:41:38.952746 13687 raft_consensus.cc:2640] T 96dfd007ed1d43b5baae5e46cf2ba91a P 23af318238484ef9a92eb95e6550dfcc [term 0 FOLLOWER]: Leader pre-election won for term 1
I0401 16:41:38.952802 13669 ts_tablet_manager.cc:1053] T 37932eedad8b4cc0976a2646090f84b3 P 06f0213f87654957840d437566ac9c74: Time spent bootstrapping tablet: real 0.035s user 0.003s sys 0.004s
I0401 16:41:38.953379 13687 raft_consensus.cc:472] T 96dfd007ed1d43b5baae5e46cf2ba91a P 23af318238484ef9a92eb95e6550dfcc [term 0 FOLLOWER]: Starting leader election (no leader contacted us within the election timeout)
I0401 16:41:38.954272 13687 raft_consensus.cc:2886] T 96dfd007ed1d43b5baae5e46cf2ba91a P 23af318238484ef9a92eb95e6550dfcc [term 0 FOLLOWER]: Advancing to term 1
I0401 16:41:38.954226 13626 tablet_service.cc:1276] Received RequestConsensusVote() RPC: tablet_id: "55a20d481298439c9464da6bd6a35dee" candidate_uuid: "08c5d9e5b99c47b99a22fe631293c55c" candidate_term: 1 candidate_status { last_received { term: 0 index: 0 } } ignore_live_leader: false dest_uuid: "23af318238484ef9a92eb95e6550dfcc"
I0401 16:41:38.954267 13473 tablet_service.cc:1276] Received RequestConsensusVote() RPC: tablet_id: "55a20d481298439c9464da6bd6a35dee" candidate_uuid: "08c5d9e5b99c47b99a22fe631293c55c" candidate_term: 1 candidate_status { last_received { term: 0 index: 0 } } ignore_live_leader: false dest_uuid: "06f0213f87654957840d437566ac9c74"
I0401 16:41:38.954617 13473 raft_consensus.cc:2886] T 55a20d481298439c9464da6bd6a35dee P 06f0213f87654957840d437566ac9c74 [term 0 FOLLOWER]: Advancing to term 1
I0401 16:41:38.954624 13679 leader_election.cc:296] T 55a20d481298439c9464da6bd6a35dee P 08c5d9e5b99c47b99a22fe631293c55c [CANDIDATE]: Term 1 election: Requested vote from peers 06f0213f87654957840d437566ac9c74 (127.11.224.1:44443), 23af318238484ef9a92eb95e6550dfcc (127.11.224.3:38333)
W0401 16:41:38.955384 13507 leader_election.cc:348] T 55a20d481298439c9464da6bd6a35dee P 08c5d9e5b99c47b99a22fe631293c55c [CANDIDATE]: Term 1 election: Tablet error from VoteRequest() call to peer 23af318238484ef9a92eb95e6550dfcc (127.11.224.3:38333): Illegal state: must be running to vote when last-logged opid is not known
I0401 16:41:38.956353 13674 raft_consensus.cc:494] T 04f81e1b2f3e4f3f9d0b780d60d45c39 P 23af318238484ef9a92eb95e6550dfcc [term 1 FOLLOWER]: Starting leader election with config: opid_index: -1 OBSOLETE_local: false peers { permanent_uuid: "06f0213f87654957840d437566ac9c74" member_type: VOTER last_known_addr { host: "127.11.224.1" port: 44443 } } peers { permanent_uuid: "08c5d9e5b99c47b99a22fe631293c55c" member_type: VOTER last_known_addr { host: "127.11.224.2" port: 43295 } } peers { permanent_uuid: "23af318238484ef9a92eb95e6550dfcc" member_type: VOTER last_known_addr { host: "127.11.224.3" port: 38333 } }
I0401 16:41:38.959215 13547 tablet_service.cc:1276] Received RequestConsensusVote() RPC: tablet_id: "04f81e1b2f3e4f3f9d0b780d60d45c39" candidate_uuid: "23af318238484ef9a92eb95e6550dfcc" candidate_term: 1 candidate_status { last_received { term: 0 index: 0 } } ignore_live_leader: false dest_uuid: "08c5d9e5b99c47b99a22fe631293c55c"
I0401 16:41:38.959517 13674 leader_election.cc:296] T 04f81e1b2f3e4f3f9d0b780d60d45c39 P 23af318238484ef9a92eb95e6550dfcc [CANDIDATE]: Term 1 election: Requested vote from peers 06f0213f87654957840d437566ac9c74 (127.11.224.1:44443), 08c5d9e5b99c47b99a22fe631293c55c (127.11.224.2:43295)
I0401 16:41:38.960222 13669 raft_consensus.cc:340] T 37932eedad8b4cc0976a2646090f84b3 P 06f0213f87654957840d437566ac9c74 [term 0 FOLLOWER]: Replica starting. Triggering 0 pending transactions. Active config: opid_index: -1 OBSOLETE_local: false peers { permanent_uuid: "06f0213f87654957840d437566ac9c74" member_type: VOTER last_known_addr { host: "127.11.224.1" port: 44443 } } peers { permanent_uuid: "08c5d9e5b99c47b99a22fe631293c55c" member_type: VOTER last_known_addr { host: "127.11.224.2" port: 43295 } } peers { permanent_uuid: "23af318238484ef9a92eb95e6550dfcc" member_type: VOTER last_known_addr { host: "127.11.224.3" port: 38333 } }
W0401 16:41:38.961567 13590 leader_election.cc:348] T 04f81e1b2f3e4f3f9d0b780d60d45c39 P 23af318238484ef9a92eb95e6550dfcc [CANDIDATE]: Term 1 election: Tablet error from VoteRequest() call to peer 08c5d9e5b99c47b99a22fe631293c55c (127.11.224.2:43295): Illegal state: must be running to vote when last-logged opid is not known
I0401 16:41:38.960065 13472 tablet_service.cc:1276] Received RequestConsensusVote() RPC: tablet_id: "04f81e1b2f3e4f3f9d0b780d60d45c39" candidate_uuid: "23af318238484ef9a92eb95e6550dfcc" candidate_term: 1 candidate_status { last_received { term: 0 index: 0 } } ignore_live_leader: false dest_uuid: "06f0213f87654957840d437566ac9c74"
I0401 16:41:38.963757 13669 raft_consensus.cc:366] T 37932eedad8b4cc0976a2646090f84b3 P 06f0213f87654957840d437566ac9c74 [term 0 FOLLOWER]: Consensus starting up: Expiring failure detector timer to make a prompt election more likely
I0401 16:41:38.963804 13472 raft_consensus.cc:2886] T 04f81e1b2f3e4f3f9d0b780d60d45c39 P 06f0213f87654957840d437566ac9c74 [term 0 FOLLOWER]: Advancing to term 1
I0401 16:41:38.964746 13473 raft_consensus.cc:2346] T 55a20d481298439c9464da6bd6a35dee P 06f0213f87654957840d437566ac9c74 [term 1 FOLLOWER]: Leader election vote request: Granting yes vote for candidate 08c5d9e5b99c47b99a22fe631293c55c in term 1.
I0401 16:41:38.965049 13669 raft_consensus.cc:705] T 37932eedad8b4cc0976a2646090f84b3 P 06f0213f87654957840d437566ac9c74 [term 0 FOLLOWER]: Becoming Follower/Learner. State: Replica: 06f0213f87654957840d437566ac9c74, State: Initialized, Role: FOLLOWER
