I0401 16:41:42.607337 13890 catalog_manager.cc:3977] T 265f9ab062db4a7993f0dec921bf7c89 P 3b217a135438461a92af851b0ff0e3b1 reported cstate change: term changed from 0 to 1, leader changed from to 3b217a135438461a92af851b0ff0e3b1 (127.11.224.1). New cstate: current_term: 1 leader_uuid: "3b217a135438461a92af851b0ff0e3b1" committed_config { opid_index: -1 OBSOLETE_local: false peers { permanent_uuid: "3b217a135438461a92af851b0ff0e3b1" member_type: VOTER last_known_addr { host: "127.11.224.1" port: 60190 } health_report { overall_health: HEALTHY } } peers { permanent_uuid: "c8a139e6be04411cafa08fa475b4a949" member_type: VOTER last_known_addr { host: "127.11.224.2" port: 56141 } health_report { overall_health: UNKNOWN } } peers { permanent_uuid: "7f56a852ff774ae3bf4b2db3fdd9e794" member_type: VOTER last_known_addr { host: "127.11.224.3" port: 41734 } health_report { overall_health: UNKNOWN } } }
I0401 16:41:42.608311 14325 consensus_queue.cc:206] T c436001f027647dfa8569052010729a6 P 3b217a135438461a92af851b0ff0e3b1 [LEADER]: Queue going to LEADER mode. State: All replicated index: 0, Majority replicated index: 0, Committed index: 0, Last appended: 0.0, Last appended by leader: 0, Current term: 1, Majority size: 2, State: 0, Mode: LEADER, active raft config: opid_index: -1 OBSOLETE_local: false peers { permanent_uuid: "c8a139e6be04411cafa08fa475b4a949" member_type: VOTER last_known_addr { host: "127.11.224.2" port: 56141 } } peers { permanent_uuid: "3b217a135438461a92af851b0ff0e3b1" member_type: VOTER last_known_addr { host: "127.11.224.1" port: 60190 } } peers { permanent_uuid: "7f56a852ff774ae3bf4b2db3fdd9e794" member_type: VOTER last_known_addr { host: "127.11.224.3" port: 41734 } }
I0401 16:41:42.609844 14294 raft_consensus.cc:2640] T d854a8d5225f43a7a40cfcec0bd9c1d5 P c8a139e6be04411cafa08fa475b4a949 [term 1 FOLLOWER]: Leader election won for term 1
I0401 16:41:42.610043 14294 raft_consensus.cc:667] T d854a8d5225f43a7a40cfcec0bd9c1d5 P c8a139e6be04411cafa08fa475b4a949 [term 1 LEADER]: Becoming Leader. State: Replica: c8a139e6be04411cafa08fa475b4a949, State: Running, Role: LEADER
I0401 16:41:42.610414 14286 raft_consensus.cc:705] T 97c087eb8f4a49a8aab7f45d389073bd P 3b217a135438461a92af851b0ff0e3b1 [term 0 FOLLOWER]: Becoming Follower/Learner. State: Replica: 3b217a135438461a92af851b0ff0e3b1, State: Initialized, Role: FOLLOWER
I0401 16:41:42.610812 14294 consensus_queue.cc:206] T d854a8d5225f43a7a40cfcec0bd9c1d5 P c8a139e6be04411cafa08fa475b4a949 [LEADER]: Queue going to LEADER mode. State: All replicated index: 0, Majority replicated index: 0, Committed index: 0, Last appended: 0.0, Last appended by leader: 0, Current term: 1, Majority size: 2, State: 0, Mode: LEADER, active raft config: opid_index: -1 OBSOLETE_local: false peers { permanent_uuid: "c8a139e6be04411cafa08fa475b4a949" member_type: VOTER last_known_addr { host: "127.11.224.2" port: 56141 } } peers { permanent_uuid: "3b217a135438461a92af851b0ff0e3b1" member_type: VOTER last_known_addr { host: "127.11.224.1" port: 60190 } } peers { permanent_uuid: "7f56a852ff774ae3bf4b2db3fdd9e794" member_type: VOTER last_known_addr { host: "127.11.224.3" port: 41734 } }
I0401 16:41:42.611572 14286 consensus_queue.cc:229] T 97c087eb8f4a49a8aab7f45d389073bd P 3b217a135438461a92af851b0ff0e3b1 [NON_LEADER]: Queue going to NON_LEADER mode. State: All replicated index: 0, Majority replicated index: 0, Committed index: 0, Last appended: 0.0, Last appended by leader: 0, Current term: 0, Majority size: -1, State: 0, Mode: NON_LEADER, active raft config: opid_index: -1 OBSOLETE_local: false peers { permanent_uuid: "3b217a135438461a92af851b0ff0e3b1" member_type: VOTER last_known_addr { host: "127.11.224.1" port: 60190 } } peers { permanent_uuid: "c8a139e6be04411cafa08fa475b4a949" member_type: VOTER last_known_addr { host: "127.11.224.2" port: 56141 } } peers { permanent_uuid: "7f56a852ff774ae3bf4b2db3fdd9e794" member_type: VOTER last_known_addr { host: "127.11.224.3" port: 41734 } }
I0401 16:41:42.616725 14286 ts_tablet_manager.cc:1081] T 97c087eb8f4a49a8aab7f45d389073bd P 3b217a135438461a92af851b0ff0e3b1: Time spent starting tablet: real 0.016s user 0.001s sys 0.001s
I0401 16:41:42.617388 14289 tablet_bootstrap.cc:590] T 13a6988475ce40e693996f0f56711a1a P 7f56a852ff774ae3bf4b2db3fdd9e794: No blocks or log segments found. Creating new log.
I0401 16:41:42.619134 13888 catalog_manager.cc:3977] T 13a6988475ce40e693996f0f56711a1a P c8a139e6be04411cafa08fa475b4a949 reported cstate change: term changed from 0 to 1, leader changed from to c8a139e6be04411cafa08fa475b4a949 (127.11.224.2). New cstate: current_term: 1 leader_uuid: "c8a139e6be04411cafa08fa475b4a949" committed_config { opid_index: -1 OBSOLETE_local: false peers { permanent_uuid: "c8a139e6be04411cafa08fa475b4a949" member_type: VOTER last_known_addr { host: "127.11.224.2" port: 56141 } health_report { overall_health: HEALTHY } } peers { permanent_uuid: "3b217a135438461a92af851b0ff0e3b1" member_type: VOTER last_known_addr { host: "127.11.224.1" port: 60190 } health_report { overall_health: UNKNOWN } } peers { permanent_uuid: "7f56a852ff774ae3bf4b2db3fdd9e794" member_type: VOTER last_known_addr { host: "127.11.224.3" port: 41734 } health_report { overall_health: UNKNOWN } } }
I0401 16:41:42.621045 14286 tablet_bootstrap.cc:439] T d854a8d5225f43a7a40cfcec0bd9c1d5 P 3b217a135438461a92af851b0ff0e3b1: Bootstrap starting.
I0401 16:41:42.627230 13890 catalog_manager.cc:3977] T c436001f027647dfa8569052010729a6 P 3b217a135438461a92af851b0ff0e3b1 reported cstate change: term changed from 0 to 1, leader changed from to 3b217a135438461a92af851b0ff0e3b1 (127.11.224.1). New cstate: current_term: 1 leader_uuid: "3b217a135438461a92af851b0ff0e3b1" committed_config { opid_index: -1 OBSOLETE_local: false peers { permanent_uuid: "c8a139e6be04411cafa08fa475b4a949" member_type: VOTER last_known_addr { host: "127.11.224.2" port: 56141 } health_report { overall_health: UNKNOWN } } peers { permanent_uuid: "3b217a135438461a92af851b0ff0e3b1" member_type: VOTER last_known_addr { host: "127.11.224.1" port: 60190 } health_report { overall_health: HEALTHY } } peers { permanent_uuid: "7f56a852ff774ae3bf4b2db3fdd9e794" member_type: VOTER last_known_addr { host: "127.11.224.3" port: 41734 } health_report { overall_health: UNKNOWN } } }
I0401 16:41:42.628008 13888 catalog_manager.cc:3977] T d854a8d5225f43a7a40cfcec0bd9c1d5 P c8a139e6be04411cafa08fa475b4a949 reported cstate change: term changed from 0 to 1, leader changed from to c8a139e6be04411cafa08fa475b4a949 (127.11.224.2). New cstate: current_term: 1 leader_uuid: "c8a139e6be04411cafa08fa475b4a949" committed_config { opid_index: -1 OBSOLETE_local: false peers { permanent_uuid: "c8a139e6be04411cafa08fa475b4a949" member_type: VOTER last_known_addr { host: "127.11.224.2" port: 56141 } health_report { overall_health: HEALTHY } } peers { permanent_uuid: "3b217a135438461a92af851b0ff0e3b1" member_type: VOTER last_known_addr { host: "127.11.224.1" port: 60190 } health_report { overall_health: UNKNOWN } } peers { permanent_uuid: "7f56a852ff774ae3bf4b2db3fdd9e794" member_type: VOTER last_known_addr { host: "127.11.224.3" port: 41734 } health_report { overall_health: UNKNOWN } } }
I0401 16:41:42.629735 14289 tablet_bootstrap.cc:439] T 13a6988475ce40e693996f0f56711a1a P 7f56a852ff774ae3bf4b2db3fdd9e794: No bootstrap required, opened a new log
I0401 16:41:42.629989 14289 ts_tablet_manager.cc:1053] T 13a6988475ce40e693996f0f56711a1a P 7f56a852ff774ae3bf4b2db3fdd9e794: Time spent bootstrapping tablet: real 0.038s user 0.003s sys 0.003s
I0401 16:41:42.631100 14286 tablet_bootstrap.cc:590] T d854a8d5225f43a7a40cfcec0bd9c1d5 P 3b217a135438461a92af851b0ff0e3b1: No blocks or log segments found. Creating new log.
I0401 16:41:42.631100 14289 raft_consensus.cc:340] T 13a6988475ce40e693996f0f56711a1a P 7f56a852ff774ae3bf4b2db3fdd9e794 [term 0 FOLLOWER]: Replica starting. Triggering 0 pending transactions. Active config: opid_index: -1 OBSOLETE_local: false peers { permanent_uuid: "c8a139e6be04411cafa08fa475b4a949" member_type: VOTER last_known_addr { host: "127.11.224.2" port: 56141 } } peers { permanent_uuid: "3b217a135438461a92af851b0ff0e3b1" member_type: VOTER last_known_addr { host: "127.11.224.1" port: 60190 } } peers { permanent_uuid: "7f56a852ff774ae3bf4b2db3fdd9e794" member_type: VOTER last_known_addr { host: "127.11.224.3" port: 41734 } }
I0401 16:41:42.631541 14289 raft_consensus.cc:366] T 13a6988475ce40e693996f0f56711a1a P 7f56a852ff774ae3bf4b2db3fdd9e794 [term 0 FOLLOWER]: Consensus starting up: Expiring failure detector timer to make a prompt election more likely
I0401 16:41:42.631723 14289 raft_consensus.cc:705] T 13a6988475ce40e693996f0f56711a1a P 7f56a852ff774ae3bf4b2db3fdd9e794 [term 0 FOLLOWER]: Becoming Follower/Learner. State: Replica: 7f56a852ff774ae3bf4b2db3fdd9e794, State: Initialized, Role: FOLLOWER
I0401 16:41:42.632470 14289 consensus_queue.cc:229] T 13a6988475ce40e693996f0f56711a1a P 7f56a852ff774ae3bf4b2db3fdd9e794 [NON_LEADER]: Queue going to NON_LEADER mode. State: All replicated index: 0, Majority replicated index: 0, Committed index: 0, Last appended: 0.0, Last appended by leader: 0, Current term: 0, Majority size: -1, State: 0, Mode: NON_LEADER, active raft config: opid_index: -1 OBSOLETE_local: false peers { permanent_uuid: "c8a139e6be04411cafa08fa475b4a949" member_type: VOTER last_known_addr { host: "127.11.224.2" port: 56141 } } peers { permanent_uuid: "3b217a135438461a92af851b0ff0e3b1" member_type: VOTER last_known_addr { host: "127.11.224.1" port: 60190 } } peers { permanent_uuid: "7f56a852ff774ae3bf4b2db3fdd9e794" member_type: VOTER last_known_addr { host: "127.11.224.3" port: 41734 } }
I0401 16:41:42.636725 14289 ts_tablet_manager.cc:1081] T 13a6988475ce40e693996f0f56711a1a P 7f56a852ff774ae3bf4b2db3fdd9e794: Time spent starting tablet: real 0.005s user 0.002s sys 0.001s
I0401 16:41:42.641374 14286 tablet_bootstrap.cc:439] T d854a8d5225f43a7a40cfcec0bd9c1d5 P 3b217a135438461a92af851b0ff0e3b1: No bootstrap required, opened a new log
I0401 16:41:42.641551 14286 ts_tablet_manager.cc:1053] T d854a8d5225f43a7a40cfcec0bd9c1d5 P 3b217a135438461a92af851b0ff0e3b1: Time spent bootstrapping tablet: real 0.025s user 0.002s sys 0.005s
I0401 16:41:42.642354 14286 raft_consensus.cc:340] T d854a8d5225f43a7a40cfcec0bd9c1d5 P 3b217a135438461a92af851b0ff0e3b1 [term 0 FOLLOWER]: Replica starting. Triggering 0 pending transactions. Active config: opid_index: -1 OBSOLETE_local: false peers { permanent_uuid: "c8a139e6be04411cafa08fa475b4a949" member_type: VOTER last_known_addr { host: "127.11.224.2" port: 56141 } } peers { permanent_uuid: "3b217a135438461a92af851b0ff0e3b1" member_type: VOTER last_known_addr { host: "127.11.224.1" port: 60190 } } peers { permanent_uuid: "7f56a852ff774ae3bf4b2db3fdd9e794" member_type: VOTER last_known_addr { host: "127.11.224.3" port: 41734 } }
I0401 16:41:42.642669 14286 raft_consensus.cc:366] T d854a8d5225f43a7a40cfcec0bd9c1d5 P 3b217a135438461a92af851b0ff0e3b1 [term 0 FOLLOWER]: Consensus starting up: Expiring failure detector timer to make a prompt election more likely
I0401 16:41:42.643100 14286 raft_consensus.cc:705] T d854a8d5225f43a7a40cfcec0bd9c1d5 P 3b217a135438461a92af851b0ff0e3b1 [term 0 FOLLOWER]: Becoming Follower/Learner. State: Replica: 3b217a135438461a92af851b0ff0e3b1, State: Initialized, Role: FOLLOWER
I0401 16:41:42.643328 14286 consensus_queue.cc:229] T d854a8d5225f43a7a40cfcec0bd9c1d5 P 3b217a135438461a92af851b0ff0e3b1 [NON_LEADER]: Queue going to NON_LEADER mode. State: All replicated index: 0, Majority replicated index: 0, Committed index: 0, Last appended: 0.0, Last appended by leader: 0, Current term: 0, Majority size: -1, State: 0, Mode: NON_LEADER, active raft config: opid_index: -1 OBSOLETE_local: false peers { permanent_uuid: "c8a139e6be04411cafa08fa475b4a949" member_type: VOTER last_known_addr { host: "127.11.224.2" port: 56141 } } peers { permanent_uuid: "3b217a135438461a92af851b0ff0e3b1" member_type: VOTER last_known_addr { host: "127.11.224.1" port: 60190 } } peers { permanent_uuid: "7f56a852ff774ae3bf4b2db3fdd9e794" member_type: VOTER last_known_addr { host: "127.11.224.3" port: 41734 } }
I0401 16:41:42.644140 14286 ts_tablet_manager.cc:1081] T d854a8d5225f43a7a40cfcec0bd9c1d5 P 3b217a135438461a92af851b0ff0e3b1: Time spent starting tablet: real 0.002s user 0.000s sys 0.001s
I0401 16:41:42.696018 14294 raft_consensus.cc:472] T f3a8c8f94f44477aa2aba69e0834cd23 P c8a139e6be04411cafa08fa475b4a949 [term 0 FOLLOWER]: Starting pre-election (no leader contacted us within the election timeout)
I0401 16:41:42.696180 14294 raft_consensus.cc:494] T f3a8c8f94f44477aa2aba69e0834cd23 P c8a139e6be04411cafa08fa475b4a949 [term 0 FOLLOWER]: Starting pre-election with config: opid_index: -1 OBSOLETE_local: false peers { permanent_uuid: "3b217a135438461a92af851b0ff0e3b1" member_type: VOTER last_known_addr { host: "127.11.224.1" port: 60190 } } peers { permanent_uuid: "c8a139e6be04411cafa08fa475b4a949" member_type: VOTER last_known_addr { host: "127.11.224.2" port: 56141 } } peers { permanent_uuid: "7f56a852ff774ae3bf4b2db3fdd9e794" member_type: VOTER last_known_addr { host: "127.11.224.3" port: 41734 } }
I0401 16:41:42.696899 14294 leader_election.cc:296] T f3a8c8f94f44477aa2aba69e0834cd23 P c8a139e6be04411cafa08fa475b4a949 [CANDIDATE]: Term 1 pre-election: Requested pre-vote from peers 3b217a135438461a92af851b0ff0e3b1 (127.11.224.1:60190), 7f56a852ff774ae3bf4b2db3fdd9e794 (127.11.224.3:41734)
I0401 16:41:42.697302 14242 tablet_service.cc:1276] Received RequestConsensusVote() RPC: tablet_id: "f3a8c8f94f44477aa2aba69e0834cd23" candidate_uuid: "c8a139e6be04411cafa08fa475b4a949" candidate_term: 1 candidate_status { last_received { term: 0 index: 0 } } ignore_live_leader: false dest_uuid: "7f56a852ff774ae3bf4b2db3fdd9e794" is_pre_election: true
I0401 16:41:42.697300 14090 tablet_service.cc:1276] Received RequestConsensusVote() RPC: tablet_id: "f3a8c8f94f44477aa2aba69e0834cd23" candidate_uuid: "c8a139e6be04411cafa08fa475b4a949" candidate_term: 1 candidate_status { last_received { term: 0 index: 0 } } ignore_live_leader: false dest_uuid: "3b217a135438461a92af851b0ff0e3b1" is_pre_election: true
I0401 16:41:42.697561 14090 raft_consensus.cc:2307] T f3a8c8f94f44477aa2aba69e0834cd23 P 3b217a135438461a92af851b0ff0e3b1 [term 1 LEADER]: Leader pre-election vote request: Denying vote to candidate c8a139e6be04411cafa08fa475b4a949 for term 1 because replica is either leader or believes a valid leader to be alive.
I0401 16:41:42.697566 14242 raft_consensus.cc:2276] T f3a8c8f94f44477aa2aba69e0834cd23 P 7f56a852ff774ae3bf4b2db3fdd9e794 [term 1 FOLLOWER]: Leader pre-election vote request: Denying vote to candidate c8a139e6be04411cafa08fa475b4a949 in current term 1: Already voted for candidate 3b217a135438461a92af851b0ff0e3b1 in this term.
I0401 16:41:42.698009 14124 leader_election.cc:310] T f3a8c8f94f44477aa2aba69e0834cd23 P c8a139e6be04411cafa08fa475b4a949 [CANDIDATE]: Term 1 pre-election: Election decided. Result: candidate lost. Election summary: received 3 responses out of 3 voters: 1 yes votes; 2 no votes. yes voters: c8a139e6be04411cafa08fa475b4a949; no voters: 3b217a135438461a92af851b0ff0e3b1, 7f56a852ff774ae3bf4b2db3fdd9e794
I0401 16:41:42.698245 14294 raft_consensus.cc:2886] T f3a8c8f94f44477aa2aba69e0834cd23 P c8a139e6be04411cafa08fa475b4a949 [term 0 FOLLOWER]: Advancing to term 1
I0401 16:41:42.699728 14294 raft_consensus.cc:2588] T f3a8c8f94f44477aa2aba69e0834cd23 P c8a139e6be04411cafa08fa475b4a949 [term 1 FOLLOWER]: Leader pre-election lost for term 1. Reason: could not achieve majority
I0401 16:41:42.795846 14242 raft_consensus.cc:2886] T 25462a2724aa4e57b7b90498c8c2fade P 7f56a852ff774ae3bf4b2db3fdd9e794 [term 0 FOLLOWER]: Advancing to term 1
I0401 16:41:42.799296 14242 raft_consensus.cc:1181] T 25462a2724aa4e57b7b90498c8c2fade P 7f56a852ff774ae3bf4b2db3fdd9e794 [term 1 FOLLOWER]: Refusing update from remote peer c8a139e6be04411cafa08fa475b4a949: Log matching property violated. Preceding OpId in replica: term: 0 index: 0. Preceding OpId from leader: term: 1 index: 1. (index mismatch)
I0401 16:41:42.800233 14294 consensus_queue.cc:984] T 25462a2724aa4e57b7b90498c8c2fade P c8a139e6be04411cafa08fa475b4a949 [LEADER]: Connected to new peer: Peer: permanent_uuid: "7f56a852ff774ae3bf4b2db3fdd9e794" member_type: VOTER last_known_addr { host: "127.11.224.3" port: 41734 }, Status: LMP_MISMATCH, Last received: 0.0, Next index: 1, Last known committed idx: 0, Time since last communication: 0.000s
I0401 16:41:42.823722 14090 raft_consensus.cc:1181] T 25462a2724aa4e57b7b90498c8c2fade P 3b217a135438461a92af851b0ff0e3b1 [term 1 FOLLOWER]: Refusing update from remote peer c8a139e6be04411cafa08fa475b4a949: Log matching property violated. Preceding OpId in replica: term: 0 index: 0. Preceding OpId from leader: term: 1 index: 1. (index mismatch)
I0401 16:41:42.825898 14294 consensus_queue.cc:984] T 25462a2724aa4e57b7b90498c8c2fade P c8a139e6be04411cafa08fa475b4a949 [LEADER]: Connected to new peer: Peer: permanent_uuid: "3b217a135438461a92af851b0ff0e3b1" member_type: VOTER last_known_addr { host: "127.11.224.1" port: 60190 }, Status: LMP_MISMATCH, Last received: 0.0, Next index: 1, Last known committed idx: 0, Time since last communication: 0.002s
I0401 16:41:42.832980 14325 raft_consensus.cc:472] T d854a8d5225f43a7a40cfcec0bd9c1d5 P 3b217a135438461a92af851b0ff0e3b1 [term 0 FOLLOWER]: Starting pre-election (no leader contacted us within the election timeout)
I0401 16:41:42.833118 14325 raft_consensus.cc:494] T d854a8d5225f43a7a40cfcec0bd9c1d5 P 3b217a135438461a92af851b0ff0e3b1 [term 0 FOLLOWER]: Starting pre-election with config: opid_index: -1 OBSOLETE_local: false peers { permanent_uuid: "c8a139e6be04411cafa08fa475b4a949" member_type: VOTER last_known_addr { host: "127.11.224.2" port: 56141 } } peers { permanent_uuid: "3b217a135438461a92af851b0ff0e3b1" member_type: VOTER last_known_addr { host: "127.11.224.1" port: 60190 } } peers { permanent_uuid: "7f56a852ff774ae3bf4b2db3fdd9e794" member_type: VOTER last_known_addr { host: "127.11.224.3" port: 41734 } }
I0401 16:41:42.834105 14163 tablet_service.cc:1276] Received RequestConsensusVote() RPC: tablet_id: "d854a8d5225f43a7a40cfcec0bd9c1d5" candidate_uuid: "3b217a135438461a92af851b0ff0e3b1" candidate_term: 1 candidate_status { last_received { term: 0 index: 0 } } ignore_live_leader: false dest_uuid: "c8a139e6be04411cafa08fa475b4a949" is_pre_election: true
I0401 16:41:42.834308 14325 leader_election.cc:296] T d854a8d5225f43a7a40cfcec0bd9c1d5 P 3b217a135438461a92af851b0ff0e3b1 [CANDIDATE]: Term 1 pre-election: Requested pre-vote from peers c8a139e6be04411cafa08fa475b4a949 (127.11.224.2:56141), 7f56a852ff774ae3bf4b2db3fdd9e794 (127.11.224.3:41734)
I0401 16:41:42.834524 14163 raft_consensus.cc:2307] T d854a8d5225f43a7a40cfcec0bd9c1d5 P c8a139e6be04411cafa08fa475b4a949 [term 1 LEADER]: Leader pre-election vote request: Denying vote to candidate 3b217a135438461a92af851b0ff0e3b1 for term 1 because replica is either leader or believes a valid leader to be alive.
I0401 16:41:42.834655 14242 tablet_service.cc:1276] Received RequestConsensusVote() RPC: tablet_id: "d854a8d5225f43a7a40cfcec0bd9c1d5" candidate_uuid: "3b217a135438461a92af851b0ff0e3b1" candidate_term: 1 candidate_status { last_received { term: 0 index: 0 } } ignore_live_leader: false dest_uuid: "7f56a852ff774ae3bf4b2db3fdd9e794" is_pre_election: true
I0401 16:41:42.836555 14242 raft_consensus.cc:2276] T d854a8d5225f43a7a40cfcec0bd9c1d5 P 7f56a852ff774ae3bf4b2db3fdd9e794 [term 1 FOLLOWER]: Leader pre-election vote request: Denying vote to candidate 3b217a135438461a92af851b0ff0e3b1 in current term 1: Already voted for candidate c8a139e6be04411cafa08fa475b4a949 in this term.
I0401 16:41:42.837970 14051 leader_election.cc:310] T d854a8d5225f43a7a40cfcec0bd9c1d5 P 3b217a135438461a92af851b0ff0e3b1 [CANDIDATE]: Term 1 pre-election: Election decided. Result: candidate lost. Election summary: received 3 responses out of 3 voters: 1 yes votes; 2 no votes. yes voters: 3b217a135438461a92af851b0ff0e3b1; no voters: 7f56a852ff774ae3bf4b2db3fdd9e794, c8a139e6be04411cafa08fa475b4a949
I0401 16:41:42.838295 14327 raft_consensus.cc:2886] T d854a8d5225f43a7a40cfcec0bd9c1d5 P 3b217a135438461a92af851b0ff0e3b1 [term 0 FOLLOWER]: Advancing to term 1
I0401 16:41:42.838335 14325 raft_consensus.cc:472] T b037d993bb1c4d0e973c88f5232fcec4 P 3b217a135438461a92af851b0ff0e3b1 [term 0 FOLLOWER]: Starting pre-election (no leader contacted us within the election timeout)
I0401 16:41:42.838986 14325 raft_consensus.cc:494] T b037d993bb1c4d0e973c88f5232fcec4 P 3b217a135438461a92af851b0ff0e3b1 [term 0 FOLLOWER]: Starting pre-election with config: opid_index: -1 OBSOLETE_local: false peers { permanent_uuid: "3b217a135438461a92af851b0ff0e3b1" member_type: VOTER last_known_addr { host: "127.11.224.1" port: 60190 } } peers { permanent_uuid: "c8a139e6be04411cafa08fa475b4a949" member_type: VOTER last_known_addr { host: "127.11.224.2" port: 56141 } } peers { permanent_uuid: "7f56a852ff774ae3bf4b2db3fdd9e794" member_type: VOTER last_known_addr { host: "127.11.224.3" port: 41734 } }
I0401 16:41:42.839654 14325 leader_election.cc:296] T b037d993bb1c4d0e973c88f5232fcec4 P 3b217a135438461a92af851b0ff0e3b1 [CANDIDATE]: Term 1 pre-election: Requested pre-vote from peers c8a139e6be04411cafa08fa475b4a949 (127.11.224.2:56141), 7f56a852ff774ae3bf4b2db3fdd9e794 (127.11.224.3:41734)
I0401 16:41:42.840131 14242 tablet_service.cc:1276] Received RequestConsensusVote() RPC: tablet_id: "b037d993bb1c4d0e973c88f5232fcec4" candidate_uuid: "3b217a135438461a92af851b0ff0e3b1" candidate_term: 1 candidate_status { last_received { term: 0 index: 0 } } ignore_live_leader: false dest_uuid: "7f56a852ff774ae3bf4b2db3fdd9e794" is_pre_election: true
I0401 16:41:42.840664 14242 raft_consensus.cc:2307] T b037d993bb1c4d0e973c88f5232fcec4 P 7f56a852ff774ae3bf4b2db3fdd9e794 [term 1 LEADER]: Leader pre-election vote request: Denying vote to candidate 3b217a135438461a92af851b0ff0e3b1 for term 1 because replica is either leader or believes a valid leader to be alive.
I0401 16:41:42.840662 14163 tablet_service.cc:1276] Received RequestConsensusVote() RPC: tablet_id: "b037d993bb1c4d0e973c88f5232fcec4" candidate_uuid: "3b217a135438461a92af851b0ff0e3b1" candidate_term: 1 candidate_status { last_received { term: 0 index: 0 } } ignore_live_leader: false dest_uuid: "c8a139e6be04411cafa08fa475b4a949" is_pre_election: true
I0401 16:41:42.840914 14163 raft_consensus.cc:2276] T b037d993bb1c4d0e973c88f5232fcec4 P c8a139e6be04411cafa08fa475b4a949 [term 1 FOLLOWER]: Leader pre-election vote request: Denying vote to candidate 3b217a135438461a92af851b0ff0e3b1 in current term 1: Already voted for candidate 7f56a852ff774ae3bf4b2db3fdd9e794 in this term.
I0401 16:41:42.841931 14054 leader_election.cc:310] T b037d993bb1c4d0e973c88f5232fcec4 P 3b217a135438461a92af851b0ff0e3b1 [CANDIDATE]: Term 1 pre-election: Election decided. Result: candidate lost. Election summary: received 3 responses out of 3 voters: 1 yes votes; 2 no votes. yes voters: 3b217a135438461a92af851b0ff0e3b1; no voters: 7f56a852ff774ae3bf4b2db3fdd9e794, c8a139e6be04411cafa08fa475b4a949
I0401 16:41:42.842087 14327 raft_consensus.cc:2588] T d854a8d5225f43a7a40cfcec0bd9c1d5 P 3b217a135438461a92af851b0ff0e3b1 [term 1 FOLLOWER]: Leader pre-election lost for term 1. Reason: could not achieve majority
I0401 16:41:42.842269 14327 raft_consensus.cc:2886] T b037d993bb1c4d0e973c88f5232fcec4 P 3b217a135438461a92af851b0ff0e3b1 [term 0 FOLLOWER]: Advancing to term 1
I0401 16:41:42.847156 14327 raft_consensus.cc:2588] T b037d993bb1c4d0e973c88f5232fcec4 P 3b217a135438461a92af851b0ff0e3b1 [term 1 FOLLOWER]: Leader pre-election lost for term 1. Reason: could not achieve majority
I0401 16:41:42.855401 14045 catalog_manager.cc:1111] T 00000000000000000000000000000000 P 8b91977a995b40aeb8aa0beaa589da13: acquiring CA information for follower catalog manager: success
I0401 16:41:42.857924 14045 catalog_manager.cc:1139] T 00000000000000000000000000000000 P 8b91977a995b40aeb8aa0beaa589da13: importing token verification keys for follower catalog manager: success; most recent TSK sequence number 0
I0401 16:41:42.877583 14090 raft_consensus.cc:1181] T f7b07c95350a4913ac25ac4e7fe1d56f P 3b217a135438461a92af851b0ff0e3b1 [term 1 FOLLOWER]: Refusing update from remote peer 7f56a852ff774ae3bf4b2db3fdd9e794: Log matching property violated. Preceding OpId in replica: term: 0 index: 0. Preceding OpId from leader: term: 1 index: 1. (index mismatch)
I0401 16:41:42.878612 14295 consensus_queue.cc:984] T f7b07c95350a4913ac25ac4e7fe1d56f P 7f56a852ff774ae3bf4b2db3fdd9e794 [LEADER]: Connected to new peer: Peer: permanent_uuid: "3b217a135438461a92af851b0ff0e3b1" member_type: VOTER last_known_addr { host: "127.11.224.1" port: 60190 }, Status: LMP_MISMATCH, Last received: 0.0, Next index: 1, Last known committed idx: 0, Time since last communication: 0.000s
I0401 16:41:42.883543 14048 catalog_manager.cc:1111] T 00000000000000000000000000000000 P 7add0c01d1c845d6af1e6612d46558c1: acquiring CA information for follower catalog manager: success
I0401 16:41:42.890766 14163 raft_consensus.cc:1181] T f7b07c95350a4913ac25ac4e7fe1d56f P c8a139e6be04411cafa08fa475b4a949 [term 1 FOLLOWER]: Refusing update from remote peer 7f56a852ff774ae3bf4b2db3fdd9e794: Log matching property violated. Preceding OpId in replica: term: 0 index: 0. Preceding OpId from leader: term: 1 index: 1. (index mismatch)
I0401 16:41:42.892081 14048 catalog_manager.cc:1139] T 00000000000000000000000000000000 P 7add0c01d1c845d6af1e6612d46558c1: importing token verification keys for follower catalog manager: success; most recent TSK sequence number 0
I0401 16:41:42.892201 14295 consensus_queue.cc:984] T f7b07c95350a4913ac25ac4e7fe1d56f P 7f56a852ff774ae3bf4b2db3fdd9e794 [LEADER]: Connected to new peer: Peer: permanent_uuid: "c8a139e6be04411cafa08fa475b4a949" member_type: VOTER last_known_addr { host: "127.11.224.2" port: 56141 }, Status: LMP_MISMATCH, Last received: 0.0, Next index: 1, Last known committed idx: 0, Time since last communication: 0.001s
I0401 16:41:42.901916 14164 raft_consensus.cc:1181] T b037d993bb1c4d0e973c88f5232fcec4 P c8a139e6be04411cafa08fa475b4a949 [term 1 FOLLOWER]: Refusing update from remote peer 7f56a852ff774ae3bf4b2db3fdd9e794: Log matching property violated. Preceding OpId in replica: term: 0 index: 0. Preceding OpId from leader: term: 1 index: 1. (index mismatch)
I0401 16:41:42.902951 14295 consensus_queue.cc:984] T b037d993bb1c4d0e973c88f5232fcec4 P 7f56a852ff774ae3bf4b2db3fdd9e794 [LEADER]: Connected to new peer: Peer: permanent_uuid: "c8a139e6be04411cafa08fa475b4a949" member_type: VOTER last_known_addr { host: "127.11.224.2" port: 56141 }, Status: LMP_MISMATCH, Last received: 0.0, Next index: 1, Last known committed idx: 0, Time since last communication: 0.000s
I0401 16:41:42.917245 14090 raft_consensus.cc:1181] T b037d993bb1c4d0e973c88f5232fcec4 P 3b217a135438461a92af851b0ff0e3b1 [term 1 FOLLOWER]: Refusing update from remote peer 7f56a852ff774ae3bf4b2db3fdd9e794: Log matching property violated. Preceding OpId in replica: term: 0 index: 0. Preceding OpId from leader: term: 1 index: 1. (index mismatch)
I0401 16:41:42.918702 14316 consensus_queue.cc:984] T b037d993bb1c4d0e973c88f5232fcec4 P 7f56a852ff774ae3bf4b2db3fdd9e794 [LEADER]: Connected to new peer: Peer: permanent_uuid: "3b217a135438461a92af851b0ff0e3b1" member_type: VOTER last_known_addr { host: "127.11.224.1" port: 60190 }, Status: LMP_MISMATCH, Last received: 0.0, Next index: 1, Last known committed idx: 0, Time since last communication: 0.001s
I0401 16:41:42.980033 14163 raft_consensus.cc:1181] T 676a5ec766f84ebebe099001cd7401a9 P c8a139e6be04411cafa08fa475b4a949 [term 1 FOLLOWER]: Refusing update from remote peer 7f56a852ff774ae3bf4b2db3fdd9e794: Log matching property violated. Preceding OpId in replica: term: 0 index: 0. Preceding OpId from leader: term: 1 index: 1. (index mismatch)
I0401 16:41:42.980816 14316 consensus_queue.cc:984] T 676a5ec766f84ebebe099001cd7401a9 P 7f56a852ff774ae3bf4b2db3fdd9e794 [LEADER]: Connected to new peer: Peer: permanent_uuid: "c8a139e6be04411cafa08fa475b4a949" member_type: VOTER last_known_addr { host: "127.11.224.2" port: 56141 }, Status: LMP_MISMATCH, Last received: 0.0, Next index: 1, Last known committed idx: 0, Time since last communication: 0.000s
I0401 16:41:42.993721 14090 raft_consensus.cc:1181] T 676a5ec766f84ebebe099001cd7401a9 P 3b217a135438461a92af851b0ff0e3b1 [term 1 FOLLOWER]: Refusing update from remote peer 7f56a852ff774ae3bf4b2db3fdd9e794: Log matching property violated. Preceding OpId in replica: term: 0 index: 0. Preceding OpId from leader: term: 1 index: 1. (index mismatch)
I0401 16:41:42.995328 14316 consensus_queue.cc:984] T 676a5ec766f84ebebe099001cd7401a9 P 7f56a852ff774ae3bf4b2db3fdd9e794 [LEADER]: Connected to new peer: Peer: permanent_uuid: "3b217a135438461a92af851b0ff0e3b1" member_type: VOTER last_known_addr { host: "127.11.224.1" port: 60190 }, Status: LMP_MISMATCH, Last received: 0.0, Next index: 1, Last known committed idx: 0, Time since last communication: 0.000s
I0401 16:41:42.997786 14163 raft_consensus.cc:1181] T f3a8c8f94f44477aa2aba69e0834cd23 P c8a139e6be04411cafa08fa475b4a949 [term 1 FOLLOWER]: Refusing update from remote peer 3b217a135438461a92af851b0ff0e3b1: Log matching property violated. Preceding OpId in replica: term: 0 index: 0. Preceding OpId from leader: term: 1 index: 1. (index mismatch)
I0401 16:41:42.998464 14327 consensus_queue.cc:984] T f3a8c8f94f44477aa2aba69e0834cd23 P 3b217a135438461a92af851b0ff0e3b1 [LEADER]: Connected to new peer: Peer: permanent_uuid: "c8a139e6be04411cafa08fa475b4a949" member_type: VOTER last_known_addr { host: "127.11.224.2" port: 56141 }, Status: LMP_MISMATCH, Last received: 0.0, Next index: 1, Last known committed idx: 0, Time since last communication: 0.000s
I0401 16:41:43.016702 14242 raft_consensus.cc:1181] T f3a8c8f94f44477aa2aba69e0834cd23 P 7f56a852ff774ae3bf4b2db3fdd9e794 [term 1 FOLLOWER]: Refusing update from remote peer 3b217a135438461a92af851b0ff0e3b1: Log matching property violated. Preceding OpId in replica: term: 0 index: 0. Preceding OpId from leader: term: 1 index: 1. (index mismatch)
I0401 16:41:43.018290 14327 consensus_queue.cc:984] T f3a8c8f94f44477aa2aba69e0834cd23 P 3b217a135438461a92af851b0ff0e3b1 [LEADER]: Connected to new peer: Peer: permanent_uuid: "7f56a852ff774ae3bf4b2db3fdd9e794" member_type: VOTER last_known_addr { host: "127.11.224.3" port: 41734 }, Status: LMP_MISMATCH, Last received: 0.0, Next index: 1, Last known committed idx: 0, Time since last communication: 0.001s
I0401 16:41:43.035223 14089 raft_consensus.cc:1181] T d854a8d5225f43a7a40cfcec0bd9c1d5 P 3b217a135438461a92af851b0ff0e3b1 [term 1 FOLLOWER]: Refusing update from remote peer c8a139e6be04411cafa08fa475b4a949: Log matching property violated. Preceding OpId in replica: term: 0 index: 0. Preceding OpId from leader: term: 1 index: 1. (index mismatch)
I0401 16:41:43.036134 14294 consensus_queue.cc:984] T d854a8d5225f43a7a40cfcec0bd9c1d5 P c8a139e6be04411cafa08fa475b4a949 [LEADER]: Connected to new peer: Peer: permanent_uuid: "3b217a135438461a92af851b0ff0e3b1" member_type: VOTER last_known_addr { host: "127.11.224.1" port: 60190 }, Status: LMP_MISMATCH, Last received: 0.0, Next index: 1, Last known committed idx: 0, Time since last communication: 0.001s
I0401 16:41:43.038571 14241 raft_consensus.cc:1181] T d854a8d5225f43a7a40cfcec0bd9c1d5 P 7f56a852ff774ae3bf4b2db3fdd9e794 [term 1 FOLLOWER]: Refusing update from remote peer c8a139e6be04411cafa08fa475b4a949: Log matching property violated. Preceding OpId in replica: term: 0 index: 0. Preceding OpId from leader: term: 1 index: 1. (index mismatch)
I0401 16:41:43.039243 14294 consensus_queue.cc:984] T d854a8d5225f43a7a40cfcec0bd9c1d5 P c8a139e6be04411cafa08fa475b4a949 [LEADER]: Connected to new peer: Peer: permanent_uuid: "7f56a852ff774ae3bf4b2db3fdd9e794" member_type: VOTER last_known_addr { host: "127.11.224.3" port: 41734 }, Status: LMP_MISMATCH, Last received: 0.0, Next index: 1, Last known committed idx: 0, Time since last communication: 0.000s
I0401 16:41:43.040653 14241 raft_consensus.cc:1181] T 97c087eb8f4a49a8aab7f45d389073bd P 7f56a852ff774ae3bf4b2db3fdd9e794 [term 1 FOLLOWER]: Refusing update from remote peer c8a139e6be04411cafa08fa475b4a949: Log matching property violated. Preceding OpId in replica: term: 0 index: 0. Preceding OpId from leader: term: 1 index: 1. (index mismatch)
I0401 16:41:43.041996 14294 consensus_queue.cc:984] T 97c087eb8f4a49a8aab7f45d389073bd P c8a139e6be04411cafa08fa475b4a949 [LEADER]: Connected to new peer: Peer: permanent_uuid: "7f56a852ff774ae3bf4b2db3fdd9e794" member_type: VOTER last_known_addr { host: "127.11.224.3" port: 41734 }, Status: LMP_MISMATCH, Last received: 0.0, Next index: 1, Last known committed idx: 0, Time since last communication: 0.000s
I0401 16:41:43.048032 14243 raft_consensus.cc:2886] T 13a6988475ce40e693996f0f56711a1a P 7f56a852ff774ae3bf4b2db3fdd9e794 [term 0 FOLLOWER]: Advancing to term 1
I0401 16:41:43.052878 14243 raft_consensus.cc:1181] T 13a6988475ce40e693996f0f56711a1a P 7f56a852ff774ae3bf4b2db3fdd9e794 [term 1 FOLLOWER]: Refusing update from remote peer c8a139e6be04411cafa08fa475b4a949: Log matching property violated. Preceding OpId in replica: term: 0 index: 0. Preceding OpId from leader: term: 1 index: 1. (index mismatch)
I0401 16:41:43.054040 14308 consensus_queue.cc:984] T 13a6988475ce40e693996f0f56711a1a P c8a139e6be04411cafa08fa475b4a949 [LEADER]: Connected to new peer: Peer: permanent_uuid: "7f56a852ff774ae3bf4b2db3fdd9e794" member_type: VOTER last_known_addr { host: "127.11.224.3" port: 41734 }, Status: LMP_MISMATCH, Last received: 0.0, Next index: 1, Last known committed idx: 0, Time since last communication: 0.001s
I0401 16:41:43.057596 14243 raft_consensus.cc:1181] T c436001f027647dfa8569052010729a6 P 7f56a852ff774ae3bf4b2db3fdd9e794 [term 1 FOLLOWER]: Refusing update from remote peer 3b217a135438461a92af851b0ff0e3b1: Log matching property violated. Preceding OpId in replica: term: 0 index: 0. Preceding OpId from leader: term: 1 index: 1. (index mismatch)
I0401 16:41:43.058167 14327 consensus_queue.cc:984] T c436001f027647dfa8569052010729a6 P 3b217a135438461a92af851b0ff0e3b1 [LEADER]: Connected to new peer: Peer: permanent_uuid: "7f56a852ff774ae3bf4b2db3fdd9e794" member_type: VOTER last_known_addr { host: "127.11.224.3" port: 41734 }, Status: LMP_MISMATCH, Last received: 0.0, Next index: 1, Last known committed idx: 0, Time since last communication: 0.000s
I0401 16:41:43.069597 14089 raft_consensus.cc:2886] T 97c087eb8f4a49a8aab7f45d389073bd P 3b217a135438461a92af851b0ff0e3b1 [term 0 FOLLOWER]: Advancing to term 1
I0401 16:41:43.074620 14163 raft_consensus.cc:1181] T c436001f027647dfa8569052010729a6 P c8a139e6be04411cafa08fa475b4a949 [term 1 FOLLOWER]: Refusing update from remote peer 3b217a135438461a92af851b0ff0e3b1: Log matching property violated. Preceding OpId in replica: term: 0 index: 0. Preceding OpId from leader: term: 1 index: 1. (index mismatch)
I0401 16:41:43.077296 14327 consensus_queue.cc:984] T c436001f027647dfa8569052010729a6 P 3b217a135438461a92af851b0ff0e3b1 [LEADER]: Connected to new peer: Peer: permanent_uuid: "c8a139e6be04411cafa08fa475b4a949" member_type: VOTER last_known_addr { host: "127.11.224.2" port: 56141 }, Status: LMP_MISMATCH, Last received: 0.0, Next index: 1, Last known committed idx: 0, Time since last communication: 0.001s
I0401 16:41:43.083825 14090 raft_consensus.cc:1181] T 13a6988475ce40e693996f0f56711a1a P 3b217a135438461a92af851b0ff0e3b1 [term 1 FOLLOWER]: Refusing update from remote peer c8a139e6be04411cafa08fa475b4a949: Log matching property violated. Preceding OpId in replica: term: 0 index: 0. Preceding OpId from leader: term: 1 index: 1. (index mismatch)
I0401 16:41:43.084764 14089 raft_consensus.cc:1181] T 97c087eb8f4a49a8aab7f45d389073bd P 3b217a135438461a92af851b0ff0e3b1 [term 1 FOLLOWER]: Refusing update from remote peer c8a139e6be04411cafa08fa475b4a949: Log matching property violated. Preceding OpId in replica: term: 0 index: 0. Preceding OpId from leader: term: 1 index: 1. (index mismatch)
I0401 16:41:43.084692 14309 consensus_queue.cc:984] T 13a6988475ce40e693996f0f56711a1a P c8a139e6be04411cafa08fa475b4a949 [LEADER]: Connected to new peer: Peer: permanent_uuid: "3b217a135438461a92af851b0ff0e3b1" member_type: VOTER last_known_addr { host: "127.11.224.1" port: 60190 }, Status: LMP_MISMATCH, Last received: 0.0, Next index: 1, Last known committed idx: 0, Time since last communication: 0.000s
I0401 16:41:43.086381 14309 consensus_queue.cc:984] T 97c087eb8f4a49a8aab7f45d389073bd P c8a139e6be04411cafa08fa475b4a949 [LEADER]: Connected to new peer: Peer: permanent_uuid: "3b217a135438461a92af851b0ff0e3b1" member_type: VOTER last_known_addr { host: "127.11.224.1" port: 60190 }, Status: LMP_MISMATCH, Last received: 0.0, Next index: 1, Last known committed idx: 0, Time since last communication: 0.000s
I0401 16:41:43.165629 14163 raft_consensus.cc:1181] T 265f9ab062db4a7993f0dec921bf7c89 P c8a139e6be04411cafa08fa475b4a949 [term 1 FOLLOWER]: Refusing update from remote peer 3b217a135438461a92af851b0ff0e3b1: Log matching property violated. Preceding OpId in replica: term: 0 index: 0. Preceding OpId from leader: term: 1 index: 1. (index mismatch)
I0401 16:41:43.167845 14327 consensus_queue.cc:984] T 265f9ab062db4a7993f0dec921bf7c89 P 3b217a135438461a92af851b0ff0e3b1 [LEADER]: Connected to new peer: Peer: permanent_uuid: "c8a139e6be04411cafa08fa475b4a949" member_type: VOTER last_known_addr { host: "127.11.224.2" port: 56141 }, Status: LMP_MISMATCH, Last received: 0.0, Next index: 1, Last known committed idx: 0, Time since last communication: 0.000s
I0401 16:41:43.177827 14240 raft_consensus.cc:1181] T 265f9ab062db4a7993f0dec921bf7c89 P 7f56a852ff774ae3bf4b2db3fdd9e794 [term 1 FOLLOWER]: Refusing update from remote peer 3b217a135438461a92af851b0ff0e3b1: Log matching property violated. Preceding OpId in replica: term: 0 index: 0. Preceding OpId from leader: term: 1 index: 1. (index mismatch)
I0401 16:41:43.178289 14327 consensus_queue.cc:984] T 265f9ab062db4a7993f0dec921bf7c89 P 3b217a135438461a92af851b0ff0e3b1 [LEADER]: Connected to new peer: Peer: permanent_uuid: "7f56a852ff774ae3bf4b2db3fdd9e794" member_type: VOTER last_known_addr { host: "127.11.224.3" port: 41734 }, Status: LMP_MISMATCH, Last received: 0.0, Next index: 1, Last known committed idx: 0, Time since last communication: 0.000s
I0401 16:41:43.286231 12160 tablet_server.cc:165] TabletServer shutting down...
I0401 16:41:43.304220 12160 ts_tablet_manager.cc:1126] Shutting down tablet manager...
I0401 16:41:43.304323 12160 tablet_replica.cc:264] T d854a8d5225f43a7a40cfcec0bd9c1d5 P 3b217a135438461a92af851b0ff0e3b1: stopping tablet replica
I0401 16:41:43.304435 12160 raft_consensus.cc:2143] T d854a8d5225f43a7a40cfcec0bd9c1d5 P 3b217a135438461a92af851b0ff0e3b1 [term 1 FOLLOWER]: Raft consensus shutting down.
I0401 16:41:43.304527 12160 raft_consensus.cc:2170] T d854a8d5225f43a7a40cfcec0bd9c1d5 P 3b217a135438461a92af851b0ff0e3b1 [term 1 FOLLOWER]: Raft consensus is shut down!
I0401 16:41:43.305454 12160 tablet_replica.cc:264] T 97c087eb8f4a49a8aab7f45d389073bd P 3b217a135438461a92af851b0ff0e3b1: stopping tablet replica
I0401 16:41:43.305604 12160 raft_consensus.cc:2143] T 97c087eb8f4a49a8aab7f45d389073bd P 3b217a135438461a92af851b0ff0e3b1 [term 1 FOLLOWER]: Raft consensus shutting down.
I0401 16:41:43.305680 12160 raft_consensus.cc:2170] T 97c087eb8f4a49a8aab7f45d389073bd P 3b217a135438461a92af851b0ff0e3b1 [term 1 FOLLOWER]: Raft consensus is shut down!
I0401 16:41:43.306373 12160 tablet_replica.cc:264] T 13a6988475ce40e693996f0f56711a1a P 3b217a135438461a92af851b0ff0e3b1: stopping tablet replica
I0401 16:41:43.306453 12160 raft_consensus.cc:2143] T 13a6988475ce40e693996f0f56711a1a P 3b217a135438461a92af851b0ff0e3b1 [term 1 FOLLOWER]: Raft consensus shutting down.
I0401 16:41:43.306545 12160 raft_consensus.cc:2170] T 13a6988475ce40e693996f0f56711a1a P 3b217a135438461a92af851b0ff0e3b1 [term 1 FOLLOWER]: Raft consensus is shut down!
I0401 16:41:43.307267 12160 tablet_replica.cc:264] T 265f9ab062db4a7993f0dec921bf7c89 P 3b217a135438461a92af851b0ff0e3b1: stopping tablet replica
I0401 16:41:43.307346 12160 raft_consensus.cc:2143] T 265f9ab062db4a7993f0dec921bf7c89 P 3b217a135438461a92af851b0ff0e3b1 [term 1 LEADER]: Raft consensus shutting down.
I0401 16:41:43.307533 12160 raft_consensus.cc:2170] T 265f9ab062db4a7993f0dec921bf7c89 P 3b217a135438461a92af851b0ff0e3b1 [term 1 FOLLOWER]: Raft consensus is shut down!
I0401 16:41:43.308162 12160 tablet_replica.cc:264] T f7b07c95350a4913ac25ac4e7fe1d56f P 3b217a135438461a92af851b0ff0e3b1: stopping tablet replica
I0401 16:41:43.308236 12160 raft_consensus.cc:2143] T f7b07c95350a4913ac25ac4e7fe1d56f P 3b217a135438461a92af851b0ff0e3b1 [term 1 FOLLOWER]: Raft consensus shutting down.
I0401 16:41:43.308302 12160 raft_consensus.cc:2170] T f7b07c95350a4913ac25ac4e7fe1d56f P 3b217a135438461a92af851b0ff0e3b1 [term 1 FOLLOWER]: Raft consensus is shut down!
I0401 16:41:43.308814 12160 tablet_replica.cc:264] T c436001f027647dfa8569052010729a6 P 3b217a135438461a92af851b0ff0e3b1: stopping tablet replica
I0401 16:41:43.308910 12160 raft_consensus.cc:2143] T c436001f027647dfa8569052010729a6 P 3b217a135438461a92af851b0ff0e3b1 [term 1 LEADER]: Raft consensus shutting down.
I0401 16:41:43.309046 12160 raft_consensus.cc:2170] T c436001f027647dfa8569052010729a6 P 3b217a135438461a92af851b0ff0e3b1 [term 1 FOLLOWER]: Raft consensus is shut down!
I0401 16:41:43.309592 12160 tablet_replica.cc:264] T 676a5ec766f84ebebe099001cd7401a9 P 3b217a135438461a92af851b0ff0e3b1: stopping tablet replica
I0401 16:41:43.309662 12160 raft_consensus.cc:2143] T 676a5ec766f84ebebe099001cd7401a9 P 3b217a135438461a92af851b0ff0e3b1 [term 1 FOLLOWER]: Raft consensus shutting down.
I0401 16:41:43.309726 12160 raft_consensus.cc:2170] T 676a5ec766f84ebebe099001cd7401a9 P 3b217a135438461a92af851b0ff0e3b1 [term 1 FOLLOWER]: Raft consensus is shut down!
I0401 16:41:43.310237 12160 tablet_replica.cc:264] T 25462a2724aa4e57b7b90498c8c2fade P 3b217a135438461a92af851b0ff0e3b1: stopping tablet replica
I0401 16:41:43.310309 12160 raft_consensus.cc:2143] T 25462a2724aa4e57b7b90498c8c2fade P 3b217a135438461a92af851b0ff0e3b1 [term 1 FOLLOWER]: Raft consensus shutting down.
I0401 16:41:43.310374 12160 raft_consensus.cc:2170] T 25462a2724aa4e57b7b90498c8c2fade P 3b217a135438461a92af851b0ff0e3b1 [term 1 FOLLOWER]: Raft consensus is shut down!
I0401 16:41:43.311034 12160 tablet_replica.cc:264] T b037d993bb1c4d0e973c88f5232fcec4 P 3b217a135438461a92af851b0ff0e3b1: stopping tablet replica
I0401 16:41:43.311105 12160 raft_consensus.cc:2143] T b037d993bb1c4d0e973c88f5232fcec4 P 3b217a135438461a92af851b0ff0e3b1 [term 1 FOLLOWER]: Raft consensus shutting down.
I0401 16:41:43.311169 12160 raft_consensus.cc:2170] T b037d993bb1c4d0e973c88f5232fcec4 P 3b217a135438461a92af851b0ff0e3b1 [term 1 FOLLOWER]: Raft consensus is shut down!
I0401 16:41:43.311892 12160 tablet_replica.cc:264] T f3a8c8f94f44477aa2aba69e0834cd23 P 3b217a135438461a92af851b0ff0e3b1: stopping tablet replica
I0401 16:41:43.311980 12160 raft_consensus.cc:2143] T f3a8c8f94f44477aa2aba69e0834cd23 P 3b217a135438461a92af851b0ff0e3b1 [term 1 LEADER]: Raft consensus shutting down.
I0401 16:41:43.312130 12160 raft_consensus.cc:2170] T f3a8c8f94f44477aa2aba69e0834cd23 P 3b217a135438461a92af851b0ff0e3b1 [term 1 FOLLOWER]: Raft consensus is shut down!
I0401 16:41:43.320363 12160 tablet_server.cc:179] TabletServer shutdown complete.
I0401 16:41:43.320415 12160 tablet_server.cc:165] TabletServer shutting down...
I0401 16:41:43.320550 12160 tablet_server.cc:179] TabletServer shutdown complete.
I0401 16:41:43.325196 12160 tablet_server.cc:165] TabletServer shutting down...
I0401 16:41:43.348752 12160 ts_tablet_manager.cc:1126] Shutting down tablet manager...
I0401 16:41:43.348868 12160 tablet_replica.cc:264] T 265f9ab062db4a7993f0dec921bf7c89 P c8a139e6be04411cafa08fa475b4a949: stopping tablet replica
I0401 16:41:43.349004 12160 raft_consensus.cc:2143] T 265f9ab062db4a7993f0dec921bf7c89 P c8a139e6be04411cafa08fa475b4a949 [term 1 FOLLOWER]: Raft consensus shutting down.
I0401 16:41:43.349143 12160 raft_consensus.cc:2170] T 265f9ab062db4a7993f0dec921bf7c89 P c8a139e6be04411cafa08fa475b4a949 [term 1 FOLLOWER]: Raft consensus is shut down!
I0401 16:41:43.350720 12160 tablet_replica.cc:264] T c436001f027647dfa8569052010729a6 P c8a139e6be04411cafa08fa475b4a949: stopping tablet replica
I0401 16:41:43.350847 12160 raft_consensus.cc:2143] T c436001f027647dfa8569052010729a6 P c8a139e6be04411cafa08fa475b4a949 [term 1 FOLLOWER]: Raft consensus shutting down.
I0401 16:41:43.350965 12160 raft_consensus.cc:2170] T c436001f027647dfa8569052010729a6 P c8a139e6be04411cafa08fa475b4a949 [term 1 FOLLOWER]: Raft consensus is shut down!
I0401 16:41:43.351692 12160 tablet_replica.cc:264] T f7b07c95350a4913ac25ac4e7fe1d56f P c8a139e6be04411cafa08fa475b4a949: stopping tablet replica
I0401 16:41:43.351783 12160 raft_consensus.cc:2143] T f7b07c95350a4913ac25ac4e7fe1d56f P c8a139e6be04411cafa08fa475b4a949 [term 1 FOLLOWER]: Raft consensus shutting down.
I0401 16:41:43.351862 12160 raft_consensus.cc:2170] T f7b07c95350a4913ac25ac4e7fe1d56f P c8a139e6be04411cafa08fa475b4a949 [term 1 FOLLOWER]: Raft consensus is shut down!
I0401 16:41:43.352517 12160 tablet_replica.cc:264] T 97c087eb8f4a49a8aab7f45d389073bd P c8a139e6be04411cafa08fa475b4a949: stopping tablet replica
I0401 16:41:43.352607 12160 raft_consensus.cc:2143] T 97c087eb8f4a49a8aab7f45d389073bd P c8a139e6be04411cafa08fa475b4a949 [term 1 LEADER]: Raft consensus shutting down.
I0401 16:41:43.352782 12160 raft_consensus.cc:2170] T 97c087eb8f4a49a8aab7f45d389073bd P c8a139e6be04411cafa08fa475b4a949 [term 1 FOLLOWER]: Raft consensus is shut down!
I0401 16:41:43.353370 12160 tablet_replica.cc:264] T d854a8d5225f43a7a40cfcec0bd9c1d5 P c8a139e6be04411cafa08fa475b4a949: stopping tablet replica
I0401 16:41:43.353459 12160 raft_consensus.cc:2143] T d854a8d5225f43a7a40cfcec0bd9c1d5 P c8a139e6be04411cafa08fa475b4a949 [term 1 LEADER]: Raft consensus shutting down.
I0401 16:41:43.353601 12160 raft_consensus.cc:2170] T d854a8d5225f43a7a40cfcec0bd9c1d5 P c8a139e6be04411cafa08fa475b4a949 [term 1 FOLLOWER]: Raft consensus is shut down!
I0401 16:41:43.354200 12160 tablet_replica.cc:264] T 13a6988475ce40e693996f0f56711a1a P c8a139e6be04411cafa08fa475b4a949: stopping tablet replica
I0401 16:41:43.354285 12160 raft_consensus.cc:2143] T 13a6988475ce40e693996f0f56711a1a P c8a139e6be04411cafa08fa475b4a949 [term 1 LEADER]: Raft consensus shutting down.
I0401 16:41:43.354431 12160 raft_consensus.cc:2170] T 13a6988475ce40e693996f0f56711a1a P c8a139e6be04411cafa08fa475b4a949 [term 1 FOLLOWER]: Raft consensus is shut down!
I0401 16:41:43.355063 12160 tablet_replica.cc:264] T f3a8c8f94f44477aa2aba69e0834cd23 P c8a139e6be04411cafa08fa475b4a949: stopping tablet replica
I0401 16:41:43.355149 12160 raft_consensus.cc:2143] T f3a8c8f94f44477aa2aba69e0834cd23 P c8a139e6be04411cafa08fa475b4a949 [term 1 FOLLOWER]: Raft consensus shutting down.
I0401 16:41:43.355224 12160 raft_consensus.cc:2170] T f3a8c8f94f44477aa2aba69e0834cd23 P c8a139e6be04411cafa08fa475b4a949 [term 1 FOLLOWER]: Raft consensus is shut down!
I0401 16:41:43.355782 12160 tablet_replica.cc:264] T b037d993bb1c4d0e973c88f5232fcec4 P c8a139e6be04411cafa08fa475b4a949: stopping tablet replica
I0401 16:41:43.355871 12160 raft_consensus.cc:2143] T b037d993bb1c4d0e973c88f5232fcec4 P c8a139e6be04411cafa08fa475b4a949 [term 1 FOLLOWER]: Raft consensus shutting down.
I0401 16:41:43.355963 12160 raft_consensus.cc:2170] T b037d993bb1c4d0e973c88f5232fcec4 P c8a139e6be04411cafa08fa475b4a949 [term 1 FOLLOWER]: Raft consensus is shut down!
I0401 16:41:43.356570 12160 tablet_replica.cc:264] T 676a5ec766f84ebebe099001cd7401a9 P c8a139e6be04411cafa08fa475b4a949: stopping tablet replica
I0401 16:41:43.356652 12160 raft_consensus.cc:2143] T 676a5ec766f84ebebe099001cd7401a9 P c8a139e6be04411cafa08fa475b4a949 [term 1 FOLLOWER]: Raft consensus shutting down.
I0401 16:41:43.356726 12160 raft_consensus.cc:2170] T 676a5ec766f84ebebe099001cd7401a9 P c8a139e6be04411cafa08fa475b4a949 [term 1 FOLLOWER]: Raft consensus is shut down!
I0401 16:41:43.357241 12160 tablet_replica.cc:264] T 25462a2724aa4e57b7b90498c8c2fade P c8a139e6be04411cafa08fa475b4a949: stopping tablet replica
I0401 16:41:43.357336 12160 raft_consensus.cc:2143] T 25462a2724aa4e57b7b90498c8c2fade P c8a139e6be04411cafa08fa475b4a949 [term 1 LEADER]: Raft consensus shutting down.
I0401 16:41:43.357482 12160 raft_consensus.cc:2170] T 25462a2724aa4e57b7b90498c8c2fade P c8a139e6be04411cafa08fa475b4a949 [term 1 FOLLOWER]: Raft consensus is shut down!
W0401 16:41:43.363237 14207 consensus_peers.cc:457] T b037d993bb1c4d0e973c88f5232fcec4 P 7f56a852ff774ae3bf4b2db3fdd9e794 -> Peer c8a139e6be04411cafa08fa475b4a949 (127.11.224.2:56141): Couldn't send request to peer c8a139e6be04411cafa08fa475b4a949. Status: Network error: recv got EOF from 127.11.224.2:56141 (error 108). This is attempt 1: this message will repeat every 5th retry.
I0401 16:41:43.374624 12160 tablet_server.cc:179] TabletServer shutdown complete.
I0401 16:41:43.374680 12160 tablet_server.cc:165] TabletServer shutting down...
I0401 16:41:43.374851 12160 tablet_server.cc:179] TabletServer shutdown complete.
W0401 16:41:43.379426 14204 consensus_peers.cc:457] T 676a5ec766f84ebebe099001cd7401a9 P 7f56a852ff774ae3bf4b2db3fdd9e794 -> Peer 3b217a135438461a92af851b0ff0e3b1 (127.11.224.1:60190): Couldn't send request to peer 3b217a135438461a92af851b0ff0e3b1. Status: Network error: Client connection negotiation failed: client connection to 127.11.224.1:60190: connect: Connection refused (error 111). This is attempt 1: this message will repeat every 5th retry.
