W0401 16:41:45.629920 15176 catalog_manager.cc:1113] T 00000000000000000000000000000000 P 866eb3aa863645639487aa432aefaa71: acquiring CA information for follower catalog manager: Not found: root CA entry not found
W0401 16:41:45.629971 15176 catalog_manager.cc:594] Not found: root CA entry not found: failed to prepare follower catalog manager, will retry
I0401 16:41:45.630571 15114 tablet_bootstrap.cc:439] T 00000000000000000000000000000000 P 17d307571a004ef88f4d3c1a723610be: No bootstrap required, opened a new log
I0401 16:41:45.632516 15114 raft_consensus.cc:340] T 00000000000000000000000000000000 P 17d307571a004ef88f4d3c1a723610be [term 0 FOLLOWER]: Replica starting. Triggering 0 pending transactions. Active config: opid_index: -1 OBSOLETE_local: false peers { permanent_uuid: "eb648a2ef68b4313979717f88e363b20" member_type: VOTER last_known_addr { host: "127.11.224.62" port: 46307 } } peers { permanent_uuid: "17d307571a004ef88f4d3c1a723610be" member_type: VOTER last_known_addr { host: "127.11.224.61" port: 41024 } } peers { permanent_uuid: "866eb3aa863645639487aa432aefaa71" member_type: VOTER last_known_addr { host: "127.11.224.60" port: 45270 } }
I0401 16:41:45.632711 15114 raft_consensus.cc:366] T 00000000000000000000000000000000 P 17d307571a004ef88f4d3c1a723610be [term 0 FOLLOWER]: Consensus starting up: Expiring failure detector timer to make a prompt election more likely
I0401 16:41:45.632747 15114 raft_consensus.cc:705] T 00000000000000000000000000000000 P 17d307571a004ef88f4d3c1a723610be [term 0 FOLLOWER]: Becoming Follower/Learner. State: Replica: 17d307571a004ef88f4d3c1a723610be, State: Initialized, Role: FOLLOWER
I0401 16:41:45.633113 15114 consensus_queue.cc:229] T 00000000000000000000000000000000 P 17d307571a004ef88f4d3c1a723610be [NON_LEADER]: Queue going to NON_LEADER mode. State: All replicated index: 0, Majority replicated index: 0, Committed index: 0, Last appended: 0.0, Last appended by leader: 0, Current term: 0, Majority size: -1, State: 0, Mode: NON_LEADER, active raft config: opid_index: -1 OBSOLETE_local: false peers { permanent_uuid: "eb648a2ef68b4313979717f88e363b20" member_type: VOTER last_known_addr { host: "127.11.224.62" port: 46307 } } peers { permanent_uuid: "17d307571a004ef88f4d3c1a723610be" member_type: VOTER last_known_addr { host: "127.11.224.61" port: 41024 } } peers { permanent_uuid: "866eb3aa863645639487aa432aefaa71" member_type: VOTER last_known_addr { host: "127.11.224.60" port: 45270 } }
I0401 16:41:45.633200 15057 sys_catalog.cc:304] member_type: VOTER last_known_addr { host: "127.11.224.60" port: 45270 } has no permanent_uuid. Determining permanent_uuid...
I0401 16:41:45.633625 15114 sys_catalog.cc:337] T 00000000000000000000000000000000 P 17d307571a004ef88f4d3c1a723610be [sys.catalog]: SysCatalogTable state changed. Reason: Started TabletReplica. Latest consensus state: current_term: 0 committed_config { opid_index: -1 OBSOLETE_local: false peers { permanent_uuid: "eb648a2ef68b4313979717f88e363b20" member_type: VOTER last_known_addr { host: "127.11.224.62" port: 46307 } } peers { permanent_uuid: "17d307571a004ef88f4d3c1a723610be" member_type: VOTER last_known_addr { host: "127.11.224.61" port: 41024 } } peers { permanent_uuid: "866eb3aa863645639487aa432aefaa71" member_type: VOTER last_known_addr { host: "127.11.224.60" port: 45270 } } }
I0401 16:41:45.633854 15114 sys_catalog.cc:340] T 00000000000000000000000000000000 P 17d307571a004ef88f4d3c1a723610be [sys.catalog]: This master's current role is: FOLLOWER
I0401 16:41:45.634011 15178 sys_catalog.cc:337] T 00000000000000000000000000000000 P 17d307571a004ef88f4d3c1a723610be [sys.catalog]: SysCatalogTable state changed. Reason: RaftConsensus started. Latest consensus state: current_term: 0 committed_config { opid_index: -1 OBSOLETE_local: false peers { permanent_uuid: "eb648a2ef68b4313979717f88e363b20" member_type: VOTER last_known_addr { host: "127.11.224.62" port: 46307 } } peers { permanent_uuid: "17d307571a004ef88f4d3c1a723610be" member_type: VOTER last_known_addr { host: "127.11.224.61" port: 41024 } } peers { permanent_uuid: "866eb3aa863645639487aa432aefaa71" member_type: VOTER last_known_addr { host: "127.11.224.60" port: 45270 } } }
I0401 16:41:45.634219 15178 sys_catalog.cc:340] T 00000000000000000000000000000000 P 17d307571a004ef88f4d3c1a723610be [sys.catalog]: This master's current role is: FOLLOWER
I0401 16:41:45.634411 15114 sys_catalog.cc:424] T 00000000000000000000000000000000 P 17d307571a004ef88f4d3c1a723610be [sys.catalog]: configured and running, proceeding with master startup.
W0401 16:41:45.636134 15179 catalog_manager.cc:1113] T 00000000000000000000000000000000 P 17d307571a004ef88f4d3c1a723610be: acquiring CA information for follower catalog manager: Not found: root CA entry not found
W0401 16:41:45.636178 15179 catalog_manager.cc:594] Not found: root CA entry not found: failed to prepare follower catalog manager, will retry
I0401 16:41:45.639084 15057 tablet_bootstrap.cc:439] T 00000000000000000000000000000000 P eb648a2ef68b4313979717f88e363b20: Bootstrap starting.
I0401 16:41:45.639972 15057 tablet_bootstrap.cc:590] T 00000000000000000000000000000000 P eb648a2ef68b4313979717f88e363b20: No blocks or log segments found. Creating new log.
I0401 16:41:45.641163 15057 tablet_bootstrap.cc:439] T 00000000000000000000000000000000 P eb648a2ef68b4313979717f88e363b20: No bootstrap required, opened a new log
I0401 16:41:45.641623 15057 raft_consensus.cc:340] T 00000000000000000000000000000000 P eb648a2ef68b4313979717f88e363b20 [term 0 FOLLOWER]: Replica starting. Triggering 0 pending transactions. Active config: opid_index: -1 OBSOLETE_local: false peers { permanent_uuid: "eb648a2ef68b4313979717f88e363b20" member_type: VOTER last_known_addr { host: "127.11.224.62" port: 46307 } } peers { permanent_uuid: "17d307571a004ef88f4d3c1a723610be" member_type: VOTER last_known_addr { host: "127.11.224.61" port: 41024 } } peers { permanent_uuid: "866eb3aa863645639487aa432aefaa71" member_type: VOTER last_known_addr { host: "127.11.224.60" port: 45270 } }
I0401 16:41:45.641741 15057 raft_consensus.cc:366] T 00000000000000000000000000000000 P eb648a2ef68b4313979717f88e363b20 [term 0 FOLLOWER]: Consensus starting up: Expiring failure detector timer to make a prompt election more likely
I0401 16:41:45.641762 15057 raft_consensus.cc:705] T 00000000000000000000000000000000 P eb648a2ef68b4313979717f88e363b20 [term 0 FOLLOWER]: Becoming Follower/Learner. State: Replica: eb648a2ef68b4313979717f88e363b20, State: Initialized, Role: FOLLOWER
I0401 16:41:45.641878 15057 consensus_queue.cc:229] T 00000000000000000000000000000000 P eb648a2ef68b4313979717f88e363b20 [NON_LEADER]: Queue going to NON_LEADER mode. State: All replicated index: 0, Majority replicated index: 0, Committed index: 0, Last appended: 0.0, Last appended by leader: 0, Current term: 0, Majority size: -1, State: 0, Mode: NON_LEADER, active raft config: opid_index: -1 OBSOLETE_local: false peers { permanent_uuid: "eb648a2ef68b4313979717f88e363b20" member_type: VOTER last_known_addr { host: "127.11.224.62" port: 46307 } } peers { permanent_uuid: "17d307571a004ef88f4d3c1a723610be" member_type: VOTER last_known_addr { host: "127.11.224.61" port: 41024 } } peers { permanent_uuid: "866eb3aa863645639487aa432aefaa71" member_type: VOTER last_known_addr { host: "127.11.224.60" port: 45270 } }
I0401 16:41:45.642240 15057 sys_catalog.cc:337] T 00000000000000000000000000000000 P eb648a2ef68b4313979717f88e363b20 [sys.catalog]: SysCatalogTable state changed. Reason: Started TabletReplica. Latest consensus state: current_term: 0 committed_config { opid_index: -1 OBSOLETE_local: false peers { permanent_uuid: "eb648a2ef68b4313979717f88e363b20" member_type: VOTER last_known_addr { host: "127.11.224.62" port: 46307 } } peers { permanent_uuid: "17d307571a004ef88f4d3c1a723610be" member_type: VOTER last_known_addr { host: "127.11.224.61" port: 41024 } } peers { permanent_uuid: "866eb3aa863645639487aa432aefaa71" member_type: VOTER last_known_addr { host: "127.11.224.60" port: 45270 } } }
I0401 16:41:45.642355 15057 sys_catalog.cc:340] T 00000000000000000000000000000000 P eb648a2ef68b4313979717f88e363b20 [sys.catalog]: This master's current role is: FOLLOWER
I0401 16:41:45.642292 15181 sys_catalog.cc:337] T 00000000000000000000000000000000 P eb648a2ef68b4313979717f88e363b20 [sys.catalog]: SysCatalogTable state changed. Reason: RaftConsensus started. Latest consensus state: current_term: 0 committed_config { opid_index: -1 OBSOLETE_local: false peers { permanent_uuid: "eb648a2ef68b4313979717f88e363b20" member_type: VOTER last_known_addr { host: "127.11.224.62" port: 46307 } } peers { permanent_uuid: "17d307571a004ef88f4d3c1a723610be" member_type: VOTER last_known_addr { host: "127.11.224.61" port: 41024 } } peers { permanent_uuid: "866eb3aa863645639487aa432aefaa71" member_type: VOTER last_known_addr { host: "127.11.224.60" port: 45270 } } }
I0401 16:41:45.642478 15181 sys_catalog.cc:340] T 00000000000000000000000000000000 P eb648a2ef68b4313979717f88e363b20 [sys.catalog]: This master's current role is: FOLLOWER
I0401 16:41:45.642650 15057 sys_catalog.cc:424] T 00000000000000000000000000000000 P eb648a2ef68b4313979717f88e363b20 [sys.catalog]: configured and running, proceeding with master startup.
I0401 16:41:45.642953 12160 internal_mini_cluster.cc:166] Waiting to initialize catalog manager on master 1
I0401 16:41:45.642982 12160 internal_mini_cluster.cc:166] Waiting to initialize catalog manager on master 2
W0401 16:41:45.643733 15182 catalog_manager.cc:1113] T 00000000000000000000000000000000 P eb648a2ef68b4313979717f88e363b20: acquiring CA information for follower catalog manager: Not found: root CA entry not found
W0401 16:41:45.643775 15182 catalog_manager.cc:594] Not found: root CA entry not found: failed to prepare follower catalog manager, will retry
I0401 16:41:45.647166 12160 system_ntp.cc:199] NTP initialized. Skew: 500ppm Current error: 842931us
I0401 16:41:45.647294 12160 fs_manager.cc:263] Metadata directory not provided
I0401 16:41:45.647322 12160 fs_manager.cc:269] Using write-ahead log directory (fs_wal_dir) as metadata directory
I0401 16:41:45.647379 12160 server_base.cc:433] Could not load existing FS layout: Not found: could not find a healthy instance file
I0401 16:41:45.647403 12160 server_base.cc:434] Attempting to create new FS layout instead
I0401 16:41:45.647755 12160 fs_manager.cc:602] Generated new instance metadata in path /data/somelongdirectorytoavoidrpathissues/src/kudutest/ksck_remote-test.0.RemoteKsckTest.TestChecksumTimeout.1554162092376624-12160/minicluster-data/ts-0-root/instance: uuid: "9989560c1599415ab25ad0d9a55163bc" format_stamp: "Formatted at 2019-04-01 23:41:45 on quasar-eitwqx-1.vpc.cloudera.com"
I0401 16:41:45.651360 12160 fs_manager.cc:503] Time spent creating directory manager: real 0.003s user 0.001s sys 0.002s
I0401 16:41:45.651998 12160 file_cache.cc:466] Constructed file cache lbm with capacity 13107
I0401 16:41:45.654176 12160 fs_manager.cc:419] Time spent opening block manager: real 0.001s user 0.001s sys 0.000s
I0401 16:41:45.654215 12160 fs_manager.cc:436] Opened local filesystem: /data/somelongdirectorytoavoidrpathissues/src/kudutest/ksck_remote-test.0.RemoteKsckTest.TestChecksumTimeout.1554162092376624-12160/minicluster-data/ts-0-root uuid: "9989560c1599415ab25ad0d9a55163bc" format_stamp: "Formatted at 2019-04-01 23:41:45 on quasar-eitwqx-1.vpc.cloudera.com"
I0401 16:41:45.654275 12160 fs_report.cc:352] FS layout report -------------------- wal directory: /data/somelongdirectorytoavoidrpathissues/src/kudutest/ksck_remote-test.0.RemoteKsckTest.TestChecksumTimeout.1554162092376624-12160/minicluster-data/ts-0-root metadata directory: /data/somelongdirectorytoavoidrpathissues/src/kudutest/ksck_remote-test.0.RemoteKsckTest.TestChecksumTimeout.1554162092376624-12160/minicluster-data/ts-0-root 1 data directories: /data/somelongdirectorytoavoidrpathissues/src/kudutest/ksck_remote-test.0.RemoteKsckTest.TestChecksumTimeout.1554162092376624-12160/minicluster-data/ts-0-root/data Total live blocks: 0 Total live bytes: 0 Total live bytes (after alignment): 0 Total number of LBM containers: 0 (0 full) Did not check for missing blocks Did not check for orphaned blocks Total full LBM containers with extra space: 0 (0 repaired) Total full LBM container extra space in bytes: 0 (0 repaired) Total incomplete LBM containers: 0 (0 repaired) Total LBM partial records: 0 (0 repaired)
I0401 16:41:45.682811 12160 ts_tablet_manager.cc:356] Loaded tablet metadata (0 total tablets, 0 live tablets)
I0401 16:41:45.682857 12160 ts_tablet_manager.cc:376] Registered 0 tablets
I0401 16:41:45.696164 12160 rpc_server.cc:205] RPC server started. Bound to: 127.11.224.1:34448
I0401 16:41:45.696875 12160 webserver.cc:308] Webserver started at http://127.11.224.1:47379/ using document root and password file
I0401 16:41:45.709678 15247 heartbeater.cc:345] Connected to a master server at 127.11.224.60:45270
I0401 16:41:45.709782 15247 heartbeater.cc:426] Registering TS with master...
I0401 16:41:45.710037 15247 heartbeater.cc:475] Master 127.11.224.60:45270 requested a full tablet report, sending...
I0401 16:41:45.710405 12160 system_ntp.cc:199] NTP initialized. Skew: 500ppm Current error: 842931us
I0401 16:41:45.711112 15138 ts_manager.cc:159] Registered new tserver with Master: 9989560c1599415ab25ad0d9a55163bc (127.11.224.1:34448)
I0401 16:41:45.711578 12160 fs_manager.cc:263] Metadata directory not provided
I0401 16:41:45.711621 12160 fs_manager.cc:269] Using write-ahead log directory (fs_wal_dir) as metadata directory
I0401 16:41:45.711741 12160 server_base.cc:433] Could not load existing FS layout: Not found: could not find a healthy instance file
I0401 16:41:45.711767 12160 server_base.cc:434] Attempting to create new FS layout instead
I0401 16:41:45.712425 12160 fs_manager.cc:602] Generated new instance metadata in path /data/somelongdirectorytoavoidrpathissues/src/kudutest/ksck_remote-test.0.RemoteKsckTest.TestChecksumTimeout.1554162092376624-12160/minicluster-data/ts-1-root/instance: uuid: "6e4a71e6f77049ad9ea0cbf7ec69a364" format_stamp: "Formatted at 2019-04-01 23:41:45 on quasar-eitwqx-1.vpc.cloudera.com"
I0401 16:41:45.712723 15248 heartbeater.cc:345] Connected to a master server at 127.11.224.61:41024
I0401 16:41:45.712787 15248 heartbeater.cc:426] Registering TS with master...
I0401 16:41:45.713034 15248 heartbeater.cc:475] Master 127.11.224.61:41024 requested a full tablet report, sending...
I0401 16:41:45.713241 15249 heartbeater.cc:345] Connected to a master server at 127.11.224.62:46307
I0401 16:41:45.713306 15249 heartbeater.cc:426] Registering TS with master...
I0401 16:41:45.713449 15249 heartbeater.cc:475] Master 127.11.224.62:46307 requested a full tablet report, sending...
I0401 16:41:45.714385 15024 ts_manager.cc:159] Registered new tserver with Master: 9989560c1599415ab25ad0d9a55163bc (127.11.224.1:34448)
I0401 16:41:45.714391 15081 ts_manager.cc:159] Registered new tserver with Master: 9989560c1599415ab25ad0d9a55163bc (127.11.224.1:34448)
I0401 16:41:45.717155 12160 fs_manager.cc:503] Time spent creating directory manager: real 0.004s user 0.005s sys 0.000s
I0401 16:41:45.717907 12160 file_cache.cc:466] Constructed file cache lbm with capacity 13107
I0401 16:41:45.720399 12160 fs_manager.cc:419] Time spent opening block manager: real 0.001s user 0.000s sys 0.001s
I0401 16:41:45.720449 12160 fs_manager.cc:436] Opened local filesystem: /data/somelongdirectorytoavoidrpathissues/src/kudutest/ksck_remote-test.0.RemoteKsckTest.TestChecksumTimeout.1554162092376624-12160/minicluster-data/ts-1-root uuid: "6e4a71e6f77049ad9ea0cbf7ec69a364" format_stamp: "Formatted at 2019-04-01 23:41:45 on quasar-eitwqx-1.vpc.cloudera.com"
I0401 16:41:45.720538 12160 fs_report.cc:352] FS layout report -------------------- wal directory: /data/somelongdirectorytoavoidrpathissues/src/kudutest/ksck_remote-test.0.RemoteKsckTest.TestChecksumTimeout.1554162092376624-12160/minicluster-data/ts-1-root metadata directory: /data/somelongdirectorytoavoidrpathissues/src/kudutest/ksck_remote-test.0.RemoteKsckTest.TestChecksumTimeout.1554162092376624-12160/minicluster-data/ts-1-root 1 data directories: /data/somelongdirectorytoavoidrpathissues/src/kudutest/ksck_remote-test.0.RemoteKsckTest.TestChecksumTimeout.1554162092376624-12160/minicluster-data/ts-1-root/data Total live blocks: 0 Total live bytes: 0 Total live bytes (after alignment): 0 Total number of LBM containers: 0 (0 full) Did not check for missing blocks Did not check for orphaned blocks Total full LBM containers with extra space: 0 (0 repaired) Total full LBM container extra space in bytes: 0 (0 repaired) Total incomplete LBM containers: 0 (0 repaired) Total LBM partial records: 0 (0 repaired)
I0401 16:41:45.746923 15175 raft_consensus.cc:472] T 00000000000000000000000000000000 P 866eb3aa863645639487aa432aefaa71 [term 0 FOLLOWER]: Starting pre-election (no leader contacted us within the election timeout)
I0401 16:41:45.747097 15175 raft_consensus.cc:494] T 00000000000000000000000000000000 P 866eb3aa863645639487aa432aefaa71 [term 0 FOLLOWER]: Starting pre-election with config: opid_index: -1 OBSOLETE_local: false peers { permanent_uuid: "eb648a2ef68b4313979717f88e363b20" member_type: VOTER last_known_addr { host: "127.11.224.62" port: 46307 } } peers { permanent_uuid: "17d307571a004ef88f4d3c1a723610be" member_type: VOTER last_known_addr { host: "127.11.224.61" port: 41024 } } peers { permanent_uuid: "866eb3aa863645639487aa432aefaa71" member_type: VOTER last_known_addr { host: "127.11.224.60" port: 45270 } }
I0401 16:41:45.747313 12160 ts_tablet_manager.cc:356] Loaded tablet metadata (0 total tablets, 0 live tablets)
I0401 16:41:45.747342 12160 ts_tablet_manager.cc:376] Registered 0 tablets
I0401 16:41:45.747987 15175 leader_election.cc:296] T 00000000000000000000000000000000 P 866eb3aa863645639487aa432aefaa71 [CANDIDATE]: Term 1 pre-election: Requested pre-vote from peers eb648a2ef68b4313979717f88e363b20 (127.11.224.62:46307), 17d307571a004ef88f4d3c1a723610be (127.11.224.61:41024)
I0401 16:41:45.748533 15091 tablet_service.cc:1276] Received RequestConsensusVote() RPC: tablet_id: "00000000000000000000000000000000" candidate_uuid: "866eb3aa863645639487aa432aefaa71" candidate_term: 1 candidate_status { last_received { term: 0 index: 0 } } ignore_live_leader: false dest_uuid: "17d307571a004ef88f4d3c1a723610be" is_pre_election: true
I0401 16:41:45.748690 15091 raft_consensus.cc:2346] T 00000000000000000000000000000000 P 17d307571a004ef88f4d3c1a723610be [term 0 FOLLOWER]: Leader pre-election vote request: Granting yes vote for candidate 866eb3aa863645639487aa432aefaa71 in term 0.
I0401 16:41:45.748824 15034 tablet_service.cc:1276] Received RequestConsensusVote() RPC: tablet_id: "00000000000000000000000000000000" candidate_uuid: "866eb3aa863645639487aa432aefaa71" candidate_term: 1 candidate_status { last_received { term: 0 index: 0 } } ignore_live_leader: false dest_uuid: "eb648a2ef68b4313979717f88e363b20" is_pre_election: true
I0401 16:41:45.748950 15034 raft_consensus.cc:2346] T 00000000000000000000000000000000 P eb648a2ef68b4313979717f88e363b20 [term 0 FOLLOWER]: Leader pre-election vote request: Granting yes vote for candidate 866eb3aa863645639487aa432aefaa71 in term 0.
I0401 16:41:45.749229 15121 leader_election.cc:310] T 00000000000000000000000000000000 P 866eb3aa863645639487aa432aefaa71 [CANDIDATE]: Term 1 pre-election: Election decided. Result: candidate won. Election summary: received 2 responses out of 3 voters: 2 yes votes; 0 no votes. yes voters: 17d307571a004ef88f4d3c1a723610be, 866eb3aa863645639487aa432aefaa71; no voters:
I0401 16:41:45.749462 15175 raft_consensus.cc:2640] T 00000000000000000000000000000000 P 866eb3aa863645639487aa432aefaa71 [term 0 FOLLOWER]: Leader pre-election won for term 1
I0401 16:41:45.749516 15175 raft_consensus.cc:472] T 00000000000000000000000000000000 P 866eb3aa863645639487aa432aefaa71 [term 0 FOLLOWER]: Starting leader election (no leader contacted us within the election timeout)
I0401 16:41:45.749568 15175 raft_consensus.cc:2886] T 00000000000000000000000000000000 P 866eb3aa863645639487aa432aefaa71 [term 0 FOLLOWER]: Advancing to term 1
I0401 16:41:45.751541 15175 raft_consensus.cc:494] T 00000000000000000000000000000000 P 866eb3aa863645639487aa432aefaa71 [term 1 FOLLOWER]: Starting leader election with config: opid_index: -1 OBSOLETE_local: false peers { permanent_uuid: "eb648a2ef68b4313979717f88e363b20" member_type: VOTER last_known_addr { host: "127.11.224.62" port: 46307 } } peers { permanent_uuid: "17d307571a004ef88f4d3c1a723610be" member_type: VOTER last_known_addr { host: "127.11.224.61" port: 41024 } } peers { permanent_uuid: "866eb3aa863645639487aa432aefaa71" member_type: VOTER last_known_addr { host: "127.11.224.60" port: 45270 } }
I0401 16:41:45.752132 15175 leader_election.cc:296] T 00000000000000000000000000000000 P 866eb3aa863645639487aa432aefaa71 [CANDIDATE]: Term 1 election: Requested vote from peers eb648a2ef68b4313979717f88e363b20 (127.11.224.62:46307), 17d307571a004ef88f4d3c1a723610be (127.11.224.61:41024)
I0401 16:41:45.752478 15091 tablet_service.cc:1276] Received RequestConsensusVote() RPC: tablet_id: "00000000000000000000000000000000" candidate_uuid: "866eb3aa863645639487aa432aefaa71" candidate_term: 1 candidate_status { last_received { term: 0 index: 0 } } ignore_live_leader: false dest_uuid: "17d307571a004ef88f4d3c1a723610be"
I0401 16:41:45.752604 15091 raft_consensus.cc:2886] T 00000000000000000000000000000000 P 17d307571a004ef88f4d3c1a723610be [term 0 FOLLOWER]: Advancing to term 1
I0401 16:41:45.752683 15034 tablet_service.cc:1276] Received RequestConsensusVote() RPC: tablet_id: "00000000000000000000000000000000" candidate_uuid: "866eb3aa863645639487aa432aefaa71" candidate_term: 1 candidate_status { last_received { term: 0 index: 0 } } ignore_live_leader: false dest_uuid: "eb648a2ef68b4313979717f88e363b20"
I0401 16:41:45.752771 15034 raft_consensus.cc:2886] T 00000000000000000000000000000000 P eb648a2ef68b4313979717f88e363b20 [term 0 FOLLOWER]: Advancing to term 1
I0401 16:41:45.754777 15091 raft_consensus.cc:2346] T 00000000000000000000000000000000 P 17d307571a004ef88f4d3c1a723610be [term 1 FOLLOWER]: Leader election vote request: Granting yes vote for candidate 866eb3aa863645639487aa432aefaa71 in term 1.
I0401 16:41:45.755038 15121 leader_election.cc:310] T 00000000000000000000000000000000 P 866eb3aa863645639487aa432aefaa71 [CANDIDATE]: Term 1 election: Election decided. Result: candidate won. Election summary: received 2 responses out of 3 voters: 2 yes votes; 0 no votes. yes voters: 17d307571a004ef88f4d3c1a723610be, 866eb3aa863645639487aa432aefaa71; no voters:
I0401 16:41:45.755170 15034 raft_consensus.cc:2346] T 00000000000000000000000000000000 P eb648a2ef68b4313979717f88e363b20 [term 1 FOLLOWER]: Leader election vote request: Granting yes vote for candidate 866eb3aa863645639487aa432aefaa71 in term 1.
I0401 16:41:45.755226 15175 raft_consensus.cc:2640] T 00000000000000000000000000000000 P 866eb3aa863645639487aa432aefaa71 [term 1 FOLLOWER]: Leader election won for term 1
I0401 16:41:45.756070 15175 raft_consensus.cc:667] T 00000000000000000000000000000000 P 866eb3aa863645639487aa432aefaa71 [term 1 LEADER]: Becoming Leader. State: Replica: 866eb3aa863645639487aa432aefaa71, State: Running, Role: LEADER
I0401 16:41:45.756253 15175 consensus_queue.cc:206] T 00000000000000000000000000000000 P 866eb3aa863645639487aa432aefaa71 [LEADER]: Queue going to LEADER mode. State: All replicated index: 0, Majority replicated index: 0, Committed index: 0, Last appended: 0.0, Last appended by leader: 0, Current term: 1, Majority size: 2, State: 0, Mode: LEADER, active raft config: opid_index: -1 OBSOLETE_local: false peers { permanent_uuid: "eb648a2ef68b4313979717f88e363b20" member_type: VOTER last_known_addr { host: "127.11.224.62" port: 46307 } } peers { permanent_uuid: "17d307571a004ef88f4d3c1a723610be" member_type: VOTER last_known_addr { host: "127.11.224.61" port: 41024 } } peers { permanent_uuid: "866eb3aa863645639487aa432aefaa71" member_type: VOTER last_known_addr { host: "127.11.224.60" port: 45270 } }
I0401 16:41:45.757984 15275 sys_catalog.cc:337] T 00000000000000000000000000000000 P 866eb3aa863645639487aa432aefaa71 [sys.catalog]: SysCatalogTable state changed. Reason: New leader 866eb3aa863645639487aa432aefaa71. Latest consensus state: current_term: 1 leader_uuid: "866eb3aa863645639487aa432aefaa71" committed_config { opid_index: -1 OBSOLETE_local: false peers { permanent_uuid: "eb648a2ef68b4313979717f88e363b20" member_type: VOTER last_known_addr { host: "127.11.224.62" port: 46307 } } peers { permanent_uuid: "17d307571a004ef88f4d3c1a723610be" member_type: VOTER last_known_addr { host: "127.11.224.61" port: 41024 } } peers { permanent_uuid: "866eb3aa863645639487aa432aefaa71" member_type: VOTER last_known_addr { host: "127.11.224.60" port: 45270 } } }
I0401 16:41:45.758191 15275 sys_catalog.cc:340] T 00000000000000000000000000000000 P 866eb3aa863645639487aa432aefaa71 [sys.catalog]: This master's current role is: LEADER
I0401 16:41:45.760977 15280 catalog_manager.cc:1055] Loading table and tablet metadata into memory...
I0401 16:41:45.764387 15280 catalog_manager.cc:1066] Initializing Kudu internal certificate authority...
I0401 16:41:45.779171 12160 rpc_server.cc:205] RPC server started. Bound to: 127.11.224.2:55666
I0401 16:41:45.780215 12160 webserver.cc:308] Webserver started at http://127.11.224.2:44081/ using document root and password file
I0401 16:41:45.790261 15321 heartbeater.cc:345] Connected to a master server at 127.11.224.60:45270
I0401 16:41:45.790343 15321 heartbeater.cc:426] Registering TS with master...
I0401 16:41:45.791568 15321 heartbeater.cc:475] Master 127.11.224.60:45270 requested a full tablet report, sending...
I0401 16:41:45.792486 15138 ts_manager.cc:159] Registered new tserver with Master: 6e4a71e6f77049ad9ea0cbf7ec69a364 (127.11.224.2:55666)
I0401 16:41:45.801168 15322 heartbeater.cc:345] Connected to a master server at 127.11.224.61:41024
I0401 16:41:45.801265 15322 heartbeater.cc:426] Registering TS with master...
I0401 16:41:45.801475 15322 heartbeater.cc:475] Master 127.11.224.61:41024 requested a full tablet report, sending...
I0401 16:41:45.802613 15081 ts_manager.cc:159] Registered new tserver with Master: 6e4a71e6f77049ad9ea0cbf7ec69a364 (127.11.224.2:55666)
I0401 16:41:45.802605 15091 raft_consensus.cc:1181] T 00000000000000000000000000000000 P 17d307571a004ef88f4d3c1a723610be [term 1 FOLLOWER]: Refusing update from remote peer 866eb3aa863645639487aa432aefaa71: Log matching property violated. Preceding OpId in replica: term: 0 index: 0. Preceding OpId from leader: term: 1 index: 2. (index mismatch)
I0401 16:41:45.802983 15034 raft_consensus.cc:1181] T 00000000000000000000000000000000 P eb648a2ef68b4313979717f88e363b20 [term 1 FOLLOWER]: Refusing update from remote peer 866eb3aa863645639487aa432aefaa71: Log matching property violated. Preceding OpId in replica: term: 0 index: 0. Preceding OpId from leader: term: 1 index: 2. (index mismatch)
I0401 16:41:45.803290 15275 consensus_queue.cc:984] T 00000000000000000000000000000000 P 866eb3aa863645639487aa432aefaa71 [LEADER]: Connected to new peer: Peer: permanent_uuid: "17d307571a004ef88f4d3c1a723610be" member_type: VOTER last_known_addr { host: "127.11.224.61" port: 41024 }, Status: LMP_MISMATCH, Last received: 0.0, Next index: 1, Last known committed idx: 0, Time since last communication: 0.000s
I0401 16:41:45.803445 15175 consensus_queue.cc:984] T 00000000000000000000000000000000 P 866eb3aa863645639487aa432aefaa71 [LEADER]: Connected to new peer: Peer: permanent_uuid: "eb648a2ef68b4313979717f88e363b20" member_type: VOTER last_known_addr { host: "127.11.224.62" port: 46307 }, Status: LMP_MISMATCH, Last received: 0.0, Next index: 1, Last known committed idx: 0, Time since last communication: 0.000s
I0401 16:41:45.807736 12160 system_ntp.cc:199] NTP initialized. Skew: 500ppm Current error: 842931us
I0401 16:41:45.808109 12160 fs_manager.cc:263] Metadata directory not provided
I0401 16:41:45.808234 12160 fs_manager.cc:269] Using write-ahead log directory (fs_wal_dir) as metadata directory
I0401 16:41:45.808367 12160 server_base.cc:433] Could not load existing FS layout: Not found: could not find a healthy instance file
I0401 16:41:45.808583 12160 server_base.cc:434] Attempting to create new FS layout instead
I0401 16:41:45.808900 15324 heartbeater.cc:345] Connected to a master server at 127.11.224.62:46307
I0401 16:41:45.808962 15324 heartbeater.cc:426] Registering TS with master...
I0401 16:41:45.809235 15324 heartbeater.cc:475] Master 127.11.224.62:46307 requested a full tablet report, sending...
I0401 16:41:45.809373 12160 fs_manager.cc:602] Generated new instance metadata in path /data/somelongdirectorytoavoidrpathissues/src/kudutest/ksck_remote-test.0.RemoteKsckTest.TestChecksumTimeout.1554162092376624-12160/minicluster-data/ts-2-root/instance: uuid: "3a91cc8c6e76418d88c7fe9c2cca94be" format_stamp: "Formatted at 2019-04-01 23:41:45 on quasar-eitwqx-1.vpc.cloudera.com"
I0401 16:41:45.811761 15178 sys_catalog.cc:337] T 00000000000000000000000000000000 P 17d307571a004ef88f4d3c1a723610be [sys.catalog]: SysCatalogTable state changed. Reason: New leader 866eb3aa863645639487aa432aefaa71. Latest consensus state: current_term: 1 leader_uuid: "866eb3aa863645639487aa432aefaa71" committed_config { opid_index: -1 OBSOLETE_local: false peers { permanent_uuid: "eb648a2ef68b4313979717f88e363b20" member_type: VOTER last_known_addr { host: "127.11.224.62" port: 46307 } } peers { permanent_uuid: "17d307571a004ef88f4d3c1a723610be" member_type: VOTER last_known_addr { host: "127.11.224.61" port: 41024 } } peers { permanent_uuid: "866eb3aa863645639487aa432aefaa71" member_type: VOTER last_known_addr { host: "127.11.224.60" port: 45270 } } }
I0401 16:41:45.811995 15178 sys_catalog.cc:340] T 00000000000000000000000000000000 P 17d307571a004ef88f4d3c1a723610be [sys.catalog]: This master's current role is: FOLLOWER
I0401 16:41:45.814182 15175 sys_catalog.cc:337] T 00000000000000000000000000000000 P 866eb3aa863645639487aa432aefaa71 [sys.catalog]: SysCatalogTable state changed. Reason: Peer health change. Latest consensus state: current_term: 1 leader_uuid: "866eb3aa863645639487aa432aefaa71" committed_config { opid_index: -1 OBSOLETE_local: false peers { permanent_uuid: "eb648a2ef68b4313979717f88e363b20" member_type: VOTER last_known_addr { host: "127.11.224.62" port: 46307 } } peers { permanent_uuid: "17d307571a004ef88f4d3c1a723610be" member_type: VOTER last_known_addr { host: "127.11.224.61" port: 41024 } } peers { permanent_uuid: "866eb3aa863645639487aa432aefaa71" member_type: VOTER last_known_addr { host: "127.11.224.60" port: 45270 } } }
I0401 16:41:45.814381 15175 sys_catalog.cc:340] T 00000000000000000000000000000000 P 866eb3aa863645639487aa432aefaa71 [sys.catalog]: This master's current role is: LEADER
I0401 16:41:45.815547 15280 catalog_manager.cc:950] Generated new certificate authority record
I0401 16:41:45.816937 15178 sys_catalog.cc:337] T 00000000000000000000000000000000 P 17d307571a004ef88f4d3c1a723610be [sys.catalog]: SysCatalogTable state changed. Reason: Replicated consensus-only round. Latest consensus state: current_term: 1 leader_uuid: "866eb3aa863645639487aa432aefaa71" committed_config { opid_index: -1 OBSOLETE_local: false peers { permanent_uuid: "eb648a2ef68b4313979717f88e363b20" member_type: VOTER last_known_addr { host: "127.11.224.62" port: 46307 } } peers { permanent_uuid: "17d307571a004ef88f4d3c1a723610be" member_type: VOTER last_known_addr { host: "127.11.224.61" port: 41024 } } peers { permanent_uuid: "866eb3aa863645639487aa432aefaa71" member_type: VOTER last_known_addr { host: "127.11.224.60" port: 45270 } } }
I0401 16:41:45.817111 15178 sys_catalog.cc:340] T 00000000000000000000000000000000 P 17d307571a004ef88f4d3c1a723610be [sys.catalog]: This master's current role is: FOLLOWER
I0401 16:41:45.817390 15280 catalog_manager.cc:1075] Loading token signing keys...
I0401 16:41:45.825644 15023 ts_manager.cc:159] Registered new tserver with Master: 6e4a71e6f77049ad9ea0cbf7ec69a364 (127.11.224.2:55666)
I0401 16:41:45.826053 12160 fs_manager.cc:503] Time spent creating directory manager: real 0.016s user 0.002s sys 0.003s
I0401 16:41:45.826181 15181 sys_catalog.cc:337] T 00000000000000000000000000000000 P eb648a2ef68b4313979717f88e363b20 [sys.catalog]: SysCatalogTable state changed. Reason: New leader 866eb3aa863645639487aa432aefaa71. Latest consensus state: current_term: 1 leader_uuid: "866eb3aa863645639487aa432aefaa71" committed_config { opid_index: -1 OBSOLETE_local: false peers { permanent_uuid: "eb648a2ef68b4313979717f88e363b20" member_type: VOTER last_known_addr { host: "127.11.224.62" port: 46307 } } peers { permanent_uuid: "17d307571a004ef88f4d3c1a723610be" member_type: VOTER last_known_addr { host: "127.11.224.61" port: 41024 } } peers { permanent_uuid: "866eb3aa863645639487aa432aefaa71" member_type: VOTER last_known_addr { host: "127.11.224.60" port: 45270 } } }
I0401 16:41:45.826452 15181 sys_catalog.cc:340] T 00000000000000000000000000000000 P eb648a2ef68b4313979717f88e363b20 [sys.catalog]: This master's current role is: FOLLOWER
I0401 16:41:45.827445 12160 file_cache.cc:466] Constructed file cache lbm with capacity 13107
I0401 16:41:45.827919 15175 sys_catalog.cc:337] T 00000000000000000000000000000000 P 866eb3aa863645639487aa432aefaa71 [sys.catalog]: SysCatalogTable state changed. Reason: Peer health change. Latest consensus state: current_term: 1 leader_uuid: "866eb3aa863645639487aa432aefaa71" committed_config { opid_index: -1 OBSOLETE_local: false peers { permanent_uuid: "eb648a2ef68b4313979717f88e363b20" member_type: VOTER last_known_addr { host: "127.11.224.62" port: 46307 } } peers { permanent_uuid: "17d307571a004ef88f4d3c1a723610be" member_type: VOTER last_known_addr { host: "127.11.224.61" port: 41024 } } peers { permanent_uuid: "866eb3aa863645639487aa432aefaa71" member_type: VOTER last_known_addr { host: "127.11.224.60" port: 45270 } } }
I0401 16:41:45.828081 15175 sys_catalog.cc:340] T 00000000000000000000000000000000 P 866eb3aa863645639487aa432aefaa71 [sys.catalog]: This master's current role is: LEADER
I0401 16:41:45.832506 12160 fs_manager.cc:419] Time spent opening block manager: real 0.001s user 0.000s sys 0.001s
I0401 16:41:45.832607 12160 fs_manager.cc:436] Opened local filesystem: /data/somelongdirectorytoavoidrpathissues/src/kudutest/ksck_remote-test.0.RemoteKsckTest.TestChecksumTimeout.1554162092376624-12160/minicluster-data/ts-2-root uuid: "3a91cc8c6e76418d88c7fe9c2cca94be" format_stamp: "Formatted at 2019-04-01 23:41:45 on quasar-eitwqx-1.vpc.cloudera.com"
I0401 16:41:45.832723 12160 fs_report.cc:352] FS layout report -------------------- wal directory: /data/somelongdirectorytoavoidrpathissues/src/kudutest/ksck_remote-test.0.RemoteKsckTest.TestChecksumTimeout.1554162092376624-12160/minicluster-data/ts-2-root metadata directory: /data/somelongdirectorytoavoidrpathissues/src/kudutest/ksck_remote-test.0.RemoteKsckTest.TestChecksumTimeout.1554162092376624-12160/minicluster-data/ts-2-root 1 data directories: /data/somelongdirectorytoavoidrpathissues/src/kudutest/ksck_remote-test.0.RemoteKsckTest.TestChecksumTimeout.1554162092376624-12160/minicluster-data/ts-2-root/data Total live blocks: 0 Total live bytes: 0 Total live bytes (after alignment): 0 Total number of LBM containers: 0 (0 full) Did not check for missing blocks Did not check for orphaned blocks Total full LBM containers with extra space: 0 (0 repaired) Total full LBM container extra space in bytes: 0 (0 repaired) Total incomplete LBM containers: 0 (0 repaired) Total LBM partial records: 0 (0 repaired)
I0401 16:41:45.833572 15280 catalog_manager.cc:4281] T 00000000000000000000000000000000 P 866eb3aa863645639487aa432aefaa71: Generated new TSK 0
I0401 16:41:45.834564 15181 sys_catalog.cc:337] T 00000000000000000000000000000000 P eb648a2ef68b4313979717f88e363b20 [sys.catalog]: SysCatalogTable state changed. Reason: Replicated consensus-only round. Latest consensus state: current_term: 1 leader_uuid: "866eb3aa863645639487aa432aefaa71" committed_config { opid_index: -1 OBSOLETE_local: false peers { permanent_uuid: "eb648a2ef68b4313979717f88e363b20" member_type: VOTER last_known_addr { host: "127.11.224.62" port: 46307 } } peers { permanent_uuid: "17d307571a004ef88f4d3c1a723610be" member_type: VOTER last_known_addr { host: "127.11.224.61" port: 41024 } } peers { permanent_uuid: "866eb3aa863645639487aa432aefaa71" member_type: VOTER last_known_addr { host: "127.11.224.60" port: 45270 } } }
I0401 16:41:45.834738 15181 sys_catalog.cc:340] T 00000000000000000000000000000000 P eb648a2ef68b4313979717f88e363b20 [sys.catalog]: This master's current role is: FOLLOWER
I0401 16:41:45.839236 15138 master_service.cc:271] Signed X509 certificate for tserver {username='jenkins'} at 127.11.224.60:35346
I0401 16:41:45.841857 15138 master_service.cc:271] Signed X509 certificate for tserver {username='jenkins'} at 127.11.224.60:35349
I0401 16:41:45.850983 15247 heartbeater.cc:467] Master 127.11.224.60:45270 was elected leader, sending a full tablet report...
I0401 16:41:45.853113 15321 heartbeater.cc:467] Master 127.11.224.60:45270 was elected leader, sending a full tablet report...
I0401 16:41:45.869406 12160 ts_tablet_manager.cc:356] Loaded tablet metadata (0 total tablets, 0 live tablets)
I0401 16:41:45.869457 12160 ts_tablet_manager.cc:376] Registered 0 tablets
I0401 16:41:45.893697 12160 rpc_server.cc:205] RPC server started. Bound to: 127.11.224.3:50415
I0401 16:41:45.894914 12160 webserver.cc:308] Webserver started at http://127.11.224.3:58939/ using document root and password file
I0401 16:41:45.908207 15399 heartbeater.cc:345] Connected to a master server at 127.11.224.60:45270
I0401 16:41:45.908311 15399 heartbeater.cc:426] Registering TS with master...
I0401 16:41:45.908668 15399 heartbeater.cc:475] Master 127.11.224.60:45270 requested a full tablet report, sending...
I0401 16:41:45.909590 15137 ts_manager.cc:159] Registered new tserver with Master: 3a91cc8c6e76418d88c7fe9c2cca94be (127.11.224.3:50415)
I0401 16:41:45.911221 15137 master_service.cc:271] Signed X509 certificate for tserver {username='jenkins'} at 127.11.224.60:35352
I0401 16:41:45.912037 15400 heartbeater.cc:345] Connected to a master server at 127.11.224.61:41024
I0401 16:41:45.912106 15400 heartbeater.cc:426] Registering TS with master...
I0401 16:41:45.912406 15400 heartbeater.cc:475] Master 127.11.224.61:41024 requested a full tablet report, sending...
I0401 16:41:45.913194 15081 ts_manager.cc:159] Registered new tserver with Master: 3a91cc8c6e76418d88c7fe9c2cca94be (127.11.224.3:50415)
I0401 16:41:45.913566 15401 heartbeater.cc:345] Connected to a master server at 127.11.224.62:46307
I0401 16:41:45.913630 15401 heartbeater.cc:426] Registering TS with master...
I0401 16:41:45.913796 15401 heartbeater.cc:475] Master 127.11.224.62:46307 requested a full tablet report, sending...
I0401 16:41:45.914553 15024 ts_manager.cc:159] Registered new tserver with Master: 3a91cc8c6e76418d88c7fe9c2cca94be (127.11.224.3:50415)
I0401 16:41:45.915441 12160 internal_mini_cluster.cc:328] 3 TS(s) registered with all masters after 0.011313979s
I0401 16:41:45.923504 15399 heartbeater.cc:467] Master 127.11.224.60:45270 was elected leader, sending a full tablet report...
I0401 16:41:45.933679 15137 catalog_manager.cc:1416] Servicing CreateTable request from {username='jenkins'} at 127.11.224.60:35357: name: "ksck-test-table" schema { columns { name: "key" type: INT32 is_key: true is_nullable: false encoding: AUTO_ENCODING compression: DEFAULT_COMPRESSION cfile_block_size: 0 } columns { name: "int_val" type: INT32 is_key: false is_nullable: false encoding: AUTO_ENCODING compression: DEFAULT_COMPRESSION cfile_block_size: 0 } } num_replicas: 3 split_rows_range_bounds { rows: "\004\001\n\000\000\000\004\001\024\000\000\000\004\001\036\000\000\000\004\001(\000\000\000\004\0012\000\000\000\004\001<\000\000\000\004\001F\000\000\000\004\001P\000\000\000\004\001Z\000\000\000" } partition_schema { range_schema { columns { name: "key" } } }
W0401 16:41:45.934451 15137 catalog_manager.cc:1575] The number of live tablet servers is not enough to re-replicate a tablet replica of the newly created table ksck-test-table in case of a server failure: 4 tablet servers would be needed, 3 are available. Consider bringing up more tablet servers.
I0401 16:41:45.965477 15214 tablet_service.cc:1006] Processing CreateTablet for tablet 64714e1653ba47a0823ad950e06f658a (table=ksck-test-table [id=4ca86f7bafe04e81aa8b4bc94d1c0d0f]), partition=RANGE (key) PARTITION VALUES < 10
I0401 16:41:45.966183 15212 tablet_service.cc:1006] Processing CreateTablet for tablet 8dec592d52774f3b84d581cbf80c0139 (table=ksck-test-table [id=4ca86f7bafe04e81aa8b4bc94d1c0d0f]), partition=RANGE (key) PARTITION 20 <= VALUES < 30
I0401 16:41:45.966246 15211 tablet_service.cc:1006] Processing CreateTablet for tablet 4c188a2569664da38e94e98cf7c60325 (table=ksck-test-table [id=4ca86f7bafe04e81aa8b4bc94d1c0d0f]), partition=RANGE (key) PARTITION 30 <= VALUES < 40
I0401 16:41:45.966313 15213 tablet_service.cc:1006] Processing CreateTablet for tablet 4e3f5387e6e342eab8254c100662c241 (table=ksck-test-table [id=4ca86f7bafe04e81aa8b4bc94d1c0d0f]), partition=RANGE (key) PARTITION 10 <= VALUES < 20
I0401 16:41:45.966404 15214 data_dirs.cc:938] Could only allocate 1 dirs of requested 3 for tablet 64714e1653ba47a0823ad950e06f658a. 1 dirs total, 0 dirs full, 0 dirs failed
I0401 16:41:45.966722 15212 data_dirs.cc:938] Could only allocate 1 dirs of requested 3 for tablet 8dec592d52774f3b84d581cbf80c0139. 1 dirs total, 0 dirs full, 0 dirs failed
I0401 16:41:45.966991 15213 data_dirs.cc:938] Could only allocate 1 dirs of requested 3 for tablet 4e3f5387e6e342eab8254c100662c241. 1 dirs total, 0 dirs full, 0 dirs failed
I0401 16:41:45.967700 15211 data_dirs.cc:938] Could only allocate 1 dirs of requested 3 for tablet 4c188a2569664da38e94e98cf7c60325. 1 dirs total, 0 dirs full, 0 dirs failed
I0401 16:41:45.971369 15210 tablet_service.cc:1006] Processing CreateTablet for tablet 54573e3062224e96b91a66dc9df3a535 (table=ksck-test-table [id=4ca86f7bafe04e81aa8b4bc94d1c0d0f]), partition=RANGE (key) PARTITION 40 <= VALUES < 50
I0401 16:41:45.971957 15210 data_dirs.cc:938] Could only allocate 1 dirs of requested 3 for tablet 54573e3062224e96b91a66dc9df3a535. 1 dirs total, 0 dirs full, 0 dirs failed
I0401 16:41:45.973697 15209 tablet_service.cc:1006] Processing CreateTablet for tablet b9d400ec7b0e41a3b952da5c6ca820a3 (table=ksck-test-table [id=4ca86f7bafe04e81aa8b4bc94d1c0d0f]), partition=RANGE (key) PARTITION 50 <= VALUES < 60
I0401 16:41:45.974143 15209 data_dirs.cc:938] Could only allocate 1 dirs of requested 3 for tablet b9d400ec7b0e41a3b952da5c6ca820a3. 1 dirs total, 0 dirs full, 0 dirs failed
I0401 16:41:45.974304 15208 tablet_service.cc:1006] Processing CreateTablet for tablet 1831857df7324b18964447ca50f9568e (table=ksck-test-table [id=4ca86f7bafe04e81aa8b4bc94d1c0d0f]), partition=RANGE (key) PARTITION 60 <= VALUES < 70
I0401 16:41:45.974345 15207 tablet_service.cc:1006] Processing CreateTablet for tablet 408d8036689747bf8e4bf31380916ae8 (table=ksck-test-table [id=4ca86f7bafe04e81aa8b4bc94d1c0d0f]), partition=RANGE (key) PARTITION 70 <= VALUES < 80
I0401 16:41:45.974683 15208 data_dirs.cc:938] Could only allocate 1 dirs of requested 3 for tablet 1831857df7324b18964447ca50f9568e. 1 dirs total, 0 dirs full, 0 dirs failed
I0401 16:41:45.974732 15205 tablet_service.cc:1006] Processing CreateTablet for tablet 40cc2afeb94246a4965b95e72b1bdf1d (table=ksck-test-table [id=4ca86f7bafe04e81aa8b4bc94d1c0d0f]), partition=RANGE (key) PARTITION VALUES >= 90
I0401 16:41:45.975137 15205 data_dirs.cc:938] Could only allocate 1 dirs of requested 3 for tablet 40cc2afeb94246a4965b95e72b1bdf1d. 1 dirs total, 0 dirs full, 0 dirs failed
I0401 16:41:45.977286 15206 tablet_service.cc:1006] Processing CreateTablet for tablet b5385787b2244d03853e1c7fe8ab2380 (table=ksck-test-table [id=4ca86f7bafe04e81aa8b4bc94d1c0d0f]), partition=RANGE (key) PARTITION 80 <= VALUES < 90
I0401 16:41:45.977692 15206 data_dirs.cc:938] Could only allocate 1 dirs of requested 3 for tablet b5385787b2244d03853e1c7fe8ab2380. 1 dirs total, 0 dirs full, 0 dirs failed
I0401 16:41:45.978554 15207 data_dirs.cc:938] Could only allocate 1 dirs of requested 3 for tablet 408d8036689747bf8e4bf31380916ae8. 1 dirs total, 0 dirs full, 0 dirs failed
I0401 16:41:45.979315 15366 tablet_service.cc:1006] Processing CreateTablet for tablet 64714e1653ba47a0823ad950e06f658a (table=ksck-test-table [id=4ca86f7bafe04e81aa8b4bc94d1c0d0f]), partition=RANGE (key) PARTITION VALUES < 10
I0401 16:41:45.979744 15366 data_dirs.cc:938] Could only allocate 1 dirs of requested 3 for tablet 64714e1653ba47a0823ad950e06f658a. 1 dirs total, 0 dirs full, 0 dirs failed
I0401 16:41:45.989742 15419 tablet_bootstrap.cc:439] T 4c188a2569664da38e94e98cf7c60325 P 9989560c1599415ab25ad0d9a55163bc: Bootstrap starting.
I0401 16:41:45.990468 15365 tablet_service.cc:1006] Processing CreateTablet for tablet 4e3f5387e6e342eab8254c100662c241 (table=ksck-test-table [id=4ca86f7bafe04e81aa8b4bc94d1c0d0f]), partition=RANGE (key) PARTITION 10 <= VALUES < 20
I0401 16:41:45.991672 15362 tablet_service.cc:1006] Processing CreateTablet for tablet 54573e3062224e96b91a66dc9df3a535 (table=ksck-test-table [id=4ca86f7bafe04e81aa8b4bc94d1c0d0f]), partition=RANGE (key) PARTITION 40 <= VALUES < 50
I0401 16:41:45.991255 15364 tablet_service.cc:1006] Processing CreateTablet for tablet 8dec592d52774f3b84d581cbf80c0139 (table=ksck-test-table [id=4ca86f7bafe04e81aa8b4bc94d1c0d0f]), partition=RANGE (key) PARTITION 20 <= VALUES < 30
I0401 16:41:45.991981 15365 data_dirs.cc:938] Could only allocate 1 dirs of requested 3 for tablet 4e3f5387e6e342eab8254c100662c241. 1 dirs total, 0 dirs full, 0 dirs failed
I0401 16:41:45.991609 15361 tablet_service.cc:1006] Processing CreateTablet for tablet b9d400ec7b0e41a3b952da5c6ca820a3 (table=ksck-test-table [id=4ca86f7bafe04e81aa8b4bc94d1c0d0f]), partition=RANGE (key) PARTITION 50 <= VALUES < 60
I0401 16:41:45.991534 15363 tablet_service.cc:1006] Processing CreateTablet for tablet 4c188a2569664da38e94e98cf7c60325 (table=ksck-test-table [id=4ca86f7bafe04e81aa8b4bc94d1c0d0f]), partition=RANGE (key) PARTITION 30 <= VALUES < 40
I0401 16:41:45.992173 15364 data_dirs.cc:938] Could only allocate 1 dirs of requested 3 for tablet 8dec592d52774f3b84d581cbf80c0139. 1 dirs total, 0 dirs full, 0 dirs failed
I0401 16:41:45.992365 15361 data_dirs.cc:938] Could only allocate 1 dirs of requested 3 for tablet b9d400ec7b0e41a3b952da5c6ca820a3. 1 dirs total, 0 dirs full, 0 dirs failed
I0401 16:41:45.989742 15420 tablet_bootstrap.cc:439] T 64714e1653ba47a0823ad950e06f658a P 3a91cc8c6e76418d88c7fe9c2cca94be: Bootstrap starting.
I0401 16:41:45.996052 15363 data_dirs.cc:938] Could only allocate 1 dirs of requested 3 for tablet 4c188a2569664da38e94e98cf7c60325. 1 dirs total, 0 dirs full, 0 dirs failed
I0401 16:41:45.999358 15420 tablet_bootstrap.cc:590] T 64714e1653ba47a0823ad950e06f658a P 3a91cc8c6e76418d88c7fe9c2cca94be: No blocks or log segments found. Creating new log.
I0401 16:41:45.999613 15419 tablet_bootstrap.cc:590] T 4c188a2569664da38e94e98cf7c60325 P 9989560c1599415ab25ad0d9a55163bc: No blocks or log segments found. Creating new log.
I0401 16:41:46.000581 15362 data_dirs.cc:938] Could only allocate 1 dirs of requested 3 for tablet 54573e3062224e96b91a66dc9df3a535. 1 dirs total, 0 dirs full, 0 dirs failed
I0401 16:41:46.002904 15360 tablet_service.cc:1006] Processing CreateTablet for tablet 40cc2afeb94246a4965b95e72b1bdf1d (table=ksck-test-table [id=4ca86f7bafe04e81aa8b4bc94d1c0d0f]), partition=RANGE (key) PARTITION VALUES >= 90
I0401 16:41:46.003479 15360 data_dirs.cc:938] Could only allocate 1 dirs of requested 3 for tablet 40cc2afeb94246a4965b95e72b1bdf1d. 1 dirs total, 0 dirs full, 0 dirs failed
I0401 16:41:46.002904 15366 tablet_service.cc:1006] Processing CreateTablet for tablet b5385787b2244d03853e1c7fe8ab2380 (table=ksck-test-table [id=4ca86f7bafe04e81aa8b4bc94d1c0d0f]), partition=RANGE (key) PARTITION 80 <= VALUES < 90
I0401 16:41:46.003926 15366 data_dirs.cc:938] Could only allocate 1 dirs of requested 3 for tablet b5385787b2244d03853e1c7fe8ab2380. 1 dirs total, 0 dirs full, 0 dirs failed
I0401 16:41:46.003916 15365 tablet_service.cc:1006] Processing CreateTablet for tablet 408d8036689747bf8e4bf31380916ae8 (table=ksck-test-table [id=4ca86f7bafe04e81aa8b4bc94d1c0d0f]), partition=RANGE (key) PARTITION 70 <= VALUES < 80
I0401 16:41:46.004196 15365 data_dirs.cc:938] Could only allocate 1 dirs of requested 3 for tablet 408d8036689747bf8e4bf31380916ae8. 1 dirs total, 0 dirs full, 0 dirs failed
I0401 16:41:46.005290 15363 tablet_service.cc:1006] Processing CreateTablet for tablet 1831857df7324b18964447ca50f9568e (table=ksck-test-table [id=4ca86f7bafe04e81aa8b4bc94d1c0d0f]), partition=RANGE (key) PARTITION 60 <= VALUES < 70
I0401 16:41:46.005579 15363 data_dirs.cc:938] Could only allocate 1 dirs of requested 3 for tablet 1831857df7324b18964447ca50f9568e. 1 dirs total, 0 dirs full, 0 dirs failed
I0401 16:41:46.012048 15288 tablet_service.cc:1006] Processing CreateTablet for tablet 64714e1653ba47a0823ad950e06f658a (table=ksck-test-table [id=4ca86f7bafe04e81aa8b4bc94d1c0d0f]), partition=RANGE (key) PARTITION VALUES < 10
I0401 16:41:46.013095 15288 data_dirs.cc:938] Could only allocate 1 dirs of requested 3 for tablet 64714e1653ba47a0823ad950e06f658a. 1 dirs total, 0 dirs full, 0 dirs failed
I0401 16:41:46.013037 15281 tablet_service.cc:1006] Processing CreateTablet for tablet 408d8036689747bf8e4bf31380916ae8 (table=ksck-test-table [id=4ca86f7bafe04e81aa8b4bc94d1c0d0f]), partition=RANGE (key) PARTITION 70 <= VALUES < 80
