I0401 16:41:35.673055 12830 raft_consensus.cc:340] T 00000000000000000000000000000000 P 9e4b1b33f83944a09262a70c9b11c5d6 [term 0 FOLLOWER]: Replica starting. Triggering 0 pending transactions. Active config: opid_index: -1 OBSOLETE_local: false peers { permanent_uuid: "d2204fb616014e5c944c1d7538ec0efc" member_type: VOTER last_known_addr { host: "127.11.224.62" port: 47883 } } peers { permanent_uuid: "9e4b1b33f83944a09262a70c9b11c5d6" member_type: VOTER last_known_addr { host: "127.11.224.61" port: 55560 } } peers { permanent_uuid: "1f9ec791a501435eab0d7b2836d621cb" member_type: VOTER last_known_addr { host: "127.11.224.60" port: 50532 } }
I0401 16:41:35.673342 12830 raft_consensus.cc:366] T 00000000000000000000000000000000 P 9e4b1b33f83944a09262a70c9b11c5d6 [term 0 FOLLOWER]: Consensus starting up: Expiring failure detector timer to make a prompt election more likely
I0401 16:41:35.673451 12830 raft_consensus.cc:705] T 00000000000000000000000000000000 P 9e4b1b33f83944a09262a70c9b11c5d6 [term 0 FOLLOWER]: Becoming Follower/Learner. State: Replica: 9e4b1b33f83944a09262a70c9b11c5d6, State: Initialized, Role: FOLLOWER
I0401 16:41:35.673813 12830 consensus_queue.cc:229] T 00000000000000000000000000000000 P 9e4b1b33f83944a09262a70c9b11c5d6 [NON_LEADER]: Queue going to NON_LEADER mode. State: All replicated index: 0, Majority replicated index: 0, Committed index: 0, Last appended: 0.0, Last appended by leader: 0, Current term: 0, Majority size: -1, State: 0, Mode: NON_LEADER, active raft config: opid_index: -1 OBSOLETE_local: false peers { permanent_uuid: "d2204fb616014e5c944c1d7538ec0efc" member_type: VOTER last_known_addr { host: "127.11.224.62" port: 47883 } } peers { permanent_uuid: "9e4b1b33f83944a09262a70c9b11c5d6" member_type: VOTER last_known_addr { host: "127.11.224.61" port: 55560 } } peers { permanent_uuid: "1f9ec791a501435eab0d7b2836d621cb" member_type: VOTER last_known_addr { host: "127.11.224.60" port: 50532 } }
I0401 16:41:35.674566 12830 sys_catalog.cc:337] T 00000000000000000000000000000000 P 9e4b1b33f83944a09262a70c9b11c5d6 [sys.catalog]: SysCatalogTable state changed. Reason: Started TabletReplica. Latest consensus state: current_term: 0 committed_config { opid_index: -1 OBSOLETE_local: false peers { permanent_uuid: "d2204fb616014e5c944c1d7538ec0efc" member_type: VOTER last_known_addr { host: "127.11.224.62" port: 47883 } } peers { permanent_uuid: "9e4b1b33f83944a09262a70c9b11c5d6" member_type: VOTER last_known_addr { host: "127.11.224.61" port: 55560 } } peers { permanent_uuid: "1f9ec791a501435eab0d7b2836d621cb" member_type: VOTER last_known_addr { host: "127.11.224.60" port: 50532 } } }
I0401 16:41:35.674896 12830 sys_catalog.cc:340] T 00000000000000000000000000000000 P 9e4b1b33f83944a09262a70c9b11c5d6 [sys.catalog]: This master's current role is: FOLLOWER
I0401 16:41:35.674705 12894 sys_catalog.cc:337] T 00000000000000000000000000000000 P 9e4b1b33f83944a09262a70c9b11c5d6 [sys.catalog]: SysCatalogTable state changed. Reason: RaftConsensus started. Latest consensus state: current_term: 0 committed_config { opid_index: -1 OBSOLETE_local: false peers { permanent_uuid: "d2204fb616014e5c944c1d7538ec0efc" member_type: VOTER last_known_addr { host: "127.11.224.62" port: 47883 } } peers { permanent_uuid: "9e4b1b33f83944a09262a70c9b11c5d6" member_type: VOTER last_known_addr { host: "127.11.224.61" port: 55560 } } peers { permanent_uuid: "1f9ec791a501435eab0d7b2836d621cb" member_type: VOTER last_known_addr { host: "127.11.224.60" port: 50532 } } }
I0401 16:41:35.675211 12894 sys_catalog.cc:340] T 00000000000000000000000000000000 P 9e4b1b33f83944a09262a70c9b11c5d6 [sys.catalog]: This master's current role is: FOLLOWER
I0401 16:41:35.675547 12830 sys_catalog.cc:424] T 00000000000000000000000000000000 P 9e4b1b33f83944a09262a70c9b11c5d6 [sys.catalog]: configured and running, proceeding with master startup.
W0401 16:41:35.677917 12895 catalog_manager.cc:1113] T 00000000000000000000000000000000 P 9e4b1b33f83944a09262a70c9b11c5d6: acquiring CA information for follower catalog manager: Not found: root CA entry not found
W0401 16:41:35.678020 12895 catalog_manager.cc:594] Not found: root CA entry not found: failed to prepare follower catalog manager, will retry
I0401 16:41:35.679663 12773 tablet_bootstrap.cc:439] T 00000000000000000000000000000000 P d2204fb616014e5c944c1d7538ec0efc: Bootstrap starting.
I0401 16:41:35.680724 12773 tablet_bootstrap.cc:590] T 00000000000000000000000000000000 P d2204fb616014e5c944c1d7538ec0efc: No blocks or log segments found. Creating new log.
I0401 16:41:35.682212 12773 tablet_bootstrap.cc:439] T 00000000000000000000000000000000 P d2204fb616014e5c944c1d7538ec0efc: No bootstrap required, opened a new log
I0401 16:41:35.682768 12773 raft_consensus.cc:340] T 00000000000000000000000000000000 P d2204fb616014e5c944c1d7538ec0efc [term 0 FOLLOWER]: Replica starting. Triggering 0 pending transactions. Active config: opid_index: -1 OBSOLETE_local: false peers { permanent_uuid: "d2204fb616014e5c944c1d7538ec0efc" member_type: VOTER last_known_addr { host: "127.11.224.62" port: 47883 } } peers { permanent_uuid: "9e4b1b33f83944a09262a70c9b11c5d6" member_type: VOTER last_known_addr { host: "127.11.224.61" port: 55560 } } peers { permanent_uuid: "1f9ec791a501435eab0d7b2836d621cb" member_type: VOTER last_known_addr { host: "127.11.224.60" port: 50532 } }
I0401 16:41:35.682941 12773 raft_consensus.cc:366] T 00000000000000000000000000000000 P d2204fb616014e5c944c1d7538ec0efc [term 0 FOLLOWER]: Consensus starting up: Expiring failure detector timer to make a prompt election more likely
I0401 16:41:35.682991 12773 raft_consensus.cc:705] T 00000000000000000000000000000000 P d2204fb616014e5c944c1d7538ec0efc [term 0 FOLLOWER]: Becoming Follower/Learner. State: Replica: d2204fb616014e5c944c1d7538ec0efc, State: Initialized, Role: FOLLOWER
I0401 16:41:35.683238 12773 consensus_queue.cc:229] T 00000000000000000000000000000000 P d2204fb616014e5c944c1d7538ec0efc [NON_LEADER]: Queue going to NON_LEADER mode. State: All replicated index: 0, Majority replicated index: 0, Committed index: 0, Last appended: 0.0, Last appended by leader: 0, Current term: 0, Majority size: -1, State: 0, Mode: NON_LEADER, active raft config: opid_index: -1 OBSOLETE_local: false peers { permanent_uuid: "d2204fb616014e5c944c1d7538ec0efc" member_type: VOTER last_known_addr { host: "127.11.224.62" port: 47883 } } peers { permanent_uuid: "9e4b1b33f83944a09262a70c9b11c5d6" member_type: VOTER last_known_addr { host: "127.11.224.61" port: 55560 } } peers { permanent_uuid: "1f9ec791a501435eab0d7b2836d621cb" member_type: VOTER last_known_addr { host: "127.11.224.60" port: 50532 } }
I0401 16:41:35.683722 12773 sys_catalog.cc:337] T 00000000000000000000000000000000 P d2204fb616014e5c944c1d7538ec0efc [sys.catalog]: SysCatalogTable state changed. Reason: Started TabletReplica. Latest consensus state: current_term: 0 committed_config { opid_index: -1 OBSOLETE_local: false peers { permanent_uuid: "d2204fb616014e5c944c1d7538ec0efc" member_type: VOTER last_known_addr { host: "127.11.224.62" port: 47883 } } peers { permanent_uuid: "9e4b1b33f83944a09262a70c9b11c5d6" member_type: VOTER last_known_addr { host: "127.11.224.61" port: 55560 } } peers { permanent_uuid: "1f9ec791a501435eab0d7b2836d621cb" member_type: VOTER last_known_addr { host: "127.11.224.60" port: 50532 } } }
I0401 16:41:35.683956 12773 sys_catalog.cc:340] T 00000000000000000000000000000000 P d2204fb616014e5c944c1d7538ec0efc [sys.catalog]: This master's current role is: FOLLOWER
I0401 16:41:35.683789 12897 sys_catalog.cc:337] T 00000000000000000000000000000000 P d2204fb616014e5c944c1d7538ec0efc [sys.catalog]: SysCatalogTable state changed. Reason: RaftConsensus started. Latest consensus state: current_term: 0 committed_config { opid_index: -1 OBSOLETE_local: false peers { permanent_uuid: "d2204fb616014e5c944c1d7538ec0efc" member_type: VOTER last_known_addr { host: "127.11.224.62" port: 47883 } } peers { permanent_uuid: "9e4b1b33f83944a09262a70c9b11c5d6" member_type: VOTER last_known_addr { host: "127.11.224.61" port: 55560 } } peers { permanent_uuid: "1f9ec791a501435eab0d7b2836d621cb" member_type: VOTER last_known_addr { host: "127.11.224.60" port: 50532 } } }
I0401 16:41:35.684150 12897 sys_catalog.cc:340] T 00000000000000000000000000000000 P d2204fb616014e5c944c1d7538ec0efc [sys.catalog]: This master's current role is: FOLLOWER
I0401 16:41:35.684423 12773 sys_catalog.cc:424] T 00000000000000000000000000000000 P d2204fb616014e5c944c1d7538ec0efc [sys.catalog]: configured and running, proceeding with master startup.
I0401 16:41:35.684823 12160 internal_mini_cluster.cc:166] Waiting to initialize catalog manager on master 1
I0401 16:41:35.684916 12160 internal_mini_cluster.cc:166] Waiting to initialize catalog manager on master 2
W0401 16:41:35.686075 12898 catalog_manager.cc:1113] T 00000000000000000000000000000000 P d2204fb616014e5c944c1d7538ec0efc: acquiring CA information for follower catalog manager: Not found: root CA entry not found
W0401 16:41:35.686169 12898 catalog_manager.cc:594] Not found: root CA entry not found: failed to prepare follower catalog manager, will retry
I0401 16:41:35.689291 12160 system_ntp.cc:199] NTP initialized. Skew: 500ppm Current error: 837931us
I0401 16:41:35.689481 12160 fs_manager.cc:263] Metadata directory not provided
I0401 16:41:35.689522 12160 fs_manager.cc:269] Using write-ahead log directory (fs_wal_dir) as metadata directory
I0401 16:41:35.689618 12160 server_base.cc:433] Could not load existing FS layout: Not found: could not find a healthy instance file
I0401 16:41:35.689651 12160 server_base.cc:434] Attempting to create new FS layout instead
I0401 16:41:35.690165 12160 fs_manager.cc:602] Generated new instance metadata in path /data/somelongdirectorytoavoidrpathissues/src/kudutest/ksck_remote-test.0.RemoteKsckTest.TestCheckUnusualFlags.1554162092376624-12160/minicluster-data/ts-0-root/instance: uuid: "46a1ffbde8cb4162990fb2785a682d2c" format_stamp: "Formatted at 2019-04-01 23:41:35 on quasar-eitwqx-1.vpc.cloudera.com"
I0401 16:41:35.694226 12160 fs_manager.cc:503] Time spent creating directory manager: real 0.004s user 0.003s sys 0.001s
I0401 16:41:35.694978 12160 file_cache.cc:466] Constructed file cache lbm with capacity 13107
I0401 16:41:35.697332 12160 fs_manager.cc:419] Time spent opening block manager: real 0.001s user 0.000s sys 0.001s
I0401 16:41:35.697404 12160 fs_manager.cc:436] Opened local filesystem: /data/somelongdirectorytoavoidrpathissues/src/kudutest/ksck_remote-test.0.RemoteKsckTest.TestCheckUnusualFlags.1554162092376624-12160/minicluster-data/ts-0-root uuid: "46a1ffbde8cb4162990fb2785a682d2c" format_stamp: "Formatted at 2019-04-01 23:41:35 on quasar-eitwqx-1.vpc.cloudera.com"
I0401 16:41:35.697490 12160 fs_report.cc:352] FS layout report -------------------- wal directory: /data/somelongdirectorytoavoidrpathissues/src/kudutest/ksck_remote-test.0.RemoteKsckTest.TestCheckUnusualFlags.1554162092376624-12160/minicluster-data/ts-0-root metadata directory: /data/somelongdirectorytoavoidrpathissues/src/kudutest/ksck_remote-test.0.RemoteKsckTest.TestCheckUnusualFlags.1554162092376624-12160/minicluster-data/ts-0-root 1 data directories: /data/somelongdirectorytoavoidrpathissues/src/kudutest/ksck_remote-test.0.RemoteKsckTest.TestCheckUnusualFlags.1554162092376624-12160/minicluster-data/ts-0-root/data Total live blocks: 0 Total live bytes: 0 Total live bytes (after alignment): 0 Total number of LBM containers: 0 (0 full) Did not check for missing blocks Did not check for orphaned blocks Total full LBM containers with extra space: 0 (0 repaired) Total full LBM container extra space in bytes: 0 (0 repaired) Total incomplete LBM containers: 0 (0 repaired) Total LBM partial records: 0 (0 repaired)
I0401 16:41:35.724370 12160 ts_tablet_manager.cc:356] Loaded tablet metadata (0 total tablets, 0 live tablets)
I0401 16:41:35.724422 12160 ts_tablet_manager.cc:376] Registered 0 tablets
I0401 16:41:35.742626 12160 rpc_server.cc:205] RPC server started. Bound to: 127.11.224.1:60895
I0401 16:41:35.743438 12160 webserver.cc:308] Webserver started at http://127.11.224.1:58680/ using document root and password file
I0401 16:41:35.765410 12963 heartbeater.cc:345] Connected to a master server at 127.11.224.60:50532
I0401 16:41:35.765544 12963 heartbeater.cc:426] Registering TS with master...
I0401 16:41:35.766139 12963 heartbeater.cc:475] Master 127.11.224.60:50532 requested a full tablet report, sending...
I0401 16:41:35.766746 12964 heartbeater.cc:345] Connected to a master server at 127.11.224.61:55560
I0401 16:41:35.766955 12964 heartbeater.cc:426] Registering TS with master...
I0401 16:41:35.766953 12160 system_ntp.cc:199] NTP initialized. Skew: 500ppm Current error: 837931us
I0401 16:41:35.767416 12160 fs_manager.cc:263] Metadata directory not provided
I0401 16:41:35.767419 12964 heartbeater.cc:475] Master 127.11.224.61:55560 requested a full tablet report, sending...
I0401 16:41:35.767623 12160 fs_manager.cc:269] Using write-ahead log directory (fs_wal_dir) as metadata directory
I0401 16:41:35.767959 12854 ts_manager.cc:159] Registered new tserver with Master: 46a1ffbde8cb4162990fb2785a682d2c (127.11.224.1:60895)
I0401 16:41:35.768105 12160 server_base.cc:433] Could not load existing FS layout: Not found: could not find a healthy instance file
I0401 16:41:35.768537 12160 server_base.cc:434] Attempting to create new FS layout instead
I0401 16:41:35.768539 12965 heartbeater.cc:345] Connected to a master server at 127.11.224.62:47883
I0401 16:41:35.768695 12965 heartbeater.cc:426] Registering TS with master...
I0401 16:41:35.769172 12965 heartbeater.cc:475] Master 127.11.224.62:47883 requested a full tablet report, sending...
I0401 16:41:35.769287 12160 fs_manager.cc:602] Generated new instance metadata in path /data/somelongdirectorytoavoidrpathissues/src/kudutest/ksck_remote-test.0.RemoteKsckTest.TestCheckUnusualFlags.1554162092376624-12160/minicluster-data/ts-1-root/instance: uuid: "d8dba20a0d5849dcb24e05863dc0a123" format_stamp: "Formatted at 2019-04-01 23:41:35 on quasar-eitwqx-1.vpc.cloudera.com"
I0401 16:41:35.769295 12797 ts_manager.cc:159] Registered new tserver with Master: 46a1ffbde8cb4162990fb2785a682d2c (127.11.224.1:60895)
I0401 16:41:35.770176 12740 ts_manager.cc:159] Registered new tserver with Master: 46a1ffbde8cb4162990fb2785a682d2c (127.11.224.1:60895)
I0401 16:41:35.773542 12160 fs_manager.cc:503] Time spent creating directory manager: real 0.004s user 0.002s sys 0.002s
I0401 16:41:35.774292 12160 file_cache.cc:466] Constructed file cache lbm with capacity 13107
I0401 16:41:35.777024 12160 fs_manager.cc:419] Time spent opening block manager: real 0.001s user 0.000s sys 0.000s
I0401 16:41:35.777081 12160 fs_manager.cc:436] Opened local filesystem: /data/somelongdirectorytoavoidrpathissues/src/kudutest/ksck_remote-test.0.RemoteKsckTest.TestCheckUnusualFlags.1554162092376624-12160/minicluster-data/ts-1-root uuid: "d8dba20a0d5849dcb24e05863dc0a123" format_stamp: "Formatted at 2019-04-01 23:41:35 on quasar-eitwqx-1.vpc.cloudera.com"
I0401 16:41:35.777163 12160 fs_report.cc:352] FS layout report -------------------- wal directory: /data/somelongdirectorytoavoidrpathissues/src/kudutest/ksck_remote-test.0.RemoteKsckTest.TestCheckUnusualFlags.1554162092376624-12160/minicluster-data/ts-1-root metadata directory: /data/somelongdirectorytoavoidrpathissues/src/kudutest/ksck_remote-test.0.RemoteKsckTest.TestCheckUnusualFlags.1554162092376624-12160/minicluster-data/ts-1-root 1 data directories: /data/somelongdirectorytoavoidrpathissues/src/kudutest/ksck_remote-test.0.RemoteKsckTest.TestCheckUnusualFlags.1554162092376624-12160/minicluster-data/ts-1-root/data Total live blocks: 0 Total live bytes: 0 Total live bytes (after alignment): 0 Total number of LBM containers: 0 (0 full) Did not check for missing blocks Did not check for orphaned blocks Total full LBM containers with extra space: 0 (0 repaired) Total full LBM container extra space in bytes: 0 (0 repaired) Total incomplete LBM containers: 0 (0 repaired) Total LBM partial records: 0 (0 repaired)
I0401 16:41:35.793305 12894 raft_consensus.cc:472] T 00000000000000000000000000000000 P 9e4b1b33f83944a09262a70c9b11c5d6 [term 0 FOLLOWER]: Starting pre-election (no leader contacted us within the election timeout)
I0401 16:41:35.793426 12894 raft_consensus.cc:494] T 00000000000000000000000000000000 P 9e4b1b33f83944a09262a70c9b11c5d6 [term 0 FOLLOWER]: Starting pre-election with config: opid_index: -1 OBSOLETE_local: false peers { permanent_uuid: "d2204fb616014e5c944c1d7538ec0efc" member_type: VOTER last_known_addr { host: "127.11.224.62" port: 47883 } } peers { permanent_uuid: "9e4b1b33f83944a09262a70c9b11c5d6" member_type: VOTER last_known_addr { host: "127.11.224.61" port: 55560 } } peers { permanent_uuid: "1f9ec791a501435eab0d7b2836d621cb" member_type: VOTER last_known_addr { host: "127.11.224.60" port: 50532 } }
I0401 16:41:35.794100 12894 leader_election.cc:296] T 00000000000000000000000000000000 P 9e4b1b33f83944a09262a70c9b11c5d6 [CANDIDATE]: Term 1 pre-election: Requested pre-vote from peers d2204fb616014e5c944c1d7538ec0efc (127.11.224.62:47883), 1f9ec791a501435eab0d7b2836d621cb (127.11.224.60:50532)
I0401 16:41:35.794668 12864 tablet_service.cc:1276] Received RequestConsensusVote() RPC: tablet_id: "00000000000000000000000000000000" candidate_uuid: "9e4b1b33f83944a09262a70c9b11c5d6" candidate_term: 1 candidate_status { last_received { term: 0 index: 0 } } ignore_live_leader: false dest_uuid: "1f9ec791a501435eab0d7b2836d621cb" is_pre_election: true
I0401 16:41:35.794677 12750 tablet_service.cc:1276] Received RequestConsensusVote() RPC: tablet_id: "00000000000000000000000000000000" candidate_uuid: "9e4b1b33f83944a09262a70c9b11c5d6" candidate_term: 1 candidate_status { last_received { term: 0 index: 0 } } ignore_live_leader: false dest_uuid: "d2204fb616014e5c944c1d7538ec0efc" is_pre_election: true
I0401 16:41:35.795081 12864 raft_consensus.cc:2346] T 00000000000000000000000000000000 P 1f9ec791a501435eab0d7b2836d621cb [term 0 FOLLOWER]: Leader pre-election vote request: Granting yes vote for candidate 9e4b1b33f83944a09262a70c9b11c5d6 in term 0.
I0401 16:41:35.795203 12750 raft_consensus.cc:2346] T 00000000000000000000000000000000 P d2204fb616014e5c944c1d7538ec0efc [term 0 FOLLOWER]: Leader pre-election vote request: Granting yes vote for candidate 9e4b1b33f83944a09262a70c9b11c5d6 in term 0.
I0401 16:41:35.795565 12781 leader_election.cc:310] T 00000000000000000000000000000000 P 9e4b1b33f83944a09262a70c9b11c5d6 [CANDIDATE]: Term 1 pre-election: Election decided. Result: candidate won. Election summary: received 2 responses out of 3 voters: 2 yes votes; 0 no votes. yes voters: 1f9ec791a501435eab0d7b2836d621cb, 9e4b1b33f83944a09262a70c9b11c5d6; no voters:
I0401 16:41:35.795907 12894 raft_consensus.cc:2640] T 00000000000000000000000000000000 P 9e4b1b33f83944a09262a70c9b11c5d6 [term 0 FOLLOWER]: Leader pre-election won for term 1
I0401 16:41:35.795997 12894 raft_consensus.cc:472] T 00000000000000000000000000000000 P 9e4b1b33f83944a09262a70c9b11c5d6 [term 0 FOLLOWER]: Starting leader election (no leader contacted us within the election timeout)
I0401 16:41:35.796085 12894 raft_consensus.cc:2886] T 00000000000000000000000000000000 P 9e4b1b33f83944a09262a70c9b11c5d6 [term 0 FOLLOWER]: Advancing to term 1
I0401 16:41:35.798003 12894 raft_consensus.cc:494] T 00000000000000000000000000000000 P 9e4b1b33f83944a09262a70c9b11c5d6 [term 1 FOLLOWER]: Starting leader election with config: opid_index: -1 OBSOLETE_local: false peers { permanent_uuid: "d2204fb616014e5c944c1d7538ec0efc" member_type: VOTER last_known_addr { host: "127.11.224.62" port: 47883 } } peers { permanent_uuid: "9e4b1b33f83944a09262a70c9b11c5d6" member_type: VOTER last_known_addr { host: "127.11.224.61" port: 55560 } } peers { permanent_uuid: "1f9ec791a501435eab0d7b2836d621cb" member_type: VOTER last_known_addr { host: "127.11.224.60" port: 50532 } }
I0401 16:41:35.798660 12894 leader_election.cc:296] T 00000000000000000000000000000000 P 9e4b1b33f83944a09262a70c9b11c5d6 [CANDIDATE]: Term 1 election: Requested vote from peers d2204fb616014e5c944c1d7538ec0efc (127.11.224.62:47883), 1f9ec791a501435eab0d7b2836d621cb (127.11.224.60:50532)
I0401 16:41:35.798900 12750 tablet_service.cc:1276] Received RequestConsensusVote() RPC: tablet_id: "00000000000000000000000000000000" candidate_uuid: "9e4b1b33f83944a09262a70c9b11c5d6" candidate_term: 1 candidate_status { last_received { term: 0 index: 0 } } ignore_live_leader: false dest_uuid: "d2204fb616014e5c944c1d7538ec0efc"
I0401 16:41:35.799181 12750 raft_consensus.cc:2886] T 00000000000000000000000000000000 P d2204fb616014e5c944c1d7538ec0efc [term 0 FOLLOWER]: Advancing to term 1
I0401 16:41:35.799175 12864 tablet_service.cc:1276] Received RequestConsensusVote() RPC: tablet_id: "00000000000000000000000000000000" candidate_uuid: "9e4b1b33f83944a09262a70c9b11c5d6" candidate_term: 1 candidate_status { last_received { term: 0 index: 0 } } ignore_live_leader: false dest_uuid: "1f9ec791a501435eab0d7b2836d621cb"
I0401 16:41:35.799358 12864 raft_consensus.cc:2886] T 00000000000000000000000000000000 P 1f9ec791a501435eab0d7b2836d621cb [term 0 FOLLOWER]: Advancing to term 1
I0401 16:41:35.801640 12864 raft_consensus.cc:2346] T 00000000000000000000000000000000 P 1f9ec791a501435eab0d7b2836d621cb [term 1 FOLLOWER]: Leader election vote request: Granting yes vote for candidate 9e4b1b33f83944a09262a70c9b11c5d6 in term 1.
I0401 16:41:35.802021 12781 leader_election.cc:310] T 00000000000000000000000000000000 P 9e4b1b33f83944a09262a70c9b11c5d6 [CANDIDATE]: Term 1 election: Election decided. Result: candidate won. Election summary: received 2 responses out of 3 voters: 2 yes votes; 0 no votes. yes voters: 1f9ec791a501435eab0d7b2836d621cb, 9e4b1b33f83944a09262a70c9b11c5d6; no voters:
I0401 16:41:35.802572 12750 raft_consensus.cc:2346] T 00000000000000000000000000000000 P d2204fb616014e5c944c1d7538ec0efc [term 1 FOLLOWER]: Leader election vote request: Granting yes vote for candidate 9e4b1b33f83944a09262a70c9b11c5d6 in term 1.
I0401 16:41:35.802844 12894 raft_consensus.cc:2640] T 00000000000000000000000000000000 P 9e4b1b33f83944a09262a70c9b11c5d6 [term 1 FOLLOWER]: Leader election won for term 1
I0401 16:41:35.803966 12894 raft_consensus.cc:667] T 00000000000000000000000000000000 P 9e4b1b33f83944a09262a70c9b11c5d6 [term 1 LEADER]: Becoming Leader. State: Replica: 9e4b1b33f83944a09262a70c9b11c5d6, State: Running, Role: LEADER
I0401 16:41:35.804316 12894 consensus_queue.cc:206] T 00000000000000000000000000000000 P 9e4b1b33f83944a09262a70c9b11c5d6 [LEADER]: Queue going to LEADER mode. State: All replicated index: 0, Majority replicated index: 0, Committed index: 0, Last appended: 0.0, Last appended by leader: 0, Current term: 1, Majority size: 2, State: 0, Mode: LEADER, active raft config: opid_index: -1 OBSOLETE_local: false peers { permanent_uuid: "d2204fb616014e5c944c1d7538ec0efc" member_type: VOTER last_known_addr { host: "127.11.224.62" port: 47883 } } peers { permanent_uuid: "9e4b1b33f83944a09262a70c9b11c5d6" member_type: VOTER last_known_addr { host: "127.11.224.61" port: 55560 } } peers { permanent_uuid: "1f9ec791a501435eab0d7b2836d621cb" member_type: VOTER last_known_addr { host: "127.11.224.60" port: 50532 } }
I0401 16:41:35.805806 12976 sys_catalog.cc:337] T 00000000000000000000000000000000 P 9e4b1b33f83944a09262a70c9b11c5d6 [sys.catalog]: SysCatalogTable state changed. Reason: New leader 9e4b1b33f83944a09262a70c9b11c5d6. Latest consensus state: current_term: 1 leader_uuid: "9e4b1b33f83944a09262a70c9b11c5d6" committed_config { opid_index: -1 OBSOLETE_local: false peers { permanent_uuid: "d2204fb616014e5c944c1d7538ec0efc" member_type: VOTER last_known_addr { host: "127.11.224.62" port: 47883 } } peers { permanent_uuid: "9e4b1b33f83944a09262a70c9b11c5d6" member_type: VOTER last_known_addr { host: "127.11.224.61" port: 55560 } } peers { permanent_uuid: "1f9ec791a501435eab0d7b2836d621cb" member_type: VOTER last_known_addr { host: "127.11.224.60" port: 50532 } } }
I0401 16:41:35.806421 12976 sys_catalog.cc:340] T 00000000000000000000000000000000 P 9e4b1b33f83944a09262a70c9b11c5d6 [sys.catalog]: This master's current role is: LEADER
I0401 16:41:35.807384 12978 catalog_manager.cc:1055] Loading table and tablet metadata into memory...
I0401 16:41:35.809793 12978 catalog_manager.cc:1066] Initializing Kudu internal certificate authority...
I0401 16:41:35.835206 12160 ts_tablet_manager.cc:356] Loaded tablet metadata (0 total tablets, 0 live tablets)
I0401 16:41:35.835278 12160 ts_tablet_manager.cc:376] Registered 0 tablets
I0401 16:41:35.853711 12864 raft_consensus.cc:1181] T 00000000000000000000000000000000 P 1f9ec791a501435eab0d7b2836d621cb [term 1 FOLLOWER]: Refusing update from remote peer 9e4b1b33f83944a09262a70c9b11c5d6: Log matching property violated. Preceding OpId in replica: term: 0 index: 0. Preceding OpId from leader: term: 1 index: 2. (index mismatch)
I0401 16:41:35.853788 12750 raft_consensus.cc:1181] T 00000000000000000000000000000000 P d2204fb616014e5c944c1d7538ec0efc [term 1 FOLLOWER]: Refusing update from remote peer 9e4b1b33f83944a09262a70c9b11c5d6: Log matching property violated. Preceding OpId in replica: term: 0 index: 0. Preceding OpId from leader: term: 1 index: 2. (index mismatch)
I0401 16:41:35.854351 12976 consensus_queue.cc:984] T 00000000000000000000000000000000 P 9e4b1b33f83944a09262a70c9b11c5d6 [LEADER]: Connected to new peer: Peer: permanent_uuid: "1f9ec791a501435eab0d7b2836d621cb" member_type: VOTER last_known_addr { host: "127.11.224.60" port: 50532 }, Status: LMP_MISMATCH, Last received: 0.0, Next index: 1, Last known committed idx: 0, Time since last communication: 0.000s
I0401 16:41:35.855139 12894 consensus_queue.cc:984] T 00000000000000000000000000000000 P 9e4b1b33f83944a09262a70c9b11c5d6 [LEADER]: Connected to new peer: Peer: permanent_uuid: "d2204fb616014e5c944c1d7538ec0efc" member_type: VOTER last_known_addr { host: "127.11.224.62" port: 47883 }, Status: LMP_MISMATCH, Last received: 0.0, Next index: 1, Last known committed idx: 0, Time since last communication: 0.001s
I0401 16:41:35.871357 12897 sys_catalog.cc:337] T 00000000000000000000000000000000 P d2204fb616014e5c944c1d7538ec0efc [sys.catalog]: SysCatalogTable state changed. Reason: New leader 9e4b1b33f83944a09262a70c9b11c5d6. Latest consensus state: current_term: 1 leader_uuid: "9e4b1b33f83944a09262a70c9b11c5d6" committed_config { opid_index: -1 OBSOLETE_local: false peers { permanent_uuid: "d2204fb616014e5c944c1d7538ec0efc" member_type: VOTER last_known_addr { host: "127.11.224.62" port: 47883 } } peers { permanent_uuid: "9e4b1b33f83944a09262a70c9b11c5d6" member_type: VOTER last_known_addr { host: "127.11.224.61" port: 55560 } } peers { permanent_uuid: "1f9ec791a501435eab0d7b2836d621cb" member_type: VOTER last_known_addr { host: "127.11.224.60" port: 50532 } } }
I0401 16:41:35.871749 12897 sys_catalog.cc:340] T 00000000000000000000000000000000 P d2204fb616014e5c944c1d7538ec0efc [sys.catalog]: This master's current role is: FOLLOWER
I0401 16:41:35.870837 12891 sys_catalog.cc:337] T 00000000000000000000000000000000 P 1f9ec791a501435eab0d7b2836d621cb [sys.catalog]: SysCatalogTable state changed. Reason: New leader 9e4b1b33f83944a09262a70c9b11c5d6. Latest consensus state: current_term: 1 leader_uuid: "9e4b1b33f83944a09262a70c9b11c5d6" committed_config { opid_index: -1 OBSOLETE_local: false peers { permanent_uuid: "d2204fb616014e5c944c1d7538ec0efc" member_type: VOTER last_known_addr { host: "127.11.224.62" port: 47883 } } peers { permanent_uuid: "9e4b1b33f83944a09262a70c9b11c5d6" member_type: VOTER last_known_addr { host: "127.11.224.61" port: 55560 } } peers { permanent_uuid: "1f9ec791a501435eab0d7b2836d621cb" member_type: VOTER last_known_addr { host: "127.11.224.60" port: 50532 } } }
I0401 16:41:35.872282 12891 sys_catalog.cc:340] T 00000000000000000000000000000000 P 1f9ec791a501435eab0d7b2836d621cb [sys.catalog]: This master's current role is: FOLLOWER
I0401 16:41:35.879776 12891 sys_catalog.cc:337] T 00000000000000000000000000000000 P 1f9ec791a501435eab0d7b2836d621cb [sys.catalog]: SysCatalogTable state changed. Reason: Replicated consensus-only round. Latest consensus state: current_term: 1 leader_uuid: "9e4b1b33f83944a09262a70c9b11c5d6" committed_config { opid_index: -1 OBSOLETE_local: false peers { permanent_uuid: "d2204fb616014e5c944c1d7538ec0efc" member_type: VOTER last_known_addr { host: "127.11.224.62" port: 47883 } } peers { permanent_uuid: "9e4b1b33f83944a09262a70c9b11c5d6" member_type: VOTER last_known_addr { host: "127.11.224.61" port: 55560 } } peers { permanent_uuid: "1f9ec791a501435eab0d7b2836d621cb" member_type: VOTER last_known_addr { host: "127.11.224.60" port: 50532 } } }
I0401 16:41:35.880234 12891 sys_catalog.cc:340] T 00000000000000000000000000000000 P 1f9ec791a501435eab0d7b2836d621cb [sys.catalog]: This master's current role is: FOLLOWER
I0401 16:41:35.880892 12897 sys_catalog.cc:337] T 00000000000000000000000000000000 P d2204fb616014e5c944c1d7538ec0efc [sys.catalog]: SysCatalogTable state changed. Reason: Replicated consensus-only round. Latest consensus state: current_term: 1 leader_uuid: "9e4b1b33f83944a09262a70c9b11c5d6" committed_config { opid_index: -1 OBSOLETE_local: false peers { permanent_uuid: "d2204fb616014e5c944c1d7538ec0efc" member_type: VOTER last_known_addr { host: "127.11.224.62" port: 47883 } } peers { permanent_uuid: "9e4b1b33f83944a09262a70c9b11c5d6" member_type: VOTER last_known_addr { host: "127.11.224.61" port: 55560 } } peers { permanent_uuid: "1f9ec791a501435eab0d7b2836d621cb" member_type: VOTER last_known_addr { host: "127.11.224.60" port: 50532 } } }
I0401 16:41:35.881244 12897 sys_catalog.cc:340] T 00000000000000000000000000000000 P d2204fb616014e5c944c1d7538ec0efc [sys.catalog]: This master's current role is: FOLLOWER
I0401 16:41:35.883445 12894 sys_catalog.cc:337] T 00000000000000000000000000000000 P 9e4b1b33f83944a09262a70c9b11c5d6 [sys.catalog]: SysCatalogTable state changed. Reason: Peer health change. Latest consensus state: current_term: 1 leader_uuid: "9e4b1b33f83944a09262a70c9b11c5d6" committed_config { opid_index: -1 OBSOLETE_local: false peers { permanent_uuid: "d2204fb616014e5c944c1d7538ec0efc" member_type: VOTER last_known_addr { host: "127.11.224.62" port: 47883 } } peers { permanent_uuid: "9e4b1b33f83944a09262a70c9b11c5d6" member_type: VOTER last_known_addr { host: "127.11.224.61" port: 55560 } } peers { permanent_uuid: "1f9ec791a501435eab0d7b2836d621cb" member_type: VOTER last_known_addr { host: "127.11.224.60" port: 50532 } } }
I0401 16:41:35.883980 12894 sys_catalog.cc:340] T 00000000000000000000000000000000 P 9e4b1b33f83944a09262a70c9b11c5d6 [sys.catalog]: This master's current role is: LEADER
I0401 16:41:35.883572 13014 sys_catalog.cc:337] T 00000000000000000000000000000000 P 9e4b1b33f83944a09262a70c9b11c5d6 [sys.catalog]: SysCatalogTable state changed. Reason: Peer health change. Latest consensus state: current_term: 1 leader_uuid: "9e4b1b33f83944a09262a70c9b11c5d6" committed_config { opid_index: -1 OBSOLETE_local: false peers { permanent_uuid: "d2204fb616014e5c944c1d7538ec0efc" member_type: VOTER last_known_addr { host: "127.11.224.62" port: 47883 } } peers { permanent_uuid: "9e4b1b33f83944a09262a70c9b11c5d6" member_type: VOTER last_known_addr { host: "127.11.224.61" port: 55560 } } peers { permanent_uuid: "1f9ec791a501435eab0d7b2836d621cb" member_type: VOTER last_known_addr { host: "127.11.224.60" port: 50532 } } }
I0401 16:41:35.884263 13014 sys_catalog.cc:340] T 00000000000000000000000000000000 P 9e4b1b33f83944a09262a70c9b11c5d6 [sys.catalog]: This master's current role is: LEADER
I0401 16:41:35.885217 12978 catalog_manager.cc:950] Generated new certificate authority record
I0401 16:41:35.886924 12978 catalog_manager.cc:1075] Loading token signing keys...
I0401 16:41:35.902694 12978 catalog_manager.cc:4281] T 00000000000000000000000000000000 P 9e4b1b33f83944a09262a70c9b11c5d6: Generated new TSK 0
I0401 16:41:35.911600 12160 rpc_server.cc:205] RPC server started. Bound to: 127.11.224.2:52355
I0401 16:41:35.912742 12160 webserver.cc:308] Webserver started at http://127.11.224.2:54855/ using document root and password file
I0401 16:41:35.912839 12797 master_service.cc:271] Signed X509 certificate for tserver {username='jenkins'} at 127.11.224.61:39959
I0401 16:41:35.925164 12964 heartbeater.cc:467] Master 127.11.224.61:55560 was elected leader, sending a full tablet report...
I0401 16:41:35.928390 12160 system_ntp.cc:199] NTP initialized. Skew: 500ppm Current error: 837931us
I0401 16:41:35.928756 12160 fs_manager.cc:263] Metadata directory not provided
I0401 16:41:35.928967 12160 fs_manager.cc:269] Using write-ahead log directory (fs_wal_dir) as metadata directory
I0401 16:41:35.929347 12160 server_base.cc:433] Could not load existing FS layout: Not found: could not find a healthy instance file
I0401 16:41:35.929535 12160 server_base.cc:434] Attempting to create new FS layout instead
I0401 16:41:35.930778 12160 fs_manager.cc:602] Generated new instance metadata in path /data/somelongdirectorytoavoidrpathissues/src/kudutest/ksck_remote-test.0.RemoteKsckTest.TestCheckUnusualFlags.1554162092376624-12160/minicluster-data/ts-2-root/instance: uuid: "37c64d6d84ba4b82a4befb752c172f5e" format_stamp: "Formatted at 2019-04-01 23:41:35 on quasar-eitwqx-1.vpc.cloudera.com"
I0401 16:41:35.935678 13046 heartbeater.cc:345] Connected to a master server at 127.11.224.60:50532
I0401 16:41:35.935807 13046 heartbeater.cc:426] Registering TS with master...
I0401 16:41:35.936363 13046 heartbeater.cc:475] Master 127.11.224.60:50532 requested a full tablet report, sending...
I0401 16:41:35.937772 12854 ts_manager.cc:159] Registered new tserver with Master: d8dba20a0d5849dcb24e05863dc0a123 (127.11.224.2:52355)
I0401 16:41:35.938369 13048 heartbeater.cc:345] Connected to a master server at 127.11.224.62:47883
I0401 16:41:35.938519 13048 heartbeater.cc:426] Registering TS with master...
I0401 16:41:35.938957 13047 heartbeater.cc:345] Connected to a master server at 127.11.224.61:55560
I0401 16:41:35.939096 13047 heartbeater.cc:426] Registering TS with master...
I0401 16:41:35.939268 13048 heartbeater.cc:475] Master 127.11.224.62:47883 requested a full tablet report, sending...
I0401 16:41:35.939606 13047 heartbeater.cc:475] Master 127.11.224.61:55560 requested a full tablet report, sending...
I0401 16:41:35.941087 12740 ts_manager.cc:159] Registered new tserver with Master: d8dba20a0d5849dcb24e05863dc0a123 (127.11.224.2:52355)
I0401 16:41:35.941159 12797 ts_manager.cc:159] Registered new tserver with Master: d8dba20a0d5849dcb24e05863dc0a123 (127.11.224.2:52355)
I0401 16:41:35.942231 12160 fs_manager.cc:503] Time spent creating directory manager: real 0.011s user 0.001s sys 0.005s
I0401 16:41:35.942502 12797 master_service.cc:271] Signed X509 certificate for tserver {username='jenkins'} at 127.11.224.61:39962
I0401 16:41:35.943651 12160 file_cache.cc:466] Constructed file cache lbm with capacity 13107
I0401 16:41:35.946578 12160 fs_manager.cc:419] Time spent opening block manager: real 0.001s user 0.000s sys 0.001s
I0401 16:41:35.946647 12160 fs_manager.cc:436] Opened local filesystem: /data/somelongdirectorytoavoidrpathissues/src/kudutest/ksck_remote-test.0.RemoteKsckTest.TestCheckUnusualFlags.1554162092376624-12160/minicluster-data/ts-2-root uuid: "37c64d6d84ba4b82a4befb752c172f5e" format_stamp: "Formatted at 2019-04-01 23:41:35 on quasar-eitwqx-1.vpc.cloudera.com"
I0401 16:41:35.946728 12160 fs_report.cc:352] FS layout report -------------------- wal directory: /data/somelongdirectorytoavoidrpathissues/src/kudutest/ksck_remote-test.0.RemoteKsckTest.TestCheckUnusualFlags.1554162092376624-12160/minicluster-data/ts-2-root metadata directory: /data/somelongdirectorytoavoidrpathissues/src/kudutest/ksck_remote-test.0.RemoteKsckTest.TestCheckUnusualFlags.1554162092376624-12160/minicluster-data/ts-2-root 1 data directories: /data/somelongdirectorytoavoidrpathissues/src/kudutest/ksck_remote-test.0.RemoteKsckTest.TestCheckUnusualFlags.1554162092376624-12160/minicluster-data/ts-2-root/data Total live blocks: 0 Total live bytes: 0 Total live bytes (after alignment): 0 Total number of LBM containers: 0 (0 full) Did not check for missing blocks Did not check for orphaned blocks Total full LBM containers with extra space: 0 (0 repaired) Total full LBM container extra space in bytes: 0 (0 repaired) Total incomplete LBM containers: 0 (0 repaired) Total LBM partial records: 0 (0 repaired)
I0401 16:41:35.954537 13047 heartbeater.cc:467] Master 127.11.224.61:55560 was elected leader, sending a full tablet report...
I0401 16:41:36.007580 12160 ts_tablet_manager.cc:356] Loaded tablet metadata (0 total tablets, 0 live tablets)
I0401 16:41:36.007635 12160 ts_tablet_manager.cc:376] Registered 0 tablets
I0401 16:41:36.046887 12160 rpc_server.cc:205] RPC server started. Bound to: 127.11.224.3:56700
I0401 16:41:36.047854 12160 webserver.cc:308] Webserver started at http://127.11.224.3:45266/ using document root and password file
I0401 16:41:36.067109 13117 heartbeater.cc:345] Connected to a master server at 127.11.224.60:50532
I0401 16:41:36.067283 13117 heartbeater.cc:426] Registering TS with master...
I0401 16:41:36.067281 13118 heartbeater.cc:345] Connected to a master server at 127.11.224.61:55560
I0401 16:41:36.067456 13118 heartbeater.cc:426] Registering TS with master...
I0401 16:41:36.067833 13117 heartbeater.cc:475] Master 127.11.224.60:50532 requested a full tablet report, sending...
I0401 16:41:36.068631 13118 heartbeater.cc:475] Master 127.11.224.61:55560 requested a full tablet report, sending...
I0401 16:41:36.069823 13119 heartbeater.cc:345] Connected to a master server at 127.11.224.62:47883
I0401 16:41:36.070022 13119 heartbeater.cc:426] Registering TS with master...
I0401 16:41:36.070364 12854 ts_manager.cc:159] Registered new tserver with Master: 37c64d6d84ba4b82a4befb752c172f5e (127.11.224.3:56700)
I0401 16:41:36.070363 12797 ts_manager.cc:159] Registered new tserver with Master: 37c64d6d84ba4b82a4befb752c172f5e (127.11.224.3:56700)
I0401 16:41:36.071044 13119 heartbeater.cc:475] Master 127.11.224.62:47883 requested a full tablet report, sending...
I0401 16:41:36.071808 12797 master_service.cc:271] Signed X509 certificate for tserver {username='jenkins'} at 127.11.224.61:39965
I0401 16:41:36.071975 12740 ts_manager.cc:159] Registered new tserver with Master: 37c64d6d84ba4b82a4befb752c172f5e (127.11.224.3:56700)
I0401 16:41:36.072834 12160 internal_mini_cluster.cc:328] 3 TS(s) registered with all masters after 0.020909642s
I0401 16:41:36.084856 13118 heartbeater.cc:467] Master 127.11.224.61:55560 was elected leader, sending a full tablet report...
I0401 16:41:36.102645 12796 catalog_manager.cc:1416] Servicing CreateTable request from {username='jenkins'} at 127.11.224.61:39968: name: "ksck-test-table" schema { columns { name: "key" type: INT32 is_key: true is_nullable: false encoding: AUTO_ENCODING compression: DEFAULT_COMPRESSION cfile_block_size: 0 } columns { name: "int_val" type: INT32 is_key: false is_nullable: false encoding: AUTO_ENCODING compression: DEFAULT_COMPRESSION cfile_block_size: 0 } } num_replicas: 3 split_rows_range_bounds { rows: "\004\001\n\000\000\000\004\001\024\000\000\000\004\001\036\000\000\000\004\001(\000\000\000\004\0012\000\000\000\004\001<\000\000\000\004\001F\000\000\000\004\001P\000\000\000\004\001Z\000\000\000" } partition_schema { range_schema { columns { name: "key" } } }
W0401 16:41:36.103921 12796 catalog_manager.cc:1575] The number of live tablet servers is not enough to re-replicate a tablet replica of the newly created table ksck-test-table in case of a server failure: 4 tablet servers would be needed, 3 are available. Consider bringing up more tablet servers.
I0401 16:41:36.160954 13084 tablet_service.cc:1006] Processing CreateTablet for tablet 5cd867ea58ed4b0f94a00683e468c72f (table=ksck-test-table [id=82f2b6c7db1041028d25e58ab912c35d]), partition=RANGE (key) PARTITION VALUES < 10
I0401 16:41:36.163966 13083 tablet_service.cc:1006] Processing CreateTablet for tablet 4a3ab93d6988404697e9d57ff3b08276 (table=ksck-test-table [id=82f2b6c7db1041028d25e58ab912c35d]), partition=RANGE (key) PARTITION 10 <= VALUES < 20
I0401 16:41:36.165343 13084 data_dirs.cc:938] Could only allocate 1 dirs of requested 3 for tablet 5cd867ea58ed4b0f94a00683e468c72f. 1 dirs total, 0 dirs full, 0 dirs failed
I0401 16:41:36.164553 13082 tablet_service.cc:1006] Processing CreateTablet for tablet 313183f8b0704fa58ee6bb03c0325a47 (table=ksck-test-table [id=82f2b6c7db1041028d25e58ab912c35d]), partition=RANGE (key) PARTITION 20 <= VALUES < 30
I0401 16:41:36.165967 13078 tablet_service.cc:1006] Processing CreateTablet for tablet 4307b4e29325490c8eec5a83768940a7 (table=ksck-test-table [id=82f2b6c7db1041028d25e58ab912c35d]), partition=RANGE (key) PARTITION 60 <= VALUES < 70
I0401 16:41:36.165725 13079 tablet_service.cc:1006] Processing CreateTablet for tablet 0002a2c87a5144abbd53c3a79bbf0557 (table=ksck-test-table [id=82f2b6c7db1041028d25e58ab912c35d]), partition=RANGE (key) PARTITION 50 <= VALUES < 60
I0401 16:41:36.166398 13077 tablet_service.cc:1006] Processing CreateTablet for tablet 1528709f2f9a40618394fc1ba6bd2922 (table=ksck-test-table [id=82f2b6c7db1041028d25e58ab912c35d]), partition=RANGE (key) PARTITION 70 <= VALUES < 80
I0401 16:41:36.166234 13080 tablet_service.cc:1006] Processing CreateTablet for tablet bd721271b4404021931802cc9a11675b (table=ksck-test-table [id=82f2b6c7db1041028d25e58ab912c35d]), partition=RANGE (key) PARTITION 40 <= VALUES < 50
I0401 16:41:36.167321 13075 tablet_service.cc:1006] Processing CreateTablet for tablet e7a4b8a6de384b3ead437ec059b2eef5 (table=ksck-test-table [id=82f2b6c7db1041028d25e58ab912c35d]), partition=RANGE (key) PARTITION VALUES >= 90
I0401 16:41:36.168850 13083 data_dirs.cc:938] Could only allocate 1 dirs of requested 3 for tablet 4a3ab93d6988404697e9d57ff3b08276. 1 dirs total, 0 dirs full, 0 dirs failed
I0401 16:41:36.168829 13081 tablet_service.cc:1006] Processing CreateTablet for tablet c7e6874d51284fa4a1cfde0a2ce07e8a (table=ksck-test-table [id=82f2b6c7db1041028d25e58ab912c35d]), partition=RANGE (key) PARTITION 30 <= VALUES < 40
I0401 16:41:36.169296 13077 data_dirs.cc:938] Could only allocate 1 dirs of requested 3 for tablet 1528709f2f9a40618394fc1ba6bd2922. 1 dirs total, 0 dirs full, 0 dirs failed
I0401 16:41:36.168479 13076 tablet_service.cc:1006] Processing CreateTablet for tablet 952c63a4d69146b19220a4a9789f70b5 (table=ksck-test-table [id=82f2b6c7db1041028d25e58ab912c35d]), partition=RANGE (key) PARTITION 80 <= VALUES < 90
I0401 16:41:36.169672 13079 data_dirs.cc:938] Could only allocate 1 dirs of requested 3 for tablet 0002a2c87a5144abbd53c3a79bbf0557. 1 dirs total, 0 dirs full, 0 dirs failed
I0401 16:41:36.169961 13076 data_dirs.cc:938] Could only allocate 1 dirs of requested 3 for tablet 952c63a4d69146b19220a4a9789f70b5. 1 dirs total, 0 dirs full, 0 dirs failed
I0401 16:41:36.170338 13082 data_dirs.cc:938] Could only allocate 1 dirs of requested 3 for tablet 313183f8b0704fa58ee6bb03c0325a47. 1 dirs total, 0 dirs full, 0 dirs failed
I0401 16:41:36.170658 13078 data_dirs.cc:938] Could only allocate 1 dirs of requested 3 for tablet 4307b4e29325490c8eec5a83768940a7. 1 dirs total, 0 dirs full, 0 dirs failed
I0401 16:41:36.175253 13081 data_dirs.cc:938] Could only allocate 1 dirs of requested 3 for tablet c7e6874d51284fa4a1cfde0a2ce07e8a. 1 dirs total, 0 dirs full, 0 dirs failed
I0401 16:41:36.175899 13080 data_dirs.cc:938] Could only allocate 1 dirs of requested 3 for tablet bd721271b4404021931802cc9a11675b. 1 dirs total, 0 dirs full, 0 dirs failed
I0401 16:41:36.178131 13075 data_dirs.cc:938] Could only allocate 1 dirs of requested 3 for tablet e7a4b8a6de384b3ead437ec059b2eef5. 1 dirs total, 0 dirs full, 0 dirs failed
I0401 16:41:36.182122 12930 tablet_service.cc:1006] Processing CreateTablet for tablet 5cd867ea58ed4b0f94a00683e468c72f (table=ksck-test-table [id=82f2b6c7db1041028d25e58ab912c35d]), partition=RANGE (key) PARTITION VALUES < 10
I0401 16:41:36.186327 12930 data_dirs.cc:938] Could only allocate 1 dirs of requested 3 for tablet 5cd867ea58ed4b0f94a00683e468c72f. 1 dirs total, 0 dirs full, 0 dirs failed
I0401 16:41:36.189487 12929 tablet_service.cc:1006] Processing CreateTablet for tablet 4a3ab93d6988404697e9d57ff3b08276 (table=ksck-test-table [id=82f2b6c7db1041028d25e58ab912c35d]), partition=RANGE (key) PARTITION 10 <= VALUES < 20
I0401 16:41:36.190754 12925 tablet_service.cc:1006] Processing CreateTablet for tablet 0002a2c87a5144abbd53c3a79bbf0557 (table=ksck-test-table [id=82f2b6c7db1041028d25e58ab912c35d]), partition=RANGE (key) PARTITION 50 <= VALUES < 60
I0401 16:41:36.190052 12928 tablet_service.cc:1006] Processing CreateTablet for tablet 313183f8b0704fa58ee6bb03c0325a47 (table=ksck-test-table [id=82f2b6c7db1041028d25e58ab912c35d]), partition=RANGE (key) PARTITION 20 <= VALUES < 30
I0401 16:41:36.193914 12927 tablet_service.cc:1006] Processing CreateTablet for tablet c7e6874d51284fa4a1cfde0a2ce07e8a (table=ksck-test-table [id=82f2b6c7db1041028d25e58ab912c35d]), partition=RANGE (key) PARTITION 30 <= VALUES < 40
I0401 16:41:36.195339 12922 tablet_service.cc:1006] Processing CreateTablet for tablet 952c63a4d69146b19220a4a9789f70b5 (table=ksck-test-table [id=82f2b6c7db1041028d25e58ab912c35d]), partition=RANGE (key) PARTITION 80 <= VALUES < 90
I0401 16:41:36.196735 12923 tablet_service.cc:1006] Processing CreateTablet for tablet 1528709f2f9a40618394fc1ba6bd2922 (table=ksck-test-table [id=82f2b6c7db1041028d25e58ab912c35d]), partition=RANGE (key) PARTITION 70 <= VALUES < 80
I0401 16:41:36.197157 12926 tablet_service.cc:1006] Processing CreateTablet for tablet bd721271b4404021931802cc9a11675b (table=ksck-test-table [id=82f2b6c7db1041028d25e58ab912c35d]), partition=RANGE (key) PARTITION 40 <= VALUES < 50
I0401 16:41:36.195762 12924 tablet_service.cc:1006] Processing CreateTablet for tablet 4307b4e29325490c8eec5a83768940a7 (table=ksck-test-table [id=82f2b6c7db1041028d25e58ab912c35d]), partition=RANGE (key) PARTITION 60 <= VALUES < 70
I0401 16:41:36.199759 12925 data_dirs.cc:938] Could only allocate 1 dirs of requested 3 for tablet 0002a2c87a5144abbd53c3a79bbf0557. 1 dirs total, 0 dirs full, 0 dirs failed
I0401 16:41:36.200742 12921 tablet_service.cc:1006] Processing CreateTablet for tablet e7a4b8a6de384b3ead437ec059b2eef5 (table=ksck-test-table [id=82f2b6c7db1041028d25e58ab912c35d]), partition=RANGE (key) PARTITION VALUES >= 90
I0401 16:41:36.203724 12927 data_dirs.cc:938] Could only allocate 1 dirs of requested 3 for tablet c7e6874d51284fa4a1cfde0a2ce07e8a. 1 dirs total, 0 dirs full, 0 dirs failed
I0401 16:41:36.204427 12928 data_dirs.cc:938] Could only allocate 1 dirs of requested 3 for tablet 313183f8b0704fa58ee6bb03c0325a47. 1 dirs total, 0 dirs full, 0 dirs failed
I0401 16:41:36.206029 12926 data_dirs.cc:938] Could only allocate 1 dirs of requested 3 for tablet bd721271b4404021931802cc9a11675b. 1 dirs total, 0 dirs full, 0 dirs failed
I0401 16:41:36.207242 12921 data_dirs.cc:938] Could only allocate 1 dirs of requested 3 for tablet e7a4b8a6de384b3ead437ec059b2eef5. 1 dirs total, 0 dirs full, 0 dirs failed
I0401 16:41:36.207543 12924 data_dirs.cc:938] Could only allocate 1 dirs of requested 3 for tablet 4307b4e29325490c8eec5a83768940a7. 1 dirs total, 0 dirs full, 0 dirs failed
I0401 16:41:36.209635 12923 data_dirs.cc:938] Could only allocate 1 dirs of requested 3 for tablet 1528709f2f9a40618394fc1ba6bd2922. 1 dirs total, 0 dirs full, 0 dirs failed
I0401 16:41:36.214668 12922 data_dirs.cc:938] Could only allocate 1 dirs of requested 3 for tablet 952c63a4d69146b19220a4a9789f70b5. 1 dirs total, 0 dirs full, 0 dirs failed
I0401 16:41:36.218168 12929 data_dirs.cc:938] Could only allocate 1 dirs of requested 3 for tablet 4a3ab93d6988404697e9d57ff3b08276. 1 dirs total, 0 dirs full, 0 dirs failed
I0401 16:41:36.223147 13005 tablet_service.cc:1006] Processing CreateTablet for tablet 5cd867ea58ed4b0f94a00683e468c72f (table=ksck-test-table [id=82f2b6c7db1041028d25e58ab912c35d]), partition=RANGE (key) PARTITION VALUES < 10
I0401 16:41:36.227185 13000 tablet_service.cc:1006] Processing CreateTablet for tablet 0002a2c87a5144abbd53c3a79bbf0557 (table=ksck-test-table [id=82f2b6c7db1041028d25e58ab912c35d]), partition=RANGE (key) PARTITION 50 <= VALUES < 60
I0401 16:41:36.252295 13005 data_dirs.cc:938] Could only allocate 1 dirs of requested 3 for tablet 5cd867ea58ed4b0f94a00683e468c72f. 1 dirs total, 0 dirs full, 0 dirs failed
I0401 16:41:36.251297 13003 tablet_service.cc:1006] Processing CreateTablet for tablet c7e6874d51284fa4a1cfde0a2ce07e8a (table=ksck-test-table [id=82f2b6c7db1041028d25e58ab912c35d]), partition=RANGE (key) PARTITION 30 <= VALUES < 40
I0401 16:41:36.257000 13001 tablet_service.cc:1006] Processing CreateTablet for tablet bd721271b4404021931802cc9a11675b (table=ksck-test-table [id=82f2b6c7db1041028d25e58ab912c35d]), partition=RANGE (key) PARTITION 40 <= VALUES < 50
I0401 16:41:36.256948 13002 tablet_service.cc:1006] Processing CreateTablet for tablet 313183f8b0704fa58ee6bb03c0325a47 (table=ksck-test-table [id=82f2b6c7db1041028d25e58ab912c35d]), partition=RANGE (key) PARTITION 20 <= VALUES < 30
I0401 16:41:36.259013 12998 tablet_service.cc:1006] Processing CreateTablet for tablet 4307b4e29325490c8eec5a83768940a7 (table=ksck-test-table [id=82f2b6c7db1041028d25e58ab912c35d]), partition=RANGE (key) PARTITION 60 <= VALUES < 70
I0401 16:41:36.260387 13000 data_dirs.cc:938] Could only allocate 1 dirs of requested 3 for tablet 0002a2c87a5144abbd53c3a79bbf0557. 1 dirs total, 0 dirs full, 0 dirs failed
I0401 16:41:36.260665 13004 tablet_service.cc:1006] Processing CreateTablet for tablet 4a3ab93d6988404697e9d57ff3b08276 (table=ksck-test-table [id=82f2b6c7db1041028d25e58ab912c35d]), partition=RANGE (key) PARTITION 10 <= VALUES < 20
