I0401 16:41:49.083467 12160 fs_report.cc:352] FS layout report -------------------- wal directory: /data/somelongdirectorytoavoidrpathissues/src/kudutest/ksck_remote-test.0.RemoteKsckTest.TestChecksumSnapshot.1554162092376624-12160/minicluster-data/ts-1-root metadata directory: /data/somelongdirectorytoavoidrpathissues/src/kudutest/ksck_remote-test.0.RemoteKsckTest.TestChecksumSnapshot.1554162092376624-12160/minicluster-data/ts-1-root 1 data directories: /data/somelongdirectorytoavoidrpathissues/src/kudutest/ksck_remote-test.0.RemoteKsckTest.TestChecksumSnapshot.1554162092376624-12160/minicluster-data/ts-1-root/data Total live blocks: 0 Total live bytes: 0 Total live bytes (after alignment): 0 Total number of LBM containers: 0 (0 full) Did not check for missing blocks Did not check for orphaned blocks Total full LBM containers with extra space: 0 (0 repaired) Total full LBM container extra space in bytes: 0 (0 repaired) Total incomplete LBM containers: 0 (0 repaired) Total LBM partial records: 0 (0 repaired)
I0401 16:41:49.108723 12160 ts_tablet_manager.cc:356] Loaded tablet metadata (0 total tablets, 0 live tablets)
I0401 16:41:49.108775 12160 ts_tablet_manager.cc:376] Registered 0 tablets
I0401 16:41:49.130319 12160 rpc_server.cc:205] RPC server started. Bound to: 127.11.224.2:54037
I0401 16:41:49.131268 12160 webserver.cc:308] Webserver started at http://127.11.224.2:52897/ using document root and password file
I0401 16:41:49.150277 15886 heartbeater.cc:345] Connected to a master server at 127.11.224.60:32872
I0401 16:41:49.150355 15886 heartbeater.cc:426] Registering TS with master...
I0401 16:41:49.150998 15886 heartbeater.cc:475] Master 127.11.224.60:32872 requested a full tablet report, sending...
I0401 16:41:49.152240 15703 ts_manager.cc:159] Registered new tserver with Master: c49eacb8125f47b5a28548c823edfbf3 (127.11.224.2:54037)
I0401 16:41:49.154964 15887 heartbeater.cc:345] Connected to a master server at 127.11.224.61:58736
I0401 16:41:49.155014 15887 heartbeater.cc:426] Registering TS with master...
I0401 16:41:49.155228 15887 heartbeater.cc:475] Master 127.11.224.61:58736 requested a full tablet report, sending...
I0401 16:41:49.156324 15646 ts_manager.cc:159] Registered new tserver with Master: c49eacb8125f47b5a28548c823edfbf3 (127.11.224.2:54037)
I0401 16:41:49.158402 15656 raft_consensus.cc:1181] T 00000000000000000000000000000000 P c648c7b342d841319c073af14dbe36e5 [term 1 FOLLOWER]: Refusing update from remote peer f157b39c0d014af294d782407497c377: Log matching property violated. Preceding OpId in replica: term: 0 index: 0. Preceding OpId from leader: term: 1 index: 2. (index mismatch)
I0401 16:41:49.158439 15713 raft_consensus.cc:1181] T 00000000000000000000000000000000 P db81944f68db4f41a11ed545fdf4ca28 [term 1 FOLLOWER]: Refusing update from remote peer f157b39c0d014af294d782407497c377: Log matching property violated. Preceding OpId in replica: term: 0 index: 0. Preceding OpId from leader: term: 1 index: 2. (index mismatch)
I0401 16:41:49.158852 15820 consensus_queue.cc:984] T 00000000000000000000000000000000 P f157b39c0d014af294d782407497c377 [LEADER]: Connected to new peer: Peer: permanent_uuid: "db81944f68db4f41a11ed545fdf4ca28" member_type: VOTER last_known_addr { host: "127.11.224.60" port: 32872 }, Status: LMP_MISMATCH, Last received: 0.0, Next index: 1, Last known committed idx: 0, Time since last communication: 0.000s
I0401 16:41:49.159032 15746 consensus_queue.cc:984] T 00000000000000000000000000000000 P f157b39c0d014af294d782407497c377 [LEADER]: Connected to new peer: Peer: permanent_uuid: "c648c7b342d841319c073af14dbe36e5" member_type: VOTER last_known_addr { host: "127.11.224.61" port: 58736 }, Status: LMP_MISMATCH, Last received: 0.0, Next index: 1, Last known committed idx: 0, Time since last communication: 0.000s
I0401 16:41:49.160235 12160 system_ntp.cc:199] NTP initialized. Skew: 500ppm Current error: 844931us
I0401 16:41:49.160432 12160 fs_manager.cc:263] Metadata directory not provided
I0401 16:41:49.160429 15888 heartbeater.cc:345] Connected to a master server at 127.11.224.62:37596
I0401 16:41:49.160476 12160 fs_manager.cc:269] Using write-ahead log directory (fs_wal_dir) as metadata directory
I0401 16:41:49.160528 15888 heartbeater.cc:426] Registering TS with master...
I0401 16:41:49.160603 12160 server_base.cc:433] Could not load existing FS layout: Not found: could not find a healthy instance file
I0401 16:41:49.160646 12160 server_base.cc:434] Attempting to create new FS layout instead
I0401 16:41:49.160738 15888 heartbeater.cc:475] Master 127.11.224.62:37596 requested a full tablet report, sending...
I0401 16:41:49.161280 12160 fs_manager.cc:602] Generated new instance metadata in path /data/somelongdirectorytoavoidrpathissues/src/kudutest/ksck_remote-test.0.RemoteKsckTest.TestChecksumSnapshot.1554162092376624-12160/minicluster-data/ts-2-root/instance: uuid: "30b08c36fa41460b84546af2b84601ac" format_stamp: "Formatted at 2019-04-01 23:41:49 on quasar-eitwqx-1.vpc.cloudera.com"
I0401 16:41:49.162681 15589 ts_manager.cc:159] Registered new tserver with Master: c49eacb8125f47b5a28548c823edfbf3 (127.11.224.2:54037)
I0401 16:41:49.165311 15743 sys_catalog.cc:337] T 00000000000000000000000000000000 P c648c7b342d841319c073af14dbe36e5 [sys.catalog]: SysCatalogTable state changed. Reason: New leader f157b39c0d014af294d782407497c377. Latest consensus state: current_term: 1 leader_uuid: "f157b39c0d014af294d782407497c377" committed_config { opid_index: -1 OBSOLETE_local: false peers { permanent_uuid: "f157b39c0d014af294d782407497c377" member_type: VOTER last_known_addr { host: "127.11.224.62" port: 37596 } } peers { permanent_uuid: "c648c7b342d841319c073af14dbe36e5" member_type: VOTER last_known_addr { host: "127.11.224.61" port: 58736 } } peers { permanent_uuid: "db81944f68db4f41a11ed545fdf4ca28" member_type: VOTER last_known_addr { host: "127.11.224.60" port: 32872 } } }
I0401 16:41:49.165650 15743 sys_catalog.cc:340] T 00000000000000000000000000000000 P c648c7b342d841319c073af14dbe36e5 [sys.catalog]: This master's current role is: FOLLOWER
I0401 16:41:49.169716 15822 catalog_manager.cc:950] Generated new certificate authority record
I0401 16:41:49.169718 15820 sys_catalog.cc:337] T 00000000000000000000000000000000 P f157b39c0d014af294d782407497c377 [sys.catalog]: SysCatalogTable state changed. Reason: Peer health change. Latest consensus state: current_term: 1 leader_uuid: "f157b39c0d014af294d782407497c377" committed_config { opid_index: -1 OBSOLETE_local: false peers { permanent_uuid: "f157b39c0d014af294d782407497c377" member_type: VOTER last_known_addr { host: "127.11.224.62" port: 37596 } } peers { permanent_uuid: "c648c7b342d841319c073af14dbe36e5" member_type: VOTER last_known_addr { host: "127.11.224.61" port: 58736 } } peers { permanent_uuid: "db81944f68db4f41a11ed545fdf4ca28" member_type: VOTER last_known_addr { host: "127.11.224.60" port: 32872 } } }
I0401 16:41:49.169922 15820 sys_catalog.cc:340] T 00000000000000000000000000000000 P f157b39c0d014af294d782407497c377 [sys.catalog]: This master's current role is: LEADER
I0401 16:41:49.170322 15743 sys_catalog.cc:337] T 00000000000000000000000000000000 P c648c7b342d841319c073af14dbe36e5 [sys.catalog]: SysCatalogTable state changed. Reason: Replicated consensus-only round. Latest consensus state: current_term: 1 leader_uuid: "f157b39c0d014af294d782407497c377" committed_config { opid_index: -1 OBSOLETE_local: false peers { permanent_uuid: "f157b39c0d014af294d782407497c377" member_type: VOTER last_known_addr { host: "127.11.224.62" port: 37596 } } peers { permanent_uuid: "c648c7b342d841319c073af14dbe36e5" member_type: VOTER last_known_addr { host: "127.11.224.61" port: 58736 } } peers { permanent_uuid: "db81944f68db4f41a11ed545fdf4ca28" member_type: VOTER last_known_addr { host: "127.11.224.60" port: 32872 } } }
I0401 16:41:49.170487 15743 sys_catalog.cc:340] T 00000000000000000000000000000000 P c648c7b342d841319c073af14dbe36e5 [sys.catalog]: This master's current role is: FOLLOWER
I0401 16:41:49.171281 15822 catalog_manager.cc:1075] Loading token signing keys...
I0401 16:41:49.171701 12160 fs_manager.cc:503] Time spent creating directory manager: real 0.010s user 0.002s sys 0.005s
I0401 16:41:49.172624 12160 file_cache.cc:466] Constructed file cache lbm with capacity 13107
I0401 16:41:49.178211 15740 sys_catalog.cc:337] T 00000000000000000000000000000000 P db81944f68db4f41a11ed545fdf4ca28 [sys.catalog]: SysCatalogTable state changed. Reason: New leader f157b39c0d014af294d782407497c377. Latest consensus state: current_term: 1 leader_uuid: "f157b39c0d014af294d782407497c377" committed_config { opid_index: -1 OBSOLETE_local: false peers { permanent_uuid: "f157b39c0d014af294d782407497c377" member_type: VOTER last_known_addr { host: "127.11.224.62" port: 37596 } } peers { permanent_uuid: "c648c7b342d841319c073af14dbe36e5" member_type: VOTER last_known_addr { host: "127.11.224.61" port: 58736 } } peers { permanent_uuid: "db81944f68db4f41a11ed545fdf4ca28" member_type: VOTER last_known_addr { host: "127.11.224.60" port: 32872 } } }
I0401 16:41:49.178477 15740 sys_catalog.cc:340] T 00000000000000000000000000000000 P db81944f68db4f41a11ed545fdf4ca28 [sys.catalog]: This master's current role is: FOLLOWER
I0401 16:41:49.180362 15820 sys_catalog.cc:337] T 00000000000000000000000000000000 P f157b39c0d014af294d782407497c377 [sys.catalog]: SysCatalogTable state changed. Reason: Peer health change. Latest consensus state: current_term: 1 leader_uuid: "f157b39c0d014af294d782407497c377" committed_config { opid_index: -1 OBSOLETE_local: false peers { permanent_uuid: "f157b39c0d014af294d782407497c377" member_type: VOTER last_known_addr { host: "127.11.224.62" port: 37596 } } peers { permanent_uuid: "c648c7b342d841319c073af14dbe36e5" member_type: VOTER last_known_addr { host: "127.11.224.61" port: 58736 } } peers { permanent_uuid: "db81944f68db4f41a11ed545fdf4ca28" member_type: VOTER last_known_addr { host: "127.11.224.60" port: 32872 } } }
I0401 16:41:49.180538 15820 sys_catalog.cc:340] T 00000000000000000000000000000000 P f157b39c0d014af294d782407497c377 [sys.catalog]: This master's current role is: LEADER
I0401 16:41:49.182076 12160 fs_manager.cc:419] Time spent opening block manager: real 0.006s user 0.000s sys 0.006s
I0401 16:41:49.182133 12160 fs_manager.cc:436] Opened local filesystem: /data/somelongdirectorytoavoidrpathissues/src/kudutest/ksck_remote-test.0.RemoteKsckTest.TestChecksumSnapshot.1554162092376624-12160/minicluster-data/ts-2-root uuid: "30b08c36fa41460b84546af2b84601ac" format_stamp: "Formatted at 2019-04-01 23:41:49 on quasar-eitwqx-1.vpc.cloudera.com"
I0401 16:41:49.182220 12160 fs_report.cc:352] FS layout report -------------------- wal directory: /data/somelongdirectorytoavoidrpathissues/src/kudutest/ksck_remote-test.0.RemoteKsckTest.TestChecksumSnapshot.1554162092376624-12160/minicluster-data/ts-2-root metadata directory: /data/somelongdirectorytoavoidrpathissues/src/kudutest/ksck_remote-test.0.RemoteKsckTest.TestChecksumSnapshot.1554162092376624-12160/minicluster-data/ts-2-root 1 data directories: /data/somelongdirectorytoavoidrpathissues/src/kudutest/ksck_remote-test.0.RemoteKsckTest.TestChecksumSnapshot.1554162092376624-12160/minicluster-data/ts-2-root/data Total live blocks: 0 Total live bytes: 0 Total live bytes (after alignment): 0 Total number of LBM containers: 0 (0 full) Did not check for missing blocks Did not check for orphaned blocks Total full LBM containers with extra space: 0 (0 repaired) Total full LBM container extra space in bytes: 0 (0 repaired) Total incomplete LBM containers: 0 (0 repaired) Total LBM partial records: 0 (0 repaired)
I0401 16:41:49.183565 15740 sys_catalog.cc:337] T 00000000000000000000000000000000 P db81944f68db4f41a11ed545fdf4ca28 [sys.catalog]: SysCatalogTable state changed. Reason: Replicated consensus-only round. Latest consensus state: current_term: 1 leader_uuid: "f157b39c0d014af294d782407497c377" committed_config { opid_index: -1 OBSOLETE_local: false peers { permanent_uuid: "f157b39c0d014af294d782407497c377" member_type: VOTER last_known_addr { host: "127.11.224.62" port: 37596 } } peers { permanent_uuid: "c648c7b342d841319c073af14dbe36e5" member_type: VOTER last_known_addr { host: "127.11.224.61" port: 58736 } } peers { permanent_uuid: "db81944f68db4f41a11ed545fdf4ca28" member_type: VOTER last_known_addr { host: "127.11.224.60" port: 32872 } } }
I0401 16:41:49.183836 15740 sys_catalog.cc:340] T 00000000000000000000000000000000 P db81944f68db4f41a11ed545fdf4ca28 [sys.catalog]: This master's current role is: FOLLOWER
I0401 16:41:49.186192 15822 catalog_manager.cc:4281] T 00000000000000000000000000000000 P f157b39c0d014af294d782407497c377: Generated new TSK 0
I0401 16:41:49.190438 15589 master_service.cc:271] Signed X509 certificate for tserver {username='jenkins'} at 127.11.224.62:46327
I0401 16:41:49.197911 15589 master_service.cc:271] Signed X509 certificate for tserver {username='jenkins'} at 127.11.224.62:46330
I0401 16:41:49.201961 15814 heartbeater.cc:467] Master 127.11.224.62:37596 was elected leader, sending a full tablet report...
I0401 16:41:49.209658 15888 heartbeater.cc:467] Master 127.11.224.62:37596 was elected leader, sending a full tablet report...
I0401 16:41:49.224344 12160 ts_tablet_manager.cc:356] Loaded tablet metadata (0 total tablets, 0 live tablets)
I0401 16:41:49.224388 12160 ts_tablet_manager.cc:376] Registered 0 tablets
I0401 16:41:49.243896 12160 rpc_server.cc:205] RPC server started. Bound to: 127.11.224.3:58821
I0401 16:41:49.244926 12160 webserver.cc:308] Webserver started at http://127.11.224.3:51279/ using document root and password file
I0401 16:41:49.255949 15965 heartbeater.cc:345] Connected to a master server at 127.11.224.60:32872
I0401 16:41:49.256024 15965 heartbeater.cc:426] Registering TS with master...
I0401 16:41:49.256196 15965 heartbeater.cc:475] Master 127.11.224.60:32872 requested a full tablet report, sending...
I0401 16:41:49.256914 15702 ts_manager.cc:159] Registered new tserver with Master: 30b08c36fa41460b84546af2b84601ac (127.11.224.3:58821)
I0401 16:41:49.257266 15967 heartbeater.cc:345] Connected to a master server at 127.11.224.62:37596
I0401 16:41:49.257329 15967 heartbeater.cc:426] Registering TS with master...
I0401 16:41:49.257464 15967 heartbeater.cc:475] Master 127.11.224.62:37596 requested a full tablet report, sending...
I0401 16:41:49.258247 15589 ts_manager.cc:159] Registered new tserver with Master: 30b08c36fa41460b84546af2b84601ac (127.11.224.3:58821)
I0401 16:41:49.259454 15589 master_service.cc:271] Signed X509 certificate for tserver {username='jenkins'} at 127.11.224.62:46333
I0401 16:41:49.260154 15966 heartbeater.cc:345] Connected to a master server at 127.11.224.61:58736
I0401 16:41:49.260216 15966 heartbeater.cc:426] Registering TS with master...
I0401 16:41:49.260558 15966 heartbeater.cc:475] Master 127.11.224.61:58736 requested a full tablet report, sending...
I0401 16:41:49.261467 15646 ts_manager.cc:159] Registered new tserver with Master: 30b08c36fa41460b84546af2b84601ac (127.11.224.3:58821)
I0401 16:41:49.261833 12160 internal_mini_cluster.cc:328] 3 TS(s) registered with all masters after 0.010634367s
I0401 16:41:49.270987 15967 heartbeater.cc:467] Master 127.11.224.62:37596 was elected leader, sending a full tablet report...
I0401 16:41:49.276479 15589 catalog_manager.cc:1416] Servicing CreateTable request from {username='jenkins'} at 127.11.224.62:46334: name: "ksck-test-table" schema { columns { name: "key" type: INT32 is_key: true is_nullable: false encoding: AUTO_ENCODING compression: DEFAULT_COMPRESSION cfile_block_size: 0 } columns { name: "int_val" type: INT32 is_key: false is_nullable: false encoding: AUTO_ENCODING compression: DEFAULT_COMPRESSION cfile_block_size: 0 } } num_replicas: 3 split_rows_range_bounds { rows: "\004\001\n\000\000\000\004\001\024\000\000\000\004\001\036\000\000\000\004\001(\000\000\000\004\0012\000\000\000\004\001<\000\000\000\004\001F\000\000\000\004\001P\000\000\000\004\001Z\000\000\000" } partition_schema { range_schema { columns { name: "key" } } }
W0401 16:41:49.277096 15589 catalog_manager.cc:1575] The number of live tablet servers is not enough to re-replicate a tablet replica of the newly created table ksck-test-table in case of a server failure: 4 tablet servers would be needed, 3 are available. Consider bringing up more tablet servers.
I0401 16:41:49.306087 15776 tablet_service.cc:1006] Processing CreateTablet for tablet ce18cc20a89f4b0ea5689fa69cd2d573 (table=ksck-test-table [id=9b8e2e4d920f451f816980bb93c4e002]), partition=RANGE (key) PARTITION 30 <= VALUES < 40
I0401 16:41:49.306340 15773 tablet_service.cc:1006] Processing CreateTablet for tablet 326662072cb64c93be9293bdd4eb0572 (table=ksck-test-table [id=9b8e2e4d920f451f816980bb93c4e002]), partition=RANGE (key) PARTITION 60 <= VALUES < 70
I0401 16:41:49.306627 15776 data_dirs.cc:938] Could only allocate 1 dirs of requested 3 for tablet ce18cc20a89f4b0ea5689fa69cd2d573. 1 dirs total, 0 dirs full, 0 dirs failed
I0401 16:41:49.306792 15773 data_dirs.cc:938] Could only allocate 1 dirs of requested 3 for tablet 326662072cb64c93be9293bdd4eb0572. 1 dirs total, 0 dirs full, 0 dirs failed
I0401 16:41:49.306951 15779 tablet_service.cc:1006] Processing CreateTablet for tablet 49c29a4a9ce94cbcb08d3902882f3678 (table=ksck-test-table [id=9b8e2e4d920f451f816980bb93c4e002]), partition=RANGE (key) PARTITION VALUES < 10
I0401 16:41:49.307245 15779 data_dirs.cc:938] Could only allocate 1 dirs of requested 3 for tablet 49c29a4a9ce94cbcb08d3902882f3678. 1 dirs total, 0 dirs full, 0 dirs failed
I0401 16:41:49.309962 15778 tablet_service.cc:1006] Processing CreateTablet for tablet c4f59507e08d48648f5f94ca5e6c5276 (table=ksck-test-table [id=9b8e2e4d920f451f816980bb93c4e002]), partition=RANGE (key) PARTITION 10 <= VALUES < 20
I0401 16:41:49.310503 15777 tablet_service.cc:1006] Processing CreateTablet for tablet 9e9b6261342841ea8d3a1070c3e553e6 (table=ksck-test-table [id=9b8e2e4d920f451f816980bb93c4e002]), partition=RANGE (key) PARTITION 20 <= VALUES < 30
I0401 16:41:49.311036 15775 tablet_service.cc:1006] Processing CreateTablet for tablet 4d3a78e5d640469bacefc38d11a5c554 (table=ksck-test-table [id=9b8e2e4d920f451f816980bb93c4e002]), partition=RANGE (key) PARTITION 40 <= VALUES < 50
I0401 16:41:49.311576 15774 tablet_service.cc:1006] Processing CreateTablet for tablet 1d488bd237df4d8693644e766b14820f (table=ksck-test-table [id=9b8e2e4d920f451f816980bb93c4e002]), partition=RANGE (key) PARTITION 50 <= VALUES < 60
I0401 16:41:49.311786 15778 data_dirs.cc:938] Could only allocate 1 dirs of requested 3 for tablet c4f59507e08d48648f5f94ca5e6c5276. 1 dirs total, 0 dirs full, 0 dirs failed
I0401 16:41:49.311955 15774 data_dirs.cc:938] Could only allocate 1 dirs of requested 3 for tablet 1d488bd237df4d8693644e766b14820f. 1 dirs total, 0 dirs full, 0 dirs failed
I0401 16:41:49.312438 15772 tablet_service.cc:1006] Processing CreateTablet for tablet 9996ab620dac4416b7773a41827de2b2 (table=ksck-test-table [id=9b8e2e4d920f451f816980bb93c4e002]), partition=RANGE (key) PARTITION 70 <= VALUES < 80
I0401 16:41:49.312999 15771 tablet_service.cc:1006] Processing CreateTablet for tablet 1014e6212c53450aa873880506494b22 (table=ksck-test-table [id=9b8e2e4d920f451f816980bb93c4e002]), partition=RANGE (key) PARTITION 80 <= VALUES < 90
I0401 16:41:49.313444 15771 data_dirs.cc:938] Could only allocate 1 dirs of requested 3 for tablet 1014e6212c53450aa873880506494b22. 1 dirs total, 0 dirs full, 0 dirs failed
I0401 16:41:49.314033 15932 tablet_service.cc:1006] Processing CreateTablet for tablet 49c29a4a9ce94cbcb08d3902882f3678 (table=ksck-test-table [id=9b8e2e4d920f451f816980bb93c4e002]), partition=RANGE (key) PARTITION VALUES < 10
I0401 16:41:49.314695 15926 tablet_service.cc:1006] Processing CreateTablet for tablet 326662072cb64c93be9293bdd4eb0572 (table=ksck-test-table [id=9b8e2e4d920f451f816980bb93c4e002]), partition=RANGE (key) PARTITION 60 <= VALUES < 70
I0401 16:41:49.314750 15930 tablet_service.cc:1006] Processing CreateTablet for tablet 9e9b6261342841ea8d3a1070c3e553e6 (table=ksck-test-table [id=9b8e2e4d920f451f816980bb93c4e002]), partition=RANGE (key) PARTITION 20 <= VALUES < 30
I0401 16:41:49.315074 15928 tablet_service.cc:1006] Processing CreateTablet for tablet 4d3a78e5d640469bacefc38d11a5c554 (table=ksck-test-table [id=9b8e2e4d920f451f816980bb93c4e002]), partition=RANGE (key) PARTITION 40 <= VALUES < 50
I0401 16:41:49.315368 15777 data_dirs.cc:938] Could only allocate 1 dirs of requested 3 for tablet 9e9b6261342841ea8d3a1070c3e553e6. 1 dirs total, 0 dirs full, 0 dirs failed
I0401 16:41:49.315299 15927 tablet_service.cc:1006] Processing CreateTablet for tablet 1d488bd237df4d8693644e766b14820f (table=ksck-test-table [id=9b8e2e4d920f451f816980bb93c4e002]), partition=RANGE (key) PARTITION 50 <= VALUES < 60
I0401 16:41:49.315402 15929 tablet_service.cc:1006] Processing CreateTablet for tablet ce18cc20a89f4b0ea5689fa69cd2d573 (table=ksck-test-table [id=9b8e2e4d920f451f816980bb93c4e002]), partition=RANGE (key) PARTITION 30 <= VALUES < 40
I0401 16:41:49.315812 15775 data_dirs.cc:938] Could only allocate 1 dirs of requested 3 for tablet 4d3a78e5d640469bacefc38d11a5c554. 1 dirs total, 0 dirs full, 0 dirs failed
I0401 16:41:49.315747 15925 tablet_service.cc:1006] Processing CreateTablet for tablet 9996ab620dac4416b7773a41827de2b2 (table=ksck-test-table [id=9b8e2e4d920f451f816980bb93c4e002]), partition=RANGE (key) PARTITION 70 <= VALUES < 80
I0401 16:41:49.316128 15770 tablet_service.cc:1006] Processing CreateTablet for tablet d2920637aa6b4c3c8a9ecf286fd9792e (table=ksck-test-table [id=9b8e2e4d920f451f816980bb93c4e002]), partition=RANGE (key) PARTITION VALUES >= 90
I0401 16:41:49.316377 15931 tablet_service.cc:1006] Processing CreateTablet for tablet c4f59507e08d48648f5f94ca5e6c5276 (table=ksck-test-table [id=9b8e2e4d920f451f816980bb93c4e002]), partition=RANGE (key) PARTITION 10 <= VALUES < 20
I0401 16:41:49.316697 15932 data_dirs.cc:938] Could only allocate 1 dirs of requested 3 for tablet 49c29a4a9ce94cbcb08d3902882f3678. 1 dirs total, 0 dirs full, 0 dirs failed
I0401 16:41:49.316968 15924 tablet_service.cc:1006] Processing CreateTablet for tablet 1014e6212c53450aa873880506494b22 (table=ksck-test-table [id=9b8e2e4d920f451f816980bb93c4e002]), partition=RANGE (key) PARTITION 80 <= VALUES < 90
I0401 16:41:49.317328 15924 data_dirs.cc:938] Could only allocate 1 dirs of requested 3 for tablet 1014e6212c53450aa873880506494b22. 1 dirs total, 0 dirs full, 0 dirs failed
I0401 16:41:49.317924 15928 data_dirs.cc:938] Could only allocate 1 dirs of requested 3 for tablet 4d3a78e5d640469bacefc38d11a5c554. 1 dirs total, 0 dirs full, 0 dirs failed
I0401 16:41:49.318410 15926 data_dirs.cc:938] Could only allocate 1 dirs of requested 3 for tablet 326662072cb64c93be9293bdd4eb0572. 1 dirs total, 0 dirs full, 0 dirs failed
I0401 16:41:49.316462 15770 data_dirs.cc:938] Could only allocate 1 dirs of requested 3 for tablet d2920637aa6b4c3c8a9ecf286fd9792e. 1 dirs total, 0 dirs full, 0 dirs failed
I0401 16:41:49.319916 15927 data_dirs.cc:938] Could only allocate 1 dirs of requested 3 for tablet 1d488bd237df4d8693644e766b14820f. 1 dirs total, 0 dirs full, 0 dirs failed
I0401 16:41:49.321063 15923 tablet_service.cc:1006] Processing CreateTablet for tablet d2920637aa6b4c3c8a9ecf286fd9792e (table=ksck-test-table [id=9b8e2e4d920f451f816980bb93c4e002]), partition=RANGE (key) PARTITION VALUES >= 90
I0401 16:41:49.321403 15923 data_dirs.cc:938] Could only allocate 1 dirs of requested 3 for tablet d2920637aa6b4c3c8a9ecf286fd9792e. 1 dirs total, 0 dirs full, 0 dirs failed
I0401 16:41:49.322865 15925 data_dirs.cc:938] Could only allocate 1 dirs of requested 3 for tablet 9996ab620dac4416b7773a41827de2b2. 1 dirs total, 0 dirs full, 0 dirs failed
I0401 16:41:49.325440 15930 data_dirs.cc:938] Could only allocate 1 dirs of requested 3 for tablet 9e9b6261342841ea8d3a1070c3e553e6. 1 dirs total, 0 dirs full, 0 dirs failed
I0401 16:41:49.326239 15772 data_dirs.cc:938] Could only allocate 1 dirs of requested 3 for tablet 9996ab620dac4416b7773a41827de2b2. 1 dirs total, 0 dirs full, 0 dirs failed
I0401 16:41:49.329789 15929 data_dirs.cc:938] Could only allocate 1 dirs of requested 3 for tablet ce18cc20a89f4b0ea5689fa69cd2d573. 1 dirs total, 0 dirs full, 0 dirs failed
I0401 16:41:49.334519 15931 data_dirs.cc:938] Could only allocate 1 dirs of requested 3 for tablet c4f59507e08d48648f5f94ca5e6c5276. 1 dirs total, 0 dirs full, 0 dirs failed
I0401 16:41:49.345438 15986 tablet_bootstrap.cc:439] T 9996ab620dac4416b7773a41827de2b2 P 30b08c36fa41460b84546af2b84601ac: Bootstrap starting.
I0401 16:41:49.345680 15985 tablet_bootstrap.cc:439] T 326662072cb64c93be9293bdd4eb0572 P c389c480349f4579bf5e70301b6d4517: Bootstrap starting.
I0401 16:41:49.346973 15985 tablet_bootstrap.cc:590] T 326662072cb64c93be9293bdd4eb0572 P c389c480349f4579bf5e70301b6d4517: No blocks or log segments found. Creating new log.
I0401 16:41:49.347646 15986 tablet_bootstrap.cc:590] T 9996ab620dac4416b7773a41827de2b2 P 30b08c36fa41460b84546af2b84601ac: No blocks or log segments found. Creating new log.
I0401 16:41:49.348124 15853 tablet_service.cc:1006] Processing CreateTablet for tablet 49c29a4a9ce94cbcb08d3902882f3678 (table=ksck-test-table [id=9b8e2e4d920f451f816980bb93c4e002]), partition=RANGE (key) PARTITION VALUES < 10
I0401 16:41:49.348590 15853 data_dirs.cc:938] Could only allocate 1 dirs of requested 3 for tablet 49c29a4a9ce94cbcb08d3902882f3678. 1 dirs total, 0 dirs full, 0 dirs failed
I0401 16:41:49.348688 15848 tablet_service.cc:1006] Processing CreateTablet for tablet 1d488bd237df4d8693644e766b14820f (table=ksck-test-table [id=9b8e2e4d920f451f816980bb93c4e002]), partition=RANGE (key) PARTITION 50 <= VALUES < 60
I0401 16:41:49.349028 15851 tablet_service.cc:1006] Processing CreateTablet for tablet 9e9b6261342841ea8d3a1070c3e553e6 (table=ksck-test-table [id=9b8e2e4d920f451f816980bb93c4e002]), partition=RANGE (key) PARTITION 20 <= VALUES < 30
I0401 16:41:49.349172 15845 tablet_service.cc:1006] Processing CreateTablet for tablet 1014e6212c53450aa873880506494b22 (table=ksck-test-table [id=9b8e2e4d920f451f816980bb93c4e002]), partition=RANGE (key) PARTITION 80 <= VALUES < 90
I0401 16:41:49.349189 15852 tablet_service.cc:1006] Processing CreateTablet for tablet c4f59507e08d48648f5f94ca5e6c5276 (table=ksck-test-table [id=9b8e2e4d920f451f816980bb93c4e002]), partition=RANGE (key) PARTITION 10 <= VALUES < 20
I0401 16:41:49.349386 15851 data_dirs.cc:938] Could only allocate 1 dirs of requested 3 for tablet 9e9b6261342841ea8d3a1070c3e553e6. 1 dirs total, 0 dirs full, 0 dirs failed
I0401 16:41:49.349565 15846 tablet_service.cc:1006] Processing CreateTablet for tablet 9996ab620dac4416b7773a41827de2b2 (table=ksck-test-table [id=9b8e2e4d920f451f816980bb93c4e002]), partition=RANGE (key) PARTITION 70 <= VALUES < 80
I0401 16:41:49.349845 15846 data_dirs.cc:938] Could only allocate 1 dirs of requested 3 for tablet 9996ab620dac4416b7773a41827de2b2. 1 dirs total, 0 dirs full, 0 dirs failed
I0401 16:41:49.351791 15850 tablet_service.cc:1006] Processing CreateTablet for tablet ce18cc20a89f4b0ea5689fa69cd2d573 (table=ksck-test-table [id=9b8e2e4d920f451f816980bb93c4e002]), partition=RANGE (key) PARTITION 30 <= VALUES < 40
I0401 16:41:49.352277 15849 tablet_service.cc:1006] Processing CreateTablet for tablet 4d3a78e5d640469bacefc38d11a5c554 (table=ksck-test-table [id=9b8e2e4d920f451f816980bb93c4e002]), partition=RANGE (key) PARTITION 40 <= VALUES < 50
I0401 16:41:49.352723 15847 tablet_service.cc:1006] Processing CreateTablet for tablet 326662072cb64c93be9293bdd4eb0572 (table=ksck-test-table [id=9b8e2e4d920f451f816980bb93c4e002]), partition=RANGE (key) PARTITION 60 <= VALUES < 70
I0401 16:41:49.353013 15844 tablet_service.cc:1006] Processing CreateTablet for tablet d2920637aa6b4c3c8a9ecf286fd9792e (table=ksck-test-table [id=9b8e2e4d920f451f816980bb93c4e002]), partition=RANGE (key) PARTITION VALUES >= 90
I0401 16:41:49.354290 15845 data_dirs.cc:938] Could only allocate 1 dirs of requested 3 for tablet 1014e6212c53450aa873880506494b22. 1 dirs total, 0 dirs full, 0 dirs failed
I0401 16:41:49.359300 15852 data_dirs.cc:938] Could only allocate 1 dirs of requested 3 for tablet c4f59507e08d48648f5f94ca5e6c5276. 1 dirs total, 0 dirs full, 0 dirs failed
I0401 16:41:49.360750 15850 data_dirs.cc:938] Could only allocate 1 dirs of requested 3 for tablet ce18cc20a89f4b0ea5689fa69cd2d573. 1 dirs total, 0 dirs full, 0 dirs failed
I0401 16:41:49.363459 15849 data_dirs.cc:938] Could only allocate 1 dirs of requested 3 for tablet 4d3a78e5d640469bacefc38d11a5c554. 1 dirs total, 0 dirs full, 0 dirs failed
I0401 16:41:49.365435 15844 data_dirs.cc:938] Could only allocate 1 dirs of requested 3 for tablet d2920637aa6b4c3c8a9ecf286fd9792e. 1 dirs total, 0 dirs full, 0 dirs failed
I0401 16:41:49.366616 15847 data_dirs.cc:938] Could only allocate 1 dirs of requested 3 for tablet 326662072cb64c93be9293bdd4eb0572. 1 dirs total, 0 dirs full, 0 dirs failed
I0401 16:41:49.368734 15848 data_dirs.cc:938] Could only allocate 1 dirs of requested 3 for tablet 1d488bd237df4d8693644e766b14820f. 1 dirs total, 0 dirs full, 0 dirs failed
I0401 16:41:49.386977 15989 tablet_bootstrap.cc:439] T 49c29a4a9ce94cbcb08d3902882f3678 P c49eacb8125f47b5a28548c823edfbf3: Bootstrap starting.
I0401 16:41:49.388381 15989 tablet_bootstrap.cc:590] T 49c29a4a9ce94cbcb08d3902882f3678 P c49eacb8125f47b5a28548c823edfbf3: No blocks or log segments found. Creating new log.
I0401 16:41:49.388525 15985 tablet_bootstrap.cc:439] T 326662072cb64c93be9293bdd4eb0572 P c389c480349f4579bf5e70301b6d4517: No bootstrap required, opened a new log
I0401 16:41:49.388662 15985 ts_tablet_manager.cc:1053] T 326662072cb64c93be9293bdd4eb0572 P c389c480349f4579bf5e70301b6d4517: Time spent bootstrapping tablet: real 0.043s user 0.003s sys 0.023s
I0401 16:41:49.389406 15985 raft_consensus.cc:340] T 326662072cb64c93be9293bdd4eb0572 P c389c480349f4579bf5e70301b6d4517 [term 0 FOLLOWER]: Replica starting. Triggering 0 pending transactions. Active config: opid_index: -1 OBSOLETE_local: false peers { permanent_uuid: "c389c480349f4579bf5e70301b6d4517" member_type: VOTER last_known_addr { host: "127.11.224.1" port: 33095 } } peers { permanent_uuid: "c49eacb8125f47b5a28548c823edfbf3" member_type: VOTER last_known_addr { host: "127.11.224.2" port: 54037 } } peers { permanent_uuid: "30b08c36fa41460b84546af2b84601ac" member_type: VOTER last_known_addr { host: "127.11.224.3" port: 58821 } }
I0401 16:41:49.389649 15985 raft_consensus.cc:366] T 326662072cb64c93be9293bdd4eb0572 P c389c480349f4579bf5e70301b6d4517 [term 0 FOLLOWER]: Consensus starting up: Expiring failure detector timer to make a prompt election more likely
I0401 16:41:49.389708 15985 raft_consensus.cc:705] T 326662072cb64c93be9293bdd4eb0572 P c389c480349f4579bf5e70301b6d4517 [term 0 FOLLOWER]: Becoming Follower/Learner. State: Replica: c389c480349f4579bf5e70301b6d4517, State: Initialized, Role: FOLLOWER
I0401 16:41:49.390069 15985 consensus_queue.cc:229] T 326662072cb64c93be9293bdd4eb0572 P c389c480349f4579bf5e70301b6d4517 [NON_LEADER]: Queue going to NON_LEADER mode. State: All replicated index: 0, Majority replicated index: 0, Committed index: 0, Last appended: 0.0, Last appended by leader: 0, Current term: 0, Majority size: -1, State: 0, Mode: NON_LEADER, active raft config: opid_index: -1 OBSOLETE_local: false peers { permanent_uuid: "c389c480349f4579bf5e70301b6d4517" member_type: VOTER last_known_addr { host: "127.11.224.1" port: 33095 } } peers { permanent_uuid: "c49eacb8125f47b5a28548c823edfbf3" member_type: VOTER last_known_addr { host: "127.11.224.2" port: 54037 } } peers { permanent_uuid: "30b08c36fa41460b84546af2b84601ac" member_type: VOTER last_known_addr { host: "127.11.224.3" port: 58821 } }
I0401 16:41:49.390961 15986 tablet_bootstrap.cc:439] T 9996ab620dac4416b7773a41827de2b2 P 30b08c36fa41460b84546af2b84601ac: No bootstrap required, opened a new log
I0401 16:41:49.391103 15986 ts_tablet_manager.cc:1053] T 9996ab620dac4416b7773a41827de2b2 P 30b08c36fa41460b84546af2b84601ac: Time spent bootstrapping tablet: real 0.046s user 0.004s sys 0.015s
I0401 16:41:49.391705 15985 ts_tablet_manager.cc:1081] T 326662072cb64c93be9293bdd4eb0572 P c389c480349f4579bf5e70301b6d4517: Time spent starting tablet: real 0.003s user 0.001s sys 0.000s
I0401 16:41:49.391949 15985 tablet_bootstrap.cc:439] T 1014e6212c53450aa873880506494b22 P c389c480349f4579bf5e70301b6d4517: Bootstrap starting.
I0401 16:41:49.393831 15985 tablet_bootstrap.cc:590] T 1014e6212c53450aa873880506494b22 P c389c480349f4579bf5e70301b6d4517: No blocks or log segments found. Creating new log.
I0401 16:41:49.394987 15986 raft_consensus.cc:340] T 9996ab620dac4416b7773a41827de2b2 P 30b08c36fa41460b84546af2b84601ac [term 0 FOLLOWER]: Replica starting. Triggering 0 pending transactions. Active config: opid_index: -1 OBSOLETE_local: false peers { permanent_uuid: "c49eacb8125f47b5a28548c823edfbf3" member_type: VOTER last_known_addr { host: "127.11.224.2" port: 54037 } } peers { permanent_uuid: "c389c480349f4579bf5e70301b6d4517" member_type: VOTER last_known_addr { host: "127.11.224.1" port: 33095 } } peers { permanent_uuid: "30b08c36fa41460b84546af2b84601ac" member_type: VOTER last_known_addr { host: "127.11.224.3" port: 58821 } }
I0401 16:41:49.395121 15986 raft_consensus.cc:366] T 9996ab620dac4416b7773a41827de2b2 P 30b08c36fa41460b84546af2b84601ac [term 0 FOLLOWER]: Consensus starting up: Expiring failure detector timer to make a prompt election more likely
I0401 16:41:49.395172 15986 raft_consensus.cc:705] T 9996ab620dac4416b7773a41827de2b2 P 30b08c36fa41460b84546af2b84601ac [term 0 FOLLOWER]: Becoming Follower/Learner. State: Replica: 30b08c36fa41460b84546af2b84601ac, State: Initialized, Role: FOLLOWER
I0401 16:41:49.395272 15989 tablet_bootstrap.cc:439] T 49c29a4a9ce94cbcb08d3902882f3678 P c49eacb8125f47b5a28548c823edfbf3: No bootstrap required, opened a new log
I0401 16:41:49.395364 15989 ts_tablet_manager.cc:1053] T 49c29a4a9ce94cbcb08d3902882f3678 P c49eacb8125f47b5a28548c823edfbf3: Time spent bootstrapping tablet: real 0.008s user 0.002s sys 0.005s
I0401 16:41:49.395509 15986 consensus_queue.cc:229] T 9996ab620dac4416b7773a41827de2b2 P 30b08c36fa41460b84546af2b84601ac [NON_LEADER]: Queue going to NON_LEADER mode. State: All replicated index: 0, Majority replicated index: 0, Committed index: 0, Last appended: 0.0, Last appended by leader: 0, Current term: 0, Majority size: -1, State: 0, Mode: NON_LEADER, active raft config: opid_index: -1 OBSOLETE_local: false peers { permanent_uuid: "c49eacb8125f47b5a28548c823edfbf3" member_type: VOTER last_known_addr { host: "127.11.224.2" port: 54037 } } peers { permanent_uuid: "c389c480349f4579bf5e70301b6d4517" member_type: VOTER last_known_addr { host: "127.11.224.1" port: 33095 } } peers { permanent_uuid: "30b08c36fa41460b84546af2b84601ac" member_type: VOTER last_known_addr { host: "127.11.224.3" port: 58821 } }
I0401 16:41:49.395992 15989 raft_consensus.cc:340] T 49c29a4a9ce94cbcb08d3902882f3678 P c49eacb8125f47b5a28548c823edfbf3 [term 0 FOLLOWER]: Replica starting. Triggering 0 pending transactions. Active config: opid_index: -1 OBSOLETE_local: false peers { permanent_uuid: "30b08c36fa41460b84546af2b84601ac" member_type: VOTER last_known_addr { host: "127.11.224.3" port: 58821 } } peers { permanent_uuid: "c49eacb8125f47b5a28548c823edfbf3" member_type: VOTER last_known_addr { host: "127.11.224.2" port: 54037 } } peers { permanent_uuid: "c389c480349f4579bf5e70301b6d4517" member_type: VOTER last_known_addr { host: "127.11.224.1" port: 33095 } }
I0401 16:41:49.396164 15989 raft_consensus.cc:366] T 49c29a4a9ce94cbcb08d3902882f3678 P c49eacb8125f47b5a28548c823edfbf3 [term 0 FOLLOWER]: Consensus starting up: Expiring failure detector timer to make a prompt election more likely
I0401 16:41:49.396199 15989 raft_consensus.cc:705] T 49c29a4a9ce94cbcb08d3902882f3678 P c49eacb8125f47b5a28548c823edfbf3 [term 0 FOLLOWER]: Becoming Follower/Learner. State: Replica: c49eacb8125f47b5a28548c823edfbf3, State: Initialized, Role: FOLLOWER
I0401 16:41:49.396365 15985 tablet_bootstrap.cc:439] T 1014e6212c53450aa873880506494b22 P c389c480349f4579bf5e70301b6d4517: No bootstrap required, opened a new log
I0401 16:41:49.396450 15985 ts_tablet_manager.cc:1053] T 1014e6212c53450aa873880506494b22 P c389c480349f4579bf5e70301b6d4517: Time spent bootstrapping tablet: real 0.005s user 0.002s sys 0.000s
I0401 16:41:49.396342 15989 consensus_queue.cc:229] T 49c29a4a9ce94cbcb08d3902882f3678 P c49eacb8125f47b5a28548c823edfbf3 [NON_LEADER]: Queue going to NON_LEADER mode. State: All replicated index: 0, Majority replicated index: 0, Committed index: 0, Last appended: 0.0, Last appended by leader: 0, Current term: 0, Majority size: -1, State: 0, Mode: NON_LEADER, active raft config: opid_index: -1 OBSOLETE_local: false peers { permanent_uuid: "30b08c36fa41460b84546af2b84601ac" member_type: VOTER last_known_addr { host: "127.11.224.3" port: 58821 } } peers { permanent_uuid: "c49eacb8125f47b5a28548c823edfbf3" member_type: VOTER last_known_addr { host: "127.11.224.2" port: 54037 } } peers { permanent_uuid: "c389c480349f4579bf5e70301b6d4517" member_type: VOTER last_known_addr { host: "127.11.224.1" port: 33095 } }
I0401 16:41:49.397033 15985 raft_consensus.cc:340] T 1014e6212c53450aa873880506494b22 P c389c480349f4579bf5e70301b6d4517 [term 0 FOLLOWER]: Replica starting. Triggering 0 pending transactions. Active config: opid_index: -1 OBSOLETE_local: false peers { permanent_uuid: "c389c480349f4579bf5e70301b6d4517" member_type: VOTER last_known_addr { host: "127.11.224.1" port: 33095 } } peers { permanent_uuid: "c49eacb8125f47b5a28548c823edfbf3" member_type: VOTER last_known_addr { host: "127.11.224.2" port: 54037 } } peers { permanent_uuid: "30b08c36fa41460b84546af2b84601ac" member_type: VOTER last_known_addr { host: "127.11.224.3" port: 58821 } }
I0401 16:41:49.397210 15985 raft_consensus.cc:366] T 1014e6212c53450aa873880506494b22 P c389c480349f4579bf5e70301b6d4517 [term 0 FOLLOWER]: Consensus starting up: Expiring failure detector timer to make a prompt election more likely
I0401 16:41:49.397265 15985 raft_consensus.cc:705] T 1014e6212c53450aa873880506494b22 P c389c480349f4579bf5e70301b6d4517 [term 0 FOLLOWER]: Becoming Follower/Learner. State: Replica: c389c480349f4579bf5e70301b6d4517, State: Initialized, Role: FOLLOWER
I0401 16:41:49.397431 15985 consensus_queue.cc:229] T 1014e6212c53450aa873880506494b22 P c389c480349f4579bf5e70301b6d4517 [NON_LEADER]: Queue going to NON_LEADER mode. State: All replicated index: 0, Majority replicated index: 0, Committed index: 0, Last appended: 0.0, Last appended by leader: 0, Current term: 0, Majority size: -1, State: 0, Mode: NON_LEADER, active raft config: opid_index: -1 OBSOLETE_local: false peers { permanent_uuid: "c389c480349f4579bf5e70301b6d4517" member_type: VOTER last_known_addr { host: "127.11.224.1" port: 33095 } } peers { permanent_uuid: "c49eacb8125f47b5a28548c823edfbf3" member_type: VOTER last_known_addr { host: "127.11.224.2" port: 54037 } } peers { permanent_uuid: "30b08c36fa41460b84546af2b84601ac" member_type: VOTER last_known_addr { host: "127.11.224.3" port: 58821 } }
I0401 16:41:49.399269 15985 ts_tablet_manager.cc:1081] T 1014e6212c53450aa873880506494b22 P c389c480349f4579bf5e70301b6d4517: Time spent starting tablet: real 0.003s user 0.002s sys 0.000s
I0401 16:41:49.399500 15985 tablet_bootstrap.cc:439] T d2920637aa6b4c3c8a9ecf286fd9792e P c389c480349f4579bf5e70301b6d4517: Bootstrap starting.
I0401 16:41:49.401019 15985 tablet_bootstrap.cc:590] T d2920637aa6b4c3c8a9ecf286fd9792e P c389c480349f4579bf5e70301b6d4517: No blocks or log segments found. Creating new log.
I0401 16:41:49.402230 15986 ts_tablet_manager.cc:1081] T 9996ab620dac4416b7773a41827de2b2 P 30b08c36fa41460b84546af2b84601ac: Time spent starting tablet: real 0.011s user 0.001s sys 0.001s
I0401 16:41:49.402863 15989 ts_tablet_manager.cc:1081] T 49c29a4a9ce94cbcb08d3902882f3678 P c49eacb8125f47b5a28548c823edfbf3: Time spent starting tablet: real 0.007s user 0.001s sys 0.003s
I0401 16:41:49.403105 15989 tablet_bootstrap.cc:439] T 9996ab620dac4416b7773a41827de2b2 P c49eacb8125f47b5a28548c823edfbf3: Bootstrap starting.
I0401 16:41:49.404474 15989 tablet_bootstrap.cc:590] T 9996ab620dac4416b7773a41827de2b2 P c49eacb8125f47b5a28548c823edfbf3: No blocks or log segments found. Creating new log.
I0401 16:41:49.405755 15986 tablet_bootstrap.cc:439] T 4d3a78e5d640469bacefc38d11a5c554 P 30b08c36fa41460b84546af2b84601ac: Bootstrap starting.
I0401 16:41:49.407143 15986 tablet_bootstrap.cc:590] T 4d3a78e5d640469bacefc38d11a5c554 P 30b08c36fa41460b84546af2b84601ac: No blocks or log segments found. Creating new log.
I0401 16:41:49.408807 15985 tablet_bootstrap.cc:439] T d2920637aa6b4c3c8a9ecf286fd9792e P c389c480349f4579bf5e70301b6d4517: No bootstrap required, opened a new log
I0401 16:41:49.408926 15985 ts_tablet_manager.cc:1053] T d2920637aa6b4c3c8a9ecf286fd9792e P c389c480349f4579bf5e70301b6d4517: Time spent bootstrapping tablet: real 0.009s user 0.002s sys 0.005s
I0401 16:41:49.409238 15989 tablet_bootstrap.cc:439] T 9996ab620dac4416b7773a41827de2b2 P c49eacb8125f47b5a28548c823edfbf3: No bootstrap required, opened a new log
I0401 16:41:49.409238 15986 tablet_bootstrap.cc:439] T 4d3a78e5d640469bacefc38d11a5c554 P 30b08c36fa41460b84546af2b84601ac: No bootstrap required, opened a new log
I0401 16:41:49.409380 15986 ts_tablet_manager.cc:1053] T 4d3a78e5d640469bacefc38d11a5c554 P 30b08c36fa41460b84546af2b84601ac: Time spent bootstrapping tablet: real 0.004s user 0.002s sys 0.001s
I0401 16:41:49.409380 15989 ts_tablet_manager.cc:1053] T 9996ab620dac4416b7773a41827de2b2 P c49eacb8125f47b5a28548c823edfbf3: Time spent bootstrapping tablet: real 0.006s user 0.002s sys 0.003s
I0401 16:41:49.409426 15985 raft_consensus.cc:340] T d2920637aa6b4c3c8a9ecf286fd9792e P c389c480349f4579bf5e70301b6d4517 [term 0 FOLLOWER]: Replica starting. Triggering 0 pending transactions. Active config: opid_index: -1 OBSOLETE_local: false peers { permanent_uuid: "c389c480349f4579bf5e70301b6d4517" member_type: VOTER last_known_addr { host: "127.11.224.1" port: 33095 } } peers { permanent_uuid: "c49eacb8125f47b5a28548c823edfbf3" member_type: VOTER last_known_addr { host: "127.11.224.2" port: 54037 } } peers { permanent_uuid: "30b08c36fa41460b84546af2b84601ac" member_type: VOTER last_known_addr { host: "127.11.224.3" port: 58821 } }
I0401 16:41:49.409538 15985 raft_consensus.cc:366] T d2920637aa6b4c3c8a9ecf286fd9792e P c389c480349f4579bf5e70301b6d4517 [term 0 FOLLOWER]: Consensus starting up: Expiring failure detector timer to make a prompt election more likely
I0401 16:41:49.409556 15985 raft_consensus.cc:705] T d2920637aa6b4c3c8a9ecf286fd9792e P c389c480349f4579bf5e70301b6d4517 [term 0 FOLLOWER]: Becoming Follower/Learner. State: Replica: c389c480349f4579bf5e70301b6d4517, State: Initialized, Role: FOLLOWER
I0401 16:41:49.409682 15985 consensus_queue.cc:229] T d2920637aa6b4c3c8a9ecf286fd9792e P c389c480349f4579bf5e70301b6d4517 [NON_LEADER]: Queue going to NON_LEADER mode. State: All replicated index: 0, Majority replicated index: 0, Committed index: 0, Last appended: 0.0, Last appended by leader: 0, Current term: 0, Majority size: -1, State: 0, Mode: NON_LEADER, active raft config: opid_index: -1 OBSOLETE_local: false peers { permanent_uuid: "c389c480349f4579bf5e70301b6d4517" member_type: VOTER last_known_addr { host: "127.11.224.1" port: 33095 } } peers { permanent_uuid: "c49eacb8125f47b5a28548c823edfbf3" member_type: VOTER last_known_addr { host: "127.11.224.2" port: 54037 } } peers { permanent_uuid: "30b08c36fa41460b84546af2b84601ac" member_type: VOTER last_known_addr { host: "127.11.224.3" port: 58821 } }
I0401 16:41:49.410018 15986 raft_consensus.cc:340] T 4d3a78e5d640469bacefc38d11a5c554 P 30b08c36fa41460b84546af2b84601ac [term 0 FOLLOWER]: Replica starting. Triggering 0 pending transactions. Active config: opid_index: -1 OBSOLETE_local: false peers { permanent_uuid: "c49eacb8125f47b5a28548c823edfbf3" member_type: VOTER last_known_addr { host: "127.11.224.2" port: 54037 } } peers { permanent_uuid: "c389c480349f4579bf5e70301b6d4517" member_type: VOTER last_known_addr { host: "127.11.224.1" port: 33095 } } peers { permanent_uuid: "30b08c36fa41460b84546af2b84601ac" member_type: VOTER last_known_addr { host: "127.11.224.3" port: 58821 } }
I0401 16:41:49.410188 15986 raft_consensus.cc:366] T 4d3a78e5d640469bacefc38d11a5c554 P 30b08c36fa41460b84546af2b84601ac [term 0 FOLLOWER]: Consensus starting up: Expiring failure detector timer to make a prompt election more likely
I0401 16:41:49.410224 15986 raft_consensus.cc:705] T 4d3a78e5d640469bacefc38d11a5c554 P 30b08c36fa41460b84546af2b84601ac [term 0 FOLLOWER]: Becoming Follower/Learner. State: Replica: 30b08c36fa41460b84546af2b84601ac, State: Initialized, Role: FOLLOWER
I0401 16:41:49.410140 15985 ts_tablet_manager.cc:1081] T d2920637aa6b4c3c8a9ecf286fd9792e P c389c480349f4579bf5e70301b6d4517: Time spent starting tablet: real 0.001s user 0.001s sys 0.000s
I0401 16:41:49.410352 15986 consensus_queue.cc:229] T 4d3a78e5d640469bacefc38d11a5c554 P 30b08c36fa41460b84546af2b84601ac [NON_LEADER]: Queue going to NON_LEADER mode. State: All replicated index: 0, Majority replicated index: 0, Committed index: 0, Last appended: 0.0, Last appended by leader: 0, Current term: 0, Majority size: -1, State: 0, Mode: NON_LEADER, active raft config: opid_index: -1 OBSOLETE_local: false peers { permanent_uuid: "c49eacb8125f47b5a28548c823edfbf3" member_type: VOTER last_known_addr { host: "127.11.224.2" port: 54037 } } peers { permanent_uuid: "c389c480349f4579bf5e70301b6d4517" member_type: VOTER last_known_addr { host: "127.11.224.1" port: 33095 } } peers { permanent_uuid: "30b08c36fa41460b84546af2b84601ac" member_type: VOTER last_known_addr { host: "127.11.224.3" port: 58821 } }
I0401 16:41:49.410615 15985 tablet_bootstrap.cc:439] T 4d3a78e5d640469bacefc38d11a5c554 P c389c480349f4579bf5e70301b6d4517: Bootstrap starting.
I0401 16:41:49.410768 15986 ts_tablet_manager.cc:1081] T 4d3a78e5d640469bacefc38d11a5c554 P 30b08c36fa41460b84546af2b84601ac: Time spent starting tablet: real 0.001s user 0.001s sys 0.000s
I0401 16:41:49.410982 15986 tablet_bootstrap.cc:439] T ce18cc20a89f4b0ea5689fa69cd2d573 P 30b08c36fa41460b84546af2b84601ac: Bootstrap starting.
I0401 16:41:49.411936 15985 tablet_bootstrap.cc:590] T 4d3a78e5d640469bacefc38d11a5c554 P c389c480349f4579bf5e70301b6d4517: No blocks or log segments found. Creating new log.
I0401 16:41:49.412405 15986 tablet_bootstrap.cc:590] T ce18cc20a89f4b0ea5689fa69cd2d573 P 30b08c36fa41460b84546af2b84601ac: No blocks or log segments found. Creating new log.
I0401 16:41:49.413117 15989 raft_consensus.cc:340] T 9996ab620dac4416b7773a41827de2b2 P c49eacb8125f47b5a28548c823edfbf3 [term 0 FOLLOWER]: Replica starting. Triggering 0 pending transactions. Active config: opid_index: -1 OBSOLETE_local: false peers { permanent_uuid: "c49eacb8125f47b5a28548c823edfbf3" member_type: VOTER last_known_addr { host: "127.11.224.2" port: 54037 } } peers { permanent_uuid: "c389c480349f4579bf5e70301b6d4517" member_type: VOTER last_known_addr { host: "127.11.224.1" port: 33095 } } peers { permanent_uuid: "30b08c36fa41460b84546af2b84601ac" member_type: VOTER last_known_addr { host: "127.11.224.3" port: 58821 } }
I0401 16:41:49.413280 15989 raft_consensus.cc:366] T 9996ab620dac4416b7773a41827de2b2 P c49eacb8125f47b5a28548c823edfbf3 [term 0 FOLLOWER]: Consensus starting up: Expiring failure detector timer to make a prompt election more likely
I0401 16:41:49.413311 15989 raft_consensus.cc:705] T 9996ab620dac4416b7773a41827de2b2 P c49eacb8125f47b5a28548c823edfbf3 [term 0 FOLLOWER]: Becoming Follower/Learner. State: Replica: c49eacb8125f47b5a28548c823edfbf3, State: Initialized, Role: FOLLOWER
I0401 16:41:49.416162 15989 consensus_queue.cc:229] T 9996ab620dac4416b7773a41827de2b2 P c49eacb8125f47b5a28548c823edfbf3 [NON_LEADER]: Queue going to NON_LEADER mode. State: All replicated index: 0, Majority replicated index: 0, Committed index: 0, Last appended: 0.0, Last appended by leader: 0, Current term: 0, Majority size: -1, State: 0, Mode: NON_LEADER, active raft config: opid_index: -1 OBSOLETE_local: false peers { permanent_uuid: "c49eacb8125f47b5a28548c823edfbf3" member_type: VOTER last_known_addr { host: "127.11.224.2" port: 54037 } } peers { permanent_uuid: "c389c480349f4579bf5e70301b6d4517" member_type: VOTER last_known_addr { host: "127.11.224.1" port: 33095 } } peers { permanent_uuid: "30b08c36fa41460b84546af2b84601ac" member_type: VOTER last_known_addr { host: "127.11.224.3" port: 58821 } }
I0401 16:41:49.416612 15986 tablet_bootstrap.cc:439] T ce18cc20a89f4b0ea5689fa69cd2d573 P 30b08c36fa41460b84546af2b84601ac: No bootstrap required, opened a new log
I0401 16:41:49.416718 15986 ts_tablet_manager.cc:1053] T ce18cc20a89f4b0ea5689fa69cd2d573 P 30b08c36fa41460b84546af2b84601ac: Time spent bootstrapping tablet: real 0.006s user 0.002s sys 0.001s
I0401 16:41:49.417742 15989 ts_tablet_manager.cc:1081] T 9996ab620dac4416b7773a41827de2b2 P c49eacb8125f47b5a28548c823edfbf3: Time spent starting tablet: real 0.008s user 0.000s sys 0.002s
I0401 16:41:49.418013 15989 tablet_bootstrap.cc:439] T 9e9b6261342841ea8d3a1070c3e553e6 P c49eacb8125f47b5a28548c823edfbf3: Bootstrap starting.
