I0401 16:41:37.555891 12160 tablet_replica.cc:264] T 952c63a4d69146b19220a4a9789f70b5 P 46a1ffbde8cb4162990fb2785a682d2c: stopping tablet replica
I0401 16:41:37.556102 12160 raft_consensus.cc:2143] T 952c63a4d69146b19220a4a9789f70b5 P 46a1ffbde8cb4162990fb2785a682d2c [term 1 FOLLOWER]: Raft consensus shutting down.
I0401 16:41:37.556315 12160 raft_consensus.cc:2170] T 952c63a4d69146b19220a4a9789f70b5 P 46a1ffbde8cb4162990fb2785a682d2c [term 1 FOLLOWER]: Raft consensus is shut down!
I0401 16:41:37.558295 12160 tablet_replica.cc:264] T 4a3ab93d6988404697e9d57ff3b08276 P 46a1ffbde8cb4162990fb2785a682d2c: stopping tablet replica
I0401 16:41:37.558527 12160 raft_consensus.cc:2143] T 4a3ab93d6988404697e9d57ff3b08276 P 46a1ffbde8cb4162990fb2785a682d2c [term 1 LEADER]: Raft consensus shutting down.
I0401 16:41:37.558841 12160 raft_consensus.cc:2170] T 4a3ab93d6988404697e9d57ff3b08276 P 46a1ffbde8cb4162990fb2785a682d2c [term 1 FOLLOWER]: Raft consensus is shut down!
I0401 16:41:37.559986 12160 tablet_replica.cc:264] T 1528709f2f9a40618394fc1ba6bd2922 P 46a1ffbde8cb4162990fb2785a682d2c: stopping tablet replica
I0401 16:41:37.560209 12160 raft_consensus.cc:2143] T 1528709f2f9a40618394fc1ba6bd2922 P 46a1ffbde8cb4162990fb2785a682d2c [term 1 FOLLOWER]: Raft consensus shutting down.
I0401 16:41:37.560437 12160 raft_consensus.cc:2170] T 1528709f2f9a40618394fc1ba6bd2922 P 46a1ffbde8cb4162990fb2785a682d2c [term 1 FOLLOWER]: Raft consensus is shut down!
I0401 16:41:37.561595 12160 tablet_replica.cc:264] T bd721271b4404021931802cc9a11675b P 46a1ffbde8cb4162990fb2785a682d2c: stopping tablet replica
I0401 16:41:37.561820 12160 raft_consensus.cc:2143] T bd721271b4404021931802cc9a11675b P 46a1ffbde8cb4162990fb2785a682d2c [term 1 FOLLOWER]: Raft consensus shutting down.
I0401 16:41:37.562036 12160 raft_consensus.cc:2170] T bd721271b4404021931802cc9a11675b P 46a1ffbde8cb4162990fb2785a682d2c [term 1 FOLLOWER]: Raft consensus is shut down!
I0401 16:41:37.563369 12160 tablet_replica.cc:264] T 0002a2c87a5144abbd53c3a79bbf0557 P 46a1ffbde8cb4162990fb2785a682d2c: stopping tablet replica
I0401 16:41:37.563588 12160 raft_consensus.cc:2143] T 0002a2c87a5144abbd53c3a79bbf0557 P 46a1ffbde8cb4162990fb2785a682d2c [term 1 LEADER]: Raft consensus shutting down.
I0401 16:41:37.563982 12160 raft_consensus.cc:2170] T 0002a2c87a5144abbd53c3a79bbf0557 P 46a1ffbde8cb4162990fb2785a682d2c [term 1 FOLLOWER]: Raft consensus is shut down!
I0401 16:41:37.565065 12160 tablet_replica.cc:264] T 4307b4e29325490c8eec5a83768940a7 P 46a1ffbde8cb4162990fb2785a682d2c: stopping tablet replica
I0401 16:41:37.565248 12160 raft_consensus.cc:2143] T 4307b4e29325490c8eec5a83768940a7 P 46a1ffbde8cb4162990fb2785a682d2c [term 1 LEADER]: Raft consensus shutting down.
I0401 16:41:37.565523 12160 raft_consensus.cc:2170] T 4307b4e29325490c8eec5a83768940a7 P 46a1ffbde8cb4162990fb2785a682d2c [term 1 FOLLOWER]: Raft consensus is shut down!
I0401 16:41:37.578028 12160 tablet_server.cc:179] TabletServer shutdown complete.
I0401 16:41:37.578209 12160 tablet_server.cc:165] TabletServer shutting down...
I0401 16:41:37.578478 12160 tablet_server.cc:179] TabletServer shutdown complete.
I0401 16:41:37.583883 12160 tablet_server.cc:165] TabletServer shutting down...
I0401 16:41:37.604312 12160 ts_tablet_manager.cc:1126] Shutting down tablet manager...
I0401 16:41:37.604591 12160 tablet_replica.cc:264] T 313183f8b0704fa58ee6bb03c0325a47 P d8dba20a0d5849dcb24e05863dc0a123: stopping tablet replica
I0401 16:41:37.604871 12160 raft_consensus.cc:2143] T 313183f8b0704fa58ee6bb03c0325a47 P d8dba20a0d5849dcb24e05863dc0a123 [term 1 FOLLOWER]: Raft consensus shutting down.
I0401 16:41:37.605116 12160 raft_consensus.cc:2170] T 313183f8b0704fa58ee6bb03c0325a47 P d8dba20a0d5849dcb24e05863dc0a123 [term 1 FOLLOWER]: Raft consensus is shut down!
I0401 16:41:37.605893 12160 tablet_replica.cc:264] T e7a4b8a6de384b3ead437ec059b2eef5 P d8dba20a0d5849dcb24e05863dc0a123: stopping tablet replica
I0401 16:41:37.606079 12160 raft_consensus.cc:2143] T e7a4b8a6de384b3ead437ec059b2eef5 P d8dba20a0d5849dcb24e05863dc0a123 [term 1 FOLLOWER]: Raft consensus shutting down.
I0401 16:41:37.606246 12160 raft_consensus.cc:2170] T e7a4b8a6de384b3ead437ec059b2eef5 P d8dba20a0d5849dcb24e05863dc0a123 [term 1 FOLLOWER]: Raft consensus is shut down!
I0401 16:41:37.607378 12160 tablet_replica.cc:264] T bd721271b4404021931802cc9a11675b P d8dba20a0d5849dcb24e05863dc0a123: stopping tablet replica
I0401 16:41:37.607563 12160 raft_consensus.cc:2143] T bd721271b4404021931802cc9a11675b P d8dba20a0d5849dcb24e05863dc0a123 [term 1 LEADER]: Raft consensus shutting down.
I0401 16:41:37.607887 12160 raft_consensus.cc:2170] T bd721271b4404021931802cc9a11675b P d8dba20a0d5849dcb24e05863dc0a123 [term 1 FOLLOWER]: Raft consensus is shut down!
I0401 16:41:37.609072 12160 tablet_replica.cc:264] T 4307b4e29325490c8eec5a83768940a7 P d8dba20a0d5849dcb24e05863dc0a123: stopping tablet replica
I0401 16:41:37.609520 12160 raft_consensus.cc:2143] T 4307b4e29325490c8eec5a83768940a7 P d8dba20a0d5849dcb24e05863dc0a123 [term 1 FOLLOWER]: Raft consensus shutting down.
I0401 16:41:37.609938 12160 raft_consensus.cc:2170] T 4307b4e29325490c8eec5a83768940a7 P d8dba20a0d5849dcb24e05863dc0a123 [term 1 FOLLOWER]: Raft consensus is shut down!
W0401 16:41:37.610635 13056 consensus_peers.cc:457] T 1528709f2f9a40618394fc1ba6bd2922 P 37c64d6d84ba4b82a4befb752c172f5e -> Peer 46a1ffbde8cb4162990fb2785a682d2c (127.11.224.1:60895): Couldn't send request to peer 46a1ffbde8cb4162990fb2785a682d2c. Status: Network error: Client connection negotiation failed: client connection to 127.11.224.1:60895: connect: Connection refused (error 111). This is attempt 1: this message will repeat every 5th retry.
I0401 16:41:37.610867 12160 tablet_replica.cc:264] T 0002a2c87a5144abbd53c3a79bbf0557 P d8dba20a0d5849dcb24e05863dc0a123: stopping tablet replica
I0401 16:41:37.611033 12160 raft_consensus.cc:2143] T 0002a2c87a5144abbd53c3a79bbf0557 P d8dba20a0d5849dcb24e05863dc0a123 [term 1 FOLLOWER]: Raft consensus shutting down.
I0401 16:41:37.611150 12160 raft_consensus.cc:2170] T 0002a2c87a5144abbd53c3a79bbf0557 P d8dba20a0d5849dcb24e05863dc0a123 [term 1 FOLLOWER]: Raft consensus is shut down!
I0401 16:41:37.612032 12160 tablet_replica.cc:264] T 4a3ab93d6988404697e9d57ff3b08276 P d8dba20a0d5849dcb24e05863dc0a123: stopping tablet replica
I0401 16:41:37.612159 12160 raft_consensus.cc:2143] T 4a3ab93d6988404697e9d57ff3b08276 P d8dba20a0d5849dcb24e05863dc0a123 [term 1 FOLLOWER]: Raft consensus shutting down.
I0401 16:41:37.612298 12160 raft_consensus.cc:2170] T 4a3ab93d6988404697e9d57ff3b08276 P d8dba20a0d5849dcb24e05863dc0a123 [term 1 FOLLOWER]: Raft consensus is shut down!
I0401 16:41:37.613029 12160 tablet_replica.cc:264] T 1528709f2f9a40618394fc1ba6bd2922 P d8dba20a0d5849dcb24e05863dc0a123: stopping tablet replica
I0401 16:41:37.613168 12160 raft_consensus.cc:2143] T 1528709f2f9a40618394fc1ba6bd2922 P d8dba20a0d5849dcb24e05863dc0a123 [term 1 FOLLOWER]: Raft consensus shutting down.
I0401 16:41:37.613338 12160 raft_consensus.cc:2170] T 1528709f2f9a40618394fc1ba6bd2922 P d8dba20a0d5849dcb24e05863dc0a123 [term 1 FOLLOWER]: Raft consensus is shut down!
I0401 16:41:37.614487 12160 tablet_replica.cc:264] T 952c63a4d69146b19220a4a9789f70b5 P d8dba20a0d5849dcb24e05863dc0a123: stopping tablet replica
I0401 16:41:37.614609 12160 raft_consensus.cc:2143] T 952c63a4d69146b19220a4a9789f70b5 P d8dba20a0d5849dcb24e05863dc0a123 [term 1 LEADER]: Raft consensus shutting down.
I0401 16:41:37.614812 12160 raft_consensus.cc:2170] T 952c63a4d69146b19220a4a9789f70b5 P d8dba20a0d5849dcb24e05863dc0a123 [term 1 FOLLOWER]: Raft consensus is shut down!
I0401 16:41:37.615572 12160 tablet_replica.cc:264] T c7e6874d51284fa4a1cfde0a2ce07e8a P d8dba20a0d5849dcb24e05863dc0a123: stopping tablet replica
I0401 16:41:37.615710 12160 raft_consensus.cc:2143] T c7e6874d51284fa4a1cfde0a2ce07e8a P d8dba20a0d5849dcb24e05863dc0a123 [term 1 LEADER]: Raft consensus shutting down.
I0401 16:41:37.616003 12160 raft_consensus.cc:2170] T c7e6874d51284fa4a1cfde0a2ce07e8a P d8dba20a0d5849dcb24e05863dc0a123 [term 1 FOLLOWER]: Raft consensus is shut down!
I0401 16:41:37.616780 12160 tablet_replica.cc:264] T 5cd867ea58ed4b0f94a00683e468c72f P d8dba20a0d5849dcb24e05863dc0a123: stopping tablet replica
I0401 16:41:37.616973 12160 raft_consensus.cc:2143] T 5cd867ea58ed4b0f94a00683e468c72f P d8dba20a0d5849dcb24e05863dc0a123 [term 1 FOLLOWER]: Raft consensus shutting down.
I0401 16:41:37.617118 12160 raft_consensus.cc:2170] T 5cd867ea58ed4b0f94a00683e468c72f P d8dba20a0d5849dcb24e05863dc0a123 [term 1 FOLLOWER]: Raft consensus is shut down!
W0401 16:41:37.625821 13055 consensus_peers.cc:457] T 1528709f2f9a40618394fc1ba6bd2922 P 37c64d6d84ba4b82a4befb752c172f5e -> Peer d8dba20a0d5849dcb24e05863dc0a123 (127.11.224.2:52355): Couldn't send request to peer d8dba20a0d5849dcb24e05863dc0a123. Status: Network error: Client connection negotiation failed: client connection to 127.11.224.2:52355: connect: Connection refused (error 111). This is attempt 1: this message will repeat every 5th retry.
I0401 16:41:37.773057 12160 tablet_server.cc:179] TabletServer shutdown complete.
I0401 16:41:37.773176 12160 tablet_server.cc:165] TabletServer shutting down...
I0401 16:41:37.773416 12160 tablet_server.cc:179] TabletServer shutdown complete.
I0401 16:41:37.777114 12160 tablet_server.cc:165] TabletServer shutting down...
I0401 16:41:37.790354 12160 ts_tablet_manager.cc:1126] Shutting down tablet manager...
I0401 16:41:37.790490 12160 tablet_replica.cc:264] T 5cd867ea58ed4b0f94a00683e468c72f P 37c64d6d84ba4b82a4befb752c172f5e: stopping tablet replica
I0401 16:41:37.790629 12160 raft_consensus.cc:2143] T 5cd867ea58ed4b0f94a00683e468c72f P 37c64d6d84ba4b82a4befb752c172f5e [term 1 FOLLOWER]: Raft consensus shutting down.
I0401 16:41:37.790747 12160 raft_consensus.cc:2170] T 5cd867ea58ed4b0f94a00683e468c72f P 37c64d6d84ba4b82a4befb752c172f5e [term 1 FOLLOWER]: Raft consensus is shut down!
I0401 16:41:37.791563 12160 tablet_replica.cc:264] T c7e6874d51284fa4a1cfde0a2ce07e8a P 37c64d6d84ba4b82a4befb752c172f5e: stopping tablet replica
I0401 16:41:37.791669 12160 raft_consensus.cc:2143] T c7e6874d51284fa4a1cfde0a2ce07e8a P 37c64d6d84ba4b82a4befb752c172f5e [term 1 FOLLOWER]: Raft consensus shutting down.
I0401 16:41:37.791757 12160 raft_consensus.cc:2170] T c7e6874d51284fa4a1cfde0a2ce07e8a P 37c64d6d84ba4b82a4befb752c172f5e [term 1 FOLLOWER]: Raft consensus is shut down!
I0401 16:41:37.792335 12160 tablet_replica.cc:264] T 313183f8b0704fa58ee6bb03c0325a47 P 37c64d6d84ba4b82a4befb752c172f5e: stopping tablet replica
I0401 16:41:37.792434 12160 raft_consensus.cc:2143] T 313183f8b0704fa58ee6bb03c0325a47 P 37c64d6d84ba4b82a4befb752c172f5e [term 1 FOLLOWER]: Raft consensus shutting down.
I0401 16:41:37.792527 12160 raft_consensus.cc:2170] T 313183f8b0704fa58ee6bb03c0325a47 P 37c64d6d84ba4b82a4befb752c172f5e [term 1 FOLLOWER]: Raft consensus is shut down!
I0401 16:41:37.792896 12160 tablet_replica.cc:264] T bd721271b4404021931802cc9a11675b P 37c64d6d84ba4b82a4befb752c172f5e: stopping tablet replica
I0401 16:41:37.792995 12160 raft_consensus.cc:2143] T bd721271b4404021931802cc9a11675b P 37c64d6d84ba4b82a4befb752c172f5e [term 1 FOLLOWER]: Raft consensus shutting down.
I0401 16:41:37.793082 12160 raft_consensus.cc:2170] T bd721271b4404021931802cc9a11675b P 37c64d6d84ba4b82a4befb752c172f5e [term 1 FOLLOWER]: Raft consensus is shut down!
I0401 16:41:37.793637 12160 tablet_replica.cc:264] T e7a4b8a6de384b3ead437ec059b2eef5 P 37c64d6d84ba4b82a4befb752c172f5e: stopping tablet replica
I0401 16:41:37.793732 12160 raft_consensus.cc:2143] T e7a4b8a6de384b3ead437ec059b2eef5 P 37c64d6d84ba4b82a4befb752c172f5e [term 1 LEADER]: Raft consensus shutting down.
I0401 16:41:37.793948 12160 raft_consensus.cc:2170] T e7a4b8a6de384b3ead437ec059b2eef5 P 37c64d6d84ba4b82a4befb752c172f5e [term 1 FOLLOWER]: Raft consensus is shut down!
I0401 16:41:37.794570 12160 tablet_replica.cc:264] T 952c63a4d69146b19220a4a9789f70b5 P 37c64d6d84ba4b82a4befb752c172f5e: stopping tablet replica
I0401 16:41:37.794670 12160 raft_consensus.cc:2143] T 952c63a4d69146b19220a4a9789f70b5 P 37c64d6d84ba4b82a4befb752c172f5e [term 1 FOLLOWER]: Raft consensus shutting down.
I0401 16:41:37.794759 12160 raft_consensus.cc:2170] T 952c63a4d69146b19220a4a9789f70b5 P 37c64d6d84ba4b82a4befb752c172f5e [term 1 FOLLOWER]: Raft consensus is shut down!
I0401 16:41:37.795325 12160 tablet_replica.cc:264] T 4a3ab93d6988404697e9d57ff3b08276 P 37c64d6d84ba4b82a4befb752c172f5e: stopping tablet replica
I0401 16:41:37.795419 12160 raft_consensus.cc:2143] T 4a3ab93d6988404697e9d57ff3b08276 P 37c64d6d84ba4b82a4befb752c172f5e [term 1 FOLLOWER]: Raft consensus shutting down.
I0401 16:41:37.795512 12160 raft_consensus.cc:2170] T 4a3ab93d6988404697e9d57ff3b08276 P 37c64d6d84ba4b82a4befb752c172f5e [term 1 FOLLOWER]: Raft consensus is shut down!
I0401 16:41:37.796046 12160 tablet_replica.cc:264] T 1528709f2f9a40618394fc1ba6bd2922 P 37c64d6d84ba4b82a4befb752c172f5e: stopping tablet replica
I0401 16:41:37.796146 12160 raft_consensus.cc:2143] T 1528709f2f9a40618394fc1ba6bd2922 P 37c64d6d84ba4b82a4befb752c172f5e [term 1 LEADER]: Raft consensus shutting down.
I0401 16:41:37.796299 12160 raft_consensus.cc:2170] T 1528709f2f9a40618394fc1ba6bd2922 P 37c64d6d84ba4b82a4befb752c172f5e [term 1 FOLLOWER]: Raft consensus is shut down!
I0401 16:41:37.796964 12160 tablet_replica.cc:264] T 4307b4e29325490c8eec5a83768940a7 P 37c64d6d84ba4b82a4befb752c172f5e: stopping tablet replica
I0401 16:41:37.797065 12160 raft_consensus.cc:2143] T 4307b4e29325490c8eec5a83768940a7 P 37c64d6d84ba4b82a4befb752c172f5e [term 1 FOLLOWER]: Raft consensus shutting down.
I0401 16:41:37.797158 12160 raft_consensus.cc:2170] T 4307b4e29325490c8eec5a83768940a7 P 37c64d6d84ba4b82a4befb752c172f5e [term 1 FOLLOWER]: Raft consensus is shut down!
I0401 16:41:37.797713 12160 tablet_replica.cc:264] T 0002a2c87a5144abbd53c3a79bbf0557 P 37c64d6d84ba4b82a4befb752c172f5e: stopping tablet replica
I0401 16:41:37.797827 12160 raft_consensus.cc:2143] T 0002a2c87a5144abbd53c3a79bbf0557 P 37c64d6d84ba4b82a4befb752c172f5e [term 1 FOLLOWER]: Raft consensus shutting down.
I0401 16:41:37.797917 12160 raft_consensus.cc:2170] T 0002a2c87a5144abbd53c3a79bbf0557 P 37c64d6d84ba4b82a4befb752c172f5e [term 1 FOLLOWER]: Raft consensus is shut down!
I0401 16:41:37.814306 12160 tablet_server.cc:179] TabletServer shutdown complete.
I0401 16:41:37.814363 12160 tablet_server.cc:165] TabletServer shutting down...
I0401 16:41:37.814517 12160 tablet_server.cc:179] TabletServer shutdown complete.
I0401 16:41:37.817915 12160 master.cc:270] Master@127.11.224.62:47883 shutting down...
I0401 16:41:37.827373 12160 raft_consensus.cc:2143] T 00000000000000000000000000000000 P d2204fb616014e5c944c1d7538ec0efc [term 1 FOLLOWER]: Raft consensus shutting down.
I0401 16:41:37.827527 12160 raft_consensus.cc:2170] T 00000000000000000000000000000000 P d2204fb616014e5c944c1d7538ec0efc [term 1 FOLLOWER]: Raft consensus is shut down!
I0401 16:41:37.827622 12160 tablet_replica.cc:264] T 00000000000000000000000000000000 P d2204fb616014e5c944c1d7538ec0efc: stopping tablet replica
I0401 16:41:37.841485 12160 master.cc:281] Master@127.11.224.62:47883 shutdown complete.
I0401 16:41:37.844117 12160 master.cc:270] Master@127.11.224.61:55560 shutting down...
I0401 16:41:37.853379 12160 raft_consensus.cc:2143] T 00000000000000000000000000000000 P 9e4b1b33f83944a09262a70c9b11c5d6 [term 1 LEADER]: Raft consensus shutting down.
I0401 16:41:37.853646 12160 raft_consensus.cc:2170] T 00000000000000000000000000000000 P 9e4b1b33f83944a09262a70c9b11c5d6 [term 1 FOLLOWER]: Raft consensus is shut down!
I0401 16:41:37.853724 12160 tablet_replica.cc:264] T 00000000000000000000000000000000 P 9e4b1b33f83944a09262a70c9b11c5d6: stopping tablet replica
I0401 16:41:37.867450 12160 master.cc:281] Master@127.11.224.61:55560 shutdown complete.
I0401 16:41:37.870265 12160 master.cc:270] Master@127.11.224.60:50532 shutting down...
I0401 16:41:37.879513 12160 raft_consensus.cc:2143] T 00000000000000000000000000000000 P 1f9ec791a501435eab0d7b2836d621cb [term 1 FOLLOWER]: Raft consensus shutting down.
I0401 16:41:37.879683 12160 raft_consensus.cc:2170] T 00000000000000000000000000000000 P 1f9ec791a501435eab0d7b2836d621cb [term 1 FOLLOWER]: Raft consensus is shut down!
I0401 16:41:37.879776 12160 tablet_replica.cc:264] T 00000000000000000000000000000000 P 1f9ec791a501435eab0d7b2836d621cb: stopping tablet replica
I0401 16:41:37.893291 12160 master.cc:281] Master@127.11.224.60:50532 shutdown complete. [ OK ] RemoteKsckTest.TestCheckUnusualFlags (2423 ms) [ RUN ] RemoteKsckTest.TestTabletServerMismatchedUUID
I0401 16:41:37.914172 12160 test_util.cc:212] Using random seed: -1882914519
I0401 16:41:37.914731 12160 internal_mini_cluster.cc:146] Creating distributed mini masters. Addrs: 127.11.224.62:48516,127.11.224.61:39448,127.11.224.60:37168
I0401 16:41:37.918118 12160 system_ntp.cc:199] NTP initialized. Skew: 500ppm Current error: 838931us
I0401 16:41:37.918296 12160 fs_manager.cc:263] Metadata directory not provided
I0401 16:41:37.918351 12160 fs_manager.cc:269] Using write-ahead log directory (fs_wal_dir) as metadata directory
I0401 16:41:37.918465 12160 server_base.cc:433] Could not load existing FS layout: Not found: could not find a healthy instance file
I0401 16:41:37.918510 12160 server_base.cc:434] Attempting to create new FS layout instead
I0401 16:41:37.919003 12160 fs_manager.cc:602] Generated new instance metadata in path /data/somelongdirectorytoavoidrpathissues/src/kudutest/ksck_remote-test.0.RemoteKsckTest.TestTabletServerMismatchedUUID.1554162092376624-12160/minicluster-data/master-0-root/instance: uuid: "18e7cff7e17e4f0c895f3d9a1cf6886c" format_stamp: "Formatted at 2019-04-01 23:41:37 on quasar-eitwqx-1.vpc.cloudera.com"
I0401 16:41:37.923279 12160 fs_manager.cc:503] Time spent creating directory manager: real 0.004s user 0.002s sys 0.001s
I0401 16:41:37.924082 12160 file_cache.cc:466] Constructed file cache lbm with capacity 13107
I0401 16:41:37.925949 12160 fs_manager.cc:419] Time spent opening block manager: real 0.001s user 0.000s sys 0.000s
I0401 16:41:37.926005 12160 fs_manager.cc:436] Opened local filesystem: /data/somelongdirectorytoavoidrpathissues/src/kudutest/ksck_remote-test.0.RemoteKsckTest.TestTabletServerMismatchedUUID.1554162092376624-12160/minicluster-data/master-0-root uuid: "18e7cff7e17e4f0c895f3d9a1cf6886c" format_stamp: "Formatted at 2019-04-01 23:41:37 on quasar-eitwqx-1.vpc.cloudera.com"
I0401 16:41:37.926102 12160 fs_report.cc:352] FS layout report -------------------- wal directory: /data/somelongdirectorytoavoidrpathissues/src/kudutest/ksck_remote-test.0.RemoteKsckTest.TestTabletServerMismatchedUUID.1554162092376624-12160/minicluster-data/master-0-root metadata directory: /data/somelongdirectorytoavoidrpathissues/src/kudutest/ksck_remote-test.0.RemoteKsckTest.TestTabletServerMismatchedUUID.1554162092376624-12160/minicluster-data/master-0-root 1 data directories: /data/somelongdirectorytoavoidrpathissues/src/kudutest/ksck_remote-test.0.RemoteKsckTest.TestTabletServerMismatchedUUID.1554162092376624-12160/minicluster-data/master-0-root/data Total live blocks: 0 Total live bytes: 0 Total live bytes (after alignment): 0 Total number of LBM containers: 0 (0 full) Did not check for missing blocks Did not check for orphaned blocks Total full LBM containers with extra space: 0 (0 repaired) Total full LBM container extra space in bytes: 0 (0 repaired) Total incomplete LBM containers: 0 (0 repaired) Total LBM partial records: 0 (0 repaired)
I0401 16:41:37.984882 12160 rpc_server.cc:205] RPC server started. Bound to: 127.11.224.62:48516
I0401 16:41:37.985633 12160 webserver.cc:308] Webserver started at http://127.11.224.62:47029/ using document root and password file
I0401 16:41:37.986735 13304 data_dirs.cc:938] Could only allocate 1 dirs of requested 3 for tablet 00000000000000000000000000000000. 1 dirs total, 0 dirs full, 0 dirs failed
I0401 16:41:37.988942 13304 sys_catalog.cc:304] member_type: VOTER last_known_addr { host: "127.11.224.62" port: 48516 } has no permanent_uuid. Determining permanent_uuid...
I0401 16:41:37.989619 12160 system_ntp.cc:199] NTP initialized. Skew: 500ppm Current error: 838931us
I0401 16:41:37.990116 12160 fs_manager.cc:263] Metadata directory not provided
I0401 16:41:37.990877 12160 fs_manager.cc:269] Using write-ahead log directory (fs_wal_dir) as metadata directory
I0401 16:41:37.991395 12160 server_base.cc:433] Could not load existing FS layout: Not found: could not find a healthy instance file
I0401 16:41:37.991513 12160 server_base.cc:434] Attempting to create new FS layout instead
I0401 16:41:37.992244 12160 fs_manager.cc:602] Generated new instance metadata in path /data/somelongdirectorytoavoidrpathissues/src/kudutest/ksck_remote-test.0.RemoteKsckTest.TestTabletServerMismatchedUUID.1554162092376624-12160/minicluster-data/master-1-root/instance: uuid: "201391c7ace24cd3892f79bf40365093" format_stamp: "Formatted at 2019-04-01 23:41:37 on quasar-eitwqx-1.vpc.cloudera.com"
I0401 16:41:37.997054 12160 fs_manager.cc:503] Time spent creating directory manager: real 0.004s user 0.001s sys 0.003s
I0401 16:41:37.997056 13304 sys_catalog.cc:304] member_type: VOTER last_known_addr { host: "127.11.224.61" port: 39448 } has no permanent_uuid. Determining permanent_uuid...
W0401 16:41:37.997836 13304 consensus_peers.cc:599] Error getting permanent uuid from config peer 127.11.224.61:39448: Network error: Client connection negotiation failed: client connection to 127.11.224.61:39448: connect: Connection refused (error 111)
I0401 16:41:37.998183 12160 file_cache.cc:466] Constructed file cache lbm with capacity 13107
I0401 16:41:38.000229 12160 fs_manager.cc:419] Time spent opening block manager: real 0.001s user 0.001s sys 0.000s
I0401 16:41:38.000298 12160 fs_manager.cc:436] Opened local filesystem: /data/somelongdirectorytoavoidrpathissues/src/kudutest/ksck_remote-test.0.RemoteKsckTest.TestTabletServerMismatchedUUID.1554162092376624-12160/minicluster-data/master-1-root uuid: "201391c7ace24cd3892f79bf40365093" format_stamp: "Formatted at 2019-04-01 23:41:37 on quasar-eitwqx-1.vpc.cloudera.com"
I0401 16:41:38.000378 12160 fs_report.cc:352] FS layout report -------------------- wal directory: /data/somelongdirectorytoavoidrpathissues/src/kudutest/ksck_remote-test.0.RemoteKsckTest.TestTabletServerMismatchedUUID.1554162092376624-12160/minicluster-data/master-1-root metadata directory: /data/somelongdirectorytoavoidrpathissues/src/kudutest/ksck_remote-test.0.RemoteKsckTest.TestTabletServerMismatchedUUID.1554162092376624-12160/minicluster-data/master-1-root 1 data directories: /data/somelongdirectorytoavoidrpathissues/src/kudutest/ksck_remote-test.0.RemoteKsckTest.TestTabletServerMismatchedUUID.1554162092376624-12160/minicluster-data/master-1-root/data Total live blocks: 0 Total live bytes: 0 Total live bytes (after alignment): 0 Total number of LBM containers: 0 (0 full) Did not check for missing blocks Did not check for orphaned blocks Total full LBM containers with extra space: 0 (0 repaired) Total full LBM container extra space in bytes: 0 (0 repaired) Total incomplete LBM containers: 0 (0 repaired) Total LBM partial records: 0 (0 repaired)
I0401 16:41:38.045953 13304 consensus_peers.cc:609] Retrying to get permanent uuid for remote peer: member_type: VOTER last_known_addr { host: "127.11.224.61" port: 39448 } attempt: 1
W0401 16:41:38.047188 13304 consensus_peers.cc:599] Error getting permanent uuid from config peer 127.11.224.61:39448: Network error: Client connection negotiation failed: client connection to 127.11.224.61:39448: connect: Connection refused (error 111)
I0401 16:41:38.049475 12160 rpc_server.cc:205] RPC server started. Bound to: 127.11.224.61:39448
I0401 16:41:38.050180 12160 webserver.cc:308] Webserver started at http://127.11.224.61:57399/ using document root and password file
I0401 16:41:38.051277 13361 data_dirs.cc:938] Could only allocate 1 dirs of requested 3 for tablet 00000000000000000000000000000000. 1 dirs total, 0 dirs full, 0 dirs failed
I0401 16:41:38.053321 13361 sys_catalog.cc:304] member_type: VOTER last_known_addr { host: "127.11.224.62" port: 48516 } has no permanent_uuid. Determining permanent_uuid...
I0401 16:41:38.054497 12160 system_ntp.cc:199] NTP initialized. Skew: 500ppm Current error: 839431us
I0401 16:41:38.054780 12160 fs_manager.cc:263] Metadata directory not provided
I0401 16:41:38.054894 12160 fs_manager.cc:269] Using write-ahead log directory (fs_wal_dir) as metadata directory
I0401 16:41:38.055021 12160 server_base.cc:433] Could not load existing FS layout: Not found: could not find a healthy instance file
I0401 16:41:38.055090 12160 server_base.cc:434] Attempting to create new FS layout instead
I0401 16:41:38.055703 12160 fs_manager.cc:602] Generated new instance metadata in path /data/somelongdirectorytoavoidrpathissues/src/kudutest/ksck_remote-test.0.RemoteKsckTest.TestTabletServerMismatchedUUID.1554162092376624-12160/minicluster-data/master-2-root/instance: uuid: "417834d010834e939b776a60ca3dc755" format_stamp: "Formatted at 2019-04-01 23:41:38 on quasar-eitwqx-1.vpc.cloudera.com"
I0401 16:41:38.059247 13361 sys_catalog.cc:304] member_type: VOTER last_known_addr { host: "127.11.224.61" port: 39448 } has no permanent_uuid. Determining permanent_uuid...
I0401 16:41:38.060519 12160 fs_manager.cc:503] Time spent creating directory manager: real 0.004s user 0.001s sys 0.002s
I0401 16:41:38.061905 12160 file_cache.cc:466] Constructed file cache lbm with capacity 13107
I0401 16:41:38.064465 12160 fs_manager.cc:419] Time spent opening block manager: real 0.001s user 0.000s sys 0.001s
I0401 16:41:38.064565 12160 fs_manager.cc:436] Opened local filesystem: /data/somelongdirectorytoavoidrpathissues/src/kudutest/ksck_remote-test.0.RemoteKsckTest.TestTabletServerMismatchedUUID.1554162092376624-12160/minicluster-data/master-2-root uuid: "417834d010834e939b776a60ca3dc755" format_stamp: "Formatted at 2019-04-01 23:41:38 on quasar-eitwqx-1.vpc.cloudera.com"
I0401 16:41:38.064735 12160 fs_report.cc:352] FS layout report -------------------- wal directory: /data/somelongdirectorytoavoidrpathissues/src/kudutest/ksck_remote-test.0.RemoteKsckTest.TestTabletServerMismatchedUUID.1554162092376624-12160/minicluster-data/master-2-root metadata directory: /data/somelongdirectorytoavoidrpathissues/src/kudutest/ksck_remote-test.0.RemoteKsckTest.TestTabletServerMismatchedUUID.1554162092376624-12160/minicluster-data/master-2-root 1 data directories: /data/somelongdirectorytoavoidrpathissues/src/kudutest/ksck_remote-test.0.RemoteKsckTest.TestTabletServerMismatchedUUID.1554162092376624-12160/minicluster-data/master-2-root/data Total live blocks: 0 Total live bytes: 0 Total live bytes (after alignment): 0 Total number of LBM containers: 0 (0 full) Did not check for missing blocks Did not check for orphaned blocks Total full LBM containers with extra space: 0 (0 repaired) Total full LBM container extra space in bytes: 0 (0 repaired) Total incomplete LBM containers: 0 (0 repaired) Total LBM partial records: 0 (0 repaired)
I0401 16:41:38.065317 13361 sys_catalog.cc:304] member_type: VOTER last_known_addr { host: "127.11.224.60" port: 37168 } has no permanent_uuid. Determining permanent_uuid...
W0401 16:41:38.066305 13361 consensus_peers.cc:599] Error getting permanent uuid from config peer 127.11.224.60:37168: Network error: Client connection negotiation failed: client connection to 127.11.224.60:37168: connect: Connection refused (error 111)
I0401 16:41:38.102069 12160 rpc_server.cc:205] RPC server started. Bound to: 127.11.224.60:37168
I0401 16:41:38.102821 12160 webserver.cc:308] Webserver started at http://127.11.224.60:55515/ using document root and password file
I0401 16:41:38.103185 12160 internal_mini_cluster.cc:166] Waiting to initialize catalog manager on master 0
I0401 16:41:38.103799 13418 data_dirs.cc:938] Could only allocate 1 dirs of requested 3 for tablet 00000000000000000000000000000000. 1 dirs total, 0 dirs full, 0 dirs failed
I0401 16:41:38.105691 13418 sys_catalog.cc:304] member_type: VOTER last_known_addr { host: "127.11.224.62" port: 48516 } has no permanent_uuid. Determining permanent_uuid...
I0401 16:41:38.110327 13418 sys_catalog.cc:304] member_type: VOTER last_known_addr { host: "127.11.224.61" port: 39448 } has no permanent_uuid. Determining permanent_uuid...
I0401 16:41:38.110373 13304 consensus_peers.cc:609] Retrying to get permanent uuid for remote peer: member_type: VOTER last_known_addr { host: "127.11.224.61" port: 39448 } attempt: 2
I0401 16:41:38.114961 13418 sys_catalog.cc:304] member_type: VOTER last_known_addr { host: "127.11.224.60" port: 37168 } has no permanent_uuid. Determining permanent_uuid...
I0401 16:41:38.116291 13304 sys_catalog.cc:304] member_type: VOTER last_known_addr { host: "127.11.224.60" port: 37168 } has no permanent_uuid. Determining permanent_uuid...
I0401 16:41:38.125159 13304 tablet_bootstrap.cc:439] T 00000000000000000000000000000000 P 18e7cff7e17e4f0c895f3d9a1cf6886c: Bootstrap starting.
I0401 16:41:38.125159 13418 tablet_bootstrap.cc:439] T 00000000000000000000000000000000 P 417834d010834e939b776a60ca3dc755: Bootstrap starting.
I0401 16:41:38.127573 13304 tablet_bootstrap.cc:590] T 00000000000000000000000000000000 P 18e7cff7e17e4f0c895f3d9a1cf6886c: No blocks or log segments found. Creating new log.
I0401 16:41:38.127573 13361 consensus_peers.cc:609] Retrying to get permanent uuid for remote peer: member_type: VOTER last_known_addr { host: "127.11.224.60" port: 37168 } attempt: 1
I0401 16:41:38.128384 13418 tablet_bootstrap.cc:590] T 00000000000000000000000000000000 P 417834d010834e939b776a60ca3dc755: No blocks or log segments found. Creating new log.
I0401 16:41:38.131621 13304 tablet_bootstrap.cc:439] T 00000000000000000000000000000000 P 18e7cff7e17e4f0c895f3d9a1cf6886c: No bootstrap required, opened a new log
I0401 16:41:38.132652 13304 raft_consensus.cc:340] T 00000000000000000000000000000000 P 18e7cff7e17e4f0c895f3d9a1cf6886c [term 0 FOLLOWER]: Replica starting. Triggering 0 pending transactions. Active config: opid_index: -1 OBSOLETE_local: false peers { permanent_uuid: "18e7cff7e17e4f0c895f3d9a1cf6886c" member_type: VOTER last_known_addr { host: "127.11.224.62" port: 48516 } } peers { permanent_uuid: "201391c7ace24cd3892f79bf40365093" member_type: VOTER last_known_addr { host: "127.11.224.61" port: 39448 } } peers { permanent_uuid: "417834d010834e939b776a60ca3dc755" member_type: VOTER last_known_addr { host: "127.11.224.60" port: 37168 } }
I0401 16:41:38.132977 13304 raft_consensus.cc:366] T 00000000000000000000000000000000 P 18e7cff7e17e4f0c895f3d9a1cf6886c [term 0 FOLLOWER]: Consensus starting up: Expiring failure detector timer to make a prompt election more likely
I0401 16:41:38.133057 13304 raft_consensus.cc:705] T 00000000000000000000000000000000 P 18e7cff7e17e4f0c895f3d9a1cf6886c [term 0 FOLLOWER]: Becoming Follower/Learner. State: Replica: 18e7cff7e17e4f0c895f3d9a1cf6886c, State: Initialized, Role: FOLLOWER
I0401 16:41:38.133373 13304 consensus_queue.cc:229] T 00000000000000000000000000000000 P 18e7cff7e17e4f0c895f3d9a1cf6886c [NON_LEADER]: Queue going to NON_LEADER mode. State: All replicated index: 0, Majority replicated index: 0, Committed index: 0, Last appended: 0.0, Last appended by leader: 0, Current term: 0, Majority size: -1, State: 0, Mode: NON_LEADER, active raft config: opid_index: -1 OBSOLETE_local: false peers { permanent_uuid: "18e7cff7e17e4f0c895f3d9a1cf6886c" member_type: VOTER last_known_addr { host: "127.11.224.62" port: 48516 } } peers { permanent_uuid: "201391c7ace24cd3892f79bf40365093" member_type: VOTER last_known_addr { host: "127.11.224.61" port: 39448 } } peers { permanent_uuid: "417834d010834e939b776a60ca3dc755" member_type: VOTER last_known_addr { host: "127.11.224.60" port: 37168 } }
I0401 16:41:38.134183 13304 sys_catalog.cc:337] T 00000000000000000000000000000000 P 18e7cff7e17e4f0c895f3d9a1cf6886c [sys.catalog]: SysCatalogTable state changed. Reason: Started TabletReplica. Latest consensus state: current_term: 0 committed_config { opid_index: -1 OBSOLETE_local: false peers { permanent_uuid: "18e7cff7e17e4f0c895f3d9a1cf6886c" member_type: VOTER last_known_addr { host: "127.11.224.62" port: 48516 } } peers { permanent_uuid: "201391c7ace24cd3892f79bf40365093" member_type: VOTER last_known_addr { host: "127.11.224.61" port: 39448 } } peers { permanent_uuid: "417834d010834e939b776a60ca3dc755" member_type: VOTER last_known_addr { host: "127.11.224.60" port: 37168 } } }
I0401 16:41:38.134186 13425 sys_catalog.cc:337] T 00000000000000000000000000000000 P 18e7cff7e17e4f0c895f3d9a1cf6886c [sys.catalog]: SysCatalogTable state changed. Reason: RaftConsensus started. Latest consensus state: current_term: 0 committed_config { opid_index: -1 OBSOLETE_local: false peers { permanent_uuid: "18e7cff7e17e4f0c895f3d9a1cf6886c" member_type: VOTER last_known_addr { host: "127.11.224.62" port: 48516 } } peers { permanent_uuid: "201391c7ace24cd3892f79bf40365093" member_type: VOTER last_known_addr { host: "127.11.224.61" port: 39448 } } peers { permanent_uuid: "417834d010834e939b776a60ca3dc755" member_type: VOTER last_known_addr { host: "127.11.224.60" port: 37168 } } }
I0401 16:41:38.134726 13418 tablet_bootstrap.cc:439] T 00000000000000000000000000000000 P 417834d010834e939b776a60ca3dc755: No bootstrap required, opened a new log
I0401 16:41:38.134799 13304 sys_catalog.cc:340] T 00000000000000000000000000000000 P 18e7cff7e17e4f0c895f3d9a1cf6886c [sys.catalog]: This master's current role is: FOLLOWER
I0401 16:41:38.134802 13425 sys_catalog.cc:340] T 00000000000000000000000000000000 P 18e7cff7e17e4f0c895f3d9a1cf6886c [sys.catalog]: This master's current role is: FOLLOWER
I0401 16:41:38.135453 13304 sys_catalog.cc:424] T 00000000000000000000000000000000 P 18e7cff7e17e4f0c895f3d9a1cf6886c [sys.catalog]: configured and running, proceeding with master startup.
I0401 16:41:38.136342 12160 internal_mini_cluster.cc:166] Waiting to initialize catalog manager on master 1
I0401 16:41:38.135862 13418 raft_consensus.cc:340] T 00000000000000000000000000000000 P 417834d010834e939b776a60ca3dc755 [term 0 FOLLOWER]: Replica starting. Triggering 0 pending transactions. Active config: opid_index: -1 OBSOLETE_local: false peers { permanent_uuid: "18e7cff7e17e4f0c895f3d9a1cf6886c" member_type: VOTER last_known_addr { host: "127.11.224.62" port: 48516 } } peers { permanent_uuid: "201391c7ace24cd3892f79bf40365093" member_type: VOTER last_known_addr { host: "127.11.224.61" port: 39448 } } peers { permanent_uuid: "417834d010834e939b776a60ca3dc755" member_type: VOTER last_known_addr { host: "127.11.224.60" port: 37168 } }
I0401 16:41:38.136656 13418 raft_consensus.cc:366] T 00000000000000000000000000000000 P 417834d010834e939b776a60ca3dc755 [term 0 FOLLOWER]: Consensus starting up: Expiring failure detector timer to make a prompt election more likely
I0401 16:41:38.136782 13418 raft_consensus.cc:705] T 00000000000000000000000000000000 P 417834d010834e939b776a60ca3dc755 [term 0 FOLLOWER]: Becoming Follower/Learner. State: Replica: 417834d010834e939b776a60ca3dc755, State: Initialized, Role: FOLLOWER
I0401 16:41:38.137198 13418 consensus_queue.cc:229] T 00000000000000000000000000000000 P 417834d010834e939b776a60ca3dc755 [NON_LEADER]: Queue going to NON_LEADER mode. State: All replicated index: 0, Majority replicated index: 0, Committed index: 0, Last appended: 0.0, Last appended by leader: 0, Current term: 0, Majority size: -1, State: 0, Mode: NON_LEADER, active raft config: opid_index: -1 OBSOLETE_local: false peers { permanent_uuid: "18e7cff7e17e4f0c895f3d9a1cf6886c" member_type: VOTER last_known_addr { host: "127.11.224.62" port: 48516 } } peers { permanent_uuid: "201391c7ace24cd3892f79bf40365093" member_type: VOTER last_known_addr { host: "127.11.224.61" port: 39448 } } peers { permanent_uuid: "417834d010834e939b776a60ca3dc755" member_type: VOTER last_known_addr { host: "127.11.224.60" port: 37168 } }
I0401 16:41:38.137393 13361 tablet_bootstrap.cc:439] T 00000000000000000000000000000000 P 201391c7ace24cd3892f79bf40365093: Bootstrap starting.
I0401 16:41:38.138173 13418 sys_catalog.cc:337] T 00000000000000000000000000000000 P 417834d010834e939b776a60ca3dc755 [sys.catalog]: SysCatalogTable state changed. Reason: Started TabletReplica. Latest consensus state: current_term: 0 committed_config { opid_index: -1 OBSOLETE_local: false peers { permanent_uuid: "18e7cff7e17e4f0c895f3d9a1cf6886c" member_type: VOTER last_known_addr { host: "127.11.224.62" port: 48516 } } peers { permanent_uuid: "201391c7ace24cd3892f79bf40365093" member_type: VOTER last_known_addr { host: "127.11.224.61" port: 39448 } } peers { permanent_uuid: "417834d010834e939b776a60ca3dc755" member_type: VOTER last_known_addr { host: "127.11.224.60" port: 37168 } } }
I0401 16:41:38.138571 13418 sys_catalog.cc:340] T 00000000000000000000000000000000 P 417834d010834e939b776a60ca3dc755 [sys.catalog]: This master's current role is: FOLLOWER
I0401 16:41:38.138209 13427 sys_catalog.cc:337] T 00000000000000000000000000000000 P 417834d010834e939b776a60ca3dc755 [sys.catalog]: SysCatalogTable state changed. Reason: RaftConsensus started. Latest consensus state: current_term: 0 committed_config { opid_index: -1 OBSOLETE_local: false peers { permanent_uuid: "18e7cff7e17e4f0c895f3d9a1cf6886c" member_type: VOTER last_known_addr { host: "127.11.224.62" port: 48516 } } peers { permanent_uuid: "201391c7ace24cd3892f79bf40365093" member_type: VOTER last_known_addr { host: "127.11.224.61" port: 39448 } } peers { permanent_uuid: "417834d010834e939b776a60ca3dc755" member_type: VOTER last_known_addr { host: "127.11.224.60" port: 37168 } } }
I0401 16:41:38.138942 13427 sys_catalog.cc:340] T 00000000000000000000000000000000 P 417834d010834e939b776a60ca3dc755 [sys.catalog]: This master's current role is: FOLLOWER
W0401 16:41:38.139199 13426 catalog_manager.cc:1113] T 00000000000000000000000000000000 P 18e7cff7e17e4f0c895f3d9a1cf6886c: acquiring CA information for follower catalog manager: Not found: root CA entry not found
I0401 16:41:38.139302 13418 sys_catalog.cc:424] T 00000000000000000000000000000000 P 417834d010834e939b776a60ca3dc755 [sys.catalog]: configured and running, proceeding with master startup.
W0401 16:41:38.139323 13426 catalog_manager.cc:594] Not found: root CA entry not found: failed to prepare follower catalog manager, will retry
I0401 16:41:38.139860 13361 tablet_bootstrap.cc:590] T 00000000000000000000000000000000 P 201391c7ace24cd3892f79bf40365093: No blocks or log segments found. Creating new log.
W0401 16:41:38.141261 13428 catalog_manager.cc:1113] T 00000000000000000000000000000000 P 417834d010834e939b776a60ca3dc755: acquiring CA information for follower catalog manager: Not found: root CA entry not found
W0401 16:41:38.141353 13428 catalog_manager.cc:594] Not found: root CA entry not found: failed to prepare follower catalog manager, will retry
I0401 16:41:38.141997 13361 tablet_bootstrap.cc:439] T 00000000000000000000000000000000 P 201391c7ace24cd3892f79bf40365093: No bootstrap required, opened a new log
I0401 16:41:38.142508 13361 raft_consensus.cc:340] T 00000000000000000000000000000000 P 201391c7ace24cd3892f79bf40365093 [term 0 FOLLOWER]: Replica starting. Triggering 0 pending transactions. Active config: opid_index: -1 OBSOLETE_local: false peers { permanent_uuid: "18e7cff7e17e4f0c895f3d9a1cf6886c" member_type: VOTER last_known_addr { host: "127.11.224.62" port: 48516 } } peers { permanent_uuid: "201391c7ace24cd3892f79bf40365093" member_type: VOTER last_known_addr { host: "127.11.224.61" port: 39448 } } peers { permanent_uuid: "417834d010834e939b776a60ca3dc755" member_type: VOTER last_known_addr { host: "127.11.224.60" port: 37168 } }
I0401 16:41:38.142644 13361 raft_consensus.cc:366] T 00000000000000000000000000000000 P 201391c7ace24cd3892f79bf40365093 [term 0 FOLLOWER]: Consensus starting up: Expiring failure detector timer to make a prompt election more likely
I0401 16:41:38.142683 13361 raft_consensus.cc:705] T 00000000000000000000000000000000 P 201391c7ace24cd3892f79bf40365093 [term 0 FOLLOWER]: Becoming Follower/Learner. State: Replica: 201391c7ace24cd3892f79bf40365093, State: Initialized, Role: FOLLOWER
I0401 16:41:38.142838 13361 consensus_queue.cc:229] T 00000000000000000000000000000000 P 201391c7ace24cd3892f79bf40365093 [NON_LEADER]: Queue going to NON_LEADER mode. State: All replicated index: 0, Majority replicated index: 0, Committed index: 0, Last appended: 0.0, Last appended by leader: 0, Current term: 0, Majority size: -1, State: 0, Mode: NON_LEADER, active raft config: opid_index: -1 OBSOLETE_local: false peers { permanent_uuid: "18e7cff7e17e4f0c895f3d9a1cf6886c" member_type: VOTER last_known_addr { host: "127.11.224.62" port: 48516 } } peers { permanent_uuid: "201391c7ace24cd3892f79bf40365093" member_type: VOTER last_known_addr { host: "127.11.224.61" port: 39448 } } peers { permanent_uuid: "417834d010834e939b776a60ca3dc755" member_type: VOTER last_known_addr { host: "127.11.224.60" port: 37168 } }
I0401 16:41:38.143241 13361 sys_catalog.cc:337] T 00000000000000000000000000000000 P 201391c7ace24cd3892f79bf40365093 [sys.catalog]: SysCatalogTable state changed. Reason: Started TabletReplica. Latest consensus state: current_term: 0 committed_config { opid_index: -1 OBSOLETE_local: false peers { permanent_uuid: "18e7cff7e17e4f0c895f3d9a1cf6886c" member_type: VOTER last_known_addr { host: "127.11.224.62" port: 48516 } } peers { permanent_uuid: "201391c7ace24cd3892f79bf40365093" member_type: VOTER last_known_addr { host: "127.11.224.61" port: 39448 } } peers { permanent_uuid: "417834d010834e939b776a60ca3dc755" member_type: VOTER last_known_addr { host: "127.11.224.60" port: 37168 } } }
I0401 16:41:38.143497 13361 sys_catalog.cc:340] T 00000000000000000000000000000000 P 201391c7ace24cd3892f79bf40365093 [sys.catalog]: This master's current role is: FOLLOWER
I0401 16:41:38.143309 13430 sys_catalog.cc:337] T 00000000000000000000000000000000 P 201391c7ace24cd3892f79bf40365093 [sys.catalog]: SysCatalogTable state changed. Reason: RaftConsensus started. Latest consensus state: current_term: 0 committed_config { opid_index: -1 OBSOLETE_local: false peers { permanent_uuid: "18e7cff7e17e4f0c895f3d9a1cf6886c" member_type: VOTER last_known_addr { host: "127.11.224.62" port: 48516 } } peers { permanent_uuid: "201391c7ace24cd3892f79bf40365093" member_type: VOTER last_known_addr { host: "127.11.224.61" port: 39448 } } peers { permanent_uuid: "417834d010834e939b776a60ca3dc755" member_type: VOTER last_known_addr { host: "127.11.224.60" port: 37168 } } }
I0401 16:41:38.143638 13430 sys_catalog.cc:340] T 00000000000000000000000000000000 P 201391c7ace24cd3892f79bf40365093 [sys.catalog]: This master's current role is: FOLLOWER
I0401 16:41:38.143817 13361 sys_catalog.cc:424] T 00000000000000000000000000000000 P 201391c7ace24cd3892f79bf40365093 [sys.catalog]: configured and running, proceeding with master startup.
I0401 16:41:38.144161 12160 internal_mini_cluster.cc:166] Waiting to initialize catalog manager on master 2
W0401 16:41:38.145695 13431 catalog_manager.cc:1113] T 00000000000000000000000000000000 P 201391c7ace24cd3892f79bf40365093: acquiring CA information for follower catalog manager: Not found: root CA entry not found
W0401 16:41:38.145779 13431 catalog_manager.cc:594] Not found: root CA entry not found: failed to prepare follower catalog manager, will retry
I0401 16:41:38.148994 12160 system_ntp.cc:199] NTP initialized. Skew: 500ppm Current error: 839431us
I0401 16:41:38.149158 12160 fs_manager.cc:263] Metadata directory not provided
I0401 16:41:38.149217 12160 fs_manager.cc:269] Using write-ahead log directory (fs_wal_dir) as metadata directory
I0401 16:41:38.149312 12160 server_base.cc:433] Could not load existing FS layout: Not found: could not find a healthy instance file
I0401 16:41:38.149355 12160 server_base.cc:434] Attempting to create new FS layout instead
I0401 16:41:38.149780 12160 fs_manager.cc:602] Generated new instance metadata in path /data/somelongdirectorytoavoidrpathissues/src/kudutest/ksck_remote-test.0.RemoteKsckTest.TestTabletServerMismatchedUUID.1554162092376624-12160/minicluster-data/ts-0-root/instance: uuid: "06f0213f87654957840d437566ac9c74" format_stamp: "Formatted at 2019-04-01 23:41:38 on quasar-eitwqx-1.vpc.cloudera.com"
I0401 16:41:38.153574 12160 fs_manager.cc:503] Time spent creating directory manager: real 0.003s user 0.003s sys 0.001s
I0401 16:41:38.154320 12160 file_cache.cc:466] Constructed file cache lbm with capacity 13107
I0401 16:41:38.156591 12160 fs_manager.cc:419] Time spent opening block manager: real 0.001s user 0.000s sys 0.001s
I0401 16:41:38.156648 12160 fs_manager.cc:436] Opened local filesystem: /data/somelongdirectorytoavoidrpathissues/src/kudutest/ksck_remote-test.0.RemoteKsckTest.TestTabletServerMismatchedUUID.1554162092376624-12160/minicluster-data/ts-0-root uuid: "06f0213f87654957840d437566ac9c74" format_stamp: "Formatted at 2019-04-01 23:41:38 on quasar-eitwqx-1.vpc.cloudera.com"
I0401 16:41:38.156740 12160 fs_report.cc:352] FS layout report -------------------- wal directory: /data/somelongdirectorytoavoidrpathissues/src/kudutest/ksck_remote-test.0.RemoteKsckTest.TestTabletServerMismatchedUUID.1554162092376624-12160/minicluster-data/ts-0-root metadata directory: /data/somelongdirectorytoavoidrpathissues/src/kudutest/ksck_remote-test.0.RemoteKsckTest.TestTabletServerMismatchedUUID.1554162092376624-12160/minicluster-data/ts-0-root 1 data directories: /data/somelongdirectorytoavoidrpathissues/src/kudutest/ksck_remote-test.0.RemoteKsckTest.TestTabletServerMismatchedUUID.1554162092376624-12160/minicluster-data/ts-0-root/data Total live blocks: 0 Total live bytes: 0 Total live bytes (after alignment): 0 Total number of LBM containers: 0 (0 full) Did not check for missing blocks Did not check for orphaned blocks Total full LBM containers with extra space: 0 (0 repaired) Total full LBM container extra space in bytes: 0 (0 repaired) Total incomplete LBM containers: 0 (0 repaired) Total LBM partial records: 0 (0 repaired)
I0401 16:41:38.214617 12160 ts_tablet_manager.cc:356] Loaded tablet metadata (0 total tablets, 0 live tablets)
I0401 16:41:38.214681 12160 ts_tablet_manager.cc:376] Registered 0 tablets
I0401 16:41:38.231408 12160 rpc_server.cc:205] RPC server started. Bound to: 127.11.224.1:44443
I0401 16:41:38.232213 12160 webserver.cc:308] Webserver started at http://127.11.224.1:38660/ using document root and password file
I0401 16:41:38.243090 12160 system_ntp.cc:199] NTP initialized. Skew: 500ppm Current error: 839431us
I0401 16:41:38.243680 12160 fs_manager.cc:263] Metadata directory not provided
I0401 16:41:38.243835 12160 fs_manager.cc:269] Using write-ahead log directory (fs_wal_dir) as metadata directory
I0401 16:41:38.244048 12160 server_base.cc:433] Could not load existing FS layout: Not found: could not find a healthy instance file
I0401 16:41:38.244211 12160 server_base.cc:434] Attempting to create new FS layout instead
I0401 16:41:38.245283 12160 fs_manager.cc:602] Generated new instance metadata in path /data/somelongdirectorytoavoidrpathissues/src/kudutest/ksck_remote-test.0.RemoteKsckTest.TestTabletServerMismatchedUUID.1554162092376624-12160/minicluster-data/ts-1-root/instance: uuid: "08c5d9e5b99c47b99a22fe631293c55c" format_stamp: "Formatted at 2019-04-01 23:41:38 on quasar-eitwqx-1.vpc.cloudera.com"
I0401 16:41:38.246464 13497 heartbeater.cc:345] Connected to a master server at 127.11.224.60:37168
I0401 16:41:38.246724 13498 heartbeater.cc:345] Connected to a master server at 127.11.224.62:48516
I0401 16:41:38.246878 13498 heartbeater.cc:426] Registering TS with master...
I0401 16:41:38.247045 13497 heartbeater.cc:426] Registering TS with master...
I0401 16:41:38.247596 13498 heartbeater.cc:475] Master 127.11.224.62:48516 requested a full tablet report, sending...
I0401 16:41:38.247594 13497 heartbeater.cc:475] Master 127.11.224.60:37168 requested a full tablet report, sending...
I0401 16:41:38.248034 13496 heartbeater.cc:345] Connected to a master server at 127.11.224.61:39448
I0401 16:41:38.248172 13496 heartbeater.cc:426] Registering TS with master...
I0401 16:41:38.249075 13385 ts_manager.cc:159] Registered new tserver with Master: 06f0213f87654957840d437566ac9c74 (127.11.224.1:44443)
I0401 16:41:38.249279 13271 ts_manager.cc:159] Registered new tserver with Master: 06f0213f87654957840d437566ac9c74 (127.11.224.1:44443)
I0401 16:41:38.249502 13496 heartbeater.cc:475] Master 127.11.224.61:39448 requested a full tablet report, sending...
I0401 16:41:38.250596 13328 ts_manager.cc:159] Registered new tserver with Master: 06f0213f87654957840d437566ac9c74 (127.11.224.1:44443)
I0401 16:41:38.251642 12160 fs_manager.cc:503] Time spent creating directory manager: real 0.006s user 0.002s sys 0.003s
I0401 16:41:38.252418 12160 file_cache.cc:466] Constructed file cache lbm with capacity 13107
I0401 16:41:38.255044 12160 fs_manager.cc:419] Time spent opening block manager: real 0.001s user 0.001s sys 0.000s
I0401 16:41:38.255115 12160 fs_manager.cc:436] Opened local filesystem: /data/somelongdirectorytoavoidrpathissues/src/kudutest/ksck_remote-test.0.RemoteKsckTest.TestTabletServerMismatchedUUID.1554162092376624-12160/minicluster-data/ts-1-root uuid: "08c5d9e5b99c47b99a22fe631293c55c" format_stamp: "Formatted at 2019-04-01 23:41:38 on quasar-eitwqx-1.vpc.cloudera.com"
