I0401 16:41:49.834026 15993 raft_consensus.cc:494] T 326662072cb64c93be9293bdd4eb0572 P 30b08c36fa41460b84546af2b84601ac [term 1 FOLLOWER]: Starting leader election with config: opid_index: -1 OBSOLETE_local: false peers { permanent_uuid: "c389c480349f4579bf5e70301b6d4517" member_type: VOTER last_known_addr { host: "127.11.224.1" port: 33095 } } peers { permanent_uuid: "c49eacb8125f47b5a28548c823edfbf3" member_type: VOTER last_known_addr { host: "127.11.224.2" port: 54037 } } peers { permanent_uuid: "30b08c36fa41460b84546af2b84601ac" member_type: VOTER last_known_addr { host: "127.11.224.3" port: 58821 } }
I0401 16:41:49.834555 15993 leader_election.cc:296] T 326662072cb64c93be9293bdd4eb0572 P 30b08c36fa41460b84546af2b84601ac [CANDIDATE]: Term 1 election: Requested vote from peers c389c480349f4579bf5e70301b6d4517 (127.11.224.1:33095), c49eacb8125f47b5a28548c823edfbf3 (127.11.224.2:54037)
I0401 16:41:49.834836 15788 tablet_service.cc:1276] Received RequestConsensusVote() RPC: tablet_id: "326662072cb64c93be9293bdd4eb0572" candidate_uuid: "30b08c36fa41460b84546af2b84601ac" candidate_term: 1 candidate_status { last_received { term: 0 index: 0 } } ignore_live_leader: false dest_uuid: "c389c480349f4579bf5e70301b6d4517"
I0401 16:41:49.834902 15863 tablet_service.cc:1276] Received RequestConsensusVote() RPC: tablet_id: "326662072cb64c93be9293bdd4eb0572" candidate_uuid: "30b08c36fa41460b84546af2b84601ac" candidate_term: 1 candidate_status { last_received { term: 0 index: 0 } } ignore_live_leader: false dest_uuid: "c49eacb8125f47b5a28548c823edfbf3"
I0401 16:41:49.834995 15863 raft_consensus.cc:2886] T 326662072cb64c93be9293bdd4eb0572 P c49eacb8125f47b5a28548c823edfbf3 [term 0 FOLLOWER]: Advancing to term 1
I0401 16:41:49.834995 15788 raft_consensus.cc:2886] T 326662072cb64c93be9293bdd4eb0572 P c389c480349f4579bf5e70301b6d4517 [term 0 FOLLOWER]: Advancing to term 1
I0401 16:41:49.837013 15863 raft_consensus.cc:2346] T 326662072cb64c93be9293bdd4eb0572 P c49eacb8125f47b5a28548c823edfbf3 [term 1 FOLLOWER]: Leader election vote request: Granting yes vote for candidate 30b08c36fa41460b84546af2b84601ac in term 1.
I0401 16:41:49.837272 15906 leader_election.cc:310] T 326662072cb64c93be9293bdd4eb0572 P 30b08c36fa41460b84546af2b84601ac [CANDIDATE]: Term 1 election: Election decided. Result: candidate won. Election summary: received 2 responses out of 3 voters: 2 yes votes; 0 no votes. yes voters: 30b08c36fa41460b84546af2b84601ac, c49eacb8125f47b5a28548c823edfbf3; no voters:
I0401 16:41:49.837473 15993 raft_consensus.cc:2640] T 326662072cb64c93be9293bdd4eb0572 P 30b08c36fa41460b84546af2b84601ac [term 1 FOLLOWER]: Leader election won for term 1
I0401 16:41:49.837524 15788 raft_consensus.cc:2346] T 326662072cb64c93be9293bdd4eb0572 P c389c480349f4579bf5e70301b6d4517 [term 1 FOLLOWER]: Leader election vote request: Granting yes vote for candidate 30b08c36fa41460b84546af2b84601ac in term 1.
I0401 16:41:49.837622 15993 raft_consensus.cc:667] T 326662072cb64c93be9293bdd4eb0572 P 30b08c36fa41460b84546af2b84601ac [term 1 LEADER]: Becoming Leader. State: Replica: 30b08c36fa41460b84546af2b84601ac, State: Running, Role: LEADER
I0401 16:41:49.837885 15993 consensus_queue.cc:206] T 326662072cb64c93be9293bdd4eb0572 P 30b08c36fa41460b84546af2b84601ac [LEADER]: Queue going to LEADER mode. State: All replicated index: 0, Majority replicated index: 0, Committed index: 0, Last appended: 0.0, Last appended by leader: 0, Current term: 1, Majority size: 2, State: 0, Mode: LEADER, active raft config: opid_index: -1 OBSOLETE_local: false peers { permanent_uuid: "c389c480349f4579bf5e70301b6d4517" member_type: VOTER last_known_addr { host: "127.11.224.1" port: 33095 } } peers { permanent_uuid: "c49eacb8125f47b5a28548c823edfbf3" member_type: VOTER last_known_addr { host: "127.11.224.2" port: 54037 } } peers { permanent_uuid: "30b08c36fa41460b84546af2b84601ac" member_type: VOTER last_known_addr { host: "127.11.224.3" port: 58821 } }
I0401 16:41:49.840474 15589 catalog_manager.cc:3977] T 326662072cb64c93be9293bdd4eb0572 P 30b08c36fa41460b84546af2b84601ac reported cstate change: term changed from 0 to 1, leader changed from to 30b08c36fa41460b84546af2b84601ac (127.11.224.3). New cstate: current_term: 1 leader_uuid: "30b08c36fa41460b84546af2b84601ac" committed_config { opid_index: -1 OBSOLETE_local: false peers { permanent_uuid: "c389c480349f4579bf5e70301b6d4517" member_type: VOTER last_known_addr { host: "127.11.224.1" port: 33095 } health_report { overall_health: UNKNOWN } } peers { permanent_uuid: "c49eacb8125f47b5a28548c823edfbf3" member_type: VOTER last_known_addr { host: "127.11.224.2" port: 54037 } health_report { overall_health: UNKNOWN } } peers { permanent_uuid: "30b08c36fa41460b84546af2b84601ac" member_type: VOTER last_known_addr { host: "127.11.224.3" port: 58821 } health_report { overall_health: HEALTHY } } }
I0401 16:41:49.911801 15942 raft_consensus.cc:1181] T 49c29a4a9ce94cbcb08d3902882f3678 P 30b08c36fa41460b84546af2b84601ac [term 1 FOLLOWER]: Refusing update from remote peer c49eacb8125f47b5a28548c823edfbf3: Log matching property violated. Preceding OpId in replica: term: 0 index: 0. Preceding OpId from leader: term: 1 index: 2. (index mismatch)
I0401 16:41:49.911808 15788 raft_consensus.cc:1181] T 49c29a4a9ce94cbcb08d3902882f3678 P c389c480349f4579bf5e70301b6d4517 [term 1 FOLLOWER]: Refusing update from remote peer c49eacb8125f47b5a28548c823edfbf3: Log matching property violated. Preceding OpId in replica: term: 0 index: 0. Preceding OpId from leader: term: 1 index: 2. (index mismatch)
I0401 16:41:49.912305 15994 consensus_queue.cc:984] T 49c29a4a9ce94cbcb08d3902882f3678 P c49eacb8125f47b5a28548c823edfbf3 [LEADER]: Connected to new peer: Peer: permanent_uuid: "c389c480349f4579bf5e70301b6d4517" member_type: VOTER last_known_addr { host: "127.11.224.1" port: 33095 }, Status: LMP_MISMATCH, Last received: 0.0, Next index: 1, Last known committed idx: 0, Time since last communication: 0.000s
I0401 16:41:49.912493 16026 consensus_queue.cc:984] T 49c29a4a9ce94cbcb08d3902882f3678 P c49eacb8125f47b5a28548c823edfbf3 [LEADER]: Connected to new peer: Peer: permanent_uuid: "30b08c36fa41460b84546af2b84601ac" member_type: VOTER last_known_addr { host: "127.11.224.3" port: 58821 }, Status: LMP_MISMATCH, Last received: 0.0, Next index: 1, Last known committed idx: 0, Time since last communication: 0.000s
I0401 16:41:49.927564 15741 catalog_manager.cc:1111] T 00000000000000000000000000000000 P db81944f68db4f41a11ed545fdf4ca28: acquiring CA information for follower catalog manager: success
I0401 16:41:49.929466 15741 catalog_manager.cc:1139] T 00000000000000000000000000000000 P db81944f68db4f41a11ed545fdf4ca28: importing token verification keys for follower catalog manager: success; most recent TSK sequence number 0
I0401 16:41:49.932857 15744 catalog_manager.cc:1111] T 00000000000000000000000000000000 P c648c7b342d841319c073af14dbe36e5: acquiring CA information for follower catalog manager: success
I0401 16:41:49.934417 15744 catalog_manager.cc:1139] T 00000000000000000000000000000000 P c648c7b342d841319c073af14dbe36e5: importing token verification keys for follower catalog manager: success; most recent TSK sequence number 0
I0401 16:41:49.978912 15941 raft_consensus.cc:1181] T c4f59507e08d48648f5f94ca5e6c5276 P 30b08c36fa41460b84546af2b84601ac [term 1 FOLLOWER]: Refusing update from remote peer c389c480349f4579bf5e70301b6d4517: Log matching property violated. Preceding OpId in replica: term: 0 index: 0. Preceding OpId from leader: term: 1 index: 2. (index mismatch)
I0401 16:41:49.978968 15863 raft_consensus.cc:1181] T c4f59507e08d48648f5f94ca5e6c5276 P c49eacb8125f47b5a28548c823edfbf3 [term 1 FOLLOWER]: Refusing update from remote peer c389c480349f4579bf5e70301b6d4517: Log matching property violated. Preceding OpId in replica: term: 0 index: 0. Preceding OpId from leader: term: 1 index: 2. (index mismatch)
I0401 16:41:49.979292 15991 consensus_queue.cc:984] T c4f59507e08d48648f5f94ca5e6c5276 P c389c480349f4579bf5e70301b6d4517 [LEADER]: Connected to new peer: Peer: permanent_uuid: "30b08c36fa41460b84546af2b84601ac" member_type: VOTER last_known_addr { host: "127.11.224.3" port: 58821 }, Status: LMP_MISMATCH, Last received: 0.0, Next index: 1, Last known committed idx: 0, Time since last communication: 0.000s
I0401 16:41:49.979465 16024 consensus_queue.cc:984] T c4f59507e08d48648f5f94ca5e6c5276 P c389c480349f4579bf5e70301b6d4517 [LEADER]: Connected to new peer: Peer: permanent_uuid: "c49eacb8125f47b5a28548c823edfbf3" member_type: VOTER last_known_addr { host: "127.11.224.2" port: 54037 }, Status: LMP_MISMATCH, Last received: 0.0, Next index: 1, Last known committed idx: 0, Time since last communication: 0.000s
I0401 16:41:50.012954 15942 raft_consensus.cc:1181] T ce18cc20a89f4b0ea5689fa69cd2d573 P 30b08c36fa41460b84546af2b84601ac [term 1 FOLLOWER]: Refusing update from remote peer c389c480349f4579bf5e70301b6d4517: Log matching property violated. Preceding OpId in replica: term: 0 index: 0. Preceding OpId from leader: term: 1 index: 1. (index mismatch)
I0401 16:41:50.013927 16024 consensus_queue.cc:984] T ce18cc20a89f4b0ea5689fa69cd2d573 P c389c480349f4579bf5e70301b6d4517 [LEADER]: Connected to new peer: Peer: permanent_uuid: "30b08c36fa41460b84546af2b84601ac" member_type: VOTER last_known_addr { host: "127.11.224.3" port: 58821 }, Status: LMP_MISMATCH, Last received: 0.0, Next index: 1, Last known committed idx: 0, Time since last communication: 0.000s
I0401 16:41:50.021219 15863 raft_consensus.cc:1181] T ce18cc20a89f4b0ea5689fa69cd2d573 P c49eacb8125f47b5a28548c823edfbf3 [term 1 FOLLOWER]: Refusing update from remote peer c389c480349f4579bf5e70301b6d4517: Log matching property violated. Preceding OpId in replica: term: 0 index: 0. Preceding OpId from leader: term: 1 index: 1. (index mismatch)
I0401 16:41:50.022359 16024 consensus_queue.cc:984] T ce18cc20a89f4b0ea5689fa69cd2d573 P c389c480349f4579bf5e70301b6d4517 [LEADER]: Connected to new peer: Peer: permanent_uuid: "c49eacb8125f47b5a28548c823edfbf3" member_type: VOTER last_known_addr { host: "127.11.224.2" port: 54037 }, Status: LMP_MISMATCH, Last received: 0.0, Next index: 1, Last known committed idx: 0, Time since last communication: 0.000s
I0401 16:41:50.038256 15941 raft_consensus.cc:1181] T 9e9b6261342841ea8d3a1070c3e553e6 P 30b08c36fa41460b84546af2b84601ac [term 1 FOLLOWER]: Refusing update from remote peer c49eacb8125f47b5a28548c823edfbf3: Log matching property violated. Preceding OpId in replica: term: 0 index: 0. Preceding OpId from leader: term: 1 index: 2. (index mismatch)
I0401 16:41:50.038256 15788 raft_consensus.cc:1181] T 9e9b6261342841ea8d3a1070c3e553e6 P c389c480349f4579bf5e70301b6d4517 [term 1 FOLLOWER]: Refusing update from remote peer c49eacb8125f47b5a28548c823edfbf3: Log matching property violated. Preceding OpId in replica: term: 0 index: 0. Preceding OpId from leader: term: 1 index: 2. (index mismatch)
I0401 16:41:50.038663 16050 consensus_queue.cc:984] T 9e9b6261342841ea8d3a1070c3e553e6 P c49eacb8125f47b5a28548c823edfbf3 [LEADER]: Connected to new peer: Peer: permanent_uuid: "30b08c36fa41460b84546af2b84601ac" member_type: VOTER last_known_addr { host: "127.11.224.3" port: 58821 }, Status: LMP_MISMATCH, Last received: 0.0, Next index: 1, Last known committed idx: 0, Time since last communication: 0.000s
I0401 16:41:50.039007 16050 consensus_queue.cc:984] T 9e9b6261342841ea8d3a1070c3e553e6 P c49eacb8125f47b5a28548c823edfbf3 [LEADER]: Connected to new peer: Peer: permanent_uuid: "c389c480349f4579bf5e70301b6d4517" member_type: VOTER last_known_addr { host: "127.11.224.1" port: 33095 }, Status: LMP_MISMATCH, Last received: 0.0, Next index: 1, Last known committed idx: 0, Time since last communication: 0.000s
I0401 16:41:50.044880 15862 raft_consensus.cc:1181] T 1d488bd237df4d8693644e766b14820f P c49eacb8125f47b5a28548c823edfbf3 [term 1 FOLLOWER]: Refusing update from remote peer 30b08c36fa41460b84546af2b84601ac: Log matching property violated. Preceding OpId in replica: term: 0 index: 0. Preceding OpId from leader: term: 1 index: 1. (index mismatch)
I0401 16:41:50.045367 16044 mvcc.cc:203] Tried to move safe_time back from 6365848002713141248 to 6365848000735494144. Current Snapshot: MvccSnapshot[committed={T|T < 6365848002713141248}]
I0401 16:41:50.045789 15993 consensus_queue.cc:984] T 1d488bd237df4d8693644e766b14820f P 30b08c36fa41460b84546af2b84601ac [LEADER]: Connected to new peer: Peer: permanent_uuid: "c49eacb8125f47b5a28548c823edfbf3" member_type: VOTER last_known_addr { host: "127.11.224.2" port: 54037 }, Status: LMP_MISMATCH, Last received: 0.0, Next index: 1, Last known committed idx: 0, Time since last communication: 0.000s
I0401 16:41:50.054558 15788 raft_consensus.cc:1181] T 1d488bd237df4d8693644e766b14820f P c389c480349f4579bf5e70301b6d4517 [term 1 FOLLOWER]: Refusing update from remote peer 30b08c36fa41460b84546af2b84601ac: Log matching property violated. Preceding OpId in replica: term: 0 index: 0. Preceding OpId from leader: term: 1 index: 1. (index mismatch)
I0401 16:41:50.055219 15993 consensus_queue.cc:984] T 1d488bd237df4d8693644e766b14820f P 30b08c36fa41460b84546af2b84601ac [LEADER]: Connected to new peer: Peer: permanent_uuid: "c389c480349f4579bf5e70301b6d4517" member_type: VOTER last_known_addr { host: "127.11.224.1" port: 33095 }, Status: LMP_MISMATCH, Last received: 0.0, Next index: 1, Last known committed idx: 0, Time since last communication: 0.000s
I0401 16:41:50.057823 15863 raft_consensus.cc:1181] T d2920637aa6b4c3c8a9ecf286fd9792e P c49eacb8125f47b5a28548c823edfbf3 [term 1 FOLLOWER]: Refusing update from remote peer 30b08c36fa41460b84546af2b84601ac: Log matching property violated. Preceding OpId in replica: term: 0 index: 0. Preceding OpId from leader: term: 1 index: 1. (index mismatch)
I0401 16:41:50.058612 15993 consensus_queue.cc:984] T d2920637aa6b4c3c8a9ecf286fd9792e P 30b08c36fa41460b84546af2b84601ac [LEADER]: Connected to new peer: Peer: permanent_uuid: "c49eacb8125f47b5a28548c823edfbf3" member_type: VOTER last_known_addr { host: "127.11.224.2" port: 54037 }, Status: LMP_MISMATCH, Last received: 0.0, Next index: 1, Last known committed idx: 0, Time since last communication: 0.000s
I0401 16:41:50.073205 15788 raft_consensus.cc:1181] T d2920637aa6b4c3c8a9ecf286fd9792e P c389c480349f4579bf5e70301b6d4517 [term 1 FOLLOWER]: Refusing update from remote peer 30b08c36fa41460b84546af2b84601ac: Log matching property violated. Preceding OpId in replica: term: 0 index: 0. Preceding OpId from leader: term: 1 index: 1. (index mismatch)
I0401 16:41:50.074443 15993 consensus_queue.cc:984] T d2920637aa6b4c3c8a9ecf286fd9792e P 30b08c36fa41460b84546af2b84601ac [LEADER]: Connected to new peer: Peer: permanent_uuid: "c389c480349f4579bf5e70301b6d4517" member_type: VOTER last_known_addr { host: "127.11.224.1" port: 33095 }, Status: LMP_MISMATCH, Last received: 0.0, Next index: 1, Last known committed idx: 0, Time since last communication: 0.000s
I0401 16:41:50.129618 15788 raft_consensus.cc:1181] T 9996ab620dac4416b7773a41827de2b2 P c389c480349f4579bf5e70301b6d4517 [term 1 FOLLOWER]: Refusing update from remote peer c49eacb8125f47b5a28548c823edfbf3: Log matching property violated. Preceding OpId in replica: term: 0 index: 0. Preceding OpId from leader: term: 1 index: 1. (index mismatch)
I0401 16:41:50.130272 15994 consensus_queue.cc:984] T 9996ab620dac4416b7773a41827de2b2 P c49eacb8125f47b5a28548c823edfbf3 [LEADER]: Connected to new peer: Peer: permanent_uuid: "c389c480349f4579bf5e70301b6d4517" member_type: VOTER last_known_addr { host: "127.11.224.1" port: 33095 }, Status: LMP_MISMATCH, Last received: 0.0, Next index: 1, Last known committed idx: 0, Time since last communication: 0.000s
I0401 16:41:50.135022 15941 raft_consensus.cc:1181] T 9996ab620dac4416b7773a41827de2b2 P 30b08c36fa41460b84546af2b84601ac [term 1 FOLLOWER]: Refusing update from remote peer c49eacb8125f47b5a28548c823edfbf3: Log matching property violated. Preceding OpId in replica: term: 0 index: 0. Preceding OpId from leader: term: 1 index: 1. (index mismatch)
I0401 16:41:50.135540 15994 consensus_queue.cc:984] T 9996ab620dac4416b7773a41827de2b2 P c49eacb8125f47b5a28548c823edfbf3 [LEADER]: Connected to new peer: Peer: permanent_uuid: "30b08c36fa41460b84546af2b84601ac" member_type: VOTER last_known_addr { host: "127.11.224.3" port: 58821 }, Status: LMP_MISMATCH, Last received: 0.0, Next index: 1, Last known committed idx: 0, Time since last communication: 0.000s
I0401 16:41:50.168378 15788 raft_consensus.cc:1181] T 4d3a78e5d640469bacefc38d11a5c554 P c389c480349f4579bf5e70301b6d4517 [term 1 FOLLOWER]: Refusing update from remote peer 30b08c36fa41460b84546af2b84601ac: Log matching property violated. Preceding OpId in replica: term: 0 index: 0. Preceding OpId from leader: term: 1 index: 2. (index mismatch)
I0401 16:41:50.168378 15863 raft_consensus.cc:1181] T 4d3a78e5d640469bacefc38d11a5c554 P c49eacb8125f47b5a28548c823edfbf3 [term 1 FOLLOWER]: Refusing update from remote peer 30b08c36fa41460b84546af2b84601ac: Log matching property violated. Preceding OpId in replica: term: 0 index: 0. Preceding OpId from leader: term: 1 index: 2. (index mismatch)
I0401 16:41:50.168977 15993 consensus_queue.cc:984] T 4d3a78e5d640469bacefc38d11a5c554 P 30b08c36fa41460b84546af2b84601ac [LEADER]: Connected to new peer: Peer: permanent_uuid: "c49eacb8125f47b5a28548c823edfbf3" member_type: VOTER last_known_addr { host: "127.11.224.2" port: 54037 }, Status: LMP_MISMATCH, Last received: 0.0, Next index: 1, Last known committed idx: 0, Time since last communication: 0.000s
I0401 16:41:50.169148 16014 consensus_queue.cc:984] T 4d3a78e5d640469bacefc38d11a5c554 P 30b08c36fa41460b84546af2b84601ac [LEADER]: Connected to new peer: Peer: permanent_uuid: "c389c480349f4579bf5e70301b6d4517" member_type: VOTER last_known_addr { host: "127.11.224.1" port: 33095 }, Status: LMP_MISMATCH, Last received: 0.0, Next index: 1, Last known committed idx: 0, Time since last communication: 0.000s
I0401 16:41:50.204759 15862 raft_consensus.cc:1181] T 1014e6212c53450aa873880506494b22 P c49eacb8125f47b5a28548c823edfbf3 [term 1 FOLLOWER]: Refusing update from remote peer 30b08c36fa41460b84546af2b84601ac: Log matching property violated. Preceding OpId in replica: term: 0 index: 0. Preceding OpId from leader: term: 1 index: 1. (index mismatch)
I0401 16:41:50.206029 16069 consensus_queue.cc:984] T 1014e6212c53450aa873880506494b22 P 30b08c36fa41460b84546af2b84601ac [LEADER]: Connected to new peer: Peer: permanent_uuid: "c49eacb8125f47b5a28548c823edfbf3" member_type: VOTER last_known_addr { host: "127.11.224.2" port: 54037 }, Status: LMP_MISMATCH, Last received: 0.0, Next index: 1, Last known committed idx: 0, Time since last communication: 0.000s
I0401 16:41:50.216292 15788 raft_consensus.cc:1181] T 1014e6212c53450aa873880506494b22 P c389c480349f4579bf5e70301b6d4517 [term 1 FOLLOWER]: Refusing update from remote peer 30b08c36fa41460b84546af2b84601ac: Log matching property violated. Preceding OpId in replica: term: 0 index: 0. Preceding OpId from leader: term: 1 index: 1. (index mismatch)
I0401 16:41:50.217602 16069 consensus_queue.cc:984] T 1014e6212c53450aa873880506494b22 P 30b08c36fa41460b84546af2b84601ac [LEADER]: Connected to new peer: Peer: permanent_uuid: "c389c480349f4579bf5e70301b6d4517" member_type: VOTER last_known_addr { host: "127.11.224.1" port: 33095 }, Status: LMP_MISMATCH, Last received: 0.0, Next index: 1, Last known committed idx: 0, Time since last communication: 0.000s
I0401 16:41:50.222407 15863 raft_consensus.cc:1181] T 326662072cb64c93be9293bdd4eb0572 P c49eacb8125f47b5a28548c823edfbf3 [term 1 FOLLOWER]: Refusing update from remote peer 30b08c36fa41460b84546af2b84601ac: Log matching property violated. Preceding OpId in replica: term: 0 index: 0. Preceding OpId from leader: term: 1 index: 1. (index mismatch)
I0401 16:41:50.223577 16069 consensus_queue.cc:984] T 326662072cb64c93be9293bdd4eb0572 P 30b08c36fa41460b84546af2b84601ac [LEADER]: Connected to new peer: Peer: permanent_uuid: "c49eacb8125f47b5a28548c823edfbf3" member_type: VOTER last_known_addr { host: "127.11.224.2" port: 54037 }, Status: LMP_MISMATCH, Last received: 0.0, Next index: 1, Last known committed idx: 0, Time since last communication: 0.000s
I0401 16:41:50.232591 15788 raft_consensus.cc:1181] T 326662072cb64c93be9293bdd4eb0572 P c389c480349f4579bf5e70301b6d4517 [term 1 FOLLOWER]: Refusing update from remote peer 30b08c36fa41460b84546af2b84601ac: Log matching property violated. Preceding OpId in replica: term: 0 index: 0. Preceding OpId from leader: term: 1 index: 1. (index mismatch)
I0401 16:41:50.233597 16014 consensus_queue.cc:984] T 326662072cb64c93be9293bdd4eb0572 P 30b08c36fa41460b84546af2b84601ac [LEADER]: Connected to new peer: Peer: permanent_uuid: "c389c480349f4579bf5e70301b6d4517" member_type: VOTER last_known_addr { host: "127.11.224.1" port: 33095 }, Status: LMP_MISMATCH, Last received: 0.0, Next index: 1, Last known committed idx: 0, Time since last communication: 0.000s
I0401 16:41:50.953533 12160 tablet_server.cc:165] TabletServer shutting down...
I0401 16:41:50.964416 15750 messenger.cc:381] Service unavailable: service kudu.consensus.ConsensusService not registered on TabletServer
W0401 16:41:50.964699 15824 consensus_peers.cc:457] T 9e9b6261342841ea8d3a1070c3e553e6 P c49eacb8125f47b5a28548c823edfbf3 -> Peer c389c480349f4579bf5e70301b6d4517 (127.11.224.1:33095): Couldn't send request to peer c389c480349f4579bf5e70301b6d4517. Status: Remote error: Service unavailable: service kudu.consensus.ConsensusService not registered on TabletServer. This is attempt 1: this message will repeat every 5th retry.
I0401 16:41:50.973232 12160 ts_tablet_manager.cc:1126] Shutting down tablet manager...
I0401 16:41:50.973376 12160 tablet_replica.cc:264] T ce18cc20a89f4b0ea5689fa69cd2d573 P c389c480349f4579bf5e70301b6d4517: stopping tablet replica
I0401 16:41:50.973541 12160 raft_consensus.cc:2143] T ce18cc20a89f4b0ea5689fa69cd2d573 P c389c480349f4579bf5e70301b6d4517 [term 1 LEADER]: Raft consensus shutting down.
I0401 16:41:50.973803 12160 raft_consensus.cc:2170] T ce18cc20a89f4b0ea5689fa69cd2d573 P c389c480349f4579bf5e70301b6d4517 [term 1 FOLLOWER]: Raft consensus is shut down!
I0401 16:41:50.974730 12160 tablet_replica.cc:264] T 1d488bd237df4d8693644e766b14820f P c389c480349f4579bf5e70301b6d4517: stopping tablet replica
I0401 16:41:50.974839 12160 raft_consensus.cc:2143] T 1d488bd237df4d8693644e766b14820f P c389c480349f4579bf5e70301b6d4517 [term 1 FOLLOWER]: Raft consensus shutting down.
I0401 16:41:50.974937 12160 raft_consensus.cc:2170] T 1d488bd237df4d8693644e766b14820f P c389c480349f4579bf5e70301b6d4517 [term 1 FOLLOWER]: Raft consensus is shut down!
I0401 16:41:50.975488 12160 tablet_replica.cc:264] T 49c29a4a9ce94cbcb08d3902882f3678 P c389c480349f4579bf5e70301b6d4517: stopping tablet replica
I0401 16:41:50.975580 12160 raft_consensus.cc:2143] T 49c29a4a9ce94cbcb08d3902882f3678 P c389c480349f4579bf5e70301b6d4517 [term 1 FOLLOWER]: Raft consensus shutting down.
I0401 16:41:50.975662 12160 raft_consensus.cc:2170] T 49c29a4a9ce94cbcb08d3902882f3678 P c389c480349f4579bf5e70301b6d4517 [term 1 FOLLOWER]: Raft consensus is shut down!
I0401 16:41:50.976071 12160 tablet_replica.cc:264] T 9996ab620dac4416b7773a41827de2b2 P c389c480349f4579bf5e70301b6d4517: stopping tablet replica
I0401 16:41:50.976161 12160 raft_consensus.cc:2143] T 9996ab620dac4416b7773a41827de2b2 P c389c480349f4579bf5e70301b6d4517 [term 1 FOLLOWER]: Raft consensus shutting down.
I0401 16:41:50.976238 12160 raft_consensus.cc:2170] T 9996ab620dac4416b7773a41827de2b2 P c389c480349f4579bf5e70301b6d4517 [term 1 FOLLOWER]: Raft consensus is shut down!
I0401 16:41:50.976774 12160 tablet_replica.cc:264] T c4f59507e08d48648f5f94ca5e6c5276 P c389c480349f4579bf5e70301b6d4517: stopping tablet replica
I0401 16:41:50.976884 12160 raft_consensus.cc:2143] T c4f59507e08d48648f5f94ca5e6c5276 P c389c480349f4579bf5e70301b6d4517 [term 1 LEADER]: Raft consensus shutting down.
I0401 16:41:50.977038 12160 raft_consensus.cc:2170] T c4f59507e08d48648f5f94ca5e6c5276 P c389c480349f4579bf5e70301b6d4517 [term 1 FOLLOWER]: Raft consensus is shut down!
I0401 16:41:50.977562 12160 tablet_replica.cc:264] T 9e9b6261342841ea8d3a1070c3e553e6 P c389c480349f4579bf5e70301b6d4517: stopping tablet replica
I0401 16:41:50.977648 12160 raft_consensus.cc:2143] T 9e9b6261342841ea8d3a1070c3e553e6 P c389c480349f4579bf5e70301b6d4517 [term 1 FOLLOWER]: Raft consensus shutting down.
I0401 16:41:50.977726 12160 raft_consensus.cc:2170] T 9e9b6261342841ea8d3a1070c3e553e6 P c389c480349f4579bf5e70301b6d4517 [term 1 FOLLOWER]: Raft consensus is shut down!
I0401 16:41:50.978315 12160 tablet_replica.cc:264] T 4d3a78e5d640469bacefc38d11a5c554 P c389c480349f4579bf5e70301b6d4517: stopping tablet replica
I0401 16:41:50.978400 12160 raft_consensus.cc:2143] T 4d3a78e5d640469bacefc38d11a5c554 P c389c480349f4579bf5e70301b6d4517 [term 1 FOLLOWER]: Raft consensus shutting down.
I0401 16:41:50.978480 12160 raft_consensus.cc:2170] T 4d3a78e5d640469bacefc38d11a5c554 P c389c480349f4579bf5e70301b6d4517 [term 1 FOLLOWER]: Raft consensus is shut down!
I0401 16:41:50.979074 12160 tablet_replica.cc:264] T 1014e6212c53450aa873880506494b22 P c389c480349f4579bf5e70301b6d4517: stopping tablet replica
I0401 16:41:50.979162 12160 raft_consensus.cc:2143] T 1014e6212c53450aa873880506494b22 P c389c480349f4579bf5e70301b6d4517 [term 1 FOLLOWER]: Raft consensus shutting down.
I0401 16:41:50.979239 12160 raft_consensus.cc:2170] T 1014e6212c53450aa873880506494b22 P c389c480349f4579bf5e70301b6d4517 [term 1 FOLLOWER]: Raft consensus is shut down!
I0401 16:41:50.980114 12160 tablet_replica.cc:264] T d2920637aa6b4c3c8a9ecf286fd9792e P c389c480349f4579bf5e70301b6d4517: stopping tablet replica
I0401 16:41:50.980604 12160 raft_consensus.cc:2143] T d2920637aa6b4c3c8a9ecf286fd9792e P c389c480349f4579bf5e70301b6d4517 [term 1 FOLLOWER]: Raft consensus shutting down.
I0401 16:41:50.980731 12160 raft_consensus.cc:2170] T d2920637aa6b4c3c8a9ecf286fd9792e P c389c480349f4579bf5e70301b6d4517 [term 1 FOLLOWER]: Raft consensus is shut down!
I0401 16:41:50.981755 12160 tablet_replica.cc:264] T 326662072cb64c93be9293bdd4eb0572 P c389c480349f4579bf5e70301b6d4517: stopping tablet replica
I0401 16:41:50.981906 12160 raft_consensus.cc:2143] T 326662072cb64c93be9293bdd4eb0572 P c389c480349f4579bf5e70301b6d4517 [term 1 FOLLOWER]: Raft consensus shutting down.
I0401 16:41:50.982017 12160 raft_consensus.cc:2170] T 326662072cb64c93be9293bdd4eb0572 P c389c480349f4579bf5e70301b6d4517 [term 1 FOLLOWER]: Raft consensus is shut down!
I0401 16:41:50.999071 12160 tablet_server.cc:179] TabletServer shutdown complete.
I0401 16:41:50.999120 12160 tablet_server.cc:165] TabletServer shutting down...
I0401 16:41:50.999253 12160 tablet_server.cc:179] TabletServer shutdown complete.
I0401 16:41:51.003561 12160 tablet_server.cc:165] TabletServer shutting down...
I0401 16:41:51.019493 12160 ts_tablet_manager.cc:1126] Shutting down tablet manager...
I0401 16:41:51.019608 12160 tablet_replica.cc:264] T 1d488bd237df4d8693644e766b14820f P c49eacb8125f47b5a28548c823edfbf3: stopping tablet replica
I0401 16:41:51.019735 12160 raft_consensus.cc:2143] T 1d488bd237df4d8693644e766b14820f P c49eacb8125f47b5a28548c823edfbf3 [term 1 FOLLOWER]: Raft consensus shutting down.
I0401 16:41:51.019873 12160 raft_consensus.cc:2170] T 1d488bd237df4d8693644e766b14820f P c49eacb8125f47b5a28548c823edfbf3 [term 1 FOLLOWER]: Raft consensus is shut down!
I0401 16:41:51.020684 12160 tablet_replica.cc:264] T d2920637aa6b4c3c8a9ecf286fd9792e P c49eacb8125f47b5a28548c823edfbf3: stopping tablet replica
I0401 16:41:51.020777 12160 raft_consensus.cc:2143] T d2920637aa6b4c3c8a9ecf286fd9792e P c49eacb8125f47b5a28548c823edfbf3 [term 1 FOLLOWER]: Raft consensus shutting down.
I0401 16:41:51.020886 12160 raft_consensus.cc:2170] T d2920637aa6b4c3c8a9ecf286fd9792e P c49eacb8125f47b5a28548c823edfbf3 [term 1 FOLLOWER]: Raft consensus is shut down!
I0401 16:41:51.021519 12160 tablet_replica.cc:264] T 326662072cb64c93be9293bdd4eb0572 P c49eacb8125f47b5a28548c823edfbf3: stopping tablet replica
I0401 16:41:51.021607 12160 raft_consensus.cc:2143] T 326662072cb64c93be9293bdd4eb0572 P c49eacb8125f47b5a28548c823edfbf3 [term 1 FOLLOWER]: Raft consensus shutting down.
I0401 16:41:51.021687 12160 raft_consensus.cc:2170] T 326662072cb64c93be9293bdd4eb0572 P c49eacb8125f47b5a28548c823edfbf3 [term 1 FOLLOWER]: Raft consensus is shut down!
I0401 16:41:51.022357 12160 tablet_replica.cc:264] T ce18cc20a89f4b0ea5689fa69cd2d573 P c49eacb8125f47b5a28548c823edfbf3: stopping tablet replica
I0401 16:41:51.022450 12160 raft_consensus.cc:2143] T ce18cc20a89f4b0ea5689fa69cd2d573 P c49eacb8125f47b5a28548c823edfbf3 [term 1 FOLLOWER]: Raft consensus shutting down.
I0401 16:41:51.022527 12160 raft_consensus.cc:2170] T ce18cc20a89f4b0ea5689fa69cd2d573 P c49eacb8125f47b5a28548c823edfbf3 [term 1 FOLLOWER]: Raft consensus is shut down!
I0401 16:41:51.023130 12160 tablet_replica.cc:264] T 1014e6212c53450aa873880506494b22 P c49eacb8125f47b5a28548c823edfbf3: stopping tablet replica
I0401 16:41:51.023219 12160 raft_consensus.cc:2143] T 1014e6212c53450aa873880506494b22 P c49eacb8125f47b5a28548c823edfbf3 [term 1 FOLLOWER]: Raft consensus shutting down.
I0401 16:41:51.023295 12160 raft_consensus.cc:2170] T 1014e6212c53450aa873880506494b22 P c49eacb8125f47b5a28548c823edfbf3 [term 1 FOLLOWER]: Raft consensus is shut down!
I0401 16:41:51.023874 12160 tablet_replica.cc:264] T 4d3a78e5d640469bacefc38d11a5c554 P c49eacb8125f47b5a28548c823edfbf3: stopping tablet replica
I0401 16:41:51.023986 12160 raft_consensus.cc:2143] T 4d3a78e5d640469bacefc38d11a5c554 P c49eacb8125f47b5a28548c823edfbf3 [term 1 FOLLOWER]: Raft consensus shutting down.
I0401 16:41:51.024096 12160 raft_consensus.cc:2170] T 4d3a78e5d640469bacefc38d11a5c554 P c49eacb8125f47b5a28548c823edfbf3 [term 1 FOLLOWER]: Raft consensus is shut down!
I0401 16:41:51.025029 12160 tablet_replica.cc:264] T 9e9b6261342841ea8d3a1070c3e553e6 P c49eacb8125f47b5a28548c823edfbf3: stopping tablet replica
I0401 16:41:51.025259 12160 raft_consensus.cc:2143] T 9e9b6261342841ea8d3a1070c3e553e6 P c49eacb8125f47b5a28548c823edfbf3 [term 1 LEADER]: Raft consensus shutting down.
I0401 16:41:51.025471 12160 raft_consensus.cc:2170] T 9e9b6261342841ea8d3a1070c3e553e6 P c49eacb8125f47b5a28548c823edfbf3 [term 1 FOLLOWER]: Raft consensus is shut down!
I0401 16:41:51.026042 12160 tablet_replica.cc:264] T c4f59507e08d48648f5f94ca5e6c5276 P c49eacb8125f47b5a28548c823edfbf3: stopping tablet replica
I0401 16:41:51.026131 12160 raft_consensus.cc:2143] T c4f59507e08d48648f5f94ca5e6c5276 P c49eacb8125f47b5a28548c823edfbf3 [term 1 FOLLOWER]: Raft consensus shutting down.
I0401 16:41:51.026209 12160 raft_consensus.cc:2170] T c4f59507e08d48648f5f94ca5e6c5276 P c49eacb8125f47b5a28548c823edfbf3 [term 1 FOLLOWER]: Raft consensus is shut down!
I0401 16:41:51.026983 12160 tablet_replica.cc:264] T 9996ab620dac4416b7773a41827de2b2 P c49eacb8125f47b5a28548c823edfbf3: stopping tablet replica
I0401 16:41:51.027070 12160 raft_consensus.cc:2143] T 9996ab620dac4416b7773a41827de2b2 P c49eacb8125f47b5a28548c823edfbf3 [term 1 LEADER]: Raft consensus shutting down.
I0401 16:41:51.027216 12160 raft_consensus.cc:2170] T 9996ab620dac4416b7773a41827de2b2 P c49eacb8125f47b5a28548c823edfbf3 [term 1 FOLLOWER]: Raft consensus is shut down!
I0401 16:41:51.027878 12160 tablet_replica.cc:264] T 49c29a4a9ce94cbcb08d3902882f3678 P c49eacb8125f47b5a28548c823edfbf3: stopping tablet replica
I0401 16:41:51.027962 12160 raft_consensus.cc:2143] T 49c29a4a9ce94cbcb08d3902882f3678 P c49eacb8125f47b5a28548c823edfbf3 [term 1 LEADER]: Raft consensus shutting down.
I0401 16:41:51.028112 12160 raft_consensus.cc:2170] T 49c29a4a9ce94cbcb08d3902882f3678 P c49eacb8125f47b5a28548c823edfbf3 [term 1 FOLLOWER]: Raft consensus is shut down!
I0401 16:41:51.051914 12160 tablet_server.cc:179] TabletServer shutdown complete.
I0401 16:41:51.051962 12160 tablet_server.cc:165] TabletServer shutting down...
I0401 16:41:51.052104 12160 tablet_server.cc:179] TabletServer shutdown complete.
I0401 16:41:51.055639 12160 tablet_server.cc:165] TabletServer shutting down...
I0401 16:41:51.068866 12160 ts_tablet_manager.cc:1126] Shutting down tablet manager...
I0401 16:41:51.068979 12160 tablet_replica.cc:264] T 1d488bd237df4d8693644e766b14820f P 30b08c36fa41460b84546af2b84601ac: stopping tablet replica
I0401 16:41:51.069105 12160 raft_consensus.cc:2143] T 1d488bd237df4d8693644e766b14820f P 30b08c36fa41460b84546af2b84601ac [term 1 LEADER]: Raft consensus shutting down.
I0401 16:41:51.069317 12160 raft_consensus.cc:2170] T 1d488bd237df4d8693644e766b14820f P 30b08c36fa41460b84546af2b84601ac [term 1 FOLLOWER]: Raft consensus is shut down!
I0401 16:41:51.070142 12160 tablet_replica.cc:264] T d2920637aa6b4c3c8a9ecf286fd9792e P 30b08c36fa41460b84546af2b84601ac: stopping tablet replica
I0401 16:41:51.070240 12160 raft_consensus.cc:2143] T d2920637aa6b4c3c8a9ecf286fd9792e P 30b08c36fa41460b84546af2b84601ac [term 1 LEADER]: Raft consensus shutting down.
I0401 16:41:51.070391 12160 raft_consensus.cc:2170] T d2920637aa6b4c3c8a9ecf286fd9792e P 30b08c36fa41460b84546af2b84601ac [term 1 FOLLOWER]: Raft consensus is shut down!
I0401 16:41:51.071058 12160 tablet_replica.cc:264] T 326662072cb64c93be9293bdd4eb0572 P 30b08c36fa41460b84546af2b84601ac: stopping tablet replica
I0401 16:41:51.071151 12160 raft_consensus.cc:2143] T 326662072cb64c93be9293bdd4eb0572 P 30b08c36fa41460b84546af2b84601ac [term 1 LEADER]: Raft consensus shutting down.
I0401 16:41:51.071301 12160 raft_consensus.cc:2170] T 326662072cb64c93be9293bdd4eb0572 P 30b08c36fa41460b84546af2b84601ac [term 1 FOLLOWER]: Raft consensus is shut down!
I0401 16:41:51.071859 12160 tablet_replica.cc:264] T ce18cc20a89f4b0ea5689fa69cd2d573 P 30b08c36fa41460b84546af2b84601ac: stopping tablet replica
I0401 16:41:51.071956 12160 raft_consensus.cc:2143] T ce18cc20a89f4b0ea5689fa69cd2d573 P 30b08c36fa41460b84546af2b84601ac [term 1 FOLLOWER]: Raft consensus shutting down.
I0401 16:41:51.072036 12160 raft_consensus.cc:2170] T ce18cc20a89f4b0ea5689fa69cd2d573 P 30b08c36fa41460b84546af2b84601ac [term 1 FOLLOWER]: Raft consensus is shut down!
I0401 16:41:51.072690 12160 tablet_replica.cc:264] T 9e9b6261342841ea8d3a1070c3e553e6 P 30b08c36fa41460b84546af2b84601ac: stopping tablet replica
I0401 16:41:51.072779 12160 raft_consensus.cc:2143] T 9e9b6261342841ea8d3a1070c3e553e6 P 30b08c36fa41460b84546af2b84601ac [term 1 FOLLOWER]: Raft consensus shutting down.
I0401 16:41:51.072876 12160 raft_consensus.cc:2170] T 9e9b6261342841ea8d3a1070c3e553e6 P 30b08c36fa41460b84546af2b84601ac [term 1 FOLLOWER]: Raft consensus is shut down!
I0401 16:41:51.073535 12160 tablet_replica.cc:264] T 1014e6212c53450aa873880506494b22 P 30b08c36fa41460b84546af2b84601ac: stopping tablet replica
I0401 16:41:51.073622 12160 raft_consensus.cc:2143] T 1014e6212c53450aa873880506494b22 P 30b08c36fa41460b84546af2b84601ac [term 1 LEADER]: Raft consensus shutting down.
I0401 16:41:51.073776 12160 raft_consensus.cc:2170] T 1014e6212c53450aa873880506494b22 P 30b08c36fa41460b84546af2b84601ac [term 1 FOLLOWER]: Raft consensus is shut down!
I0401 16:41:51.074405 12160 tablet_replica.cc:264] T 4d3a78e5d640469bacefc38d11a5c554 P 30b08c36fa41460b84546af2b84601ac: stopping tablet replica
I0401 16:41:51.074492 12160 raft_consensus.cc:2143] T 4d3a78e5d640469bacefc38d11a5c554 P 30b08c36fa41460b84546af2b84601ac [term 1 LEADER]: Raft consensus shutting down.
I0401 16:41:51.074640 12160 raft_consensus.cc:2170] T 4d3a78e5d640469bacefc38d11a5c554 P 30b08c36fa41460b84546af2b84601ac [term 1 FOLLOWER]: Raft consensus is shut down!
I0401 16:41:51.075266 12160 tablet_replica.cc:264] T c4f59507e08d48648f5f94ca5e6c5276 P 30b08c36fa41460b84546af2b84601ac: stopping tablet replica
I0401 16:41:51.075354 12160 raft_consensus.cc:2143] T c4f59507e08d48648f5f94ca5e6c5276 P 30b08c36fa41460b84546af2b84601ac [term 1 FOLLOWER]: Raft consensus shutting down.
I0401 16:41:51.075431 12160 raft_consensus.cc:2170] T c4f59507e08d48648f5f94ca5e6c5276 P 30b08c36fa41460b84546af2b84601ac [term 1 FOLLOWER]: Raft consensus is shut down!
I0401 16:41:51.075778 12160 tablet_replica.cc:264] T 49c29a4a9ce94cbcb08d3902882f3678 P 30b08c36fa41460b84546af2b84601ac: stopping tablet replica
I0401 16:41:51.075886 12160 raft_consensus.cc:2143] T 49c29a4a9ce94cbcb08d3902882f3678 P 30b08c36fa41460b84546af2b84601ac [term 1 FOLLOWER]: Raft consensus shutting down.
I0401 16:41:51.075961 12160 raft_consensus.cc:2170] T 49c29a4a9ce94cbcb08d3902882f3678 P 30b08c36fa41460b84546af2b84601ac [term 1 FOLLOWER]: Raft consensus is shut down!
I0401 16:41:51.076301 12160 tablet_replica.cc:264] T 9996ab620dac4416b7773a41827de2b2 P 30b08c36fa41460b84546af2b84601ac: stopping tablet replica
I0401 16:41:51.076382 12160 raft_consensus.cc:2143] T 9996ab620dac4416b7773a41827de2b2 P 30b08c36fa41460b84546af2b84601ac [term 1 FOLLOWER]: Raft consensus shutting down.
I0401 16:41:51.076459 12160 raft_consensus.cc:2170] T 9996ab620dac4416b7773a41827de2b2 P 30b08c36fa41460b84546af2b84601ac [term 1 FOLLOWER]: Raft consensus is shut down!
I0401 16:41:51.083338 12160 tablet_server.cc:179] TabletServer shutdown complete.
I0401 16:41:51.083377 12160 tablet_server.cc:165] TabletServer shutting down...
I0401 16:41:51.083494 12160 tablet_server.cc:179] TabletServer shutdown complete.
I0401 16:41:51.086973 12160 master.cc:270] Master@127.11.224.62:37596 shutting down...
I0401 16:41:51.095999 12160 raft_consensus.cc:2143] T 00000000000000000000000000000000 P f157b39c0d014af294d782407497c377 [term 1 LEADER]: Raft consensus shutting down.
I0401 16:41:51.096223 12160 raft_consensus.cc:2170] T 00000000000000000000000000000000 P f157b39c0d014af294d782407497c377 [term 1 FOLLOWER]: Raft consensus is shut down!
I0401 16:41:51.096287 12160 tablet_replica.cc:264] T 00000000000000000000000000000000 P f157b39c0d014af294d782407497c377: stopping tablet replica
I0401 16:41:51.109463 12160 master.cc:281] Master@127.11.224.62:37596 shutdown complete.
I0401 16:41:51.112462 12160 master.cc:270] Master@127.11.224.61:58736 shutting down...
I0401 16:41:51.121425 12160 raft_consensus.cc:2143] T 00000000000000000000000000000000 P c648c7b342d841319c073af14dbe36e5 [term 1 FOLLOWER]: Raft consensus shutting down.
I0401 16:41:51.121558 12160 raft_consensus.cc:2170] T 00000000000000000000000000000000 P c648c7b342d841319c073af14dbe36e5 [term 1 FOLLOWER]: Raft consensus is shut down!
I0401 16:41:51.121620 12160 tablet_replica.cc:264] T 00000000000000000000000000000000 P c648c7b342d841319c073af14dbe36e5: stopping tablet replica
I0401 16:41:51.134887 12160 master.cc:281] Master@127.11.224.61:58736 shutdown complete.
I0401 16:41:51.137507 12160 master.cc:270] Master@127.11.224.60:32872 shutting down...
I0401 16:41:51.147316 12160 raft_consensus.cc:2143] T 00000000000000000000000000000000 P db81944f68db4f41a11ed545fdf4ca28 [term 1 FOLLOWER]: Raft consensus shutting down.
I0401 16:41:51.147469 12160 raft_consensus.cc:2170] T 00000000000000000000000000000000 P db81944f68db4f41a11ed545fdf4ca28 [term 1 FOLLOWER]: Raft consensus is shut down!
I0401 16:41:51.147541 12160 tablet_replica.cc:264] T 00000000000000000000000000000000 P db81944f68db4f41a11ed545fdf4ca28: stopping tablet replica
I0401 16:41:51.160563 12160 master.cc:281] Master@127.11.224.60:32872 shutdown complete. [ OK ] RemoteKsckTest.TestChecksumSnapshot (2427 ms) [ RUN ] RemoteKsckTest.TestChecksumSnapshotCurrentTimestamp
I0401 16:41:51.178541 12160 test_util.cc:212] Using random seed: -1869650136
I0401 16:41:51.179096 12160 internal_mini_cluster.cc:146] Creating distributed mini masters. Addrs: 127.11.224.62:47162,127.11.224.61:39871,127.11.224.60:38386
I0401 16:41:51.182444 12160 system_ntp.cc:199] NTP initialized. Skew: 500ppm Current error: 845931us
I0401 16:41:51.182624 12160 fs_manager.cc:263] Metadata directory not provided
I0401 16:41:51.182662 12160 fs_manager.cc:269] Using write-ahead log directory (fs_wal_dir) as metadata directory
I0401 16:41:51.182749 12160 server_base.cc:433] Could not load existing FS layout: Not found: could not find a healthy instance file
I0401 16:41:51.182785 12160 server_base.cc:434] Attempting to create new FS layout instead
I0401 16:41:51.183231 12160 fs_manager.cc:602] Generated new instance metadata in path /data/somelongdirectorytoavoidrpathissues/src/kudutest/ksck_remote-test.0.RemoteKsckTest.TestChecksumSnapshotCurrentTimestamp.1554162092376624-12160/minicluster-data/master-0-root/instance: uuid: "d615d3567ad94867a869ba26b32ad365" format_stamp: "Formatted at 2019-04-01 23:41:51 on quasar-eitwqx-1.vpc.cloudera.com"
I0401 16:41:51.187618 12160 fs_manager.cc:503] Time spent creating directory manager: real 0.004s user 0.002s sys 0.002s
I0401 16:41:51.188360 12160 file_cache.cc:466] Constructed file cache lbm with capacity 13107
I0401 16:41:51.190191 12160 fs_manager.cc:419] Time spent opening block manager: real 0.001s user 0.001s sys 0.000s
I0401 16:41:51.190240 12160 fs_manager.cc:436] Opened local filesystem: /data/somelongdirectorytoavoidrpathissues/src/kudutest/ksck_remote-test.0.RemoteKsckTest.TestChecksumSnapshotCurrentTimestamp.1554162092376624-12160/minicluster-data/master-0-root uuid: "d615d3567ad94867a869ba26b32ad365" format_stamp: "Formatted at 2019-04-01 23:41:51 on quasar-eitwqx-1.vpc.cloudera.com"
I0401 16:41:51.190320 12160 fs_report.cc:352] FS layout report -------------------- wal directory: /data/somelongdirectorytoavoidrpathissues/src/kudutest/ksck_remote-test.0.RemoteKsckTest.TestChecksumSnapshotCurrentTimestamp.1554162092376624-12160/minicluster-data/master-0-root metadata directory: /data/somelongdirectorytoavoidrpathissues/src/kudutest/ksck_remote-test.0.RemoteKsckTest.TestChecksumSnapshotCurrentTimestamp.1554162092376624-12160/minicluster-data/master-0-root 1 data directories: /data/somelongdirectorytoavoidrpathissues/src/kudutest/ksck_remote-test.0.RemoteKsckTest.TestChecksumSnapshotCurrentTimestamp.1554162092376624-12160/minicluster-data/master-0-root/data Total live blocks: 0 Total live bytes: 0 Total live bytes (after alignment): 0 Total number of LBM containers: 0 (0 full) Did not check for missing blocks Did not check for orphaned blocks Total full LBM containers with extra space: 0 (0 repaired) Total full LBM container extra space in bytes: 0 (0 repaired) Total incomplete LBM containers: 0 (0 repaired) Total LBM partial records: 0 (0 repaired)
I0401 16:41:51.233467 12160 rpc_server.cc:205] RPC server started. Bound to: 127.11.224.62:47162
I0401 16:41:51.234206 12160 webserver.cc:308] Webserver started at http://127.11.224.62:54029/ using document root and password file
I0401 16:41:51.235113 16153 data_dirs.cc:938] Could only allocate 1 dirs of requested 3 for tablet 00000000000000000000000000000000. 1 dirs total, 0 dirs full, 0 dirs failed
I0401 16:41:51.236991 16153 sys_catalog.cc:304] member_type: VOTER last_known_addr { host: "127.11.224.62" port: 47162 } has no permanent_uuid. Determining permanent_uuid...
I0401 16:41:51.237964 12160 system_ntp.cc:199] NTP initialized. Skew: 500ppm Current error: 845931us
I0401 16:41:51.238109 12160 fs_manager.cc:263] Metadata directory not provided
I0401 16:41:51.238152 12160 fs_manager.cc:269] Using write-ahead log directory (fs_wal_dir) as metadata directory
I0401 16:41:51.238260 12160 server_base.cc:433] Could not load existing FS layout: Not found: could not find a healthy instance file
I0401 16:41:51.238287 12160 server_base.cc:434] Attempting to create new FS layout instead
I0401 16:41:51.238669 12160 fs_manager.cc:602] Generated new instance metadata in path /data/somelongdirectorytoavoidrpathissues/src/kudutest/ksck_remote-test.0.RemoteKsckTest.TestChecksumSnapshotCurrentTimestamp.1554162092376624-12160/minicluster-data/master-1-root/instance: uuid: "f8991cfaa67a4eb09bca751df54d8ad9" format_stamp: "Formatted at 2019-04-01 23:41:51 on quasar-eitwqx-1.vpc.cloudera.com"
I0401 16:41:51.242369 12160 fs_manager.cc:503] Time spent creating directory manager: real 0.003s user 0.001s sys 0.002s
I0401 16:41:51.243036 12160 file_cache.cc:466] Constructed file cache lbm with capacity 13107
I0401 16:41:51.245010 12160 fs_manager.cc:419] Time spent opening block manager: real 0.001s user 0.001s sys 0.000s
I0401 16:41:51.245055 12160 fs_manager.cc:436] Opened local filesystem: /data/somelongdirectorytoavoidrpathissues/src/kudutest/ksck_remote-test.0.RemoteKsckTest.TestChecksumSnapshotCurrentTimestamp.1554162092376624-12160/minicluster-data/master-1-root uuid: "f8991cfaa67a4eb09bca751df54d8ad9" format_stamp: "Formatted at 2019-04-01 23:41:51 on quasar-eitwqx-1.vpc.cloudera.com"
I0401 16:41:51.245128 12160 fs_report.cc:352] FS layout report -------------------- wal directory: /data/somelongdirectorytoavoidrpathissues/src/kudutest/ksck_remote-test.0.RemoteKsckTest.TestChecksumSnapshotCurrentTimestamp.1554162092376624-12160/minicluster-data/master-1-root metadata directory: /data/somelongdirectorytoavoidrpathissues/src/kudutest/ksck_remote-test.0.RemoteKsckTest.TestChecksumSnapshotCurrentTimestamp.1554162092376624-12160/minicluster-data/master-1-root 1 data directories: /data/somelongdirectorytoavoidrpathissues/src/kudutest/ksck_remote-test.0.RemoteKsckTest.TestChecksumSnapshotCurrentTimestamp.1554162092376624-12160/minicluster-data/master-1-root/data Total live blocks: 0 Total live bytes: 0 Total live bytes (after alignment): 0 Total number of LBM containers: 0 (0 full) Did not check for missing blocks Did not check for orphaned blocks Total full LBM containers with extra space: 0 (0 repaired) Total full LBM container extra space in bytes: 0 (0 repaired) Total incomplete LBM containers: 0 (0 repaired) Total LBM partial records: 0 (0 repaired)
I0401 16:41:51.253265 16153 sys_catalog.cc:304] member_type: VOTER last_known_addr { host: "127.11.224.61" port: 39871 } has no permanent_uuid. Determining permanent_uuid...
W0401 16:41:51.253959 16153 consensus_peers.cc:599] Error getting permanent uuid from config peer 127.11.224.61:39871: Network error: Client connection negotiation failed: client connection to 127.11.224.61:39871: connect: Connection refused (error 111)
I0401 16:41:51.281493 12160 rpc_server.cc:205] RPC server started. Bound to: 127.11.224.61:39871
I0401 16:41:51.282253 12160 webserver.cc:308] Webserver started at http://127.11.224.61:52627/ using document root and password file
I0401 16:41:51.283257 16210 data_dirs.cc:938] Could only allocate 1 dirs of requested 3 for tablet 00000000000000000000000000000000. 1 dirs total, 0 dirs full, 0 dirs failed
I0401 16:41:51.285115 16210 sys_catalog.cc:304] member_type: VOTER last_known_addr { host: "127.11.224.62" port: 47162 } has no permanent_uuid. Determining permanent_uuid...
I0401 16:41:51.286155 16153 consensus_peers.cc:609] Retrying to get permanent uuid for remote peer: member_type: VOTER last_known_addr { host: "127.11.224.61" port: 39871 } attempt: 1
I0401 16:41:51.286846 12160 system_ntp.cc:199] NTP initialized. Skew: 500ppm Current error: 845931us
I0401 16:41:51.287114 12160 fs_manager.cc:263] Metadata directory not provided
I0401 16:41:51.287184 12160 fs_manager.cc:269] Using write-ahead log directory (fs_wal_dir) as metadata directory
I0401 16:41:51.287286 12160 server_base.cc:433] Could not load existing FS layout: Not found: could not find a healthy instance file
I0401 16:41:51.287336 12160 server_base.cc:434] Attempting to create new FS layout instead
I0401 16:41:51.287724 12160 fs_manager.cc:602] Generated new instance metadata in path /data/somelongdirectorytoavoidrpathissues/src/kudutest/ksck_remote-test.0.RemoteKsckTest.TestChecksumSnapshotCurrentTimestamp.1554162092376624-12160/minicluster-data/master-2-root/instance: uuid: "4c416e88ff1b4443b64d8924059c475e" format_stamp: "Formatted at 2019-04-01 23:41:51 on quasar-eitwqx-1.vpc.cloudera.com"
I0401 16:41:51.291800 12160 fs_manager.cc:503] Time spent creating directory manager: real 0.004s user 0.002s sys 0.001s
I0401 16:41:51.292016 16210 sys_catalog.cc:304] member_type: VOTER last_known_addr { host: "127.11.224.61" port: 39871 } has no permanent_uuid. Determining permanent_uuid...
I0401 16:41:51.292742 12160 file_cache.cc:466] Constructed file cache lbm with capacity 13107
I0401 16:41:51.293169 16153 sys_catalog.cc:304] member_type: VOTER last_known_addr { host: "127.11.224.60" port: 38386 } has no permanent_uuid. Determining permanent_uuid...
W0401 16:41:51.293936 16153 consensus_peers.cc:599] Error getting permanent uuid from config peer 127.11.224.60:38386: Network error: Client connection negotiation failed: client connection to 127.11.224.60:38386: connect: Connection refused (error 111)
I0401 16:41:51.295047 12160 fs_manager.cc:419] Time spent opening block manager: real 0.001s user 0.001s sys 0.000s
I0401 16:41:51.295091 12160 fs_manager.cc:436] Opened local filesystem: /data/somelongdirectorytoavoidrpathissues/src/kudutest/ksck_remote-test.0.RemoteKsckTest.TestChecksumSnapshotCurrentTimestamp.1554162092376624-12160/minicluster-data/master-2-root uuid: "4c416e88ff1b4443b64d8924059c475e" format_stamp: "Formatted at 2019-04-01 23:41:51 on quasar-eitwqx-1.vpc.cloudera.com"
