I0401 16:41:49.418221 15986 raft_consensus.cc:340] T ce18cc20a89f4b0ea5689fa69cd2d573 P 30b08c36fa41460b84546af2b84601ac [term 0 FOLLOWER]: Replica starting. Triggering 0 pending transactions. Active config: opid_index: -1 OBSOLETE_local: false peers { permanent_uuid: "c49eacb8125f47b5a28548c823edfbf3" member_type: VOTER last_known_addr { host: "127.11.224.2" port: 54037 } } peers { permanent_uuid: "c389c480349f4579bf5e70301b6d4517" member_type: VOTER last_known_addr { host: "127.11.224.1" port: 33095 } } peers { permanent_uuid: "30b08c36fa41460b84546af2b84601ac" member_type: VOTER last_known_addr { host: "127.11.224.3" port: 58821 } }
I0401 16:41:49.418385 15986 raft_consensus.cc:366] T ce18cc20a89f4b0ea5689fa69cd2d573 P 30b08c36fa41460b84546af2b84601ac [term 0 FOLLOWER]: Consensus starting up: Expiring failure detector timer to make a prompt election more likely
I0401 16:41:49.418447 15986 raft_consensus.cc:705] T ce18cc20a89f4b0ea5689fa69cd2d573 P 30b08c36fa41460b84546af2b84601ac [term 0 FOLLOWER]: Becoming Follower/Learner. State: Replica: 30b08c36fa41460b84546af2b84601ac, State: Initialized, Role: FOLLOWER
I0401 16:41:49.418624 15986 consensus_queue.cc:229] T ce18cc20a89f4b0ea5689fa69cd2d573 P 30b08c36fa41460b84546af2b84601ac [NON_LEADER]: Queue going to NON_LEADER mode. State: All replicated index: 0, Majority replicated index: 0, Committed index: 0, Last appended: 0.0, Last appended by leader: 0, Current term: 0, Majority size: -1, State: 0, Mode: NON_LEADER, active raft config: opid_index: -1 OBSOLETE_local: false peers { permanent_uuid: "c49eacb8125f47b5a28548c823edfbf3" member_type: VOTER last_known_addr { host: "127.11.224.2" port: 54037 } } peers { permanent_uuid: "c389c480349f4579bf5e70301b6d4517" member_type: VOTER last_known_addr { host: "127.11.224.1" port: 33095 } } peers { permanent_uuid: "30b08c36fa41460b84546af2b84601ac" member_type: VOTER last_known_addr { host: "127.11.224.3" port: 58821 } }
I0401 16:41:49.419849 15986 ts_tablet_manager.cc:1081] T ce18cc20a89f4b0ea5689fa69cd2d573 P 30b08c36fa41460b84546af2b84601ac: Time spent starting tablet: real 0.003s user 0.001s sys 0.000s
I0401 16:41:49.420078 15986 tablet_bootstrap.cc:439] T 326662072cb64c93be9293bdd4eb0572 P 30b08c36fa41460b84546af2b84601ac: Bootstrap starting.
I0401 16:41:49.420157 15989 tablet_bootstrap.cc:590] T 9e9b6261342841ea8d3a1070c3e553e6 P c49eacb8125f47b5a28548c823edfbf3: No blocks or log segments found. Creating new log.
I0401 16:41:49.422504 15986 tablet_bootstrap.cc:590] T 326662072cb64c93be9293bdd4eb0572 P 30b08c36fa41460b84546af2b84601ac: No blocks or log segments found. Creating new log.
I0401 16:41:49.423183 15985 tablet_bootstrap.cc:439] T 4d3a78e5d640469bacefc38d11a5c554 P c389c480349f4579bf5e70301b6d4517: No bootstrap required, opened a new log
I0401 16:41:49.423342 15985 ts_tablet_manager.cc:1053] T 4d3a78e5d640469bacefc38d11a5c554 P c389c480349f4579bf5e70301b6d4517: Time spent bootstrapping tablet: real 0.013s user 0.002s sys 0.003s
I0401 16:41:49.424165 15985 raft_consensus.cc:340] T 4d3a78e5d640469bacefc38d11a5c554 P c389c480349f4579bf5e70301b6d4517 [term 0 FOLLOWER]: Replica starting. Triggering 0 pending transactions. Active config: opid_index: -1 OBSOLETE_local: false peers { permanent_uuid: "c49eacb8125f47b5a28548c823edfbf3" member_type: VOTER last_known_addr { host: "127.11.224.2" port: 54037 } } peers { permanent_uuid: "c389c480349f4579bf5e70301b6d4517" member_type: VOTER last_known_addr { host: "127.11.224.1" port: 33095 } } peers { permanent_uuid: "30b08c36fa41460b84546af2b84601ac" member_type: VOTER last_known_addr { host: "127.11.224.3" port: 58821 } }
I0401 16:41:49.424389 15985 raft_consensus.cc:366] T 4d3a78e5d640469bacefc38d11a5c554 P c389c480349f4579bf5e70301b6d4517 [term 0 FOLLOWER]: Consensus starting up: Expiring failure detector timer to make a prompt election more likely
I0401 16:41:49.424456 15985 raft_consensus.cc:705] T 4d3a78e5d640469bacefc38d11a5c554 P c389c480349f4579bf5e70301b6d4517 [term 0 FOLLOWER]: Becoming Follower/Learner. State: Replica: c389c480349f4579bf5e70301b6d4517, State: Initialized, Role: FOLLOWER
I0401 16:41:49.424690 15986 tablet_bootstrap.cc:439] T 326662072cb64c93be9293bdd4eb0572 P 30b08c36fa41460b84546af2b84601ac: No bootstrap required, opened a new log
I0401 16:41:49.424793 15986 ts_tablet_manager.cc:1053] T 326662072cb64c93be9293bdd4eb0572 P 30b08c36fa41460b84546af2b84601ac: Time spent bootstrapping tablet: real 0.005s user 0.002s sys 0.000s
I0401 16:41:49.424669 15985 consensus_queue.cc:229] T 4d3a78e5d640469bacefc38d11a5c554 P c389c480349f4579bf5e70301b6d4517 [NON_LEADER]: Queue going to NON_LEADER mode. State: All replicated index: 0, Majority replicated index: 0, Committed index: 0, Last appended: 0.0, Last appended by leader: 0, Current term: 0, Majority size: -1, State: 0, Mode: NON_LEADER, active raft config: opid_index: -1 OBSOLETE_local: false peers { permanent_uuid: "c49eacb8125f47b5a28548c823edfbf3" member_type: VOTER last_known_addr { host: "127.11.224.2" port: 54037 } } peers { permanent_uuid: "c389c480349f4579bf5e70301b6d4517" member_type: VOTER last_known_addr { host: "127.11.224.1" port: 33095 } } peers { permanent_uuid: "30b08c36fa41460b84546af2b84601ac" member_type: VOTER last_known_addr { host: "127.11.224.3" port: 58821 } }
I0401 16:41:49.425405 15986 raft_consensus.cc:340] T 326662072cb64c93be9293bdd4eb0572 P 30b08c36fa41460b84546af2b84601ac [term 0 FOLLOWER]: Replica starting. Triggering 0 pending transactions. Active config: opid_index: -1 OBSOLETE_local: false peers { permanent_uuid: "c389c480349f4579bf5e70301b6d4517" member_type: VOTER last_known_addr { host: "127.11.224.1" port: 33095 } } peers { permanent_uuid: "c49eacb8125f47b5a28548c823edfbf3" member_type: VOTER last_known_addr { host: "127.11.224.2" port: 54037 } } peers { permanent_uuid: "30b08c36fa41460b84546af2b84601ac" member_type: VOTER last_known_addr { host: "127.11.224.3" port: 58821 } }
I0401 16:41:49.425560 15986 raft_consensus.cc:366] T 326662072cb64c93be9293bdd4eb0572 P 30b08c36fa41460b84546af2b84601ac [term 0 FOLLOWER]: Consensus starting up: Expiring failure detector timer to make a prompt election more likely
I0401 16:41:49.425592 15986 raft_consensus.cc:705] T 326662072cb64c93be9293bdd4eb0572 P 30b08c36fa41460b84546af2b84601ac [term 0 FOLLOWER]: Becoming Follower/Learner. State: Replica: 30b08c36fa41460b84546af2b84601ac, State: Initialized, Role: FOLLOWER
I0401 16:41:49.425729 15986 consensus_queue.cc:229] T 326662072cb64c93be9293bdd4eb0572 P 30b08c36fa41460b84546af2b84601ac [NON_LEADER]: Queue going to NON_LEADER mode. State: All replicated index: 0, Majority replicated index: 0, Committed index: 0, Last appended: 0.0, Last appended by leader: 0, Current term: 0, Majority size: -1, State: 0, Mode: NON_LEADER, active raft config: opid_index: -1 OBSOLETE_local: false peers { permanent_uuid: "c389c480349f4579bf5e70301b6d4517" member_type: VOTER last_known_addr { host: "127.11.224.1" port: 33095 } } peers { permanent_uuid: "c49eacb8125f47b5a28548c823edfbf3" member_type: VOTER last_known_addr { host: "127.11.224.2" port: 54037 } } peers { permanent_uuid: "30b08c36fa41460b84546af2b84601ac" member_type: VOTER last_known_addr { host: "127.11.224.3" port: 58821 } }
I0401 16:41:49.425988 15985 ts_tablet_manager.cc:1081] T 4d3a78e5d640469bacefc38d11a5c554 P c389c480349f4579bf5e70301b6d4517: Time spent starting tablet: real 0.003s user 0.002s sys 0.000s
I0401 16:41:49.426271 15986 ts_tablet_manager.cc:1081] T 326662072cb64c93be9293bdd4eb0572 P 30b08c36fa41460b84546af2b84601ac: Time spent starting tablet: real 0.001s user 0.001s sys 0.000s
I0401 16:41:49.426476 15986 tablet_bootstrap.cc:439] T d2920637aa6b4c3c8a9ecf286fd9792e P 30b08c36fa41460b84546af2b84601ac: Bootstrap starting.
I0401 16:41:49.426949 15985 tablet_bootstrap.cc:439] T 9e9b6261342841ea8d3a1070c3e553e6 P c389c480349f4579bf5e70301b6d4517: Bootstrap starting.
I0401 16:41:49.428007 15985 tablet_bootstrap.cc:590] T 9e9b6261342841ea8d3a1070c3e553e6 P c389c480349f4579bf5e70301b6d4517: No blocks or log segments found. Creating new log.
I0401 16:41:49.427819 15986 tablet_bootstrap.cc:590] T d2920637aa6b4c3c8a9ecf286fd9792e P 30b08c36fa41460b84546af2b84601ac: No blocks or log segments found. Creating new log.
I0401 16:41:49.432202 15989 tablet_bootstrap.cc:439] T 9e9b6261342841ea8d3a1070c3e553e6 P c49eacb8125f47b5a28548c823edfbf3: No bootstrap required, opened a new log
I0401 16:41:49.432327 15989 ts_tablet_manager.cc:1053] T 9e9b6261342841ea8d3a1070c3e553e6 P c49eacb8125f47b5a28548c823edfbf3: Time spent bootstrapping tablet: real 0.014s user 0.003s sys 0.001s
I0401 16:41:49.433019 15989 raft_consensus.cc:340] T 9e9b6261342841ea8d3a1070c3e553e6 P c49eacb8125f47b5a28548c823edfbf3 [term 0 FOLLOWER]: Replica starting. Triggering 0 pending transactions. Active config: opid_index: -1 OBSOLETE_local: false peers { permanent_uuid: "c389c480349f4579bf5e70301b6d4517" member_type: VOTER last_known_addr { host: "127.11.224.1" port: 33095 } } peers { permanent_uuid: "c49eacb8125f47b5a28548c823edfbf3" member_type: VOTER last_known_addr { host: "127.11.224.2" port: 54037 } } peers { permanent_uuid: "30b08c36fa41460b84546af2b84601ac" member_type: VOTER last_known_addr { host: "127.11.224.3" port: 58821 } }
I0401 16:41:49.433178 15989 raft_consensus.cc:366] T 9e9b6261342841ea8d3a1070c3e553e6 P c49eacb8125f47b5a28548c823edfbf3 [term 0 FOLLOWER]: Consensus starting up: Expiring failure detector timer to make a prompt election more likely
I0401 16:41:49.433204 15989 raft_consensus.cc:705] T 9e9b6261342841ea8d3a1070c3e553e6 P c49eacb8125f47b5a28548c823edfbf3 [term 0 FOLLOWER]: Becoming Follower/Learner. State: Replica: c49eacb8125f47b5a28548c823edfbf3, State: Initialized, Role: FOLLOWER
I0401 16:41:49.433342 15989 consensus_queue.cc:229] T 9e9b6261342841ea8d3a1070c3e553e6 P c49eacb8125f47b5a28548c823edfbf3 [NON_LEADER]: Queue going to NON_LEADER mode. State: All replicated index: 0, Majority replicated index: 0, Committed index: 0, Last appended: 0.0, Last appended by leader: 0, Current term: 0, Majority size: -1, State: 0, Mode: NON_LEADER, active raft config: opid_index: -1 OBSOLETE_local: false peers { permanent_uuid: "c389c480349f4579bf5e70301b6d4517" member_type: VOTER last_known_addr { host: "127.11.224.1" port: 33095 } } peers { permanent_uuid: "c49eacb8125f47b5a28548c823edfbf3" member_type: VOTER last_known_addr { host: "127.11.224.2" port: 54037 } } peers { permanent_uuid: "30b08c36fa41460b84546af2b84601ac" member_type: VOTER last_known_addr { host: "127.11.224.3" port: 58821 } }
I0401 16:41:49.433815 15989 ts_tablet_manager.cc:1081] T 9e9b6261342841ea8d3a1070c3e553e6 P c49eacb8125f47b5a28548c823edfbf3: Time spent starting tablet: real 0.001s user 0.001s sys 0.000s
I0401 16:41:49.434059 15989 tablet_bootstrap.cc:439] T 4d3a78e5d640469bacefc38d11a5c554 P c49eacb8125f47b5a28548c823edfbf3: Bootstrap starting.
I0401 16:41:49.435350 15989 tablet_bootstrap.cc:590] T 4d3a78e5d640469bacefc38d11a5c554 P c49eacb8125f47b5a28548c823edfbf3: No blocks or log segments found. Creating new log.
I0401 16:41:49.437050 15989 tablet_bootstrap.cc:439] T 4d3a78e5d640469bacefc38d11a5c554 P c49eacb8125f47b5a28548c823edfbf3: No bootstrap required, opened a new log
I0401 16:41:49.437146 15989 ts_tablet_manager.cc:1053] T 4d3a78e5d640469bacefc38d11a5c554 P c49eacb8125f47b5a28548c823edfbf3: Time spent bootstrapping tablet: real 0.003s user 0.002s sys 0.000s
I0401 16:41:49.437196 15985 tablet_bootstrap.cc:439] T 9e9b6261342841ea8d3a1070c3e553e6 P c389c480349f4579bf5e70301b6d4517: No bootstrap required, opened a new log
I0401 16:41:49.437294 15985 ts_tablet_manager.cc:1053] T 9e9b6261342841ea8d3a1070c3e553e6 P c389c480349f4579bf5e70301b6d4517: Time spent bootstrapping tablet: real 0.010s user 0.002s sys 0.000s
I0401 16:41:49.437697 15989 raft_consensus.cc:340] T 4d3a78e5d640469bacefc38d11a5c554 P c49eacb8125f47b5a28548c823edfbf3 [term 0 FOLLOWER]: Replica starting. Triggering 0 pending transactions. Active config: opid_index: -1 OBSOLETE_local: false peers { permanent_uuid: "c49eacb8125f47b5a28548c823edfbf3" member_type: VOTER last_known_addr { host: "127.11.224.2" port: 54037 } } peers { permanent_uuid: "c389c480349f4579bf5e70301b6d4517" member_type: VOTER last_known_addr { host: "127.11.224.1" port: 33095 } } peers { permanent_uuid: "30b08c36fa41460b84546af2b84601ac" member_type: VOTER last_known_addr { host: "127.11.224.3" port: 58821 } }
I0401 16:41:49.437829 15989 raft_consensus.cc:366] T 4d3a78e5d640469bacefc38d11a5c554 P c49eacb8125f47b5a28548c823edfbf3 [term 0 FOLLOWER]: Consensus starting up: Expiring failure detector timer to make a prompt election more likely
I0401 16:41:49.437850 15989 raft_consensus.cc:705] T 4d3a78e5d640469bacefc38d11a5c554 P c49eacb8125f47b5a28548c823edfbf3 [term 0 FOLLOWER]: Becoming Follower/Learner. State: Replica: c49eacb8125f47b5a28548c823edfbf3, State: Initialized, Role: FOLLOWER
I0401 16:41:49.437779 15985 raft_consensus.cc:340] T 9e9b6261342841ea8d3a1070c3e553e6 P c389c480349f4579bf5e70301b6d4517 [term 0 FOLLOWER]: Replica starting. Triggering 0 pending transactions. Active config: opid_index: -1 OBSOLETE_local: false peers { permanent_uuid: "c389c480349f4579bf5e70301b6d4517" member_type: VOTER last_known_addr { host: "127.11.224.1" port: 33095 } } peers { permanent_uuid: "c49eacb8125f47b5a28548c823edfbf3" member_type: VOTER last_known_addr { host: "127.11.224.2" port: 54037 } } peers { permanent_uuid: "30b08c36fa41460b84546af2b84601ac" member_type: VOTER last_known_addr { host: "127.11.224.3" port: 58821 } }
I0401 16:41:49.437981 15985 raft_consensus.cc:366] T 9e9b6261342841ea8d3a1070c3e553e6 P c389c480349f4579bf5e70301b6d4517 [term 0 FOLLOWER]: Consensus starting up: Expiring failure detector timer to make a prompt election more likely
I0401 16:41:49.438050 15985 raft_consensus.cc:705] T 9e9b6261342841ea8d3a1070c3e553e6 P c389c480349f4579bf5e70301b6d4517 [term 0 FOLLOWER]: Becoming Follower/Learner. State: Replica: c389c480349f4579bf5e70301b6d4517, State: Initialized, Role: FOLLOWER
I0401 16:41:49.437985 15989 consensus_queue.cc:229] T 4d3a78e5d640469bacefc38d11a5c554 P c49eacb8125f47b5a28548c823edfbf3 [NON_LEADER]: Queue going to NON_LEADER mode. State: All replicated index: 0, Majority replicated index: 0, Committed index: 0, Last appended: 0.0, Last appended by leader: 0, Current term: 0, Majority size: -1, State: 0, Mode: NON_LEADER, active raft config: opid_index: -1 OBSOLETE_local: false peers { permanent_uuid: "c49eacb8125f47b5a28548c823edfbf3" member_type: VOTER last_known_addr { host: "127.11.224.2" port: 54037 } } peers { permanent_uuid: "c389c480349f4579bf5e70301b6d4517" member_type: VOTER last_known_addr { host: "127.11.224.1" port: 33095 } } peers { permanent_uuid: "30b08c36fa41460b84546af2b84601ac" member_type: VOTER last_known_addr { host: "127.11.224.3" port: 58821 } }
I0401 16:41:49.438190 15986 tablet_bootstrap.cc:439] T d2920637aa6b4c3c8a9ecf286fd9792e P 30b08c36fa41460b84546af2b84601ac: No bootstrap required, opened a new log
I0401 16:41:49.438309 15986 ts_tablet_manager.cc:1053] T d2920637aa6b4c3c8a9ecf286fd9792e P 30b08c36fa41460b84546af2b84601ac: Time spent bootstrapping tablet: real 0.012s user 0.004s sys 0.004s
I0401 16:41:49.438266 15985 consensus_queue.cc:229] T 9e9b6261342841ea8d3a1070c3e553e6 P c389c480349f4579bf5e70301b6d4517 [NON_LEADER]: Queue going to NON_LEADER mode. State: All replicated index: 0, Majority replicated index: 0, Committed index: 0, Last appended: 0.0, Last appended by leader: 0, Current term: 0, Majority size: -1, State: 0, Mode: NON_LEADER, active raft config: opid_index: -1 OBSOLETE_local: false peers { permanent_uuid: "c389c480349f4579bf5e70301b6d4517" member_type: VOTER last_known_addr { host: "127.11.224.1" port: 33095 } } peers { permanent_uuid: "c49eacb8125f47b5a28548c823edfbf3" member_type: VOTER last_known_addr { host: "127.11.224.2" port: 54037 } } peers { permanent_uuid: "30b08c36fa41460b84546af2b84601ac" member_type: VOTER last_known_addr { host: "127.11.224.3" port: 58821 } }
I0401 16:41:49.439292 15986 raft_consensus.cc:340] T d2920637aa6b4c3c8a9ecf286fd9792e P 30b08c36fa41460b84546af2b84601ac [term 0 FOLLOWER]: Replica starting. Triggering 0 pending transactions. Active config: opid_index: -1 OBSOLETE_local: false peers { permanent_uuid: "c389c480349f4579bf5e70301b6d4517" member_type: VOTER last_known_addr { host: "127.11.224.1" port: 33095 } } peers { permanent_uuid: "c49eacb8125f47b5a28548c823edfbf3" member_type: VOTER last_known_addr { host: "127.11.224.2" port: 54037 } } peers { permanent_uuid: "30b08c36fa41460b84546af2b84601ac" member_type: VOTER last_known_addr { host: "127.11.224.3" port: 58821 } }
I0401 16:41:49.439491 15986 raft_consensus.cc:366] T d2920637aa6b4c3c8a9ecf286fd9792e P 30b08c36fa41460b84546af2b84601ac [term 0 FOLLOWER]: Consensus starting up: Expiring failure detector timer to make a prompt election more likely
I0401 16:41:49.439563 15986 raft_consensus.cc:705] T d2920637aa6b4c3c8a9ecf286fd9792e P 30b08c36fa41460b84546af2b84601ac [term 0 FOLLOWER]: Becoming Follower/Learner. State: Replica: 30b08c36fa41460b84546af2b84601ac, State: Initialized, Role: FOLLOWER
I0401 16:41:49.439596 15985 ts_tablet_manager.cc:1081] T 9e9b6261342841ea8d3a1070c3e553e6 P c389c480349f4579bf5e70301b6d4517: Time spent starting tablet: real 0.002s user 0.002s sys 0.000s
I0401 16:41:49.439800 15986 consensus_queue.cc:229] T d2920637aa6b4c3c8a9ecf286fd9792e P 30b08c36fa41460b84546af2b84601ac [NON_LEADER]: Queue going to NON_LEADER mode. State: All replicated index: 0, Majority replicated index: 0, Committed index: 0, Last appended: 0.0, Last appended by leader: 0, Current term: 0, Majority size: -1, State: 0, Mode: NON_LEADER, active raft config: opid_index: -1 OBSOLETE_local: false peers { permanent_uuid: "c389c480349f4579bf5e70301b6d4517" member_type: VOTER last_known_addr { host: "127.11.224.1" port: 33095 } } peers { permanent_uuid: "c49eacb8125f47b5a28548c823edfbf3" member_type: VOTER last_known_addr { host: "127.11.224.2" port: 54037 } } peers { permanent_uuid: "30b08c36fa41460b84546af2b84601ac" member_type: VOTER last_known_addr { host: "127.11.224.3" port: 58821 } }
I0401 16:41:49.440971 15986 ts_tablet_manager.cc:1081] T d2920637aa6b4c3c8a9ecf286fd9792e P 30b08c36fa41460b84546af2b84601ac: Time spent starting tablet: real 0.003s user 0.001s sys 0.000s
I0401 16:41:49.441540 15986 tablet_bootstrap.cc:439] T 1d488bd237df4d8693644e766b14820f P 30b08c36fa41460b84546af2b84601ac: Bootstrap starting.
I0401 16:41:49.441546 15985 tablet_bootstrap.cc:439] T c4f59507e08d48648f5f94ca5e6c5276 P c389c480349f4579bf5e70301b6d4517: Bootstrap starting.
I0401 16:41:49.442931 15986 tablet_bootstrap.cc:590] T 1d488bd237df4d8693644e766b14820f P 30b08c36fa41460b84546af2b84601ac: No blocks or log segments found. Creating new log.
I0401 16:41:49.442996 15985 tablet_bootstrap.cc:590] T c4f59507e08d48648f5f94ca5e6c5276 P c389c480349f4579bf5e70301b6d4517: No blocks or log segments found. Creating new log.
I0401 16:41:49.445791 15989 ts_tablet_manager.cc:1081] T 4d3a78e5d640469bacefc38d11a5c554 P c49eacb8125f47b5a28548c823edfbf3: Time spent starting tablet: real 0.009s user 0.001s sys 0.000s
I0401 16:41:49.446084 15989 tablet_bootstrap.cc:439] T ce18cc20a89f4b0ea5689fa69cd2d573 P c49eacb8125f47b5a28548c823edfbf3: Bootstrap starting.
I0401 16:41:49.447299 15989 tablet_bootstrap.cc:590] T ce18cc20a89f4b0ea5689fa69cd2d573 P c49eacb8125f47b5a28548c823edfbf3: No blocks or log segments found. Creating new log.
I0401 16:41:49.448664 15989 tablet_bootstrap.cc:439] T ce18cc20a89f4b0ea5689fa69cd2d573 P c49eacb8125f47b5a28548c823edfbf3: No bootstrap required, opened a new log
I0401 16:41:49.448839 15989 ts_tablet_manager.cc:1053] T ce18cc20a89f4b0ea5689fa69cd2d573 P c49eacb8125f47b5a28548c823edfbf3: Time spent bootstrapping tablet: real 0.003s user 0.002s sys 0.000s
I0401 16:41:49.449352 15989 raft_consensus.cc:340] T ce18cc20a89f4b0ea5689fa69cd2d573 P c49eacb8125f47b5a28548c823edfbf3 [term 0 FOLLOWER]: Replica starting. Triggering 0 pending transactions. Active config: opid_index: -1 OBSOLETE_local: false peers { permanent_uuid: "c49eacb8125f47b5a28548c823edfbf3" member_type: VOTER last_known_addr { host: "127.11.224.2" port: 54037 } } peers { permanent_uuid: "c389c480349f4579bf5e70301b6d4517" member_type: VOTER last_known_addr { host: "127.11.224.1" port: 33095 } } peers { permanent_uuid: "30b08c36fa41460b84546af2b84601ac" member_type: VOTER last_known_addr { host: "127.11.224.3" port: 58821 } }
I0401 16:41:49.449474 15989 raft_consensus.cc:366] T ce18cc20a89f4b0ea5689fa69cd2d573 P c49eacb8125f47b5a28548c823edfbf3 [term 0 FOLLOWER]: Consensus starting up: Expiring failure detector timer to make a prompt election more likely
I0401 16:41:49.449543 15989 raft_consensus.cc:705] T ce18cc20a89f4b0ea5689fa69cd2d573 P c49eacb8125f47b5a28548c823edfbf3 [term 0 FOLLOWER]: Becoming Follower/Learner. State: Replica: c49eacb8125f47b5a28548c823edfbf3, State: Initialized, Role: FOLLOWER
I0401 16:41:49.449717 15989 consensus_queue.cc:229] T ce18cc20a89f4b0ea5689fa69cd2d573 P c49eacb8125f47b5a28548c823edfbf3 [NON_LEADER]: Queue going to NON_LEADER mode. State: All replicated index: 0, Majority replicated index: 0, Committed index: 0, Last appended: 0.0, Last appended by leader: 0, Current term: 0, Majority size: -1, State: 0, Mode: NON_LEADER, active raft config: opid_index: -1 OBSOLETE_local: false peers { permanent_uuid: "c49eacb8125f47b5a28548c823edfbf3" member_type: VOTER last_known_addr { host: "127.11.224.2" port: 54037 } } peers { permanent_uuid: "c389c480349f4579bf5e70301b6d4517" member_type: VOTER last_known_addr { host: "127.11.224.1" port: 33095 } } peers { permanent_uuid: "30b08c36fa41460b84546af2b84601ac" member_type: VOTER last_known_addr { host: "127.11.224.3" port: 58821 } }
I0401 16:41:49.450037 15986 tablet_bootstrap.cc:439] T 1d488bd237df4d8693644e766b14820f P 30b08c36fa41460b84546af2b84601ac: No bootstrap required, opened a new log
I0401 16:41:49.450124 15986 ts_tablet_manager.cc:1053] T 1d488bd237df4d8693644e766b14820f P 30b08c36fa41460b84546af2b84601ac: Time spent bootstrapping tablet: real 0.009s user 0.002s sys 0.006s
I0401 16:41:49.450539 15986 raft_consensus.cc:340] T 1d488bd237df4d8693644e766b14820f P 30b08c36fa41460b84546af2b84601ac [term 0 FOLLOWER]: Replica starting. Triggering 0 pending transactions. Active config: opid_index: -1 OBSOLETE_local: false peers { permanent_uuid: "c389c480349f4579bf5e70301b6d4517" member_type: VOTER last_known_addr { host: "127.11.224.1" port: 33095 } } peers { permanent_uuid: "c49eacb8125f47b5a28548c823edfbf3" member_type: VOTER last_known_addr { host: "127.11.224.2" port: 54037 } } peers { permanent_uuid: "30b08c36fa41460b84546af2b84601ac" member_type: VOTER last_known_addr { host: "127.11.224.3" port: 58821 } }
I0401 16:41:49.450692 15986 raft_consensus.cc:366] T 1d488bd237df4d8693644e766b14820f P 30b08c36fa41460b84546af2b84601ac [term 0 FOLLOWER]: Consensus starting up: Expiring failure detector timer to make a prompt election more likely
I0401 16:41:49.450722 15986 raft_consensus.cc:705] T 1d488bd237df4d8693644e766b14820f P 30b08c36fa41460b84546af2b84601ac [term 0 FOLLOWER]: Becoming Follower/Learner. State: Replica: 30b08c36fa41460b84546af2b84601ac, State: Initialized, Role: FOLLOWER
I0401 16:41:49.450896 15989 ts_tablet_manager.cc:1081] T ce18cc20a89f4b0ea5689fa69cd2d573 P c49eacb8125f47b5a28548c823edfbf3: Time spent starting tablet: real 0.002s user 0.001s sys 0.000s
I0401 16:41:49.450846 15986 consensus_queue.cc:229] T 1d488bd237df4d8693644e766b14820f P 30b08c36fa41460b84546af2b84601ac [NON_LEADER]: Queue going to NON_LEADER mode. State: All replicated index: 0, Majority replicated index: 0, Committed index: 0, Last appended: 0.0, Last appended by leader: 0, Current term: 0, Majority size: -1, State: 0, Mode: NON_LEADER, active raft config: opid_index: -1 OBSOLETE_local: false peers { permanent_uuid: "c389c480349f4579bf5e70301b6d4517" member_type: VOTER last_known_addr { host: "127.11.224.1" port: 33095 } } peers { permanent_uuid: "c49eacb8125f47b5a28548c823edfbf3" member_type: VOTER last_known_addr { host: "127.11.224.2" port: 54037 } } peers { permanent_uuid: "30b08c36fa41460b84546af2b84601ac" member_type: VOTER last_known_addr { host: "127.11.224.3" port: 58821 } }
I0401 16:41:49.451092 15989 tablet_bootstrap.cc:439] T 326662072cb64c93be9293bdd4eb0572 P c49eacb8125f47b5a28548c823edfbf3: Bootstrap starting.
I0401 16:41:49.451326 15986 ts_tablet_manager.cc:1081] T 1d488bd237df4d8693644e766b14820f P 30b08c36fa41460b84546af2b84601ac: Time spent starting tablet: real 0.001s user 0.000s sys 0.001s
I0401 16:41:49.451525 15986 tablet_bootstrap.cc:439] T 49c29a4a9ce94cbcb08d3902882f3678 P 30b08c36fa41460b84546af2b84601ac: Bootstrap starting.
I0401 16:41:49.451809 15985 tablet_bootstrap.cc:439] T c4f59507e08d48648f5f94ca5e6c5276 P c389c480349f4579bf5e70301b6d4517: No bootstrap required, opened a new log
I0401 16:41:49.451925 15985 ts_tablet_manager.cc:1053] T c4f59507e08d48648f5f94ca5e6c5276 P c389c480349f4579bf5e70301b6d4517: Time spent bootstrapping tablet: real 0.010s user 0.001s sys 0.006s
I0401 16:41:49.452219 15989 tablet_bootstrap.cc:590] T 326662072cb64c93be9293bdd4eb0572 P c49eacb8125f47b5a28548c823edfbf3: No blocks or log segments found. Creating new log.
I0401 16:41:49.452471 15985 raft_consensus.cc:340] T c4f59507e08d48648f5f94ca5e6c5276 P c389c480349f4579bf5e70301b6d4517 [term 0 FOLLOWER]: Replica starting. Triggering 0 pending transactions. Active config: opid_index: -1 OBSOLETE_local: false peers { permanent_uuid: "c389c480349f4579bf5e70301b6d4517" member_type: VOTER last_known_addr { host: "127.11.224.1" port: 33095 } } peers { permanent_uuid: "c49eacb8125f47b5a28548c823edfbf3" member_type: VOTER last_known_addr { host: "127.11.224.2" port: 54037 } } peers { permanent_uuid: "30b08c36fa41460b84546af2b84601ac" member_type: VOTER last_known_addr { host: "127.11.224.3" port: 58821 } }
I0401 16:41:49.452625 15985 raft_consensus.cc:366] T c4f59507e08d48648f5f94ca5e6c5276 P c389c480349f4579bf5e70301b6d4517 [term 0 FOLLOWER]: Consensus starting up: Expiring failure detector timer to make a prompt election more likely
I0401 16:41:49.452653 15985 raft_consensus.cc:705] T c4f59507e08d48648f5f94ca5e6c5276 P c389c480349f4579bf5e70301b6d4517 [term 0 FOLLOWER]: Becoming Follower/Learner. State: Replica: c389c480349f4579bf5e70301b6d4517, State: Initialized, Role: FOLLOWER
I0401 16:41:49.452733 15986 tablet_bootstrap.cc:590] T 49c29a4a9ce94cbcb08d3902882f3678 P 30b08c36fa41460b84546af2b84601ac: No blocks or log segments found. Creating new log.
I0401 16:41:49.453285 15985 consensus_queue.cc:229] T c4f59507e08d48648f5f94ca5e6c5276 P c389c480349f4579bf5e70301b6d4517 [NON_LEADER]: Queue going to NON_LEADER mode. State: All replicated index: 0, Majority replicated index: 0, Committed index: 0, Last appended: 0.0, Last appended by leader: 0, Current term: 0, Majority size: -1, State: 0, Mode: NON_LEADER, active raft config: opid_index: -1 OBSOLETE_local: false peers { permanent_uuid: "c389c480349f4579bf5e70301b6d4517" member_type: VOTER last_known_addr { host: "127.11.224.1" port: 33095 } } peers { permanent_uuid: "c49eacb8125f47b5a28548c823edfbf3" member_type: VOTER last_known_addr { host: "127.11.224.2" port: 54037 } } peers { permanent_uuid: "30b08c36fa41460b84546af2b84601ac" member_type: VOTER last_known_addr { host: "127.11.224.3" port: 58821 } }
I0401 16:41:49.458834 15985 ts_tablet_manager.cc:1081] T c4f59507e08d48648f5f94ca5e6c5276 P c389c480349f4579bf5e70301b6d4517: Time spent starting tablet: real 0.007s user 0.001s sys 0.001s
I0401 16:41:49.459055 15985 tablet_bootstrap.cc:439] T 1d488bd237df4d8693644e766b14820f P c389c480349f4579bf5e70301b6d4517: Bootstrap starting.
I0401 16:41:49.460155 15985 tablet_bootstrap.cc:590] T 1d488bd237df4d8693644e766b14820f P c389c480349f4579bf5e70301b6d4517: No blocks or log segments found. Creating new log.
I0401 16:41:49.462350 15985 tablet_bootstrap.cc:439] T 1d488bd237df4d8693644e766b14820f P c389c480349f4579bf5e70301b6d4517: No bootstrap required, opened a new log
I0401 16:41:49.462350 15989 tablet_bootstrap.cc:439] T 326662072cb64c93be9293bdd4eb0572 P c49eacb8125f47b5a28548c823edfbf3: No bootstrap required, opened a new log
I0401 16:41:49.462450 15985 ts_tablet_manager.cc:1053] T 1d488bd237df4d8693644e766b14820f P c389c480349f4579bf5e70301b6d4517: Time spent bootstrapping tablet: real 0.003s user 0.001s sys 0.001s
I0401 16:41:49.462455 15989 ts_tablet_manager.cc:1053] T 326662072cb64c93be9293bdd4eb0572 P c49eacb8125f47b5a28548c823edfbf3: Time spent bootstrapping tablet: real 0.011s user 0.002s sys 0.005s
I0401 16:41:49.463065 15989 raft_consensus.cc:340] T 326662072cb64c93be9293bdd4eb0572 P c49eacb8125f47b5a28548c823edfbf3 [term 0 FOLLOWER]: Replica starting. Triggering 0 pending transactions. Active config: opid_index: -1 OBSOLETE_local: false peers { permanent_uuid: "c389c480349f4579bf5e70301b6d4517" member_type: VOTER last_known_addr { host: "127.11.224.1" port: 33095 } } peers { permanent_uuid: "c49eacb8125f47b5a28548c823edfbf3" member_type: VOTER last_known_addr { host: "127.11.224.2" port: 54037 } } peers { permanent_uuid: "30b08c36fa41460b84546af2b84601ac" member_type: VOTER last_known_addr { host: "127.11.224.3" port: 58821 } }
I0401 16:41:49.463234 15986 tablet_bootstrap.cc:439] T 49c29a4a9ce94cbcb08d3902882f3678 P 30b08c36fa41460b84546af2b84601ac: No bootstrap required, opened a new log
I0401 16:41:49.463060 15985 raft_consensus.cc:340] T 1d488bd237df4d8693644e766b14820f P c389c480349f4579bf5e70301b6d4517 [term 0 FOLLOWER]: Replica starting. Triggering 0 pending transactions. Active config: opid_index: -1 OBSOLETE_local: false peers { permanent_uuid: "c389c480349f4579bf5e70301b6d4517" member_type: VOTER last_known_addr { host: "127.11.224.1" port: 33095 } } peers { permanent_uuid: "c49eacb8125f47b5a28548c823edfbf3" member_type: VOTER last_known_addr { host: "127.11.224.2" port: 54037 } } peers { permanent_uuid: "30b08c36fa41460b84546af2b84601ac" member_type: VOTER last_known_addr { host: "127.11.224.3" port: 58821 } }
I0401 16:41:49.463326 15985 raft_consensus.cc:366] T 1d488bd237df4d8693644e766b14820f P c389c480349f4579bf5e70301b6d4517 [term 0 FOLLOWER]: Consensus starting up: Expiring failure detector timer to make a prompt election more likely
I0401 16:41:49.463363 15986 ts_tablet_manager.cc:1053] T 49c29a4a9ce94cbcb08d3902882f3678 P 30b08c36fa41460b84546af2b84601ac: Time spent bootstrapping tablet: real 0.012s user 0.003s sys 0.005s
I0401 16:41:49.463362 15985 raft_consensus.cc:705] T 1d488bd237df4d8693644e766b14820f P c389c480349f4579bf5e70301b6d4517 [term 0 FOLLOWER]: Becoming Follower/Learner. State: Replica: c389c480349f4579bf5e70301b6d4517, State: Initialized, Role: FOLLOWER
I0401 16:41:49.463253 15989 raft_consensus.cc:366] T 326662072cb64c93be9293bdd4eb0572 P c49eacb8125f47b5a28548c823edfbf3 [term 0 FOLLOWER]: Consensus starting up: Expiring failure detector timer to make a prompt election more likely
I0401 16:41:49.463456 15989 raft_consensus.cc:705] T 326662072cb64c93be9293bdd4eb0572 P c49eacb8125f47b5a28548c823edfbf3 [term 0 FOLLOWER]: Becoming Follower/Learner. State: Replica: c49eacb8125f47b5a28548c823edfbf3, State: Initialized, Role: FOLLOWER
I0401 16:41:49.463608 15989 consensus_queue.cc:229] T 326662072cb64c93be9293bdd4eb0572 P c49eacb8125f47b5a28548c823edfbf3 [NON_LEADER]: Queue going to NON_LEADER mode. State: All replicated index: 0, Majority replicated index: 0, Committed index: 0, Last appended: 0.0, Last appended by leader: 0, Current term: 0, Majority size: -1, State: 0, Mode: NON_LEADER, active raft config: opid_index: -1 OBSOLETE_local: false peers { permanent_uuid: "c389c480349f4579bf5e70301b6d4517" member_type: VOTER last_known_addr { host: "127.11.224.1" port: 33095 } } peers { permanent_uuid: "c49eacb8125f47b5a28548c823edfbf3" member_type: VOTER last_known_addr { host: "127.11.224.2" port: 54037 } } peers { permanent_uuid: "30b08c36fa41460b84546af2b84601ac" member_type: VOTER last_known_addr { host: "127.11.224.3" port: 58821 } }
I0401 16:41:49.464031 15986 raft_consensus.cc:340] T 49c29a4a9ce94cbcb08d3902882f3678 P 30b08c36fa41460b84546af2b84601ac [term 0 FOLLOWER]: Replica starting. Triggering 0 pending transactions. Active config: opid_index: -1 OBSOLETE_local: false peers { permanent_uuid: "30b08c36fa41460b84546af2b84601ac" member_type: VOTER last_known_addr { host: "127.11.224.3" port: 58821 } } peers { permanent_uuid: "c49eacb8125f47b5a28548c823edfbf3" member_type: VOTER last_known_addr { host: "127.11.224.2" port: 54037 } } peers { permanent_uuid: "c389c480349f4579bf5e70301b6d4517" member_type: VOTER last_known_addr { host: "127.11.224.1" port: 33095 } }
I0401 16:41:49.464131 15985 consensus_queue.cc:229] T 1d488bd237df4d8693644e766b14820f P c389c480349f4579bf5e70301b6d4517 [NON_LEADER]: Queue going to NON_LEADER mode. State: All replicated index: 0, Majority replicated index: 0, Committed index: 0, Last appended: 0.0, Last appended by leader: 0, Current term: 0, Majority size: -1, State: 0, Mode: NON_LEADER, active raft config: opid_index: -1 OBSOLETE_local: false peers { permanent_uuid: "c389c480349f4579bf5e70301b6d4517" member_type: VOTER last_known_addr { host: "127.11.224.1" port: 33095 } } peers { permanent_uuid: "c49eacb8125f47b5a28548c823edfbf3" member_type: VOTER last_known_addr { host: "127.11.224.2" port: 54037 } } peers { permanent_uuid: "30b08c36fa41460b84546af2b84601ac" member_type: VOTER last_known_addr { host: "127.11.224.3" port: 58821 } }
I0401 16:41:49.464232 15986 raft_consensus.cc:366] T 49c29a4a9ce94cbcb08d3902882f3678 P 30b08c36fa41460b84546af2b84601ac [term 0 FOLLOWER]: Consensus starting up: Expiring failure detector timer to make a prompt election more likely
I0401 16:41:49.464380 15986 raft_consensus.cc:705] T 49c29a4a9ce94cbcb08d3902882f3678 P 30b08c36fa41460b84546af2b84601ac [term 0 FOLLOWER]: Becoming Follower/Learner. State: Replica: 30b08c36fa41460b84546af2b84601ac, State: Initialized, Role: FOLLOWER
I0401 16:41:49.464586 15986 consensus_queue.cc:229] T 49c29a4a9ce94cbcb08d3902882f3678 P 30b08c36fa41460b84546af2b84601ac [NON_LEADER]: Queue going to NON_LEADER mode. State: All replicated index: 0, Majority replicated index: 0, Committed index: 0, Last appended: 0.0, Last appended by leader: 0, Current term: 0, Majority size: -1, State: 0, Mode: NON_LEADER, active raft config: opid_index: -1 OBSOLETE_local: false peers { permanent_uuid: "30b08c36fa41460b84546af2b84601ac" member_type: VOTER last_known_addr { host: "127.11.224.3" port: 58821 } } peers { permanent_uuid: "c49eacb8125f47b5a28548c823edfbf3" member_type: VOTER last_known_addr { host: "127.11.224.2" port: 54037 } } peers { permanent_uuid: "c389c480349f4579bf5e70301b6d4517" member_type: VOTER last_known_addr { host: "127.11.224.1" port: 33095 } }
I0401 16:41:49.466284 15986 ts_tablet_manager.cc:1081] T 49c29a4a9ce94cbcb08d3902882f3678 P 30b08c36fa41460b84546af2b84601ac: Time spent starting tablet: real 0.003s user 0.001s sys 0.000s
I0401 16:41:49.466522 15986 tablet_bootstrap.cc:439] T c4f59507e08d48648f5f94ca5e6c5276 P 30b08c36fa41460b84546af2b84601ac: Bootstrap starting.
I0401 16:41:49.469244 15986 tablet_bootstrap.cc:590] T c4f59507e08d48648f5f94ca5e6c5276 P 30b08c36fa41460b84546af2b84601ac: No blocks or log segments found. Creating new log.
I0401 16:41:49.469422 15985 ts_tablet_manager.cc:1081] T 1d488bd237df4d8693644e766b14820f P c389c480349f4579bf5e70301b6d4517: Time spent starting tablet: real 0.007s user 0.002s sys 0.000s
I0401 16:41:49.469660 15985 tablet_bootstrap.cc:439] T ce18cc20a89f4b0ea5689fa69cd2d573 P c389c480349f4579bf5e70301b6d4517: Bootstrap starting.
I0401 16:41:49.470194 15989 ts_tablet_manager.cc:1081] T 326662072cb64c93be9293bdd4eb0572 P c49eacb8125f47b5a28548c823edfbf3: Time spent starting tablet: real 0.008s user 0.001s sys 0.000s
I0401 16:41:49.470436 15989 tablet_bootstrap.cc:439] T d2920637aa6b4c3c8a9ecf286fd9792e P c49eacb8125f47b5a28548c823edfbf3: Bootstrap starting.
I0401 16:41:49.470962 15985 tablet_bootstrap.cc:590] T ce18cc20a89f4b0ea5689fa69cd2d573 P c389c480349f4579bf5e70301b6d4517: No blocks or log segments found. Creating new log.
I0401 16:41:49.471369 15989 tablet_bootstrap.cc:590] T d2920637aa6b4c3c8a9ecf286fd9792e P c49eacb8125f47b5a28548c823edfbf3: No blocks or log segments found. Creating new log.
I0401 16:41:49.473013 15986 tablet_bootstrap.cc:439] T c4f59507e08d48648f5f94ca5e6c5276 P 30b08c36fa41460b84546af2b84601ac: No bootstrap required, opened a new log
I0401 16:41:49.473059 15985 tablet_bootstrap.cc:439] T ce18cc20a89f4b0ea5689fa69cd2d573 P c389c480349f4579bf5e70301b6d4517: No bootstrap required, opened a new log
I0401 16:41:49.473124 15986 ts_tablet_manager.cc:1053] T c4f59507e08d48648f5f94ca5e6c5276 P 30b08c36fa41460b84546af2b84601ac: Time spent bootstrapping tablet: real 0.007s user 0.001s sys 0.003s
I0401 16:41:49.473136 15985 ts_tablet_manager.cc:1053] T ce18cc20a89f4b0ea5689fa69cd2d573 P c389c480349f4579bf5e70301b6d4517: Time spent bootstrapping tablet: real 0.004s user 0.001s sys 0.001s
I0401 16:41:49.473577 15986 raft_consensus.cc:340] T c4f59507e08d48648f5f94ca5e6c5276 P 30b08c36fa41460b84546af2b84601ac [term 0 FOLLOWER]: Replica starting. Triggering 0 pending transactions. Active config: opid_index: -1 OBSOLETE_local: false peers { permanent_uuid: "c389c480349f4579bf5e70301b6d4517" member_type: VOTER last_known_addr { host: "127.11.224.1" port: 33095 } } peers { permanent_uuid: "c49eacb8125f47b5a28548c823edfbf3" member_type: VOTER last_known_addr { host: "127.11.224.2" port: 54037 } } peers { permanent_uuid: "30b08c36fa41460b84546af2b84601ac" member_type: VOTER last_known_addr { host: "127.11.224.3" port: 58821 } }
I0401 16:41:49.473598 15985 raft_consensus.cc:340] T ce18cc20a89f4b0ea5689fa69cd2d573 P c389c480349f4579bf5e70301b6d4517 [term 0 FOLLOWER]: Replica starting. Triggering 0 pending transactions. Active config: opid_index: -1 OBSOLETE_local: false peers { permanent_uuid: "c49eacb8125f47b5a28548c823edfbf3" member_type: VOTER last_known_addr { host: "127.11.224.2" port: 54037 } } peers { permanent_uuid: "c389c480349f4579bf5e70301b6d4517" member_type: VOTER last_known_addr { host: "127.11.224.1" port: 33095 } } peers { permanent_uuid: "30b08c36fa41460b84546af2b84601ac" member_type: VOTER last_known_addr { host: "127.11.224.3" port: 58821 } }
I0401 16:41:49.473690 15986 raft_consensus.cc:366] T c4f59507e08d48648f5f94ca5e6c5276 P 30b08c36fa41460b84546af2b84601ac [term 0 FOLLOWER]: Consensus starting up: Expiring failure detector timer to make a prompt election more likely
I0401 16:41:49.473729 15986 raft_consensus.cc:705] T c4f59507e08d48648f5f94ca5e6c5276 P 30b08c36fa41460b84546af2b84601ac [term 0 FOLLOWER]: Becoming Follower/Learner. State: Replica: 30b08c36fa41460b84546af2b84601ac, State: Initialized, Role: FOLLOWER
I0401 16:41:49.473698 15985 raft_consensus.cc:366] T ce18cc20a89f4b0ea5689fa69cd2d573 P c389c480349f4579bf5e70301b6d4517 [term 0 FOLLOWER]: Consensus starting up: Expiring failure detector timer to make a prompt election more likely
I0401 16:41:49.473846 15993 raft_consensus.cc:472] T 1d488bd237df4d8693644e766b14820f P 30b08c36fa41460b84546af2b84601ac [term 0 FOLLOWER]: Starting pre-election (no leader contacted us within the election timeout)
I0401 16:41:49.473927 15985 raft_consensus.cc:705] T ce18cc20a89f4b0ea5689fa69cd2d573 P c389c480349f4579bf5e70301b6d4517 [term 0 FOLLOWER]: Becoming Follower/Learner. State: Replica: c389c480349f4579bf5e70301b6d4517, State: Initialized, Role: FOLLOWER
I0401 16:41:49.473888 15986 consensus_queue.cc:229] T c4f59507e08d48648f5f94ca5e6c5276 P 30b08c36fa41460b84546af2b84601ac [NON_LEADER]: Queue going to NON_LEADER mode. State: All replicated index: 0, Majority replicated index: 0, Committed index: 0, Last appended: 0.0, Last appended by leader: 0, Current term: 0, Majority size: -1, State: 0, Mode: NON_LEADER, active raft config: opid_index: -1 OBSOLETE_local: false peers { permanent_uuid: "c389c480349f4579bf5e70301b6d4517" member_type: VOTER last_known_addr { host: "127.11.224.1" port: 33095 } } peers { permanent_uuid: "c49eacb8125f47b5a28548c823edfbf3" member_type: VOTER last_known_addr { host: "127.11.224.2" port: 54037 } } peers { permanent_uuid: "30b08c36fa41460b84546af2b84601ac" member_type: VOTER last_known_addr { host: "127.11.224.3" port: 58821 } }
I0401 16:41:49.473984 15993 raft_consensus.cc:494] T 1d488bd237df4d8693644e766b14820f P 30b08c36fa41460b84546af2b84601ac [term 0 FOLLOWER]: Starting pre-election with config: opid_index: -1 OBSOLETE_local: false peers { permanent_uuid: "c389c480349f4579bf5e70301b6d4517" member_type: VOTER last_known_addr { host: "127.11.224.1" port: 33095 } } peers { permanent_uuid: "c49eacb8125f47b5a28548c823edfbf3" member_type: VOTER last_known_addr { host: "127.11.224.2" port: 54037 } } peers { permanent_uuid: "30b08c36fa41460b84546af2b84601ac" member_type: VOTER last_known_addr { host: "127.11.224.3" port: 58821 } }
I0401 16:41:49.474099 15985 consensus_queue.cc:229] T ce18cc20a89f4b0ea5689fa69cd2d573 P c389c480349f4579bf5e70301b6d4517 [NON_LEADER]: Queue going to NON_LEADER mode. State: All replicated index: 0, Majority replicated index: 0, Committed index: 0, Last appended: 0.0, Last appended by leader: 0, Current term: 0, Majority size: -1, State: 0, Mode: NON_LEADER, active raft config: opid_index: -1 OBSOLETE_local: false peers { permanent_uuid: "c49eacb8125f47b5a28548c823edfbf3" member_type: VOTER last_known_addr { host: "127.11.224.2" port: 54037 } } peers { permanent_uuid: "c389c480349f4579bf5e70301b6d4517" member_type: VOTER last_known_addr { host: "127.11.224.1" port: 33095 } } peers { permanent_uuid: "30b08c36fa41460b84546af2b84601ac" member_type: VOTER last_known_addr { host: "127.11.224.3" port: 58821 } }
I0401 16:41:49.474844 15993 leader_election.cc:296] T 1d488bd237df4d8693644e766b14820f P 30b08c36fa41460b84546af2b84601ac [CANDIDATE]: Term 1 pre-election: Requested pre-vote from peers c389c480349f4579bf5e70301b6d4517 (127.11.224.1:33095), c49eacb8125f47b5a28548c823edfbf3 (127.11.224.2:54037)
I0401 16:41:49.478127 15986 ts_tablet_manager.cc:1081] T c4f59507e08d48648f5f94ca5e6c5276 P 30b08c36fa41460b84546af2b84601ac: Time spent starting tablet: real 0.005s user 0.001s sys 0.002s
I0401 16:41:49.478382 15986 tablet_bootstrap.cc:439] T 1014e6212c53450aa873880506494b22 P 30b08c36fa41460b84546af2b84601ac: Bootstrap starting.
I0401 16:41:49.479604 15986 tablet_bootstrap.cc:590] T 1014e6212c53450aa873880506494b22 P 30b08c36fa41460b84546af2b84601ac: No blocks or log segments found. Creating new log.
I0401 16:41:49.482404 15789 tablet_service.cc:1276] Received RequestConsensusVote() RPC: tablet_id: "1d488bd237df4d8693644e766b14820f" candidate_uuid: "30b08c36fa41460b84546af2b84601ac" candidate_term: 1 candidate_status { last_received { term: 0 index: 0 } } ignore_live_leader: false dest_uuid: "c389c480349f4579bf5e70301b6d4517" is_pre_election: true
I0401 16:41:49.482667 15789 raft_consensus.cc:2346] T 1d488bd237df4d8693644e766b14820f P c389c480349f4579bf5e70301b6d4517 [term 0 FOLLOWER]: Leader pre-election vote request: Granting yes vote for candidate 30b08c36fa41460b84546af2b84601ac in term 0.
I0401 16:41:49.483101 15985 ts_tablet_manager.cc:1081] T ce18cc20a89f4b0ea5689fa69cd2d573 P c389c480349f4579bf5e70301b6d4517: Time spent starting tablet: real 0.010s user 0.001s sys 0.000s
I0401 16:41:49.483194 15989 tablet_bootstrap.cc:439] T d2920637aa6b4c3c8a9ecf286fd9792e P c49eacb8125f47b5a28548c823edfbf3: No bootstrap required, opened a new log
I0401 16:41:49.483333 15989 ts_tablet_manager.cc:1053] T d2920637aa6b4c3c8a9ecf286fd9792e P c49eacb8125f47b5a28548c823edfbf3: Time spent bootstrapping tablet: real 0.013s user 0.002s sys 0.000s
I0401 16:41:49.483345 15903 leader_election.cc:310] T 1d488bd237df4d8693644e766b14820f P 30b08c36fa41460b84546af2b84601ac [CANDIDATE]: Term 1 pre-election: Election decided. Result: candidate won. Election summary: received 2 responses out of 3 voters: 2 yes votes; 0 no votes. yes voters: 30b08c36fa41460b84546af2b84601ac, c389c480349f4579bf5e70301b6d4517; no voters:
I0401 16:41:49.483427 15985 tablet_bootstrap.cc:439] T 9996ab620dac4416b7773a41827de2b2 P c389c480349f4579bf5e70301b6d4517: Bootstrap starting.
I0401 16:41:49.483686 16014 raft_consensus.cc:2640] T 1d488bd237df4d8693644e766b14820f P 30b08c36fa41460b84546af2b84601ac [term 0 FOLLOWER]: Leader pre-election won for term 1
I0401 16:41:49.483741 16014 raft_consensus.cc:472] T 1d488bd237df4d8693644e766b14820f P 30b08c36fa41460b84546af2b84601ac [term 0 FOLLOWER]: Starting leader election (no leader contacted us within the election timeout)
I0401 16:41:49.483853 16014 raft_consensus.cc:2886] T 1d488bd237df4d8693644e766b14820f P 30b08c36fa41460b84546af2b84601ac [term 0 FOLLOWER]: Advancing to term 1
I0401 16:41:49.484230 15989 raft_consensus.cc:340] T d2920637aa6b4c3c8a9ecf286fd9792e P c49eacb8125f47b5a28548c823edfbf3 [term 0 FOLLOWER]: Replica starting. Triggering 0 pending transactions. Active config: opid_index: -1 OBSOLETE_local: false peers { permanent_uuid: "c389c480349f4579bf5e70301b6d4517" member_type: VOTER last_known_addr { host: "127.11.224.1" port: 33095 } } peers { permanent_uuid: "c49eacb8125f47b5a28548c823edfbf3" member_type: VOTER last_known_addr { host: "127.11.224.2" port: 54037 } } peers { permanent_uuid: "30b08c36fa41460b84546af2b84601ac" member_type: VOTER last_known_addr { host: "127.11.224.3" port: 58821 } }
I0401 16:41:49.484449 15989 raft_consensus.cc:366] T d2920637aa6b4c3c8a9ecf286fd9792e P c49eacb8125f47b5a28548c823edfbf3 [term 0 FOLLOWER]: Consensus starting up: Expiring failure detector timer to make a prompt election more likely
I0401 16:41:49.484519 15989 raft_consensus.cc:705] T d2920637aa6b4c3c8a9ecf286fd9792e P c49eacb8125f47b5a28548c823edfbf3 [term 0 FOLLOWER]: Becoming Follower/Learner. State: Replica: c49eacb8125f47b5a28548c823edfbf3, State: Initialized, Role: FOLLOWER
I0401 16:41:49.484699 15989 consensus_queue.cc:229] T d2920637aa6b4c3c8a9ecf286fd9792e P c49eacb8125f47b5a28548c823edfbf3 [NON_LEADER]: Queue going to NON_LEADER mode. State: All replicated index: 0, Majority replicated index: 0, Committed index: 0, Last appended: 0.0, Last appended by leader: 0, Current term: 0, Majority size: -1, State: 0, Mode: NON_LEADER, active raft config: opid_index: -1 OBSOLETE_local: false peers { permanent_uuid: "c389c480349f4579bf5e70301b6d4517" member_type: VOTER last_known_addr { host: "127.11.224.1" port: 33095 } } peers { permanent_uuid: "c49eacb8125f47b5a28548c823edfbf3" member_type: VOTER last_known_addr { host: "127.11.224.2" port: 54037 } } peers { permanent_uuid: "30b08c36fa41460b84546af2b84601ac" member_type: VOTER last_known_addr { host: "127.11.224.3" port: 58821 } }
I0401 16:41:49.485008 15985 tablet_bootstrap.cc:590] T 9996ab620dac4416b7773a41827de2b2 P c389c480349f4579bf5e70301b6d4517: No blocks or log segments found. Creating new log.
I0401 16:41:49.485946 15989 ts_tablet_manager.cc:1081] T d2920637aa6b4c3c8a9ecf286fd9792e P c49eacb8125f47b5a28548c823edfbf3: Time spent starting tablet: real 0.003s user 0.001s sys 0.001s
I0401 16:41:49.486176 15989 tablet_bootstrap.cc:439] T 1d488bd237df4d8693644e766b14820f P c49eacb8125f47b5a28548c823edfbf3: Bootstrap starting.
I0401 16:41:49.487579 15989 tablet_bootstrap.cc:590] T 1d488bd237df4d8693644e766b14820f P c49eacb8125f47b5a28548c823edfbf3: No blocks or log segments found. Creating new log.
I0401 16:41:49.487825 16014 raft_consensus.cc:494] T 1d488bd237df4d8693644e766b14820f P 30b08c36fa41460b84546af2b84601ac [term 1 FOLLOWER]: Starting leader election with config: opid_index: -1 OBSOLETE_local: false peers { permanent_uuid: "c389c480349f4579bf5e70301b6d4517" member_type: VOTER last_known_addr { host: "127.11.224.1" port: 33095 } } peers { permanent_uuid: "c49eacb8125f47b5a28548c823edfbf3" member_type: VOTER last_known_addr { host: "127.11.224.2" port: 54037 } } peers { permanent_uuid: "30b08c36fa41460b84546af2b84601ac" member_type: VOTER last_known_addr { host: "127.11.224.3" port: 58821 } }
I0401 16:41:49.488636 16014 leader_election.cc:296] T 1d488bd237df4d8693644e766b14820f P 30b08c36fa41460b84546af2b84601ac [CANDIDATE]: Term 1 election: Requested vote from peers c389c480349f4579bf5e70301b6d4517 (127.11.224.1:33095), c49eacb8125f47b5a28548c823edfbf3 (127.11.224.2:54037)
I0401 16:41:49.488489 15863 tablet_service.cc:1276] Received RequestConsensusVote() RPC: tablet_id: "1d488bd237df4d8693644e766b14820f" candidate_uuid: "30b08c36fa41460b84546af2b84601ac" candidate_term: 1 candidate_status { last_received { term: 0 index: 0 } } ignore_live_leader: false dest_uuid: "c49eacb8125f47b5a28548c823edfbf3" is_pre_election: true
I0401 16:41:49.489127 15986 tablet_bootstrap.cc:439] T 1014e6212c53450aa873880506494b22 P 30b08c36fa41460b84546af2b84601ac: No bootstrap required, opened a new log
I0401 16:41:49.489264 15986 ts_tablet_manager.cc:1053] T 1014e6212c53450aa873880506494b22 P 30b08c36fa41460b84546af2b84601ac: Time spent bootstrapping tablet: real 0.011s user 0.002s sys 0.000s
I0401 16:41:49.489338 15789 tablet_service.cc:1276] Received RequestConsensusVote() RPC: tablet_id: "1d488bd237df4d8693644e766b14820f" candidate_uuid: "30b08c36fa41460b84546af2b84601ac" candidate_term: 1 candidate_status { last_received { term: 0 index: 0 } } ignore_live_leader: false dest_uuid: "c389c480349f4579bf5e70301b6d4517"
I0401 16:41:49.489464 15789 raft_consensus.cc:2886] T 1d488bd237df4d8693644e766b14820f P c389c480349f4579bf5e70301b6d4517 [term 0 FOLLOWER]: Advancing to term 1
W0401 16:41:49.489634 15906 leader_election.cc:348] T 1d488bd237df4d8693644e766b14820f P 30b08c36fa41460b84546af2b84601ac [CANDIDATE]: Term 1 pre-election: Tablet error from VoteRequest() call to peer c49eacb8125f47b5a28548c823edfbf3 (127.11.224.2:54037): Illegal state: must be running to vote when last-logged opid is not known
