I0401 16:41:42.388398 14288 tablet_bootstrap.cc:590] T c436001f027647dfa8569052010729a6 P c8a139e6be04411cafa08fa475b4a949: No blocks or log segments found. Creating new log.
I0401 16:41:42.390816 14289 tablet_bootstrap.cc:439] T 97c087eb8f4a49a8aab7f45d389073bd P 7f56a852ff774ae3bf4b2db3fdd9e794: No bootstrap required, opened a new log
I0401 16:41:42.390995 14289 ts_tablet_manager.cc:1053] T 97c087eb8f4a49a8aab7f45d389073bd P 7f56a852ff774ae3bf4b2db3fdd9e794: Time spent bootstrapping tablet: real 0.030s user 0.002s sys 0.011s
I0401 16:41:42.391510 14288 tablet_bootstrap.cc:439] T c436001f027647dfa8569052010729a6 P c8a139e6be04411cafa08fa475b4a949: No bootstrap required, opened a new log
I0401 16:41:42.391618 14288 ts_tablet_manager.cc:1053] T c436001f027647dfa8569052010729a6 P c8a139e6be04411cafa08fa475b4a949: Time spent bootstrapping tablet: real 0.008s user 0.003s sys 0.000s
I0401 16:41:42.391922 14289 raft_consensus.cc:340] T 97c087eb8f4a49a8aab7f45d389073bd P 7f56a852ff774ae3bf4b2db3fdd9e794 [term 0 FOLLOWER]: Replica starting. Triggering 0 pending transactions. Active config: opid_index: -1 OBSOLETE_local: false peers { permanent_uuid: "3b217a135438461a92af851b0ff0e3b1" member_type: VOTER last_known_addr { host: "127.11.224.1" port: 60190 } } peers { permanent_uuid: "c8a139e6be04411cafa08fa475b4a949" member_type: VOTER last_known_addr { host: "127.11.224.2" port: 56141 } } peers { permanent_uuid: "7f56a852ff774ae3bf4b2db3fdd9e794" member_type: VOTER last_known_addr { host: "127.11.224.3" port: 41734 } }
I0401 16:41:42.392150 14289 raft_consensus.cc:366] T 97c087eb8f4a49a8aab7f45d389073bd P 7f56a852ff774ae3bf4b2db3fdd9e794 [term 0 FOLLOWER]: Consensus starting up: Expiring failure detector timer to make a prompt election more likely
I0401 16:41:42.392220 14289 raft_consensus.cc:705] T 97c087eb8f4a49a8aab7f45d389073bd P 7f56a852ff774ae3bf4b2db3fdd9e794 [term 0 FOLLOWER]: Becoming Follower/Learner. State: Replica: 7f56a852ff774ae3bf4b2db3fdd9e794, State: Initialized, Role: FOLLOWER
I0401 16:41:42.392653 14288 raft_consensus.cc:340] T c436001f027647dfa8569052010729a6 P c8a139e6be04411cafa08fa475b4a949 [term 0 FOLLOWER]: Replica starting. Triggering 0 pending transactions. Active config: opid_index: -1 OBSOLETE_local: false peers { permanent_uuid: "c8a139e6be04411cafa08fa475b4a949" member_type: VOTER last_known_addr { host: "127.11.224.2" port: 56141 } } peers { permanent_uuid: "3b217a135438461a92af851b0ff0e3b1" member_type: VOTER last_known_addr { host: "127.11.224.1" port: 60190 } } peers { permanent_uuid: "7f56a852ff774ae3bf4b2db3fdd9e794" member_type: VOTER last_known_addr { host: "127.11.224.3" port: 41734 } }
I0401 16:41:42.392890 14288 raft_consensus.cc:366] T c436001f027647dfa8569052010729a6 P c8a139e6be04411cafa08fa475b4a949 [term 0 FOLLOWER]: Consensus starting up: Expiring failure detector timer to make a prompt election more likely
I0401 16:41:42.392446 14289 consensus_queue.cc:229] T 97c087eb8f4a49a8aab7f45d389073bd P 7f56a852ff774ae3bf4b2db3fdd9e794 [NON_LEADER]: Queue going to NON_LEADER mode. State: All replicated index: 0, Majority replicated index: 0, Committed index: 0, Last appended: 0.0, Last appended by leader: 0, Current term: 0, Majority size: -1, State: 0, Mode: NON_LEADER, active raft config: opid_index: -1 OBSOLETE_local: false peers { permanent_uuid: "3b217a135438461a92af851b0ff0e3b1" member_type: VOTER last_known_addr { host: "127.11.224.1" port: 60190 } } peers { permanent_uuid: "c8a139e6be04411cafa08fa475b4a949" member_type: VOTER last_known_addr { host: "127.11.224.2" port: 56141 } } peers { permanent_uuid: "7f56a852ff774ae3bf4b2db3fdd9e794" member_type: VOTER last_known_addr { host: "127.11.224.3" port: 41734 } }
I0401 16:41:42.392963 14288 raft_consensus.cc:705] T c436001f027647dfa8569052010729a6 P c8a139e6be04411cafa08fa475b4a949 [term 0 FOLLOWER]: Becoming Follower/Learner. State: Replica: c8a139e6be04411cafa08fa475b4a949, State: Initialized, Role: FOLLOWER
I0401 16:41:42.393138 14288 consensus_queue.cc:229] T c436001f027647dfa8569052010729a6 P c8a139e6be04411cafa08fa475b4a949 [NON_LEADER]: Queue going to NON_LEADER mode. State: All replicated index: 0, Majority replicated index: 0, Committed index: 0, Last appended: 0.0, Last appended by leader: 0, Current term: 0, Majority size: -1, State: 0, Mode: NON_LEADER, active raft config: opid_index: -1 OBSOLETE_local: false peers { permanent_uuid: "c8a139e6be04411cafa08fa475b4a949" member_type: VOTER last_known_addr { host: "127.11.224.2" port: 56141 } } peers { permanent_uuid: "3b217a135438461a92af851b0ff0e3b1" member_type: VOTER last_known_addr { host: "127.11.224.1" port: 60190 } } peers { permanent_uuid: "7f56a852ff774ae3bf4b2db3fdd9e794" member_type: VOTER last_known_addr { host: "127.11.224.3" port: 41734 } }
I0401 16:41:42.375955 14295 raft_consensus.cc:494] T f7b07c95350a4913ac25ac4e7fe1d56f P 7f56a852ff774ae3bf4b2db3fdd9e794 [term 0 FOLLOWER]: Starting pre-election with config: opid_index: -1 OBSOLETE_local: false peers { permanent_uuid: "3b217a135438461a92af851b0ff0e3b1" member_type: VOTER last_known_addr { host: "127.11.224.1" port: 60190 } } peers { permanent_uuid: "c8a139e6be04411cafa08fa475b4a949" member_type: VOTER last_known_addr { host: "127.11.224.2" port: 56141 } } peers { permanent_uuid: "7f56a852ff774ae3bf4b2db3fdd9e794" member_type: VOTER last_known_addr { host: "127.11.224.3" port: 41734 } }
I0401 16:41:42.399228 14295 leader_election.cc:296] T f7b07c95350a4913ac25ac4e7fe1d56f P 7f56a852ff774ae3bf4b2db3fdd9e794 [CANDIDATE]: Term 1 pre-election: Requested pre-vote from peers 3b217a135438461a92af851b0ff0e3b1 (127.11.224.1:60190), c8a139e6be04411cafa08fa475b4a949 (127.11.224.2:56141)
I0401 16:41:42.400504 14289 ts_tablet_manager.cc:1081] T 97c087eb8f4a49a8aab7f45d389073bd P 7f56a852ff774ae3bf4b2db3fdd9e794: Time spent starting tablet: real 0.009s user 0.003s sys 0.004s
I0401 16:41:42.400949 14289 tablet_bootstrap.cc:439] T d854a8d5225f43a7a40cfcec0bd9c1d5 P 7f56a852ff774ae3bf4b2db3fdd9e794: Bootstrap starting.
I0401 16:41:42.402459 14295 raft_consensus.cc:472] T b037d993bb1c4d0e973c88f5232fcec4 P 7f56a852ff774ae3bf4b2db3fdd9e794 [term 0 FOLLOWER]: Starting pre-election (no leader contacted us within the election timeout)
I0401 16:41:42.402622 14295 raft_consensus.cc:494] T b037d993bb1c4d0e973c88f5232fcec4 P 7f56a852ff774ae3bf4b2db3fdd9e794 [term 0 FOLLOWER]: Starting pre-election with config: opid_index: -1 OBSOLETE_local: false peers { permanent_uuid: "3b217a135438461a92af851b0ff0e3b1" member_type: VOTER last_known_addr { host: "127.11.224.1" port: 60190 } } peers { permanent_uuid: "c8a139e6be04411cafa08fa475b4a949" member_type: VOTER last_known_addr { host: "127.11.224.2" port: 56141 } } peers { permanent_uuid: "7f56a852ff774ae3bf4b2db3fdd9e794" member_type: VOTER last_known_addr { host: "127.11.224.3" port: 41734 } }
I0401 16:41:42.403216 14295 leader_election.cc:296] T b037d993bb1c4d0e973c88f5232fcec4 P 7f56a852ff774ae3bf4b2db3fdd9e794 [CANDIDATE]: Term 1 pre-election: Requested pre-vote from peers 3b217a135438461a92af851b0ff0e3b1 (127.11.224.1:60190), c8a139e6be04411cafa08fa475b4a949 (127.11.224.2:56141)
I0401 16:41:42.403504 14288 ts_tablet_manager.cc:1081] T c436001f027647dfa8569052010729a6 P c8a139e6be04411cafa08fa475b4a949: Time spent starting tablet: real 0.012s user 0.001s sys 0.001s
I0401 16:41:42.403764 14288 tablet_bootstrap.cc:439] T 265f9ab062db4a7993f0dec921bf7c89 P c8a139e6be04411cafa08fa475b4a949: Bootstrap starting.
I0401 16:41:42.404649 14286 tablet_bootstrap.cc:439] T 13a6988475ce40e693996f0f56711a1a P 3b217a135438461a92af851b0ff0e3b1: No bootstrap required, opened a new log
I0401 16:41:42.404811 14286 ts_tablet_manager.cc:1053] T 13a6988475ce40e693996f0f56711a1a P 3b217a135438461a92af851b0ff0e3b1: Time spent bootstrapping tablet: real 0.024s user 0.001s sys 0.006s
I0401 16:41:42.405498 14288 tablet_bootstrap.cc:590] T 265f9ab062db4a7993f0dec921bf7c89 P c8a139e6be04411cafa08fa475b4a949: No blocks or log segments found. Creating new log.
I0401 16:41:42.406163 14286 raft_consensus.cc:340] T 13a6988475ce40e693996f0f56711a1a P 3b217a135438461a92af851b0ff0e3b1 [term 0 FOLLOWER]: Replica starting. Triggering 0 pending transactions. Active config: opid_index: -1 OBSOLETE_local: false peers { permanent_uuid: "c8a139e6be04411cafa08fa475b4a949" member_type: VOTER last_known_addr { host: "127.11.224.2" port: 56141 } } peers { permanent_uuid: "3b217a135438461a92af851b0ff0e3b1" member_type: VOTER last_known_addr { host: "127.11.224.1" port: 60190 } } peers { permanent_uuid: "7f56a852ff774ae3bf4b2db3fdd9e794" member_type: VOTER last_known_addr { host: "127.11.224.3" port: 41734 } }
I0401 16:41:42.406474 14286 raft_consensus.cc:366] T 13a6988475ce40e693996f0f56711a1a P 3b217a135438461a92af851b0ff0e3b1 [term 0 FOLLOWER]: Consensus starting up: Expiring failure detector timer to make a prompt election more likely
I0401 16:41:42.406518 14286 raft_consensus.cc:705] T 13a6988475ce40e693996f0f56711a1a P 3b217a135438461a92af851b0ff0e3b1 [term 0 FOLLOWER]: Becoming Follower/Learner. State: Replica: 3b217a135438461a92af851b0ff0e3b1, State: Initialized, Role: FOLLOWER
I0401 16:41:42.406744 14289 tablet_bootstrap.cc:590] T d854a8d5225f43a7a40cfcec0bd9c1d5 P 7f56a852ff774ae3bf4b2db3fdd9e794: No blocks or log segments found. Creating new log.
I0401 16:41:42.406731 14286 consensus_queue.cc:229] T 13a6988475ce40e693996f0f56711a1a P 3b217a135438461a92af851b0ff0e3b1 [NON_LEADER]: Queue going to NON_LEADER mode. State: All replicated index: 0, Majority replicated index: 0, Committed index: 0, Last appended: 0.0, Last appended by leader: 0, Current term: 0, Majority size: -1, State: 0, Mode: NON_LEADER, active raft config: opid_index: -1 OBSOLETE_local: false peers { permanent_uuid: "c8a139e6be04411cafa08fa475b4a949" member_type: VOTER last_known_addr { host: "127.11.224.2" port: 56141 } } peers { permanent_uuid: "3b217a135438461a92af851b0ff0e3b1" member_type: VOTER last_known_addr { host: "127.11.224.1" port: 60190 } } peers { permanent_uuid: "7f56a852ff774ae3bf4b2db3fdd9e794" member_type: VOTER last_known_addr { host: "127.11.224.3" port: 41734 } }
I0401 16:41:42.411026 14286 ts_tablet_manager.cc:1081] T 13a6988475ce40e693996f0f56711a1a P 3b217a135438461a92af851b0ff0e3b1: Time spent starting tablet: real 0.006s user 0.002s sys 0.000s
I0401 16:41:42.411265 14286 tablet_bootstrap.cc:439] T b037d993bb1c4d0e973c88f5232fcec4 P 3b217a135438461a92af851b0ff0e3b1: Bootstrap starting.
I0401 16:41:42.412858 14288 tablet_bootstrap.cc:439] T 265f9ab062db4a7993f0dec921bf7c89 P c8a139e6be04411cafa08fa475b4a949: No bootstrap required, opened a new log
I0401 16:41:42.412966 14288 ts_tablet_manager.cc:1053] T 265f9ab062db4a7993f0dec921bf7c89 P c8a139e6be04411cafa08fa475b4a949: Time spent bootstrapping tablet: real 0.009s user 0.003s sys 0.001s
I0401 16:41:42.415180 14288 raft_consensus.cc:340] T 265f9ab062db4a7993f0dec921bf7c89 P c8a139e6be04411cafa08fa475b4a949 [term 0 FOLLOWER]: Replica starting. Triggering 0 pending transactions. Active config: opid_index: -1 OBSOLETE_local: false peers { permanent_uuid: "3b217a135438461a92af851b0ff0e3b1" member_type: VOTER last_known_addr { host: "127.11.224.1" port: 60190 } } peers { permanent_uuid: "c8a139e6be04411cafa08fa475b4a949" member_type: VOTER last_known_addr { host: "127.11.224.2" port: 56141 } } peers { permanent_uuid: "7f56a852ff774ae3bf4b2db3fdd9e794" member_type: VOTER last_known_addr { host: "127.11.224.3" port: 41734 } }
I0401 16:41:42.415297 14288 raft_consensus.cc:366] T 265f9ab062db4a7993f0dec921bf7c89 P c8a139e6be04411cafa08fa475b4a949 [term 0 FOLLOWER]: Consensus starting up: Expiring failure detector timer to make a prompt election more likely
I0401 16:41:42.415318 14288 raft_consensus.cc:705] T 265f9ab062db4a7993f0dec921bf7c89 P c8a139e6be04411cafa08fa475b4a949 [term 0 FOLLOWER]: Becoming Follower/Learner. State: Replica: c8a139e6be04411cafa08fa475b4a949, State: Initialized, Role: FOLLOWER
I0401 16:41:42.417752 14289 tablet_bootstrap.cc:439] T d854a8d5225f43a7a40cfcec0bd9c1d5 P 7f56a852ff774ae3bf4b2db3fdd9e794: No bootstrap required, opened a new log
I0401 16:41:42.417865 14289 ts_tablet_manager.cc:1053] T d854a8d5225f43a7a40cfcec0bd9c1d5 P 7f56a852ff774ae3bf4b2db3fdd9e794: Time spent bootstrapping tablet: real 0.017s user 0.003s sys 0.002s
I0401 16:41:42.415457 14288 consensus_queue.cc:229] T 265f9ab062db4a7993f0dec921bf7c89 P c8a139e6be04411cafa08fa475b4a949 [NON_LEADER]: Queue going to NON_LEADER mode. State: All replicated index: 0, Majority replicated index: 0, Committed index: 0, Last appended: 0.0, Last appended by leader: 0, Current term: 0, Majority size: -1, State: 0, Mode: NON_LEADER, active raft config: opid_index: -1 OBSOLETE_local: false peers { permanent_uuid: "3b217a135438461a92af851b0ff0e3b1" member_type: VOTER last_known_addr { host: "127.11.224.1" port: 60190 } } peers { permanent_uuid: "c8a139e6be04411cafa08fa475b4a949" member_type: VOTER last_known_addr { host: "127.11.224.2" port: 56141 } } peers { permanent_uuid: "7f56a852ff774ae3bf4b2db3fdd9e794" member_type: VOTER last_known_addr { host: "127.11.224.3" port: 41734 } }
I0401 16:41:42.419760 14090 tablet_service.cc:1276] Received RequestConsensusVote() RPC: tablet_id: "f7b07c95350a4913ac25ac4e7fe1d56f" candidate_uuid: "7f56a852ff774ae3bf4b2db3fdd9e794" candidate_term: 1 candidate_status { last_received { term: 0 index: 0 } } ignore_live_leader: false dest_uuid: "3b217a135438461a92af851b0ff0e3b1" is_pre_election: true
I0401 16:41:42.419940 14090 raft_consensus.cc:2346] T f7b07c95350a4913ac25ac4e7fe1d56f P 3b217a135438461a92af851b0ff0e3b1 [term 0 FOLLOWER]: Leader pre-election vote request: Granting yes vote for candidate 7f56a852ff774ae3bf4b2db3fdd9e794 in term 0.
I0401 16:41:42.420596 14204 leader_election.cc:310] T f7b07c95350a4913ac25ac4e7fe1d56f P 7f56a852ff774ae3bf4b2db3fdd9e794 [CANDIDATE]: Term 1 pre-election: Election decided. Result: candidate won. Election summary: received 2 responses out of 3 voters: 2 yes votes; 0 no votes. yes voters: 3b217a135438461a92af851b0ff0e3b1, 7f56a852ff774ae3bf4b2db3fdd9e794; no voters:
I0401 16:41:42.420891 14289 raft_consensus.cc:340] T d854a8d5225f43a7a40cfcec0bd9c1d5 P 7f56a852ff774ae3bf4b2db3fdd9e794 [term 0 FOLLOWER]: Replica starting. Triggering 0 pending transactions. Active config: opid_index: -1 OBSOLETE_local: false peers { permanent_uuid: "c8a139e6be04411cafa08fa475b4a949" member_type: VOTER last_known_addr { host: "127.11.224.2" port: 56141 } } peers { permanent_uuid: "3b217a135438461a92af851b0ff0e3b1" member_type: VOTER last_known_addr { host: "127.11.224.1" port: 60190 } } peers { permanent_uuid: "7f56a852ff774ae3bf4b2db3fdd9e794" member_type: VOTER last_known_addr { host: "127.11.224.3" port: 41734 } }
I0401 16:41:42.421002 14289 raft_consensus.cc:366] T d854a8d5225f43a7a40cfcec0bd9c1d5 P 7f56a852ff774ae3bf4b2db3fdd9e794 [term 0 FOLLOWER]: Consensus starting up: Expiring failure detector timer to make a prompt election more likely
I0401 16:41:42.421030 14289 raft_consensus.cc:705] T d854a8d5225f43a7a40cfcec0bd9c1d5 P 7f56a852ff774ae3bf4b2db3fdd9e794 [term 0 FOLLOWER]: Becoming Follower/Learner. State: Replica: 7f56a852ff774ae3bf4b2db3fdd9e794, State: Initialized, Role: FOLLOWER
I0401 16:41:42.421182 14289 consensus_queue.cc:229] T d854a8d5225f43a7a40cfcec0bd9c1d5 P 7f56a852ff774ae3bf4b2db3fdd9e794 [NON_LEADER]: Queue going to NON_LEADER mode. State: All replicated index: 0, Majority replicated index: 0, Committed index: 0, Last appended: 0.0, Last appended by leader: 0, Current term: 0, Majority size: -1, State: 0, Mode: NON_LEADER, active raft config: opid_index: -1 OBSOLETE_local: false peers { permanent_uuid: "c8a139e6be04411cafa08fa475b4a949" member_type: VOTER last_known_addr { host: "127.11.224.2" port: 56141 } } peers { permanent_uuid: "3b217a135438461a92af851b0ff0e3b1" member_type: VOTER last_known_addr { host: "127.11.224.1" port: 60190 } } peers { permanent_uuid: "7f56a852ff774ae3bf4b2db3fdd9e794" member_type: VOTER last_known_addr { host: "127.11.224.3" port: 41734 } }
I0401 16:41:42.421612 14289 ts_tablet_manager.cc:1081] T d854a8d5225f43a7a40cfcec0bd9c1d5 P 7f56a852ff774ae3bf4b2db3fdd9e794: Time spent starting tablet: real 0.004s user 0.001s sys 0.000s
I0401 16:41:42.421824 14289 tablet_bootstrap.cc:439] T 265f9ab062db4a7993f0dec921bf7c89 P 7f56a852ff774ae3bf4b2db3fdd9e794: Bootstrap starting.
I0401 16:41:42.422010 14288 ts_tablet_manager.cc:1081] T 265f9ab062db4a7993f0dec921bf7c89 P c8a139e6be04411cafa08fa475b4a949: Time spent starting tablet: real 0.009s user 0.002s sys 0.000s
I0401 16:41:42.422366 14288 tablet_bootstrap.cc:439] T 676a5ec766f84ebebe099001cd7401a9 P c8a139e6be04411cafa08fa475b4a949: Bootstrap starting.
I0401 16:41:42.423105 14316 raft_consensus.cc:2640] T f7b07c95350a4913ac25ac4e7fe1d56f P 7f56a852ff774ae3bf4b2db3fdd9e794 [term 0 FOLLOWER]: Leader pre-election won for term 1
I0401 16:41:42.423187 14316 raft_consensus.cc:472] T f7b07c95350a4913ac25ac4e7fe1d56f P 7f56a852ff774ae3bf4b2db3fdd9e794 [term 0 FOLLOWER]: Starting leader election (no leader contacted us within the election timeout)
I0401 16:41:42.424721 14316 raft_consensus.cc:2886] T f7b07c95350a4913ac25ac4e7fe1d56f P 7f56a852ff774ae3bf4b2db3fdd9e794 [term 0 FOLLOWER]: Advancing to term 1
I0401 16:41:42.419924 14089 tablet_service.cc:1276] Received RequestConsensusVote() RPC: tablet_id: "b037d993bb1c4d0e973c88f5232fcec4" candidate_uuid: "7f56a852ff774ae3bf4b2db3fdd9e794" candidate_term: 1 candidate_status { last_received { term: 0 index: 0 } } ignore_live_leader: false dest_uuid: "3b217a135438461a92af851b0ff0e3b1" is_pre_election: true
W0401 16:41:42.428542 14204 leader_election.cc:348] T b037d993bb1c4d0e973c88f5232fcec4 P 7f56a852ff774ae3bf4b2db3fdd9e794 [CANDIDATE]: Term 1 pre-election: Tablet error from VoteRequest() call to peer 3b217a135438461a92af851b0ff0e3b1 (127.11.224.1:60190): Illegal state: must be running to vote when last-logged opid is not known
I0401 16:41:42.432235 14286 tablet_bootstrap.cc:590] T b037d993bb1c4d0e973c88f5232fcec4 P 3b217a135438461a92af851b0ff0e3b1: No blocks or log segments found. Creating new log.
I0401 16:41:42.433784 14164 tablet_service.cc:1276] Received RequestConsensusVote() RPC: tablet_id: "f7b07c95350a4913ac25ac4e7fe1d56f" candidate_uuid: "7f56a852ff774ae3bf4b2db3fdd9e794" candidate_term: 1 candidate_status { last_received { term: 0 index: 0 } } ignore_live_leader: false dest_uuid: "c8a139e6be04411cafa08fa475b4a949" is_pre_election: true
I0401 16:41:42.434048 14164 raft_consensus.cc:2346] T f7b07c95350a4913ac25ac4e7fe1d56f P c8a139e6be04411cafa08fa475b4a949 [term 0 FOLLOWER]: Leader pre-election vote request: Granting yes vote for candidate 7f56a852ff774ae3bf4b2db3fdd9e794 in term 0.
I0401 16:41:42.434190 14163 tablet_service.cc:1276] Received RequestConsensusVote() RPC: tablet_id: "b037d993bb1c4d0e973c88f5232fcec4" candidate_uuid: "7f56a852ff774ae3bf4b2db3fdd9e794" candidate_term: 1 candidate_status { last_received { term: 0 index: 0 } } ignore_live_leader: false dest_uuid: "c8a139e6be04411cafa08fa475b4a949" is_pre_election: true
I0401 16:41:42.434645 14163 raft_consensus.cc:2346] T b037d993bb1c4d0e973c88f5232fcec4 P c8a139e6be04411cafa08fa475b4a949 [term 0 FOLLOWER]: Leader pre-election vote request: Granting yes vote for candidate 7f56a852ff774ae3bf4b2db3fdd9e794 in term 0.
I0401 16:41:42.434931 14207 leader_election.cc:310] T b037d993bb1c4d0e973c88f5232fcec4 P 7f56a852ff774ae3bf4b2db3fdd9e794 [CANDIDATE]: Term 1 pre-election: Election decided. Result: candidate won. Election summary: received 3 responses out of 3 voters: 2 yes votes; 1 no votes. yes voters: 7f56a852ff774ae3bf4b2db3fdd9e794, c8a139e6be04411cafa08fa475b4a949; no voters: 3b217a135438461a92af851b0ff0e3b1
I0401 16:41:42.435461 14295 raft_consensus.cc:2640] T b037d993bb1c4d0e973c88f5232fcec4 P 7f56a852ff774ae3bf4b2db3fdd9e794 [term 0 FOLLOWER]: Leader pre-election won for term 1
I0401 16:41:42.435513 14295 raft_consensus.cc:472] T b037d993bb1c4d0e973c88f5232fcec4 P 7f56a852ff774ae3bf4b2db3fdd9e794 [term 0 FOLLOWER]: Starting leader election (no leader contacted us within the election timeout)
I0401 16:41:42.435557 14295 raft_consensus.cc:2886] T b037d993bb1c4d0e973c88f5232fcec4 P 7f56a852ff774ae3bf4b2db3fdd9e794 [term 0 FOLLOWER]: Advancing to term 1
I0401 16:41:42.438979 14288 tablet_bootstrap.cc:590] T 676a5ec766f84ebebe099001cd7401a9 P c8a139e6be04411cafa08fa475b4a949: No blocks or log segments found. Creating new log.
I0401 16:41:42.439831 14295 raft_consensus.cc:494] T b037d993bb1c4d0e973c88f5232fcec4 P 7f56a852ff774ae3bf4b2db3fdd9e794 [term 1 FOLLOWER]: Starting leader election with config: opid_index: -1 OBSOLETE_local: false peers { permanent_uuid: "3b217a135438461a92af851b0ff0e3b1" member_type: VOTER last_known_addr { host: "127.11.224.1" port: 60190 } } peers { permanent_uuid: "c8a139e6be04411cafa08fa475b4a949" member_type: VOTER last_known_addr { host: "127.11.224.2" port: 56141 } } peers { permanent_uuid: "7f56a852ff774ae3bf4b2db3fdd9e794" member_type: VOTER last_known_addr { host: "127.11.224.3" port: 41734 } }
I0401 16:41:42.440492 14289 tablet_bootstrap.cc:590] T 265f9ab062db4a7993f0dec921bf7c89 P 7f56a852ff774ae3bf4b2db3fdd9e794: No blocks or log segments found. Creating new log.
I0401 16:41:42.441066 14295 leader_election.cc:296] T b037d993bb1c4d0e973c88f5232fcec4 P 7f56a852ff774ae3bf4b2db3fdd9e794 [CANDIDATE]: Term 1 election: Requested vote from peers 3b217a135438461a92af851b0ff0e3b1 (127.11.224.1:60190), c8a139e6be04411cafa08fa475b4a949 (127.11.224.2:56141)
I0401 16:41:42.441362 14089 tablet_service.cc:1276] Received RequestConsensusVote() RPC: tablet_id: "b037d993bb1c4d0e973c88f5232fcec4" candidate_uuid: "7f56a852ff774ae3bf4b2db3fdd9e794" candidate_term: 1 candidate_status { last_received { term: 0 index: 0 } } ignore_live_leader: false dest_uuid: "3b217a135438461a92af851b0ff0e3b1"
I0401 16:41:42.441581 14163 tablet_service.cc:1276] Received RequestConsensusVote() RPC: tablet_id: "b037d993bb1c4d0e973c88f5232fcec4" candidate_uuid: "7f56a852ff774ae3bf4b2db3fdd9e794" candidate_term: 1 candidate_status { last_received { term: 0 index: 0 } } ignore_live_leader: false dest_uuid: "c8a139e6be04411cafa08fa475b4a949"
I0401 16:41:42.441695 14163 raft_consensus.cc:2886] T b037d993bb1c4d0e973c88f5232fcec4 P c8a139e6be04411cafa08fa475b4a949 [term 0 FOLLOWER]: Advancing to term 1
W0401 16:41:42.441768 14204 leader_election.cc:348] T b037d993bb1c4d0e973c88f5232fcec4 P 7f56a852ff774ae3bf4b2db3fdd9e794 [CANDIDATE]: Term 1 election: Tablet error from VoteRequest() call to peer 3b217a135438461a92af851b0ff0e3b1 (127.11.224.1:60190): Illegal state: must be running to vote when last-logged opid is not known
I0401 16:41:42.445372 14316 raft_consensus.cc:494] T f7b07c95350a4913ac25ac4e7fe1d56f P 7f56a852ff774ae3bf4b2db3fdd9e794 [term 1 FOLLOWER]: Starting leader election with config: opid_index: -1 OBSOLETE_local: false peers { permanent_uuid: "3b217a135438461a92af851b0ff0e3b1" member_type: VOTER last_known_addr { host: "127.11.224.1" port: 60190 } } peers { permanent_uuid: "c8a139e6be04411cafa08fa475b4a949" member_type: VOTER last_known_addr { host: "127.11.224.2" port: 56141 } } peers { permanent_uuid: "7f56a852ff774ae3bf4b2db3fdd9e794" member_type: VOTER last_known_addr { host: "127.11.224.3" port: 41734 } }
I0401 16:41:42.446280 14316 leader_election.cc:296] T f7b07c95350a4913ac25ac4e7fe1d56f P 7f56a852ff774ae3bf4b2db3fdd9e794 [CANDIDATE]: Term 1 election: Requested vote from peers 3b217a135438461a92af851b0ff0e3b1 (127.11.224.1:60190), c8a139e6be04411cafa08fa475b4a949 (127.11.224.2:56141)
I0401 16:41:42.446569 14089 tablet_service.cc:1276] Received RequestConsensusVote() RPC: tablet_id: "f7b07c95350a4913ac25ac4e7fe1d56f" candidate_uuid: "7f56a852ff774ae3bf4b2db3fdd9e794" candidate_term: 1 candidate_status { last_received { term: 0 index: 0 } } ignore_live_leader: false dest_uuid: "3b217a135438461a92af851b0ff0e3b1"
I0401 16:41:42.446692 14089 raft_consensus.cc:2886] T f7b07c95350a4913ac25ac4e7fe1d56f P 3b217a135438461a92af851b0ff0e3b1 [term 0 FOLLOWER]: Advancing to term 1
I0401 16:41:42.446810 14164 tablet_service.cc:1276] Received RequestConsensusVote() RPC: tablet_id: "f7b07c95350a4913ac25ac4e7fe1d56f" candidate_uuid: "7f56a852ff774ae3bf4b2db3fdd9e794" candidate_term: 1 candidate_status { last_received { term: 0 index: 0 } } ignore_live_leader: false dest_uuid: "c8a139e6be04411cafa08fa475b4a949"
I0401 16:41:42.446955 14164 raft_consensus.cc:2886] T f7b07c95350a4913ac25ac4e7fe1d56f P c8a139e6be04411cafa08fa475b4a949 [term 0 FOLLOWER]: Advancing to term 1
I0401 16:41:42.450889 14089 raft_consensus.cc:2346] T f7b07c95350a4913ac25ac4e7fe1d56f P 3b217a135438461a92af851b0ff0e3b1 [term 1 FOLLOWER]: Leader election vote request: Granting yes vote for candidate 7f56a852ff774ae3bf4b2db3fdd9e794 in term 1.
I0401 16:41:42.451232 14204 leader_election.cc:310] T f7b07c95350a4913ac25ac4e7fe1d56f P 7f56a852ff774ae3bf4b2db3fdd9e794 [CANDIDATE]: Term 1 election: Election decided. Result: candidate won. Election summary: received 2 responses out of 3 voters: 2 yes votes; 0 no votes. yes voters: 3b217a135438461a92af851b0ff0e3b1, 7f56a852ff774ae3bf4b2db3fdd9e794; no voters:
I0401 16:41:42.451467 14316 raft_consensus.cc:2640] T f7b07c95350a4913ac25ac4e7fe1d56f P 7f56a852ff774ae3bf4b2db3fdd9e794 [term 1 FOLLOWER]: Leader election won for term 1
I0401 16:41:42.451555 14316 raft_consensus.cc:667] T f7b07c95350a4913ac25ac4e7fe1d56f P 7f56a852ff774ae3bf4b2db3fdd9e794 [term 1 LEADER]: Becoming Leader. State: Replica: 7f56a852ff774ae3bf4b2db3fdd9e794, State: Running, Role: LEADER
I0401 16:41:42.451808 14163 raft_consensus.cc:2346] T b037d993bb1c4d0e973c88f5232fcec4 P c8a139e6be04411cafa08fa475b4a949 [term 1 FOLLOWER]: Leader election vote request: Granting yes vote for candidate 7f56a852ff774ae3bf4b2db3fdd9e794 in term 1.
I0401 16:41:42.451877 14316 consensus_queue.cc:206] T f7b07c95350a4913ac25ac4e7fe1d56f P 7f56a852ff774ae3bf4b2db3fdd9e794 [LEADER]: Queue going to LEADER mode. State: All replicated index: 0, Majority replicated index: 0, Committed index: 0, Last appended: 0.0, Last appended by leader: 0, Current term: 1, Majority size: 2, State: 0, Mode: LEADER, active raft config: opid_index: -1 OBSOLETE_local: false peers { permanent_uuid: "3b217a135438461a92af851b0ff0e3b1" member_type: VOTER last_known_addr { host: "127.11.224.1" port: 60190 } } peers { permanent_uuid: "c8a139e6be04411cafa08fa475b4a949" member_type: VOTER last_known_addr { host: "127.11.224.2" port: 56141 } } peers { permanent_uuid: "7f56a852ff774ae3bf4b2db3fdd9e794" member_type: VOTER last_known_addr { host: "127.11.224.3" port: 41734 } }
I0401 16:41:42.452178 14207 leader_election.cc:310] T b037d993bb1c4d0e973c88f5232fcec4 P 7f56a852ff774ae3bf4b2db3fdd9e794 [CANDIDATE]: Term 1 election: Election decided. Result: candidate won. Election summary: received 3 responses out of 3 voters: 2 yes votes; 1 no votes. yes voters: 7f56a852ff774ae3bf4b2db3fdd9e794, c8a139e6be04411cafa08fa475b4a949; no voters: 3b217a135438461a92af851b0ff0e3b1
I0401 16:41:42.452682 14295 raft_consensus.cc:2640] T b037d993bb1c4d0e973c88f5232fcec4 P 7f56a852ff774ae3bf4b2db3fdd9e794 [term 1 FOLLOWER]: Leader election won for term 1
I0401 16:41:42.452749 14295 raft_consensus.cc:667] T b037d993bb1c4d0e973c88f5232fcec4 P 7f56a852ff774ae3bf4b2db3fdd9e794 [term 1 LEADER]: Becoming Leader. State: Replica: 7f56a852ff774ae3bf4b2db3fdd9e794, State: Running, Role: LEADER
I0401 16:41:42.453541 14295 consensus_queue.cc:206] T b037d993bb1c4d0e973c88f5232fcec4 P 7f56a852ff774ae3bf4b2db3fdd9e794 [LEADER]: Queue going to LEADER mode. State: All replicated index: 0, Majority replicated index: 0, Committed index: 0, Last appended: 0.0, Last appended by leader: 0, Current term: 1, Majority size: 2, State: 0, Mode: LEADER, active raft config: opid_index: -1 OBSOLETE_local: false peers { permanent_uuid: "3b217a135438461a92af851b0ff0e3b1" member_type: VOTER last_known_addr { host: "127.11.224.1" port: 60190 } } peers { permanent_uuid: "c8a139e6be04411cafa08fa475b4a949" member_type: VOTER last_known_addr { host: "127.11.224.2" port: 56141 } } peers { permanent_uuid: "7f56a852ff774ae3bf4b2db3fdd9e794" member_type: VOTER last_known_addr { host: "127.11.224.3" port: 41734 } }
I0401 16:41:42.460677 14164 raft_consensus.cc:2346] T f7b07c95350a4913ac25ac4e7fe1d56f P c8a139e6be04411cafa08fa475b4a949 [term 1 FOLLOWER]: Leader election vote request: Granting yes vote for candidate 7f56a852ff774ae3bf4b2db3fdd9e794 in term 1.
I0401 16:41:42.463644 14295 raft_consensus.cc:472] T 676a5ec766f84ebebe099001cd7401a9 P 7f56a852ff774ae3bf4b2db3fdd9e794 [term 0 FOLLOWER]: Starting pre-election (no leader contacted us within the election timeout)
I0401 16:41:42.463730 14295 raft_consensus.cc:494] T 676a5ec766f84ebebe099001cd7401a9 P 7f56a852ff774ae3bf4b2db3fdd9e794 [term 0 FOLLOWER]: Starting pre-election with config: opid_index: -1 OBSOLETE_local: false peers { permanent_uuid: "3b217a135438461a92af851b0ff0e3b1" member_type: VOTER last_known_addr { host: "127.11.224.1" port: 60190 } } peers { permanent_uuid: "c8a139e6be04411cafa08fa475b4a949" member_type: VOTER last_known_addr { host: "127.11.224.2" port: 56141 } } peers { permanent_uuid: "7f56a852ff774ae3bf4b2db3fdd9e794" member_type: VOTER last_known_addr { host: "127.11.224.3" port: 41734 } }
I0401 16:41:42.465557 14288 tablet_bootstrap.cc:439] T 676a5ec766f84ebebe099001cd7401a9 P c8a139e6be04411cafa08fa475b4a949: No bootstrap required, opened a new log
I0401 16:41:42.465704 14288 ts_tablet_manager.cc:1053] T 676a5ec766f84ebebe099001cd7401a9 P c8a139e6be04411cafa08fa475b4a949: Time spent bootstrapping tablet: real 0.044s user 0.001s sys 0.007s
I0401 16:41:42.466289 14089 tablet_service.cc:1276] Received RequestConsensusVote() RPC: tablet_id: "676a5ec766f84ebebe099001cd7401a9" candidate_uuid: "7f56a852ff774ae3bf4b2db3fdd9e794" candidate_term: 1 candidate_status { last_received { term: 0 index: 0 } } ignore_live_leader: false dest_uuid: "3b217a135438461a92af851b0ff0e3b1" is_pre_election: true
I0401 16:41:42.466455 14089 raft_consensus.cc:2346] T 676a5ec766f84ebebe099001cd7401a9 P 3b217a135438461a92af851b0ff0e3b1 [term 0 FOLLOWER]: Leader pre-election vote request: Granting yes vote for candidate 7f56a852ff774ae3bf4b2db3fdd9e794 in term 0.
I0401 16:41:42.466727 14204 leader_election.cc:310] T 676a5ec766f84ebebe099001cd7401a9 P 7f56a852ff774ae3bf4b2db3fdd9e794 [CANDIDATE]: Term 1 pre-election: Election decided. Result: candidate won. Election summary: received 2 responses out of 3 voters: 2 yes votes; 0 no votes. yes voters: 3b217a135438461a92af851b0ff0e3b1, 7f56a852ff774ae3bf4b2db3fdd9e794; no voters:
I0401 16:41:42.465299 13888 catalog_manager.cc:3977] T f7b07c95350a4913ac25ac4e7fe1d56f P 7f56a852ff774ae3bf4b2db3fdd9e794 reported cstate change: term changed from 0 to 1, leader changed from to 7f56a852ff774ae3bf4b2db3fdd9e794 (127.11.224.3). New cstate: current_term: 1 leader_uuid: "7f56a852ff774ae3bf4b2db3fdd9e794" committed_config { opid_index: -1 OBSOLETE_local: false peers { permanent_uuid: "3b217a135438461a92af851b0ff0e3b1" member_type: VOTER last_known_addr { host: "127.11.224.1" port: 60190 } health_report { overall_health: UNKNOWN } } peers { permanent_uuid: "c8a139e6be04411cafa08fa475b4a949" member_type: VOTER last_known_addr { host: "127.11.224.2" port: 56141 } health_report { overall_health: UNKNOWN } } peers { permanent_uuid: "7f56a852ff774ae3bf4b2db3fdd9e794" member_type: VOTER last_known_addr { host: "127.11.224.3" port: 41734 } health_report { overall_health: HEALTHY } } }
I0401 16:41:42.467131 14295 leader_election.cc:296] T 676a5ec766f84ebebe099001cd7401a9 P 7f56a852ff774ae3bf4b2db3fdd9e794 [CANDIDATE]: Term 1 pre-election: Requested pre-vote from peers 3b217a135438461a92af851b0ff0e3b1 (127.11.224.1:60190), c8a139e6be04411cafa08fa475b4a949 (127.11.224.2:56141)
I0401 16:41:42.467232 14295 raft_consensus.cc:2640] T 676a5ec766f84ebebe099001cd7401a9 P 7f56a852ff774ae3bf4b2db3fdd9e794 [term 0 FOLLOWER]: Leader pre-election won for term 1
I0401 16:41:42.467175 14288 raft_consensus.cc:340] T 676a5ec766f84ebebe099001cd7401a9 P c8a139e6be04411cafa08fa475b4a949 [term 0 FOLLOWER]: Replica starting. Triggering 0 pending transactions. Active config: opid_index: -1 OBSOLETE_local: false peers { permanent_uuid: "3b217a135438461a92af851b0ff0e3b1" member_type: VOTER last_known_addr { host: "127.11.224.1" port: 60190 } } peers { permanent_uuid: "c8a139e6be04411cafa08fa475b4a949" member_type: VOTER last_known_addr { host: "127.11.224.2" port: 56141 } } peers { permanent_uuid: "7f56a852ff774ae3bf4b2db3fdd9e794" member_type: VOTER last_known_addr { host: "127.11.224.3" port: 41734 } }
I0401 16:41:42.467293 14295 raft_consensus.cc:472] T 676a5ec766f84ebebe099001cd7401a9 P 7f56a852ff774ae3bf4b2db3fdd9e794 [term 0 FOLLOWER]: Starting leader election (no leader contacted us within the election timeout)
I0401 16:41:42.467358 14295 raft_consensus.cc:2886] T 676a5ec766f84ebebe099001cd7401a9 P 7f56a852ff774ae3bf4b2db3fdd9e794 [term 0 FOLLOWER]: Advancing to term 1
I0401 16:41:42.468221 14289 tablet_bootstrap.cc:439] T 265f9ab062db4a7993f0dec921bf7c89 P 7f56a852ff774ae3bf4b2db3fdd9e794: No bootstrap required, opened a new log
I0401 16:41:42.468327 14289 ts_tablet_manager.cc:1053] T 265f9ab062db4a7993f0dec921bf7c89 P 7f56a852ff774ae3bf4b2db3fdd9e794: Time spent bootstrapping tablet: real 0.047s user 0.002s sys 0.005s
I0401 16:41:42.470050 14288 raft_consensus.cc:366] T 676a5ec766f84ebebe099001cd7401a9 P c8a139e6be04411cafa08fa475b4a949 [term 0 FOLLOWER]: Consensus starting up: Expiring failure detector timer to make a prompt election more likely
I0401 16:41:42.470126 14288 raft_consensus.cc:705] T 676a5ec766f84ebebe099001cd7401a9 P c8a139e6be04411cafa08fa475b4a949 [term 0 FOLLOWER]: Becoming Follower/Learner. State: Replica: c8a139e6be04411cafa08fa475b4a949, State: Initialized, Role: FOLLOWER
I0401 16:41:42.472416 14290 raft_consensus.cc:472] T f3a8c8f94f44477aa2aba69e0834cd23 P 3b217a135438461a92af851b0ff0e3b1 [term 0 FOLLOWER]: Starting pre-election (no leader contacted us within the election timeout)
I0401 16:41:42.471302 14164 tablet_service.cc:1276] Received RequestConsensusVote() RPC: tablet_id: "676a5ec766f84ebebe099001cd7401a9" candidate_uuid: "7f56a852ff774ae3bf4b2db3fdd9e794" candidate_term: 1 candidate_status { last_received { term: 0 index: 0 } } ignore_live_leader: false dest_uuid: "c8a139e6be04411cafa08fa475b4a949" is_pre_election: true
I0401 16:41:42.472501 14290 raft_consensus.cc:494] T f3a8c8f94f44477aa2aba69e0834cd23 P 3b217a135438461a92af851b0ff0e3b1 [term 0 FOLLOWER]: Starting pre-election with config: opid_index: -1 OBSOLETE_local: false peers { permanent_uuid: "3b217a135438461a92af851b0ff0e3b1" member_type: VOTER last_known_addr { host: "127.11.224.1" port: 60190 } } peers { permanent_uuid: "c8a139e6be04411cafa08fa475b4a949" member_type: VOTER last_known_addr { host: "127.11.224.2" port: 56141 } } peers { permanent_uuid: "7f56a852ff774ae3bf4b2db3fdd9e794" member_type: VOTER last_known_addr { host: "127.11.224.3" port: 41734 } }
I0401 16:41:42.473323 14290 leader_election.cc:296] T f3a8c8f94f44477aa2aba69e0834cd23 P 3b217a135438461a92af851b0ff0e3b1 [CANDIDATE]: Term 1 pre-election: Requested pre-vote from peers c8a139e6be04411cafa08fa475b4a949 (127.11.224.2:56141), 7f56a852ff774ae3bf4b2db3fdd9e794 (127.11.224.3:41734)
I0401 16:41:42.473881 14243 tablet_service.cc:1276] Received RequestConsensusVote() RPC: tablet_id: "f3a8c8f94f44477aa2aba69e0834cd23" candidate_uuid: "3b217a135438461a92af851b0ff0e3b1" candidate_term: 1 candidate_status { last_received { term: 0 index: 0 } } ignore_live_leader: false dest_uuid: "7f56a852ff774ae3bf4b2db3fdd9e794" is_pre_election: true
I0401 16:41:42.474799 14290 raft_consensus.cc:472] T 265f9ab062db4a7993f0dec921bf7c89 P 3b217a135438461a92af851b0ff0e3b1 [term 0 FOLLOWER]: Starting pre-election (no leader contacted us within the election timeout)
I0401 16:41:42.474558 14163 tablet_service.cc:1276] Received RequestConsensusVote() RPC: tablet_id: "f3a8c8f94f44477aa2aba69e0834cd23" candidate_uuid: "3b217a135438461a92af851b0ff0e3b1" candidate_term: 1 candidate_status { last_received { term: 0 index: 0 } } ignore_live_leader: false dest_uuid: "c8a139e6be04411cafa08fa475b4a949" is_pre_election: true
I0401 16:41:42.474905 14290 raft_consensus.cc:494] T 265f9ab062db4a7993f0dec921bf7c89 P 3b217a135438461a92af851b0ff0e3b1 [term 0 FOLLOWER]: Starting pre-election with config: opid_index: -1 OBSOLETE_local: false peers { permanent_uuid: "3b217a135438461a92af851b0ff0e3b1" member_type: VOTER last_known_addr { host: "127.11.224.1" port: 60190 } } peers { permanent_uuid: "c8a139e6be04411cafa08fa475b4a949" member_type: VOTER last_known_addr { host: "127.11.224.2" port: 56141 } } peers { permanent_uuid: "7f56a852ff774ae3bf4b2db3fdd9e794" member_type: VOTER last_known_addr { host: "127.11.224.3" port: 41734 } }
I0401 16:41:42.475395 14286 tablet_bootstrap.cc:439] T b037d993bb1c4d0e973c88f5232fcec4 P 3b217a135438461a92af851b0ff0e3b1: No bootstrap required, opened a new log
W0401 16:41:42.475518 14054 leader_election.cc:348] T f3a8c8f94f44477aa2aba69e0834cd23 P 3b217a135438461a92af851b0ff0e3b1 [CANDIDATE]: Term 1 pre-election: Tablet error from VoteRequest() call to peer c8a139e6be04411cafa08fa475b4a949 (127.11.224.2:56141): Illegal state: must be running to vote when last-logged opid is not known
I0401 16:41:42.475689 14290 leader_election.cc:296] T 265f9ab062db4a7993f0dec921bf7c89 P 3b217a135438461a92af851b0ff0e3b1 [CANDIDATE]: Term 1 pre-election: Requested pre-vote from peers c8a139e6be04411cafa08fa475b4a949 (127.11.224.2:56141), 7f56a852ff774ae3bf4b2db3fdd9e794 (127.11.224.3:41734)
I0401 16:41:42.475477 13890 catalog_manager.cc:3977] T b037d993bb1c4d0e973c88f5232fcec4 P 7f56a852ff774ae3bf4b2db3fdd9e794 reported cstate change: term changed from 0 to 1, leader changed from to 7f56a852ff774ae3bf4b2db3fdd9e794 (127.11.224.3). New cstate: current_term: 1 leader_uuid: "7f56a852ff774ae3bf4b2db3fdd9e794" committed_config { opid_index: -1 OBSOLETE_local: false peers { permanent_uuid: "3b217a135438461a92af851b0ff0e3b1" member_type: VOTER last_known_addr { host: "127.11.224.1" port: 60190 } health_report { overall_health: UNKNOWN } } peers { permanent_uuid: "c8a139e6be04411cafa08fa475b4a949" member_type: VOTER last_known_addr { host: "127.11.224.2" port: 56141 } health_report { overall_health: UNKNOWN } } peers { permanent_uuid: "7f56a852ff774ae3bf4b2db3fdd9e794" member_type: VOTER last_known_addr { host: "127.11.224.3" port: 41734 } health_report { overall_health: HEALTHY } } }
I0401 16:41:42.475963 14286 ts_tablet_manager.cc:1053] T b037d993bb1c4d0e973c88f5232fcec4 P 3b217a135438461a92af851b0ff0e3b1: Time spent bootstrapping tablet: real 0.065s user 0.003s sys 0.014s
I0401 16:41:42.474130 14243 raft_consensus.cc:2346] T f3a8c8f94f44477aa2aba69e0834cd23 P 7f56a852ff774ae3bf4b2db3fdd9e794 [term 0 FOLLOWER]: Leader pre-election vote request: Granting yes vote for candidate 3b217a135438461a92af851b0ff0e3b1 in term 0.
I0401 16:41:42.476541 14051 leader_election.cc:310] T f3a8c8f94f44477aa2aba69e0834cd23 P 3b217a135438461a92af851b0ff0e3b1 [CANDIDATE]: Term 1 pre-election: Election decided. Result: candidate won. Election summary: received 3 responses out of 3 voters: 2 yes votes; 1 no votes. yes voters: 3b217a135438461a92af851b0ff0e3b1, 7f56a852ff774ae3bf4b2db3fdd9e794; no voters: c8a139e6be04411cafa08fa475b4a949
I0401 16:41:42.476593 14163 tablet_service.cc:1276] Received RequestConsensusVote() RPC: tablet_id: "265f9ab062db4a7993f0dec921bf7c89" candidate_uuid: "3b217a135438461a92af851b0ff0e3b1" candidate_term: 1 candidate_status { last_received { term: 0 index: 0 } } ignore_live_leader: false dest_uuid: "c8a139e6be04411cafa08fa475b4a949" is_pre_election: true
I0401 16:41:42.476728 14163 raft_consensus.cc:2346] T 265f9ab062db4a7993f0dec921bf7c89 P c8a139e6be04411cafa08fa475b4a949 [term 0 FOLLOWER]: Leader pre-election vote request: Granting yes vote for candidate 3b217a135438461a92af851b0ff0e3b1 in term 0.
I0401 16:41:42.476894 14290 raft_consensus.cc:2640] T f3a8c8f94f44477aa2aba69e0834cd23 P 3b217a135438461a92af851b0ff0e3b1 [term 0 FOLLOWER]: Leader pre-election won for term 1
I0401 16:41:42.476938 14290 raft_consensus.cc:472] T f3a8c8f94f44477aa2aba69e0834cd23 P 3b217a135438461a92af851b0ff0e3b1 [term 0 FOLLOWER]: Starting leader election (no leader contacted us within the election timeout)
I0401 16:41:42.476982 14290 raft_consensus.cc:2886] T f3a8c8f94f44477aa2aba69e0834cd23 P 3b217a135438461a92af851b0ff0e3b1 [term 0 FOLLOWER]: Advancing to term 1
I0401 16:41:42.477077 14054 leader_election.cc:310] T 265f9ab062db4a7993f0dec921bf7c89 P 3b217a135438461a92af851b0ff0e3b1 [CANDIDATE]: Term 1 pre-election: Election decided. Result: candidate won. Election summary: received 2 responses out of 3 voters: 2 yes votes; 0 no votes. yes voters: 3b217a135438461a92af851b0ff0e3b1, c8a139e6be04411cafa08fa475b4a949; no voters:
I0401 16:41:42.477010 14289 raft_consensus.cc:340] T 265f9ab062db4a7993f0dec921bf7c89 P 7f56a852ff774ae3bf4b2db3fdd9e794 [term 0 FOLLOWER]: Replica starting. Triggering 0 pending transactions. Active config: opid_index: -1 OBSOLETE_local: false peers { permanent_uuid: "3b217a135438461a92af851b0ff0e3b1" member_type: VOTER last_known_addr { host: "127.11.224.1" port: 60190 } } peers { permanent_uuid: "c8a139e6be04411cafa08fa475b4a949" member_type: VOTER last_known_addr { host: "127.11.224.2" port: 56141 } } peers { permanent_uuid: "7f56a852ff774ae3bf4b2db3fdd9e794" member_type: VOTER last_known_addr { host: "127.11.224.3" port: 41734 } }
I0401 16:41:42.477159 14289 raft_consensus.cc:366] T 265f9ab062db4a7993f0dec921bf7c89 P 7f56a852ff774ae3bf4b2db3fdd9e794 [term 0 FOLLOWER]: Consensus starting up: Expiring failure detector timer to make a prompt election more likely
I0401 16:41:42.477190 14289 raft_consensus.cc:705] T 265f9ab062db4a7993f0dec921bf7c89 P 7f56a852ff774ae3bf4b2db3fdd9e794 [term 0 FOLLOWER]: Becoming Follower/Learner. State: Replica: 7f56a852ff774ae3bf4b2db3fdd9e794, State: Initialized, Role: FOLLOWER
I0401 16:41:42.471632 14288 consensus_queue.cc:229] T 676a5ec766f84ebebe099001cd7401a9 P c8a139e6be04411cafa08fa475b4a949 [NON_LEADER]: Queue going to NON_LEADER mode. State: All replicated index: 0, Majority replicated index: 0, Committed index: 0, Last appended: 0.0, Last appended by leader: 0, Current term: 0, Majority size: -1, State: 0, Mode: NON_LEADER, active raft config: opid_index: -1 OBSOLETE_local: false peers { permanent_uuid: "3b217a135438461a92af851b0ff0e3b1" member_type: VOTER last_known_addr { host: "127.11.224.1" port: 60190 } } peers { permanent_uuid: "c8a139e6be04411cafa08fa475b4a949" member_type: VOTER last_known_addr { host: "127.11.224.2" port: 56141 } } peers { permanent_uuid: "7f56a852ff774ae3bf4b2db3fdd9e794" member_type: VOTER last_known_addr { host: "127.11.224.3" port: 41734 } }
I0401 16:41:42.478211 14164 raft_consensus.cc:2346] T 676a5ec766f84ebebe099001cd7401a9 P c8a139e6be04411cafa08fa475b4a949 [term 0 FOLLOWER]: Leader pre-election vote request: Granting yes vote for candidate 7f56a852ff774ae3bf4b2db3fdd9e794 in term 0.
I0401 16:41:42.478636 14288 ts_tablet_manager.cc:1081] T 676a5ec766f84ebebe099001cd7401a9 P c8a139e6be04411cafa08fa475b4a949: Time spent starting tablet: real 0.013s user 0.001s sys 0.001s
I0401 16:41:42.478843 14288 tablet_bootstrap.cc:439] T f3a8c8f94f44477aa2aba69e0834cd23 P c8a139e6be04411cafa08fa475b4a949: Bootstrap starting.
I0401 16:41:42.480747 14295 raft_consensus.cc:494] T 676a5ec766f84ebebe099001cd7401a9 P 7f56a852ff774ae3bf4b2db3fdd9e794 [term 1 FOLLOWER]: Starting leader election with config: opid_index: -1 OBSOLETE_local: false peers { permanent_uuid: "3b217a135438461a92af851b0ff0e3b1" member_type: VOTER last_known_addr { host: "127.11.224.1" port: 60190 } } peers { permanent_uuid: "c8a139e6be04411cafa08fa475b4a949" member_type: VOTER last_known_addr { host: "127.11.224.2" port: 56141 } } peers { permanent_uuid: "7f56a852ff774ae3bf4b2db3fdd9e794" member_type: VOTER last_known_addr { host: "127.11.224.3" port: 41734 } }
I0401 16:41:42.477360 14289 consensus_queue.cc:229] T 265f9ab062db4a7993f0dec921bf7c89 P 7f56a852ff774ae3bf4b2db3fdd9e794 [NON_LEADER]: Queue going to NON_LEADER mode. State: All replicated index: 0, Majority replicated index: 0, Committed index: 0, Last appended: 0.0, Last appended by leader: 0, Current term: 0, Majority size: -1, State: 0, Mode: NON_LEADER, active raft config: opid_index: -1 OBSOLETE_local: false peers { permanent_uuid: "3b217a135438461a92af851b0ff0e3b1" member_type: VOTER last_known_addr { host: "127.11.224.1" port: 60190 } } peers { permanent_uuid: "c8a139e6be04411cafa08fa475b4a949" member_type: VOTER last_known_addr { host: "127.11.224.2" port: 56141 } } peers { permanent_uuid: "7f56a852ff774ae3bf4b2db3fdd9e794" member_type: VOTER last_known_addr { host: "127.11.224.3" port: 41734 } }
I0401 16:41:42.476542 14242 tablet_service.cc:1276] Received RequestConsensusVote() RPC: tablet_id: "265f9ab062db4a7993f0dec921bf7c89" candidate_uuid: "3b217a135438461a92af851b0ff0e3b1" candidate_term: 1 candidate_status { last_received { term: 0 index: 0 } } ignore_live_leader: false dest_uuid: "7f56a852ff774ae3bf4b2db3fdd9e794" is_pre_election: true
I0401 16:41:42.482084 14242 raft_consensus.cc:2346] T 265f9ab062db4a7993f0dec921bf7c89 P 7f56a852ff774ae3bf4b2db3fdd9e794 [term 0 FOLLOWER]: Leader pre-election vote request: Granting yes vote for candidate 3b217a135438461a92af851b0ff0e3b1 in term 0.
I0401 16:41:42.483060 14295 leader_election.cc:296] T 676a5ec766f84ebebe099001cd7401a9 P 7f56a852ff774ae3bf4b2db3fdd9e794 [CANDIDATE]: Term 1 election: Requested vote from peers 3b217a135438461a92af851b0ff0e3b1 (127.11.224.1:60190), c8a139e6be04411cafa08fa475b4a949 (127.11.224.2:56141)
I0401 16:41:42.483445 14286 raft_consensus.cc:340] T b037d993bb1c4d0e973c88f5232fcec4 P 3b217a135438461a92af851b0ff0e3b1 [term 0 FOLLOWER]: Replica starting. Triggering 0 pending transactions. Active config: opid_index: -1 OBSOLETE_local: false peers { permanent_uuid: "3b217a135438461a92af851b0ff0e3b1" member_type: VOTER last_known_addr { host: "127.11.224.1" port: 60190 } } peers { permanent_uuid: "c8a139e6be04411cafa08fa475b4a949" member_type: VOTER last_known_addr { host: "127.11.224.2" port: 56141 } } peers { permanent_uuid: "7f56a852ff774ae3bf4b2db3fdd9e794" member_type: VOTER last_known_addr { host: "127.11.224.3" port: 41734 } }
I0401 16:41:42.483677 14289 ts_tablet_manager.cc:1081] T 265f9ab062db4a7993f0dec921bf7c89 P 7f56a852ff774ae3bf4b2db3fdd9e794: Time spent starting tablet: real 0.015s user 0.002s sys 0.000s
I0401 16:41:42.483692 14286 raft_consensus.cc:366] T b037d993bb1c4d0e973c88f5232fcec4 P 3b217a135438461a92af851b0ff0e3b1 [term 0 FOLLOWER]: Consensus starting up: Expiring failure detector timer to make a prompt election more likely
I0401 16:41:42.484025 14286 raft_consensus.cc:705] T b037d993bb1c4d0e973c88f5232fcec4 P 3b217a135438461a92af851b0ff0e3b1 [term 0 FOLLOWER]: Becoming Follower/Learner. State: Replica: 3b217a135438461a92af851b0ff0e3b1, State: Initialized, Role: FOLLOWER
I0401 16:41:42.484230 14289 tablet_bootstrap.cc:439] T 25462a2724aa4e57b7b90498c8c2fade P 7f56a852ff774ae3bf4b2db3fdd9e794: Bootstrap starting.
I0401 16:41:42.484176 14286 consensus_queue.cc:229] T b037d993bb1c4d0e973c88f5232fcec4 P 3b217a135438461a92af851b0ff0e3b1 [NON_LEADER]: Queue going to NON_LEADER mode. State: All replicated index: 0, Majority replicated index: 0, Committed index: 0, Last appended: 0.0, Last appended by leader: 0, Current term: 0, Majority size: -1, State: 0, Mode: NON_LEADER, active raft config: opid_index: -1 OBSOLETE_local: false peers { permanent_uuid: "3b217a135438461a92af851b0ff0e3b1" member_type: VOTER last_known_addr { host: "127.11.224.1" port: 60190 } } peers { permanent_uuid: "c8a139e6be04411cafa08fa475b4a949" member_type: VOTER last_known_addr { host: "127.11.224.2" port: 56141 } } peers { permanent_uuid: "7f56a852ff774ae3bf4b2db3fdd9e794" member_type: VOTER last_known_addr { host: "127.11.224.3" port: 41734 } }
I0401 16:41:42.486879 14295 raft_consensus.cc:472] T 97c087eb8f4a49a8aab7f45d389073bd P 7f56a852ff774ae3bf4b2db3fdd9e794 [term 0 FOLLOWER]: Starting pre-election (no leader contacted us within the election timeout)
I0401 16:41:42.483764 14164 tablet_service.cc:1276] Received RequestConsensusVote() RPC: tablet_id: "676a5ec766f84ebebe099001cd7401a9" candidate_uuid: "7f56a852ff774ae3bf4b2db3fdd9e794" candidate_term: 1 candidate_status { last_received { term: 0 index: 0 } } ignore_live_leader: false dest_uuid: "c8a139e6be04411cafa08fa475b4a949"
I0401 16:41:42.489063 14164 raft_consensus.cc:2886] T 676a5ec766f84ebebe099001cd7401a9 P c8a139e6be04411cafa08fa475b4a949 [term 0 FOLLOWER]: Advancing to term 1
I0401 16:41:42.486989 14295 raft_consensus.cc:494] T 97c087eb8f4a49a8aab7f45d389073bd P 7f56a852ff774ae3bf4b2db3fdd9e794 [term 0 FOLLOWER]: Starting pre-election with config: opid_index: -1 OBSOLETE_local: false peers { permanent_uuid: "3b217a135438461a92af851b0ff0e3b1" member_type: VOTER last_known_addr { host: "127.11.224.1" port: 60190 } } peers { permanent_uuid: "c8a139e6be04411cafa08fa475b4a949" member_type: VOTER last_known_addr { host: "127.11.224.2" port: 56141 } } peers { permanent_uuid: "7f56a852ff774ae3bf4b2db3fdd9e794" member_type: VOTER last_known_addr { host: "127.11.224.3" port: 41734 } }
I0401 16:41:42.493815 14294 raft_consensus.cc:472] T 97c087eb8f4a49a8aab7f45d389073bd P c8a139e6be04411cafa08fa475b4a949 [term 0 FOLLOWER]: Starting pre-election (no leader contacted us within the election timeout)
