I0401 16:41:49.565013 15824 leader_election.cc:310] T 9996ab620dac4416b7773a41827de2b2 P c49eacb8125f47b5a28548c823edfbf3 [CANDIDATE]: Term 1 election: Election decided. Result: candidate won. Election summary: received 2 responses out of 3 voters: 2 yes votes; 0 no votes. yes voters: c389c480349f4579bf5e70301b6d4517, c49eacb8125f47b5a28548c823edfbf3; no voters:
I0401 16:41:49.565243 15994 raft_consensus.cc:2640] T 9996ab620dac4416b7773a41827de2b2 P c49eacb8125f47b5a28548c823edfbf3 [term 1 FOLLOWER]: Leader election won for term 1
I0401 16:41:49.565352 15994 raft_consensus.cc:667] T 9996ab620dac4416b7773a41827de2b2 P c49eacb8125f47b5a28548c823edfbf3 [term 1 LEADER]: Becoming Leader. State: Replica: c49eacb8125f47b5a28548c823edfbf3, State: Running, Role: LEADER
I0401 16:41:49.565526 15994 consensus_queue.cc:206] T 9996ab620dac4416b7773a41827de2b2 P c49eacb8125f47b5a28548c823edfbf3 [LEADER]: Queue going to LEADER mode. State: All replicated index: 0, Majority replicated index: 0, Committed index: 0, Last appended: 0.0, Last appended by leader: 0, Current term: 1, Majority size: 2, State: 0, Mode: LEADER, active raft config: opid_index: -1 OBSOLETE_local: false peers { permanent_uuid: "c49eacb8125f47b5a28548c823edfbf3" member_type: VOTER last_known_addr { host: "127.11.224.2" port: 54037 } } peers { permanent_uuid: "c389c480349f4579bf5e70301b6d4517" member_type: VOTER last_known_addr { host: "127.11.224.1" port: 33095 } } peers { permanent_uuid: "30b08c36fa41460b84546af2b84601ac" member_type: VOTER last_known_addr { host: "127.11.224.3" port: 58821 } }
I0401 16:41:49.568097 15589 catalog_manager.cc:3977] T 9996ab620dac4416b7773a41827de2b2 P c49eacb8125f47b5a28548c823edfbf3 reported cstate change: term changed from 0 to 1, leader changed from to c49eacb8125f47b5a28548c823edfbf3 (127.11.224.2). New cstate: current_term: 1 leader_uuid: "c49eacb8125f47b5a28548c823edfbf3" committed_config { opid_index: -1 OBSOLETE_local: false peers { permanent_uuid: "c49eacb8125f47b5a28548c823edfbf3" member_type: VOTER last_known_addr { host: "127.11.224.2" port: 54037 } health_report { overall_health: HEALTHY } } peers { permanent_uuid: "c389c480349f4579bf5e70301b6d4517" member_type: VOTER last_known_addr { host: "127.11.224.1" port: 33095 } health_report { overall_health: UNKNOWN } } peers { permanent_uuid: "30b08c36fa41460b84546af2b84601ac" member_type: VOTER last_known_addr { host: "127.11.224.3" port: 58821 } health_report { overall_health: UNKNOWN } } }
I0401 16:41:49.573530 15994 raft_consensus.cc:472] T 1d488bd237df4d8693644e766b14820f P c49eacb8125f47b5a28548c823edfbf3 [term 0 FOLLOWER]: Starting pre-election (no leader contacted us within the election timeout)
I0401 16:41:49.573616 15994 raft_consensus.cc:494] T 1d488bd237df4d8693644e766b14820f P c49eacb8125f47b5a28548c823edfbf3 [term 0 FOLLOWER]: Starting pre-election with config: opid_index: -1 OBSOLETE_local: false peers { permanent_uuid: "c389c480349f4579bf5e70301b6d4517" member_type: VOTER last_known_addr { host: "127.11.224.1" port: 33095 } } peers { permanent_uuid: "c49eacb8125f47b5a28548c823edfbf3" member_type: VOTER last_known_addr { host: "127.11.224.2" port: 54037 } } peers { permanent_uuid: "30b08c36fa41460b84546af2b84601ac" member_type: VOTER last_known_addr { host: "127.11.224.3" port: 58821 } }
I0401 16:41:49.574529 15994 leader_election.cc:296] T 1d488bd237df4d8693644e766b14820f P c49eacb8125f47b5a28548c823edfbf3 [CANDIDATE]: Term 1 pre-election: Requested pre-vote from peers c389c480349f4579bf5e70301b6d4517 (127.11.224.1:33095), 30b08c36fa41460b84546af2b84601ac (127.11.224.3:58821)
I0401 16:41:49.574805 15788 tablet_service.cc:1276] Received RequestConsensusVote() RPC: tablet_id: "1d488bd237df4d8693644e766b14820f" candidate_uuid: "c49eacb8125f47b5a28548c823edfbf3" candidate_term: 1 candidate_status { last_received { term: 0 index: 0 } } ignore_live_leader: false dest_uuid: "c389c480349f4579bf5e70301b6d4517" is_pre_election: true
I0401 16:41:49.574957 15788 raft_consensus.cc:2276] T 1d488bd237df4d8693644e766b14820f P c389c480349f4579bf5e70301b6d4517 [term 1 FOLLOWER]: Leader pre-election vote request: Denying vote to candidate c49eacb8125f47b5a28548c823edfbf3 in current term 1: Already voted for candidate 30b08c36fa41460b84546af2b84601ac in this term.
I0401 16:41:49.574913 15942 tablet_service.cc:1276] Received RequestConsensusVote() RPC: tablet_id: "1d488bd237df4d8693644e766b14820f" candidate_uuid: "c49eacb8125f47b5a28548c823edfbf3" candidate_term: 1 candidate_status { last_received { term: 0 index: 0 } } ignore_live_leader: false dest_uuid: "30b08c36fa41460b84546af2b84601ac" is_pre_election: true
I0401 16:41:49.575054 15942 raft_consensus.cc:2307] T 1d488bd237df4d8693644e766b14820f P 30b08c36fa41460b84546af2b84601ac [term 1 LEADER]: Leader pre-election vote request: Denying vote to candidate c49eacb8125f47b5a28548c823edfbf3 for term 1 because replica is either leader or believes a valid leader to be alive.
I0401 16:41:49.575388 15827 leader_election.cc:310] T 1d488bd237df4d8693644e766b14820f P c49eacb8125f47b5a28548c823edfbf3 [CANDIDATE]: Term 1 pre-election: Election decided. Result: candidate lost. Election summary: received 3 responses out of 3 voters: 1 yes votes; 2 no votes. yes voters: c49eacb8125f47b5a28548c823edfbf3; no voters: 30b08c36fa41460b84546af2b84601ac, c389c480349f4579bf5e70301b6d4517
I0401 16:41:49.575574 15994 raft_consensus.cc:2886] T 1d488bd237df4d8693644e766b14820f P c49eacb8125f47b5a28548c823edfbf3 [term 0 FOLLOWER]: Advancing to term 1
I0401 16:41:49.576869 15994 raft_consensus.cc:2588] T 1d488bd237df4d8693644e766b14820f P c49eacb8125f47b5a28548c823edfbf3 [term 1 FOLLOWER]: Leader pre-election lost for term 1. Reason: could not achieve majority
I0401 16:41:49.612001 15991 raft_consensus.cc:472] T c4f59507e08d48648f5f94ca5e6c5276 P c389c480349f4579bf5e70301b6d4517 [term 0 FOLLOWER]: Starting pre-election (no leader contacted us within the election timeout)
I0401 16:41:49.612123 15991 raft_consensus.cc:494] T c4f59507e08d48648f5f94ca5e6c5276 P c389c480349f4579bf5e70301b6d4517 [term 0 FOLLOWER]: Starting pre-election with config: opid_index: -1 OBSOLETE_local: false peers { permanent_uuid: "c389c480349f4579bf5e70301b6d4517" member_type: VOTER last_known_addr { host: "127.11.224.1" port: 33095 } } peers { permanent_uuid: "c49eacb8125f47b5a28548c823edfbf3" member_type: VOTER last_known_addr { host: "127.11.224.2" port: 54037 } } peers { permanent_uuid: "30b08c36fa41460b84546af2b84601ac" member_type: VOTER last_known_addr { host: "127.11.224.3" port: 58821 } }
I0401 16:41:49.612876 15991 leader_election.cc:296] T c4f59507e08d48648f5f94ca5e6c5276 P c389c480349f4579bf5e70301b6d4517 [CANDIDATE]: Term 1 pre-election: Requested pre-vote from peers c49eacb8125f47b5a28548c823edfbf3 (127.11.224.2:54037), 30b08c36fa41460b84546af2b84601ac (127.11.224.3:58821)
I0401 16:41:49.613265 15942 tablet_service.cc:1276] Received RequestConsensusVote() RPC: tablet_id: "c4f59507e08d48648f5f94ca5e6c5276" candidate_uuid: "c389c480349f4579bf5e70301b6d4517" candidate_term: 1 candidate_status { last_received { term: 0 index: 0 } } ignore_live_leader: false dest_uuid: "30b08c36fa41460b84546af2b84601ac" is_pre_election: true
I0401 16:41:49.613265 15863 tablet_service.cc:1276] Received RequestConsensusVote() RPC: tablet_id: "c4f59507e08d48648f5f94ca5e6c5276" candidate_uuid: "c389c480349f4579bf5e70301b6d4517" candidate_term: 1 candidate_status { last_received { term: 0 index: 0 } } ignore_live_leader: false dest_uuid: "c49eacb8125f47b5a28548c823edfbf3" is_pre_election: true
I0401 16:41:49.613445 15942 raft_consensus.cc:2346] T c4f59507e08d48648f5f94ca5e6c5276 P 30b08c36fa41460b84546af2b84601ac [term 0 FOLLOWER]: Leader pre-election vote request: Granting yes vote for candidate c389c480349f4579bf5e70301b6d4517 in term 0.
I0401 16:41:49.613456 15863 raft_consensus.cc:2346] T c4f59507e08d48648f5f94ca5e6c5276 P c49eacb8125f47b5a28548c823edfbf3 [term 0 FOLLOWER]: Leader pre-election vote request: Granting yes vote for candidate c389c480349f4579bf5e70301b6d4517 in term 0.
I0401 16:41:49.613762 15753 leader_election.cc:310] T c4f59507e08d48648f5f94ca5e6c5276 P c389c480349f4579bf5e70301b6d4517 [CANDIDATE]: Term 1 pre-election: Election decided. Result: candidate won. Election summary: received 2 responses out of 3 voters: 2 yes votes; 0 no votes. yes voters: c389c480349f4579bf5e70301b6d4517, c49eacb8125f47b5a28548c823edfbf3; no voters:
I0401 16:41:49.613993 15991 raft_consensus.cc:2640] T c4f59507e08d48648f5f94ca5e6c5276 P c389c480349f4579bf5e70301b6d4517 [term 0 FOLLOWER]: Leader pre-election won for term 1
I0401 16:41:49.614034 15991 raft_consensus.cc:472] T c4f59507e08d48648f5f94ca5e6c5276 P c389c480349f4579bf5e70301b6d4517 [term 0 FOLLOWER]: Starting leader election (no leader contacted us within the election timeout)
I0401 16:41:49.614079 15991 raft_consensus.cc:2886] T c4f59507e08d48648f5f94ca5e6c5276 P c389c480349f4579bf5e70301b6d4517 [term 0 FOLLOWER]: Advancing to term 1
I0401 16:41:49.615993 15991 raft_consensus.cc:494] T c4f59507e08d48648f5f94ca5e6c5276 P c389c480349f4579bf5e70301b6d4517 [term 1 FOLLOWER]: Starting leader election with config: opid_index: -1 OBSOLETE_local: false peers { permanent_uuid: "c389c480349f4579bf5e70301b6d4517" member_type: VOTER last_known_addr { host: "127.11.224.1" port: 33095 } } peers { permanent_uuid: "c49eacb8125f47b5a28548c823edfbf3" member_type: VOTER last_known_addr { host: "127.11.224.2" port: 54037 } } peers { permanent_uuid: "30b08c36fa41460b84546af2b84601ac" member_type: VOTER last_known_addr { host: "127.11.224.3" port: 58821 } }
I0401 16:41:49.616704 15991 leader_election.cc:296] T c4f59507e08d48648f5f94ca5e6c5276 P c389c480349f4579bf5e70301b6d4517 [CANDIDATE]: Term 1 election: Requested vote from peers c49eacb8125f47b5a28548c823edfbf3 (127.11.224.2:54037), 30b08c36fa41460b84546af2b84601ac (127.11.224.3:58821)
I0401 16:41:49.617111 15863 tablet_service.cc:1276] Received RequestConsensusVote() RPC: tablet_id: "c4f59507e08d48648f5f94ca5e6c5276" candidate_uuid: "c389c480349f4579bf5e70301b6d4517" candidate_term: 1 candidate_status { last_received { term: 0 index: 0 } } ignore_live_leader: false dest_uuid: "c49eacb8125f47b5a28548c823edfbf3"
I0401 16:41:49.617230 15863 raft_consensus.cc:2886] T c4f59507e08d48648f5f94ca5e6c5276 P c49eacb8125f47b5a28548c823edfbf3 [term 0 FOLLOWER]: Advancing to term 1
I0401 16:41:49.617275 15942 tablet_service.cc:1276] Received RequestConsensusVote() RPC: tablet_id: "c4f59507e08d48648f5f94ca5e6c5276" candidate_uuid: "c389c480349f4579bf5e70301b6d4517" candidate_term: 1 candidate_status { last_received { term: 0 index: 0 } } ignore_live_leader: false dest_uuid: "30b08c36fa41460b84546af2b84601ac"
I0401 16:41:49.617403 15942 raft_consensus.cc:2886] T c4f59507e08d48648f5f94ca5e6c5276 P 30b08c36fa41460b84546af2b84601ac [term 0 FOLLOWER]: Advancing to term 1
I0401 16:41:49.619366 15942 raft_consensus.cc:2346] T c4f59507e08d48648f5f94ca5e6c5276 P 30b08c36fa41460b84546af2b84601ac [term 1 FOLLOWER]: Leader election vote request: Granting yes vote for candidate c389c480349f4579bf5e70301b6d4517 in term 1.
I0401 16:41:49.619441 15863 raft_consensus.cc:2346] T c4f59507e08d48648f5f94ca5e6c5276 P c49eacb8125f47b5a28548c823edfbf3 [term 1 FOLLOWER]: Leader election vote request: Granting yes vote for candidate c389c480349f4579bf5e70301b6d4517 in term 1.
I0401 16:41:49.619644 15753 leader_election.cc:310] T c4f59507e08d48648f5f94ca5e6c5276 P c389c480349f4579bf5e70301b6d4517 [CANDIDATE]: Term 1 election: Election decided. Result: candidate won. Election summary: received 2 responses out of 3 voters: 2 yes votes; 0 no votes. yes voters: 30b08c36fa41460b84546af2b84601ac, c389c480349f4579bf5e70301b6d4517; no voters:
I0401 16:41:49.619839 15994 raft_consensus.cc:472] T 49c29a4a9ce94cbcb08d3902882f3678 P c49eacb8125f47b5a28548c823edfbf3 [term 0 FOLLOWER]: Starting pre-election (no leader contacted us within the election timeout)
I0401 16:41:49.619879 15991 raft_consensus.cc:2640] T c4f59507e08d48648f5f94ca5e6c5276 P c389c480349f4579bf5e70301b6d4517 [term 1 FOLLOWER]: Leader election won for term 1
I0401 16:41:49.620026 15991 raft_consensus.cc:667] T c4f59507e08d48648f5f94ca5e6c5276 P c389c480349f4579bf5e70301b6d4517 [term 1 LEADER]: Becoming Leader. State: Replica: c389c480349f4579bf5e70301b6d4517, State: Running, Role: LEADER
I0401 16:41:49.619980 15994 raft_consensus.cc:494] T 49c29a4a9ce94cbcb08d3902882f3678 P c49eacb8125f47b5a28548c823edfbf3 [term 0 FOLLOWER]: Starting pre-election with config: opid_index: -1 OBSOLETE_local: false peers { permanent_uuid: "30b08c36fa41460b84546af2b84601ac" member_type: VOTER last_known_addr { host: "127.11.224.3" port: 58821 } } peers { permanent_uuid: "c49eacb8125f47b5a28548c823edfbf3" member_type: VOTER last_known_addr { host: "127.11.224.2" port: 54037 } } peers { permanent_uuid: "c389c480349f4579bf5e70301b6d4517" member_type: VOTER last_known_addr { host: "127.11.224.1" port: 33095 } }
I0401 16:41:49.620453 15991 consensus_queue.cc:206] T c4f59507e08d48648f5f94ca5e6c5276 P c389c480349f4579bf5e70301b6d4517 [LEADER]: Queue going to LEADER mode. State: All replicated index: 0, Majority replicated index: 0, Committed index: 0, Last appended: 0.0, Last appended by leader: 0, Current term: 1, Majority size: 2, State: 0, Mode: LEADER, active raft config: opid_index: -1 OBSOLETE_local: false peers { permanent_uuid: "c389c480349f4579bf5e70301b6d4517" member_type: VOTER last_known_addr { host: "127.11.224.1" port: 33095 } } peers { permanent_uuid: "c49eacb8125f47b5a28548c823edfbf3" member_type: VOTER last_known_addr { host: "127.11.224.2" port: 54037 } } peers { permanent_uuid: "30b08c36fa41460b84546af2b84601ac" member_type: VOTER last_known_addr { host: "127.11.224.3" port: 58821 } }
I0401 16:41:49.620607 15994 leader_election.cc:296] T 49c29a4a9ce94cbcb08d3902882f3678 P c49eacb8125f47b5a28548c823edfbf3 [CANDIDATE]: Term 1 pre-election: Requested pre-vote from peers 30b08c36fa41460b84546af2b84601ac (127.11.224.3:58821), c389c480349f4579bf5e70301b6d4517 (127.11.224.1:33095)
I0401 16:41:49.620936 15788 tablet_service.cc:1276] Received RequestConsensusVote() RPC: tablet_id: "49c29a4a9ce94cbcb08d3902882f3678" candidate_uuid: "c49eacb8125f47b5a28548c823edfbf3" candidate_term: 1 candidate_status { last_received { term: 0 index: 0 } } ignore_live_leader: false dest_uuid: "c389c480349f4579bf5e70301b6d4517" is_pre_election: true
I0401 16:41:49.621047 15788 raft_consensus.cc:2346] T 49c29a4a9ce94cbcb08d3902882f3678 P c389c480349f4579bf5e70301b6d4517 [term 0 FOLLOWER]: Leader pre-election vote request: Granting yes vote for candidate c49eacb8125f47b5a28548c823edfbf3 in term 0.
I0401 16:41:49.621126 15942 tablet_service.cc:1276] Received RequestConsensusVote() RPC: tablet_id: "49c29a4a9ce94cbcb08d3902882f3678" candidate_uuid: "c49eacb8125f47b5a28548c823edfbf3" candidate_term: 1 candidate_status { last_received { term: 0 index: 0 } } ignore_live_leader: false dest_uuid: "30b08c36fa41460b84546af2b84601ac" is_pre_election: true
I0401 16:41:49.621294 15824 leader_election.cc:310] T 49c29a4a9ce94cbcb08d3902882f3678 P c49eacb8125f47b5a28548c823edfbf3 [CANDIDATE]: Term 1 pre-election: Election decided. Result: candidate won. Election summary: received 2 responses out of 3 voters: 2 yes votes; 0 no votes. yes voters: c389c480349f4579bf5e70301b6d4517, c49eacb8125f47b5a28548c823edfbf3; no voters:
I0401 16:41:49.621399 15942 raft_consensus.cc:2346] T 49c29a4a9ce94cbcb08d3902882f3678 P 30b08c36fa41460b84546af2b84601ac [term 0 FOLLOWER]: Leader pre-election vote request: Granting yes vote for candidate c49eacb8125f47b5a28548c823edfbf3 in term 0.
I0401 16:41:49.621595 15994 raft_consensus.cc:2640] T 49c29a4a9ce94cbcb08d3902882f3678 P c49eacb8125f47b5a28548c823edfbf3 [term 0 FOLLOWER]: Leader pre-election won for term 1
I0401 16:41:49.621631 15994 raft_consensus.cc:472] T 49c29a4a9ce94cbcb08d3902882f3678 P c49eacb8125f47b5a28548c823edfbf3 [term 0 FOLLOWER]: Starting leader election (no leader contacted us within the election timeout)
I0401 16:41:49.621744 15994 raft_consensus.cc:2886] T 49c29a4a9ce94cbcb08d3902882f3678 P c49eacb8125f47b5a28548c823edfbf3 [term 0 FOLLOWER]: Advancing to term 1
I0401 16:41:49.622619 15588 catalog_manager.cc:3977] T c4f59507e08d48648f5f94ca5e6c5276 P c389c480349f4579bf5e70301b6d4517 reported cstate change: term changed from 0 to 1, leader changed from to c389c480349f4579bf5e70301b6d4517 (127.11.224.1). New cstate: current_term: 1 leader_uuid: "c389c480349f4579bf5e70301b6d4517" committed_config { opid_index: -1 OBSOLETE_local: false peers { permanent_uuid: "c389c480349f4579bf5e70301b6d4517" member_type: VOTER last_known_addr { host: "127.11.224.1" port: 33095 } health_report { overall_health: HEALTHY } } peers { permanent_uuid: "c49eacb8125f47b5a28548c823edfbf3" member_type: VOTER last_known_addr { host: "127.11.224.2" port: 54037 } health_report { overall_health: UNKNOWN } } peers { permanent_uuid: "30b08c36fa41460b84546af2b84601ac" member_type: VOTER last_known_addr { host: "127.11.224.3" port: 58821 } health_report { overall_health: UNKNOWN } } }
I0401 16:41:49.625741 15994 raft_consensus.cc:494] T 49c29a4a9ce94cbcb08d3902882f3678 P c49eacb8125f47b5a28548c823edfbf3 [term 1 FOLLOWER]: Starting leader election with config: opid_index: -1 OBSOLETE_local: false peers { permanent_uuid: "30b08c36fa41460b84546af2b84601ac" member_type: VOTER last_known_addr { host: "127.11.224.3" port: 58821 } } peers { permanent_uuid: "c49eacb8125f47b5a28548c823edfbf3" member_type: VOTER last_known_addr { host: "127.11.224.2" port: 54037 } } peers { permanent_uuid: "c389c480349f4579bf5e70301b6d4517" member_type: VOTER last_known_addr { host: "127.11.224.1" port: 33095 } }
I0401 16:41:49.628391 15942 tablet_service.cc:1276] Received RequestConsensusVote() RPC: tablet_id: "49c29a4a9ce94cbcb08d3902882f3678" candidate_uuid: "c49eacb8125f47b5a28548c823edfbf3" candidate_term: 1 candidate_status { last_received { term: 0 index: 0 } } ignore_live_leader: false dest_uuid: "30b08c36fa41460b84546af2b84601ac"
I0401 16:41:49.628584 15942 raft_consensus.cc:2886] T 49c29a4a9ce94cbcb08d3902882f3678 P 30b08c36fa41460b84546af2b84601ac [term 0 FOLLOWER]: Advancing to term 1
I0401 16:41:49.629113 15994 leader_election.cc:296] T 49c29a4a9ce94cbcb08d3902882f3678 P c49eacb8125f47b5a28548c823edfbf3 [CANDIDATE]: Term 1 election: Requested vote from peers 30b08c36fa41460b84546af2b84601ac (127.11.224.3:58821), c389c480349f4579bf5e70301b6d4517 (127.11.224.1:33095)
I0401 16:41:49.629679 15788 tablet_service.cc:1276] Received RequestConsensusVote() RPC: tablet_id: "49c29a4a9ce94cbcb08d3902882f3678" candidate_uuid: "c49eacb8125f47b5a28548c823edfbf3" candidate_term: 1 candidate_status { last_received { term: 0 index: 0 } } ignore_live_leader: false dest_uuid: "c389c480349f4579bf5e70301b6d4517"
I0401 16:41:49.629822 15788 raft_consensus.cc:2886] T 49c29a4a9ce94cbcb08d3902882f3678 P c389c480349f4579bf5e70301b6d4517 [term 0 FOLLOWER]: Advancing to term 1
I0401 16:41:49.631408 15942 raft_consensus.cc:2346] T 49c29a4a9ce94cbcb08d3902882f3678 P 30b08c36fa41460b84546af2b84601ac [term 1 FOLLOWER]: Leader election vote request: Granting yes vote for candidate c49eacb8125f47b5a28548c823edfbf3 in term 1.
I0401 16:41:49.631780 15827 leader_election.cc:310] T 49c29a4a9ce94cbcb08d3902882f3678 P c49eacb8125f47b5a28548c823edfbf3 [CANDIDATE]: Term 1 election: Election decided. Result: candidate won. Election summary: received 2 responses out of 3 voters: 2 yes votes; 0 no votes. yes voters: 30b08c36fa41460b84546af2b84601ac, c49eacb8125f47b5a28548c823edfbf3; no voters:
I0401 16:41:49.632092 15788 raft_consensus.cc:2346] T 49c29a4a9ce94cbcb08d3902882f3678 P c389c480349f4579bf5e70301b6d4517 [term 1 FOLLOWER]: Leader election vote request: Granting yes vote for candidate c49eacb8125f47b5a28548c823edfbf3 in term 1.
I0401 16:41:49.632105 15994 raft_consensus.cc:2640] T 49c29a4a9ce94cbcb08d3902882f3678 P c49eacb8125f47b5a28548c823edfbf3 [term 1 FOLLOWER]: Leader election won for term 1
I0401 16:41:49.632237 15994 raft_consensus.cc:667] T 49c29a4a9ce94cbcb08d3902882f3678 P c49eacb8125f47b5a28548c823edfbf3 [term 1 LEADER]: Becoming Leader. State: Replica: c49eacb8125f47b5a28548c823edfbf3, State: Running, Role: LEADER
I0401 16:41:49.632694 15994 consensus_queue.cc:206] T 49c29a4a9ce94cbcb08d3902882f3678 P c49eacb8125f47b5a28548c823edfbf3 [LEADER]: Queue going to LEADER mode. State: All replicated index: 0, Majority replicated index: 0, Committed index: 0, Last appended: 0.0, Last appended by leader: 0, Current term: 1, Majority size: 2, State: 0, Mode: LEADER, active raft config: opid_index: -1 OBSOLETE_local: false peers { permanent_uuid: "30b08c36fa41460b84546af2b84601ac" member_type: VOTER last_known_addr { host: "127.11.224.3" port: 58821 } } peers { permanent_uuid: "c49eacb8125f47b5a28548c823edfbf3" member_type: VOTER last_known_addr { host: "127.11.224.2" port: 54037 } } peers { permanent_uuid: "c389c480349f4579bf5e70301b6d4517" member_type: VOTER last_known_addr { host: "127.11.224.1" port: 33095 } }
I0401 16:41:49.635470 15589 catalog_manager.cc:3977] T 49c29a4a9ce94cbcb08d3902882f3678 P c49eacb8125f47b5a28548c823edfbf3 reported cstate change: term changed from 0 to 1, leader changed from to c49eacb8125f47b5a28548c823edfbf3 (127.11.224.2). New cstate: current_term: 1 leader_uuid: "c49eacb8125f47b5a28548c823edfbf3" committed_config { opid_index: -1 OBSOLETE_local: false peers { permanent_uuid: "30b08c36fa41460b84546af2b84601ac" member_type: VOTER last_known_addr { host: "127.11.224.3" port: 58821 } health_report { overall_health: UNKNOWN } } peers { permanent_uuid: "c49eacb8125f47b5a28548c823edfbf3" member_type: VOTER last_known_addr { host: "127.11.224.2" port: 54037 } health_report { overall_health: HEALTHY } } peers { permanent_uuid: "c389c480349f4579bf5e70301b6d4517" member_type: VOTER last_known_addr { host: "127.11.224.1" port: 33095 } health_report { overall_health: UNKNOWN } } }
I0401 16:41:49.660729 15993 raft_consensus.cc:472] T d2920637aa6b4c3c8a9ecf286fd9792e P 30b08c36fa41460b84546af2b84601ac [term 0 FOLLOWER]: Starting pre-election (no leader contacted us within the election timeout)
I0401 16:41:49.660883 15993 raft_consensus.cc:494] T d2920637aa6b4c3c8a9ecf286fd9792e P 30b08c36fa41460b84546af2b84601ac [term 0 FOLLOWER]: Starting pre-election with config: opid_index: -1 OBSOLETE_local: false peers { permanent_uuid: "c389c480349f4579bf5e70301b6d4517" member_type: VOTER last_known_addr { host: "127.11.224.1" port: 33095 } } peers { permanent_uuid: "c49eacb8125f47b5a28548c823edfbf3" member_type: VOTER last_known_addr { host: "127.11.224.2" port: 54037 } } peers { permanent_uuid: "30b08c36fa41460b84546af2b84601ac" member_type: VOTER last_known_addr { host: "127.11.224.3" port: 58821 } }
I0401 16:41:49.661671 15993 leader_election.cc:296] T d2920637aa6b4c3c8a9ecf286fd9792e P 30b08c36fa41460b84546af2b84601ac [CANDIDATE]: Term 1 pre-election: Requested pre-vote from peers c389c480349f4579bf5e70301b6d4517 (127.11.224.1:33095), c49eacb8125f47b5a28548c823edfbf3 (127.11.224.2:54037)
I0401 16:41:49.662200 15788 tablet_service.cc:1276] Received RequestConsensusVote() RPC: tablet_id: "d2920637aa6b4c3c8a9ecf286fd9792e" candidate_uuid: "30b08c36fa41460b84546af2b84601ac" candidate_term: 1 candidate_status { last_received { term: 0 index: 0 } } ignore_live_leader: false dest_uuid: "c389c480349f4579bf5e70301b6d4517" is_pre_election: true
I0401 16:41:49.662384 15788 raft_consensus.cc:2346] T d2920637aa6b4c3c8a9ecf286fd9792e P c389c480349f4579bf5e70301b6d4517 [term 0 FOLLOWER]: Leader pre-election vote request: Granting yes vote for candidate 30b08c36fa41460b84546af2b84601ac in term 0.
I0401 16:41:49.662812 15903 leader_election.cc:310] T d2920637aa6b4c3c8a9ecf286fd9792e P 30b08c36fa41460b84546af2b84601ac [CANDIDATE]: Term 1 pre-election: Election decided. Result: candidate won. Election summary: received 2 responses out of 3 voters: 2 yes votes; 0 no votes. yes voters: 30b08c36fa41460b84546af2b84601ac, c389c480349f4579bf5e70301b6d4517; no voters:
I0401 16:41:49.662977 15863 tablet_service.cc:1276] Received RequestConsensusVote() RPC: tablet_id: "d2920637aa6b4c3c8a9ecf286fd9792e" candidate_uuid: "30b08c36fa41460b84546af2b84601ac" candidate_term: 1 candidate_status { last_received { term: 0 index: 0 } } ignore_live_leader: false dest_uuid: "c49eacb8125f47b5a28548c823edfbf3" is_pre_election: true
I0401 16:41:49.663110 15863 raft_consensus.cc:2346] T d2920637aa6b4c3c8a9ecf286fd9792e P c49eacb8125f47b5a28548c823edfbf3 [term 0 FOLLOWER]: Leader pre-election vote request: Granting yes vote for candidate 30b08c36fa41460b84546af2b84601ac in term 0.
I0401 16:41:49.663157 15993 raft_consensus.cc:2640] T d2920637aa6b4c3c8a9ecf286fd9792e P 30b08c36fa41460b84546af2b84601ac [term 0 FOLLOWER]: Leader pre-election won for term 1
I0401 16:41:49.663203 15993 raft_consensus.cc:472] T d2920637aa6b4c3c8a9ecf286fd9792e P 30b08c36fa41460b84546af2b84601ac [term 0 FOLLOWER]: Starting leader election (no leader contacted us within the election timeout)
I0401 16:41:49.663255 15993 raft_consensus.cc:2886] T d2920637aa6b4c3c8a9ecf286fd9792e P 30b08c36fa41460b84546af2b84601ac [term 0 FOLLOWER]: Advancing to term 1
I0401 16:41:49.665382 15993 raft_consensus.cc:494] T d2920637aa6b4c3c8a9ecf286fd9792e P 30b08c36fa41460b84546af2b84601ac [term 1 FOLLOWER]: Starting leader election with config: opid_index: -1 OBSOLETE_local: false peers { permanent_uuid: "c389c480349f4579bf5e70301b6d4517" member_type: VOTER last_known_addr { host: "127.11.224.1" port: 33095 } } peers { permanent_uuid: "c49eacb8125f47b5a28548c823edfbf3" member_type: VOTER last_known_addr { host: "127.11.224.2" port: 54037 } } peers { permanent_uuid: "30b08c36fa41460b84546af2b84601ac" member_type: VOTER last_known_addr { host: "127.11.224.3" port: 58821 } }
I0401 16:41:49.665982 15993 leader_election.cc:296] T d2920637aa6b4c3c8a9ecf286fd9792e P 30b08c36fa41460b84546af2b84601ac [CANDIDATE]: Term 1 election: Requested vote from peers c389c480349f4579bf5e70301b6d4517 (127.11.224.1:33095), c49eacb8125f47b5a28548c823edfbf3 (127.11.224.2:54037)
I0401 16:41:49.666311 15788 tablet_service.cc:1276] Received RequestConsensusVote() RPC: tablet_id: "d2920637aa6b4c3c8a9ecf286fd9792e" candidate_uuid: "30b08c36fa41460b84546af2b84601ac" candidate_term: 1 candidate_status { last_received { term: 0 index: 0 } } ignore_live_leader: false dest_uuid: "c389c480349f4579bf5e70301b6d4517"
I0401 16:41:49.666352 15863 tablet_service.cc:1276] Received RequestConsensusVote() RPC: tablet_id: "d2920637aa6b4c3c8a9ecf286fd9792e" candidate_uuid: "30b08c36fa41460b84546af2b84601ac" candidate_term: 1 candidate_status { last_received { term: 0 index: 0 } } ignore_live_leader: false dest_uuid: "c49eacb8125f47b5a28548c823edfbf3"
I0401 16:41:49.666422 15788 raft_consensus.cc:2886] T d2920637aa6b4c3c8a9ecf286fd9792e P c389c480349f4579bf5e70301b6d4517 [term 0 FOLLOWER]: Advancing to term 1
I0401 16:41:49.666455 15863 raft_consensus.cc:2886] T d2920637aa6b4c3c8a9ecf286fd9792e P c49eacb8125f47b5a28548c823edfbf3 [term 0 FOLLOWER]: Advancing to term 1
I0401 16:41:49.667743 15863 raft_consensus.cc:2346] T d2920637aa6b4c3c8a9ecf286fd9792e P c49eacb8125f47b5a28548c823edfbf3 [term 1 FOLLOWER]: Leader election vote request: Granting yes vote for candidate 30b08c36fa41460b84546af2b84601ac in term 1.
I0401 16:41:49.667868 15788 raft_consensus.cc:2346] T d2920637aa6b4c3c8a9ecf286fd9792e P c389c480349f4579bf5e70301b6d4517 [term 1 FOLLOWER]: Leader election vote request: Granting yes vote for candidate 30b08c36fa41460b84546af2b84601ac in term 1.
I0401 16:41:49.668129 15903 leader_election.cc:310] T d2920637aa6b4c3c8a9ecf286fd9792e P 30b08c36fa41460b84546af2b84601ac [CANDIDATE]: Term 1 election: Election decided. Result: candidate won. Election summary: received 2 responses out of 3 voters: 2 yes votes; 0 no votes. yes voters: 30b08c36fa41460b84546af2b84601ac, c389c480349f4579bf5e70301b6d4517; no voters:
I0401 16:41:49.668406 15993 raft_consensus.cc:2640] T d2920637aa6b4c3c8a9ecf286fd9792e P 30b08c36fa41460b84546af2b84601ac [term 1 FOLLOWER]: Leader election won for term 1
I0401 16:41:49.668537 15993 raft_consensus.cc:667] T d2920637aa6b4c3c8a9ecf286fd9792e P 30b08c36fa41460b84546af2b84601ac [term 1 LEADER]: Becoming Leader. State: Replica: 30b08c36fa41460b84546af2b84601ac, State: Running, Role: LEADER
I0401 16:41:49.668781 15993 consensus_queue.cc:206] T d2920637aa6b4c3c8a9ecf286fd9792e P 30b08c36fa41460b84546af2b84601ac [LEADER]: Queue going to LEADER mode. State: All replicated index: 0, Majority replicated index: 0, Committed index: 0, Last appended: 0.0, Last appended by leader: 0, Current term: 1, Majority size: 2, State: 0, Mode: LEADER, active raft config: opid_index: -1 OBSOLETE_local: false peers { permanent_uuid: "c389c480349f4579bf5e70301b6d4517" member_type: VOTER last_known_addr { host: "127.11.224.1" port: 33095 } } peers { permanent_uuid: "c49eacb8125f47b5a28548c823edfbf3" member_type: VOTER last_known_addr { host: "127.11.224.2" port: 54037 } } peers { permanent_uuid: "30b08c36fa41460b84546af2b84601ac" member_type: VOTER last_known_addr { host: "127.11.224.3" port: 58821 } }
I0401 16:41:49.671444 15589 catalog_manager.cc:3977] T d2920637aa6b4c3c8a9ecf286fd9792e P 30b08c36fa41460b84546af2b84601ac reported cstate change: term changed from 0 to 1, leader changed from to 30b08c36fa41460b84546af2b84601ac (127.11.224.3). New cstate: current_term: 1 leader_uuid: "30b08c36fa41460b84546af2b84601ac" committed_config { opid_index: -1 OBSOLETE_local: false peers { permanent_uuid: "c389c480349f4579bf5e70301b6d4517" member_type: VOTER last_known_addr { host: "127.11.224.1" port: 33095 } health_report { overall_health: UNKNOWN } } peers { permanent_uuid: "c49eacb8125f47b5a28548c823edfbf3" member_type: VOTER last_known_addr { host: "127.11.224.2" port: 54037 } health_report { overall_health: UNKNOWN } } peers { permanent_uuid: "30b08c36fa41460b84546af2b84601ac" member_type: VOTER last_known_addr { host: "127.11.224.3" port: 58821 } health_report { overall_health: HEALTHY } } }
I0401 16:41:49.704840 15993 raft_consensus.cc:472] T 4d3a78e5d640469bacefc38d11a5c554 P 30b08c36fa41460b84546af2b84601ac [term 0 FOLLOWER]: Starting pre-election (no leader contacted us within the election timeout)
I0401 16:41:49.705029 15993 raft_consensus.cc:494] T 4d3a78e5d640469bacefc38d11a5c554 P 30b08c36fa41460b84546af2b84601ac [term 0 FOLLOWER]: Starting pre-election with config: opid_index: -1 OBSOLETE_local: false peers { permanent_uuid: "c49eacb8125f47b5a28548c823edfbf3" member_type: VOTER last_known_addr { host: "127.11.224.2" port: 54037 } } peers { permanent_uuid: "c389c480349f4579bf5e70301b6d4517" member_type: VOTER last_known_addr { host: "127.11.224.1" port: 33095 } } peers { permanent_uuid: "30b08c36fa41460b84546af2b84601ac" member_type: VOTER last_known_addr { host: "127.11.224.3" port: 58821 } }
I0401 16:41:49.705565 15993 leader_election.cc:296] T 4d3a78e5d640469bacefc38d11a5c554 P 30b08c36fa41460b84546af2b84601ac [CANDIDATE]: Term 1 pre-election: Requested pre-vote from peers c49eacb8125f47b5a28548c823edfbf3 (127.11.224.2:54037), c389c480349f4579bf5e70301b6d4517 (127.11.224.1:33095)
I0401 16:41:49.705873 15863 tablet_service.cc:1276] Received RequestConsensusVote() RPC: tablet_id: "4d3a78e5d640469bacefc38d11a5c554" candidate_uuid: "30b08c36fa41460b84546af2b84601ac" candidate_term: 1 candidate_status { last_received { term: 0 index: 0 } } ignore_live_leader: false dest_uuid: "c49eacb8125f47b5a28548c823edfbf3" is_pre_election: true
I0401 16:41:49.705885 15788 tablet_service.cc:1276] Received RequestConsensusVote() RPC: tablet_id: "4d3a78e5d640469bacefc38d11a5c554" candidate_uuid: "30b08c36fa41460b84546af2b84601ac" candidate_term: 1 candidate_status { last_received { term: 0 index: 0 } } ignore_live_leader: false dest_uuid: "c389c480349f4579bf5e70301b6d4517" is_pre_election: true
I0401 16:41:49.705999 15863 raft_consensus.cc:2346] T 4d3a78e5d640469bacefc38d11a5c554 P c49eacb8125f47b5a28548c823edfbf3 [term 0 FOLLOWER]: Leader pre-election vote request: Granting yes vote for candidate 30b08c36fa41460b84546af2b84601ac in term 0.
I0401 16:41:49.706019 15788 raft_consensus.cc:2346] T 4d3a78e5d640469bacefc38d11a5c554 P c389c480349f4579bf5e70301b6d4517 [term 0 FOLLOWER]: Leader pre-election vote request: Granting yes vote for candidate 30b08c36fa41460b84546af2b84601ac in term 0.
I0401 16:41:49.706248 15906 leader_election.cc:310] T 4d3a78e5d640469bacefc38d11a5c554 P 30b08c36fa41460b84546af2b84601ac [CANDIDATE]: Term 1 pre-election: Election decided. Result: candidate won. Election summary: received 2 responses out of 3 voters: 2 yes votes; 0 no votes. yes voters: 30b08c36fa41460b84546af2b84601ac, c49eacb8125f47b5a28548c823edfbf3; no voters:
I0401 16:41:49.706447 15993 raft_consensus.cc:2640] T 4d3a78e5d640469bacefc38d11a5c554 P 30b08c36fa41460b84546af2b84601ac [term 0 FOLLOWER]: Leader pre-election won for term 1
I0401 16:41:49.706488 15993 raft_consensus.cc:472] T 4d3a78e5d640469bacefc38d11a5c554 P 30b08c36fa41460b84546af2b84601ac [term 0 FOLLOWER]: Starting leader election (no leader contacted us within the election timeout)
I0401 16:41:49.706542 15993 raft_consensus.cc:2886] T 4d3a78e5d640469bacefc38d11a5c554 P 30b08c36fa41460b84546af2b84601ac [term 0 FOLLOWER]: Advancing to term 1
I0401 16:41:49.708575 15993 raft_consensus.cc:494] T 4d3a78e5d640469bacefc38d11a5c554 P 30b08c36fa41460b84546af2b84601ac [term 1 FOLLOWER]: Starting leader election with config: opid_index: -1 OBSOLETE_local: false peers { permanent_uuid: "c49eacb8125f47b5a28548c823edfbf3" member_type: VOTER last_known_addr { host: "127.11.224.2" port: 54037 } } peers { permanent_uuid: "c389c480349f4579bf5e70301b6d4517" member_type: VOTER last_known_addr { host: "127.11.224.1" port: 33095 } } peers { permanent_uuid: "30b08c36fa41460b84546af2b84601ac" member_type: VOTER last_known_addr { host: "127.11.224.3" port: 58821 } }
I0401 16:41:49.709367 15993 leader_election.cc:296] T 4d3a78e5d640469bacefc38d11a5c554 P 30b08c36fa41460b84546af2b84601ac [CANDIDATE]: Term 1 election: Requested vote from peers c49eacb8125f47b5a28548c823edfbf3 (127.11.224.2:54037), c389c480349f4579bf5e70301b6d4517 (127.11.224.1:33095)
I0401 16:41:49.709520 15863 tablet_service.cc:1276] Received RequestConsensusVote() RPC: tablet_id: "4d3a78e5d640469bacefc38d11a5c554" candidate_uuid: "30b08c36fa41460b84546af2b84601ac" candidate_term: 1 candidate_status { last_received { term: 0 index: 0 } } ignore_live_leader: false dest_uuid: "c49eacb8125f47b5a28548c823edfbf3"
I0401 16:41:49.709616 15863 raft_consensus.cc:2886] T 4d3a78e5d640469bacefc38d11a5c554 P c49eacb8125f47b5a28548c823edfbf3 [term 0 FOLLOWER]: Advancing to term 1
I0401 16:41:49.709710 15788 tablet_service.cc:1276] Received RequestConsensusVote() RPC: tablet_id: "4d3a78e5d640469bacefc38d11a5c554" candidate_uuid: "30b08c36fa41460b84546af2b84601ac" candidate_term: 1 candidate_status { last_received { term: 0 index: 0 } } ignore_live_leader: false dest_uuid: "c389c480349f4579bf5e70301b6d4517"
I0401 16:41:49.709818 15788 raft_consensus.cc:2886] T 4d3a78e5d640469bacefc38d11a5c554 P c389c480349f4579bf5e70301b6d4517 [term 0 FOLLOWER]: Advancing to term 1
I0401 16:41:49.711225 15863 raft_consensus.cc:2346] T 4d3a78e5d640469bacefc38d11a5c554 P c49eacb8125f47b5a28548c823edfbf3 [term 1 FOLLOWER]: Leader election vote request: Granting yes vote for candidate 30b08c36fa41460b84546af2b84601ac in term 1.
I0401 16:41:49.711482 15906 leader_election.cc:310] T 4d3a78e5d640469bacefc38d11a5c554 P 30b08c36fa41460b84546af2b84601ac [CANDIDATE]: Term 1 election: Election decided. Result: candidate won. Election summary: received 2 responses out of 3 voters: 2 yes votes; 0 no votes. yes voters: 30b08c36fa41460b84546af2b84601ac, c49eacb8125f47b5a28548c823edfbf3; no voters:
I0401 16:41:49.711522 15788 raft_consensus.cc:2346] T 4d3a78e5d640469bacefc38d11a5c554 P c389c480349f4579bf5e70301b6d4517 [term 1 FOLLOWER]: Leader election vote request: Granting yes vote for candidate 30b08c36fa41460b84546af2b84601ac in term 1.
I0401 16:41:49.711688 15993 raft_consensus.cc:2640] T 4d3a78e5d640469bacefc38d11a5c554 P 30b08c36fa41460b84546af2b84601ac [term 1 FOLLOWER]: Leader election won for term 1
I0401 16:41:49.711777 15993 raft_consensus.cc:667] T 4d3a78e5d640469bacefc38d11a5c554 P 30b08c36fa41460b84546af2b84601ac [term 1 LEADER]: Becoming Leader. State: Replica: 30b08c36fa41460b84546af2b84601ac, State: Running, Role: LEADER
I0401 16:41:49.712075 15993 consensus_queue.cc:206] T 4d3a78e5d640469bacefc38d11a5c554 P 30b08c36fa41460b84546af2b84601ac [LEADER]: Queue going to LEADER mode. State: All replicated index: 0, Majority replicated index: 0, Committed index: 0, Last appended: 0.0, Last appended by leader: 0, Current term: 1, Majority size: 2, State: 0, Mode: LEADER, active raft config: opid_index: -1 OBSOLETE_local: false peers { permanent_uuid: "c49eacb8125f47b5a28548c823edfbf3" member_type: VOTER last_known_addr { host: "127.11.224.2" port: 54037 } } peers { permanent_uuid: "c389c480349f4579bf5e70301b6d4517" member_type: VOTER last_known_addr { host: "127.11.224.1" port: 33095 } } peers { permanent_uuid: "30b08c36fa41460b84546af2b84601ac" member_type: VOTER last_known_addr { host: "127.11.224.3" port: 58821 } }
I0401 16:41:49.714046 15589 catalog_manager.cc:3977] T 4d3a78e5d640469bacefc38d11a5c554 P 30b08c36fa41460b84546af2b84601ac reported cstate change: term changed from 0 to 1, leader changed from to 30b08c36fa41460b84546af2b84601ac (127.11.224.3). New cstate: current_term: 1 leader_uuid: "30b08c36fa41460b84546af2b84601ac" committed_config { opid_index: -1 OBSOLETE_local: false peers { permanent_uuid: "c49eacb8125f47b5a28548c823edfbf3" member_type: VOTER last_known_addr { host: "127.11.224.2" port: 54037 } health_report { overall_health: UNKNOWN } } peers { permanent_uuid: "c389c480349f4579bf5e70301b6d4517" member_type: VOTER last_known_addr { host: "127.11.224.1" port: 33095 } health_report { overall_health: UNKNOWN } } peers { permanent_uuid: "30b08c36fa41460b84546af2b84601ac" member_type: VOTER last_known_addr { host: "127.11.224.3" port: 58821 } health_report { overall_health: HEALTHY } } }
I0401 16:41:49.764892 15993 raft_consensus.cc:472] T 1014e6212c53450aa873880506494b22 P 30b08c36fa41460b84546af2b84601ac [term 0 FOLLOWER]: Starting pre-election (no leader contacted us within the election timeout)
I0401 16:41:49.764994 15993 raft_consensus.cc:494] T 1014e6212c53450aa873880506494b22 P 30b08c36fa41460b84546af2b84601ac [term 0 FOLLOWER]: Starting pre-election with config: opid_index: -1 OBSOLETE_local: false peers { permanent_uuid: "c389c480349f4579bf5e70301b6d4517" member_type: VOTER last_known_addr { host: "127.11.224.1" port: 33095 } } peers { permanent_uuid: "c49eacb8125f47b5a28548c823edfbf3" member_type: VOTER last_known_addr { host: "127.11.224.2" port: 54037 } } peers { permanent_uuid: "30b08c36fa41460b84546af2b84601ac" member_type: VOTER last_known_addr { host: "127.11.224.3" port: 58821 } }
I0401 16:41:49.765549 15993 leader_election.cc:296] T 1014e6212c53450aa873880506494b22 P 30b08c36fa41460b84546af2b84601ac [CANDIDATE]: Term 1 pre-election: Requested pre-vote from peers c389c480349f4579bf5e70301b6d4517 (127.11.224.1:33095), c49eacb8125f47b5a28548c823edfbf3 (127.11.224.2:54037)
I0401 16:41:49.765841 15788 tablet_service.cc:1276] Received RequestConsensusVote() RPC: tablet_id: "1014e6212c53450aa873880506494b22" candidate_uuid: "30b08c36fa41460b84546af2b84601ac" candidate_term: 1 candidate_status { last_received { term: 0 index: 0 } } ignore_live_leader: false dest_uuid: "c389c480349f4579bf5e70301b6d4517" is_pre_election: true
I0401 16:41:49.765964 15788 raft_consensus.cc:2346] T 1014e6212c53450aa873880506494b22 P c389c480349f4579bf5e70301b6d4517 [term 0 FOLLOWER]: Leader pre-election vote request: Granting yes vote for candidate 30b08c36fa41460b84546af2b84601ac in term 0.
I0401 16:41:49.765940 15863 tablet_service.cc:1276] Received RequestConsensusVote() RPC: tablet_id: "1014e6212c53450aa873880506494b22" candidate_uuid: "30b08c36fa41460b84546af2b84601ac" candidate_term: 1 candidate_status { last_received { term: 0 index: 0 } } ignore_live_leader: false dest_uuid: "c49eacb8125f47b5a28548c823edfbf3" is_pre_election: true
I0401 16:41:49.766057 15863 raft_consensus.cc:2346] T 1014e6212c53450aa873880506494b22 P c49eacb8125f47b5a28548c823edfbf3 [term 0 FOLLOWER]: Leader pre-election vote request: Granting yes vote for candidate 30b08c36fa41460b84546af2b84601ac in term 0.
I0401 16:41:49.766233 15903 leader_election.cc:310] T 1014e6212c53450aa873880506494b22 P 30b08c36fa41460b84546af2b84601ac [CANDIDATE]: Term 1 pre-election: Election decided. Result: candidate won. Election summary: received 2 responses out of 3 voters: 2 yes votes; 0 no votes. yes voters: 30b08c36fa41460b84546af2b84601ac, c389c480349f4579bf5e70301b6d4517; no voters:
I0401 16:41:49.766412 15993 raft_consensus.cc:2640] T 1014e6212c53450aa873880506494b22 P 30b08c36fa41460b84546af2b84601ac [term 0 FOLLOWER]: Leader pre-election won for term 1
I0401 16:41:49.766454 15993 raft_consensus.cc:472] T 1014e6212c53450aa873880506494b22 P 30b08c36fa41460b84546af2b84601ac [term 0 FOLLOWER]: Starting leader election (no leader contacted us within the election timeout)
I0401 16:41:49.766505 15993 raft_consensus.cc:2886] T 1014e6212c53450aa873880506494b22 P 30b08c36fa41460b84546af2b84601ac [term 0 FOLLOWER]: Advancing to term 1
I0401 16:41:49.768023 15993 raft_consensus.cc:494] T 1014e6212c53450aa873880506494b22 P 30b08c36fa41460b84546af2b84601ac [term 1 FOLLOWER]: Starting leader election with config: opid_index: -1 OBSOLETE_local: false peers { permanent_uuid: "c389c480349f4579bf5e70301b6d4517" member_type: VOTER last_known_addr { host: "127.11.224.1" port: 33095 } } peers { permanent_uuid: "c49eacb8125f47b5a28548c823edfbf3" member_type: VOTER last_known_addr { host: "127.11.224.2" port: 54037 } } peers { permanent_uuid: "30b08c36fa41460b84546af2b84601ac" member_type: VOTER last_known_addr { host: "127.11.224.3" port: 58821 } }
I0401 16:41:49.768463 15993 leader_election.cc:296] T 1014e6212c53450aa873880506494b22 P 30b08c36fa41460b84546af2b84601ac [CANDIDATE]: Term 1 election: Requested vote from peers c389c480349f4579bf5e70301b6d4517 (127.11.224.1:33095), c49eacb8125f47b5a28548c823edfbf3 (127.11.224.2:54037)
I0401 16:41:49.768741 15788 tablet_service.cc:1276] Received RequestConsensusVote() RPC: tablet_id: "1014e6212c53450aa873880506494b22" candidate_uuid: "30b08c36fa41460b84546af2b84601ac" candidate_term: 1 candidate_status { last_received { term: 0 index: 0 } } ignore_live_leader: false dest_uuid: "c389c480349f4579bf5e70301b6d4517"
I0401 16:41:49.768826 15863 tablet_service.cc:1276] Received RequestConsensusVote() RPC: tablet_id: "1014e6212c53450aa873880506494b22" candidate_uuid: "30b08c36fa41460b84546af2b84601ac" candidate_term: 1 candidate_status { last_received { term: 0 index: 0 } } ignore_live_leader: false dest_uuid: "c49eacb8125f47b5a28548c823edfbf3"
I0401 16:41:49.768878 15788 raft_consensus.cc:2886] T 1014e6212c53450aa873880506494b22 P c389c480349f4579bf5e70301b6d4517 [term 0 FOLLOWER]: Advancing to term 1
I0401 16:41:49.768939 15863 raft_consensus.cc:2886] T 1014e6212c53450aa873880506494b22 P c49eacb8125f47b5a28548c823edfbf3 [term 0 FOLLOWER]: Advancing to term 1
I0401 16:41:49.770853 15863 raft_consensus.cc:2346] T 1014e6212c53450aa873880506494b22 P c49eacb8125f47b5a28548c823edfbf3 [term 1 FOLLOWER]: Leader election vote request: Granting yes vote for candidate 30b08c36fa41460b84546af2b84601ac in term 1.
I0401 16:41:49.771273 15906 leader_election.cc:310] T 1014e6212c53450aa873880506494b22 P 30b08c36fa41460b84546af2b84601ac [CANDIDATE]: Term 1 election: Election decided. Result: candidate won. Election summary: received 2 responses out of 3 voters: 2 yes votes; 0 no votes. yes voters: 30b08c36fa41460b84546af2b84601ac, c49eacb8125f47b5a28548c823edfbf3; no voters:
I0401 16:41:49.771536 15993 raft_consensus.cc:2640] T 1014e6212c53450aa873880506494b22 P 30b08c36fa41460b84546af2b84601ac [term 1 FOLLOWER]: Leader election won for term 1
I0401 16:41:49.771915 15788 raft_consensus.cc:2346] T 1014e6212c53450aa873880506494b22 P c389c480349f4579bf5e70301b6d4517 [term 1 FOLLOWER]: Leader election vote request: Granting yes vote for candidate 30b08c36fa41460b84546af2b84601ac in term 1.
I0401 16:41:49.772300 15993 raft_consensus.cc:667] T 1014e6212c53450aa873880506494b22 P 30b08c36fa41460b84546af2b84601ac [term 1 LEADER]: Becoming Leader. State: Replica: 30b08c36fa41460b84546af2b84601ac, State: Running, Role: LEADER
I0401 16:41:49.772500 15993 consensus_queue.cc:206] T 1014e6212c53450aa873880506494b22 P 30b08c36fa41460b84546af2b84601ac [LEADER]: Queue going to LEADER mode. State: All replicated index: 0, Majority replicated index: 0, Committed index: 0, Last appended: 0.0, Last appended by leader: 0, Current term: 1, Majority size: 2, State: 0, Mode: LEADER, active raft config: opid_index: -1 OBSOLETE_local: false peers { permanent_uuid: "c389c480349f4579bf5e70301b6d4517" member_type: VOTER last_known_addr { host: "127.11.224.1" port: 33095 } } peers { permanent_uuid: "c49eacb8125f47b5a28548c823edfbf3" member_type: VOTER last_known_addr { host: "127.11.224.2" port: 54037 } } peers { permanent_uuid: "30b08c36fa41460b84546af2b84601ac" member_type: VOTER last_known_addr { host: "127.11.224.3" port: 58821 } }
I0401 16:41:49.775951 15589 catalog_manager.cc:3977] T 1014e6212c53450aa873880506494b22 P 30b08c36fa41460b84546af2b84601ac reported cstate change: term changed from 0 to 1, leader changed from to 30b08c36fa41460b84546af2b84601ac (127.11.224.3). New cstate: current_term: 1 leader_uuid: "30b08c36fa41460b84546af2b84601ac" committed_config { opid_index: -1 OBSOLETE_local: false peers { permanent_uuid: "c389c480349f4579bf5e70301b6d4517" member_type: VOTER last_known_addr { host: "127.11.224.1" port: 33095 } health_report { overall_health: UNKNOWN } } peers { permanent_uuid: "c49eacb8125f47b5a28548c823edfbf3" member_type: VOTER last_known_addr { host: "127.11.224.2" port: 54037 } health_report { overall_health: UNKNOWN } } peers { permanent_uuid: "30b08c36fa41460b84546af2b84601ac" member_type: VOTER last_known_addr { host: "127.11.224.3" port: 58821 } health_report { overall_health: HEALTHY } } }
I0401 16:41:49.829931 15993 raft_consensus.cc:472] T 326662072cb64c93be9293bdd4eb0572 P 30b08c36fa41460b84546af2b84601ac [term 0 FOLLOWER]: Starting pre-election (no leader contacted us within the election timeout)
I0401 16:41:49.830034 15993 raft_consensus.cc:494] T 326662072cb64c93be9293bdd4eb0572 P 30b08c36fa41460b84546af2b84601ac [term 0 FOLLOWER]: Starting pre-election with config: opid_index: -1 OBSOLETE_local: false peers { permanent_uuid: "c389c480349f4579bf5e70301b6d4517" member_type: VOTER last_known_addr { host: "127.11.224.1" port: 33095 } } peers { permanent_uuid: "c49eacb8125f47b5a28548c823edfbf3" member_type: VOTER last_known_addr { host: "127.11.224.2" port: 54037 } } peers { permanent_uuid: "30b08c36fa41460b84546af2b84601ac" member_type: VOTER last_known_addr { host: "127.11.224.3" port: 58821 } }
I0401 16:41:49.830600 15993 leader_election.cc:296] T 326662072cb64c93be9293bdd4eb0572 P 30b08c36fa41460b84546af2b84601ac [CANDIDATE]: Term 1 pre-election: Requested pre-vote from peers c389c480349f4579bf5e70301b6d4517 (127.11.224.1:33095), c49eacb8125f47b5a28548c823edfbf3 (127.11.224.2:54037)
I0401 16:41:49.831152 15863 tablet_service.cc:1276] Received RequestConsensusVote() RPC: tablet_id: "326662072cb64c93be9293bdd4eb0572" candidate_uuid: "30b08c36fa41460b84546af2b84601ac" candidate_term: 1 candidate_status { last_received { term: 0 index: 0 } } ignore_live_leader: false dest_uuid: "c49eacb8125f47b5a28548c823edfbf3" is_pre_election: true
I0401 16:41:49.831199 15788 tablet_service.cc:1276] Received RequestConsensusVote() RPC: tablet_id: "326662072cb64c93be9293bdd4eb0572" candidate_uuid: "30b08c36fa41460b84546af2b84601ac" candidate_term: 1 candidate_status { last_received { term: 0 index: 0 } } ignore_live_leader: false dest_uuid: "c389c480349f4579bf5e70301b6d4517" is_pre_election: true
I0401 16:41:49.831320 15863 raft_consensus.cc:2346] T 326662072cb64c93be9293bdd4eb0572 P c49eacb8125f47b5a28548c823edfbf3 [term 0 FOLLOWER]: Leader pre-election vote request: Granting yes vote for candidate 30b08c36fa41460b84546af2b84601ac in term 0.
I0401 16:41:49.831794 15906 leader_election.cc:310] T 326662072cb64c93be9293bdd4eb0572 P 30b08c36fa41460b84546af2b84601ac [CANDIDATE]: Term 1 pre-election: Election decided. Result: candidate won. Election summary: received 2 responses out of 3 voters: 2 yes votes; 0 no votes. yes voters: 30b08c36fa41460b84546af2b84601ac, c49eacb8125f47b5a28548c823edfbf3; no voters:
I0401 16:41:49.831320 15788 raft_consensus.cc:2346] T 326662072cb64c93be9293bdd4eb0572 P c389c480349f4579bf5e70301b6d4517 [term 0 FOLLOWER]: Leader pre-election vote request: Granting yes vote for candidate 30b08c36fa41460b84546af2b84601ac in term 0.
I0401 16:41:49.832054 15993 raft_consensus.cc:2640] T 326662072cb64c93be9293bdd4eb0572 P 30b08c36fa41460b84546af2b84601ac [term 0 FOLLOWER]: Leader pre-election won for term 1
I0401 16:41:49.832163 15993 raft_consensus.cc:472] T 326662072cb64c93be9293bdd4eb0572 P 30b08c36fa41460b84546af2b84601ac [term 0 FOLLOWER]: Starting leader election (no leader contacted us within the election timeout)
I0401 16:41:49.832248 15993 raft_consensus.cc:2886] T 326662072cb64c93be9293bdd4eb0572 P 30b08c36fa41460b84546af2b84601ac [term 0 FOLLOWER]: Advancing to term 1
