I0301 23:04:03.826676 12919 fs_manager.cc:269] Using write-ahead log directory (fs_wal_dir) as metadata directory
I0301 23:04:03.826720 12919 server_base.cc:432] Could not load existing FS layout: Not found: could not find a healthy instance file
I0301 23:04:03.826740 12919 server_base.cc:433] Attempting to create new FS layout instead
I0301 23:04:03.827272 12919 fs_manager.cc:602] Generated new instance metadata in path /tmp/dist-test-task3pD_4V/test-tmp/location_assignment-itest.0.TsLocationAssignmentITest.Basic_5.1551481418399944-90/minicluster-data/ts-7/data/instance: uuid: "d5f037b598fc432e9e460a31c1589440" format_stamp: "Formatted at 2019-03-01 23:04:03 on dist-test-slave-dist-test-slave-04f2"
I0301 23:04:03.827458 12919 fs_manager.cc:602] Generated new instance metadata in path /tmp/dist-test-task3pD_4V/test-tmp/location_assignment-itest.0.TsLocationAssignmentITest.Basic_5.1551481418399944-90/minicluster-data/ts-7/wal/instance: uuid: "d5f037b598fc432e9e460a31c1589440" format_stamp: "Formatted at 2019-03-01 23:04:03 on dist-test-slave-dist-test-slave-04f2"
I0301 23:04:03.832476 12919 fs_manager.cc:503] Time spent creating directory manager: real 0.005s user 0.001s sys 0.001s
I0301 23:04:03.832859 12919 env_posix.cc:1676] Not raising this process' open files per process limit of 1048576; it is already as high as it can go
I0301 23:04:03.832932 12919 file_cache.cc:466] Constructed file cache lbm with capacity 419430
I0301 23:04:03.833626 12919 fs_manager.cc:419] Time spent opening block manager: real 0.000s user 0.000s sys 0.000s
I0301 23:04:03.833659 12919 fs_manager.cc:436] Opened local filesystem: /tmp/dist-test-task3pD_4V/test-tmp/location_assignment-itest.0.TsLocationAssignmentITest.Basic_5.1551481418399944-90/minicluster-data/ts-7/data,/tmp/dist-test-task3pD_4V/test-tmp/location_assignment-itest.0.TsLocationAssignmentITest.Basic_5.1551481418399944-90/minicluster-data/ts-7/wal uuid: "d5f037b598fc432e9e460a31c1589440" format_stamp: "Formatted at 2019-03-01 23:04:03 on dist-test-slave-dist-test-slave-04f2"
I0301 23:04:03.833683 12919 fs_report.cc:352] FS layout report -------------------- wal directory: /tmp/dist-test-task3pD_4V/test-tmp/location_assignment-itest.0.TsLocationAssignmentITest.Basic_5.1551481418399944-90/minicluster-data/ts-7/wal metadata directory: /tmp/dist-test-task3pD_4V/test-tmp/location_assignment-itest.0.TsLocationAssignmentITest.Basic_5.1551481418399944-90/minicluster-data/ts-7/wal 1 data directories: /tmp/dist-test-task3pD_4V/test-tmp/location_assignment-itest.0.TsLocationAssignmentITest.Basic_5.1551481418399944-90/minicluster-data/ts-7/data/data Total live blocks: 0 Total live bytes: 0 Total live bytes (after alignment): 0 Total number of LBM containers: 0 (0 full) Did not check for missing blocks Did not check for orphaned blocks Total full LBM containers with extra space: 0 (0 repaired) Total full LBM container extra space in bytes: 0 (0 repaired) Total incomplete LBM containers: 0 (0 repaired) Total LBM partial records: 0 (0 repaired)
I0301 23:04:03.869696 12919 env_posix.cc:1676] Not raising this process' running threads per effective uid limit of 18446744073709551615; it is already as high as it can go
I0301 23:04:03.869966 12919 ts_tablet_manager.cc:356] Loaded tablet metadata (0 live tablets)
I0301 23:04:03.870023 12919 tablet_server_main.cc:90] Starting tablet server...
I0301 23:04:03.875609 12919 rpc_server.cc:205] RPC server started. Bound to: 127.0.22.136:38235
I0301 23:04:03.875661 12919 webserver.cc:175] Starting webserver on 127.0.22.136:0
I0301 23:04:03.875672 12919 webserver.cc:186] Document root disabled
I0301 23:04:03.875808 12919 webserver.cc:313] Webserver started. Bound to: http://127.0.22.136:37843/
I0301 23:04:03.875944 12919 server_base.cc:607] Dumped server information to /tmp/dist-test-task3pD_4V/test-tmp/location_assignment-itest.0.TsLocationAssignmentITest.Basic_5.1551481418399944-90/minicluster-data/ts-7/data/info.pb
I0301 23:04:03.876416 12919 tablet_server_main.cc:93] Tablet server successfully started.
I0301 23:04:03.880569 13039 heartbeater.cc:345] Connected to a master server at 127.0.22.188:41239
I0301 23:04:03.880620 13039 heartbeater.cc:425] Registering TS with master...
I0301 23:04:03.880699 13039 heartbeater.cc:474] Master 127.0.22.188:41239 requested a full tablet report, sending...
I0301 23:04:03.880920 13041 heartbeater.cc:345] Connected to a master server at 127.0.22.190:33441
I0301 23:04:03.880941 13041 heartbeater.cc:425] Registering TS with master...
I0301 23:04:03.881007 13041 heartbeater.cc:474] Master 127.0.22.190:33441 requested a full tablet report, sending...
I0301 23:04:03.881217 90 external_mini_cluster.cc:995] Started /tmp/dist-test-task3pD_4V/build/release/bin/kudu-tserver as pid 12919
I0301 23:04:03.882061 13040 heartbeater.cc:345] Connected to a master server at 127.0.22.189:38639
I0301 23:04:03.882124 13040 heartbeater.cc:425] Registering TS with master...
I0301 23:04:03.882215 13040 heartbeater.cc:474] Master 127.0.22.189:38639 requested a full tablet report, sending...
W0301 23:04:04.204928 12038 catalog_manager.cc:1104] T 00000000000000000000000000000000 P d06e4e40077d447e9dec1c341ca89d7e: acquiring CA information for follower catalog manager: Not found: root CA entry not found
W0301 23:04:04.204980 12038 catalog_manager.cc:587] Not found: root CA entry not found: failed to prepare follower catalog manager, will retry
I0301 23:04:04.674198 11916 ts_manager.cc:98] Registered new tserver with Master: 9b2e49cd40254a6c8976f591cf142c28 (127.0.22.133:41435)
I0301 23:04:04.674348 11916 rpcz_store.cc:269] Call kudu.master.MasterService.TSHeartbeat from 127.0.22.133:43799 (request call id 2) took 1097ms. Request Metrics: {}
W0301 23:04:04.950989 11929 consensus_meta.cc:220] T 00000000000000000000000000000000 P ef1eb2a1c3784c9093c9f3ea1fc78643: Time spent flushing consensus metadata: real 1.257s user 0.001s sys 0.000s
I0301 23:04:04.951064 11929 raft_consensus.cc:2346] T 00000000000000000000000000000000 P ef1eb2a1c3784c9093c9f3ea1fc78643 [term 1 FOLLOWER]: Leader election vote request: Granting yes vote for candidate d06e4e40077d447e9dec1c341ca89d7e in term 1.
I0301 23:04:04.951126 11929 rpcz_store.cc:269] Call kudu.consensus.ConsensusService.RequestConsensusVote from 127.0.0.1:39824 (request call id 3) took 1256ms. Request Metrics: {}
W0301 23:04:04.951799 12030 catalog_manager.cc:1104] T 00000000000000000000000000000000 P ef1eb2a1c3784c9093c9f3ea1fc78643: acquiring CA information for follower catalog manager: Not found: root CA entry not found
W0301 23:04:04.951817 12030 catalog_manager.cc:587] Not found: root CA entry not found: failed to prepare follower catalog manager, will retry
I0301 23:04:04.951937 11840 leader_election.cc:306] T 00000000000000000000000000000000 P d06e4e40077d447e9dec1c341ca89d7e [CANDIDATE]: Term 1 election: Election decided. Result: candidate won. Election summary: received 2 responses out of 3 voters: 2 yes votes; 0 no votes. yes voters: d06e4e40077d447e9dec1c341ca89d7e, ef1eb2a1c3784c9093c9f3ea1fc78643; no voters:
I0301 23:04:04.952100 13048 raft_consensus.cc:2640] T 00000000000000000000000000000000 P d06e4e40077d447e9dec1c341ca89d7e [term 1 FOLLOWER]: Leader election won for term 1
I0301 23:04:04.952287 13048 raft_consensus.cc:667] T 00000000000000000000000000000000 P d06e4e40077d447e9dec1c341ca89d7e [term 1 LEADER]: Becoming Leader. State: Replica: d06e4e40077d447e9dec1c341ca89d7e, State: Running, Role: LEADER
I0301 23:04:04.952366 13048 consensus_queue.cc:206] T 00000000000000000000000000000000 P d06e4e40077d447e9dec1c341ca89d7e [LEADER]: Queue going to LEADER mode. State: All replicated index: 0, Majority replicated index: 0, Committed index: 0, Last appended: 0.0, Last appended by leader: 0, Current term: 1, Majority size: 2, State: 0, Mode: LEADER, active raft config: opid_index: -1 OBSOLETE_local: false peers { permanent_uuid: "d06e4e40077d447e9dec1c341ca89d7e" member_type: VOTER last_known_addr { host: "127.0.22.190" port: 33441 } } peers { permanent_uuid: "ef1eb2a1c3784c9093c9f3ea1fc78643" member_type: VOTER last_known_addr { host: "127.0.22.189" port: 38639 } } peers { permanent_uuid: "6b19bbe45e5b4143aa6d29f74bbeb505" member_type: VOTER last_known_addr { host: "127.0.22.188" port: 41239 } }
I0301 23:04:04.952659 13049 sys_catalog.cc:337] T 00000000000000000000000000000000 P d06e4e40077d447e9dec1c341ca89d7e [sys.catalog]: SysCatalogTable state changed. Reason: New leader d06e4e40077d447e9dec1c341ca89d7e. Latest consensus state: current_term: 1 leader_uuid: "d06e4e40077d447e9dec1c341ca89d7e" committed_config { opid_index: -1 OBSOLETE_local: false peers { permanent_uuid: "d06e4e40077d447e9dec1c341ca89d7e" member_type: VOTER last_known_addr { host: "127.0.22.190" port: 33441 } } peers { permanent_uuid: "ef1eb2a1c3784c9093c9f3ea1fc78643" member_type: VOTER last_known_addr { host: "127.0.22.189" port: 38639 } } peers { permanent_uuid: "6b19bbe45e5b4143aa6d29f74bbeb505" member_type: VOTER last_known_addr { host: "127.0.22.188" port: 41239 } } }
I0301 23:04:04.952677 13049 sys_catalog.cc:340] T 00000000000000000000000000000000 P d06e4e40077d447e9dec1c341ca89d7e [sys.catalog]: This master's current role is: LEADER
I0301 23:04:04.965564 11979 ts_manager.cc:98] Registered new tserver with Master: f825188e0ad4499ba1be3325acd1e27b (127.0.22.132:33783)
I0301 23:04:04.965638 11979 rpcz_store.cc:269] Call kudu.master.MasterService.TSHeartbeat from 127.0.22.132:43113 (request call id 2) took 1459ms. Request Metrics: {}
W0301 23:04:04.975894 11991 consensus_meta.cc:220] T 00000000000000000000000000000000 P 6b19bbe45e5b4143aa6d29f74bbeb505: Time spent flushing consensus metadata: real 1.281s user 0.001s sys 0.000s
I0301 23:04:04.975963 11991 raft_consensus.cc:2346] T 00000000000000000000000000000000 P 6b19bbe45e5b4143aa6d29f74bbeb505 [term 1 FOLLOWER]: Leader election vote request: Granting yes vote for candidate d06e4e40077d447e9dec1c341ca89d7e in term 1.
I0301 23:04:04.976020 11991 rpcz_store.cc:269] Call kudu.consensus.ConsensusService.RequestConsensusVote from 127.0.0.1:57308 (request call id 3) took 1281ms. Request Metrics: {}
W0301 23:04:04.976698 12020 catalog_manager.cc:1104] T 00000000000000000000000000000000 P 6b19bbe45e5b4143aa6d29f74bbeb505: acquiring CA information for follower catalog manager: Not found: root CA entry not found
W0301 23:04:04.976714 12020 catalog_manager.cc:587] Not found: root CA entry not found: failed to prepare follower catalog manager, will retry
I0301 23:04:05.477434 11991 raft_consensus.cc:1181] T 00000000000000000000000000000000 P 6b19bbe45e5b4143aa6d29f74bbeb505 [term 1 FOLLOWER]: Refusing update from remote peer d06e4e40077d447e9dec1c341ca89d7e: Log matching property violated. Preceding OpId in replica: term: 0 index: 0. Preceding OpId from leader: term: 1 index: 1. (index mismatch)
I0301 23:04:05.477849 13053 consensus_queue.cc:984] T 00000000000000000000000000000000 P d06e4e40077d447e9dec1c341ca89d7e [LEADER]: Connected to new peer: Peer: permanent_uuid: "6b19bbe45e5b4143aa6d29f74bbeb505" member_type: VOTER last_known_addr { host: "127.0.22.188" port: 41239 }, Status: LMP_MISMATCH, Last received: 0.0, Next index: 1, Last known committed idx: 0, Time since last communication: 0.000s
I0301 23:04:05.478591 13054 sys_catalog.cc:337] T 00000000000000000000000000000000 P 6b19bbe45e5b4143aa6d29f74bbeb505 [sys.catalog]: SysCatalogTable state changed. Reason: New leader d06e4e40077d447e9dec1c341ca89d7e. Latest consensus state: current_term: 1 leader_uuid: "d06e4e40077d447e9dec1c341ca89d7e" committed_config { opid_index: -1 OBSOLETE_local: false peers { permanent_uuid: "d06e4e40077d447e9dec1c341ca89d7e" member_type: VOTER last_known_addr { host: "127.0.22.190" port: 33441 } } peers { permanent_uuid: "ef1eb2a1c3784c9093c9f3ea1fc78643" member_type: VOTER last_known_addr { host: "127.0.22.189" port: 38639 } } peers { permanent_uuid: "6b19bbe45e5b4143aa6d29f74bbeb505" member_type: VOTER last_known_addr { host: "127.0.22.188" port: 41239 } } }
I0301 23:04:05.478657 13054 sys_catalog.cc:340] T 00000000000000000000000000000000 P 6b19bbe45e5b4143aa6d29f74bbeb505 [sys.catalog]: This master's current role is: FOLLOWER
I0301 23:04:05.479343 13056 sys_catalog.cc:337] T 00000000000000000000000000000000 P d06e4e40077d447e9dec1c341ca89d7e [sys.catalog]: SysCatalogTable state changed. Reason: Peer health change. Latest consensus state: current_term: 1 leader_uuid: "d06e4e40077d447e9dec1c341ca89d7e" committed_config { opid_index: -1 OBSOLETE_local: false peers { permanent_uuid: "d06e4e40077d447e9dec1c341ca89d7e" member_type: VOTER last_known_addr { host: "127.0.22.190" port: 33441 } } peers { permanent_uuid: "ef1eb2a1c3784c9093c9f3ea1fc78643" member_type: VOTER last_known_addr { host: "127.0.22.189" port: 38639 } } peers { permanent_uuid: "6b19bbe45e5b4143aa6d29f74bbeb505" member_type: VOTER last_known_addr { host: "127.0.22.188" port: 41239 } } }
I0301 23:04:05.479362 13056 sys_catalog.cc:340] T 00000000000000000000000000000000 P d06e4e40077d447e9dec1c341ca89d7e [sys.catalog]: This master's current role is: LEADER
I0301 23:04:05.479552 11929 raft_consensus.cc:1181] T 00000000000000000000000000000000 P ef1eb2a1c3784c9093c9f3ea1fc78643 [term 1 FOLLOWER]: Refusing update from remote peer d06e4e40077d447e9dec1c341ca89d7e: Log matching property violated. Preceding OpId in replica: term: 0 index: 0. Preceding OpId from leader: term: 1 index: 1. (index mismatch)
I0301 23:04:05.479629 13054 sys_catalog.cc:337] T 00000000000000000000000000000000 P 6b19bbe45e5b4143aa6d29f74bbeb505 [sys.catalog]: SysCatalogTable state changed. Reason: Replicated consensus-only round. Latest consensus state: current_term: 1 leader_uuid: "d06e4e40077d447e9dec1c341ca89d7e" committed_config { opid_index: -1 OBSOLETE_local: false peers { permanent_uuid: "d06e4e40077d447e9dec1c341ca89d7e" member_type: VOTER last_known_addr { host: "127.0.22.190" port: 33441 } } peers { permanent_uuid: "ef1eb2a1c3784c9093c9f3ea1fc78643" member_type: VOTER last_known_addr { host: "127.0.22.189" port: 38639 } } peers { permanent_uuid: "6b19bbe45e5b4143aa6d29f74bbeb505" member_type: VOTER last_known_addr { host: "127.0.22.188" port: 41239 } } }
I0301 23:04:05.479640 13054 sys_catalog.cc:340] T 00000000000000000000000000000000 P 6b19bbe45e5b4143aa6d29f74bbeb505 [sys.catalog]: This master's current role is: FOLLOWER
I0301 23:04:05.479936 13053 consensus_queue.cc:984] T 00000000000000000000000000000000 P d06e4e40077d447e9dec1c341ca89d7e [LEADER]: Connected to new peer: Peer: permanent_uuid: "ef1eb2a1c3784c9093c9f3ea1fc78643" member_type: VOTER last_known_addr { host: "127.0.22.189" port: 38639 }, Status: LMP_MISMATCH, Last received: 0.0, Next index: 1, Last known committed idx: 0, Time since last communication: 0.000s
I0301 23:04:05.480597 13059 sys_catalog.cc:337] T 00000000000000000000000000000000 P ef1eb2a1c3784c9093c9f3ea1fc78643 [sys.catalog]: SysCatalogTable state changed. Reason: New leader d06e4e40077d447e9dec1c341ca89d7e. Latest consensus state: current_term: 1 leader_uuid: "d06e4e40077d447e9dec1c341ca89d7e" committed_config { opid_index: -1 OBSOLETE_local: false peers { permanent_uuid: "d06e4e40077d447e9dec1c341ca89d7e" member_type: VOTER last_known_addr { host: "127.0.22.190" port: 33441 } } peers { permanent_uuid: "ef1eb2a1c3784c9093c9f3ea1fc78643" member_type: VOTER last_known_addr { host: "127.0.22.189" port: 38639 } } peers { permanent_uuid: "6b19bbe45e5b4143aa6d29f74bbeb505" member_type: VOTER last_known_addr { host: "127.0.22.188" port: 41239 } } }
I0301 23:04:05.480623 13059 sys_catalog.cc:340] T 00000000000000000000000000000000 P ef1eb2a1c3784c9093c9f3ea1fc78643 [sys.catalog]: This master's current role is: FOLLOWER
I0301 23:04:05.480665 13059 sys_catalog.cc:337] T 00000000000000000000000000000000 P ef1eb2a1c3784c9093c9f3ea1fc78643 [sys.catalog]: SysCatalogTable state changed. Reason: Replicated consensus-only round. Latest consensus state: current_term: 1 leader_uuid: "d06e4e40077d447e9dec1c341ca89d7e" committed_config { opid_index: -1 OBSOLETE_local: false peers { permanent_uuid: "d06e4e40077d447e9dec1c341ca89d7e" member_type: VOTER last_known_addr { host: "127.0.22.190" port: 33441 } } peers { permanent_uuid: "ef1eb2a1c3784c9093c9f3ea1fc78643" member_type: VOTER last_known_addr { host: "127.0.22.189" port: 38639 } } peers { permanent_uuid: "6b19bbe45e5b4143aa6d29f74bbeb505" member_type: VOTER last_known_addr { host: "127.0.22.188" port: 41239 } } }
I0301 23:04:05.480692 13059 sys_catalog.cc:340] T 00000000000000000000000000000000 P ef1eb2a1c3784c9093c9f3ea1fc78643 [sys.catalog]: This master's current role is: FOLLOWER
W0301 23:04:05.952033 12030 catalog_manager.cc:1104] T 00000000000000000000000000000000 P ef1eb2a1c3784c9093c9f3ea1fc78643: acquiring CA information for follower catalog manager: Not found: root CA entry not found
W0301 23:04:05.952064 12030 catalog_manager.cc:587] Not found: root CA entry not found: failed to prepare follower catalog manager, will retry
I0301 23:04:05.963631 11855 ts_manager.cc:98] Registered new tserver with Master: c9f1b59e9f0f45a2b9a7455ca6e29352 (127.0.22.131:39489)
I0301 23:04:05.963752 11850 rpcz_store.cc:269] Call kudu.master.MasterService.TSHeartbeat from 127.0.22.129:34589 (request call id 3) took 1152ms. Request Metrics: {}
I0301 23:04:05.963775 11855 rpcz_store.cc:269] Call kudu.master.MasterService.TSHeartbeat from 127.0.22.131:41169 (request call id 2) took 2538ms. Request Metrics: {"spinlock_wait_cycles":618132864}
I0301 23:04:05.969657 11978 ts_manager.cc:98] Registered new tserver with Master: 9b2e49cd40254a6c8976f591cf142c28 (127.0.22.133:41435)
I0301 23:04:05.969718 11978 rpcz_store.cc:269] Call kudu.master.MasterService.TSHeartbeat from 127.0.22.133:37515 (request call id 2) took 2392ms. Request Metrics: {}
I0301 23:04:05.969830 11974 rpcz_store.cc:269] Call kudu.master.MasterService.TSHeartbeat from 127.0.22.129:60447 (request call id 3) took 1652ms. Request Metrics: {"spinlock_wait_cycles":1517163264}
W0301 23:04:05.976974 12020 catalog_manager.cc:1104] T 00000000000000000000000000000000 P 6b19bbe45e5b4143aa6d29f74bbeb505: acquiring CA information for follower catalog manager: Not found: root CA entry not found
W0301 23:04:05.977006 12020 catalog_manager.cc:587] Not found: root CA entry not found: failed to prepare follower catalog manager, will retry
I0301 23:04:06.010696 13065 sys_catalog.cc:337] T 00000000000000000000000000000000 P d06e4e40077d447e9dec1c341ca89d7e [sys.catalog]: SysCatalogTable state changed. Reason: Peer health change. Latest consensus state: current_term: 1 leader_uuid: "d06e4e40077d447e9dec1c341ca89d7e" committed_config { opid_index: -1 OBSOLETE_local: false peers { permanent_uuid: "d06e4e40077d447e9dec1c341ca89d7e" member_type: VOTER last_known_addr { host: "127.0.22.190" port: 33441 } } peers { permanent_uuid: "ef1eb2a1c3784c9093c9f3ea1fc78643" member_type: VOTER last_known_addr { host: "127.0.22.189" port: 38639 } } peers { permanent_uuid: "6b19bbe45e5b4143aa6d29f74bbeb505" member_type: VOTER last_known_addr { host: "127.0.22.188" port: 41239 } } }
I0301 23:04:06.010722 13065 sys_catalog.cc:340] T 00000000000000000000000000000000 P d06e4e40077d447e9dec1c341ca89d7e [sys.catalog]: This master's current role is: LEADER
I0301 23:04:06.020293 11917 ts_manager.cc:98] Registered new tserver with Master: f825188e0ad4499ba1be3325acd1e27b (127.0.22.132:33783)
I0301 23:04:06.020360 11917 rpcz_store.cc:269] Call kudu.master.MasterService.TSHeartbeat from 127.0.22.132:54357 (request call id 2) took 2513ms. Request Metrics: {}
I0301 23:04:06.044333 11856 ts_manager.cc:98] Registered new tserver with Master: 685ba81c1a9240b5aac09c4d54725bc6 (127.0.22.130:36313)
I0301 23:04:06.044468 11856 rpcz_store.cc:269] Call kudu.master.MasterService.TSHeartbeat from 127.0.22.130:38923 (request call id 2) took 2707ms. Request Metrics: {"spinlock_wait_cycles":823913856}
I0301 23:04:06.056855 11980 ts_manager.cc:98] Registered new tserver with Master: c9f1b59e9f0f45a2b9a7455ca6e29352 (127.0.22.131:39489)
I0301 23:04:06.056926 11980 rpcz_store.cc:269] Call kudu.master.MasterService.TSHeartbeat from 127.0.22.131:48253 (request call id 2) took 2631ms. Request Metrics: {}
I0301 23:04:06.947250 11981 ts_manager.cc:98] Registered new tserver with Master: 9100bd7a5c7545d183e0f79f8d0e9c6f (127.0.22.135:32951)
I0301 23:04:06.947423 11981 rpcz_store.cc:269] Call kudu.master.MasterService.TSHeartbeat from 127.0.22.135:48947 (request call id 2) took 3151ms. Request Metrics: {"spinlock_wait_cycles":2715521792}
W0301 23:04:06.952445 12030 catalog_manager.cc:1104] T 00000000000000000000000000000000 P ef1eb2a1c3784c9093c9f3ea1fc78643: acquiring CA information for follower catalog manager: Not found: root CA entry not found
W0301 23:04:06.952478 12030 catalog_manager.cc:587] Not found: root CA entry not found: failed to prepare follower catalog manager, will retry
W0301 23:04:06.977214 12020 catalog_manager.cc:1104] T 00000000000000000000000000000000 P 6b19bbe45e5b4143aa6d29f74bbeb505: acquiring CA information for follower catalog manager: Not found: root CA entry not found
W0301 23:04:06.977250 12020 catalog_manager.cc:587] Not found: root CA entry not found: failed to prepare follower catalog manager, will retry
I0301 23:04:07.938246 11914 ts_manager.cc:98] Registered new tserver with Master: d5f037b598fc432e9e460a31c1589440 (127.0.22.136:38235)
I0301 23:04:07.938350 11914 rpcz_store.cc:269] Call kudu.master.MasterService.TSHeartbeat from 127.0.22.136:55921 (request call id 2) took 4055ms. Request Metrics: {"spinlock_wait_cycles":2458689408}
I0301 23:04:07.938433 11913 rpcz_store.cc:269] Call kudu.master.MasterService.TSHeartbeat from 127.0.22.129:54135 (request call id 3) took 3616ms. Request Metrics: {"spinlock_wait_cycles":1450527616}
I0301 23:04:07.938520 11916 rpcz_store.cc:269] Call kudu.master.MasterService.TSHeartbeat from 127.0.22.130:34337 (request call id 3) took 3242ms. Request Metrics: {"spinlock_wait_cycles":588735232}
I0301 23:04:07.952128 11976 ts_manager.cc:98] Registered new tserver with Master: d5f037b598fc432e9e460a31c1589440 (127.0.22.136:38235)
I0301 23:04:07.952226 11976 rpcz_store.cc:269] Call kudu.master.MasterService.TSHeartbeat from 127.0.22.136:44027 (request call id 2) took 4070ms. Request Metrics: {"spinlock_wait_cycles":2518240000}
I0301 23:04:07.952366 11973 rpcz_store.cc:269] Call kudu.master.MasterService.TSHeartbeat from 127.0.22.130:56197 (request call id 3) took 3224ms. Request Metrics: {"spinlock_wait_cycles":572653312}
W0301 23:04:07.952721 12030 catalog_manager.cc:1104] T 00000000000000000000000000000000 P ef1eb2a1c3784c9093c9f3ea1fc78643: acquiring CA information for follower catalog manager: Not found: root CA entry not found
W0301 23:04:07.952751 12030 catalog_manager.cc:587] Not found: root CA entry not found: failed to prepare follower catalog manager, will retry
I0301 23:04:07.952961 11975 rpcz_store.cc:269] Call kudu.master.MasterService.ListTabletServers from 127.0.0.1:57310 (request call id 1) took 4068ms. Request Metrics: {}
I0301 23:04:07.959575 11853 ts_manager.cc:98] Registered new tserver with Master: 9b2e49cd40254a6c8976f591cf142c28 (127.0.22.133:41435)
I0301 23:04:07.959652 11853 rpcz_store.cc:269] Call kudu.master.MasterService.TSHeartbeat from 127.0.22.133:44023 (request call id 2) took 4382ms. Request Metrics: {"spinlock_wait_cycles":270342016}
W0301 23:04:07.977505 12020 catalog_manager.cc:1104] T 00000000000000000000000000000000 P 6b19bbe45e5b4143aa6d29f74bbeb505: acquiring CA information for follower catalog manager: Not found: root CA entry not found
W0301 23:04:07.977530 12020 catalog_manager.cc:587] Not found: root CA entry not found: failed to prepare follower catalog manager, will retry
I0301 23:04:07.979449 11918 ts_manager.cc:98] Registered new tserver with Master: c9f1b59e9f0f45a2b9a7455ca6e29352 (127.0.22.131:39489)
I0301 23:04:07.979511 11918 rpcz_store.cc:269] Call kudu.master.MasterService.TSHeartbeat from 127.0.22.131:40725 (request call id 2) took 4553ms. Request Metrics: {}
I0301 23:04:07.979542 11912 rpcz_store.cc:269] Call kudu.master.MasterService.TSHeartbeat from 127.0.22.133:43799 (request call id 3) took 2302ms. Request Metrics: {}
I0301 23:04:08.024740 11919 ts_manager.cc:98] Registered new tserver with Master: 9100bd7a5c7545d183e0f79f8d0e9c6f (127.0.22.135:32951)
I0301 23:04:08.024859 11919 rpcz_store.cc:269] Call kudu.master.MasterService.TSHeartbeat from 127.0.22.135:60683 (request call id 2) took 4225ms. Request Metrics: {"spinlock_wait_cycles":2648242048}
I0301 23:04:08.928129 11977 ts_manager.cc:98] Registered new tserver with Master: a637b77534124e2fa7d0e09b4cdec9c3 (127.0.22.134:41221)
I0301 23:04:08.928267 11977 rpcz_store.cc:269] Call kudu.master.MasterService.TSHeartbeat from 127.0.22.134:40685 (request call id 2) took 5274ms. Request Metrics: {}
I0301 23:04:08.942824 11915 ts_manager.cc:98] Registered new tserver with Master: a637b77534124e2fa7d0e09b4cdec9c3 (127.0.22.134:41221)
I0301 23:04:08.942886 11915 rpcz_store.cc:269] Call kudu.master.MasterService.TSHeartbeat from 127.0.22.134:50635 (request call id 2) took 5289ms. Request Metrics: {}
I0301 23:04:08.942953 11917 rpcz_store.cc:269] Call kudu.master.MasterService.TSHeartbeat from 127.0.22.132:54357 (request call id 3) took 1921ms. Request Metrics: {}
W0301 23:04:08.953061 12030 catalog_manager.cc:1104] T 00000000000000000000000000000000 P ef1eb2a1c3784c9093c9f3ea1fc78643: acquiring CA information for follower catalog manager: Not found: root CA entry not found
W0301 23:04:08.953078 12030 catalog_manager.cc:587] Not found: root CA entry not found: failed to prepare follower catalog manager, will retry
W0301 23:04:08.977664 12020 catalog_manager.cc:1104] T 00000000000000000000000000000000 P 6b19bbe45e5b4143aa6d29f74bbeb505: acquiring CA information for follower catalog manager: Not found: root CA entry not found
W0301 23:04:08.977689 12020 catalog_manager.cc:587] Not found: root CA entry not found: failed to prepare follower catalog manager, will retry
I0301 23:04:09.002851 11857 ts_manager.cc:98] Registered new tserver with Master: d5f037b598fc432e9e460a31c1589440 (127.0.22.136:38235)
I0301 23:04:09.002909 11857 rpcz_store.cc:269] Call kudu.master.MasterService.TSHeartbeat from 127.0.22.136:34077 (request call id 2) took 5121ms. Request Metrics: {}
I0301 23:04:09.004536 11855 rpcz_store.cc:269] Call kudu.master.MasterService.TSHeartbeat from 127.0.22.129:34589 (request call id 4) took 2036ms. Request Metrics: {}
I0301 23:04:09.039710 11852 ts_manager.cc:98] Registered new tserver with Master: a637b77534124e2fa7d0e09b4cdec9c3 (127.0.22.134:41221)
I0301 23:04:09.039808 11852 rpcz_store.cc:269] Call kudu.master.MasterService.TSHeartbeat from 127.0.22.134:53773 (request call id 2) took 5382ms. Request Metrics: {"spinlock_wait_cycles":86008192}
I0301 23:04:09.074885 11851 ts_manager.cc:98] Registered new tserver with Master: 9100bd7a5c7545d183e0f79f8d0e9c6f (127.0.22.135:32951)
I0301 23:04:09.074957 11851 rpcz_store.cc:269] Call kudu.master.MasterService.TSHeartbeat from 127.0.22.135:35765 (request call id 2) took 5279ms. Request Metrics: {}
I0301 23:04:09.109645 11854 ts_manager.cc:98] Registered new tserver with Master: f825188e0ad4499ba1be3325acd1e27b (127.0.22.132:33783)
I0301 23:04:09.109727 11854 rpcz_store.cc:269] Call kudu.master.MasterService.TSHeartbeat from 127.0.22.132:58155 (request call id 2) took 5604ms. Request Metrics: {"spinlock_wait_cycles":435217664}
I0301 23:04:09.109789 13051 catalog_manager.cc:1046] Loading table and tablet metadata into memory...
I0301 23:04:09.109953 13051 catalog_manager.cc:1057] Initializing Kudu internal certificate authority...
I0301 23:04:09.110003 11853 rpcz_store.cc:269] Call kudu.master.MasterService.ListTabletServers from 127.0.0.1:46546 (request call id 1) took 1126ms. Request Metrics: {}
I0301 23:04:09.112848 90 external_mini_cluster.cc:623] 8 TS(s) registered with all masters
I0301 23:04:09.113550 90 external_mini_cluster.cc:1131] Killing /tmp/dist-test-task3pD_4V/build/release/bin/kudu-tserver with pid 12018
W0301 23:04:09.116997 11840 connection.cc:647] server connection from 127.0.22.129:34589 recv error: Network error: failed to read from TLS socket (remote: 127.0.22.129:34589): Connection reset by peer (error 104)
W0301 23:04:09.117007 11900 connection.cc:647] server connection from 127.0.22.129:54135 recv error: Network error: failed to read from TLS socket (remote: 127.0.22.129:54135): Connection reset by peer (error 104)
I0301 23:04:09.117044 90 external_mini_cluster.cc:1131] Killing /tmp/dist-test-task3pD_4V/build/release/bin/kudu-tserver with pid 12156
W0301 23:04:09.117698 11965 connection.cc:647] server connection from 127.0.22.129:60447 recv error: Network error: failed to read from TLS socket (remote: 127.0.22.129:60447): Connection reset by peer (error 104)
I0301 23:04:09.120278 11850 rpcz_store.cc:269] Call kudu.master.MasterService.TSHeartbeat from 127.0.22.130:38923 (request call id 3) took 2075ms. Request Metrics: {}
W0301 23:04:09.120429 11838 connection.cc:647] server connection from 127.0.22.130:38923 recv error: Network error: failed to read from TLS socket (remote: 127.0.22.130:38923): Connection reset by peer (error 104)
W0301 23:04:09.120442 11838 connection.cc:554] Connection torn down before Call kudu.master.MasterService.TSHeartbeat from 127.0.22.130:38923 (request call id 3) could send its response
W0301 23:04:09.120501 11900 connection.cc:647] server connection from 127.0.22.130:34337 recv error: Network error: failed to read from TLS socket (remote: 127.0.22.130:34337): Connection reset by peer (error 104)
I0301 23:04:09.120579 90 external_mini_cluster.cc:1131] Killing /tmp/dist-test-task3pD_4V/build/release/bin/kudu-tserver with pid 12284
W0301 23:04:09.120606 11964 connection.cc:647] server connection from 127.0.22.130:56197 recv error: Network error: failed to read from TLS socket (remote: 127.0.22.130:56197): Connection reset by peer (error 104)
W0301 23:04:09.122838 11965 connection.cc:647] server connection from 127.0.22.131:48253 recv error: Network error: failed to read from TLS socket (remote: 127.0.22.131:48253): Connection reset by peer (error 104)
W0301 23:04:09.122866 11839 connection.cc:647] server connection from 127.0.22.131:41169 recv error: Network error: failed to read from TLS socket (remote: 127.0.22.131:41169): Connection reset by peer (error 104)
W0301 23:04:09.122897 11901 connection.cc:647] server connection from 127.0.22.131:40725 recv error: Network error: failed to read from TLS socket (remote: 127.0.22.131:40725): Connection reset by peer (error 104)
I0301 23:04:09.122931 90 external_mini_cluster.cc:1131] Killing /tmp/dist-test-task3pD_4V/build/release/bin/kudu-tserver with pid 12412
W0301 23:04:09.126314 11965 connection.cc:647] server connection from 127.0.22.132:43113 recv error: Network error: failed to read from TLS socket (remote: 127.0.22.132:43113): Connection reset by peer (error 104)
W0301 23:04:09.126333 11901 connection.cc:647] server connection from 127.0.22.132:54357 recv error: Network error: failed to read from TLS socket (remote: 127.0.22.132:54357): Connection reset by peer (error 104)
W0301 23:04:09.126341 11841 connection.cc:647] server connection from 127.0.22.132:58155 recv error: Network error: failed to read from TLS socket (remote: 127.0.22.132:58155): Connection reset by peer (error 104)
I0301 23:04:09.126487 90 external_mini_cluster.cc:1131] Killing /tmp/dist-test-task3pD_4V/build/release/bin/kudu-tserver with pid 12538
W0301 23:04:09.129628 11838 connection.cc:647] server connection from 127.0.22.133:44023 recv error: Network error: failed to read from TLS socket (remote: 127.0.22.133:44023): Connection reset by peer (error 104)
W0301 23:04:09.129644 11901 connection.cc:647] server connection from 127.0.22.133:43799 recv error: Network error: failed to read from TLS socket (remote: 127.0.22.133:43799): Connection reset by peer (error 104)
W0301 23:04:09.129703 11963 connection.cc:647] server connection from 127.0.22.133:37515 recv error: Network error: failed to read from TLS socket (remote: 127.0.22.133:37515): Connection reset by peer (error 104)
I0301 23:04:09.129825 90 external_mini_cluster.cc:1131] Killing /tmp/dist-test-task3pD_4V/build/release/bin/kudu-tserver with pid 12664
W0301 23:04:09.132905 11840 connection.cc:647] server connection from 127.0.22.134:53773 recv error: Network error: failed to read from TLS socket (remote: 127.0.22.134:53773): Connection reset by peer (error 104)
W0301 23:04:09.132936 11903 connection.cc:647] server connection from 127.0.22.134:50635 recv error: Network error: failed to read from TLS socket (remote: 127.0.22.134:50635): Connection reset by peer (error 104)
W0301 23:04:09.132966 11965 connection.cc:647] server connection from 127.0.22.134:40685 recv error: Network error: failed to read from TLS socket (remote: 127.0.22.134:40685): Connection reset by peer (error 104)
I0301 23:04:09.132988 90 external_mini_cluster.cc:1131] Killing /tmp/dist-test-task3pD_4V/build/release/bin/kudu-tserver with pid 12790
I0301 23:04:09.134567 13051 catalog_manager.cc:941] Generated new certificate authority record
I0301 23:04:09.135479 13051 catalog_manager.cc:1066] Loading token signing keys...
W0301 23:04:09.135594 11901 connection.cc:647] server connection from 127.0.22.135:60683 recv error: Network error: failed to read from TLS socket (remote: 127.0.22.135:60683): Connection reset by peer (error 104)
W0301 23:04:09.135594 11841 connection.cc:647] server connection from 127.0.22.135:35765 recv error: Network error: failed to read from TLS socket (remote: 127.0.22.135:35765): Connection reset by peer (error 104)
I0301 23:04:09.135639 90 external_mini_cluster.cc:1131] Killing /tmp/dist-test-task3pD_4V/build/release/bin/kudu-tserver with pid 12919
W0301 23:04:09.137027 11965 connection.cc:647] server connection from 127.0.22.135:48947 recv error: Network error: failed to read from TLS socket (remote: 127.0.22.135:48947): Connection reset by peer (error 104)
W0301 23:04:09.139446 11840 connection.cc:647] server connection from 127.0.22.136:34077 recv error: Network error: failed to read from TLS socket (remote: 127.0.22.136:34077): Connection reset by peer (error 104)
W0301 23:04:09.139448 11903 connection.cc:647] server connection from 127.0.22.136:55921 recv error: Network error: failed to read from TLS socket (remote: 127.0.22.136:55921): Connection reset by peer (error 104)
I0301 23:04:09.139474 90 external_mini_cluster.cc:1131] Killing /tmp/dist-test-task3pD_4V/build/release/bin/kudu-master with pid 11831
W0301 23:04:09.139561 11965 connection.cc:647] server connection from 127.0.22.136:44027 recv error: Network error: failed to read from TLS socket (remote: 127.0.22.136:44027): Connection reset by peer (error 104)
W0301 23:04:09.142779 11830 connection.cc:647] client connection to 127.0.22.190:33441 recv error: Network error: failed to read from TLS socket (remote: 127.0.22.190:33441): Connection reset by peer (error 104)
W0301 23:04:09.142812 11962 connection.cc:647] server connection from 127.0.0.1:57308 recv error: Network error: failed to read from TLS socket (remote: 127.0.0.1:57308): Connection reset by peer (error 104)
W0301 23:04:09.142889 11902 connection.cc:647] client connection to 127.0.22.190:33441 recv error: Network error: failed to read from TLS socket (remote: 127.0.22.190:33441): Connection reset by peer (error 104)
W0301 23:04:09.142810 11964 connection.cc:647] client connection to 127.0.22.190:33441 recv error: Network error: failed to read from TLS socket (remote: 127.0.22.190:33441): Connection reset by peer (error 104)
I0301 23:04:09.143023 90 external_mini_cluster.cc:1131] Killing /tmp/dist-test-task3pD_4V/build/release/bin/kudu-master with pid 11891
W0301 23:04:09.143043 11902 connection.cc:647] server connection from 127.0.0.1:39824 recv error: Network error: failed to read from TLS socket (remote: 127.0.0.1:39824): Connection reset by peer (error 104)
W0301 23:04:09.145751 11830 connection.cc:647] client connection to 127.0.22.189:38639 recv error: Network error: failed to read from TLS socket (remote: 127.0.22.189:38639): Connection reset by peer (error 104)
W0301 23:04:09.145751 11962 connection.cc:647] server connection from 127.0.0.1:57306 recv error: Network error: failed to read from TLS socket (remote: 127.0.0.1:57306): Connection reset by peer (error 104)
W0301 23:04:09.145768 11964 connection.cc:647] client connection to 127.0.22.189:38639 recv error: Network error: failed to read from TLS socket (remote: 127.0.22.189:38639): Connection reset by peer (error 104)
I0301 23:04:09.145885 90 external_mini_cluster.cc:1131] Killing /tmp/dist-test-task3pD_4V/build/release/bin/kudu-master with pid 11955
W0301 23:04:09.148352 11830 connection.cc:647] client connection to 127.0.22.188:41239 recv error: Network error: failed to read from TLS socket (remote: 127.0.22.188:41239): Connection reset by peer (error 104)
I0301 23:04:09.148628 90 external_mini_cluster.cc:933] Running /tmp/dist-test-task3pD_4V/build/release/bin/kudu-master /tmp/dist-test-task3pD_4V/build/release/bin/kudu-master --fs_wal_dir=/tmp/dist-test-task3pD_4V/test-tmp/location_assignment-itest.0.TsLocationAssignmentITest.Basic_5.1551481418399944-90/minicluster-data/master-0/wal --fs_data_dirs=/tmp/dist-test-task3pD_4V/test-tmp/location_assignment-itest.0.TsLocationAssignmentITest.Basic_5.1551481418399944-90/minicluster-data/master-0/data --block_manager=log --webserver_interface=localhost --ipki_ca_key_size=1024 --tsk_num_rsa_bits=512 --rpc_bind_addresses=127.0.22.190:33441 --webserver_interface=127.0.22.190 --webserver_port=37875 --never_fsync --ipki_server_key_size=1024 --enable_minidumps=false --redact=none --metrics_log_interval_ms=1000 --logtostderr --logbuflevel=-1 --log_dir=/tmp/dist-test-task3pD_4V/test-tmp/location_assignment-itest.0.TsLocationAssignmentITest.Basic_5.1551481418399944-90/minicluster-data/master-0/logs --server_dump_info_path=/tmp/dist-test-task3pD_4V/test-tmp/location_assignment-itest.0.TsLocationAssignmentITest.Basic_5.1551481418399944-90/minicluster-data/master-0/data/info.pb --server_dump_info_format=pb --rpc_server_allow_ephemeral_ports --unlock_experimental_flags --unlock_unsafe_flags --rpc_reuseport=true --master_addresses=127.0.22.190:33441,127.0.22.189:38639,127.0.22.188:41239 --location_mapping_cmd=/tmp/dist-test-task3pD_4V/build/release/bin/testdata/assign-location.py --state_store=/tmp/dist-test-task3pD_4V/test-tmp/location_assignment-itest.0.TsLocationAssignmentITest.Basic_5.1551481418399944-90/minicluster-data/location-assignment.state --map /L0:4 --map /L1:3 --map /L2:1 with env {} WARNING: Logging before InitGoogleLogging() is written to STDERR
W0301 23:04:09.159742 13093 flags.cc:406] Enabled unsafe flag: --rpc_server_allow_ephemeral_ports=true
W0301 23:04:09.159864 13093 flags.cc:406] Enabled unsafe flag: --never_fsync=true
W0301 23:04:09.161056 13093 flags.cc:406] Enabled experimental flag: --ipki_ca_key_size=1024
W0301 23:04:09.161078 13093 flags.cc:406] Enabled experimental flag: --ipki_server_key_size=1024
W0301 23:04:09.161083 13093 flags.cc:406] Enabled experimental flag: --tsk_num_rsa_bits=512
W0301 23:04:09.161087 13093 flags.cc:406] Enabled experimental flag: --rpc_reuseport=true
I0301 23:04:09.162125 13093 master_main.cc:73] Master server non-default flags: --fs_data_dirs=/tmp/dist-test-task3pD_4V/test-tmp/location_assignment-itest.0.TsLocationAssignmentITest.Basic_5.1551481418399944-90/minicluster-data/master-0/data --fs_wal_dir=/tmp/dist-test-task3pD_4V/test-tmp/location_assignment-itest.0.TsLocationAssignmentITest.Basic_5.1551481418399944-90/minicluster-data/master-0/wal --ipki_ca_key_size=1024 --master_addresses=127.0.22.190:33441,127.0.22.189:38639,127.0.22.188:41239 --location_mapping_cmd=/tmp/dist-test-task3pD_4V/build/release/bin/testdata/assign-location.py --state_store=/tmp/dist-test-task3pD_4V/test-tmp/location_assignment-itest.0.TsLocationAssignmentITest.Basic_5.1551481418399944-90/minicluster-data/location-assignment.state --map /L0:4 --map /L1:3 --map /L2:1 --ipki_server_key_size=1024 --tsk_num_rsa_bits=512 --rpc_bind_addresses=127.0.22.190:33441 --rpc_reuseport=true --rpc_server_allow_ephemeral_ports=true --metrics_log_interval_ms=1000 --server_dump_info_format=pb --server_dump_info_path=/tmp/dist-test-task3pD_4V/test-tmp/location_assignment-itest.0.TsLocationAssignmentITest.Basic_5.1551481418399944-90/minicluster-data/master-0/data/info.pb --webserver_interface=127.0.22.190 --webserver_port=37875 --never_fsync=true --heap_profile_path=/tmp/kudu-master.13093 --redact=none --unlock_experimental_flags=true --unlock_unsafe_flags=true --enable_minidumps=false --log_dir=/tmp/dist-test-task3pD_4V/test-tmp/location_assignment-itest.0.TsLocationAssignmentITest.Basic_5.1551481418399944-90/minicluster-data/master-0/logs --logbuflevel=-1 --logtostderr=true Master server version: kudu 1.9.0 revision deb0f04b010c5399771879829285c284b8f20008 build type RELEASE built by hao.hao at 01 Mar 2019 13:57:59 PST on ve0518.halxg.cloudera.com
I0301 23:04:09.163194 13093 master_main.cc:80] Initializing master server...
I0301 23:04:09.163345 13093 system_ntp.cc:199] NTP initialized. Skew: 500ppm Current error: 40516us
I0301 23:04:09.163486 13093 fs_manager.cc:263] Metadata directory not provided
I0301 23:04:09.163523 13093 fs_manager.cc:269] Using write-ahead log directory (fs_wal_dir) as metadata directory
I0301 23:04:09.164454 13093 fs_manager.cc:399] Time spent opening directory manager: real 0.000s user 0.001s sys 0.000s
I0301 23:04:09.164605 13093 env_posix.cc:1676] Not raising this process' open files per process limit of 1048576; it is already as high as it can go
I0301 23:04:09.164664 13093 file_cache.cc:466] Constructed file cache lbm with capacity 419430
I0301 23:04:09.165112 13093 fs_manager.cc:419] Time spent opening block manager: real 0.000s user 0.000s sys 0.000s
I0301 23:04:09.165220 13093 fs_manager.cc:436] Opened local filesystem: /tmp/dist-test-task3pD_4V/test-tmp/location_assignment-itest.0.TsLocationAssignmentITest.Basic_5.1551481418399944-90/minicluster-data/master-0/data,/tmp/dist-test-task3pD_4V/test-tmp/location_assignment-itest.0.TsLocationAssignmentITest.Basic_5.1551481418399944-90/minicluster-data/master-0/wal uuid: "d06e4e40077d447e9dec1c341ca89d7e" format_stamp: "Formatted at 2019-03-01 23:04:03 on dist-test-slave-dist-test-slave-04f2"
I0301 23:04:09.165251 13093 fs_report.cc:352] FS layout report -------------------- wal directory: /tmp/dist-test-task3pD_4V/test-tmp/location_assignment-itest.0.TsLocationAssignmentITest.Basic_5.1551481418399944-90/minicluster-data/master-0/wal metadata directory: /tmp/dist-test-task3pD_4V/test-tmp/location_assignment-itest.0.TsLocationAssignmentITest.Basic_5.1551481418399944-90/minicluster-data/master-0/wal 1 data directories: /tmp/dist-test-task3pD_4V/test-tmp/location_assignment-itest.0.TsLocationAssignmentITest.Basic_5.1551481418399944-90/minicluster-data/master-0/data/data Total live blocks: 0 Total live bytes: 0 Total live bytes (after alignment): 0 Total number of LBM containers: 0 (0 full) Did not check for missing blocks Did not check for orphaned blocks Total full LBM containers with extra space: 0 (0 repaired) Total full LBM container extra space in bytes: 0 (0 repaired) Total incomplete LBM containers: 0 (0 repaired) Total LBM partial records: 0 (0 repaired)
I0301 23:04:09.186465 13093 env_posix.cc:1676] Not raising this process' running threads per effective uid limit of 18446744073709551615; it is already as high as it can go
I0301 23:04:09.186585 13093 master_main.cc:83] Starting Master server...
I0301 23:04:09.188818 13093 rpc_server.cc:205] RPC server started. Bound to: 127.0.22.190:33441
I0301 23:04:09.188863 13093 webserver.cc:175] Starting webserver on 127.0.22.190:37875
I0301 23:04:09.188868 13093 webserver.cc:186] Document root disabled
I0301 23:04:09.188983 13093 webserver.cc:313] Webserver started. Bound to: http://127.0.22.190:37875/
I0301 23:04:09.189121 13093 server_base.cc:607] Dumped server information to /tmp/dist-test-task3pD_4V/test-tmp/location_assignment-itest.0.TsLocationAssignmentITest.Basic_5.1551481418399944-90/minicluster-data/master-0/data/info.pb
I0301 23:04:09.189791 13152 sys_catalog.cc:188] Verifying existing consensus state
I0301 23:04:09.190063 13152 tablet_bootstrap.cc:439] T 00000000000000000000000000000000 P d06e4e40077d447e9dec1c341ca89d7e: Bootstrap starting.
I0301 23:04:09.190503 90 external_mini_cluster.cc:995] Started /tmp/dist-test-task3pD_4V/build/release/bin/kudu-master as pid 13093
I0301 23:04:09.190665 90 external_mini_cluster.cc:933] Running /tmp/dist-test-task3pD_4V/build/release/bin/kudu-master /tmp/dist-test-task3pD_4V/build/release/bin/kudu-master --fs_wal_dir=/tmp/dist-test-task3pD_4V/test-tmp/location_assignment-itest.0.TsLocationAssignmentITest.Basic_5.1551481418399944-90/minicluster-data/master-1/wal --fs_data_dirs=/tmp/dist-test-task3pD_4V/test-tmp/location_assignment-itest.0.TsLocationAssignmentITest.Basic_5.1551481418399944-90/minicluster-data/master-1/data --block_manager=log --webserver_interface=localhost --ipki_ca_key_size=1024 --tsk_num_rsa_bits=512 --rpc_bind_addresses=127.0.22.189:38639 --webserver_interface=127.0.22.189 --webserver_port=44431 --never_fsync --ipki_server_key_size=1024 --enable_minidumps=false --redact=none --metrics_log_interval_ms=1000 --logtostderr --logbuflevel=-1 --log_dir=/tmp/dist-test-task3pD_4V/test-tmp/location_assignment-itest.0.TsLocationAssignmentITest.Basic_5.1551481418399944-90/minicluster-data/master-1/logs --server_dump_info_path=/tmp/dist-test-task3pD_4V/test-tmp/location_assignment-itest.0.TsLocationAssignmentITest.Basic_5.1551481418399944-90/minicluster-data/master-1/data/info.pb --server_dump_info_format=pb --rpc_server_allow_ephemeral_ports --unlock_experimental_flags --unlock_unsafe_flags --rpc_reuseport=true --master_addresses=127.0.22.190:33441,127.0.22.189:38639,127.0.22.188:41239 --location_mapping_cmd=/tmp/dist-test-task3pD_4V/build/release/bin/testdata/assign-location.py --state_store=/tmp/dist-test-task3pD_4V/test-tmp/location_assignment-itest.0.TsLocationAssignmentITest.Basic_5.1551481418399944-90/minicluster-data/location-assignment.state --map /L0:4 --map /L1:3 --map /L2:1 with env {}
I0301 23:04:09.196077 13152 log.cc:525] T 00000000000000000000000000000000 P d06e4e40077d447e9dec1c341ca89d7e: Log is configured to *not* fsync() on all Append() calls
I0301 23:04:09.196741 13152 tablet_bootstrap.cc:439] T 00000000000000000000000000000000 P d06e4e40077d447e9dec1c341ca89d7e: Bootstrap replayed 1/1 log segments. Stats: ops{read=2 overwritten=0 applied=2 ignored=0} inserts{seen=1 ignored=0} mutations{seen=0 ignored=0} orphaned_commits=0. Pending: 0 replicates
I0301 23:04:09.196940 13152 tablet_bootstrap.cc:439] T 00000000000000000000000000000000 P d06e4e40077d447e9dec1c341ca89d7e: Bootstrap complete.
I0301 23:04:09.199049 13152 raft_consensus.cc:340] T 00000000000000000000000000000000 P d06e4e40077d447e9dec1c341ca89d7e [term 1 FOLLOWER]: Replica starting. Triggering 0 pending transactions. Active config: opid_index: -1 OBSOLETE_local: false peers { permanent_uuid: "d06e4e40077d447e9dec1c341ca89d7e" member_type: VOTER last_known_addr { host: "127.0.22.190" port: 33441 } } peers { permanent_uuid: "ef1eb2a1c3784c9093c9f3ea1fc78643" member_type: VOTER last_known_addr { host: "127.0.22.189" port: 38639 } } peers { permanent_uuid: "6b19bbe45e5b4143aa6d29f74bbeb505" member_type: VOTER last_known_addr { host: "127.0.22.188" port: 41239 } }
I0301 23:04:09.199080 13152 raft_consensus.cc:705] T 00000000000000000000000000000000 P d06e4e40077d447e9dec1c341ca89d7e [term 1 FOLLOWER]: Becoming Follower/Learner. State: Replica: d06e4e40077d447e9dec1c341ca89d7e, State: Initialized, Role: FOLLOWER
I0301 23:04:09.199147 13152 consensus_queue.cc:229] T 00000000000000000000000000000000 P d06e4e40077d447e9dec1c341ca89d7e [NON_LEADER]: Queue going to NON_LEADER mode. State: All replicated index: 0, Majority replicated index: 0, Committed index: 2, Last appended: 1.2, Last appended by leader: 2, Current term: 0, Majority size: -1, State: 0, Mode: NON_LEADER, active raft config: opid_index: -1 OBSOLETE_local: false peers { permanent_uuid: "d06e4e40077d447e9dec1c341ca89d7e" member_type: VOTER last_known_addr { host: "127.0.22.190" port: 33441 } } peers { permanent_uuid: "ef1eb2a1c3784c9093c9f3ea1fc78643" member_type: VOTER last_known_addr { host: "127.0.22.189" port: 38639 } } peers { permanent_uuid: "6b19bbe45e5b4143aa6d29f74bbeb505" member_type: VOTER last_known_addr { host: "127.0.22.188" port: 41239 } }
I0301 23:04:09.199234 13152 sys_catalog.cc:337] T 00000000000000000000000000000000 P d06e4e40077d447e9dec1c341ca89d7e [sys.catalog]: SysCatalogTable state changed. Reason: Started TabletReplica. Latest consensus state: current_term: 1 committed_config { opid_index: -1 OBSOLETE_local: false peers { permanent_uuid: "d06e4e40077d447e9dec1c341ca89d7e" member_type: VOTER last_known_addr { host: "127.0.22.190" port: 33441 } } peers { permanent_uuid: "ef1eb2a1c3784c9093c9f3ea1fc78643" member_type: VOTER last_known_addr { host: "127.0.22.189" port: 38639 } } peers { permanent_uuid: "6b19bbe45e5b4143aa6d29f74bbeb505" member_type: VOTER last_known_addr { host: "127.0.22.188" port: 41239 } } }
I0301 23:04:09.199255 13152 sys_catalog.cc:340] T 00000000000000000000000000000000 P d06e4e40077d447e9dec1c341ca89d7e [sys.catalog]: This master's current role is: FOLLOWER
I0301 23:04:09.199292 13152 sys_catalog.cc:424] T 00000000000000000000000000000000 P d06e4e40077d447e9dec1c341ca89d7e [sys.catalog]: configured and running, proceeding with master startup.
