I0301 23:04:15.137320 16540 heartbeater.cc:425] Registering TS with master...
I0301 23:04:15.137368 16540 heartbeater.cc:474] Master 127.0.22.189:36569 requested a full tablet report, sending...
I0301 23:04:15.139106 16414 heartbeater.cc:345] Connected to a master server at 127.0.22.189:36569
I0301 23:04:15.139129 16414 heartbeater.cc:425] Registering TS with master...
I0301 23:04:15.139173 16414 heartbeater.cc:474] Master 127.0.22.189:36569 requested a full tablet report, sending...
I0301 23:04:15.173478 14407 ts_manager.cc:98] Registered new tserver with Master: 13620ea0d2134184b6ae7cb6ab31534b (127.0.22.136:35561)
I0301 23:04:15.173542 14407 rpcz_store.cc:269] Call kudu.master.MasterService.TSHeartbeat from 127.0.22.136:34609 (request call id 2) took 3452ms. Request Metrics: {"spinlock_wait_cycles":447156608}
I0301 23:04:15.209378 14401 ts_manager.cc:98] Registered new tserver with Master: 8a0c9c16cf7c4007bfc5616bd13816be (127.0.22.139:45995)
I0301 23:04:15.209455 14401 rpcz_store.cc:269] Call kudu.master.MasterService.TSHeartbeat from 127.0.22.139:42753 (request call id 2) took 3290ms. Request Metrics: {}
W0301 23:04:15.893499 14530 catalog_manager.cc:1104] T 00000000000000000000000000000000 P 4457cd6310c641c4b393d2e151035eb4: acquiring CA information for follower catalog manager: Not found: root CA entry not found
W0301 23:04:15.893527 14530 catalog_manager.cc:587] Not found: root CA entry not found: failed to prepare follower catalog manager, will retry
W0301 23:04:15.894090 14513 catalog_manager.cc:1104] T 00000000000000000000000000000000 P af574d09abdf44d797ac2b771b578e91: acquiring CA information for follower catalog manager: Not found: root CA entry not found
W0301 23:04:15.894110 14513 catalog_manager.cc:587] Not found: root CA entry not found: failed to prepare follower catalog manager, will retry
I0301 23:04:16.111793 14463 ts_manager.cc:98] Registered new tserver with Master: ae1fd5ced0f746b7907cab3ad4fd25a8 (127.0.22.137:44147)
I0301 23:04:16.111913 14463 rpcz_store.cc:269] Call kudu.master.MasterService.TSHeartbeat from 127.0.22.137:38963 (request call id 2) took 4331ms. Request Metrics: {}
W0301 23:04:16.893760 14530 catalog_manager.cc:1104] T 00000000000000000000000000000000 P 4457cd6310c641c4b393d2e151035eb4: acquiring CA information for follower catalog manager: Not found: root CA entry not found
W0301 23:04:16.893795 14530 catalog_manager.cc:587] Not found: root CA entry not found: failed to prepare follower catalog manager, will retry
W0301 23:04:16.894484 14513 catalog_manager.cc:1104] T 00000000000000000000000000000000 P af574d09abdf44d797ac2b771b578e91: acquiring CA information for follower catalog manager: Not found: root CA entry not found
W0301 23:04:16.894505 14513 catalog_manager.cc:587] Not found: root CA entry not found: failed to prepare follower catalog manager, will retry
I0301 23:04:17.093231 14410 ts_manager.cc:98] Registered new tserver with Master: 7052f504631e40809718e2a0fe5e2cc3 (127.0.22.131:36453)
I0301 23:04:17.093363 14410 rpcz_store.cc:269] Call kudu.master.MasterService.TSHeartbeat from 127.0.22.131:43963 (request call id 2) took 5755ms. Request Metrics: {"spinlock_wait_cycles":1326581632}
W0301 23:04:17.893990 14530 catalog_manager.cc:1104] T 00000000000000000000000000000000 P 4457cd6310c641c4b393d2e151035eb4: acquiring CA information for follower catalog manager: Not found: root CA entry not found
W0301 23:04:17.894022 14530 catalog_manager.cc:587] Not found: root CA entry not found: failed to prepare follower catalog manager, will retry
W0301 23:04:17.894683 14513 catalog_manager.cc:1104] T 00000000000000000000000000000000 P af574d09abdf44d797ac2b771b578e91: acquiring CA information for follower catalog manager: Not found: root CA entry not found
W0301 23:04:17.894711 14513 catalog_manager.cc:587] Not found: root CA entry not found: failed to prepare follower catalog manager, will retry
I0301 23:04:18.083204 14344 ts_manager.cc:98] Registered new tserver with Master: 0b487e0e73524a20a7d2c021d55ca8e1 (127.0.22.134:37517)
I0301 23:04:18.083343 14344 rpcz_store.cc:269] Call kudu.master.MasterService.TSHeartbeat from 127.0.22.134:41777 (request call id 2) took 6531ms. Request Metrics: {}
I0301 23:04:18.085331 14344 rpcz_store.cc:269] Call kudu.master.MasterService.Ping from 127.0.22.141:55849 (request call id 1) took 5925ms. Request Metrics: {}
I0301 23:04:18.085461 14344 rpcz_store.cc:269] Call kudu.master.MasterService.Ping from 127.0.22.142:57803 (request call id 1) took 5869ms. Request Metrics: {}
I0301 23:04:18.086483 16163 heartbeater.cc:345] Connected to a master server at 127.0.22.190:45973
I0301 23:04:18.086509 16163 heartbeater.cc:425] Registering TS with master...
I0301 23:04:18.086561 16163 heartbeater.cc:474] Master 127.0.22.190:45973 requested a full tablet report, sending...
I0301 23:04:18.086565 16289 heartbeater.cc:345] Connected to a master server at 127.0.22.190:45973
I0301 23:04:18.086585 16289 heartbeater.cc:425] Registering TS with master...
I0301 23:04:18.086627 16289 heartbeater.cc:474] Master 127.0.22.190:45973 requested a full tablet report, sending...
W0301 23:04:18.894274 14530 catalog_manager.cc:1104] T 00000000000000000000000000000000 P 4457cd6310c641c4b393d2e151035eb4: acquiring CA information for follower catalog manager: Not found: root CA entry not found
W0301 23:04:18.894306 14530 catalog_manager.cc:587] Not found: root CA entry not found: failed to prepare follower catalog manager, will retry
W0301 23:04:18.894886 14513 catalog_manager.cc:1104] T 00000000000000000000000000000000 P af574d09abdf44d797ac2b771b578e91: acquiring CA information for follower catalog manager: Not found: root CA entry not found
W0301 23:04:18.894904 14513 catalog_manager.cc:587] Not found: root CA entry not found: failed to prepare follower catalog manager, will retry
I0301 23:04:19.057341 14409 ts_manager.cc:98] Registered new tserver with Master: 260a23a01ec64ac59599fca9754bb369 (127.0.22.140:33735)
I0301 23:04:19.057480 14409 rpcz_store.cc:269] Call kudu.master.MasterService.TSHeartbeat from 127.0.22.140:55745 (request call id 2) took 6976ms. Request Metrics: {}
W0301 23:04:19.894527 14530 catalog_manager.cc:1104] T 00000000000000000000000000000000 P 4457cd6310c641c4b393d2e151035eb4: acquiring CA information for follower catalog manager: Not found: root CA entry not found
W0301 23:04:19.894552 14530 catalog_manager.cc:587] Not found: root CA entry not found: failed to prepare follower catalog manager, will retry
W0301 23:04:19.895078 14513 catalog_manager.cc:1104] T 00000000000000000000000000000000 P af574d09abdf44d797ac2b771b578e91: acquiring CA information for follower catalog manager: Not found: root CA entry not found
W0301 23:04:19.895098 14513 catalog_manager.cc:587] Not found: root CA entry not found: failed to prepare follower catalog manager, will retry
I0301 23:04:20.048125 14340 ts_manager.cc:98] Registered new tserver with Master: 81c15935bd774f6da0a260fc3aeed423 (127.0.22.138:43345)
I0301 23:04:20.048272 14340 rpcz_store.cc:269] Call kudu.master.MasterService.TSHeartbeat from 127.0.22.138:50421 (request call id 2) took 8212ms. Request Metrics: {}
I0301 23:04:20.048346 14340 rpcz_store.cc:269] Call kudu.master.MasterService.Ping from 127.0.22.143:40963 (request call id 1) took 7715ms. Request Metrics: {}
I0301 23:04:20.051021 14340 rpcz_store.cc:269] Call kudu.master.MasterService.Ping from 127.0.22.144:38207 (request call id 1) took 7644ms. Request Metrics: {}
I0301 23:04:20.051615 16541 heartbeater.cc:345] Connected to a master server at 127.0.22.190:45973
I0301 23:04:20.051652 16541 heartbeater.cc:425] Registering TS with master...
I0301 23:04:20.051707 16541 heartbeater.cc:474] Master 127.0.22.190:45973 requested a full tablet report, sending...
I0301 23:04:20.051785 16415 heartbeater.cc:345] Connected to a master server at 127.0.22.190:45973
I0301 23:04:20.051805 16415 heartbeater.cc:425] Registering TS with master...
I0301 23:04:20.051846 16415 heartbeater.cc:474] Master 127.0.22.190:45973 requested a full tablet report, sending...
I0301 23:04:20.245883 14470 ts_manager.cc:98] Registered new tserver with Master: a1608725c87e4eab92fe9207cf54cf58 (127.0.22.132:40927)
I0301 23:04:20.245970 14470 rpcz_store.cc:269] Call kudu.master.MasterService.TSHeartbeat from 127.0.22.132:59883 (request call id 2) took 8841ms. Request Metrics: {}
W0301 23:04:20.894918 14530 catalog_manager.cc:1104] T 00000000000000000000000000000000 P 4457cd6310c641c4b393d2e151035eb4: acquiring CA information for follower catalog manager: Not found: root CA entry not found
W0301 23:04:20.894946 14530 catalog_manager.cc:587] Not found: root CA entry not found: failed to prepare follower catalog manager, will retry
W0301 23:04:20.895424 14513 catalog_manager.cc:1104] T 00000000000000000000000000000000 P af574d09abdf44d797ac2b771b578e91: acquiring CA information for follower catalog manager: Not found: root CA entry not found
W0301 23:04:20.895448 14513 catalog_manager.cc:587] Not found: root CA entry not found: failed to prepare follower catalog manager, will retry
I0301 23:04:21.163508 14463 ts_manager.cc:98] Registered new tserver with Master: 7cb814db45714c4c861e0ca70033e26a (127.0.22.141:41515)
I0301 23:04:21.163564 14463 rpcz_store.cc:269] Call kudu.master.MasterService.TSHeartbeat from 127.0.22.141:54453 (request call id 2) took 8263ms. Request Metrics: {}
I0301 23:04:21.163712 14463 rpcz_store.cc:269] Call kudu.master.MasterService.TSHeartbeat from 127.0.22.139:38247 (request call id 3) took 7263ms. Request Metrics: {}
I0301 23:04:21.192755 14403 ts_manager.cc:98] Registered new tserver with Master: 0b487e0e73524a20a7d2c021d55ca8e1 (127.0.22.134:37517)
I0301 23:04:21.192864 14403 rpcz_store.cc:269] Call kudu.master.MasterService.TSHeartbeat from 127.0.22.134:54197 (request call id 2) took 9639ms. Request Metrics: {"spinlock_wait_cycles":831026048}
I0301 23:04:21.193073 14406 rpcz_store.cc:269] Call kudu.master.MasterService.TSHeartbeat from 127.0.22.130:33697 (request call id 3) took 8209ms. Request Metrics: {}
I0301 23:04:21.193162 14408 rpcz_store.cc:269] Call kudu.master.MasterService.TSHeartbeat from 127.0.22.129:40257 (request call id 3) took 8937ms. Request Metrics: {}
W0301 23:04:21.895180 14530 catalog_manager.cc:1104] T 00000000000000000000000000000000 P 4457cd6310c641c4b393d2e151035eb4: acquiring CA information for follower catalog manager: Not found: root CA entry not found
W0301 23:04:21.895212 14530 catalog_manager.cc:587] Not found: root CA entry not found: failed to prepare follower catalog manager, will retry
W0301 23:04:21.895782 14513 catalog_manager.cc:1104] T 00000000000000000000000000000000 P af574d09abdf44d797ac2b771b578e91: acquiring CA information for follower catalog manager: Not found: root CA entry not found
W0301 23:04:21.895812 14513 catalog_manager.cc:587] Not found: root CA entry not found: failed to prepare follower catalog manager, will retry
I0301 23:04:22.132313 14463 ts_manager.cc:98] Registered new tserver with Master: 8c1416a176564de683d21f1dcd69d7aa (127.0.22.143:43607)
I0301 23:04:22.132421 14463 rpcz_store.cc:269] Call kudu.master.MasterService.TSHeartbeat from 127.0.22.143:55085 (request call id 2) took 7293ms. Request Metrics: {}
I0301 23:04:22.148440 14342 ts_manager.cc:98] Registered new tserver with Master: ae1fd5ced0f746b7907cab3ad4fd25a8 (127.0.22.137:44147)
I0301 23:04:22.148502 14342 rpcz_store.cc:269] Call kudu.master.MasterService.TSHeartbeat from 127.0.22.137:41403 (request call id 2) took 10368ms. Request Metrics: {}
I0301 23:04:22.193017 14468 ts_manager.cc:98] Registered new tserver with Master: 0b487e0e73524a20a7d2c021d55ca8e1 (127.0.22.134:37517)
I0301 23:04:22.193150 14468 rpcz_store.cc:269] Call kudu.master.MasterService.TSHeartbeat from 127.0.22.134:48009 (request call id 2) took 10640ms. Request Metrics: {}
I0301 23:04:22.198086 14402 ts_manager.cc:98] Registered new tserver with Master: 81c15935bd774f6da0a260fc3aeed423 (127.0.22.138:43345)
I0301 23:04:22.198169 14402 rpcz_store.cc:269] Call kudu.master.MasterService.TSHeartbeat from 127.0.22.138:58501 (request call id 2) took 10361ms. Request Metrics: {"spinlock_wait_cycles":182744960}
I0301 23:04:22.216300 14339 ts_manager.cc:98] Registered new tserver with Master: 8a0c9c16cf7c4007bfc5616bd13816be (127.0.22.139:45995)
I0301 23:04:22.216375 14339 rpcz_store.cc:269] Call kudu.master.MasterService.TSHeartbeat from 127.0.22.139:43229 (request call id 2) took 10301ms. Request Metrics: {}
W0301 23:04:22.895604 14530 catalog_manager.cc:1104] T 00000000000000000000000000000000 P 4457cd6310c641c4b393d2e151035eb4: acquiring CA information for follower catalog manager: Not found: root CA entry not found
W0301 23:04:22.895642 14530 catalog_manager.cc:587] Not found: root CA entry not found: failed to prepare follower catalog manager, will retry
W0301 23:04:22.896148 14513 catalog_manager.cc:1104] T 00000000000000000000000000000000 P af574d09abdf44d797ac2b771b578e91: acquiring CA information for follower catalog manager: Not found: root CA entry not found
W0301 23:04:22.896203 14513 catalog_manager.cc:587] Not found: root CA entry not found: failed to prepare follower catalog manager, will retry
I0301 23:04:23.122212 14405 ts_manager.cc:98] Registered new tserver with Master: afe42b93631a46b79d48c710bb0949c3 (127.0.22.133:39893)
W0301 23:04:23.122287 14405 rpcz_store.cc:253] Call kudu.master.MasterService.TSHeartbeat from 127.0.22.133:47645 (request call id 2) took 11640 ms (11.6 s). Client timeout 15000 ms (15 s)
W0301 23:04:23.122360 14405 rpcz_store.cc:259] Trace: 0301 23:04:11.482257 (+ 0us) service_pool.cc:162] Inserting onto call queue 0301 23:04:11.482285 (+ 28us) service_pool.cc:221] Handling call 0301 23:04:11.914901 (+432616us) spinlock_profiling.cc:243] Waited 432 ms on lock 0x50a46a0. stack: 00000000024b19de 0000000000acd213 0000000000aa4866 000000000233481b 0000000002335149 00000000024c34b0 00007f64002e4183 00007f63fe6c2ffc 0301 23:04:22.198138 (+10283237us) ts_descriptor.cc:229] tablet server afe42b93631a46b79d48c710bb0949c3: assigning location 0301 23:04:23.122139 (+924001us) ts_descriptor.cc:235] tablet server afe42b93631a46b79d48c710bb0949c3: assigned location '/L1' 0301 23:04:23.122259 (+ 120us) inbound_call.cc:162] Queueing success response Metrics: {"spinlock_wait_cycles":994744576}
I0301 23:04:23.133877 14348 ts_manager.cc:98] Registered new tserver with Master: 7052f504631e40809718e2a0fe5e2cc3 (127.0.22.131:36453)
W0301 23:04:23.133941 14348 rpcz_store.cc:253] Call kudu.master.MasterService.TSHeartbeat from 127.0.22.131:42373 (request call id 2) took 11795 ms (11.8 s). Client timeout 15000 ms (15 s)
W0301 23:04:23.133996 14348 rpcz_store.cc:259] Trace: 0301 23:04:11.338760 (+ 0us) service_pool.cc:162] Inserting onto call queue 0301 23:04:11.338773 (+ 13us) service_pool.cc:221] Handling call 0301 23:04:22.224582 (+10885809us) ts_descriptor.cc:229] tablet server 7052f504631e40809718e2a0fe5e2cc3: assigning location 0301 23:04:23.133861 (+909279us) ts_descriptor.cc:235] tablet server 7052f504631e40809718e2a0fe5e2cc3: assigned location '/L1' 0301 23:04:23.133922 (+ 61us) inbound_call.cc:162] Queueing success response Metrics: {}
W0301 23:04:23.896018 14530 catalog_manager.cc:1104] T 00000000000000000000000000000000 P 4457cd6310c641c4b393d2e151035eb4: acquiring CA information for follower catalog manager: Not found: root CA entry not found
W0301 23:04:23.896049 14530 catalog_manager.cc:587] Not found: root CA entry not found: failed to prepare follower catalog manager, will retry
W0301 23:04:23.896378 14513 catalog_manager.cc:1104] T 00000000000000000000000000000000 P af574d09abdf44d797ac2b771b578e91: acquiring CA information for follower catalog manager: Not found: root CA entry not found
W0301 23:04:23.896423 14513 catalog_manager.cc:587] Not found: root CA entry not found: failed to prepare follower catalog manager, will retry
I0301 23:04:24.058866 14463 ts_manager.cc:98] Registered new tserver with Master: d7c95de99bdc421f9ab5a1f05bd5492c (127.0.22.144:33027)
I0301 23:04:24.058934 14463 rpcz_store.cc:269] Call kudu.master.MasterService.TSHeartbeat from 127.0.22.144:58945 (request call id 2) took 9220ms. Request Metrics: {}
W0301 23:04:24.058998 14465 rpcz_store.cc:253] Call kudu.master.MasterService.TSHeartbeat from 127.0.22.129:42313 (request call id 3) took 11865 ms (11.9 s). Client timeout 15000 ms (15 s)
W0301 23:04:24.059098 14465 rpcz_store.cc:259] Trace: 0301 23:04:12.193593 (+ 0us) service_pool.cc:162] Inserting onto call queue 0301 23:04:12.897529 (+703936us) service_pool.cc:221] Handling call 0301 23:04:24.058944 (+11161415us) inbound_call.cc:162] Queueing success response Metrics: {}
I0301 23:04:24.066272 14346 ts_manager.cc:98] Registered new tserver with Master: a1608725c87e4eab92fe9207cf54cf58 (127.0.22.132:40927)
W0301 23:04:24.066335 14346 rpcz_store.cc:253] Call kudu.master.MasterService.TSHeartbeat from 127.0.22.132:50633 (request call id 2) took 12660 ms (12.7 s). Client timeout 15000 ms (15 s)
W0301 23:04:24.068101 14346 rpcz_store.cc:259] Trace: 0301 23:04:11.405973 (+ 0us) service_pool.cc:162] Inserting onto call queue 0301 23:04:11.406005 (+ 32us) service_pool.cc:221] Handling call 0301 23:04:23.133965 (+11727960us) ts_descriptor.cc:229] tablet server a1608725c87e4eab92fe9207cf54cf58: assigning location 0301 23:04:24.066222 (+932257us) ts_descriptor.cc:235] tablet server a1608725c87e4eab92fe9207cf54cf58: assigned location '/L1' 0301 23:04:24.066317 (+ 95us) inbound_call.cc:162] Queueing success response Metrics: {}
I0301 23:04:24.131141 14472 ts_manager.cc:98] Registered new tserver with Master: 260a23a01ec64ac59599fca9754bb369 (127.0.22.140:33735)
W0301 23:04:24.131201 14472 rpcz_store.cc:253] Call kudu.master.MasterService.TSHeartbeat from 127.0.22.140:37135 (request call id 2) took 12056 ms (12.1 s). Client timeout 15000 ms (15 s)
W0301 23:04:24.131275 14472 rpcz_store.cc:259] Trace: 0301 23:04:12.075042 (+ 0us) service_pool.cc:162] Inserting onto call queue 0301 23:04:12.075057 (+ 15us) service_pool.cc:221] Handling call 0301 23:04:12.892885 (+817828us) spinlock_profiling.cc:243] Waited 818 ms on lock 0x5d2b3c4. stack: 00000000024b19de 00000000021ff112 0000000000acd072 0000000000aa4866 000000000233481b 0000000002335149 00000000024c34b0 00007fdef7641183 00007fdef5a1fffc 0301 23:04:24.059015 (+11166130us) ts_descriptor.cc:229] tablet server 260a23a01ec64ac59599fca9754bb369: assigning location 0301 23:04:24.131108 (+ 72093us) ts_descriptor.cc:235] tablet server 260a23a01ec64ac59599fca9754bb369: assigned location '/L1' 0301 23:04:24.131181 (+ 73us) inbound_call.cc:162] Queueing success response Metrics: {"spinlock_wait_cycles":1880536448}
W0301 23:04:24.131312 14466 rpcz_store.cc:253] Call kudu.master.MasterService.ListTabletServers from 127.0.0.1:54942 (request call id 1) took 11718 ms (11.7 s). Client timeout 14999 ms (15 s)
W0301 23:04:24.131348 14466 rpcz_store.cc:259] Trace: 0301 23:04:12.412357 (+ 0us) service_pool.cc:162] Inserting onto call queue 0301 23:04:14.837765 (+2425408us) service_pool.cc:221] Handling call 0301 23:04:24.131286 (+9293521us) inbound_call.cc:162] Queueing success response Metrics: {}
I0301 23:04:24.131426 14472 rpcz_store.cc:269] Call kudu.master.MasterService.TSHeartbeat from 127.0.22.132:59883 (request call id 3) took 2883ms. Request Metrics: {}
I0301 23:04:24.131474 14466 rpcz_store.cc:269] Call kudu.master.MasterService.TSHeartbeat from 127.0.22.141:54453 (request call id 3) took 1966ms. Request Metrics: {}
I0301 23:04:24.131505 14472 rpcz_store.cc:269] Call kudu.master.MasterService.TSHeartbeat from 127.0.22.139:38247 (request call id 4) took 1966ms. Request Metrics: {}
I0301 23:04:24.131567 14463 rpcz_store.cc:269] Call kudu.master.MasterService.TSHeartbeat from 127.0.22.136:50667 (request call id 3) took 8292ms. Request Metrics: {}
I0301 23:04:24.131701 14470 rpcz_store.cc:269] Call kudu.master.MasterService.TSHeartbeat from 127.0.22.130:34017 (request call id 3) took 11211ms. Request Metrics: {}
I0301 23:04:24.132426 14343 ts_manager.cc:98] Registered new tserver with Master: f8811aad84f24cb899523d311eac48cf (127.0.22.135:41893)
W0301 23:04:24.132477 14343 rpcz_store.cc:253] Call kudu.master.MasterService.TSHeartbeat from 127.0.22.135:41565 (request call id 2) took 12509 ms (12.5 s). Client timeout 15000 ms (15 s)
W0301 23:04:24.132521 14343 rpcz_store.cc:259] Trace: 0301 23:04:11.623050 (+ 0us) service_pool.cc:162] Inserting onto call queue 0301 23:04:11.623090 (+ 40us) service_pool.cc:221] Handling call 0301 23:04:24.066349 (+12443259us) ts_descriptor.cc:229] tablet server f8811aad84f24cb899523d311eac48cf: assigning location 0301 23:04:24.132403 (+ 66054us) ts_descriptor.cc:235] tablet server f8811aad84f24cb899523d311eac48cf: assigned location '/L1' 0301 23:04:24.132459 (+ 56us) inbound_call.cc:162] Queueing success response Metrics: {}
I0301 23:04:24.147877 14401 ts_manager.cc:98] Registered new tserver with Master: 7cb814db45714c4c861e0ca70033e26a (127.0.22.141:41515)
I0301 23:04:24.147959 14401 rpcz_store.cc:269] Call kudu.master.MasterService.TSHeartbeat from 127.0.22.141:37977 (request call id 2) took 10279ms. Request Metrics: {}
I0301 23:04:24.148025 14401 rpcz_store.cc:269] Call kudu.master.MasterService.TSHeartbeat from 127.0.22.140:55745 (request call id 3) took 4089ms. Request Metrics: {}
I0301 23:04:24.148057 14401 rpcz_store.cc:269] Call kudu.master.MasterService.TSHeartbeat from 127.0.22.134:54197 (request call id 3) took 1954ms. Request Metrics: {}
I0301 23:04:24.148097 14401 rpcz_store.cc:269] Call kudu.master.MasterService.TSHeartbeat from 127.0.22.130:33697 (request call id 4) took 1951ms. Request Metrics: {}
I0301 23:04:24.148126 14401 rpcz_store.cc:269] Call kudu.master.MasterService.TSHeartbeat from 127.0.22.129:40257 (request call id 4) took 1951ms. Request Metrics: {}
I0301 23:04:24.148778 14402 rpcz_store.cc:269] Call kudu.master.MasterService.TSHeartbeat from 127.0.22.139:42753 (request call id 3) took 7936ms. Request Metrics: {}
I0301 23:04:24.228772 14469 ts_manager.cc:98] Registered new tserver with Master: 81c15935bd774f6da0a260fc3aeed423 (127.0.22.138:43345)
W0301 23:04:24.228842 14469 rpcz_store.cc:253] Call kudu.master.MasterService.TSHeartbeat from 127.0.22.138:55255 (request call id 2) took 12392 ms (12.4 s). Client timeout 15000 ms (15 s)
I0301 23:04:24.228852 14465 rpcz_store.cc:269] Call kudu.master.MasterService.TSHeartbeat from 127.0.22.137:38963 (request call id 3) took 7116ms. Request Metrics: {}
W0301 23:04:24.228929 14469 rpcz_store.cc:259] Trace: 0301 23:04:11.836225 (+ 0us) service_pool.cc:162] Inserting onto call queue 0301 23:04:11.836239 (+ 14us) service_pool.cc:221] Handling call 0301 23:04:24.131649 (+12295410us) ts_descriptor.cc:229] tablet server 81c15935bd774f6da0a260fc3aeed423: assigning location 0301 23:04:24.228748 (+ 97099us) ts_descriptor.cc:235] tablet server 81c15935bd774f6da0a260fc3aeed423: assigned location '/L1' 0301 23:04:24.228818 (+ 70us) inbound_call.cc:162] Queueing success response Metrics: {}
I0301 23:04:24.230814 14345 ts_manager.cc:98] Registered new tserver with Master: afe42b93631a46b79d48c710bb0949c3 (127.0.22.133:39893)
W0301 23:04:24.230866 14345 rpcz_store.cc:253] Call kudu.master.MasterService.TSHeartbeat from 127.0.22.133:51125 (request call id 2) took 12748 ms (12.7 s). Client timeout 15000 ms (15 s)
W0301 23:04:24.230921 14345 rpcz_store.cc:259] Trace: 0301 23:04:11.481984 (+ 0us) service_pool.cc:162] Inserting onto call queue 0301 23:04:11.481999 (+ 15us) service_pool.cc:221] Handling call 0301 23:04:24.132532 (+12650533us) ts_descriptor.cc:229] tablet server afe42b93631a46b79d48c710bb0949c3: assigning location 0301 23:04:24.230799 (+ 98267us) ts_descriptor.cc:235] tablet server afe42b93631a46b79d48c710bb0949c3: assigned location '/L1' 0301 23:04:24.230848 (+ 49us) inbound_call.cc:162] Queueing success response Metrics: {}
I0301 23:04:24.230993 14348 rpcz_store.cc:269] Call kudu.master.MasterService.TSHeartbeat from 127.0.22.134:41777 (request call id 3) took 5144ms. Request Metrics: {}
I0301 23:04:24.248584 14404 ts_manager.cc:98] Registered new tserver with Master: ae1fd5ced0f746b7907cab3ad4fd25a8 (127.0.22.137:44147)
W0301 23:04:24.248631 14404 rpcz_store.cc:253] Call kudu.master.MasterService.TSHeartbeat from 127.0.22.137:37433 (request call id 2) took 12468 ms (12.5 s). Client timeout 15000 ms (15 s)
W0301 23:04:24.248684 14404 rpcz_store.cc:259] Trace: 0301 23:04:11.779991 (+ 0us) service_pool.cc:162] Inserting onto call queue 0301 23:04:11.780004 (+ 13us) service_pool.cc:221] Handling call 0301 23:04:11.914005 (+134001us) spinlock_profiling.cc:243] Waited 134 ms on lock 0x50a46a0. stack: 00000000024b19de 0000000000acd213 0000000000aa4866 000000000233481b 0000000002335149 00000000024c34b0 00007f64002e4183 00007f63fe6c2ffc 0301 23:04:24.148984 (+12234979us) ts_descriptor.cc:229] tablet server ae1fd5ced0f746b7907cab3ad4fd25a8: assigning location 0301 23:04:24.248567 (+ 99583us) ts_descriptor.cc:235] tablet server ae1fd5ced0f746b7907cab3ad4fd25a8: assigned location '/L1' 0301 23:04:24.248612 (+ 45us) inbound_call.cc:162] Queueing success response Metrics: {"spinlock_wait_cycles":307677056}
I0301 23:04:24.248728 14408 rpcz_store.cc:269] Call kudu.master.MasterService.TSHeartbeat from 127.0.22.132:40253 (request call id 3) took 8110ms. Request Metrics: {}
I0301 23:04:24.248785 14405 rpcz_store.cc:269] Call kudu.master.MasterService.TSHeartbeat from 127.0.22.131:43963 (request call id 3) took 6153ms. Request Metrics: {}
I0301 23:04:24.248934 16551 catalog_manager.cc:1046] Loading table and tablet metadata into memory...
I0301 23:04:24.248942 14410 rpcz_store.cc:269] Call kudu.master.MasterService.TSHeartbeat from 127.0.22.135:49087 (request call id 3) took 9380ms. Request Metrics: {}
I0301 23:04:24.249104 16551 catalog_manager.cc:1057] Initializing Kudu internal certificate authority...
I0301 23:04:24.269518 16551 catalog_manager.cc:941] Generated new certificate authority record
I0301 23:04:24.270355 16551 catalog_manager.cc:1066] Loading token signing keys...
I0301 23:04:24.283823 16551 catalog_manager.cc:4095] T 00000000000000000000000000000000 P 9191e9b5d78f4517b68d6a7efbf73301: Generated new TSK 0
I0301 23:04:24.320435 14468 ts_manager.cc:98] Registered new tserver with Master: 125f195fa3694b589407de1f591f0d1e (127.0.22.142:33235)
I0301 23:04:24.320487 14468 rpcz_store.cc:269] Call kudu.master.MasterService.TSHeartbeat from 127.0.22.142:47047 (request call id 2) took 9481ms. Request Metrics: {}
I0301 23:04:24.332250 14347 ts_manager.cc:98] Registered new tserver with Master: 260a23a01ec64ac59599fca9754bb369 (127.0.22.140:33735)
W0301 23:04:24.332309 14347 rpcz_store.cc:253] Call kudu.master.MasterService.TSHeartbeat from 127.0.22.140:42835 (request call id 2) took 12257 ms (12.3 s). Client timeout 15000 ms (15 s)
I0301 23:04:24.332332 14345 rpcz_store.cc:269] Call kudu.master.MasterService.TSHeartbeat from 127.0.22.138:50421 (request call id 3) took 3281ms. Request Metrics: {}
W0301 23:04:24.332376 14347 rpcz_store.cc:259] Trace: 0301 23:04:12.074348 (+ 0us) service_pool.cc:162] Inserting onto call queue 0301 23:04:12.074360 (+ 12us) service_pool.cc:221] Handling call 0301 23:04:12.892490 (+818130us) spinlock_profiling.cc:243] Waited 818 ms on lock 0x4bbd3c4. stack: 00000000024b19de 00000000021ff112 0000000000acd072 0000000000aa4866 000000000233481b 0000000002335149 00000000024c34b0 00007faabcca9183 00007faabb087ffc 0301 23:04:24.230983 (+11338493us) ts_descriptor.cc:229] tablet server 260a23a01ec64ac59599fca9754bb369: assigning location 0301 23:04:24.332227 (+101244us) ts_descriptor.cc:235] tablet server 260a23a01ec64ac59599fca9754bb369: assigned location '/L1' 0301 23:04:24.332291 (+ 64us) inbound_call.cc:162] Queueing success response Metrics: {"spinlock_wait_cycles":1880969472}
I0301 23:04:24.347797 14409 ts_manager.cc:98] Registered new tserver with Master: d7c95de99bdc421f9ab5a1f05bd5492c (127.0.22.144:33027)
I0301 23:04:24.347851 14409 rpcz_store.cc:269] Call kudu.master.MasterService.TSHeartbeat from 127.0.22.144:43253 (request call id 2) took 9208ms. Request Metrics: {}
I0301 23:04:24.350752 14406 rpcz_store.cc:269] Call kudu.master.MasterService.TSHeartbeat from 127.0.22.136:34609 (request call id 3) took 8173ms. Request Metrics: {}
I0301 23:04:24.365041 14467 ts_manager.cc:98] Registered new tserver with Master: f8811aad84f24cb899523d311eac48cf (127.0.22.135:41893)
W0301 23:04:24.365098 14467 rpcz_store.cc:253] Call kudu.master.MasterService.TSHeartbeat from 127.0.22.135:44241 (request call id 2) took 12741 ms (12.7 s). Client timeout 15000 ms (15 s)
W0301 23:04:24.365144 14467 rpcz_store.cc:259] Trace: 0301 23:04:11.623228 (+ 0us) service_pool.cc:162] Inserting onto call queue 0301 23:04:11.623249 (+ 21us) service_pool.cc:221] Handling call 0301 23:04:24.320566 (+12697317us) ts_descriptor.cc:229] tablet server f8811aad84f24cb899523d311eac48cf: assigning location 0301 23:04:24.365018 (+ 44452us) ts_descriptor.cc:235] tablet server f8811aad84f24cb899523d311eac48cf: assigned location '/L1' 0301 23:04:24.365071 (+ 53us) inbound_call.cc:162] Queueing success response Metrics: {}
I0301 23:04:24.373996 14339 ts_manager.cc:98] Registered new tserver with Master: 125f195fa3694b589407de1f591f0d1e (127.0.22.142:33235)
W0301 23:04:24.374068 14344 rpcz_store.cc:253] Call kudu.master.MasterService.TSHeartbeat from 127.0.22.129:38337 (request call id 3) took 12114 ms (12.1 s). Client timeout 15000 ms (15 s)
W0301 23:04:24.374104 14344 rpcz_store.cc:259] Trace: 0301 23:04:12.259747 (+ 0us) service_pool.cc:162] Inserting onto call queue 0301 23:04:18.085513 (+5825766us) service_pool.cc:221] Handling call 0301 23:04:24.374045 (+6288532us) inbound_call.cc:162] Queueing success response Metrics: {}
I0301 23:04:24.374158 14348 rpcz_store.cc:269] Call kudu.master.MasterService.TSHeartbeat from 127.0.22.137:41403 (request call id 3) took 1223ms. Request Metrics: {}
I0301 23:04:24.374069 14339 rpcz_store.cc:269] Call kudu.master.MasterService.TSHeartbeat from 127.0.22.142:57803 (request call id 2) took 6287ms. Request Metrics: {}
I0301 23:04:24.432411 14403 ts_manager.cc:98] Registered new tserver with Master: 8c1416a176564de683d21f1dcd69d7aa (127.0.22.143:43607)
I0301 23:04:24.432497 14403 rpcz_store.cc:269] Call kudu.master.MasterService.TSHeartbeat from 127.0.22.143:53987 (request call id 2) took 9292ms. Request Metrics: {}
I0301 23:04:24.460659 14471 ts_manager.cc:98] Registered new tserver with Master: 7052f504631e40809718e2a0fe5e2cc3 (127.0.22.131:36453)
W0301 23:04:24.460729 14471 rpcz_store.cc:253] Call kudu.master.MasterService.TSHeartbeat from 127.0.22.131:40089 (request call id 2) took 13123 ms (13.1 s). Client timeout 15000 ms (15 s)
W0301 23:04:24.460796 14471 rpcz_store.cc:259] Trace: 0301 23:04:11.336800 (+ 0us) service_pool.cc:162] Inserting onto call queue 0301 23:04:11.336813 (+ 13us) service_pool.cc:221] Handling call 0301 23:04:24.365095 (+13028282us) ts_descriptor.cc:229] tablet server 7052f504631e40809718e2a0fe5e2cc3: assigning location 0301 23:04:24.460636 (+ 95541us) ts_descriptor.cc:235] tablet server 7052f504631e40809718e2a0fe5e2cc3: assigned location '/L1' 0301 23:04:24.460700 (+ 64us) inbound_call.cc:162] Queueing success response Metrics: {}
I0301 23:04:24.472355 14346 ts_manager.cc:98] Registered new tserver with Master: d7c95de99bdc421f9ab5a1f05bd5492c (127.0.22.144:33027)
I0301 23:04:24.472419 14346 rpcz_store.cc:269] Call kudu.master.MasterService.TSHeartbeat from 127.0.22.144:38207 (request call id 2) took 4420ms. Request Metrics: {}
I0301 23:04:24.472425 14345 rpcz_store.cc:269] Call kudu.master.MasterService.TSHeartbeat from 127.0.22.139:43229 (request call id 3) took 1255ms. Request Metrics: {}
I0301 23:04:24.509619 14407 ts_manager.cc:98] Registered new tserver with Master: 125f195fa3694b589407de1f591f0d1e (127.0.22.142:33235)
I0301 23:04:24.509672 14407 rpcz_store.cc:269] Call kudu.master.MasterService.TSHeartbeat from 127.0.22.142:60123 (request call id 2) took 10641ms. Request Metrics: {}
I0301 23:04:24.510874 14343 ts_manager.cc:98] Registered new tserver with Master: 8c1416a176564de683d21f1dcd69d7aa (127.0.22.143:43607)
I0301 23:04:24.510957 14343 rpcz_store.cc:269] Call kudu.master.MasterService.TSHeartbeat from 127.0.22.143:40963 (request call id 2) took 4458ms. Request Metrics: {}
I0301 23:04:24.528316 14464 ts_manager.cc:98] Registered new tserver with Master: afe42b93631a46b79d48c710bb0949c3 (127.0.22.133:39893)
W0301 23:04:24.528373 14464 rpcz_store.cc:253] Call kudu.master.MasterService.TSHeartbeat from 127.0.22.133:55217 (request call id 2) took 13046 ms (13 s). Client timeout 15000 ms (15 s)
W0301 23:04:24.528447 14464 rpcz_store.cc:259] Trace: 0301 23:04:11.482268 (+ 0us) service_pool.cc:162] Inserting onto call queue 0301 23:04:11.482282 (+ 14us) service_pool.cc:221] Handling call 0301 23:04:24.461434 (+12979152us) ts_descriptor.cc:229] tablet server afe42b93631a46b79d48c710bb0949c3: assigning location 0301 23:04:24.528296 (+ 66862us) ts_descriptor.cc:235] tablet server afe42b93631a46b79d48c710bb0949c3: assigned location '/L1' 0301 23:04:24.528353 (+ 57us) inbound_call.cc:162] Queueing success response Metrics: {}
I0301 23:04:24.552597 14342 ts_manager.cc:98] Registered new tserver with Master: 7cb814db45714c4c861e0ca70033e26a (127.0.22.141:41515)
I0301 23:04:24.552644 14342 rpcz_store.cc:269] Call kudu.master.MasterService.TSHeartbeat from 127.0.22.141:55849 (request call id 2) took 6465ms. Request Metrics: {}
W0301 23:04:24.552687 14340 rpcz_store.cc:253] Call kudu.master.MasterService.TSHeartbeat from 127.0.22.130:46503 (request call id 3) took 11601 ms (11.6 s). Client timeout 15000 ms (15 s)
W0301 23:04:24.552723 14340 rpcz_store.cc:259] Trace: 0301 23:04:12.951585 (+ 0us) service_pool.cc:162] Inserting onto call queue 0301 23:04:20.051184 (+7099599us) service_pool.cc:221] Handling call 0301 23:04:24.552659 (+4501475us) inbound_call.cc:162] Queueing success response Metrics: {}
I0301 23:04:24.577582 14341 ts_manager.cc:98] Registered new tserver with Master: 13620ea0d2134184b6ae7cb6ab31534b (127.0.22.136:35561)
W0301 23:04:24.577638 14341 rpcz_store.cc:253] Call kudu.master.MasterService.TSHeartbeat from 127.0.22.136:46965 (request call id 2) took 12856 ms (12.9 s). Client timeout 15000 ms (15 s)
W0301 23:04:24.577697 14341 rpcz_store.cc:259] Trace: 0301 23:04:11.721109 (+ 0us) service_pool.cc:162] Inserting onto call queue 0301 23:04:11.721122 (+ 13us) service_pool.cc:221] Handling call 0301 23:04:24.553039 (+12831917us) ts_descriptor.cc:229] tablet server 13620ea0d2134184b6ae7cb6ab31534b: assigning location 0301 23:04:24.577567 (+ 24528us) ts_descriptor.cc:235] tablet server 13620ea0d2134184b6ae7cb6ab31534b: assigned location '/L1' 0301 23:04:24.577620 (+ 53us) inbound_call.cc:162] Queueing success response Metrics: {}
I0301 23:04:24.578022 90 external_mini_cluster.cc:623] 16 TS(s) registered with all masters
I0301 23:04:24.578630 90 external_mini_cluster.cc:1131] Killing /tmp/dist-test-task3pD_4V/build/release/bin/kudu-tserver with pid 14508
W0301 23:04:24.581907 14329 connection.cc:647] server connection from 127.0.22.129:38337 recv error: Network error: failed to read from TLS socket (remote: 127.0.22.129:38337): Connection reset by peer (error 104)
W0301 23:04:24.581924 14391 connection.cc:647] server connection from 127.0.22.129:40257 recv error: Network error: failed to read from TLS socket (remote: 127.0.22.129:40257): Connection reset by peer (error 104)
W0301 23:04:24.581938 14456 connection.cc:647] server connection from 127.0.22.129:42313 recv error: Network error: failed to read from TLS socket (remote: 127.0.22.129:42313): Connection reset by peer (error 104)
I0301 23:04:24.581995 90 external_mini_cluster.cc:1131] Killing /tmp/dist-test-task3pD_4V/build/release/bin/kudu-tserver with pid 14644
W0301 23:04:24.584975 14330 connection.cc:647] server connection from 127.0.22.130:46503 recv error: Network error: failed to read from TLS socket (remote: 127.0.22.130:46503): Connection reset by peer (error 104)
W0301 23:04:24.584997 14394 connection.cc:647] server connection from 127.0.22.130:33697 recv error: Network error: failed to read from TLS socket (remote: 127.0.22.130:33697): Connection reset by peer (error 104)
W0301 23:04:24.585019 14453 connection.cc:647] server connection from 127.0.22.130:34017 recv error: Network error: failed to read from TLS socket (remote: 127.0.22.130:34017): Connection reset by peer (error 104)
I0301 23:04:24.585060 90 external_mini_cluster.cc:1131] Killing /tmp/dist-test-task3pD_4V/build/release/bin/kudu-tserver with pid 14776
W0301 23:04:24.587684 14330 connection.cc:647] server connection from 127.0.22.131:42373 recv error: Network error: failed to read from TLS socket (remote: 127.0.22.131:42373): Connection reset by peer (error 104)
W0301 23:04:24.587699 14394 connection.cc:647] server connection from 127.0.22.131:43963 recv error: Network error: failed to read from TLS socket (remote: 127.0.22.131:43963): Connection reset by peer (error 104)
W0301 23:04:24.587739 14454 connection.cc:647] server connection from 127.0.22.131:40089 recv error: Network error: failed to read from TLS socket (remote: 127.0.22.131:40089): Connection reset by peer (error 104)
I0301 23:04:24.587769 90 external_mini_cluster.cc:1131] Killing /tmp/dist-test-task3pD_4V/build/release/bin/kudu-tserver with pid 14904
W0301 23:04:24.590266 14329 connection.cc:647] server connection from 127.0.22.132:50633 recv error: Network error: failed to read from TLS socket (remote: 127.0.22.132:50633): Connection reset by peer (error 104)
W0301 23:04:24.590273 14453 connection.cc:647] server connection from 127.0.22.132:59883 recv error: Network error: failed to read from TLS socket (remote: 127.0.22.132:59883): Connection reset by peer (error 104)
W0301 23:04:24.590356 14393 connection.cc:647] server connection from 127.0.22.132:40253 recv error: Network error: failed to read from TLS socket (remote: 127.0.22.132:40253): Connection reset by peer (error 104)
I0301 23:04:24.590411 90 external_mini_cluster.cc:1131] Killing /tmp/dist-test-task3pD_4V/build/release/bin/kudu-tserver with pid 15030
W0301 23:04:24.593463 14330 connection.cc:647] server connection from 127.0.22.133:51125 recv error: Network error: failed to read from TLS socket (remote: 127.0.22.133:51125): Connection reset by peer (error 104)
W0301 23:04:24.593484 14393 connection.cc:647] server connection from 127.0.22.133:47645 recv error: Network error: failed to read from TLS socket (remote: 127.0.22.133:47645): Connection reset by peer (error 104)
W0301 23:04:24.593500 14454 connection.cc:647] server connection from 127.0.22.133:55217 recv error: Network error: failed to read from TLS socket (remote: 127.0.22.133:55217): Connection reset by peer (error 104)
I0301 23:04:24.593610 90 external_mini_cluster.cc:1131] Killing /tmp/dist-test-task3pD_4V/build/release/bin/kudu-tserver with pid 15156
W0301 23:04:24.595963 14330 connection.cc:647] server connection from 127.0.22.134:41777 recv error: Network error: failed to read from TLS socket (remote: 127.0.22.134:41777): Connection reset by peer (error 104)
W0301 23:04:24.595994 14454 connection.cc:647] server connection from 127.0.22.134:48009 recv error: Network error: failed to read from TLS socket (remote: 127.0.22.134:48009): Connection reset by peer (error 104)
W0301 23:04:24.595998 14392 connection.cc:647] server connection from 127.0.22.134:54197 recv error: Network error: failed to read from TLS socket (remote: 127.0.22.134:54197): Connection reset by peer (error 104)
I0301 23:04:24.596062 90 external_mini_cluster.cc:1131] Killing /tmp/dist-test-task3pD_4V/build/release/bin/kudu-tserver with pid 15282
W0301 23:04:24.598258 14329 connection.cc:647] server connection from 127.0.22.135:41565 recv error: Network error: failed to read from TLS socket (remote: 127.0.22.135:41565): Connection reset by peer (error 104)
W0301 23:04:24.598282 14394 connection.cc:647] server connection from 127.0.22.135:49087 recv error: Network error: failed to read from TLS socket (remote: 127.0.22.135:49087): Connection reset by peer (error 104)
W0301 23:04:24.598300 14454 connection.cc:647] server connection from 127.0.22.135:44241 recv error: Network error: failed to read from TLS socket (remote: 127.0.22.135:44241): Connection reset by peer (error 104)
I0301 23:04:24.598353 90 external_mini_cluster.cc:1131] Killing /tmp/dist-test-task3pD_4V/build/release/bin/kudu-tserver with pid 15408
W0301 23:04:24.600675 14330 connection.cc:647] server connection from 127.0.22.136:46965 recv error: Network error: failed to read from TLS socket (remote: 127.0.22.136:46965): Connection reset by peer (error 104)
W0301 23:04:24.600709 14454 connection.cc:647] server connection from 127.0.22.136:50667 recv error: Network error: failed to read from TLS socket (remote: 127.0.22.136:50667): Connection reset by peer (error 104)
W0301 23:04:24.600721 14394 connection.cc:647] server connection from 127.0.22.136:34609 recv error: Network error: failed to read from TLS socket (remote: 127.0.22.136:34609): Connection reset by peer (error 104)
I0301 23:04:24.600772 90 external_mini_cluster.cc:1131] Killing /tmp/dist-test-task3pD_4V/build/release/bin/kudu-tserver with pid 15534
W0301 23:04:24.603056 14332 connection.cc:647] server connection from 127.0.22.137:41403 recv error: Network error: failed to read from TLS socket (remote: 127.0.22.137:41403): Connection reset by peer (error 104)
W0301 23:04:24.603060 14393 connection.cc:647] server connection from 127.0.22.137:37433 recv error: Network error: failed to read from TLS socket (remote: 127.0.22.137:37433): Connection reset by peer (error 104)
W0301 23:04:24.603083 14453 connection.cc:647] server connection from 127.0.22.137:38963 recv error: Network error: failed to read from TLS socket (remote: 127.0.22.137:38963): Connection reset by peer (error 104)
I0301 23:04:24.603143 90 external_mini_cluster.cc:1131] Killing /tmp/dist-test-task3pD_4V/build/release/bin/kudu-tserver with pid 15660
W0301 23:04:24.605567 14332 connection.cc:647] server connection from 127.0.22.138:50421 recv error: Network error: failed to read from TLS socket (remote: 127.0.22.138:50421): Connection reset by peer (error 104)
W0301 23:04:24.605602 14393 connection.cc:647] server connection from 127.0.22.138:58501 recv error: Network error: failed to read from TLS socket (remote: 127.0.22.138:58501): Connection reset by peer (error 104)
I0301 23:04:24.605657 90 external_mini_cluster.cc:1131] Killing /tmp/dist-test-task3pD_4V/build/release/bin/kudu-tserver with pid 15786
W0301 23:04:24.605660 14456 connection.cc:647] server connection from 127.0.22.138:55255 recv error: Network error: failed to read from TLS socket (remote: 127.0.22.138:55255): Connection reset by peer (error 104)
W0301 23:04:24.607899 14392 connection.cc:647] server connection from 127.0.22.139:42753 recv error: Network error: failed to read from TLS socket (remote: 127.0.22.139:42753): Connection reset by peer (error 104)
W0301 23:04:24.607903 14331 connection.cc:647] server connection from 127.0.22.139:43229 recv error: Network error: failed to read from TLS socket (remote: 127.0.22.139:43229): Connection reset by peer (error 104)
W0301 23:04:24.607924 14454 connection.cc:647] server connection from 127.0.22.139:38247 recv error: Network error: failed to read from TLS socket (remote: 127.0.22.139:38247): Connection reset by peer (error 104)
I0301 23:04:24.607980 90 external_mini_cluster.cc:1131] Killing /tmp/dist-test-task3pD_4V/build/release/bin/kudu-tserver with pid 15912
W0301 23:04:24.610321 14330 connection.cc:647] server connection from 127.0.22.140:42835 recv error: Network error: failed to read from TLS socket (remote: 127.0.22.140:42835): Connection reset by peer (error 104)
W0301 23:04:24.610342 14456 connection.cc:647] server connection from 127.0.22.140:37135 recv error: Network error: failed to read from TLS socket (remote: 127.0.22.140:37135): Connection reset by peer (error 104)
W0301 23:04:24.610363 14393 connection.cc:647] server connection from 127.0.22.140:55745 recv error: Network error: failed to read from TLS socket (remote: 127.0.22.140:55745): Connection reset by peer (error 104)
I0301 23:04:24.610446 90 external_mini_cluster.cc:1131] Killing /tmp/dist-test-task3pD_4V/build/release/bin/kudu-tserver with pid 16042
W0301 23:04:24.612753 14391 connection.cc:647] server connection from 127.0.22.141:37977 recv error: Network error: failed to read from TLS socket (remote: 127.0.22.141:37977): Connection reset by peer (error 104)
W0301 23:04:24.612776 14331 connection.cc:647] server connection from 127.0.22.141:55849 recv error: Network error: failed to read from TLS socket (remote: 127.0.22.141:55849): Connection reset by peer (error 104)
I0301 23:04:24.612833 90 external_mini_cluster.cc:1131] Killing /tmp/dist-test-task3pD_4V/build/release/bin/kudu-tserver with pid 16168
W0301 23:04:24.612896 14454 connection.cc:647] server connection from 127.0.22.141:54453 recv error: Network error: failed to read from TLS socket (remote: 127.0.22.141:54453): Connection reset by peer (error 104)
W0301 23:04:24.615011 14331 connection.cc:647] server connection from 127.0.22.142:57803 recv error: Network error: failed to read from TLS socket (remote: 127.0.22.142:57803): Connection reset by peer (error 104)
W0301 23:04:24.615020 14456 connection.cc:647] server connection from 127.0.22.142:47047 recv error: Network error: failed to read from TLS socket (remote: 127.0.22.142:47047): Connection reset by peer (error 104)
W0301 23:04:24.615041 14391 connection.cc:647] server connection from 127.0.22.142:60123 recv error: Network error: failed to read from TLS socket (remote: 127.0.22.142:60123): Connection reset by peer (error 104)
I0301 23:04:24.615105 90 external_mini_cluster.cc:1131] Killing /tmp/dist-test-task3pD_4V/build/release/bin/kudu-tserver with pid 16291
W0301 23:04:24.617839 14332 connection.cc:647] server connection from 127.0.22.143:40963 recv error: Network error: failed to read from TLS socket (remote: 127.0.22.143:40963): Connection reset by peer (error 104)
W0301 23:04:24.617913 14392 connection.cc:647] server connection from 127.0.22.143:53987 recv error: Network error: failed to read from TLS socket (remote: 127.0.22.143:53987): Connection reset by peer (error 104)
W0301 23:04:24.617990 14454 connection.cc:647] server connection from 127.0.22.143:55085 recv error: Network error: failed to read from TLS socket (remote: 127.0.22.143:55085): Connection reset by peer (error 104)
I0301 23:04:24.617992 90 external_mini_cluster.cc:1131] Killing /tmp/dist-test-task3pD_4V/build/release/bin/kudu-tserver with pid 16420
W0301 23:04:24.620085 14393 connection.cc:647] server connection from 127.0.22.144:43253 recv error: Network error: failed to read from TLS socket (remote: 127.0.22.144:43253): Connection reset by peer (error 104)
W0301 23:04:24.620106 14453 connection.cc:647] server connection from 127.0.22.144:58945 recv error: Network error: failed to read from TLS socket (remote: 127.0.22.144:58945): Connection reset by peer (error 104)
W0301 23:04:24.620128 14329 connection.cc:647] server connection from 127.0.22.144:38207 recv error: Network error: failed to read from TLS socket (remote: 127.0.22.144:38207): Connection reset by peer (error 104)
I0301 23:04:24.620271 90 external_mini_cluster.cc:1131] Killing /tmp/dist-test-task3pD_4V/build/release/bin/kudu-master with pid 14322
W0301 23:04:24.623178 14454 connection.cc:647] server connection from 127.0.0.1:54940 recv error: Network error: failed to read from TLS socket (remote: 127.0.0.1:54940): Connection reset by peer (error 104)
W0301 23:04:24.623179 14321 connection.cc:647] client connection to 127.0.22.190:45973 recv error: Network error: failed to read from TLS socket (remote: 127.0.22.190:45973): Connection reset by peer (error 104)
W0301 23:04:24.623201 14393 connection.cc:647] server connection from 127.0.0.1:60946 recv error: Network error: failed to read from TLS socket (remote: 127.0.0.1:60946): Connection reset by peer (error 104)
W0301 23:04:24.623293 14391 connection.cc:647] client connection to 127.0.22.190:45973 recv error: Network error: failed to read from TLS socket (remote: 127.0.22.190:45973): Connection reset by peer (error 104)
W0301 23:04:24.623308 14453 connection.cc:647] client connection to 127.0.22.190:45973 recv error: Network error: failed to read from TLS socket (remote: 127.0.22.190:45973): Connection reset by peer (error 104)
I0301 23:04:24.623428 90 external_mini_cluster.cc:1131] Killing /tmp/dist-test-task3pD_4V/build/release/bin/kudu-master with pid 14384
W0301 23:04:24.626054 14321 connection.cc:647] client connection to 127.0.22.189:36569 recv error: Network error: failed to read from TLS socket (remote: 127.0.22.189:36569): Connection reset by peer (error 104)
W0301 23:04:24.626085 14454 connection.cc:647] server connection from 127.0.0.1:54938 recv error: Network error: failed to read from TLS socket (remote: 127.0.0.1:54938): Connection reset by peer (error 104)
W0301 23:04:24.626091 14453 connection.cc:647] client connection to 127.0.22.189:36569 recv error: Network error: failed to read from TLS socket (remote: 127.0.22.189:36569): Connection reset by peer (error 104)
I0301 23:04:24.626252 90 external_mini_cluster.cc:1131] Killing /tmp/dist-test-task3pD_4V/build/release/bin/kudu-master with pid 14444
W0301 23:04:24.628624 14321 connection.cc:647] client connection to 127.0.22.188:46753 recv error: Network error: failed to read from TLS socket (remote: 127.0.22.188:46753): Connection reset by peer (error 104)
