I0301 23:03:38.769194 556 raft_consensus.cc:340] T eee07e353042465691f1c5cffa355aaf P 5486c6d5f4aa46d2a490ab6e76a18733 [term 0 FOLLOWER]: Replica starting. Triggering 0 pending transactions. Active config: opid_index: -1 OBSOLETE_local: false peers { permanent_uuid: "e841b5267f1e499a86a0e35e283ce039" member_type: VOTER last_known_addr { host: "127.0.22.129" port: 37181 } } peers { permanent_uuid: "9e981a7936e942b89b5076b0f0eb11bf" member_type: VOTER last_known_addr { host: "127.0.22.130" port: 44241 } } peers { permanent_uuid: "5486c6d5f4aa46d2a490ab6e76a18733" member_type: VOTER last_known_addr { host: "127.0.22.131" port: 33049 } }
I0301 23:03:38.769203 555 raft_consensus.cc:340] T eee07e353042465691f1c5cffa355aaf P e841b5267f1e499a86a0e35e283ce039 [term 0 FOLLOWER]: Replica starting. Triggering 0 pending transactions. Active config: opid_index: -1 OBSOLETE_local: false peers { permanent_uuid: "e841b5267f1e499a86a0e35e283ce039" member_type: VOTER last_known_addr { host: "127.0.22.129" port: 37181 } } peers { permanent_uuid: "9e981a7936e942b89b5076b0f0eb11bf" member_type: VOTER last_known_addr { host: "127.0.22.130" port: 44241 } } peers { permanent_uuid: "5486c6d5f4aa46d2a490ab6e76a18733" member_type: VOTER last_known_addr { host: "127.0.22.131" port: 33049 } }
I0301 23:03:38.769219 555 raft_consensus.cc:366] T eee07e353042465691f1c5cffa355aaf P e841b5267f1e499a86a0e35e283ce039 [term 0 FOLLOWER]: Consensus starting up: Expiring failure detector timer to make a prompt election more likely
I0301 23:03:38.769222 556 raft_consensus.cc:366] T eee07e353042465691f1c5cffa355aaf P 5486c6d5f4aa46d2a490ab6e76a18733 [term 0 FOLLOWER]: Consensus starting up: Expiring failure detector timer to make a prompt election more likely
I0301 23:03:38.769227 555 raft_consensus.cc:705] T eee07e353042465691f1c5cffa355aaf P e841b5267f1e499a86a0e35e283ce039 [term 0 FOLLOWER]: Becoming Follower/Learner. State: Replica: e841b5267f1e499a86a0e35e283ce039, State: Initialized, Role: FOLLOWER
I0301 23:03:38.769227 556 raft_consensus.cc:705] T eee07e353042465691f1c5cffa355aaf P 5486c6d5f4aa46d2a490ab6e76a18733 [term 0 FOLLOWER]: Becoming Follower/Learner. State: Replica: 5486c6d5f4aa46d2a490ab6e76a18733, State: Initialized, Role: FOLLOWER
I0301 23:03:38.769279 556 consensus_queue.cc:229] T eee07e353042465691f1c5cffa355aaf P 5486c6d5f4aa46d2a490ab6e76a18733 [NON_LEADER]: Queue going to NON_LEADER mode. State: All replicated index: 0, Majority replicated index: 0, Committed index: 0, Last appended: 0.0, Last appended by leader: 0, Current term: 0, Majority size: -1, State: 0, Mode: NON_LEADER, active raft config: opid_index: -1 OBSOLETE_local: false peers { permanent_uuid: "e841b5267f1e499a86a0e35e283ce039" member_type: VOTER last_known_addr { host: "127.0.22.129" port: 37181 } } peers { permanent_uuid: "9e981a7936e942b89b5076b0f0eb11bf" member_type: VOTER last_known_addr { host: "127.0.22.130" port: 44241 } } peers { permanent_uuid: "5486c6d5f4aa46d2a490ab6e76a18733" member_type: VOTER last_known_addr { host: "127.0.22.131" port: 33049 } }
I0301 23:03:38.769281 555 consensus_queue.cc:229] T eee07e353042465691f1c5cffa355aaf P e841b5267f1e499a86a0e35e283ce039 [NON_LEADER]: Queue going to NON_LEADER mode. State: All replicated index: 0, Majority replicated index: 0, Committed index: 0, Last appended: 0.0, Last appended by leader: 0, Current term: 0, Majority size: -1, State: 0, Mode: NON_LEADER, active raft config: opid_index: -1 OBSOLETE_local: false peers { permanent_uuid: "e841b5267f1e499a86a0e35e283ce039" member_type: VOTER last_known_addr { host: "127.0.22.129" port: 37181 } } peers { permanent_uuid: "9e981a7936e942b89b5076b0f0eb11bf" member_type: VOTER last_known_addr { host: "127.0.22.130" port: 44241 } } peers { permanent_uuid: "5486c6d5f4aa46d2a490ab6e76a18733" member_type: VOTER last_known_addr { host: "127.0.22.131" port: 33049 } }
I0301 23:03:38.769372 536 heartbeater.cc:466] Master 127.0.22.190:38515 was elected leader, sending a full tablet report...
I0301 23:03:38.769418 555 ts_tablet_manager.cc:1075] T eee07e353042465691f1c5cffa355aaf P e841b5267f1e499a86a0e35e283ce039: Time spent starting tablet: real 0.001s user 0.001s sys 0.000s
I0301 23:03:38.769423 289 heartbeater.cc:466] Master 127.0.22.190:38515 was elected leader, sending a full tablet report...
I0301 23:03:38.769376 556 ts_tablet_manager.cc:1075] T eee07e353042465691f1c5cffa355aaf P 5486c6d5f4aa46d2a490ab6e76a18733: Time spent starting tablet: real 0.001s user 0.000s sys 0.001s
I0301 23:03:38.775558 559 raft_consensus.cc:472] T eee07e353042465691f1c5cffa355aaf P 9e981a7936e942b89b5076b0f0eb11bf [term 0 FOLLOWER]: Starting pre-election (no leader contacted us within the election timeout)
I0301 23:03:38.775609 559 raft_consensus.cc:494] T eee07e353042465691f1c5cffa355aaf P 9e981a7936e942b89b5076b0f0eb11bf [term 0 FOLLOWER]: Starting pre-election with config: opid_index: -1 OBSOLETE_local: false peers { permanent_uuid: "e841b5267f1e499a86a0e35e283ce039" member_type: VOTER last_known_addr { host: "127.0.22.129" port: 37181 } } peers { permanent_uuid: "9e981a7936e942b89b5076b0f0eb11bf" member_type: VOTER last_known_addr { host: "127.0.22.130" port: 44241 } } peers { permanent_uuid: "5486c6d5f4aa46d2a490ab6e76a18733" member_type: VOTER last_known_addr { host: "127.0.22.131" port: 33049 } }
I0301 23:03:38.775673 559 leader_election.cc:292] T eee07e353042465691f1c5cffa355aaf P 9e981a7936e942b89b5076b0f0eb11bf [CANDIDATE]: Term 1 pre-election: Requested pre-vote from peers e841b5267f1e499a86a0e35e283ce039 (127.0.22.129:37181), 5486c6d5f4aa46d2a490ab6e76a18733 (127.0.22.131:33049)
I0301 23:03:38.778424 245 tablet_service.cc:1010] Received RequestConsensusVote() RPC: tablet_id: "eee07e353042465691f1c5cffa355aaf" candidate_uuid: "9e981a7936e942b89b5076b0f0eb11bf" candidate_term: 1 candidate_status { last_received { term: 0 index: 0 } } ignore_live_leader: false dest_uuid: "e841b5267f1e499a86a0e35e283ce039" is_pre_election: true
I0301 23:03:38.778458 245 raft_consensus.cc:2346] T eee07e353042465691f1c5cffa355aaf P e841b5267f1e499a86a0e35e283ce039 [term 0 FOLLOWER]: Leader pre-election vote request: Granting yes vote for candidate 9e981a7936e942b89b5076b0f0eb11bf in term 0.
I0301 23:03:38.778633 301 leader_election.cc:306] T eee07e353042465691f1c5cffa355aaf P 9e981a7936e942b89b5076b0f0eb11bf [CANDIDATE]: Term 1 pre-election: Election decided. Result: candidate won. Election summary: received 2 responses out of 3 voters: 2 yes votes; 0 no votes. yes voters: 9e981a7936e942b89b5076b0f0eb11bf, e841b5267f1e499a86a0e35e283ce039; no voters:
I0301 23:03:38.778694 559 raft_consensus.cc:2640] T eee07e353042465691f1c5cffa355aaf P 9e981a7936e942b89b5076b0f0eb11bf [term 0 FOLLOWER]: Leader pre-election won for term 1
I0301 23:03:38.778717 559 raft_consensus.cc:472] T eee07e353042465691f1c5cffa355aaf P 9e981a7936e942b89b5076b0f0eb11bf [term 0 FOLLOWER]: Starting leader election (no leader contacted us within the election timeout)
I0301 23:03:38.778723 559 raft_consensus.cc:2886] T eee07e353042465691f1c5cffa355aaf P 9e981a7936e942b89b5076b0f0eb11bf [term 0 FOLLOWER]: Advancing to term 1
I0301 23:03:38.779181 559 raft_consensus.cc:494] T eee07e353042465691f1c5cffa355aaf P 9e981a7936e942b89b5076b0f0eb11bf [term 1 FOLLOWER]: Starting leader election with config: opid_index: -1 OBSOLETE_local: false peers { permanent_uuid: "e841b5267f1e499a86a0e35e283ce039" member_type: VOTER last_known_addr { host: "127.0.22.129" port: 37181 } } peers { permanent_uuid: "9e981a7936e942b89b5076b0f0eb11bf" member_type: VOTER last_known_addr { host: "127.0.22.130" port: 44241 } } peers { permanent_uuid: "5486c6d5f4aa46d2a490ab6e76a18733" member_type: VOTER last_known_addr { host: "127.0.22.131" port: 33049 } }
I0301 23:03:38.779331 559 leader_election.cc:292] T eee07e353042465691f1c5cffa355aaf P 9e981a7936e942b89b5076b0f0eb11bf [CANDIDATE]: Term 1 election: Requested vote from peers e841b5267f1e499a86a0e35e283ce039 (127.0.22.129:37181), 5486c6d5f4aa46d2a490ab6e76a18733 (127.0.22.131:33049)
I0301 23:03:38.779342 493 tablet_service.cc:1010] Received RequestConsensusVote() RPC: tablet_id: "eee07e353042465691f1c5cffa355aaf" candidate_uuid: "9e981a7936e942b89b5076b0f0eb11bf" candidate_term: 1 candidate_status { last_received { term: 0 index: 0 } } ignore_live_leader: false dest_uuid: "5486c6d5f4aa46d2a490ab6e76a18733" is_pre_election: true
I0301 23:03:38.779363 493 raft_consensus.cc:2346] T eee07e353042465691f1c5cffa355aaf P 5486c6d5f4aa46d2a490ab6e76a18733 [term 0 FOLLOWER]: Leader pre-election vote request: Granting yes vote for candidate 9e981a7936e942b89b5076b0f0eb11bf in term 0.
I0301 23:03:38.779565 493 tablet_service.cc:1010] Received RequestConsensusVote() RPC: tablet_id: "eee07e353042465691f1c5cffa355aaf" candidate_uuid: "9e981a7936e942b89b5076b0f0eb11bf" candidate_term: 1 candidate_status { last_received { term: 0 index: 0 } } ignore_live_leader: false dest_uuid: "5486c6d5f4aa46d2a490ab6e76a18733"
I0301 23:03:38.779593 493 raft_consensus.cc:2886] T eee07e353042465691f1c5cffa355aaf P 5486c6d5f4aa46d2a490ab6e76a18733 [term 0 FOLLOWER]: Advancing to term 1
I0301 23:03:38.779635 245 tablet_service.cc:1010] Received RequestConsensusVote() RPC: tablet_id: "eee07e353042465691f1c5cffa355aaf" candidate_uuid: "9e981a7936e942b89b5076b0f0eb11bf" candidate_term: 1 candidate_status { last_received { term: 0 index: 0 } } ignore_live_leader: false dest_uuid: "e841b5267f1e499a86a0e35e283ce039"
I0301 23:03:38.779659 245 raft_consensus.cc:2886] T eee07e353042465691f1c5cffa355aaf P e841b5267f1e499a86a0e35e283ce039 [term 0 FOLLOWER]: Advancing to term 1
I0301 23:03:38.780033 245 raft_consensus.cc:2346] T eee07e353042465691f1c5cffa355aaf P e841b5267f1e499a86a0e35e283ce039 [term 1 FOLLOWER]: Leader election vote request: Granting yes vote for candidate 9e981a7936e942b89b5076b0f0eb11bf in term 1.
I0301 23:03:38.780050 493 raft_consensus.cc:2346] T eee07e353042465691f1c5cffa355aaf P 5486c6d5f4aa46d2a490ab6e76a18733 [term 1 FOLLOWER]: Leader election vote request: Granting yes vote for candidate 9e981a7936e942b89b5076b0f0eb11bf in term 1.
I0301 23:03:38.780241 301 leader_election.cc:306] T eee07e353042465691f1c5cffa355aaf P 9e981a7936e942b89b5076b0f0eb11bf [CANDIDATE]: Term 1 election: Election decided. Result: candidate won. Election summary: received 2 responses out of 3 voters: 2 yes votes; 0 no votes. yes voters: 5486c6d5f4aa46d2a490ab6e76a18733, 9e981a7936e942b89b5076b0f0eb11bf; no voters:
I0301 23:03:38.780313 559 raft_consensus.cc:2640] T eee07e353042465691f1c5cffa355aaf P 9e981a7936e942b89b5076b0f0eb11bf [term 1 FOLLOWER]: Leader election won for term 1
I0301 23:03:38.780413 559 raft_consensus.cc:667] T eee07e353042465691f1c5cffa355aaf P 9e981a7936e942b89b5076b0f0eb11bf [term 1 LEADER]: Becoming Leader. State: Replica: 9e981a7936e942b89b5076b0f0eb11bf, State: Running, Role: LEADER
I0301 23:03:38.780478 559 consensus_queue.cc:206] T eee07e353042465691f1c5cffa355aaf P 9e981a7936e942b89b5076b0f0eb11bf [LEADER]: Queue going to LEADER mode. State: All replicated index: 0, Majority replicated index: 0, Committed index: 0, Last appended: 0.0, Last appended by leader: 0, Current term: 1, Majority size: 2, State: 0, Mode: LEADER, active raft config: opid_index: -1 OBSOLETE_local: false peers { permanent_uuid: "e841b5267f1e499a86a0e35e283ce039" member_type: VOTER last_known_addr { host: "127.0.22.129" port: 37181 } } peers { permanent_uuid: "9e981a7936e942b89b5076b0f0eb11bf" member_type: VOTER last_known_addr { host: "127.0.22.130" port: 44241 } } peers { permanent_uuid: "5486c6d5f4aa46d2a490ab6e76a18733" member_type: VOTER last_known_addr { host: "127.0.22.131" port: 33049 } }
I0301 23:03:38.780915 126 catalog_manager.cc:3791] T eee07e353042465691f1c5cffa355aaf P 9e981a7936e942b89b5076b0f0eb11bf reported cstate change: term changed from 0 to 1, leader changed from to 9e981a7936e942b89b5076b0f0eb11bf (127.0.22.130). New cstate: current_term: 1 leader_uuid: "9e981a7936e942b89b5076b0f0eb11bf" committed_config { opid_index: -1 OBSOLETE_local: false peers { permanent_uuid: "e841b5267f1e499a86a0e35e283ce039" member_type: VOTER last_known_addr { host: "127.0.22.129" port: 37181 } health_report { overall_health: UNKNOWN } } peers { permanent_uuid: "9e981a7936e942b89b5076b0f0eb11bf" member_type: VOTER last_known_addr { host: "127.0.22.130" port: 44241 } health_report { overall_health: HEALTHY } } peers { permanent_uuid: "5486c6d5f4aa46d2a490ab6e76a18733" member_type: VOTER last_known_addr { host: "127.0.22.131" port: 33049 } health_report { overall_health: UNKNOWN } } }
I0301 23:03:38.783953 90 external_mini_cluster.cc:623] 3 TS(s) registered with all masters
I0301 23:03:38.784413 90 ts_itest-base.cc:232] Waiting for 1 tablets on tserver e841b5267f1e499a86a0e35e283ce039 to finish bootstrapping
I0301 23:03:38.786432 90 ts_itest-base.cc:232] Waiting for 1 tablets on tserver 9e981a7936e942b89b5076b0f0eb11bf to finish bootstrapping
I0301 23:03:38.788352 90 ts_itest-base.cc:232] Waiting for 1 tablets on tserver 5486c6d5f4aa46d2a490ab6e76a18733 to finish bootstrapping
I0301 23:03:38.796408 90 cluster_itest_util.cc:249] Not converged past 1 yet: 0.0 1.1 0.0
W0301 23:03:38.859726 414 tablet.cc:1786] T eee07e353042465691f1c5cffa355aaf P 9e981a7936e942b89b5076b0f0eb11bf: Can't schedule compaction. Clean time has not been advanced past its initial value.
I0301 23:03:38.897666 90 cluster_itest_util.cc:249] Not converged past 1 yet: 0.0 1.1 0.0
W0301 23:03:38.948207 537 tablet.cc:1786] T eee07e353042465691f1c5cffa355aaf P 5486c6d5f4aa46d2a490ab6e76a18733: Can't schedule compaction. Clean time has not been advanced past its initial value.
W0301 23:03:39.019286 290 tablet.cc:1786] T eee07e353042465691f1c5cffa355aaf P e841b5267f1e499a86a0e35e283ce039: Can't schedule compaction. Clean time has not been advanced past its initial value.
I0301 23:03:39.099033 90 cluster_itest_util.cc:249] Not converged past 1 yet: 0.0 1.1 0.0
I0301 23:03:39.301254 245 raft_consensus.cc:1181] T eee07e353042465691f1c5cffa355aaf P e841b5267f1e499a86a0e35e283ce039 [term 1 FOLLOWER]: Refusing update from remote peer 9e981a7936e942b89b5076b0f0eb11bf: Log matching property violated. Preceding OpId in replica: term: 0 index: 0. Preceding OpId from leader: term: 1 index: 1. (index mismatch)
I0301 23:03:39.301622 566 consensus_queue.cc:984] T eee07e353042465691f1c5cffa355aaf P 9e981a7936e942b89b5076b0f0eb11bf [LEADER]: Connected to new peer: Peer: permanent_uuid: "e841b5267f1e499a86a0e35e283ce039" member_type: VOTER last_known_addr { host: "127.0.22.129" port: 37181 }, Status: LMP_MISMATCH, Last received: 0.0, Next index: 1, Last known committed idx: 0, Time since last communication: 0.000s
I0301 23:03:39.302698 493 raft_consensus.cc:1181] T eee07e353042465691f1c5cffa355aaf P 5486c6d5f4aa46d2a490ab6e76a18733 [term 1 FOLLOWER]: Refusing update from remote peer 9e981a7936e942b89b5076b0f0eb11bf: Log matching property violated. Preceding OpId in replica: term: 0 index: 0. Preceding OpId from leader: term: 1 index: 1. (index mismatch)
I0301 23:03:39.302913 569 consensus_queue.cc:984] T eee07e353042465691f1c5cffa355aaf P 9e981a7936e942b89b5076b0f0eb11bf [LEADER]: Connected to new peer: Peer: permanent_uuid: "5486c6d5f4aa46d2a490ab6e76a18733" member_type: VOTER last_known_addr { host: "127.0.22.131" port: 33049 }, Status: LMP_MISMATCH, Last received: 0.0, Next index: 1, Last known committed idx: 0, Time since last communication: 0.000s
I0301 23:03:39.413944 90 external_mini_cluster.cc:1131] Killing /tmp/dist-test-task3pD_4V/build/release/bin/kudu-tserver with pid 168
W0301 23:03:39.417246 95 connection.cc:647] client connection to 127.0.22.129:37181 recv error: Network error: failed to read from TLS socket (remote: 127.0.22.129:37181): Connection reset by peer (error 104)
W0301 23:03:39.417254 301 connection.cc:647] client connection to 127.0.22.129:37181 recv error: Network error: failed to read from TLS socket (remote: 127.0.22.129:37181): Connection reset by peer (error 104)
W0301 23:03:39.417254 99 connection.cc:647] client connection to 127.0.22.129:37181 recv error: Network error: failed to read from TLS socket (remote: 127.0.22.129:37181): Connection reset by peer (error 104)
W0301 23:03:39.417439 109 connection.cc:647] server connection from 127.0.22.129:48757 recv error: Network error: failed to read from TLS socket (remote: 127.0.22.129:48757): Connection reset by peer (error 104)
W0301 23:03:39.417618 107 connection.cc:647] client connection to 127.0.22.129:37181 recv error: Network error: failed to read from TLS socket (remote: 127.0.22.129:37181): Connection reset by peer (error 104)
I0301 23:03:39.417666 90 external_mini_cluster.cc:1131] Killing /tmp/dist-test-task3pD_4V/build/release/bin/kudu-tserver with pid 294
W0301 23:03:39.420711 96 connection.cc:647] client connection to 127.0.22.130:44241 recv error: Network error: failed to read from TLS socket (remote: 127.0.22.130:44241): Connection reset by peer (error 104)
W0301 23:03:39.420737 425 connection.cc:647] server connection from 127.0.22.130:37245 recv error: Network error: failed to read from TLS socket (remote: 127.0.22.130:37245): Connection reset by peer (error 104)
W0301 23:03:39.420785 108 connection.cc:647] client connection to 127.0.22.130:44241 recv error: Network error: failed to read from TLS socket (remote: 127.0.22.130:44241): Connection reset by peer (error 104)
W0301 23:03:39.420826 99 connection.cc:647] client connection to 127.0.22.130:44241 recv error: Network error: failed to read from TLS socket (remote: 127.0.22.130:44241): Connection reset by peer (error 104)
I0301 23:03:39.420878 90 external_mini_cluster.cc:1131] Killing /tmp/dist-test-task3pD_4V/build/release/bin/kudu-tserver with pid 417
W0301 23:03:39.420905 109 connection.cc:647] server connection from 127.0.22.130:57189 recv error: Network error: failed to read from TLS socket (remote: 127.0.22.130:57189): Connection reset by peer (error 104)
W0301 23:03:39.423081 95 connection.cc:647] client connection to 127.0.22.131:33049 recv error: Network error: failed to read from TLS socket (remote: 127.0.22.131:33049): Connection reset by peer (error 104)
W0301 23:03:39.423113 99 connection.cc:647] client connection to 127.0.22.131:33049 recv error: Network error: failed to read from TLS socket (remote: 127.0.22.131:33049): Connection reset by peer (error 104)
W0301 23:03:39.423149 110 connection.cc:647] server connection from 127.0.22.131:47377 recv error: Network error: failed to read from TLS socket (remote: 127.0.22.131:47377): Connection reset by peer (error 104)
W0301 23:03:39.423202 107 connection.cc:647] client connection to 127.0.22.131:33049 recv error: Network error: failed to read from TLS socket (remote: 127.0.22.131:33049): Connection reset by peer (error 104)
I0301 23:03:39.423203 90 external_mini_cluster.cc:1131] Killing /tmp/dist-test-task3pD_4V/build/release/bin/kudu-master with pid 100
W0301 23:03:39.426136 99 connection.cc:647] client connection to 127.0.22.190:38515 recv error: Network error: failed to read from TLS socket (remote: 127.0.22.190:38515): Connection reset by peer (error 104) [ OK ] ClientLocationAssignmentITest.Basic (1023 ms) [----------] 1 test from ClientLocationAssignmentITest (1023 ms total) [----------] 8 tests from TsLocationAssignmentITest [ RUN ] TsLocationAssignmentITest.Basic/0
I0301 23:03:39.428997 90 test_util.cc:212] Using random seed: 1793160323
I0301 23:03:39.429350 90 external_mini_cluster.cc:933] Running /tmp/dist-test-task3pD_4V/build/release/bin/kudu-master /tmp/dist-test-task3pD_4V/build/release/bin/kudu-master --fs_wal_dir=/tmp/dist-test-task3pD_4V/test-tmp/location_assignment-itest.0.TsLocationAssignmentITest.Basic_0.1551481418399944-90/minicluster-data/master-0/wal --fs_data_dirs=/tmp/dist-test-task3pD_4V/test-tmp/location_assignment-itest.0.TsLocationAssignmentITest.Basic_0.1551481418399944-90/minicluster-data/master-0/data --block_manager=log --webserver_interface=localhost --ipki_ca_key_size=1024 --tsk_num_rsa_bits=512 --rpc_bind_addresses=127.0.22.190:38773 --webserver_interface=127.0.22.190 --webserver_port=0 --never_fsync --ipki_server_key_size=1024 --enable_minidumps=false --redact=none --metrics_log_interval_ms=1000 --logtostderr --logbuflevel=-1 --log_dir=/tmp/dist-test-task3pD_4V/test-tmp/location_assignment-itest.0.TsLocationAssignmentITest.Basic_0.1551481418399944-90/minicluster-data/master-0/logs --server_dump_info_path=/tmp/dist-test-task3pD_4V/test-tmp/location_assignment-itest.0.TsLocationAssignmentITest.Basic_0.1551481418399944-90/minicluster-data/master-0/data/info.pb --server_dump_info_format=pb --rpc_server_allow_ephemeral_ports --unlock_experimental_flags --unlock_unsafe_flags --rpc_reuseport=true --location_mapping_cmd=/tmp/dist-test-task3pD_4V/build/release/bin/testdata/assign-location.py --state_store=/tmp/dist-test-task3pD_4V/test-tmp/location_assignment-itest.0.TsLocationAssignmentITest.Basic_0.1551481418399944-90/minicluster-data/location-assignment.state --map /L0:1 with env {} WARNING: Logging before InitGoogleLogging() is written to STDERR
W0301 23:03:39.439584 583 flags.cc:406] Enabled unsafe flag: --rpc_server_allow_ephemeral_ports=true
W0301 23:03:39.439667 583 flags.cc:406] Enabled unsafe flag: --never_fsync=true
W0301 23:03:39.440665 583 flags.cc:406] Enabled experimental flag: --ipki_ca_key_size=1024
W0301 23:03:39.440687 583 flags.cc:406] Enabled experimental flag: --ipki_server_key_size=1024
W0301 23:03:39.440691 583 flags.cc:406] Enabled experimental flag: --tsk_num_rsa_bits=512
W0301 23:03:39.440696 583 flags.cc:406] Enabled experimental flag: --rpc_reuseport=true
I0301 23:03:39.441705 583 master_main.cc:73] Master server non-default flags: --fs_data_dirs=/tmp/dist-test-task3pD_4V/test-tmp/location_assignment-itest.0.TsLocationAssignmentITest.Basic_0.1551481418399944-90/minicluster-data/master-0/data --fs_wal_dir=/tmp/dist-test-task3pD_4V/test-tmp/location_assignment-itest.0.TsLocationAssignmentITest.Basic_0.1551481418399944-90/minicluster-data/master-0/wal --ipki_ca_key_size=1024 --location_mapping_cmd=/tmp/dist-test-task3pD_4V/build/release/bin/testdata/assign-location.py --state_store=/tmp/dist-test-task3pD_4V/test-tmp/location_assignment-itest.0.TsLocationAssignmentITest.Basic_0.1551481418399944-90/minicluster-data/location-assignment.state --map /L0:1 --ipki_server_key_size=1024 --tsk_num_rsa_bits=512 --rpc_bind_addresses=127.0.22.190:38773 --rpc_reuseport=true --rpc_server_allow_ephemeral_ports=true --metrics_log_interval_ms=1000 --server_dump_info_format=pb --server_dump_info_path=/tmp/dist-test-task3pD_4V/test-tmp/location_assignment-itest.0.TsLocationAssignmentITest.Basic_0.1551481418399944-90/minicluster-data/master-0/data/info.pb --webserver_interface=127.0.22.190 --webserver_port=0 --never_fsync=true --heap_profile_path=/tmp/kudu-master.583 --redact=none --unlock_experimental_flags=true --unlock_unsafe_flags=true --enable_minidumps=false --log_dir=/tmp/dist-test-task3pD_4V/test-tmp/location_assignment-itest.0.TsLocationAssignmentITest.Basic_0.1551481418399944-90/minicluster-data/master-0/logs --logbuflevel=-1 --logtostderr=true Master server version: kudu 1.9.0 revision deb0f04b010c5399771879829285c284b8f20008 build type RELEASE built by hao.hao at 01 Mar 2019 13:57:59 PST on ve0518.halxg.cloudera.com
I0301 23:03:39.442469 583 master_main.cc:80] Initializing master server...
I0301 23:03:39.442598 583 system_ntp.cc:199] NTP initialized. Skew: 500ppm Current error: 25516us
I0301 23:03:39.442692 583 fs_manager.cc:263] Metadata directory not provided
I0301 23:03:39.442715 583 fs_manager.cc:269] Using write-ahead log directory (fs_wal_dir) as metadata directory
I0301 23:03:39.442749 583 server_base.cc:432] Could not load existing FS layout: Not found: could not find a healthy instance file
I0301 23:03:39.442771 583 server_base.cc:433] Attempting to create new FS layout instead
I0301 23:03:39.443308 583 fs_manager.cc:602] Generated new instance metadata in path /tmp/dist-test-task3pD_4V/test-tmp/location_assignment-itest.0.TsLocationAssignmentITest.Basic_0.1551481418399944-90/minicluster-data/master-0/data/instance: uuid: "642faa2effa145399932e0effe93e46d" format_stamp: "Formatted at 2019-03-01 23:03:39 on dist-test-slave-dist-test-slave-04f2"
I0301 23:03:39.443481 583 fs_manager.cc:602] Generated new instance metadata in path /tmp/dist-test-task3pD_4V/test-tmp/location_assignment-itest.0.TsLocationAssignmentITest.Basic_0.1551481418399944-90/minicluster-data/master-0/wal/instance: uuid: "642faa2effa145399932e0effe93e46d" format_stamp: "Formatted at 2019-03-01 23:03:39 on dist-test-slave-dist-test-slave-04f2"
I0301 23:03:39.444469 583 fs_manager.cc:503] Time spent creating directory manager: real 0.001s user 0.001s sys 0.001s
I0301 23:03:39.444681 583 env_posix.cc:1676] Not raising this process' open files per process limit of 1048576; it is already as high as it can go
I0301 23:03:39.444751 583 file_cache.cc:466] Constructed file cache lbm with capacity 419430
I0301 23:03:39.445247 583 fs_manager.cc:419] Time spent opening block manager: real 0.000s user 0.000s sys 0.000s
I0301 23:03:39.445274 583 fs_manager.cc:436] Opened local filesystem: /tmp/dist-test-task3pD_4V/test-tmp/location_assignment-itest.0.TsLocationAssignmentITest.Basic_0.1551481418399944-90/minicluster-data/master-0/data,/tmp/dist-test-task3pD_4V/test-tmp/location_assignment-itest.0.TsLocationAssignmentITest.Basic_0.1551481418399944-90/minicluster-data/master-0/wal uuid: "642faa2effa145399932e0effe93e46d" format_stamp: "Formatted at 2019-03-01 23:03:39 on dist-test-slave-dist-test-slave-04f2"
I0301 23:03:39.445294 583 fs_report.cc:352] FS layout report -------------------- wal directory: /tmp/dist-test-task3pD_4V/test-tmp/location_assignment-itest.0.TsLocationAssignmentITest.Basic_0.1551481418399944-90/minicluster-data/master-0/wal metadata directory: /tmp/dist-test-task3pD_4V/test-tmp/location_assignment-itest.0.TsLocationAssignmentITest.Basic_0.1551481418399944-90/minicluster-data/master-0/wal 1 data directories: /tmp/dist-test-task3pD_4V/test-tmp/location_assignment-itest.0.TsLocationAssignmentITest.Basic_0.1551481418399944-90/minicluster-data/master-0/data/data Total live blocks: 0 Total live bytes: 0 Total live bytes (after alignment): 0 Total number of LBM containers: 0 (0 full) Did not check for missing blocks Did not check for orphaned blocks Total full LBM containers with extra space: 0 (0 repaired) Total full LBM container extra space in bytes: 0 (0 repaired) Total incomplete LBM containers: 0 (0 repaired) Total LBM partial records: 0 (0 repaired)
I0301 23:03:39.459892 583 env_posix.cc:1676] Not raising this process' running threads per effective uid limit of 18446744073709551615; it is already as high as it can go
I0301 23:03:39.460036 583 master_main.cc:83] Starting Master server...
I0301 23:03:39.462216 583 rpc_server.cc:205] RPC server started. Bound to: 127.0.22.190:38773
I0301 23:03:39.462270 583 webserver.cc:175] Starting webserver on 127.0.22.190:0
I0301 23:03:39.462280 583 webserver.cc:186] Document root disabled
I0301 23:03:39.462451 583 webserver.cc:313] Webserver started. Bound to: http://127.0.22.190:32827/
I0301 23:03:39.462566 583 server_base.cc:607] Dumped server information to /tmp/dist-test-task3pD_4V/test-tmp/location_assignment-itest.0.TsLocationAssignmentITest.Basic_0.1551481418399944-90/minicluster-data/master-0/data/info.pb
I0301 23:03:39.462777 642 data_dirs.cc:938] Could only allocate 1 dirs of requested 3 for tablet 00000000000000000000000000000000. 1 dirs total, 0 dirs full, 0 dirs failed
I0301 23:03:39.464319 642 tablet_bootstrap.cc:439] T 00000000000000000000000000000000 P 642faa2effa145399932e0effe93e46d: Bootstrap starting.
I0301 23:03:39.464565 642 tablet_bootstrap.cc:593] T 00000000000000000000000000000000 P 642faa2effa145399932e0effe93e46d: No blocks or log segments found. Creating new log.
I0301 23:03:39.464699 642 log.cc:525] T 00000000000000000000000000000000 P 642faa2effa145399932e0effe93e46d: Log is configured to *not* fsync() on all Append() calls
I0301 23:03:39.464923 642 tablet_bootstrap.cc:439] T 00000000000000000000000000000000 P 642faa2effa145399932e0effe93e46d: No bootstrap required, opened a new log
I0301 23:03:39.465947 642 raft_consensus.cc:340] T 00000000000000000000000000000000 P 642faa2effa145399932e0effe93e46d [term 0 FOLLOWER]: Replica starting. Triggering 0 pending transactions. Active config: opid_index: -1 OBSOLETE_local: true peers { permanent_uuid: "642faa2effa145399932e0effe93e46d" member_type: VOTER }
I0301 23:03:39.465975 642 raft_consensus.cc:366] T 00000000000000000000000000000000 P 642faa2effa145399932e0effe93e46d [term 0 FOLLOWER]: Consensus starting up: Expiring failure detector timer to make a prompt election more likely
I0301 23:03:39.465983 642 raft_consensus.cc:705] T 00000000000000000000000000000000 P 642faa2effa145399932e0effe93e46d [term 0 FOLLOWER]: Becoming Follower/Learner. State: Replica: 642faa2effa145399932e0effe93e46d, State: Initialized, Role: FOLLOWER
I0301 23:03:39.466027 642 consensus_queue.cc:229] T 00000000000000000000000000000000 P 642faa2effa145399932e0effe93e46d [NON_LEADER]: Queue going to NON_LEADER mode. State: All replicated index: 0, Majority replicated index: 0, Committed index: 0, Last appended: 0.0, Last appended by leader: 0, Current term: 0, Majority size: -1, State: 0, Mode: NON_LEADER, active raft config: opid_index: -1 OBSOLETE_local: true peers { permanent_uuid: "642faa2effa145399932e0effe93e46d" member_type: VOTER }
I0301 23:03:39.466039 642 raft_consensus.cc:380] T 00000000000000000000000000000000 P 642faa2effa145399932e0effe93e46d [term 0 FOLLOWER]: Only one voter in the Raft config. Triggering election immediately
I0301 23:03:39.466047 642 raft_consensus.cc:472] T 00000000000000000000000000000000 P 642faa2effa145399932e0effe93e46d [term 0 FOLLOWER]: Starting leader election (initial election of a single-replica configuration)
I0301 23:03:39.466053 642 raft_consensus.cc:2886] T 00000000000000000000000000000000 P 642faa2effa145399932e0effe93e46d [term 0 FOLLOWER]: Advancing to term 1
I0301 23:03:39.466428 642 raft_consensus.cc:494] T 00000000000000000000000000000000 P 642faa2effa145399932e0effe93e46d [term 1 FOLLOWER]: Starting leader election with config: opid_index: -1 OBSOLETE_local: true peers { permanent_uuid: "642faa2effa145399932e0effe93e46d" member_type: VOTER }
I0301 23:03:39.466457 642 leader_election.cc:306] T 00000000000000000000000000000000 P 642faa2effa145399932e0effe93e46d [CANDIDATE]: Term 1 election: Election decided. Result: candidate won. Election summary: received 1 responses out of 1 voters: 1 yes votes; 0 no votes. yes voters: 642faa2effa145399932e0effe93e46d; no voters:
I0301 23:03:39.466526 642 leader_election.cc:292] T 00000000000000000000000000000000 P 642faa2effa145399932e0effe93e46d [CANDIDATE]: Term 1 election: Requested vote from peers
I0301 23:03:39.466593 644 raft_consensus.cc:2640] T 00000000000000000000000000000000 P 642faa2effa145399932e0effe93e46d [term 1 FOLLOWER]: Leader election won for term 1
I0301 23:03:39.466701 644 raft_consensus.cc:667] T 00000000000000000000000000000000 P 642faa2effa145399932e0effe93e46d [term 1 LEADER]: Becoming Leader. State: Replica: 642faa2effa145399932e0effe93e46d, State: Running, Role: LEADER
I0301 23:03:39.466744 644 consensus_queue.cc:206] T 00000000000000000000000000000000 P 642faa2effa145399932e0effe93e46d [LEADER]: Queue going to LEADER mode. State: All replicated index: 0, Majority replicated index: 0, Committed index: 0, Last appended: 0.0, Last appended by leader: 0, Current term: 1, Majority size: 1, State: 0, Mode: LEADER, active raft config: opid_index: -1 OBSOLETE_local: true peers { permanent_uuid: "642faa2effa145399932e0effe93e46d" member_type: VOTER }
I0301 23:03:39.466850 644 sys_catalog.cc:337] T 00000000000000000000000000000000 P 642faa2effa145399932e0effe93e46d [sys.catalog]: SysCatalogTable state changed. Reason: New leader 642faa2effa145399932e0effe93e46d. Latest consensus state: current_term: 1 leader_uuid: "642faa2effa145399932e0effe93e46d" committed_config { opid_index: -1 OBSOLETE_local: true peers { permanent_uuid: "642faa2effa145399932e0effe93e46d" member_type: VOTER } }
I0301 23:03:39.466859 642 sys_catalog.cc:337] T 00000000000000000000000000000000 P 642faa2effa145399932e0effe93e46d [sys.catalog]: SysCatalogTable state changed. Reason: Started TabletReplica. Latest consensus state: current_term: 1 leader_uuid: "642faa2effa145399932e0effe93e46d" committed_config { opid_index: -1 OBSOLETE_local: true peers { permanent_uuid: "642faa2effa145399932e0effe93e46d" member_type: VOTER } }
I0301 23:03:39.466887 645 sys_catalog.cc:337] T 00000000000000000000000000000000 P 642faa2effa145399932e0effe93e46d [sys.catalog]: SysCatalogTable state changed. Reason: RaftConsensus started. Latest consensus state: current_term: 1 leader_uuid: "642faa2effa145399932e0effe93e46d" committed_config { opid_index: -1 OBSOLETE_local: true peers { permanent_uuid: "642faa2effa145399932e0effe93e46d" member_type: VOTER } }
I0301 23:03:39.466899 642 sys_catalog.cc:340] T 00000000000000000000000000000000 P 642faa2effa145399932e0effe93e46d [sys.catalog]: This master's current role is: LEADER
I0301 23:03:39.466907 645 sys_catalog.cc:340] T 00000000000000000000000000000000 P 642faa2effa145399932e0effe93e46d [sys.catalog]: This master's current role is: LEADER
I0301 23:03:39.466996 642 sys_catalog.cc:424] T 00000000000000000000000000000000 P 642faa2effa145399932e0effe93e46d [sys.catalog]: configured and running, proceeding with master startup.
I0301 23:03:39.467005 648 catalog_manager.cc:1046] Loading table and tablet metadata into memory...
I0301 23:03:39.466881 644 sys_catalog.cc:340] T 00000000000000000000000000000000 P 642faa2effa145399932e0effe93e46d [sys.catalog]: This master's current role is: LEADER
I0301 23:03:39.467484 583 master_main.cc:86] Master server successfully started.
I0301 23:03:39.467324 648 catalog_manager.cc:1057] Initializing Kudu internal certificate authority...
I0301 23:03:39.470968 90 external_mini_cluster.cc:995] Started /tmp/dist-test-task3pD_4V/build/release/bin/kudu-master as pid 583
I0301 23:03:39.471161 90 external_mini_cluster.cc:933] Running /tmp/dist-test-task3pD_4V/build/release/bin/kudu-tserver /tmp/dist-test-task3pD_4V/build/release/bin/kudu-tserver --fs_wal_dir=/tmp/dist-test-task3pD_4V/test-tmp/location_assignment-itest.0.TsLocationAssignmentITest.Basic_0.1551481418399944-90/minicluster-data/ts-0/wal --fs_data_dirs=/tmp/dist-test-task3pD_4V/test-tmp/location_assignment-itest.0.TsLocationAssignmentITest.Basic_0.1551481418399944-90/minicluster-data/ts-0/data --block_manager=log --rpc_bind_addresses=127.0.22.129:0 --local_ip_for_outbound_sockets=127.0.22.129 --webserver_interface=127.0.22.129 --webserver_port=0 --tserver_master_addrs=127.0.22.190:38773 --never_fsync --ipki_server_key_size=1024 --enable_minidumps=false --redact=none --metrics_log_interval_ms=1000 --logtostderr --logbuflevel=-1 --log_dir=/tmp/dist-test-task3pD_4V/test-tmp/location_assignment-itest.0.TsLocationAssignmentITest.Basic_0.1551481418399944-90/minicluster-data/ts-0/logs --server_dump_info_path=/tmp/dist-test-task3pD_4V/test-tmp/location_assignment-itest.0.TsLocationAssignmentITest.Basic_0.1551481418399944-90/minicluster-data/ts-0/data/info.pb --server_dump_info_format=pb --rpc_server_allow_ephemeral_ports --unlock_experimental_flags --unlock_unsafe_flags with env {} WARNING: Logging before InitGoogleLogging() is written to STDERR
W0301 23:03:39.484714 652 flags.cc:406] Enabled unsafe flag: --rpc_server_allow_ephemeral_ports=true
W0301 23:03:39.484799 652 flags.cc:406] Enabled unsafe flag: --never_fsync=true
W0301 23:03:39.485508 652 flags.cc:406] Enabled experimental flag: --ipki_server_key_size=1024
W0301 23:03:39.485544 652 flags.cc:406] Enabled experimental flag: --local_ip_for_outbound_sockets=127.0.22.129
I0301 23:03:39.486440 652 tablet_server_main.cc:78] Tablet server non-default flags: --fs_data_dirs=/tmp/dist-test-task3pD_4V/test-tmp/location_assignment-itest.0.TsLocationAssignmentITest.Basic_0.1551481418399944-90/minicluster-data/ts-0/data --fs_wal_dir=/tmp/dist-test-task3pD_4V/test-tmp/location_assignment-itest.0.TsLocationAssignmentITest.Basic_0.1551481418399944-90/minicluster-data/ts-0/wal --ipki_server_key_size=1024 --rpc_bind_addresses=127.0.22.129:0 --rpc_server_allow_ephemeral_ports=true --metrics_log_interval_ms=1000 --server_dump_info_format=pb --server_dump_info_path=/tmp/dist-test-task3pD_4V/test-tmp/location_assignment-itest.0.TsLocationAssignmentITest.Basic_0.1551481418399944-90/minicluster-data/ts-0/data/info.pb --webserver_interface=127.0.22.129 --webserver_port=0 --tserver_master_addrs=127.0.22.190:38773 --never_fsync=true --heap_profile_path=/tmp/kudu-tserver.652 --redact=none --unlock_experimental_flags=true --unlock_unsafe_flags=true --enable_minidumps=false --local_ip_for_outbound_sockets=127.0.22.129 --log_dir=/tmp/dist-test-task3pD_4V/test-tmp/location_assignment-itest.0.TsLocationAssignmentITest.Basic_0.1551481418399944-90/minicluster-data/ts-0/logs --logbuflevel=-1 --logtostderr=true Tablet server version: kudu 1.9.0 revision deb0f04b010c5399771879829285c284b8f20008 build type RELEASE built by hao.hao at 01 Mar 2019 13:57:59 PST on ve0518.halxg.cloudera.com
I0301 23:03:39.487231 652 tablet_server_main.cc:85] Initializing tablet server...
I0301 23:03:39.487419 652 system_ntp.cc:199] NTP initialized. Skew: 500ppm Current error: 25516us
I0301 23:03:39.487509 652 fs_manager.cc:263] Metadata directory not provided
I0301 23:03:39.487536 652 fs_manager.cc:269] Using write-ahead log directory (fs_wal_dir) as metadata directory
I0301 23:03:39.487581 652 server_base.cc:432] Could not load existing FS layout: Not found: could not find a healthy instance file
I0301 23:03:39.487596 652 server_base.cc:433] Attempting to create new FS layout instead
I0301 23:03:39.488116 652 fs_manager.cc:602] Generated new instance metadata in path /tmp/dist-test-task3pD_4V/test-tmp/location_assignment-itest.0.TsLocationAssignmentITest.Basic_0.1551481418399944-90/minicluster-data/ts-0/data/instance: uuid: "62ff118e95054d1baf98b9ad9bf36574" format_stamp: "Formatted at 2019-03-01 23:03:39 on dist-test-slave-dist-test-slave-04f2"
I0301 23:03:39.488304 652 fs_manager.cc:602] Generated new instance metadata in path /tmp/dist-test-task3pD_4V/test-tmp/location_assignment-itest.0.TsLocationAssignmentITest.Basic_0.1551481418399944-90/minicluster-data/ts-0/wal/instance: uuid: "62ff118e95054d1baf98b9ad9bf36574" format_stamp: "Formatted at 2019-03-01 23:03:39 on dist-test-slave-dist-test-slave-04f2"
I0301 23:03:39.492424 652 fs_manager.cc:503] Time spent creating directory manager: real 0.004s user 0.000s sys 0.001s
I0301 23:03:39.492621 652 env_posix.cc:1676] Not raising this process' open files per process limit of 1048576; it is already as high as it can go
I0301 23:03:39.492696 652 file_cache.cc:466] Constructed file cache lbm with capacity 419430
I0301 23:03:39.493212 652 fs_manager.cc:419] Time spent opening block manager: real 0.000s user 0.000s sys 0.000s
I0301 23:03:39.493244 652 fs_manager.cc:436] Opened local filesystem: /tmp/dist-test-task3pD_4V/test-tmp/location_assignment-itest.0.TsLocationAssignmentITest.Basic_0.1551481418399944-90/minicluster-data/ts-0/data,/tmp/dist-test-task3pD_4V/test-tmp/location_assignment-itest.0.TsLocationAssignmentITest.Basic_0.1551481418399944-90/minicluster-data/ts-0/wal uuid: "62ff118e95054d1baf98b9ad9bf36574" format_stamp: "Formatted at 2019-03-01 23:03:39 on dist-test-slave-dist-test-slave-04f2"
I0301 23:03:39.493273 652 fs_report.cc:352] FS layout report -------------------- wal directory: /tmp/dist-test-task3pD_4V/test-tmp/location_assignment-itest.0.TsLocationAssignmentITest.Basic_0.1551481418399944-90/minicluster-data/ts-0/wal metadata directory: /tmp/dist-test-task3pD_4V/test-tmp/location_assignment-itest.0.TsLocationAssignmentITest.Basic_0.1551481418399944-90/minicluster-data/ts-0/wal 1 data directories: /tmp/dist-test-task3pD_4V/test-tmp/location_assignment-itest.0.TsLocationAssignmentITest.Basic_0.1551481418399944-90/minicluster-data/ts-0/data/data Total live blocks: 0 Total live bytes: 0 Total live bytes (after alignment): 0 Total number of LBM containers: 0 (0 full) Did not check for missing blocks Did not check for orphaned blocks Total full LBM containers with extra space: 0 (0 repaired) Total full LBM container extra space in bytes: 0 (0 repaired) Total incomplete LBM containers: 0 (0 repaired) Total LBM partial records: 0 (0 repaired)
I0301 23:03:39.500211 648 catalog_manager.cc:941] Generated new certificate authority record
I0301 23:03:39.501118 648 catalog_manager.cc:1066] Loading token signing keys...
I0301 23:03:39.503556 648 catalog_manager.cc:4095] T 00000000000000000000000000000000 P 642faa2effa145399932e0effe93e46d: Generated new TSK 0
I0301 23:03:39.508095 652 env_posix.cc:1676] Not raising this process' running threads per effective uid limit of 18446744073709551615; it is already as high as it can go
I0301 23:03:39.508314 652 ts_tablet_manager.cc:356] Loaded tablet metadata (0 live tablets)
I0301 23:03:39.508376 652 tablet_server_main.cc:90] Starting tablet server...
I0301 23:03:39.512459 652 rpc_server.cc:205] RPC server started. Bound to: 127.0.22.129:35913
I0301 23:03:39.512516 652 webserver.cc:175] Starting webserver on 127.0.22.129:0
I0301 23:03:39.512527 652 webserver.cc:186] Document root disabled
I0301 23:03:39.512660 652 webserver.cc:313] Webserver started. Bound to: http://127.0.22.129:42799/
I0301 23:03:39.512785 652 server_base.cc:607] Dumped server information to /tmp/dist-test-task3pD_4V/test-tmp/location_assignment-itest.0.TsLocationAssignmentITest.Basic_0.1551481418399944-90/minicluster-data/ts-0/data/info.pb
I0301 23:03:39.513281 652 tablet_server_main.cc:93] Tablet server successfully started.
I0301 23:03:39.513494 90 external_mini_cluster.cc:995] Started /tmp/dist-test-task3pD_4V/build/release/bin/kudu-tserver as pid 652
I0301 23:03:39.517725 772 heartbeater.cc:345] Connected to a master server at 127.0.22.190:38773
I0301 23:03:39.517750 772 heartbeater.cc:425] Registering TS with master...
I0301 23:03:39.517788 772 heartbeater.cc:474] Master 127.0.22.190:38773 requested a full tablet report, sending...
I0301 23:03:39.542338 608 ts_manager.cc:98] Registered new tserver with Master: 62ff118e95054d1baf98b9ad9bf36574 (127.0.22.129:35913)
I0301 23:03:39.542631 90 external_mini_cluster.cc:623] 1 TS(s) registered with all masters
I0301 23:03:39.543076 90 external_mini_cluster.cc:1131] Killing /tmp/dist-test-task3pD_4V/build/release/bin/kudu-tserver with pid 652
I0301 23:03:39.543575 608 master_service.cc:263] Signed X509 certificate for tserver {username='slave'} at 127.0.22.129:53851
W0301 23:03:39.545789 593 connection.cc:647] server connection from 127.0.22.129:53851 recv error: Network error: failed to read from TLS socket (remote: 0.0.0.0:0): Connection reset by peer (error 104)
I0301 23:03:39.545816 90 external_mini_cluster.cc:1131] Killing /tmp/dist-test-task3pD_4V/build/release/bin/kudu-master with pid 583
W0301 23:03:39.549146 582 connection.cc:647] client connection to 127.0.22.190:38773 recv error: Network error: failed to read from TLS socket (remote: 127.0.22.190:38773): Connection reset by peer (error 104)
I0301 23:03:39.549360 90 external_mini_cluster.cc:933] Running /tmp/dist-test-task3pD_4V/build/release/bin/kudu-master /tmp/dist-test-task3pD_4V/build/release/bin/kudu-master --fs_wal_dir=/tmp/dist-test-task3pD_4V/test-tmp/location_assignment-itest.0.TsLocationAssignmentITest.Basic_0.1551481418399944-90/minicluster-data/master-0/wal --fs_data_dirs=/tmp/dist-test-task3pD_4V/test-tmp/location_assignment-itest.0.TsLocationAssignmentITest.Basic_0.1551481418399944-90/minicluster-data/master-0/data --block_manager=log --webserver_interface=localhost --ipki_ca_key_size=1024 --tsk_num_rsa_bits=512 --rpc_bind_addresses=127.0.22.190:38773 --webserver_interface=127.0.22.190 --webserver_port=32827 --never_fsync --ipki_server_key_size=1024 --enable_minidumps=false --redact=none --metrics_log_interval_ms=1000 --logtostderr --logbuflevel=-1 --log_dir=/tmp/dist-test-task3pD_4V/test-tmp/location_assignment-itest.0.TsLocationAssignmentITest.Basic_0.1551481418399944-90/minicluster-data/master-0/logs --server_dump_info_path=/tmp/dist-test-task3pD_4V/test-tmp/location_assignment-itest.0.TsLocationAssignmentITest.Basic_0.1551481418399944-90/minicluster-data/master-0/data/info.pb --server_dump_info_format=pb --rpc_server_allow_ephemeral_ports --unlock_experimental_flags --unlock_unsafe_flags --rpc_reuseport=true --location_mapping_cmd=/tmp/dist-test-task3pD_4V/build/release/bin/testdata/assign-location.py --state_store=/tmp/dist-test-task3pD_4V/test-tmp/location_assignment-itest.0.TsLocationAssignmentITest.Basic_0.1551481418399944-90/minicluster-data/location-assignment.state --map /L0:1 with env {} WARNING: Logging before InitGoogleLogging() is written to STDERR
W0301 23:03:39.559363 779 flags.cc:406] Enabled unsafe flag: --rpc_server_allow_ephemeral_ports=true
W0301 23:03:39.559458 779 flags.cc:406] Enabled unsafe flag: --never_fsync=true
W0301 23:03:39.560257 779 flags.cc:406] Enabled experimental flag: --ipki_ca_key_size=1024
W0301 23:03:39.560278 779 flags.cc:406] Enabled experimental flag: --ipki_server_key_size=1024
W0301 23:03:39.560283 779 flags.cc:406] Enabled experimental flag: --tsk_num_rsa_bits=512
W0301 23:03:39.560287 779 flags.cc:406] Enabled experimental flag: --rpc_reuseport=true
I0301 23:03:39.561278 779 master_main.cc:73] Master server non-default flags: --fs_data_dirs=/tmp/dist-test-task3pD_4V/test-tmp/location_assignment-itest.0.TsLocationAssignmentITest.Basic_0.1551481418399944-90/minicluster-data/master-0/data --fs_wal_dir=/tmp/dist-test-task3pD_4V/test-tmp/location_assignment-itest.0.TsLocationAssignmentITest.Basic_0.1551481418399944-90/minicluster-data/master-0/wal --ipki_ca_key_size=1024 --location_mapping_cmd=/tmp/dist-test-task3pD_4V/build/release/bin/testdata/assign-location.py --state_store=/tmp/dist-test-task3pD_4V/test-tmp/location_assignment-itest.0.TsLocationAssignmentITest.Basic_0.1551481418399944-90/minicluster-data/location-assignment.state --map /L0:1 --ipki_server_key_size=1024 --tsk_num_rsa_bits=512 --rpc_bind_addresses=127.0.22.190:38773 --rpc_reuseport=true --rpc_server_allow_ephemeral_ports=true --metrics_log_interval_ms=1000 --server_dump_info_format=pb --server_dump_info_path=/tmp/dist-test-task3pD_4V/test-tmp/location_assignment-itest.0.TsLocationAssignmentITest.Basic_0.1551481418399944-90/minicluster-data/master-0/data/info.pb --webserver_interface=127.0.22.190 --webserver_port=32827 --never_fsync=true --heap_profile_path=/tmp/kudu-master.779 --redact=none --unlock_experimental_flags=true --unlock_unsafe_flags=true --enable_minidumps=false --log_dir=/tmp/dist-test-task3pD_4V/test-tmp/location_assignment-itest.0.TsLocationAssignmentITest.Basic_0.1551481418399944-90/minicluster-data/master-0/logs --logbuflevel=-1 --logtostderr=true Master server version: kudu 1.9.0 revision deb0f04b010c5399771879829285c284b8f20008 build type RELEASE built by hao.hao at 01 Mar 2019 13:57:59 PST on ve0518.halxg.cloudera.com
I0301 23:03:39.562028 779 master_main.cc:80] Initializing master server...
I0301 23:03:39.562160 779 system_ntp.cc:199] NTP initialized. Skew: 500ppm Current error: 25516us
I0301 23:03:39.562255 779 fs_manager.cc:263] Metadata directory not provided
I0301 23:03:39.562285 779 fs_manager.cc:269] Using write-ahead log directory (fs_wal_dir) as metadata directory
I0301 23:03:39.562983 779 fs_manager.cc:399] Time spent opening directory manager: real 0.000s user 0.001s sys 0.000s
I0301 23:03:39.563151 779 env_posix.cc:1676] Not raising this process' open files per process limit of 1048576; it is already as high as it can go
I0301 23:03:39.563216 779 file_cache.cc:466] Constructed file cache lbm with capacity 419430
I0301 23:03:39.563729 779 fs_manager.cc:419] Time spent opening block manager: real 0.000s user 0.000s sys 0.000s
I0301 23:03:39.563860 779 fs_manager.cc:436] Opened local filesystem: /tmp/dist-test-task3pD_4V/test-tmp/location_assignment-itest.0.TsLocationAssignmentITest.Basic_0.1551481418399944-90/minicluster-data/master-0/data,/tmp/dist-test-task3pD_4V/test-tmp/location_assignment-itest.0.TsLocationAssignmentITest.Basic_0.1551481418399944-90/minicluster-data/master-0/wal uuid: "642faa2effa145399932e0effe93e46d" format_stamp: "Formatted at 2019-03-01 23:03:39 on dist-test-slave-dist-test-slave-04f2"
I0301 23:03:39.563890 779 fs_report.cc:352] FS layout report -------------------- wal directory: /tmp/dist-test-task3pD_4V/test-tmp/location_assignment-itest.0.TsLocationAssignmentITest.Basic_0.1551481418399944-90/minicluster-data/master-0/wal metadata directory: /tmp/dist-test-task3pD_4V/test-tmp/location_assignment-itest.0.TsLocationAssignmentITest.Basic_0.1551481418399944-90/minicluster-data/master-0/wal 1 data directories: /tmp/dist-test-task3pD_4V/test-tmp/location_assignment-itest.0.TsLocationAssignmentITest.Basic_0.1551481418399944-90/minicluster-data/master-0/data/data Total live blocks: 0 Total live bytes: 0 Total live bytes (after alignment): 0 Total number of LBM containers: 0 (0 full) Did not check for missing blocks Did not check for orphaned blocks Total full LBM containers with extra space: 0 (0 repaired) Total full LBM container extra space in bytes: 0 (0 repaired) Total incomplete LBM containers: 0 (0 repaired) Total LBM partial records: 0 (0 repaired)
I0301 23:03:39.614476 779 env_posix.cc:1676] Not raising this process' running threads per effective uid limit of 18446744073709551615; it is already as high as it can go
I0301 23:03:39.614624 779 master_main.cc:83] Starting Master server...
I0301 23:03:39.616837 779 rpc_server.cc:205] RPC server started. Bound to: 127.0.22.190:38773
I0301 23:03:39.616899 779 webserver.cc:175] Starting webserver on 127.0.22.190:32827
