I0227 17:25:17.650133 86846 sys_catalog.cc:337] T 00000000000000000000000000000000 P fb391df2cca34c75b7bbcdb28021f859 [sys.catalog]: SysCatalogTable state changed. Reason: New leader fb391df2cca34c75b7bbcdb28021f859. Latest consensus state: current_term: 2 leader_uuid: "fb391df2cca34c75b7bbcdb28021f859" committed_config { opid_index: -1 OBSOLETE_local: false peers { permanent_uuid: "fb391df2cca34c75b7bbcdb28021f859" member_type: VOTER last_known_addr { host: "127.112.245.254" port: 59500 } } peers { permanent_uuid: "085345f98902407db9fdb0edaf1c1438" member_type: VOTER last_known_addr { host: "127.112.245.253" port: 56207 } } peers { permanent_uuid: "5f2313af35794c1ab241048f12ffc6a4" member_type: VOTER last_known_addr { host: "127.112.245.252" port: 54641 } } }
I0227 17:25:17.650246 86846 sys_catalog.cc:340] T 00000000000000000000000000000000 P fb391df2cca34c75b7bbcdb28021f859 [sys.catalog]: This master's current role is: LEADER
I0227 17:25:17.655947 86901 catalog_manager.cc:1046] Loading table and tablet metadata into memory...
I0227 17:25:17.657691 86901 catalog_manager.cc:347] Loaded metadata for table default.test_kudu_1374 [id=590492545c6642e3a9aba7d0131ea9b7]
I0227 17:25:17.661434 86901 catalog_manager.cc:401] Loaded metadata for tablet 4ec4f00807094acead28bf862d918e3d (table default.test_kudu_1374 [id=590492545c6642e3a9aba7d0131ea9b7])
I0227 17:25:17.661600 86901 catalog_manager.cc:1057] Initializing Kudu internal certificate authority...
I0227 17:25:17.662523 86901 catalog_manager.cc:1066] Loading token signing keys...
I0227 17:25:17.665374 86901 catalog_manager.cc:4106] T 00000000000000000000000000000000 P fb391df2cca34c75b7bbcdb28021f859: Loaded TSK: 0
I0227 17:25:17.666141 86901 catalog_manager.cc:1077] Loading latest processed Hive Metastore notification log event ID...
I0227 17:25:17.714298 82332 generic_service.cc:148] {username='adar'} at 127.112.245.254:60470 changed flags via RPC: catalog_manager_fail_ts_rpcs from 'false' to 'true'
I0227 17:25:17.721043 82306 raft_consensus.cc:1149] T 00000000000000000000000000000000 P fb391df2cca34c75b7bbcdb28021f859 [term 2 LEADER]: Rejecting Update request from peer 5f2313af35794c1ab241048f12ffc6a4 for earlier term 1. Current term is 2. Ops: []
I0227 17:25:17.721546 86976 consensus_queue.cc:995] T 00000000000000000000000000000000 P 5f2313af35794c1ab241048f12ffc6a4 [LEADER]: Peer responded invalid term: Peer: permanent_uuid: "fb391df2cca34c75b7bbcdb28021f859" member_type: VOTER last_known_addr { host: "127.112.245.254" port: 59500 }, Status: INVALID_TERM, Last received: 1.6, Next index: 7, Last known committed idx: 6, Time since last communication: 0.000s
I0227 17:25:17.721632 86976 consensus_queue.cc:1162] T 00000000000000000000000000000000 P 5f2313af35794c1ab241048f12ffc6a4 [LEADER]: Peer fb391df2cca34c75b7bbcdb28021f859 log is divergent from this leader: its last log entry 2.7 is not in this leader's log and it has not received anything from this leader yet. Falling back to committed index 6
I0227 17:25:17.721693 86976 raft_consensus.cc:2881] T 00000000000000000000000000000000 P 5f2313af35794c1ab241048f12ffc6a4 [term 1 LEADER]: Stepping down as leader of term 1
I0227 17:25:17.721711 86976 raft_consensus.cc:705] T 00000000000000000000000000000000 P 5f2313af35794c1ab241048f12ffc6a4 [term 1 LEADER]: Becoming Follower/Learner. State: Replica: 5f2313af35794c1ab241048f12ffc6a4, State: Running, Role: LEADER
I0227 17:25:17.721890 86976 consensus_queue.cc:229] T 00000000000000000000000000000000 P 5f2313af35794c1ab241048f12ffc6a4 [NON_LEADER]: Queue going to NON_LEADER mode. State: All replicated index: 0, Majority replicated index: 6, Committed index: 6, Last appended: 1.6, Last appended by leader: 6, Current term: 1, Majority size: -1, State: 0, Mode: NON_LEADER, active raft config: opid_index: -1 OBSOLETE_local: false peers { permanent_uuid: "fb391df2cca34c75b7bbcdb28021f859" member_type: VOTER last_known_addr { host: "127.112.245.254" port: 59500 } } peers { permanent_uuid: "085345f98902407db9fdb0edaf1c1438" member_type: VOTER last_known_addr { host: "127.112.245.253" port: 56207 } } peers { permanent_uuid: "5f2313af35794c1ab241048f12ffc6a4" member_type: VOTER last_known_addr { host: "127.112.245.252" port: 54641 } }
I0227 17:25:17.721922 86976 consensus_peers.cc:482] T 00000000000000000000000000000000 P 5f2313af35794c1ab241048f12ffc6a4 -> Peer 085345f98902407db9fdb0edaf1c1438 (127.112.245.253:56207): Closing peer: 085345f98902407db9fdb0edaf1c1438
I0227 17:25:17.721943 86976 consensus_peers.cc:482] T 00000000000000000000000000000000 P 5f2313af35794c1ab241048f12ffc6a4 -> Peer fb391df2cca34c75b7bbcdb28021f859 (127.112.245.254:59500): Closing peer: fb391df2cca34c75b7bbcdb28021f859
I0227 17:25:17.722093 86976 raft_consensus.cc:2886] T 00000000000000000000000000000000 P 5f2313af35794c1ab241048f12ffc6a4 [term 1 FOLLOWER]: Advancing to term 2
W0227 17:25:17.723592 83441 hms_notification_log_listener.cc:130] Hive Metastore notification log listener poll failed: Service unavailable: lost leadership while handling Hive Metastore notification log events
I0227 17:25:17.724336 82578 raft_consensus.cc:1149] T 00000000000000000000000000000000 P 085345f98902407db9fdb0edaf1c1438 [term 2 FOLLOWER]: Rejecting Update request from peer 5f2313af35794c1ab241048f12ffc6a4 for earlier term 1. Current term is 2. Ops: []
W0227 17:25:17.726584 84881 master_proxy_rpc.cc:192] Re-attempting AlterTable request to leader Master (127.112.245.252:54641)
I0227 17:25:18.052021 83277 raft_consensus.cc:1181] T 00000000000000000000000000000000 P 5f2313af35794c1ab241048f12ffc6a4 [term 2 FOLLOWER]: Refusing update from remote peer fb391df2cca34c75b7bbcdb28021f859: Log matching property violated. Preceding OpId in replica: term: 1 index: 6. Preceding OpId from leader: term: 2 index: 8. (index mismatch)
I0227 17:25:18.053028 86846 consensus_queue.cc:984] T 00000000000000000000000000000000 P fb391df2cca34c75b7bbcdb28021f859 [LEADER]: Connected to new peer: Peer: permanent_uuid: "5f2313af35794c1ab241048f12ffc6a4" member_type: VOTER last_known_addr { host: "127.112.245.252" port: 54641 }, Status: LMP_MISMATCH, Last received: 0.0, Next index: 7, Last known committed idx: 6, Time since last communication: 0.000s
I0227 17:25:18.055111 86983 sys_catalog.cc:337] T 00000000000000000000000000000000 P 5f2313af35794c1ab241048f12ffc6a4 [sys.catalog]: SysCatalogTable state changed. Reason: New leader fb391df2cca34c75b7bbcdb28021f859. Latest consensus state: current_term: 2 leader_uuid: "fb391df2cca34c75b7bbcdb28021f859" committed_config { opid_index: -1 OBSOLETE_local: false peers { permanent_uuid: "fb391df2cca34c75b7bbcdb28021f859" member_type: VOTER last_known_addr { host: "127.112.245.254" port: 59500 } } peers { permanent_uuid: "085345f98902407db9fdb0edaf1c1438" member_type: VOTER last_known_addr { host: "127.112.245.253" port: 56207 } } peers { permanent_uuid: "5f2313af35794c1ab241048f12ffc6a4" member_type: VOTER last_known_addr { host: "127.112.245.252" port: 54641 } } }
I0227 17:25:18.055146 86983 sys_catalog.cc:340] T 00000000000000000000000000000000 P 5f2313af35794c1ab241048f12ffc6a4 [sys.catalog]: This master's current role is: FOLLOWER
I0227 17:25:18.056869 82578 raft_consensus.cc:1181] T 00000000000000000000000000000000 P 085345f98902407db9fdb0edaf1c1438 [term 2 FOLLOWER]: Refusing update from remote peer fb391df2cca34c75b7bbcdb28021f859: Log matching property violated. Preceding OpId in replica: term: 1 index: 6. Preceding OpId from leader: term: 2 index: 8. (index mismatch)
I0227 17:25:18.057320 86877 consensus_queue.cc:984] T 00000000000000000000000000000000 P fb391df2cca34c75b7bbcdb28021f859 [LEADER]: Connected to new peer: Peer: permanent_uuid: "085345f98902407db9fdb0edaf1c1438" member_type: VOTER last_known_addr { host: "127.112.245.253" port: 56207 }, Status: LMP_MISMATCH, Last received: 0.0, Next index: 7, Last known committed idx: 6, Time since last communication: 0.000s
I0227 17:25:18.057523 87314 mvcc.cc:203] Tried to move safe_time back from 6354194915535126528 to 6354194913891479552. Current Snapshot: MvccSnapshot[committed={T|T < 6354194915535126528}]
I0227 17:25:18.058007 86877 sys_catalog.cc:337] T 00000000000000000000000000000000 P fb391df2cca34c75b7bbcdb28021f859 [sys.catalog]: SysCatalogTable state changed. Reason: Peer health change. Latest consensus state: current_term: 2 leader_uuid: "fb391df2cca34c75b7bbcdb28021f859" committed_config { opid_index: -1 OBSOLETE_local: false peers { permanent_uuid: "fb391df2cca34c75b7bbcdb28021f859" member_type: VOTER last_known_addr { host: "127.112.245.254" port: 59500 } } peers { permanent_uuid: "085345f98902407db9fdb0edaf1c1438" member_type: VOTER last_known_addr { host: "127.112.245.253" port: 56207 } } peers { permanent_uuid: "5f2313af35794c1ab241048f12ffc6a4" member_type: VOTER last_known_addr { host: "127.112.245.252" port: 54641 } } }
I0227 17:25:18.058035 86877 sys_catalog.cc:340] T 00000000000000000000000000000000 P fb391df2cca34c75b7bbcdb28021f859 [sys.catalog]: This master's current role is: LEADER
I0227 17:25:18.058645 86983 sys_catalog.cc:337] T 00000000000000000000000000000000 P 5f2313af35794c1ab241048f12ffc6a4 [sys.catalog]: SysCatalogTable state changed. Reason: Replicated consensus-only round. Latest consensus state: current_term: 2 leader_uuid: "fb391df2cca34c75b7bbcdb28021f859" committed_config { opid_index: -1 OBSOLETE_local: false peers { permanent_uuid: "fb391df2cca34c75b7bbcdb28021f859" member_type: VOTER last_known_addr { host: "127.112.245.254" port: 59500 } } peers { permanent_uuid: "085345f98902407db9fdb0edaf1c1438" member_type: VOTER last_known_addr { host: "127.112.245.253" port: 56207 } } peers { permanent_uuid: "5f2313af35794c1ab241048f12ffc6a4" member_type: VOTER last_known_addr { host: "127.112.245.252" port: 54641 } } }
I0227 17:25:18.058681 86983 sys_catalog.cc:340] T 00000000000000000000000000000000 P 5f2313af35794c1ab241048f12ffc6a4 [sys.catalog]: This master's current role is: FOLLOWER
I0227 17:25:18.058938 86839 sys_catalog.cc:337] T 00000000000000000000000000000000 P 085345f98902407db9fdb0edaf1c1438 [sys.catalog]: SysCatalogTable state changed. Reason: New leader fb391df2cca34c75b7bbcdb28021f859. Latest consensus state: current_term: 2 leader_uuid: "fb391df2cca34c75b7bbcdb28021f859" committed_config { opid_index: -1 OBSOLETE_local: false peers { permanent_uuid: "fb391df2cca34c75b7bbcdb28021f859" member_type: VOTER last_known_addr { host: "127.112.245.254" port: 59500 } } peers { permanent_uuid: "085345f98902407db9fdb0edaf1c1438" member_type: VOTER last_known_addr { host: "127.112.245.253" port: 56207 } } peers { permanent_uuid: "5f2313af35794c1ab241048f12ffc6a4" member_type: VOTER last_known_addr { host: "127.112.245.252" port: 54641 } } }
I0227 17:25:18.058972 86839 sys_catalog.cc:340] T 00000000000000000000000000000000 P 085345f98902407db9fdb0edaf1c1438 [sys.catalog]: This master's current role is: FOLLOWER
I0227 17:25:18.059077 86839 sys_catalog.cc:337] T 00000000000000000000000000000000 P 085345f98902407db9fdb0edaf1c1438 [sys.catalog]: SysCatalogTable state changed. Reason: Replicated consensus-only round. Latest consensus state: current_term: 2 leader_uuid: "fb391df2cca34c75b7bbcdb28021f859" committed_config { opid_index: -1 OBSOLETE_local: false peers { permanent_uuid: "fb391df2cca34c75b7bbcdb28021f859" member_type: VOTER last_known_addr { host: "127.112.245.254" port: 59500 } } peers { permanent_uuid: "085345f98902407db9fdb0edaf1c1438" member_type: VOTER last_known_addr { host: "127.112.245.253" port: 56207 } } peers { permanent_uuid: "5f2313af35794c1ab241048f12ffc6a4" member_type: VOTER last_known_addr { host: "127.112.245.252" port: 54641 } } }
I0227 17:25:18.059103 86839 sys_catalog.cc:340] T 00000000000000000000000000000000 P 085345f98902407db9fdb0edaf1c1438 [sys.catalog]: This master's current role is: FOLLOWER
I0227 17:25:18.060560 82302 catalog_manager.cc:2195] Servicing AlterTable request from {username='adar'} at 127.112.245.254:60472: table { table_name: "default.test_kudu_1374" } alter_schema_steps { type: ADD_COLUMN add_column { schema { name: "new_col" type: INT32 is_nullable: true encoding: AUTO_ENCODING compression: DEFAULT_COMPRESSION cfile_block_size: 0 } } } modify_external_catalogs: true
I0227 17:25:18.067323 86877 sys_catalog.cc:337] T 00000000000000000000000000000000 P fb391df2cca34c75b7bbcdb28021f859 [sys.catalog]: SysCatalogTable state changed. Reason: Peer health change. Latest consensus state: current_term: 2 leader_uuid: "fb391df2cca34c75b7bbcdb28021f859" committed_config { opid_index: -1 OBSOLETE_local: false peers { permanent_uuid: "fb391df2cca34c75b7bbcdb28021f859" member_type: VOTER last_known_addr { host: "127.112.245.254" port: 59500 } } peers { permanent_uuid: "085345f98902407db9fdb0edaf1c1438" member_type: VOTER last_known_addr { host: "127.112.245.253" port: 56207 } } peers { permanent_uuid: "5f2313af35794c1ab241048f12ffc6a4" member_type: VOTER last_known_addr { host: "127.112.245.252" port: 54641 } } }
I0227 17:25:18.067360 86877 sys_catalog.cc:340] T 00000000000000000000000000000000 P fb391df2cca34c75b7bbcdb28021f859 [sys.catalog]: This master's current role is: LEADER
I0227 17:25:18.071818 87325 mvcc.cc:203] Tried to move safe_time back from 6354194915535126528 to 6354194913891479552. Current Snapshot: MvccSnapshot[committed={T|T < 6354194915535126528}]
I0227 17:25:18.418699 83442 catalog_manager.cc:1130] T 00000000000000000000000000000000 P 5f2313af35794c1ab241048f12ffc6a4: importing token verification keys for follower catalog manager: success; most recent TSK sequence number 0
I0227 17:25:18.580209 88143 raft_consensus.cc:472] T 00000000000000000000000000000000 P 085345f98902407db9fdb0edaf1c1438 [term 2 FOLLOWER]: Starting pre-election (detected failure of leader fb391df2cca34c75b7bbcdb28021f859)
I0227 17:25:18.580396 88143 raft_consensus.cc:494] T 00000000000000000000000000000000 P 085345f98902407db9fdb0edaf1c1438 [term 2 FOLLOWER]: Starting pre-election with config: opid_index: -1 OBSOLETE_local: false peers { permanent_uuid: "fb391df2cca34c75b7bbcdb28021f859" member_type: VOTER last_known_addr { host: "127.112.245.254" port: 59500 } } peers { permanent_uuid: "085345f98902407db9fdb0edaf1c1438" member_type: VOTER last_known_addr { host: "127.112.245.253" port: 56207 } } peers { permanent_uuid: "5f2313af35794c1ab241048f12ffc6a4" member_type: VOTER last_known_addr { host: "127.112.245.252" port: 54641 } }
I0227 17:25:18.581180 88143 leader_election.cc:292] T 00000000000000000000000000000000 P 085345f98902407db9fdb0edaf1c1438 [CANDIDATE]: Term 3 pre-election: Requested pre-vote from peers fb391df2cca34c75b7bbcdb28021f859 (127.112.245.254:59500), 5f2313af35794c1ab241048f12ffc6a4 (127.112.245.252:54641)
I0227 17:25:18.581485 82306 tablet_service.cc:1010] Received RequestConsensusVote() RPC: tablet_id: "00000000000000000000000000000000" candidate_uuid: "085345f98902407db9fdb0edaf1c1438" candidate_term: 3 candidate_status { last_received { term: 2 index: 9 } } ignore_live_leader: false dest_uuid: "fb391df2cca34c75b7bbcdb28021f859" is_pre_election: true
I0227 17:25:18.581555 82306 raft_consensus.cc:2307] T 00000000000000000000000000000000 P fb391df2cca34c75b7bbcdb28021f859 [term 2 LEADER]: Leader pre-election vote request: Denying vote to candidate 085345f98902407db9fdb0edaf1c1438 for term 3 because replica is either leader or believes a valid leader to be alive.
I0227 17:25:18.581647 83277 tablet_service.cc:1010] Received RequestConsensusVote() RPC: tablet_id: "00000000000000000000000000000000" candidate_uuid: "085345f98902407db9fdb0edaf1c1438" candidate_term: 3 candidate_status { last_received { term: 2 index: 9 } } ignore_live_leader: false dest_uuid: "5f2313af35794c1ab241048f12ffc6a4" is_pre_election: true
I0227 17:25:18.581755 83277 raft_consensus.cc:2346] T 00000000000000000000000000000000 P 5f2313af35794c1ab241048f12ffc6a4 [term 2 FOLLOWER]: Leader pre-election vote request: Granting yes vote for candidate 085345f98902407db9fdb0edaf1c1438 in term 2.
I0227 17:25:18.582054 82525 leader_election.cc:306] T 00000000000000000000000000000000 P 085345f98902407db9fdb0edaf1c1438 [CANDIDATE]: Term 3 pre-election: Election decided. Result: candidate won. Election summary: received 3 responses out of 3 voters: 2 yes votes; 1 no votes. yes voters: 085345f98902407db9fdb0edaf1c1438, 5f2313af35794c1ab241048f12ffc6a4; no voters: fb391df2cca34c75b7bbcdb28021f859
I0227 17:25:18.585891 88143 raft_consensus.cc:2640] T 00000000000000000000000000000000 P 085345f98902407db9fdb0edaf1c1438 [term 2 FOLLOWER]: Leader pre-election won for term 3
I0227 17:25:18.585927 88143 raft_consensus.cc:472] T 00000000000000000000000000000000 P 085345f98902407db9fdb0edaf1c1438 [term 2 FOLLOWER]: Starting leader election (detected failure of leader fb391df2cca34c75b7bbcdb28021f859)
I0227 17:25:18.585961 88143 raft_consensus.cc:2886] T 00000000000000000000000000000000 P 085345f98902407db9fdb0edaf1c1438 [term 2 FOLLOWER]: Advancing to term 3
I0227 17:25:18.587255 88143 raft_consensus.cc:494] T 00000000000000000000000000000000 P 085345f98902407db9fdb0edaf1c1438 [term 3 FOLLOWER]: Starting leader election with config: opid_index: -1 OBSOLETE_local: false peers { permanent_uuid: "fb391df2cca34c75b7bbcdb28021f859" member_type: VOTER last_known_addr { host: "127.112.245.254" port: 59500 } } peers { permanent_uuid: "085345f98902407db9fdb0edaf1c1438" member_type: VOTER last_known_addr { host: "127.112.245.253" port: 56207 } } peers { permanent_uuid: "5f2313af35794c1ab241048f12ffc6a4" member_type: VOTER last_known_addr { host: "127.112.245.252" port: 54641 } }
I0227 17:25:18.587857 88143 leader_election.cc:292] T 00000000000000000000000000000000 P 085345f98902407db9fdb0edaf1c1438 [CANDIDATE]: Term 3 election: Requested vote from peers fb391df2cca34c75b7bbcdb28021f859 (127.112.245.254:59500), 5f2313af35794c1ab241048f12ffc6a4 (127.112.245.252:54641)
I0227 17:25:18.588313 83277 tablet_service.cc:1010] Received RequestConsensusVote() RPC: tablet_id: "00000000000000000000000000000000" candidate_uuid: "085345f98902407db9fdb0edaf1c1438" candidate_term: 3 candidate_status { last_received { term: 2 index: 9 } } ignore_live_leader: false dest_uuid: "5f2313af35794c1ab241048f12ffc6a4"
I0227 17:25:18.588387 83277 raft_consensus.cc:2886] T 00000000000000000000000000000000 P 5f2313af35794c1ab241048f12ffc6a4 [term 2 FOLLOWER]: Advancing to term 3
I0227 17:25:18.588471 82306 tablet_service.cc:1010] Received RequestConsensusVote() RPC: tablet_id: "00000000000000000000000000000000" candidate_uuid: "085345f98902407db9fdb0edaf1c1438" candidate_term: 3 candidate_status { last_received { term: 2 index: 9 } } ignore_live_leader: false dest_uuid: "fb391df2cca34c75b7bbcdb28021f859"
I0227 17:25:18.588542 82306 raft_consensus.cc:2307] T 00000000000000000000000000000000 P fb391df2cca34c75b7bbcdb28021f859 [term 2 LEADER]: Leader election vote request: Denying vote to candidate 085345f98902407db9fdb0edaf1c1438 for term 3 because replica is either leader or believes a valid leader to be alive.
I0227 17:25:18.589612 83277 raft_consensus.cc:2346] T 00000000000000000000000000000000 P 5f2313af35794c1ab241048f12ffc6a4 [term 3 FOLLOWER]: Leader election vote request: Granting yes vote for candidate 085345f98902407db9fdb0edaf1c1438 in term 3.
I0227 17:25:18.589917 82525 leader_election.cc:306] T 00000000000000000000000000000000 P 085345f98902407db9fdb0edaf1c1438 [CANDIDATE]: Term 3 election: Election decided. Result: candidate won. Election summary: received 3 responses out of 3 voters: 2 yes votes; 1 no votes. yes voters: 085345f98902407db9fdb0edaf1c1438, 5f2313af35794c1ab241048f12ffc6a4; no voters: fb391df2cca34c75b7bbcdb28021f859
I0227 17:25:18.590075 88143 raft_consensus.cc:2640] T 00000000000000000000000000000000 P 085345f98902407db9fdb0edaf1c1438 [term 3 FOLLOWER]: Leader election won for term 3
I0227 17:25:18.590227 88143 raft_consensus.cc:667] T 00000000000000000000000000000000 P 085345f98902407db9fdb0edaf1c1438 [term 3 LEADER]: Becoming Leader. State: Replica: 085345f98902407db9fdb0edaf1c1438, State: Running, Role: LEADER
I0227 17:25:18.590569 88143 consensus_queue.cc:206] T 00000000000000000000000000000000 P 085345f98902407db9fdb0edaf1c1438 [LEADER]: Queue going to LEADER mode. State: All replicated index: 0, Majority replicated index: 9, Committed index: 9, Last appended: 2.9, Last appended by leader: 9, Current term: 3, Majority size: 2, State: 0, Mode: LEADER, active raft config: opid_index: -1 OBSOLETE_local: false peers { permanent_uuid: "fb391df2cca34c75b7bbcdb28021f859" member_type: VOTER last_known_addr { host: "127.112.245.254" port: 59500 } } peers { permanent_uuid: "085345f98902407db9fdb0edaf1c1438" member_type: VOTER last_known_addr { host: "127.112.245.253" port: 56207 } } peers { permanent_uuid: "5f2313af35794c1ab241048f12ffc6a4" member_type: VOTER last_known_addr { host: "127.112.245.252" port: 54641 } }
I0227 17:25:18.591456 88143 sys_catalog.cc:337] T 00000000000000000000000000000000 P 085345f98902407db9fdb0edaf1c1438 [sys.catalog]: SysCatalogTable state changed. Reason: New leader 085345f98902407db9fdb0edaf1c1438. Latest consensus state: current_term: 3 leader_uuid: "085345f98902407db9fdb0edaf1c1438" committed_config { opid_index: -1 OBSOLETE_local: false peers { permanent_uuid: "fb391df2cca34c75b7bbcdb28021f859" member_type: VOTER last_known_addr { host: "127.112.245.254" port: 59500 } } peers { permanent_uuid: "085345f98902407db9fdb0edaf1c1438" member_type: VOTER last_known_addr { host: "127.112.245.253" port: 56207 } } peers { permanent_uuid: "5f2313af35794c1ab241048f12ffc6a4" member_type: VOTER last_known_addr { host: "127.112.245.252" port: 54641 } } }
I0227 17:25:18.591483 88143 sys_catalog.cc:340] T 00000000000000000000000000000000 P 085345f98902407db9fdb0edaf1c1438 [sys.catalog]: This master's current role is: LEADER
I0227 17:25:18.591715 88190 catalog_manager.cc:1046] Loading table and tablet metadata into memory...
I0227 17:25:18.596909 88190 catalog_manager.cc:347] Loaded metadata for table default.test_kudu_1374 [id=590492545c6642e3a9aba7d0131ea9b7]
I0227 17:25:18.598883 88190 catalog_manager.cc:401] Loaded metadata for tablet 4ec4f00807094acead28bf862d918e3d (table default.test_kudu_1374 [id=590492545c6642e3a9aba7d0131ea9b7])
I0227 17:25:18.599050 88190 catalog_manager.cc:1057] Initializing Kudu internal certificate authority...
I0227 17:25:18.599963 83277 raft_consensus.cc:1149] T 00000000000000000000000000000000 P 5f2313af35794c1ab241048f12ffc6a4 [term 3 FOLLOWER]: Rejecting Update request from peer fb391df2cca34c75b7bbcdb28021f859 for earlier term 2. Current term is 3. Ops: []
I0227 17:25:18.601804 88170 consensus_queue.cc:995] T 00000000000000000000000000000000 P fb391df2cca34c75b7bbcdb28021f859 [LEADER]: Peer responded invalid term: Peer: permanent_uuid: "5f2313af35794c1ab241048f12ffc6a4" member_type: VOTER last_known_addr { host: "127.112.245.252" port: 54641 }, Status: INVALID_TERM, Last received: 2.9, Next index: 10, Last known committed idx: 9, Time since last communication: 0.000s
I0227 17:25:18.602018 88190 catalog_manager.cc:1066] Loading token signing keys...
I0227 17:25:18.602619 88190 catalog_manager.cc:4106] T 00000000000000000000000000000000 P 085345f98902407db9fdb0edaf1c1438: Loaded TSK: 0
I0227 17:25:18.602444 88212 raft_consensus.cc:2881] T 00000000000000000000000000000000 P fb391df2cca34c75b7bbcdb28021f859 [term 2 LEADER]: Stepping down as leader of term 2
I0227 17:25:18.604034 88190 catalog_manager.cc:1077] Loading latest processed Hive Metastore notification log event ID...
I0227 17:25:18.604112 88212 raft_consensus.cc:705] T 00000000000000000000000000000000 P fb391df2cca34c75b7bbcdb28021f859 [term 2 LEADER]: Becoming Follower/Learner. State: Replica: fb391df2cca34c75b7bbcdb28021f859, State: Running, Role: LEADER
I0227 17:25:18.604475 88212 consensus_queue.cc:229] T 00000000000000000000000000000000 P fb391df2cca34c75b7bbcdb28021f859 [NON_LEADER]: Queue going to NON_LEADER mode. State: All replicated index: 0, Majority replicated index: 9, Committed index: 9, Last appended: 2.9, Last appended by leader: 9, Current term: 2, Majority size: -1, State: 0, Mode: NON_LEADER, active raft config: opid_index: -1 OBSOLETE_local: false peers { permanent_uuid: "fb391df2cca34c75b7bbcdb28021f859" member_type: VOTER last_known_addr { host: "127.112.245.254" port: 59500 } } peers { permanent_uuid: "085345f98902407db9fdb0edaf1c1438" member_type: VOTER last_known_addr { host: "127.112.245.253" port: 56207 } } peers { permanent_uuid: "5f2313af35794c1ab241048f12ffc6a4" member_type: VOTER last_known_addr { host: "127.112.245.252" port: 54641 } }
I0227 17:25:18.604563 88212 consensus_peers.cc:482] T 00000000000000000000000000000000 P fb391df2cca34c75b7bbcdb28021f859 -> Peer 5f2313af35794c1ab241048f12ffc6a4 (127.112.245.252:54641): Closing peer: 5f2313af35794c1ab241048f12ffc6a4
I0227 17:25:18.604935 88212 consensus_peers.cc:482] T 00000000000000000000000000000000 P fb391df2cca34c75b7bbcdb28021f859 -> Peer 085345f98902407db9fdb0edaf1c1438 (127.112.245.253:56207): Closing peer: 085345f98902407db9fdb0edaf1c1438
I0227 17:25:18.605140 88212 raft_consensus.cc:2886] T 00000000000000000000000000000000 P fb391df2cca34c75b7bbcdb28021f859 [term 2 FOLLOWER]: Advancing to term 3
I0227 17:25:18.618113 84001 heartbeater.cc:466] Master 127.112.245.254:59500 was elected leader, sending a full tablet report...
I0227 17:25:18.627823 84509 heartbeater.cc:466] Master 127.112.245.254:59500 was elected leader, sending a full tablet report...
I0227 17:25:18.638705 84863 heartbeater.cc:466] Master 127.112.245.254:59500 was elected leader, sending a full tablet report...
W0227 17:25:18.793784 82302 catalog_manager.cc:4003] Failed to send alter table request: Runtime error: Async RPCs configured to fail
I0227 17:25:18.794474 82302 rpcz_store.cc:269] Call kudu.master.MasterService.AlterTable from 127.112.245.254:60472 (request call id 3) took 1065ms. Request Metrics: {"Hive Metastore.queue_time_us":41,"Hive Metastore.run_cpu_time_us":1219,"Hive Metastore.run_wall_time_us":719690,"child_traces":[["txn",{"apply.queue_time_us":40,"apply.run_cpu_time_us":408,"apply.run_wall_time_us":4679,"num_ops":1,"prepare.queue_time_us":45,"prepare.run_cpu_time_us":617,"prepare.run_wall_time_us":616,"raft.queue_time_us":68,"raft.run_cpu_time_us":222,"raft.run_wall_time_us":235,"replication_time_us":6133,"spinlock_wait_cycles":158592}]]}
I0227 17:25:18.795303 115671 external_mini_cluster.cc:1131] Killing /data/1/adar/apache-kudu-1.9.0/build/debug/bin/kudu-master with pid 82109
W0227 17:25:18.824470 83849 connection.cc:647] client connection to 127.112.245.254:59500 recv error: Network error: failed to read from TLS socket (remote: 127.112.245.254:59500): Connection reset by peer (error 104)
W0227 17:25:18.824501 84384 connection.cc:647] client connection to 127.112.245.254:59500 recv error: Network error: failed to read from TLS socket (remote: 127.112.245.254:59500): Connection reset by peer (error 104)
W0227 17:25:18.824599 84730 connection.cc:647] client connection to 127.112.245.254:59500 recv error: Network error: failed to read from TLS socket (remote: 127.112.245.254:59500): Connection reset by peer (error 104)
W0227 17:25:18.841167 84883 master_proxy_rpc.cc:192] Re-attempting IsAlterTableInProgres request to leader Master (127.112.245.254:59500)
I0227 17:25:19.064712 83277 raft_consensus.cc:1181] T 00000000000000000000000000000000 P 5f2313af35794c1ab241048f12ffc6a4 [term 3 FOLLOWER]: Refusing update from remote peer 085345f98902407db9fdb0edaf1c1438: Log matching property violated. Preceding OpId in replica: term: 2 index: 9. Preceding OpId from leader: term: 3 index: 10. (index mismatch)
I0227 17:25:19.065299 88172 consensus_queue.cc:984] T 00000000000000000000000000000000 P 085345f98902407db9fdb0edaf1c1438 [LEADER]: Connected to new peer: Peer: permanent_uuid: "5f2313af35794c1ab241048f12ffc6a4" member_type: VOTER last_known_addr { host: "127.112.245.252" port: 54641 }, Status: LMP_MISMATCH, Last received: 0.0, Next index: 10, Last known committed idx: 9, Time since last communication: 0.000s
I0227 17:25:19.068708 88172 sys_catalog.cc:337] T 00000000000000000000000000000000 P 085345f98902407db9fdb0edaf1c1438 [sys.catalog]: SysCatalogTable state changed. Reason: Peer health change. Latest consensus state: current_term: 3 leader_uuid: "085345f98902407db9fdb0edaf1c1438" committed_config { opid_index: -1 OBSOLETE_local: false peers { permanent_uuid: "fb391df2cca34c75b7bbcdb28021f859" member_type: VOTER last_known_addr { host: "127.112.245.254" port: 59500 } } peers { permanent_uuid: "085345f98902407db9fdb0edaf1c1438" member_type: VOTER last_known_addr { host: "127.112.245.253" port: 56207 } } peers { permanent_uuid: "5f2313af35794c1ab241048f12ffc6a4" member_type: VOTER last_known_addr { host: "127.112.245.252" port: 54641 } } }
I0227 17:25:19.068742 88172 sys_catalog.cc:340] T 00000000000000000000000000000000 P 085345f98902407db9fdb0edaf1c1438 [sys.catalog]: This master's current role is: LEADER
W0227 17:25:19.079064 82527 consensus_peers.cc:457] T 00000000000000000000000000000000 P 085345f98902407db9fdb0edaf1c1438 -> Peer fb391df2cca34c75b7bbcdb28021f859 (127.112.245.254:59500): Couldn't send request to peer fb391df2cca34c75b7bbcdb28021f859. Status: Network error: Client connection negotiation failed: client connection to 127.112.245.254:59500: connect: Connection refused (error 111). This is attempt 1: this message will repeat every 5th retry.
I0227 17:25:19.079396 88670 sys_catalog.cc:337] T 00000000000000000000000000000000 P 5f2313af35794c1ab241048f12ffc6a4 [sys.catalog]: SysCatalogTable state changed. Reason: New leader 085345f98902407db9fdb0edaf1c1438. Latest consensus state: current_term: 3 leader_uuid: "085345f98902407db9fdb0edaf1c1438" committed_config { opid_index: -1 OBSOLETE_local: false peers { permanent_uuid: "fb391df2cca34c75b7bbcdb28021f859" member_type: VOTER last_known_addr { host: "127.112.245.254" port: 59500 } } peers { permanent_uuid: "085345f98902407db9fdb0edaf1c1438" member_type: VOTER last_known_addr { host: "127.112.245.253" port: 56207 } } peers { permanent_uuid: "5f2313af35794c1ab241048f12ffc6a4" member_type: VOTER last_known_addr { host: "127.112.245.252" port: 54641 } } }
I0227 17:25:19.079401 88663 sys_catalog.cc:337] T 00000000000000000000000000000000 P 5f2313af35794c1ab241048f12ffc6a4 [sys.catalog]: SysCatalogTable state changed. Reason: Replicated consensus-only round. Latest consensus state: current_term: 3 leader_uuid: "085345f98902407db9fdb0edaf1c1438" committed_config { opid_index: -1 OBSOLETE_local: false peers { permanent_uuid: "fb391df2cca34c75b7bbcdb28021f859" member_type: VOTER last_known_addr { host: "127.112.245.254" port: 59500 } } peers { permanent_uuid: "085345f98902407db9fdb0edaf1c1438" member_type: VOTER last_known_addr { host: "127.112.245.253" port: 56207 } } peers { permanent_uuid: "5f2313af35794c1ab241048f12ffc6a4" member_type: VOTER last_known_addr { host: "127.112.245.252" port: 54641 } } }
I0227 17:25:19.079464 88663 sys_catalog.cc:340] T 00000000000000000000000000000000 P 5f2313af35794c1ab241048f12ffc6a4 [sys.catalog]: This master's current role is: FOLLOWER
I0227 17:25:19.079483 88670 sys_catalog.cc:340] T 00000000000000000000000000000000 P 5f2313af35794c1ab241048f12ffc6a4 [sys.catalog]: This master's current role is: FOLLOWER
I0227 17:25:19.119896 84000 heartbeater.cc:466] Master 127.112.245.253:56207 was elected leader, sending a full tablet report...
I0227 17:25:19.121256 82575 catalog_manager.cc:3886] TS 88ecc5dd132749c8ac37c3e22f2f8205 (127.112.245.193:58465) does not have the latest schema for tablet 4ec4f00807094acead28bf862d918e3d (table default.test_kudu_1374 [id=590492545c6642e3a9aba7d0131ea9b7]). Expected version 1 got 0
W0227 17:25:19.130520 84001 heartbeater.cc:586] Failed to heartbeat to 127.112.245.254:59500 (0 consecutive failures): Network error: Failed to send heartbeat to master: Client connection negotiation failed: client connection to 127.112.245.254:59500: connect: Connection refused (error 111)
W0227 17:25:19.130551 84509 heartbeater.cc:586] Failed to heartbeat to 127.112.245.254:59500 (0 consecutive failures): Network error: Failed to send heartbeat to master: Client connection negotiation failed: client connection to 127.112.245.254:59500: connect: Connection refused (error 111)
I0227 17:25:19.140535 84862 heartbeater.cc:466] Master 127.112.245.253:56207 was elected leader, sending a full tablet report...
I0227 17:25:19.141986 82575 catalog_manager.cc:3886] TS cbbfafdf0bc146c58b6459f414490a7a (127.112.245.195:36757) does not have the latest schema for tablet 4ec4f00807094acead28bf862d918e3d (table default.test_kudu_1374 [id=590492545c6642e3a9aba7d0131ea9b7]). Expected version 1 got 0
I0227 17:25:19.143113 84508 heartbeater.cc:466] Master 127.112.245.253:56207 was elected leader, sending a full tablet report...
I0227 17:25:19.143945 82575 catalog_manager.cc:3886] TS 3c2b9a85798d4983a0a96b9f73ec0ee3 (127.112.245.194:49996) does not have the latest schema for tablet 4ec4f00807094acead28bf862d918e3d (table default.test_kudu_1374 [id=590492545c6642e3a9aba7d0131ea9b7]). Expected version 1 got 0
W0227 17:25:19.149929 84863 heartbeater.cc:586] Failed to heartbeat to 127.112.245.254:59500 (0 consecutive failures): Network error: Failed to send heartbeat to master: Client connection negotiation failed: client connection to 127.112.245.254:59500: connect: Connection refused (error 111)
I0227 17:25:19.161391 88736 tablet.cc:1269] T 4ec4f00807094acead28bf862d918e3d P cbbfafdf0bc146c58b6459f414490a7a: Alter schema from ( 10:key INT32 NOT NULL, 11:int_val INT32 NOT NULL, 12:string_val STRING NOT NULL, PRIMARY KEY (key) ) version 0 to ( 10:key INT32 NOT NULL, 11:int_val INT32 NOT NULL, 12:string_val STRING NOT NULL, 13:new_col INT32 NULLABLE, PRIMARY KEY (key) ) version 1
I0227 17:25:19.164702 88736 tablet.cc:1208] T 4ec4f00807094acead28bf862d918e3d P cbbfafdf0bc146c58b6459f414490a7a: MemRowSet was empty: no flush needed.
I0227 17:25:19.169239 88737 tablet.cc:1269] T 4ec4f00807094acead28bf862d918e3d P 3c2b9a85798d4983a0a96b9f73ec0ee3: Alter schema from ( 10:key INT32 NOT NULL, 11:int_val INT32 NOT NULL, 12:string_val STRING NOT NULL, PRIMARY KEY (key) ) version 0 to ( 10:key INT32 NOT NULL, 11:int_val INT32 NOT NULL, 12:string_val STRING NOT NULL, 13:new_col INT32 NULLABLE, PRIMARY KEY (key) ) version 1
I0227 17:25:19.169512 88738 tablet.cc:1269] T 4ec4f00807094acead28bf862d918e3d P 88ecc5dd132749c8ac37c3e22f2f8205: Alter schema from ( 10:key INT32 NOT NULL, 11:int_val INT32 NOT NULL, 12:string_val STRING NOT NULL, PRIMARY KEY (key) ) version 0 to ( 10:key INT32 NOT NULL, 11:int_val INT32 NOT NULL, 12:string_val STRING NOT NULL, 13:new_col INT32 NULLABLE, PRIMARY KEY (key) ) version 1
I0227 17:25:19.169903 88737 tablet.cc:1208] T 4ec4f00807094acead28bf862d918e3d P 3c2b9a85798d4983a0a96b9f73ec0ee3: MemRowSet was empty: no flush needed.
I0227 17:25:19.170119 88738 tablet.cc:1208] T 4ec4f00807094acead28bf862d918e3d P 88ecc5dd132749c8ac37c3e22f2f8205: MemRowSet was empty: no flush needed.
I0227 17:25:19.182458 88736 tablet.cc:1264] T 4ec4f00807094acead28bf862d918e3d P cbbfafdf0bc146c58b6459f414490a7a: Skipping requested alter to schema version 1, tablet already version 1
I0227 17:25:19.183416 88738 tablet.cc:1264] T 4ec4f00807094acead28bf862d918e3d P 88ecc5dd132749c8ac37c3e22f2f8205: Skipping requested alter to schema version 1, tablet already version 1
I0227 17:25:19.185370 88737 tablet.cc:1264] T 4ec4f00807094acead28bf862d918e3d P 3c2b9a85798d4983a0a96b9f73ec0ee3: Skipping requested alter to schema version 1, tablet already version 1
I0227 17:25:19.186641 88738 tablet.cc:1264] T 4ec4f00807094acead28bf862d918e3d P 88ecc5dd132749c8ac37c3e22f2f8205: Skipping requested alter to schema version 1, tablet already version 1
I0227 17:25:19.187252 88737 tablet.cc:1264] T 4ec4f00807094acead28bf862d918e3d P 3c2b9a85798d4983a0a96b9f73ec0ee3: Skipping requested alter to schema version 1, tablet already version 1
I0227 17:25:19.189131 88736 tablet.cc:1264] T 4ec4f00807094acead28bf862d918e3d P cbbfafdf0bc146c58b6459f414490a7a: Skipping requested alter to schema version 1, tablet already version 1
I0227 17:25:19.192394 82575 catalog_manager.cc:4237] T 00000000000000000000000000000000 P 085345f98902407db9fdb0edaf1c1438: default.test_kudu_1374 [id=590492545c6642e3a9aba7d0131ea9b7] alter complete (version 1)
I0227 17:25:19.367986 115671 external_mini_cluster.cc:1131] Killing /data/1/adar/apache-kudu-1.9.0/build/debug/bin/kudu-tserver with pid 83319
W0227 17:25:19.383749 82959 connection.cc:647] server connection from 127.112.245.193:57349 recv error: Network error: failed to read from TLS socket (remote: 127.112.245.193:57349): Connection reset by peer (error 104)
W0227 17:25:19.384357 84728 connection.cc:647] client connection to 127.112.245.193:58465 recv error: Network error: failed to read from TLS socket (remote: 127.112.245.193:58465): Connection reset by peer (error 104)
W0227 17:25:19.384325 82526 connection.cc:647] server connection from 127.112.245.193:35094 recv error: Network error: failed to read from TLS socket (remote: 127.112.245.193:35094): Connection reset by peer (error 104)
I0227 17:25:19.384824 115671 external_mini_cluster.cc:1131] Killing /data/1/adar/apache-kudu-1.9.0/build/debug/bin/kudu-tserver with pid 84010
W0227 17:25:19.403425 82958 connection.cc:647] server connection from 127.112.245.194:42193 recv error: Network error: failed to read from TLS socket (remote: 127.112.245.194:42193): Connection reset by peer (error 104)
W0227 17:25:19.403528 84730 connection.cc:647] client connection to 127.112.245.194:49996 recv error: Network error: failed to read from TLS socket (remote: 127.112.245.194:49996): Connection reset by peer (error 104)
I0227 17:25:19.403674 115671 external_mini_cluster.cc:1131] Killing /data/1/adar/apache-kudu-1.9.0/build/debug/bin/kudu-tserver with pid 84513
W0227 17:25:19.406721 82527 connection.cc:647] server connection from 127.112.245.194:50076 recv error: Network error: failed to read from TLS socket (remote: 127.112.245.194:50076): Connection reset by peer (error 104)
W0227 17:25:19.423513 82524 connection.cc:647] server connection from 127.112.245.195:48811 recv error: Network error: failed to read from TLS socket (remote: 127.112.245.195:48811): Connection reset by peer (error 104)
W0227 17:25:19.423560 82956 connection.cc:647] server connection from 127.112.245.195:38262 recv error: Network error: failed to read from TLS socket (remote: 127.112.245.195:38262): Connection reset by peer (error 104)
I0227 17:25:19.424243 115671 external_mini_cluster.cc:1131] Killing /data/1/adar/apache-kudu-1.9.0/build/debug/bin/kudu-master with pid 82340
I0227 17:25:19.454030 115671 external_mini_cluster.cc:1131] Killing /data/1/adar/apache-kudu-1.9.0/build/debug/bin/kudu-master with pid 82614 Shutting down hive metastore. [ OK ] HmsConfigurations/MasterFailoverTest.TestKUDU1374/1 (42114 ms) [ RUN ] HmsConfigurations/MasterFailoverTest.TestMasterPermanentFailure/1 2019-02-27 17:25:23: Starting Hive Metastore Server Picked up JAVA_TOOL_OPTIONS: -Djava.net.preferIPv4Stack=true -Dderby.locks.deadlockTimeout=1 log4j:WARN No such property [conversionPattern] in org.apache.solr.util.SolrLogLayout. SLF4J: Class path contains multiple SLF4J bindings. SLF4J: Found binding in [jar:file:/data/1/adar/apache-kudu-1.9.0/thirdparty/src/hive-498021fa15186aee8b282d3c032fbd2cede6bec4/lib/log4j-slf4j-impl-2.6.2.jar!/org/slf4j/impl/StaticLoggerBinder.class] SLF4J: Found binding in [jar:file:/data/1/adar/apache-kudu-1.9.0/thirdparty/src/hadoop-2.8.5/share/hadoop/common/lib/slf4j-log4j12-1.7.10.jar!/org/slf4j/impl/StaticLoggerBinder.class] SLF4J: See http://www.slf4j.org/codes.html#multiple_bindings for an explanation. SLF4J: Actual binding is of type [org.apache.logging.slf4j.Log4jLoggerFactory] 3631 T1 oahu.NativeCodeLoader. WARN Unable to load native-hadoop library for your platform... using builtin-java classes where applicable Starting hive metastore on port 0 4471 T1 odu.Log4JLogger.info Property hive.metastore.integral.jdo.pushdown unknown - will be ignored 4472 T1 odu.Log4JLogger.info Property datanucleus.cache.level2 unknown - will be ignored
I0227 17:25:40.349592 115671 external_mini_cluster.cc:933] Running /data/1/adar/apache-kudu-1.9.0/build/debug/bin/kudu-master /data/1/adar/apache-kudu-1.9.0/build/debug/bin/kudu-master --fs_wal_dir=/tmp/kudutest-4282/master_failover-itest.1.HmsConfigurations_MasterFailoverTest.TestMasterPermanentFailure_1.1551317010817988-115671/minicluster-data/master-0/wal --fs_data_dirs=/tmp/kudutest-4282/master_failover-itest.1.HmsConfigurations_MasterFailoverTest.TestMasterPermanentFailure_1.1551317010817988-115671/minicluster-data/master-0/data --block_manager=log --webserver_interface=localhost --ipki_ca_key_size=1024 --tsk_num_rsa_bits=512 --rpc_bind_addresses=127.112.245.254:35995 --webserver_interface=127.112.245.254 --webserver_port=0 --never_fsync --ipki_server_key_size=1024 --enable_minidumps=false --redact=none --metrics_log_interval_ms=1000 --logtostderr --logbuflevel=-1 --log_dir=/tmp/kudutest-4282/master_failover-itest.1.HmsConfigurations_MasterFailoverTest.TestMasterPermanentFailure_1.1551317010817988-115671/minicluster-data/master-0/logs --server_dump_info_path=/tmp/kudutest-4282/master_failover-itest.1.HmsConfigurations_MasterFailoverTest.TestMasterPermanentFailure_1.1551317010817988-115671/minicluster-data/master-0/data/info.pb --server_dump_info_format=pb --rpc_server_allow_ephemeral_ports --unlock_experimental_flags --unlock_unsafe_flags --leader_failure_max_missed_heartbeat_periods=1.0 --rpc_reuseport=true --master_addresses=127.112.245.254:35995,127.112.245.253:50732,127.112.245.252:58453 --hive_metastore_uris=thrift://127.0.0.1:54702 with env {} WARNING: Logging before InitGoogleLogging() is written to STDERR
W0227 17:25:40.450547 123111 flags.cc:406] Enabled unsafe flag: --rpc_server_allow_ephemeral_ports=true
W0227 17:25:40.450984 123111 flags.cc:406] Enabled unsafe flag: --never_fsync=true
W0227 17:25:40.452224 123111 flags.cc:406] Enabled experimental flag: --hive_metastore_uris=thrift://127.0.0.1:54702
W0227 17:25:40.452322 123111 flags.cc:406] Enabled experimental flag: --ipki_ca_key_size=1024
W0227 17:25:40.452352 123111 flags.cc:406] Enabled experimental flag: --ipki_server_key_size=1024
W0227 17:25:40.452404 123111 flags.cc:406] Enabled experimental flag: --tsk_num_rsa_bits=512
W0227 17:25:40.452426 123111 flags.cc:406] Enabled experimental flag: --rpc_reuseport=true
I0227 17:25:40.454874 123111 master_main.cc:73] Master server non-default flags: --leader_failure_max_missed_heartbeat_periods=1 --fs_data_dirs=/tmp/kudutest-4282/master_failover-itest.1.HmsConfigurations_MasterFailoverTest.TestMasterPermanentFailure_1.1551317010817988-115671/minicluster-data/master-0/data --fs_wal_dir=/tmp/kudutest-4282/master_failover-itest.1.HmsConfigurations_MasterFailoverTest.TestMasterPermanentFailure_1.1551317010817988-115671/minicluster-data/master-0/wal --hive_metastore_uris=thrift://127.0.0.1:54702 --ipki_ca_key_size=1024 --master_addresses=127.112.245.254:35995,127.112.245.253:50732,127.112.245.252:58453 --ipki_server_key_size=1024 --tsk_num_rsa_bits=512 --rpc_bind_addresses=127.112.245.254:35995 --rpc_reuseport=true --rpc_server_allow_ephemeral_ports=true --metrics_log_interval_ms=1000 --server_dump_info_format=pb --server_dump_info_path=/tmp/kudutest-4282/master_failover-itest.1.HmsConfigurations_MasterFailoverTest.TestMasterPermanentFailure_1.1551317010817988-115671/minicluster-data/master-0/data/info.pb --webserver_interface=127.112.245.254 --webserver_port=0 --never_fsync=true --heap_profile_path=/tmp/kudu-master.123111 --redact=none --unlock_experimental_flags=true --unlock_unsafe_flags=true --enable_minidumps=false --log_dir=/tmp/kudutest-4282/master_failover-itest.1.HmsConfigurations_MasterFailoverTest.TestMasterPermanentFailure_1.1551317010817988-115671/minicluster-data/master-0/logs --logbuflevel=-1 --logtostderr=true Master server version: kudu 1.9.0 revision non-git-build build type DEBUG built by adar at 27 Feb 2019 17:20:38 PST on ve0518.halxg.cloudera.com
I0227 17:25:40.462615 123111 master_main.cc:80] Initializing master server...
I0227 17:25:40.463322 123111 system_ntp.cc:199] NTP initialized. Skew: 500ppm Current error: 221275us
I0227 17:25:40.464601 123111 fs_manager.cc:263] Metadata directory not provided
I0227 17:25:40.464656 123111 fs_manager.cc:269] Using write-ahead log directory (fs_wal_dir) as metadata directory
I0227 17:25:40.464953 123111 server_base.cc:432] Could not load existing FS layout: Not found: could not find a healthy instance file
I0227 17:25:40.464977 123111 server_base.cc:433] Attempting to create new FS layout instead
I0227 17:25:40.467353 123111 fs_manager.cc:602] Generated new instance metadata in path /tmp/kudutest-4282/master_failover-itest.1.HmsConfigurations_MasterFailoverTest.TestMasterPermanentFailure_1.1551317010817988-115671/minicluster-data/master-0/data/instance: uuid: "c31e774156b64c02922906e3e2985c89" format_stamp: "Formatted at 2019-02-28 01:25:40 on ve0518.halxg.cloudera.com"
I0227 17:25:40.467706 123111 fs_manager.cc:602] Generated new instance metadata in path /tmp/kudutest-4282/master_failover-itest.1.HmsConfigurations_MasterFailoverTest.TestMasterPermanentFailure_1.1551317010817988-115671/minicluster-data/master-0/wal/instance: uuid: "c31e774156b64c02922906e3e2985c89" format_stamp: "Formatted at 2019-02-28 01:25:40 on ve0518.halxg.cloudera.com"
I0227 17:25:40.476575 123111 fs_manager.cc:503] Time spent creating directory manager: real 0.009s user 0.007s sys 0.000s
I0227 17:25:40.477306 123111 env_posix.cc:1676] Not raising this process' open files per process limit of 32768; it is already as high as it can go
I0227 17:25:40.477731 123111 file_cache.cc:466] Constructed file cache lbm with capacity 13107
I0227 17:25:40.479918 123111 log_block_manager.cc:1950] Data dir /tmp/kudutest-4282/master_failover-itest.1.HmsConfigurations_MasterFailoverTest.TestMasterPermanentFailure_1.1551317010817988-115671/minicluster-data/master-0/data/data is on an ext4 filesystem vulnerable to KUDU-1508 with block size 4096
I0227 17:25:40.480000 123111 log_block_manager.cc:1960] Limiting containers on data directory /tmp/kudutest-4282/master_failover-itest.1.HmsConfigurations_MasterFailoverTest.TestMasterPermanentFailure_1.1551317010817988-115671/minicluster-data/master-0/data/data to 2721 blocks
I0227 17:25:40.481854 123111 fs_manager.cc:419] Time spent opening block manager: real 0.002s user 0.000s sys 0.001s
I0227 17:25:40.481945 123111 fs_manager.cc:436] Opened local filesystem: /tmp/kudutest-4282/master_failover-itest.1.HmsConfigurations_MasterFailoverTest.TestMasterPermanentFailure_1.1551317010817988-115671/minicluster-data/master-0/data,/tmp/kudutest-4282/master_failover-itest.1.HmsConfigurations_MasterFailoverTest.TestMasterPermanentFailure_1.1551317010817988-115671/minicluster-data/master-0/wal uuid: "c31e774156b64c02922906e3e2985c89" format_stamp: "Formatted at 2019-02-28 01:25:40 on ve0518.halxg.cloudera.com"
I0227 17:25:40.482054 123111 fs_report.cc:352] FS layout report -------------------- wal directory: /tmp/kudutest-4282/master_failover-itest.1.HmsConfigurations_MasterFailoverTest.TestMasterPermanentFailure_1.1551317010817988-115671/minicluster-data/master-0/wal metadata directory: /tmp/kudutest-4282/master_failover-itest.1.HmsConfigurations_MasterFailoverTest.TestMasterPermanentFailure_1.1551317010817988-115671/minicluster-data/master-0/wal 1 data directories: /tmp/kudutest-4282/master_failover-itest.1.HmsConfigurations_MasterFailoverTest.TestMasterPermanentFailure_1.1551317010817988-115671/minicluster-data/master-0/data/data Total live blocks: 0 Total live bytes: 0 Total live bytes (after alignment): 0 Total number of LBM containers: 0 (0 full) Did not check for missing blocks Did not check for orphaned blocks Total full LBM containers with extra space: 0 (0 repaired) Total full LBM container extra space in bytes: 0 (0 repaired) Total incomplete LBM containers: 0 (0 repaired) Total LBM partial records: 0 (0 repaired)
I0227 17:25:40.507030 123111 env_posix.cc:1671] Raising this process' running threads per effective uid limit from 32768 to 65536
I0227 17:25:40.507936 123111 master_main.cc:83] Starting Master server...
I0227 17:25:40.514935 123111 rpc_server.cc:205] RPC server started. Bound to: 127.112.245.254:35995
I0227 17:25:40.515359 123111 webserver.cc:175] Starting webserver on 127.112.245.254:0
I0227 17:25:40.515379 123111 webserver.cc:186] Document root disabled
I0227 17:25:40.516185 123111 webserver.cc:313] Webserver started. Bound to: http://127.112.245.254:45589/
I0227 17:25:40.516675 123111 server_base.cc:607] Dumped server information to /tmp/kudutest-4282/master_failover-itest.1.HmsConfigurations_MasterFailoverTest.TestMasterPermanentFailure_1.1551317010817988-115671/minicluster-data/master-0/data/info.pb
I0227 17:25:40.519451 123540 data_dirs.cc:938] Could only allocate 1 dirs of requested 3 for tablet 00000000000000000000000000000000. 1 dirs total, 0 dirs full, 0 dirs failed
I0227 17:25:40.520818 115671 external_mini_cluster.cc:995] Started /data/1/adar/apache-kudu-1.9.0/build/debug/bin/kudu-master as pid 123111
