I0227 17:25:13.854691 83315 raft_consensus.cc:366] T 00000000000000000000000000000000 P 5f2313af35794c1ab241048f12ffc6a4 [term 0 FOLLOWER]: Consensus starting up: Expiring failure detector timer to make a prompt election more likely
I0227 17:25:13.854753 83315 raft_consensus.cc:705] T 00000000000000000000000000000000 P 5f2313af35794c1ab241048f12ffc6a4 [term 0 FOLLOWER]: Becoming Follower/Learner. State: Replica: 5f2313af35794c1ab241048f12ffc6a4, State: Initialized, Role: FOLLOWER
I0227 17:25:13.855641 83315 consensus_queue.cc:229] T 00000000000000000000000000000000 P 5f2313af35794c1ab241048f12ffc6a4 [NON_LEADER]: Queue going to NON_LEADER mode. State: All replicated index: 0, Majority replicated index: 0, Committed index: 0, Last appended: 0.0, Last appended by leader: 0, Current term: 0, Majority size: -1, State: 0, Mode: NON_LEADER, active raft config: opid_index: -1 OBSOLETE_local: false peers { permanent_uuid: "fb391df2cca34c75b7bbcdb28021f859" member_type: VOTER last_known_addr { host: "127.112.245.254" port: 59500 } } peers { permanent_uuid: "085345f98902407db9fdb0edaf1c1438" member_type: VOTER last_known_addr { host: "127.112.245.253" port: 56207 } } peers { permanent_uuid: "5f2313af35794c1ab241048f12ffc6a4" member_type: VOTER last_known_addr { host: "127.112.245.252" port: 54641 } }
I0227 17:25:13.855976 83315 sys_catalog.cc:337] T 00000000000000000000000000000000 P 5f2313af35794c1ab241048f12ffc6a4 [sys.catalog]: SysCatalogTable state changed. Reason: Started TabletReplica. Latest consensus state: current_term: 0 committed_config { opid_index: -1 OBSOLETE_local: false peers { permanent_uuid: "fb391df2cca34c75b7bbcdb28021f859" member_type: VOTER last_known_addr { host: "127.112.245.254" port: 59500 } } peers { permanent_uuid: "085345f98902407db9fdb0edaf1c1438" member_type: VOTER last_known_addr { host: "127.112.245.253" port: 56207 } } peers { permanent_uuid: "5f2313af35794c1ab241048f12ffc6a4" member_type: VOTER last_known_addr { host: "127.112.245.252" port: 54641 } } }
I0227 17:25:13.856006 83315 sys_catalog.cc:340] T 00000000000000000000000000000000 P 5f2313af35794c1ab241048f12ffc6a4 [sys.catalog]: This master's current role is: FOLLOWER
I0227 17:25:13.856966 83315 sys_catalog.cc:424] T 00000000000000000000000000000000 P 5f2313af35794c1ab241048f12ffc6a4 [sys.catalog]: configured and running, proceeding with master startup.
I0227 17:25:13.858294 82614 master_main.cc:86] Master server successfully started.
W0227 17:25:13.866232 83442 catalog_manager.cc:1104] T 00000000000000000000000000000000 P 5f2313af35794c1ab241048f12ffc6a4: acquiring CA information for follower catalog manager: Not found: root CA entry not found
W0227 17:25:13.866334 83442 catalog_manager.cc:587] Not found: root CA entry not found: failed to prepare follower catalog manager, will retry
I0227 17:25:13.869488 83441 hms_notification_log_listener.cc:226] Skipping Hive Metastore notification log poll: Illegal state: Not the leader. Local UUID: 5f2313af35794c1ab241048f12ffc6a4, Raft Consensus state: current_term: 0 committed_config { opid_index: -1 OBSOLETE_local: false peers { permanent_uuid: "fb391df2cca34c75b7bbcdb28021f859" member_type: VOTER last_known_addr { host: "127.112.245.254" port: 59500 } } peers { permanent_uuid: "085345f98902407db9fdb0edaf1c1438" member_type: VOTER last_known_addr { host: "127.112.245.253" port: 56207 } } peers { permanent_uuid: "5f2313af35794c1ab241048f12ffc6a4" member_type: VOTER last_known_addr { host: "127.112.245.252" port: 54641 } } }
I0227 17:25:13.878648 83439 sys_catalog.cc:337] T 00000000000000000000000000000000 P 5f2313af35794c1ab241048f12ffc6a4 [sys.catalog]: SysCatalogTable state changed. Reason: RaftConsensus started. Latest consensus state: current_term: 0 committed_config { opid_index: -1 OBSOLETE_local: false peers { permanent_uuid: "fb391df2cca34c75b7bbcdb28021f859" member_type: VOTER last_known_addr { host: "127.112.245.254" port: 59500 } } peers { permanent_uuid: "085345f98902407db9fdb0edaf1c1438" member_type: VOTER last_known_addr { host: "127.112.245.253" port: 56207 } } peers { permanent_uuid: "5f2313af35794c1ab241048f12ffc6a4" member_type: VOTER last_known_addr { host: "127.112.245.252" port: 54641 } } }
I0227 17:25:13.878688 83439 sys_catalog.cc:340] T 00000000000000000000000000000000 P 5f2313af35794c1ab241048f12ffc6a4 [sys.catalog]: This master's current role is: FOLLOWER WARNING: Logging before InitGoogleLogging() is written to STDERR
W0227 17:25:13.933073 83319 flags.cc:406] Enabled unsafe flag: --rpc_server_allow_ephemeral_ports=true
W0227 17:25:13.933351 83319 flags.cc:406] Enabled unsafe flag: --never_fsync=true
W0227 17:25:13.934417 83319 flags.cc:406] Enabled experimental flag: --ipki_server_key_size=1024
W0227 17:25:13.935936 83319 flags.cc:406] Enabled experimental flag: --local_ip_for_outbound_sockets=127.112.245.193
I0227 17:25:13.942193 83319 tablet_server_main.cc:78] Tablet server non-default flags: --fs_data_dirs=/tmp/kudutest-4282/master_failover-itest.1.HmsConfigurations_MasterFailoverTest.TestKUDU1374_1.1551317010817988-115671/minicluster-data/ts-0/data --fs_wal_dir=/tmp/kudutest-4282/master_failover-itest.1.HmsConfigurations_MasterFailoverTest.TestKUDU1374_1.1551317010817988-115671/minicluster-data/ts-0/wal --ipki_server_key_size=1024 --rpc_bind_addresses=127.112.245.193:0 --rpc_server_allow_ephemeral_ports=true --metrics_log_interval_ms=1000 --server_dump_info_format=pb --server_dump_info_path=/tmp/kudutest-4282/master_failover-itest.1.HmsConfigurations_MasterFailoverTest.TestKUDU1374_1.1551317010817988-115671/minicluster-data/ts-0/data/info.pb --webserver_interface=127.112.245.193 --webserver_port=0 --heartbeat_interval_ms=500 --heartbeat_max_failures_before_backoff=1 --heartbeat_rpc_timeout_ms=1000 --tserver_master_addrs=127.112.245.254:59500,127.112.245.253:56207,127.112.245.252:54641 --never_fsync=true --heap_profile_path=/tmp/kudu-tserver.83319 --redact=none --unlock_experimental_flags=true --unlock_unsafe_flags=true --enable_minidumps=false --local_ip_for_outbound_sockets=127.112.245.193 --log_dir=/tmp/kudutest-4282/master_failover-itest.1.HmsConfigurations_MasterFailoverTest.TestKUDU1374_1.1551317010817988-115671/minicluster-data/ts-0/logs --logbuflevel=-1 --logtostderr=true Tablet server version: kudu 1.9.0 revision non-git-build build type DEBUG built by adar at 27 Feb 2019 17:20:38 PST on ve0518.halxg.cloudera.com
I0227 17:25:13.964838 83319 tablet_server_main.cc:85] Initializing tablet server...
I0227 17:25:13.969210 83319 system_ntp.cc:199] NTP initialized. Skew: 500ppm Current error: 207775us
I0227 17:25:13.970149 83319 fs_manager.cc:263] Metadata directory not provided
I0227 17:25:13.978085 83319 fs_manager.cc:269] Using write-ahead log directory (fs_wal_dir) as metadata directory
I0227 17:25:13.978552 83319 server_base.cc:432] Could not load existing FS layout: Not found: could not find a healthy instance file
I0227 17:25:13.978631 83319 server_base.cc:433] Attempting to create new FS layout instead
I0227 17:25:13.981580 83319 fs_manager.cc:602] Generated new instance metadata in path /tmp/kudutest-4282/master_failover-itest.1.HmsConfigurations_MasterFailoverTest.TestKUDU1374_1.1551317010817988-115671/minicluster-data/ts-0/data/instance: uuid: "88ecc5dd132749c8ac37c3e22f2f8205" format_stamp: "Formatted at 2019-02-28 01:25:13 on ve0518.halxg.cloudera.com"
I0227 17:25:13.982044 83319 fs_manager.cc:602] Generated new instance metadata in path /tmp/kudutest-4282/master_failover-itest.1.HmsConfigurations_MasterFailoverTest.TestKUDU1374_1.1551317010817988-115671/minicluster-data/ts-0/wal/instance: uuid: "88ecc5dd132749c8ac37c3e22f2f8205" format_stamp: "Formatted at 2019-02-28 01:25:13 on ve0518.halxg.cloudera.com"
W0227 17:25:13.987524 83258 tablet.cc:1786] T 00000000000000000000000000000000 P 5f2313af35794c1ab241048f12ffc6a4: Can't schedule compaction. Clean time has not been advanced past its initial value.
I0227 17:25:14.001374 83319 fs_manager.cc:503] Time spent creating directory manager: real 0.019s user 0.004s sys 0.004s
W0227 17:25:14.003387 82292 tablet.cc:1786] T 00000000000000000000000000000000 P fb391df2cca34c75b7bbcdb28021f859: Can't schedule compaction. Clean time has not been advanced past its initial value.
I0227 17:25:14.005398 83319 env_posix.cc:1676] Not raising this process' open files per process limit of 32768; it is already as high as it can go
I0227 17:25:14.006863 83319 file_cache.cc:466] Constructed file cache lbm with capacity 13107
I0227 17:25:14.014119 83319 log_block_manager.cc:1950] Data dir /tmp/kudutest-4282/master_failover-itest.1.HmsConfigurations_MasterFailoverTest.TestKUDU1374_1.1551317010817988-115671/minicluster-data/ts-0/data/data is on an ext4 filesystem vulnerable to KUDU-1508 with block size 4096
I0227 17:25:14.014415 83319 log_block_manager.cc:1960] Limiting containers on data directory /tmp/kudutest-4282/master_failover-itest.1.HmsConfigurations_MasterFailoverTest.TestKUDU1374_1.1551317010817988-115671/minicluster-data/ts-0/data/data to 2721 blocks
I0227 17:25:14.018833 82609 consensus_peers.cc:609] Retrying to get permanent uuid for remote peer: member_type: VOTER last_known_addr { host: "127.112.245.252" port: 54641 } attempt: 5
I0227 17:25:14.022874 83319 fs_manager.cc:419] Time spent opening block manager: real 0.009s user 0.000s sys 0.001s
I0227 17:25:14.023010 83319 fs_manager.cc:436] Opened local filesystem: /tmp/kudutest-4282/master_failover-itest.1.HmsConfigurations_MasterFailoverTest.TestKUDU1374_1.1551317010817988-115671/minicluster-data/ts-0/data,/tmp/kudutest-4282/master_failover-itest.1.HmsConfigurations_MasterFailoverTest.TestKUDU1374_1.1551317010817988-115671/minicluster-data/ts-0/wal uuid: "88ecc5dd132749c8ac37c3e22f2f8205" format_stamp: "Formatted at 2019-02-28 01:25:13 on ve0518.halxg.cloudera.com"
I0227 17:25:14.023119 83319 fs_report.cc:352] FS layout report -------------------- wal directory: /tmp/kudutest-4282/master_failover-itest.1.HmsConfigurations_MasterFailoverTest.TestKUDU1374_1.1551317010817988-115671/minicluster-data/ts-0/wal metadata directory: /tmp/kudutest-4282/master_failover-itest.1.HmsConfigurations_MasterFailoverTest.TestKUDU1374_1.1551317010817988-115671/minicluster-data/ts-0/wal 1 data directories: /tmp/kudutest-4282/master_failover-itest.1.HmsConfigurations_MasterFailoverTest.TestKUDU1374_1.1551317010817988-115671/minicluster-data/ts-0/data/data Total live blocks: 0 Total live bytes: 0 Total live bytes (after alignment): 0 Total number of LBM containers: 0 (0 full) Did not check for missing blocks Did not check for orphaned blocks Total full LBM containers with extra space: 0 (0 repaired) Total full LBM container extra space in bytes: 0 (0 repaired) Total incomplete LBM containers: 0 (0 repaired) Total LBM partial records: 0 (0 repaired)
I0227 17:25:14.025274 82609 tablet_bootstrap.cc:439] T 00000000000000000000000000000000 P 085345f98902407db9fdb0edaf1c1438: Bootstrap starting.
I0227 17:25:14.028513 82609 tablet_bootstrap.cc:593] T 00000000000000000000000000000000 P 085345f98902407db9fdb0edaf1c1438: No blocks or log segments found. Creating new log.
I0227 17:25:14.029793 82609 log.cc:525] T 00000000000000000000000000000000 P 085345f98902407db9fdb0edaf1c1438: Log is configured to *not* fsync() on all Append() calls
I0227 17:25:14.039973 82609 tablet_bootstrap.cc:439] T 00000000000000000000000000000000 P 085345f98902407db9fdb0edaf1c1438: No bootstrap required, opened a new log
I0227 17:25:14.043793 82609 raft_consensus.cc:340] T 00000000000000000000000000000000 P 085345f98902407db9fdb0edaf1c1438 [term 0 FOLLOWER]: Replica starting. Triggering 0 pending transactions. Active config: opid_index: -1 OBSOLETE_local: false peers { permanent_uuid: "fb391df2cca34c75b7bbcdb28021f859" member_type: VOTER last_known_addr { host: "127.112.245.254" port: 59500 } } peers { permanent_uuid: "085345f98902407db9fdb0edaf1c1438" member_type: VOTER last_known_addr { host: "127.112.245.253" port: 56207 } } peers { permanent_uuid: "5f2313af35794c1ab241048f12ffc6a4" member_type: VOTER last_known_addr { host: "127.112.245.252" port: 54641 } }
I0227 17:25:14.043876 82609 raft_consensus.cc:366] T 00000000000000000000000000000000 P 085345f98902407db9fdb0edaf1c1438 [term 0 FOLLOWER]: Consensus starting up: Expiring failure detector timer to make a prompt election more likely
I0227 17:25:14.043937 82609 raft_consensus.cc:705] T 00000000000000000000000000000000 P 085345f98902407db9fdb0edaf1c1438 [term 0 FOLLOWER]: Becoming Follower/Learner. State: Replica: 085345f98902407db9fdb0edaf1c1438, State: Initialized, Role: FOLLOWER
I0227 17:25:14.046751 82609 consensus_queue.cc:229] T 00000000000000000000000000000000 P 085345f98902407db9fdb0edaf1c1438 [NON_LEADER]: Queue going to NON_LEADER mode. State: All replicated index: 0, Majority replicated index: 0, Committed index: 0, Last appended: 0.0, Last appended by leader: 0, Current term: 0, Majority size: -1, State: 0, Mode: NON_LEADER, active raft config: opid_index: -1 OBSOLETE_local: false peers { permanent_uuid: "fb391df2cca34c75b7bbcdb28021f859" member_type: VOTER last_known_addr { host: "127.112.245.254" port: 59500 } } peers { permanent_uuid: "085345f98902407db9fdb0edaf1c1438" member_type: VOTER last_known_addr { host: "127.112.245.253" port: 56207 } } peers { permanent_uuid: "5f2313af35794c1ab241048f12ffc6a4" member_type: VOTER last_known_addr { host: "127.112.245.252" port: 54641 } }
I0227 17:25:14.047266 82609 sys_catalog.cc:337] T 00000000000000000000000000000000 P 085345f98902407db9fdb0edaf1c1438 [sys.catalog]: SysCatalogTable state changed. Reason: Started TabletReplica. Latest consensus state: current_term: 0 committed_config { opid_index: -1 OBSOLETE_local: false peers { permanent_uuid: "fb391df2cca34c75b7bbcdb28021f859" member_type: VOTER last_known_addr { host: "127.112.245.254" port: 59500 } } peers { permanent_uuid: "085345f98902407db9fdb0edaf1c1438" member_type: VOTER last_known_addr { host: "127.112.245.253" port: 56207 } } peers { permanent_uuid: "5f2313af35794c1ab241048f12ffc6a4" member_type: VOTER last_known_addr { host: "127.112.245.252" port: 54641 } } }
I0227 17:25:14.047379 82609 sys_catalog.cc:340] T 00000000000000000000000000000000 P 085345f98902407db9fdb0edaf1c1438 [sys.catalog]: This master's current role is: FOLLOWER
I0227 17:25:14.047310 83860 sys_catalog.cc:337] T 00000000000000000000000000000000 P 085345f98902407db9fdb0edaf1c1438 [sys.catalog]: SysCatalogTable state changed. Reason: RaftConsensus started. Latest consensus state: current_term: 0 committed_config { opid_index: -1 OBSOLETE_local: false peers { permanent_uuid: "fb391df2cca34c75b7bbcdb28021f859" member_type: VOTER last_known_addr { host: "127.112.245.254" port: 59500 } } peers { permanent_uuid: "085345f98902407db9fdb0edaf1c1438" member_type: VOTER last_known_addr { host: "127.112.245.253" port: 56207 } } peers { permanent_uuid: "5f2313af35794c1ab241048f12ffc6a4" member_type: VOTER last_known_addr { host: "127.112.245.252" port: 54641 } } }
I0227 17:25:14.047561 83860 sys_catalog.cc:340] T 00000000000000000000000000000000 P 085345f98902407db9fdb0edaf1c1438 [sys.catalog]: This master's current role is: FOLLOWER
I0227 17:25:14.048679 82609 sys_catalog.cc:424] T 00000000000000000000000000000000 P 085345f98902407db9fdb0edaf1c1438 [sys.catalog]: configured and running, proceeding with master startup.
I0227 17:25:14.049975 82340 master_main.cc:86] Master server successfully started.
I0227 17:25:14.057413 83864 hms_notification_log_listener.cc:226] Skipping Hive Metastore notification log poll: Illegal state: Not the leader. Local UUID: 085345f98902407db9fdb0edaf1c1438, Raft Consensus state: current_term: 0 committed_config { opid_index: -1 OBSOLETE_local: false peers { permanent_uuid: "fb391df2cca34c75b7bbcdb28021f859" member_type: VOTER last_known_addr { host: "127.112.245.254" port: 59500 } } peers { permanent_uuid: "085345f98902407db9fdb0edaf1c1438" member_type: VOTER last_known_addr { host: "127.112.245.253" port: 56207 } } peers { permanent_uuid: "5f2313af35794c1ab241048f12ffc6a4" member_type: VOTER last_known_addr { host: "127.112.245.252" port: 54641 } } }
W0227 17:25:14.062045 83865 catalog_manager.cc:1104] T 00000000000000000000000000000000 P 085345f98902407db9fdb0edaf1c1438: acquiring CA information for follower catalog manager: Not found: root CA entry not found
W0227 17:25:14.062086 83865 catalog_manager.cc:587] Not found: root CA entry not found: failed to prepare follower catalog manager, will retry
I0227 17:25:14.064404 83319 env_posix.cc:1671] Raising this process' running threads per effective uid limit from 32768 to 65536
W0227 17:25:14.072051 82564 tablet.cc:1786] T 00000000000000000000000000000000 P 085345f98902407db9fdb0edaf1c1438: Can't schedule compaction. Clean time has not been advanced past its initial value.
I0227 17:25:14.077289 83319 ts_tablet_manager.cc:356] Loaded tablet metadata (0 live tablets)
I0227 17:25:14.077446 83319 tablet_server_main.cc:90] Starting tablet server...
I0227 17:25:14.099150 83319 rpc_server.cc:205] RPC server started. Bound to: 127.112.245.193:58465
I0227 17:25:14.099555 83319 webserver.cc:175] Starting webserver on 127.112.245.193:0
I0227 17:25:14.099573 83319 webserver.cc:186] Document root disabled
I0227 17:25:14.100248 83319 webserver.cc:313] Webserver started. Bound to: http://127.112.245.193:48504/
I0227 17:25:14.100754 83319 server_base.cc:607] Dumped server information to /tmp/kudutest-4282/master_failover-itest.1.HmsConfigurations_MasterFailoverTest.TestKUDU1374_1.1551317010817988-115671/minicluster-data/ts-0/data/info.pb
I0227 17:25:14.102133 83319 tablet_server_main.cc:93] Tablet server successfully started.
I0227 17:25:14.106956 115671 external_mini_cluster.cc:995] Started /data/1/adar/apache-kudu-1.9.0/build/debug/bin/kudu-tserver as pid 83319
I0227 17:25:14.107635 115671 external_mini_cluster.cc:933] Running /data/1/adar/apache-kudu-1.9.0/build/debug/bin/kudu-tserver /data/1/adar/apache-kudu-1.9.0/build/debug/bin/kudu-tserver --fs_wal_dir=/tmp/kudutest-4282/master_failover-itest.1.HmsConfigurations_MasterFailoverTest.TestKUDU1374_1.1551317010817988-115671/minicluster-data/ts-1/wal --fs_data_dirs=/tmp/kudutest-4282/master_failover-itest.1.HmsConfigurations_MasterFailoverTest.TestKUDU1374_1.1551317010817988-115671/minicluster-data/ts-1/data --block_manager=log --rpc_bind_addresses=127.112.245.194:0 --local_ip_for_outbound_sockets=127.112.245.194 --webserver_interface=127.112.245.194 --webserver_port=0 --tserver_master_addrs=127.112.245.254:59500,127.112.245.253:56207,127.112.245.252:54641 --never_fsync --ipki_server_key_size=1024 --enable_minidumps=false --redact=none --metrics_log_interval_ms=1000 --logtostderr --logbuflevel=-1 --log_dir=/tmp/kudutest-4282/master_failover-itest.1.HmsConfigurations_MasterFailoverTest.TestKUDU1374_1.1551317010817988-115671/minicluster-data/ts-1/logs --server_dump_info_path=/tmp/kudutest-4282/master_failover-itest.1.HmsConfigurations_MasterFailoverTest.TestKUDU1374_1.1551317010817988-115671/minicluster-data/ts-1/data/info.pb --server_dump_info_format=pb --rpc_server_allow_ephemeral_ports --unlock_experimental_flags --unlock_unsafe_flags --heartbeat_rpc_timeout_ms=1000 --heartbeat_max_failures_before_backoff=1 --heartbeat_interval_ms=500 with env {}
I0227 17:25:14.119262 84000 heartbeater.cc:345] Connected to a master server at 127.112.245.253:56207
I0227 17:25:14.119292 83998 heartbeater.cc:345] Connected to a master server at 127.112.245.252:54641
I0227 17:25:14.119393 84000 heartbeater.cc:425] Registering TS with master...
I0227 17:25:14.119426 83998 heartbeater.cc:425] Registering TS with master...
I0227 17:25:14.119808 83998 heartbeater.cc:474] Master 127.112.245.252:54641 requested a full tablet report, sending...
I0227 17:25:14.119819 84000 heartbeater.cc:474] Master 127.112.245.253:56207 requested a full tablet report, sending...
I0227 17:25:14.120923 84001 heartbeater.cc:345] Connected to a master server at 127.112.245.254:59500
I0227 17:25:14.120967 84001 heartbeater.cc:425] Registering TS with master...
I0227 17:25:14.121117 84001 heartbeater.cc:474] Master 127.112.245.254:59500 requested a full tablet report, sending...
I0227 17:25:14.121522 82575 ts_manager.cc:98] Registered new tserver with Master: 88ecc5dd132749c8ac37c3e22f2f8205 (127.112.245.193:58465)
I0227 17:25:14.121752 83271 ts_manager.cc:98] Registered new tserver with Master: 88ecc5dd132749c8ac37c3e22f2f8205 (127.112.245.193:58465)
I0227 17:25:14.122445 82302 ts_manager.cc:98] Registered new tserver with Master: 88ecc5dd132749c8ac37c3e22f2f8205 (127.112.245.193:58465)
I0227 17:25:14.261001 83439 raft_consensus.cc:472] T 00000000000000000000000000000000 P 5f2313af35794c1ab241048f12ffc6a4 [term 0 FOLLOWER]: Starting pre-election (no leader contacted us within the election timeout)
I0227 17:25:14.261173 83439 raft_consensus.cc:494] T 00000000000000000000000000000000 P 5f2313af35794c1ab241048f12ffc6a4 [term 0 FOLLOWER]: Starting pre-election with config: opid_index: -1 OBSOLETE_local: false peers { permanent_uuid: "fb391df2cca34c75b7bbcdb28021f859" member_type: VOTER last_known_addr { host: "127.112.245.254" port: 59500 } } peers { permanent_uuid: "085345f98902407db9fdb0edaf1c1438" member_type: VOTER last_known_addr { host: "127.112.245.253" port: 56207 } } peers { permanent_uuid: "5f2313af35794c1ab241048f12ffc6a4" member_type: VOTER last_known_addr { host: "127.112.245.252" port: 54641 } }
I0227 17:25:14.262364 83439 leader_election.cc:292] T 00000000000000000000000000000000 P 5f2313af35794c1ab241048f12ffc6a4 [CANDIDATE]: Term 1 pre-election: Requested pre-vote from peers fb391df2cca34c75b7bbcdb28021f859 (127.112.245.254:59500), 085345f98902407db9fdb0edaf1c1438 (127.112.245.253:56207)
I0227 17:25:14.263157 82578 tablet_service.cc:1010] Received RequestConsensusVote() RPC: tablet_id: "00000000000000000000000000000000" candidate_uuid: "5f2313af35794c1ab241048f12ffc6a4" candidate_term: 1 candidate_status { last_received { term: 0 index: 0 } } ignore_live_leader: false dest_uuid: "085345f98902407db9fdb0edaf1c1438" is_pre_election: true
I0227 17:25:14.263386 82578 raft_consensus.cc:2346] T 00000000000000000000000000000000 P 085345f98902407db9fdb0edaf1c1438 [term 0 FOLLOWER]: Leader pre-election vote request: Granting yes vote for candidate 5f2313af35794c1ab241048f12ffc6a4 in term 0.
I0227 17:25:14.263432 82306 tablet_service.cc:1010] Received RequestConsensusVote() RPC: tablet_id: "00000000000000000000000000000000" candidate_uuid: "5f2313af35794c1ab241048f12ffc6a4" candidate_term: 1 candidate_status { last_received { term: 0 index: 0 } } ignore_live_leader: false dest_uuid: "fb391df2cca34c75b7bbcdb28021f859" is_pre_election: true
I0227 17:25:14.263625 82306 raft_consensus.cc:2346] T 00000000000000000000000000000000 P fb391df2cca34c75b7bbcdb28021f859 [term 0 FOLLOWER]: Leader pre-election vote request: Granting yes vote for candidate 5f2313af35794c1ab241048f12ffc6a4 in term 0.
I0227 17:25:14.263808 82956 leader_election.cc:306] T 00000000000000000000000000000000 P 5f2313af35794c1ab241048f12ffc6a4 [CANDIDATE]: Term 1 pre-election: Election decided. Result: candidate won. Election summary: received 2 responses out of 3 voters: 2 yes votes; 0 no votes. yes voters: 085345f98902407db9fdb0edaf1c1438, 5f2313af35794c1ab241048f12ffc6a4; no voters:
I0227 17:25:14.264515 83439 raft_consensus.cc:2640] T 00000000000000000000000000000000 P 5f2313af35794c1ab241048f12ffc6a4 [term 0 FOLLOWER]: Leader pre-election won for term 1
I0227 17:25:14.264565 83439 raft_consensus.cc:472] T 00000000000000000000000000000000 P 5f2313af35794c1ab241048f12ffc6a4 [term 0 FOLLOWER]: Starting leader election (no leader contacted us within the election timeout)
I0227 17:25:14.264595 83439 raft_consensus.cc:2886] T 00000000000000000000000000000000 P 5f2313af35794c1ab241048f12ffc6a4 [term 0 FOLLOWER]: Advancing to term 1
I0227 17:25:14.265792 83439 raft_consensus.cc:494] T 00000000000000000000000000000000 P 5f2313af35794c1ab241048f12ffc6a4 [term 1 FOLLOWER]: Starting leader election with config: opid_index: -1 OBSOLETE_local: false peers { permanent_uuid: "fb391df2cca34c75b7bbcdb28021f859" member_type: VOTER last_known_addr { host: "127.112.245.254" port: 59500 } } peers { permanent_uuid: "085345f98902407db9fdb0edaf1c1438" member_type: VOTER last_known_addr { host: "127.112.245.253" port: 56207 } } peers { permanent_uuid: "5f2313af35794c1ab241048f12ffc6a4" member_type: VOTER last_known_addr { host: "127.112.245.252" port: 54641 } }
I0227 17:25:14.266232 83439 leader_election.cc:292] T 00000000000000000000000000000000 P 5f2313af35794c1ab241048f12ffc6a4 [CANDIDATE]: Term 1 election: Requested vote from peers fb391df2cca34c75b7bbcdb28021f859 (127.112.245.254:59500), 085345f98902407db9fdb0edaf1c1438 (127.112.245.253:56207)
I0227 17:25:14.266499 82306 tablet_service.cc:1010] Received RequestConsensusVote() RPC: tablet_id: "00000000000000000000000000000000" candidate_uuid: "5f2313af35794c1ab241048f12ffc6a4" candidate_term: 1 candidate_status { last_received { term: 0 index: 0 } } ignore_live_leader: false dest_uuid: "fb391df2cca34c75b7bbcdb28021f859"
I0227 17:25:14.266571 82306 raft_consensus.cc:2886] T 00000000000000000000000000000000 P fb391df2cca34c75b7bbcdb28021f859 [term 0 FOLLOWER]: Advancing to term 1
I0227 17:25:14.266624 82578 tablet_service.cc:1010] Received RequestConsensusVote() RPC: tablet_id: "00000000000000000000000000000000" candidate_uuid: "5f2313af35794c1ab241048f12ffc6a4" candidate_term: 1 candidate_status { last_received { term: 0 index: 0 } } ignore_live_leader: false dest_uuid: "085345f98902407db9fdb0edaf1c1438"
I0227 17:25:14.266687 82578 raft_consensus.cc:2886] T 00000000000000000000000000000000 P 085345f98902407db9fdb0edaf1c1438 [term 0 FOLLOWER]: Advancing to term 1
I0227 17:25:14.267786 82306 raft_consensus.cc:2346] T 00000000000000000000000000000000 P fb391df2cca34c75b7bbcdb28021f859 [term 1 FOLLOWER]: Leader election vote request: Granting yes vote for candidate 5f2313af35794c1ab241048f12ffc6a4 in term 1.
I0227 17:25:14.267920 82578 raft_consensus.cc:2346] T 00000000000000000000000000000000 P 085345f98902407db9fdb0edaf1c1438 [term 1 FOLLOWER]: Leader election vote request: Granting yes vote for candidate 5f2313af35794c1ab241048f12ffc6a4 in term 1.
I0227 17:25:14.268080 82959 leader_election.cc:306] T 00000000000000000000000000000000 P 5f2313af35794c1ab241048f12ffc6a4 [CANDIDATE]: Term 1 election: Election decided. Result: candidate won. Election summary: received 2 responses out of 3 voters: 2 yes votes; 0 no votes. yes voters: 5f2313af35794c1ab241048f12ffc6a4, fb391df2cca34c75b7bbcdb28021f859; no voters:
I0227 17:25:14.268333 83439 raft_consensus.cc:2640] T 00000000000000000000000000000000 P 5f2313af35794c1ab241048f12ffc6a4 [term 1 FOLLOWER]: Leader election won for term 1
I0227 17:25:14.268517 83439 raft_consensus.cc:667] T 00000000000000000000000000000000 P 5f2313af35794c1ab241048f12ffc6a4 [term 1 LEADER]: Becoming Leader. State: Replica: 5f2313af35794c1ab241048f12ffc6a4, State: Running, Role: LEADER
I0227 17:25:14.268852 83439 consensus_queue.cc:206] T 00000000000000000000000000000000 P 5f2313af35794c1ab241048f12ffc6a4 [LEADER]: Queue going to LEADER mode. State: All replicated index: 0, Majority replicated index: 0, Committed index: 0, Last appended: 0.0, Last appended by leader: 0, Current term: 1, Majority size: 2, State: 0, Mode: LEADER, active raft config: opid_index: -1 OBSOLETE_local: false peers { permanent_uuid: "fb391df2cca34c75b7bbcdb28021f859" member_type: VOTER last_known_addr { host: "127.112.245.254" port: 59500 } } peers { permanent_uuid: "085345f98902407db9fdb0edaf1c1438" member_type: VOTER last_known_addr { host: "127.112.245.253" port: 56207 } } peers { permanent_uuid: "5f2313af35794c1ab241048f12ffc6a4" member_type: VOTER last_known_addr { host: "127.112.245.252" port: 54641 } }
I0227 17:25:14.270961 83439 sys_catalog.cc:337] T 00000000000000000000000000000000 P 5f2313af35794c1ab241048f12ffc6a4 [sys.catalog]: SysCatalogTable state changed. Reason: New leader 5f2313af35794c1ab241048f12ffc6a4. Latest consensus state: current_term: 1 leader_uuid: "5f2313af35794c1ab241048f12ffc6a4" committed_config { opid_index: -1 OBSOLETE_local: false peers { permanent_uuid: "fb391df2cca34c75b7bbcdb28021f859" member_type: VOTER last_known_addr { host: "127.112.245.254" port: 59500 } } peers { permanent_uuid: "085345f98902407db9fdb0edaf1c1438" member_type: VOTER last_known_addr { host: "127.112.245.253" port: 56207 } } peers { permanent_uuid: "5f2313af35794c1ab241048f12ffc6a4" member_type: VOTER last_known_addr { host: "127.112.245.252" port: 54641 } } }
I0227 17:25:14.271023 83439 sys_catalog.cc:340] T 00000000000000000000000000000000 P 5f2313af35794c1ab241048f12ffc6a4 [sys.catalog]: This master's current role is: LEADER
I0227 17:25:14.271306 84221 catalog_manager.cc:1046] Loading table and tablet metadata into memory...
I0227 17:25:14.272291 84221 catalog_manager.cc:1057] Initializing Kudu internal certificate authority... WARNING: Logging before InitGoogleLogging() is written to STDERR
W0227 17:25:14.293033 84010 flags.cc:406] Enabled unsafe flag: --rpc_server_allow_ephemeral_ports=true
W0227 17:25:14.293314 84010 flags.cc:406] Enabled unsafe flag: --never_fsync=true
W0227 17:25:14.294387 84010 flags.cc:406] Enabled experimental flag: --ipki_server_key_size=1024
W0227 17:25:14.294545 84010 flags.cc:406] Enabled experimental flag: --local_ip_for_outbound_sockets=127.112.245.194
I0227 17:25:14.296736 84010 tablet_server_main.cc:78] Tablet server non-default flags: --fs_data_dirs=/tmp/kudutest-4282/master_failover-itest.1.HmsConfigurations_MasterFailoverTest.TestKUDU1374_1.1551317010817988-115671/minicluster-data/ts-1/data --fs_wal_dir=/tmp/kudutest-4282/master_failover-itest.1.HmsConfigurations_MasterFailoverTest.TestKUDU1374_1.1551317010817988-115671/minicluster-data/ts-1/wal --ipki_server_key_size=1024 --rpc_bind_addresses=127.112.245.194:0 --rpc_server_allow_ephemeral_ports=true --metrics_log_interval_ms=1000 --server_dump_info_format=pb --server_dump_info_path=/tmp/kudutest-4282/master_failover-itest.1.HmsConfigurations_MasterFailoverTest.TestKUDU1374_1.1551317010817988-115671/minicluster-data/ts-1/data/info.pb --webserver_interface=127.112.245.194 --webserver_port=0 --heartbeat_interval_ms=500 --heartbeat_max_failures_before_backoff=1 --heartbeat_rpc_timeout_ms=1000 --tserver_master_addrs=127.112.245.254:59500,127.112.245.253:56207,127.112.245.252:54641 --never_fsync=true --heap_profile_path=/tmp/kudu-tserver.84010 --redact=none --unlock_experimental_flags=true --unlock_unsafe_flags=true --enable_minidumps=false --local_ip_for_outbound_sockets=127.112.245.194 --log_dir=/tmp/kudutest-4282/master_failover-itest.1.HmsConfigurations_MasterFailoverTest.TestKUDU1374_1.1551317010817988-115671/minicluster-data/ts-1/logs --logbuflevel=-1 --logtostderr=true Tablet server version: kudu 1.9.0 revision non-git-build build type DEBUG built by adar at 27 Feb 2019 17:20:38 PST on ve0518.halxg.cloudera.com
I0227 17:25:14.306900 84010 tablet_server_main.cc:85] Initializing tablet server...
I0227 17:25:14.309011 84010 system_ntp.cc:199] NTP initialized. Skew: 500ppm Current error: 208275us
I0227 17:25:14.309855 84010 fs_manager.cc:263] Metadata directory not provided
I0227 17:25:14.309955 84010 fs_manager.cc:269] Using write-ahead log directory (fs_wal_dir) as metadata directory
I0227 17:25:14.310307 84010 server_base.cc:432] Could not load existing FS layout: Not found: could not find a healthy instance file
I0227 17:25:14.310387 84010 server_base.cc:433] Attempting to create new FS layout instead
I0227 17:25:14.313279 84010 fs_manager.cc:602] Generated new instance metadata in path /tmp/kudutest-4282/master_failover-itest.1.HmsConfigurations_MasterFailoverTest.TestKUDU1374_1.1551317010817988-115671/minicluster-data/ts-1/data/instance: uuid: "3c2b9a85798d4983a0a96b9f73ec0ee3" format_stamp: "Formatted at 2019-02-28 01:25:14 on ve0518.halxg.cloudera.com"
I0227 17:25:14.313755 84010 fs_manager.cc:602] Generated new instance metadata in path /tmp/kudutest-4282/master_failover-itest.1.HmsConfigurations_MasterFailoverTest.TestKUDU1374_1.1551317010817988-115671/minicluster-data/ts-1/wal/instance: uuid: "3c2b9a85798d4983a0a96b9f73ec0ee3" format_stamp: "Formatted at 2019-02-28 01:25:14 on ve0518.halxg.cloudera.com"
I0227 17:25:14.328681 82306 raft_consensus.cc:1181] T 00000000000000000000000000000000 P fb391df2cca34c75b7bbcdb28021f859 [term 1 FOLLOWER]: Refusing update from remote peer 5f2313af35794c1ab241048f12ffc6a4: Log matching property violated. Preceding OpId in replica: term: 0 index: 0. Preceding OpId from leader: term: 1 index: 2. (index mismatch)
I0227 17:25:14.328685 82578 raft_consensus.cc:1181] T 00000000000000000000000000000000 P 085345f98902407db9fdb0edaf1c1438 [term 1 FOLLOWER]: Refusing update from remote peer 5f2313af35794c1ab241048f12ffc6a4: Log matching property violated. Preceding OpId in replica: term: 0 index: 0. Preceding OpId from leader: term: 1 index: 2. (index mismatch)
I0227 17:25:14.329424 83439 consensus_queue.cc:984] T 00000000000000000000000000000000 P 5f2313af35794c1ab241048f12ffc6a4 [LEADER]: Connected to new peer: Peer: permanent_uuid: "085345f98902407db9fdb0edaf1c1438" member_type: VOTER last_known_addr { host: "127.112.245.253" port: 56207 }, Status: LMP_MISMATCH, Last received: 0.0, Next index: 1, Last known committed idx: 0, Time since last communication: 0.000s
I0227 17:25:14.330042 83439 consensus_queue.cc:984] T 00000000000000000000000000000000 P 5f2313af35794c1ab241048f12ffc6a4 [LEADER]: Connected to new peer: Peer: permanent_uuid: "fb391df2cca34c75b7bbcdb28021f859" member_type: VOTER last_known_addr { host: "127.112.245.254" port: 59500 }, Status: LMP_MISMATCH, Last received: 0.0, Next index: 1, Last known committed idx: 0, Time since last communication: 0.000s
I0227 17:25:14.332505 84010 fs_manager.cc:503] Time spent creating directory manager: real 0.018s user 0.005s sys 0.003s
I0227 17:25:14.333588 83860 sys_catalog.cc:337] T 00000000000000000000000000000000 P 085345f98902407db9fdb0edaf1c1438 [sys.catalog]: SysCatalogTable state changed. Reason: New leader 5f2313af35794c1ab241048f12ffc6a4. Latest consensus state: current_term: 1 leader_uuid: "5f2313af35794c1ab241048f12ffc6a4" committed_config { opid_index: -1 OBSOLETE_local: false peers { permanent_uuid: "fb391df2cca34c75b7bbcdb28021f859" member_type: VOTER last_known_addr { host: "127.112.245.254" port: 59500 } } peers { permanent_uuid: "085345f98902407db9fdb0edaf1c1438" member_type: VOTER last_known_addr { host: "127.112.245.253" port: 56207 } } peers { permanent_uuid: "5f2313af35794c1ab241048f12ffc6a4" member_type: VOTER last_known_addr { host: "127.112.245.252" port: 54641 } } }
I0227 17:25:14.333631 83860 sys_catalog.cc:340] T 00000000000000000000000000000000 P 085345f98902407db9fdb0edaf1c1438 [sys.catalog]: This master's current role is: FOLLOWER
I0227 17:25:14.334082 83412 sys_catalog.cc:337] T 00000000000000000000000000000000 P fb391df2cca34c75b7bbcdb28021f859 [sys.catalog]: SysCatalogTable state changed. Reason: New leader 5f2313af35794c1ab241048f12ffc6a4. Latest consensus state: current_term: 1 leader_uuid: "5f2313af35794c1ab241048f12ffc6a4" committed_config { opid_index: -1 OBSOLETE_local: false peers { permanent_uuid: "fb391df2cca34c75b7bbcdb28021f859" member_type: VOTER last_known_addr { host: "127.112.245.254" port: 59500 } } peers { permanent_uuid: "085345f98902407db9fdb0edaf1c1438" member_type: VOTER last_known_addr { host: "127.112.245.253" port: 56207 } } peers { permanent_uuid: "5f2313af35794c1ab241048f12ffc6a4" member_type: VOTER last_known_addr { host: "127.112.245.252" port: 54641 } } }
I0227 17:25:14.334120 83412 sys_catalog.cc:340] T 00000000000000000000000000000000 P fb391df2cca34c75b7bbcdb28021f859 [sys.catalog]: This master's current role is: FOLLOWER
I0227 17:25:14.335629 84010 env_posix.cc:1676] Not raising this process' open files per process limit of 32768; it is already as high as it can go
I0227 17:25:14.336156 84010 file_cache.cc:466] Constructed file cache lbm with capacity 13107
I0227 17:25:14.338948 83439 sys_catalog.cc:337] T 00000000000000000000000000000000 P 5f2313af35794c1ab241048f12ffc6a4 [sys.catalog]: SysCatalogTable state changed. Reason: Peer health change. Latest consensus state: current_term: 1 leader_uuid: "5f2313af35794c1ab241048f12ffc6a4" committed_config { opid_index: -1 OBSOLETE_local: false peers { permanent_uuid: "fb391df2cca34c75b7bbcdb28021f859" member_type: VOTER last_known_addr { host: "127.112.245.254" port: 59500 } } peers { permanent_uuid: "085345f98902407db9fdb0edaf1c1438" member_type: VOTER last_known_addr { host: "127.112.245.253" port: 56207 } } peers { permanent_uuid: "5f2313af35794c1ab241048f12ffc6a4" member_type: VOTER last_known_addr { host: "127.112.245.252" port: 54641 } } }
I0227 17:25:14.338987 83439 sys_catalog.cc:340] T 00000000000000000000000000000000 P 5f2313af35794c1ab241048f12ffc6a4 [sys.catalog]: This master's current role is: LEADER
I0227 17:25:14.339190 84010 log_block_manager.cc:1950] Data dir /tmp/kudutest-4282/master_failover-itest.1.HmsConfigurations_MasterFailoverTest.TestKUDU1374_1.1551317010817988-115671/minicluster-data/ts-1/data/data is on an ext4 filesystem vulnerable to KUDU-1508 with block size 4096
I0227 17:25:14.342499 84217 sys_catalog.cc:337] T 00000000000000000000000000000000 P 5f2313af35794c1ab241048f12ffc6a4 [sys.catalog]: SysCatalogTable state changed. Reason: Peer health change. Latest consensus state: current_term: 1 leader_uuid: "5f2313af35794c1ab241048f12ffc6a4" committed_config { opid_index: -1 OBSOLETE_local: false peers { permanent_uuid: "fb391df2cca34c75b7bbcdb28021f859" member_type: VOTER last_known_addr { host: "127.112.245.254" port: 59500 } } peers { permanent_uuid: "085345f98902407db9fdb0edaf1c1438" member_type: VOTER last_known_addr { host: "127.112.245.253" port: 56207 } } peers { permanent_uuid: "5f2313af35794c1ab241048f12ffc6a4" member_type: VOTER last_known_addr { host: "127.112.245.252" port: 54641 } } }
I0227 17:25:14.342540 84217 sys_catalog.cc:340] T 00000000000000000000000000000000 P 5f2313af35794c1ab241048f12ffc6a4 [sys.catalog]: This master's current role is: LEADER
I0227 17:25:14.342599 83412 sys_catalog.cc:337] T 00000000000000000000000000000000 P fb391df2cca34c75b7bbcdb28021f859 [sys.catalog]: SysCatalogTable state changed. Reason: Replicated consensus-only round. Latest consensus state: current_term: 1 leader_uuid: "5f2313af35794c1ab241048f12ffc6a4" committed_config { opid_index: -1 OBSOLETE_local: false peers { permanent_uuid: "fb391df2cca34c75b7bbcdb28021f859" member_type: VOTER last_known_addr { host: "127.112.245.254" port: 59500 } } peers { permanent_uuid: "085345f98902407db9fdb0edaf1c1438" member_type: VOTER last_known_addr { host: "127.112.245.253" port: 56207 } } peers { permanent_uuid: "5f2313af35794c1ab241048f12ffc6a4" member_type: VOTER last_known_addr { host: "127.112.245.252" port: 54641 } } }
I0227 17:25:14.342638 83412 sys_catalog.cc:340] T 00000000000000000000000000000000 P fb391df2cca34c75b7bbcdb28021f859 [sys.catalog]: This master's current role is: FOLLOWER
I0227 17:25:14.344220 84252 mvcc.cc:203] Tried to move safe_time back from 6354194900283387904 to 6354194900047867904. Current Snapshot: MvccSnapshot[committed={T|T < 6354194900283387904}]
I0227 17:25:14.344414 84010 log_block_manager.cc:1960] Limiting containers on data directory /tmp/kudutest-4282/master_failover-itest.1.HmsConfigurations_MasterFailoverTest.TestKUDU1374_1.1551317010817988-115671/minicluster-data/ts-1/data/data to 2721 blocks
I0227 17:25:14.344440 83860 sys_catalog.cc:337] T 00000000000000000000000000000000 P 085345f98902407db9fdb0edaf1c1438 [sys.catalog]: SysCatalogTable state changed. Reason: Replicated consensus-only round. Latest consensus state: current_term: 1 leader_uuid: "5f2313af35794c1ab241048f12ffc6a4" committed_config { opid_index: -1 OBSOLETE_local: false peers { permanent_uuid: "fb391df2cca34c75b7bbcdb28021f859" member_type: VOTER last_known_addr { host: "127.112.245.254" port: 59500 } } peers { permanent_uuid: "085345f98902407db9fdb0edaf1c1438" member_type: VOTER last_known_addr { host: "127.112.245.253" port: 56207 } } peers { permanent_uuid: "5f2313af35794c1ab241048f12ffc6a4" member_type: VOTER last_known_addr { host: "127.112.245.252" port: 54641 } } }
I0227 17:25:14.344471 83860 sys_catalog.cc:340] T 00000000000000000000000000000000 P 085345f98902407db9fdb0edaf1c1438 [sys.catalog]: This master's current role is: FOLLOWER
I0227 17:25:14.346382 84010 fs_manager.cc:419] Time spent opening block manager: real 0.007s user 0.002s sys 0.000s
I0227 17:25:14.346566 84010 fs_manager.cc:436] Opened local filesystem: /tmp/kudutest-4282/master_failover-itest.1.HmsConfigurations_MasterFailoverTest.TestKUDU1374_1.1551317010817988-115671/minicluster-data/ts-1/data,/tmp/kudutest-4282/master_failover-itest.1.HmsConfigurations_MasterFailoverTest.TestKUDU1374_1.1551317010817988-115671/minicluster-data/ts-1/wal uuid: "3c2b9a85798d4983a0a96b9f73ec0ee3" format_stamp: "Formatted at 2019-02-28 01:25:14 on ve0518.halxg.cloudera.com"
I0227 17:25:14.346757 84010 fs_report.cc:352] FS layout report -------------------- wal directory: /tmp/kudutest-4282/master_failover-itest.1.HmsConfigurations_MasterFailoverTest.TestKUDU1374_1.1551317010817988-115671/minicluster-data/ts-1/wal metadata directory: /tmp/kudutest-4282/master_failover-itest.1.HmsConfigurations_MasterFailoverTest.TestKUDU1374_1.1551317010817988-115671/minicluster-data/ts-1/wal 1 data directories: /tmp/kudutest-4282/master_failover-itest.1.HmsConfigurations_MasterFailoverTest.TestKUDU1374_1.1551317010817988-115671/minicluster-data/ts-1/data/data Total live blocks: 0 Total live bytes: 0 Total live bytes (after alignment): 0 Total number of LBM containers: 0 (0 full) Did not check for missing blocks Did not check for orphaned blocks Total full LBM containers with extra space: 0 (0 repaired) Total full LBM container extra space in bytes: 0 (0 repaired) Total incomplete LBM containers: 0 (0 repaired) Total LBM partial records: 0 (0 repaired)
I0227 17:25:14.348886 84221 catalog_manager.cc:941] Generated new certificate authority record
I0227 17:25:14.350224 84221 catalog_manager.cc:1066] Loading token signing keys...
I0227 17:25:14.379431 84221 catalog_manager.cc:4095] T 00000000000000000000000000000000 P 5f2313af35794c1ab241048f12ffc6a4: Generated new TSK 0
I0227 17:25:14.380239 84221 catalog_manager.cc:1077] Loading latest processed Hive Metastore notification log event ID...
I0227 17:25:14.389955 84010 env_posix.cc:1671] Raising this process' running threads per effective uid limit from 32768 to 65536
I0227 17:25:14.396132 84010 ts_tablet_manager.cc:356] Loaded tablet metadata (0 live tablets)
I0227 17:25:14.396399 84010 tablet_server_main.cc:90] Starting tablet server...
I0227 17:25:14.436434 84010 rpc_server.cc:205] RPC server started. Bound to: 127.112.245.194:49996
I0227 17:25:14.436899 84010 webserver.cc:175] Starting webserver on 127.112.245.194:0
I0227 17:25:14.436969 84010 webserver.cc:186] Document root disabled
I0227 17:25:14.437683 84010 webserver.cc:313] Webserver started. Bound to: http://127.112.245.194:54750/
I0227 17:25:14.438323 84010 server_base.cc:607] Dumped server information to /tmp/kudutest-4282/master_failover-itest.1.HmsConfigurations_MasterFailoverTest.TestKUDU1374_1.1551317010817988-115671/minicluster-data/ts-1/data/info.pb
I0227 17:25:14.439144 84010 tablet_server_main.cc:93] Tablet server successfully started.
I0227 17:25:14.447026 115671 external_mini_cluster.cc:995] Started /data/1/adar/apache-kudu-1.9.0/build/debug/bin/kudu-tserver as pid 84010
I0227 17:25:14.447719 115671 external_mini_cluster.cc:933] Running /data/1/adar/apache-kudu-1.9.0/build/debug/bin/kudu-tserver /data/1/adar/apache-kudu-1.9.0/build/debug/bin/kudu-tserver --fs_wal_dir=/tmp/kudutest-4282/master_failover-itest.1.HmsConfigurations_MasterFailoverTest.TestKUDU1374_1.1551317010817988-115671/minicluster-data/ts-2/wal --fs_data_dirs=/tmp/kudutest-4282/master_failover-itest.1.HmsConfigurations_MasterFailoverTest.TestKUDU1374_1.1551317010817988-115671/minicluster-data/ts-2/data --block_manager=log --rpc_bind_addresses=127.112.245.195:0 --local_ip_for_outbound_sockets=127.112.245.195 --webserver_interface=127.112.245.195 --webserver_port=0 --tserver_master_addrs=127.112.245.254:59500,127.112.245.253:56207,127.112.245.252:54641 --never_fsync --ipki_server_key_size=1024 --enable_minidumps=false --redact=none --metrics_log_interval_ms=1000 --logtostderr --logbuflevel=-1 --log_dir=/tmp/kudutest-4282/master_failover-itest.1.HmsConfigurations_MasterFailoverTest.TestKUDU1374_1.1551317010817988-115671/minicluster-data/ts-2/logs --server_dump_info_path=/tmp/kudutest-4282/master_failover-itest.1.HmsConfigurations_MasterFailoverTest.TestKUDU1374_1.1551317010817988-115671/minicluster-data/ts-2/data/info.pb --server_dump_info_format=pb --rpc_server_allow_ephemeral_ports --unlock_experimental_flags --unlock_unsafe_flags --heartbeat_rpc_timeout_ms=1000 --heartbeat_max_failures_before_backoff=1 --heartbeat_interval_ms=500 with env {}
I0227 17:25:14.465567 84508 heartbeater.cc:345] Connected to a master server at 127.112.245.253:56207
I0227 17:25:14.465706 84508 heartbeater.cc:425] Registering TS with master...
I0227 17:25:14.466188 84508 heartbeater.cc:474] Master 127.112.245.253:56207 requested a full tablet report, sending...
I0227 17:25:14.466790 84509 heartbeater.cc:345] Connected to a master server at 127.112.245.254:59500
I0227 17:25:14.466930 84509 heartbeater.cc:425] Registering TS with master...
I0227 17:25:14.467178 84509 heartbeater.cc:474] Master 127.112.245.254:59500 requested a full tablet report, sending...
I0227 17:25:14.467356 82575 ts_manager.cc:98] Registered new tserver with Master: 3c2b9a85798d4983a0a96b9f73ec0ee3 (127.112.245.194:49996)
I0227 17:25:14.468165 82302 ts_manager.cc:98] Registered new tserver with Master: 3c2b9a85798d4983a0a96b9f73ec0ee3 (127.112.245.194:49996)
I0227 17:25:14.471171 84507 heartbeater.cc:345] Connected to a master server at 127.112.245.252:54641
I0227 17:25:14.471225 84507 heartbeater.cc:425] Registering TS with master...
I0227 17:25:14.471458 84507 heartbeater.cc:474] Master 127.112.245.252:54641 requested a full tablet report, sending...
I0227 17:25:14.474622 83271 ts_manager.cc:98] Registered new tserver with Master: 3c2b9a85798d4983a0a96b9f73ec0ee3 (127.112.245.194:49996)
I0227 17:25:14.476336 83271 master_service.cc:263] Signed X509 certificate for tserver {username='adar'} at 127.112.245.194:42193 WARNING: Logging before InitGoogleLogging() is written to STDERR
W0227 17:25:14.580513 84513 flags.cc:406] Enabled unsafe flag: --rpc_server_allow_ephemeral_ports=true
W0227 17:25:14.580865 84513 flags.cc:406] Enabled unsafe flag: --never_fsync=true
W0227 17:25:14.581964 84513 flags.cc:406] Enabled experimental flag: --ipki_server_key_size=1024
W0227 17:25:14.582141 84513 flags.cc:406] Enabled experimental flag: --local_ip_for_outbound_sockets=127.112.245.195
I0227 17:25:14.584707 84513 tablet_server_main.cc:78] Tablet server non-default flags: --fs_data_dirs=/tmp/kudutest-4282/master_failover-itest.1.HmsConfigurations_MasterFailoverTest.TestKUDU1374_1.1551317010817988-115671/minicluster-data/ts-2/data --fs_wal_dir=/tmp/kudutest-4282/master_failover-itest.1.HmsConfigurations_MasterFailoverTest.TestKUDU1374_1.1551317010817988-115671/minicluster-data/ts-2/wal --ipki_server_key_size=1024 --rpc_bind_addresses=127.112.245.195:0 --rpc_server_allow_ephemeral_ports=true --metrics_log_interval_ms=1000 --server_dump_info_format=pb --server_dump_info_path=/tmp/kudutest-4282/master_failover-itest.1.HmsConfigurations_MasterFailoverTest.TestKUDU1374_1.1551317010817988-115671/minicluster-data/ts-2/data/info.pb --webserver_interface=127.112.245.195 --webserver_port=0 --heartbeat_interval_ms=500 --heartbeat_max_failures_before_backoff=1 --heartbeat_rpc_timeout_ms=1000 --tserver_master_addrs=127.112.245.254:59500,127.112.245.253:56207,127.112.245.252:54641 --never_fsync=true --heap_profile_path=/tmp/kudu-tserver.84513 --redact=none --unlock_experimental_flags=true --unlock_unsafe_flags=true --enable_minidumps=false --local_ip_for_outbound_sockets=127.112.245.195 --log_dir=/tmp/kudutest-4282/master_failover-itest.1.HmsConfigurations_MasterFailoverTest.TestKUDU1374_1.1551317010817988-115671/minicluster-data/ts-2/logs --logbuflevel=-1 --logtostderr=true Tablet server version: kudu 1.9.0 revision non-git-build build type DEBUG built by adar at 27 Feb 2019 17:20:38 PST on ve0518.halxg.cloudera.com
I0227 17:25:14.595935 84513 tablet_server_main.cc:85] Initializing tablet server...
I0227 17:25:14.598536 84513 system_ntp.cc:199] NTP initialized. Skew: 500ppm Current error: 208275us
I0227 17:25:14.599447 84513 fs_manager.cc:263] Metadata directory not provided
I0227 17:25:14.599561 84513 fs_manager.cc:269] Using write-ahead log directory (fs_wal_dir) as metadata directory
I0227 17:25:14.599910 84513 server_base.cc:432] Could not load existing FS layout: Not found: could not find a healthy instance file
I0227 17:25:14.599984 84513 server_base.cc:433] Attempting to create new FS layout instead
I0227 17:25:14.602870 84513 fs_manager.cc:602] Generated new instance metadata in path /tmp/kudutest-4282/master_failover-itest.1.HmsConfigurations_MasterFailoverTest.TestKUDU1374_1.1551317010817988-115671/minicluster-data/ts-2/data/instance: uuid: "cbbfafdf0bc146c58b6459f414490a7a" format_stamp: "Formatted at 2019-02-28 01:25:14 on ve0518.halxg.cloudera.com"
I0227 17:25:14.603736 84513 fs_manager.cc:602] Generated new instance metadata in path /tmp/kudutest-4282/master_failover-itest.1.HmsConfigurations_MasterFailoverTest.TestKUDU1374_1.1551317010817988-115671/minicluster-data/ts-2/wal/instance: uuid: "cbbfafdf0bc146c58b6459f414490a7a" format_stamp: "Formatted at 2019-02-28 01:25:14 on ve0518.halxg.cloudera.com"
