I0227 17:25:41.226711 124217 raft_consensus.cc:2346] T 00000000000000000000000000000000 P 2e3d7e621b864672aaa91ea2d0bbd1b9 [term 1 FOLLOWER]: Leader election vote request: Granting yes vote for candidate 6cd5de61888340e681a3e5cd19fad418 in term 1.
I0227 17:25:41.227429 123721 leader_election.cc:306] T 00000000000000000000000000000000 P 6cd5de61888340e681a3e5cd19fad418 [CANDIDATE]: Term 1 election: Election decided. Result: candidate won. Election summary: received 2 responses out of 3 voters: 2 yes votes; 0 no votes. yes voters: 6cd5de61888340e681a3e5cd19fad418, c31e774156b64c02922906e3e2985c89; no voters:
I0227 17:25:41.227577 124294 raft_consensus.cc:2640] T 00000000000000000000000000000000 P 6cd5de61888340e681a3e5cd19fad418 [term 1 FOLLOWER]: Leader election won for term 1
I0227 17:25:41.227798 124294 raft_consensus.cc:667] T 00000000000000000000000000000000 P 6cd5de61888340e681a3e5cd19fad418 [term 1 LEADER]: Becoming Leader. State: Replica: 6cd5de61888340e681a3e5cd19fad418, State: Running, Role: LEADER
I0227 17:25:41.228230 124294 consensus_queue.cc:206] T 00000000000000000000000000000000 P 6cd5de61888340e681a3e5cd19fad418 [LEADER]: Queue going to LEADER mode. State: All replicated index: 0, Majority replicated index: 0, Committed index: 0, Last appended: 0.0, Last appended by leader: 0, Current term: 1, Majority size: 2, State: 0, Mode: LEADER, active raft config: opid_index: -1 OBSOLETE_local: false peers { permanent_uuid: "c31e774156b64c02922906e3e2985c89" member_type: VOTER last_known_addr { host: "127.112.245.254" port: 35995 } } peers { permanent_uuid: "6cd5de61888340e681a3e5cd19fad418" member_type: VOTER last_known_addr { host: "127.112.245.253" port: 50732 } } peers { permanent_uuid: "2e3d7e621b864672aaa91ea2d0bbd1b9" member_type: VOTER last_known_addr { host: "127.112.245.252" port: 58453 } }
I0227 17:25:41.237872 124636 sys_catalog.cc:337] T 00000000000000000000000000000000 P 6cd5de61888340e681a3e5cd19fad418 [sys.catalog]: SysCatalogTable state changed. Reason: New leader 6cd5de61888340e681a3e5cd19fad418. Latest consensus state: current_term: 1 leader_uuid: "6cd5de61888340e681a3e5cd19fad418" committed_config { opid_index: -1 OBSOLETE_local: false peers { permanent_uuid: "c31e774156b64c02922906e3e2985c89" member_type: VOTER last_known_addr { host: "127.112.245.254" port: 35995 } } peers { permanent_uuid: "6cd5de61888340e681a3e5cd19fad418" member_type: VOTER last_known_addr { host: "127.112.245.253" port: 50732 } } peers { permanent_uuid: "2e3d7e621b864672aaa91ea2d0bbd1b9" member_type: VOTER last_known_addr { host: "127.112.245.252" port: 58453 } } }
I0227 17:25:41.237908 124636 sys_catalog.cc:340] T 00000000000000000000000000000000 P 6cd5de61888340e681a3e5cd19fad418 [sys.catalog]: This master's current role is: LEADER
I0227 17:25:41.238251 124694 catalog_manager.cc:1046] Loading table and tablet metadata into memory...
I0227 17:25:41.240787 124694 catalog_manager.cc:1057] Initializing Kudu internal certificate authority...
I0227 17:25:41.245507 124249 tablet_server_main.cc:85] Initializing tablet server...
I0227 17:25:41.252063 124249 system_ntp.cc:199] NTP initialized. Skew: 500ppm Current error: 221775us
I0227 17:25:41.254709 124249 fs_manager.cc:263] Metadata directory not provided
I0227 17:25:41.254920 124249 fs_manager.cc:269] Using write-ahead log directory (fs_wal_dir) as metadata directory
I0227 17:25:41.255985 124249 server_base.cc:432] Could not load existing FS layout: Not found: could not find a healthy instance file
I0227 17:25:41.256193 124249 server_base.cc:433] Attempting to create new FS layout instead
I0227 17:25:41.265074 124249 fs_manager.cc:602] Generated new instance metadata in path /tmp/kudutest-4282/master_failover-itest.1.HmsConfigurations_MasterFailoverTest.TestMasterPermanentFailure_1.1551317010817988-115671/minicluster-data/ts-0/data/instance: uuid: "9f6459ebb80643b98e01844aa2fd6338" format_stamp: "Formatted at 2019-02-28 01:25:41 on ve0518.halxg.cloudera.com"
I0227 17:25:41.266623 124249 fs_manager.cc:602] Generated new instance metadata in path /tmp/kudutest-4282/master_failover-itest.1.HmsConfigurations_MasterFailoverTest.TestMasterPermanentFailure_1.1551317010817988-115671/minicluster-data/ts-0/wal/instance: uuid: "9f6459ebb80643b98e01844aa2fd6338" format_stamp: "Formatted at 2019-02-28 01:25:41 on ve0518.halxg.cloudera.com"
I0227 17:25:41.269245 123515 raft_consensus.cc:1181] T 00000000000000000000000000000000 P c31e774156b64c02922906e3e2985c89 [term 1 FOLLOWER]: Refusing update from remote peer 6cd5de61888340e681a3e5cd19fad418: Log matching property violated. Preceding OpId in replica: term: 0 index: 0. Preceding OpId from leader: term: 1 index: 2. (index mismatch)
I0227 17:25:41.269279 124217 raft_consensus.cc:1181] T 00000000000000000000000000000000 P 2e3d7e621b864672aaa91ea2d0bbd1b9 [term 1 FOLLOWER]: Refusing update from remote peer 6cd5de61888340e681a3e5cd19fad418: Log matching property violated. Preceding OpId in replica: term: 0 index: 0. Preceding OpId from leader: term: 1 index: 2. (index mismatch)
I0227 17:25:41.270125 124636 consensus_queue.cc:984] T 00000000000000000000000000000000 P 6cd5de61888340e681a3e5cd19fad418 [LEADER]: Connected to new peer: Peer: permanent_uuid: "c31e774156b64c02922906e3e2985c89" member_type: VOTER last_known_addr { host: "127.112.245.254" port: 35995 }, Status: LMP_MISMATCH, Last received: 0.0, Next index: 1, Last known committed idx: 0, Time since last communication: 0.000s
I0227 17:25:41.270416 124294 consensus_queue.cc:984] T 00000000000000000000000000000000 P 6cd5de61888340e681a3e5cd19fad418 [LEADER]: Connected to new peer: Peer: permanent_uuid: "2e3d7e621b864672aaa91ea2d0bbd1b9" member_type: VOTER last_known_addr { host: "127.112.245.252" port: 58453 }, Status: LMP_MISMATCH, Last received: 0.0, Next index: 1, Last known committed idx: 0, Time since last communication: 0.000s
I0227 17:25:41.274125 124326 sys_catalog.cc:337] T 00000000000000000000000000000000 P c31e774156b64c02922906e3e2985c89 [sys.catalog]: SysCatalogTable state changed. Reason: New leader 6cd5de61888340e681a3e5cd19fad418. Latest consensus state: current_term: 1 leader_uuid: "6cd5de61888340e681a3e5cd19fad418" committed_config { opid_index: -1 OBSOLETE_local: false peers { permanent_uuid: "c31e774156b64c02922906e3e2985c89" member_type: VOTER last_known_addr { host: "127.112.245.254" port: 35995 } } peers { permanent_uuid: "6cd5de61888340e681a3e5cd19fad418" member_type: VOTER last_known_addr { host: "127.112.245.253" port: 50732 } } peers { permanent_uuid: "2e3d7e621b864672aaa91ea2d0bbd1b9" member_type: VOTER last_known_addr { host: "127.112.245.252" port: 58453 } } }
I0227 17:25:41.274159 124326 sys_catalog.cc:340] T 00000000000000000000000000000000 P c31e774156b64c02922906e3e2985c89 [sys.catalog]: This master's current role is: FOLLOWER
I0227 17:25:41.276545 124297 sys_catalog.cc:337] T 00000000000000000000000000000000 P 2e3d7e621b864672aaa91ea2d0bbd1b9 [sys.catalog]: SysCatalogTable state changed. Reason: New leader 6cd5de61888340e681a3e5cd19fad418. Latest consensus state: current_term: 1 leader_uuid: "6cd5de61888340e681a3e5cd19fad418" committed_config { opid_index: -1 OBSOLETE_local: false peers { permanent_uuid: "c31e774156b64c02922906e3e2985c89" member_type: VOTER last_known_addr { host: "127.112.245.254" port: 35995 } } peers { permanent_uuid: "6cd5de61888340e681a3e5cd19fad418" member_type: VOTER last_known_addr { host: "127.112.245.253" port: 50732 } } peers { permanent_uuid: "2e3d7e621b864672aaa91ea2d0bbd1b9" member_type: VOTER last_known_addr { host: "127.112.245.252" port: 58453 } } }
I0227 17:25:41.276579 124297 sys_catalog.cc:340] T 00000000000000000000000000000000 P 2e3d7e621b864672aaa91ea2d0bbd1b9 [sys.catalog]: This master's current role is: FOLLOWER
I0227 17:25:41.279260 124294 sys_catalog.cc:337] T 00000000000000000000000000000000 P 6cd5de61888340e681a3e5cd19fad418 [sys.catalog]: SysCatalogTable state changed. Reason: Peer health change. Latest consensus state: current_term: 1 leader_uuid: "6cd5de61888340e681a3e5cd19fad418" committed_config { opid_index: -1 OBSOLETE_local: false peers { permanent_uuid: "c31e774156b64c02922906e3e2985c89" member_type: VOTER last_known_addr { host: "127.112.245.254" port: 35995 } } peers { permanent_uuid: "6cd5de61888340e681a3e5cd19fad418" member_type: VOTER last_known_addr { host: "127.112.245.253" port: 50732 } } peers { permanent_uuid: "2e3d7e621b864672aaa91ea2d0bbd1b9" member_type: VOTER last_known_addr { host: "127.112.245.252" port: 58453 } } }
I0227 17:25:41.279299 124294 sys_catalog.cc:340] T 00000000000000000000000000000000 P 6cd5de61888340e681a3e5cd19fad418 [sys.catalog]: This master's current role is: LEADER
I0227 17:25:41.279405 124714 mvcc.cc:203] Tried to move safe_time back from 6354195010630582272 to 6354195010473553920. Current Snapshot: MvccSnapshot[committed={T|T < 6354195010630582272}]
I0227 17:25:41.280982 124297 sys_catalog.cc:337] T 00000000000000000000000000000000 P 2e3d7e621b864672aaa91ea2d0bbd1b9 [sys.catalog]: SysCatalogTable state changed. Reason: Replicated consensus-only round. Latest consensus state: current_term: 1 leader_uuid: "6cd5de61888340e681a3e5cd19fad418" committed_config { opid_index: -1 OBSOLETE_local: false peers { permanent_uuid: "c31e774156b64c02922906e3e2985c89" member_type: VOTER last_known_addr { host: "127.112.245.254" port: 35995 } } peers { permanent_uuid: "6cd5de61888340e681a3e5cd19fad418" member_type: VOTER last_known_addr { host: "127.112.245.253" port: 50732 } } peers { permanent_uuid: "2e3d7e621b864672aaa91ea2d0bbd1b9" member_type: VOTER last_known_addr { host: "127.112.245.252" port: 58453 } } }
I0227 17:25:41.281018 124297 sys_catalog.cc:340] T 00000000000000000000000000000000 P 2e3d7e621b864672aaa91ea2d0bbd1b9 [sys.catalog]: This master's current role is: FOLLOWER
I0227 17:25:41.284732 124249 fs_manager.cc:503] Time spent creating directory manager: real 0.017s user 0.005s sys 0.003s
I0227 17:25:41.285346 124636 sys_catalog.cc:337] T 00000000000000000000000000000000 P 6cd5de61888340e681a3e5cd19fad418 [sys.catalog]: SysCatalogTable state changed. Reason: Peer health change. Latest consensus state: current_term: 1 leader_uuid: "6cd5de61888340e681a3e5cd19fad418" committed_config { opid_index: -1 OBSOLETE_local: false peers { permanent_uuid: "c31e774156b64c02922906e3e2985c89" member_type: VOTER last_known_addr { host: "127.112.245.254" port: 35995 } } peers { permanent_uuid: "6cd5de61888340e681a3e5cd19fad418" member_type: VOTER last_known_addr { host: "127.112.245.253" port: 50732 } } peers { permanent_uuid: "2e3d7e621b864672aaa91ea2d0bbd1b9" member_type: VOTER last_known_addr { host: "127.112.245.252" port: 58453 } } }
I0227 17:25:41.285380 124636 sys_catalog.cc:340] T 00000000000000000000000000000000 P 6cd5de61888340e681a3e5cd19fad418 [sys.catalog]: This master's current role is: LEADER
I0227 17:25:41.285580 124249 env_posix.cc:1676] Not raising this process' open files per process limit of 32768; it is already as high as it can go
I0227 17:25:41.286103 124249 file_cache.cc:466] Constructed file cache lbm with capacity 13107
I0227 17:25:41.286895 124326 sys_catalog.cc:337] T 00000000000000000000000000000000 P c31e774156b64c02922906e3e2985c89 [sys.catalog]: SysCatalogTable state changed. Reason: Replicated consensus-only round. Latest consensus state: current_term: 1 leader_uuid: "6cd5de61888340e681a3e5cd19fad418" committed_config { opid_index: -1 OBSOLETE_local: false peers { permanent_uuid: "c31e774156b64c02922906e3e2985c89" member_type: VOTER last_known_addr { host: "127.112.245.254" port: 35995 } } peers { permanent_uuid: "6cd5de61888340e681a3e5cd19fad418" member_type: VOTER last_known_addr { host: "127.112.245.253" port: 50732 } } peers { permanent_uuid: "2e3d7e621b864672aaa91ea2d0bbd1b9" member_type: VOTER last_known_addr { host: "127.112.245.252" port: 58453 } } }
I0227 17:25:41.286923 124326 sys_catalog.cc:340] T 00000000000000000000000000000000 P c31e774156b64c02922906e3e2985c89 [sys.catalog]: This master's current role is: FOLLOWER
I0227 17:25:41.287091 124694 catalog_manager.cc:941] Generated new certificate authority record
I0227 17:25:41.288938 124694 catalog_manager.cc:1066] Loading token signing keys...
I0227 17:25:41.289057 124249 log_block_manager.cc:1950] Data dir /tmp/kudutest-4282/master_failover-itest.1.HmsConfigurations_MasterFailoverTest.TestMasterPermanentFailure_1.1551317010817988-115671/minicluster-data/ts-0/data/data is on an ext4 filesystem vulnerable to KUDU-1508 with block size 4096
I0227 17:25:41.289142 124249 log_block_manager.cc:1960] Limiting containers on data directory /tmp/kudutest-4282/master_failover-itest.1.HmsConfigurations_MasterFailoverTest.TestMasterPermanentFailure_1.1551317010817988-115671/minicluster-data/ts-0/data/data to 2721 blocks
I0227 17:25:41.291647 124249 fs_manager.cc:419] Time spent opening block manager: real 0.003s user 0.000s sys 0.001s
I0227 17:25:41.291776 124249 fs_manager.cc:436] Opened local filesystem: /tmp/kudutest-4282/master_failover-itest.1.HmsConfigurations_MasterFailoverTest.TestMasterPermanentFailure_1.1551317010817988-115671/minicluster-data/ts-0/data,/tmp/kudutest-4282/master_failover-itest.1.HmsConfigurations_MasterFailoverTest.TestMasterPermanentFailure_1.1551317010817988-115671/minicluster-data/ts-0/wal uuid: "9f6459ebb80643b98e01844aa2fd6338" format_stamp: "Formatted at 2019-02-28 01:25:41 on ve0518.halxg.cloudera.com"
I0227 17:25:41.291900 124249 fs_report.cc:352] FS layout report -------------------- wal directory: /tmp/kudutest-4282/master_failover-itest.1.HmsConfigurations_MasterFailoverTest.TestMasterPermanentFailure_1.1551317010817988-115671/minicluster-data/ts-0/wal metadata directory: /tmp/kudutest-4282/master_failover-itest.1.HmsConfigurations_MasterFailoverTest.TestMasterPermanentFailure_1.1551317010817988-115671/minicluster-data/ts-0/wal 1 data directories: /tmp/kudutest-4282/master_failover-itest.1.HmsConfigurations_MasterFailoverTest.TestMasterPermanentFailure_1.1551317010817988-115671/minicluster-data/ts-0/data/data Total live blocks: 0 Total live bytes: 0 Total live bytes (after alignment): 0 Total number of LBM containers: 0 (0 full) Did not check for missing blocks Did not check for orphaned blocks Total full LBM containers with extra space: 0 (0 repaired) Total full LBM container extra space in bytes: 0 (0 repaired) Total incomplete LBM containers: 0 (0 repaired) Total LBM partial records: 0 (0 repaired)
I0227 17:25:41.312129 124694 catalog_manager.cc:4095] T 00000000000000000000000000000000 P 6cd5de61888340e681a3e5cd19fad418: Generated new TSK 0
I0227 17:25:41.312705 124694 catalog_manager.cc:1077] Loading latest processed Hive Metastore notification log event ID...
I0227 17:25:41.322196 124249 env_posix.cc:1671] Raising this process' running threads per effective uid limit from 32768 to 65536
I0227 17:25:41.323714 124249 ts_tablet_manager.cc:356] Loaded tablet metadata (0 live tablets)
I0227 17:25:41.323855 124249 tablet_server_main.cc:90] Starting tablet server...
I0227 17:25:41.341648 124249 rpc_server.cc:205] RPC server started. Bound to: 127.112.245.193:55806
I0227 17:25:41.342032 124249 webserver.cc:175] Starting webserver on 127.112.245.193:0
I0227 17:25:41.342046 124249 webserver.cc:186] Document root disabled
I0227 17:25:41.342674 124249 webserver.cc:313] Webserver started. Bound to: http://127.112.245.193:47497/
I0227 17:25:41.343227 124249 server_base.cc:607] Dumped server information to /tmp/kudutest-4282/master_failover-itest.1.HmsConfigurations_MasterFailoverTest.TestMasterPermanentFailure_1.1551317010817988-115671/minicluster-data/ts-0/data/info.pb
I0227 17:25:41.344616 124249 tablet_server_main.cc:93] Tablet server successfully started.
I0227 17:25:41.345415 115671 external_mini_cluster.cc:995] Started /data/1/adar/apache-kudu-1.9.0/build/debug/bin/kudu-tserver as pid 124249
I0227 17:25:41.346058 115671 external_mini_cluster.cc:933] Running /data/1/adar/apache-kudu-1.9.0/build/debug/bin/kudu-tserver /data/1/adar/apache-kudu-1.9.0/build/debug/bin/kudu-tserver --fs_wal_dir=/tmp/kudutest-4282/master_failover-itest.1.HmsConfigurations_MasterFailoverTest.TestMasterPermanentFailure_1.1551317010817988-115671/minicluster-data/ts-1/wal --fs_data_dirs=/tmp/kudutest-4282/master_failover-itest.1.HmsConfigurations_MasterFailoverTest.TestMasterPermanentFailure_1.1551317010817988-115671/minicluster-data/ts-1/data --block_manager=log --rpc_bind_addresses=127.112.245.194:0 --local_ip_for_outbound_sockets=127.112.245.194 --webserver_interface=127.112.245.194 --webserver_port=0 --tserver_master_addrs=127.112.245.254:35995,127.112.245.253:50732,127.112.245.252:58453 --never_fsync --ipki_server_key_size=1024 --enable_minidumps=false --redact=none --metrics_log_interval_ms=1000 --logtostderr --logbuflevel=-1 --log_dir=/tmp/kudutest-4282/master_failover-itest.1.HmsConfigurations_MasterFailoverTest.TestMasterPermanentFailure_1.1551317010817988-115671/minicluster-data/ts-1/logs --server_dump_info_path=/tmp/kudutest-4282/master_failover-itest.1.HmsConfigurations_MasterFailoverTest.TestMasterPermanentFailure_1.1551317010817988-115671/minicluster-data/ts-1/data/info.pb --server_dump_info_format=pb --rpc_server_allow_ephemeral_ports --unlock_experimental_flags --unlock_unsafe_flags --heartbeat_rpc_timeout_ms=1000 --heartbeat_max_failures_before_backoff=1 --heartbeat_interval_ms=500 with env {}
I0227 17:25:41.378249 124856 heartbeater.cc:345] Connected to a master server at 127.112.245.253:50732
I0227 17:25:41.378406 124856 heartbeater.cc:425] Registering TS with master...
I0227 17:25:41.378881 124856 heartbeater.cc:474] Master 127.112.245.253:50732 requested a full tablet report, sending...
I0227 17:25:41.380219 123865 ts_manager.cc:98] Registered new tserver with Master: 9f6459ebb80643b98e01844aa2fd6338 (127.112.245.193:55806)
I0227 17:25:41.381788 124857 heartbeater.cc:345] Connected to a master server at 127.112.245.254:35995
I0227 17:25:41.381840 124857 heartbeater.cc:425] Registering TS with master...
I0227 17:25:41.381986 123865 master_service.cc:263] Signed X509 certificate for tserver {username='adar'} at 127.112.245.193:50522
I0227 17:25:41.381994 124857 heartbeater.cc:474] Master 127.112.245.254:35995 requested a full tablet report, sending...
I0227 17:25:41.385262 124855 heartbeater.cc:345] Connected to a master server at 127.112.245.252:58453
I0227 17:25:41.385313 124855 heartbeater.cc:425] Registering TS with master...
I0227 17:25:41.385460 124855 heartbeater.cc:474] Master 127.112.245.252:58453 requested a full tablet report, sending...
I0227 17:25:41.386396 124199 ts_manager.cc:98] Registered new tserver with Master: 9f6459ebb80643b98e01844aa2fd6338 (127.112.245.193:55806)
I0227 17:25:41.389016 123501 ts_manager.cc:98] Registered new tserver with Master: 9f6459ebb80643b98e01844aa2fd6338 (127.112.245.193:55806) WARNING: Logging before InitGoogleLogging() is written to STDERR
W0227 17:25:41.447412 124859 flags.cc:406] Enabled unsafe flag: --rpc_server_allow_ephemeral_ports=true
W0227 17:25:41.447705 124859 flags.cc:406] Enabled unsafe flag: --never_fsync=true
W0227 17:25:41.448822 124859 flags.cc:406] Enabled experimental flag: --ipki_server_key_size=1024
W0227 17:25:41.448946 124859 flags.cc:406] Enabled experimental flag: --local_ip_for_outbound_sockets=127.112.245.194
I0227 17:25:41.451195 124859 tablet_server_main.cc:78] Tablet server non-default flags: --fs_data_dirs=/tmp/kudutest-4282/master_failover-itest.1.HmsConfigurations_MasterFailoverTest.TestMasterPermanentFailure_1.1551317010817988-115671/minicluster-data/ts-1/data --fs_wal_dir=/tmp/kudutest-4282/master_failover-itest.1.HmsConfigurations_MasterFailoverTest.TestMasterPermanentFailure_1.1551317010817988-115671/minicluster-data/ts-1/wal --ipki_server_key_size=1024 --rpc_bind_addresses=127.112.245.194:0 --rpc_server_allow_ephemeral_ports=true --metrics_log_interval_ms=1000 --server_dump_info_format=pb --server_dump_info_path=/tmp/kudutest-4282/master_failover-itest.1.HmsConfigurations_MasterFailoverTest.TestMasterPermanentFailure_1.1551317010817988-115671/minicluster-data/ts-1/data/info.pb --webserver_interface=127.112.245.194 --webserver_port=0 --heartbeat_interval_ms=500 --heartbeat_max_failures_before_backoff=1 --heartbeat_rpc_timeout_ms=1000 --tserver_master_addrs=127.112.245.254:35995,127.112.245.253:50732,127.112.245.252:58453 --never_fsync=true --heap_profile_path=/tmp/kudu-tserver.124859 --redact=none --unlock_experimental_flags=true --unlock_unsafe_flags=true --enable_minidumps=false --local_ip_for_outbound_sockets=127.112.245.194 --log_dir=/tmp/kudutest-4282/master_failover-itest.1.HmsConfigurations_MasterFailoverTest.TestMasterPermanentFailure_1.1551317010817988-115671/minicluster-data/ts-1/logs --logbuflevel=-1 --logtostderr=true Tablet server version: kudu 1.9.0 revision non-git-build build type DEBUG built by adar at 27 Feb 2019 17:20:38 PST on ve0518.halxg.cloudera.com
I0227 17:25:41.461108 124859 tablet_server_main.cc:85] Initializing tablet server...
I0227 17:25:41.465657 124859 system_ntp.cc:199] NTP initialized. Skew: 500ppm Current error: 221775us
I0227 17:25:41.467294 124859 fs_manager.cc:263] Metadata directory not provided
I0227 17:25:41.467416 124859 fs_manager.cc:269] Using write-ahead log directory (fs_wal_dir) as metadata directory
I0227 17:25:41.468371 124859 server_base.cc:432] Could not load existing FS layout: Not found: could not find a healthy instance file
I0227 17:25:41.468468 124859 server_base.cc:433] Attempting to create new FS layout instead
I0227 17:25:41.471936 124859 fs_manager.cc:602] Generated new instance metadata in path /tmp/kudutest-4282/master_failover-itest.1.HmsConfigurations_MasterFailoverTest.TestMasterPermanentFailure_1.1551317010817988-115671/minicluster-data/ts-1/data/instance: uuid: "39144add463f4fe89dc1ea42c778d8cf" format_stamp: "Formatted at 2019-02-28 01:25:41 on ve0518.halxg.cloudera.com"
I0227 17:25:41.472450 124859 fs_manager.cc:602] Generated new instance metadata in path /tmp/kudutest-4282/master_failover-itest.1.HmsConfigurations_MasterFailoverTest.TestMasterPermanentFailure_1.1551317010817988-115671/minicluster-data/ts-1/wal/instance: uuid: "39144add463f4fe89dc1ea42c778d8cf" format_stamp: "Formatted at 2019-02-28 01:25:41 on ve0518.halxg.cloudera.com"
I0227 17:25:41.492970 124859 fs_manager.cc:503] Time spent creating directory manager: real 0.020s user 0.004s sys 0.003s
I0227 17:25:41.493839 124859 env_posix.cc:1676] Not raising this process' open files per process limit of 32768; it is already as high as it can go
I0227 17:25:41.494343 124859 file_cache.cc:466] Constructed file cache lbm with capacity 13107
I0227 17:25:41.497557 124859 log_block_manager.cc:1950] Data dir /tmp/kudutest-4282/master_failover-itest.1.HmsConfigurations_MasterFailoverTest.TestMasterPermanentFailure_1.1551317010817988-115671/minicluster-data/ts-1/data/data is on an ext4 filesystem vulnerable to KUDU-1508 with block size 4096
I0227 17:25:41.497694 124859 log_block_manager.cc:1960] Limiting containers on data directory /tmp/kudutest-4282/master_failover-itest.1.HmsConfigurations_MasterFailoverTest.TestMasterPermanentFailure_1.1551317010817988-115671/minicluster-data/ts-1/data/data to 2721 blocks
I0227 17:25:41.500082 124859 fs_manager.cc:419] Time spent opening block manager: real 0.003s user 0.001s sys 0.000s
I0227 17:25:41.500195 124859 fs_manager.cc:436] Opened local filesystem: /tmp/kudutest-4282/master_failover-itest.1.HmsConfigurations_MasterFailoverTest.TestMasterPermanentFailure_1.1551317010817988-115671/minicluster-data/ts-1/data,/tmp/kudutest-4282/master_failover-itest.1.HmsConfigurations_MasterFailoverTest.TestMasterPermanentFailure_1.1551317010817988-115671/minicluster-data/ts-1/wal uuid: "39144add463f4fe89dc1ea42c778d8cf" format_stamp: "Formatted at 2019-02-28 01:25:41 on ve0518.halxg.cloudera.com"
I0227 17:25:41.500306 124859 fs_report.cc:352] FS layout report -------------------- wal directory: /tmp/kudutest-4282/master_failover-itest.1.HmsConfigurations_MasterFailoverTest.TestMasterPermanentFailure_1.1551317010817988-115671/minicluster-data/ts-1/wal metadata directory: /tmp/kudutest-4282/master_failover-itest.1.HmsConfigurations_MasterFailoverTest.TestMasterPermanentFailure_1.1551317010817988-115671/minicluster-data/ts-1/wal 1 data directories: /tmp/kudutest-4282/master_failover-itest.1.HmsConfigurations_MasterFailoverTest.TestMasterPermanentFailure_1.1551317010817988-115671/minicluster-data/ts-1/data/data Total live blocks: 0 Total live bytes: 0 Total live bytes (after alignment): 0 Total number of LBM containers: 0 (0 full) Did not check for missing blocks Did not check for orphaned blocks Total full LBM containers with extra space: 0 (0 repaired) Total full LBM container extra space in bytes: 0 (0 repaired) Total incomplete LBM containers: 0 (0 repaired) Total LBM partial records: 0 (0 repaired)
I0227 17:25:41.569478 124859 env_posix.cc:1671] Raising this process' running threads per effective uid limit from 32768 to 65536
I0227 17:25:41.571087 124859 ts_tablet_manager.cc:356] Loaded tablet metadata (0 live tablets)
I0227 17:25:41.571305 124859 tablet_server_main.cc:90] Starting tablet server...
I0227 17:25:41.588323 124859 rpc_server.cc:205] RPC server started. Bound to: 127.112.245.194:55958
I0227 17:25:41.588732 124859 webserver.cc:175] Starting webserver on 127.112.245.194:0
I0227 17:25:41.588762 124859 webserver.cc:186] Document root disabled
I0227 17:25:41.589537 124859 webserver.cc:313] Webserver started. Bound to: http://127.112.245.194:50850/
I0227 17:25:41.590121 124859 server_base.cc:607] Dumped server information to /tmp/kudutest-4282/master_failover-itest.1.HmsConfigurations_MasterFailoverTest.TestMasterPermanentFailure_1.1551317010817988-115671/minicluster-data/ts-1/data/info.pb
I0227 17:25:41.591266 124859 tablet_server_main.cc:93] Tablet server successfully started.
I0227 17:25:41.599229 115671 external_mini_cluster.cc:995] Started /data/1/adar/apache-kudu-1.9.0/build/debug/bin/kudu-tserver as pid 124859
I0227 17:25:41.599897 115671 external_mini_cluster.cc:933] Running /data/1/adar/apache-kudu-1.9.0/build/debug/bin/kudu-tserver /data/1/adar/apache-kudu-1.9.0/build/debug/bin/kudu-tserver --fs_wal_dir=/tmp/kudutest-4282/master_failover-itest.1.HmsConfigurations_MasterFailoverTest.TestMasterPermanentFailure_1.1551317010817988-115671/minicluster-data/ts-2/wal --fs_data_dirs=/tmp/kudutest-4282/master_failover-itest.1.HmsConfigurations_MasterFailoverTest.TestMasterPermanentFailure_1.1551317010817988-115671/minicluster-data/ts-2/data --block_manager=log --rpc_bind_addresses=127.112.245.195:0 --local_ip_for_outbound_sockets=127.112.245.195 --webserver_interface=127.112.245.195 --webserver_port=0 --tserver_master_addrs=127.112.245.254:35995,127.112.245.253:50732,127.112.245.252:58453 --never_fsync --ipki_server_key_size=1024 --enable_minidumps=false --redact=none --metrics_log_interval_ms=1000 --logtostderr --logbuflevel=-1 --log_dir=/tmp/kudutest-4282/master_failover-itest.1.HmsConfigurations_MasterFailoverTest.TestMasterPermanentFailure_1.1551317010817988-115671/minicluster-data/ts-2/logs --server_dump_info_path=/tmp/kudutest-4282/master_failover-itest.1.HmsConfigurations_MasterFailoverTest.TestMasterPermanentFailure_1.1551317010817988-115671/minicluster-data/ts-2/data/info.pb --server_dump_info_format=pb --rpc_server_allow_ephemeral_ports --unlock_experimental_flags --unlock_unsafe_flags --heartbeat_rpc_timeout_ms=1000 --heartbeat_max_failures_before_backoff=1 --heartbeat_interval_ms=500 with env {}
I0227 17:25:41.623970 125068 heartbeater.cc:345] Connected to a master server at 127.112.245.252:58453
I0227 17:25:41.624116 125068 heartbeater.cc:425] Registering TS with master...
I0227 17:25:41.624392 125069 heartbeater.cc:345] Connected to a master server at 127.112.245.253:50732
I0227 17:25:41.624440 125069 heartbeater.cc:425] Registering TS with master...
I0227 17:25:41.624584 125069 heartbeater.cc:474] Master 127.112.245.253:50732 requested a full tablet report, sending...
I0227 17:25:41.624581 125068 heartbeater.cc:474] Master 127.112.245.252:58453 requested a full tablet report, sending...
I0227 17:25:41.625288 125070 heartbeater.cc:345] Connected to a master server at 127.112.245.254:35995
I0227 17:25:41.625334 125070 heartbeater.cc:425] Registering TS with master...
I0227 17:25:41.625445 125070 heartbeater.cc:474] Master 127.112.245.254:35995 requested a full tablet report, sending...
I0227 17:25:41.625587 124199 ts_manager.cc:98] Registered new tserver with Master: 39144add463f4fe89dc1ea42c778d8cf (127.112.245.194:55958)
I0227 17:25:41.625830 123865 ts_manager.cc:98] Registered new tserver with Master: 39144add463f4fe89dc1ea42c778d8cf (127.112.245.194:55958)
I0227 17:25:41.626458 123501 ts_manager.cc:98] Registered new tserver with Master: 39144add463f4fe89dc1ea42c778d8cf (127.112.245.194:55958)
I0227 17:25:41.626849 123865 master_service.cc:263] Signed X509 certificate for tserver {username='adar'} at 127.112.245.194:49670 WARNING: Logging before InitGoogleLogging() is written to STDERR
W0227 17:25:41.728651 125074 flags.cc:406] Enabled unsafe flag: --rpc_server_allow_ephemeral_ports=true
W0227 17:25:41.728919 125074 flags.cc:406] Enabled unsafe flag: --never_fsync=true
W0227 17:25:41.729964 125074 flags.cc:406] Enabled experimental flag: --ipki_server_key_size=1024
W0227 17:25:41.730134 125074 flags.cc:406] Enabled experimental flag: --local_ip_for_outbound_sockets=127.112.245.195
I0227 17:25:41.735008 125074 tablet_server_main.cc:78] Tablet server non-default flags: --fs_data_dirs=/tmp/kudutest-4282/master_failover-itest.1.HmsConfigurations_MasterFailoverTest.TestMasterPermanentFailure_1.1551317010817988-115671/minicluster-data/ts-2/data --fs_wal_dir=/tmp/kudutest-4282/master_failover-itest.1.HmsConfigurations_MasterFailoverTest.TestMasterPermanentFailure_1.1551317010817988-115671/minicluster-data/ts-2/wal --ipki_server_key_size=1024 --rpc_bind_addresses=127.112.245.195:0 --rpc_server_allow_ephemeral_ports=true --metrics_log_interval_ms=1000 --server_dump_info_format=pb --server_dump_info_path=/tmp/kudutest-4282/master_failover-itest.1.HmsConfigurations_MasterFailoverTest.TestMasterPermanentFailure_1.1551317010817988-115671/minicluster-data/ts-2/data/info.pb --webserver_interface=127.112.245.195 --webserver_port=0 --heartbeat_interval_ms=500 --heartbeat_max_failures_before_backoff=1 --heartbeat_rpc_timeout_ms=1000 --tserver_master_addrs=127.112.245.254:35995,127.112.245.253:50732,127.112.245.252:58453 --never_fsync=true --heap_profile_path=/tmp/kudu-tserver.125074 --redact=none --unlock_experimental_flags=true --unlock_unsafe_flags=true --enable_minidumps=false --local_ip_for_outbound_sockets=127.112.245.195 --log_dir=/tmp/kudutest-4282/master_failover-itest.1.HmsConfigurations_MasterFailoverTest.TestMasterPermanentFailure_1.1551317010817988-115671/minicluster-data/ts-2/logs --logbuflevel=-1 --logtostderr=true Tablet server version: kudu 1.9.0 revision non-git-build build type DEBUG built by adar at 27 Feb 2019 17:20:38 PST on ve0518.halxg.cloudera.com
I0227 17:25:41.745518 125074 tablet_server_main.cc:85] Initializing tablet server...
I0227 17:25:41.747645 125074 system_ntp.cc:199] NTP initialized. Skew: 500ppm Current error: 221775us
I0227 17:25:41.748493 125074 fs_manager.cc:263] Metadata directory not provided
I0227 17:25:41.748600 125074 fs_manager.cc:269] Using write-ahead log directory (fs_wal_dir) as metadata directory
I0227 17:25:41.748936 125074 server_base.cc:432] Could not load existing FS layout: Not found: could not find a healthy instance file
I0227 17:25:41.749012 125074 server_base.cc:433] Attempting to create new FS layout instead
I0227 17:25:41.751834 125074 fs_manager.cc:602] Generated new instance metadata in path /tmp/kudutest-4282/master_failover-itest.1.HmsConfigurations_MasterFailoverTest.TestMasterPermanentFailure_1.1551317010817988-115671/minicluster-data/ts-2/data/instance: uuid: "9a4f55686db84876a066f455f6a41180" format_stamp: "Formatted at 2019-02-28 01:25:41 on ve0518.halxg.cloudera.com"
I0227 17:25:41.752329 125074 fs_manager.cc:602] Generated new instance metadata in path /tmp/kudutest-4282/master_failover-itest.1.HmsConfigurations_MasterFailoverTest.TestMasterPermanentFailure_1.1551317010817988-115671/minicluster-data/ts-2/wal/instance: uuid: "9a4f55686db84876a066f455f6a41180" format_stamp: "Formatted at 2019-02-28 01:25:41 on ve0518.halxg.cloudera.com"
I0227 17:25:41.782002 125074 fs_manager.cc:503] Time spent creating directory manager: real 0.029s user 0.004s sys 0.003s
I0227 17:25:41.785418 125074 env_posix.cc:1676] Not raising this process' open files per process limit of 32768; it is already as high as it can go
I0227 17:25:41.787930 125074 file_cache.cc:466] Constructed file cache lbm with capacity 13107
I0227 17:25:41.791909 125074 log_block_manager.cc:1950] Data dir /tmp/kudutest-4282/master_failover-itest.1.HmsConfigurations_MasterFailoverTest.TestMasterPermanentFailure_1.1551317010817988-115671/minicluster-data/ts-2/data/data is on an ext4 filesystem vulnerable to KUDU-1508 with block size 4096
I0227 17:25:41.797888 125074 log_block_manager.cc:1960] Limiting containers on data directory /tmp/kudutest-4282/master_failover-itest.1.HmsConfigurations_MasterFailoverTest.TestMasterPermanentFailure_1.1551317010817988-115671/minicluster-data/ts-2/data/data to 2721 blocks
I0227 17:25:41.800094 125074 fs_manager.cc:419] Time spent opening block manager: real 0.008s user 0.001s sys 0.001s
I0227 17:25:41.800330 125074 fs_manager.cc:436] Opened local filesystem: /tmp/kudutest-4282/master_failover-itest.1.HmsConfigurations_MasterFailoverTest.TestMasterPermanentFailure_1.1551317010817988-115671/minicluster-data/ts-2/data,/tmp/kudutest-4282/master_failover-itest.1.HmsConfigurations_MasterFailoverTest.TestMasterPermanentFailure_1.1551317010817988-115671/minicluster-data/ts-2/wal uuid: "9a4f55686db84876a066f455f6a41180" format_stamp: "Formatted at 2019-02-28 01:25:41 on ve0518.halxg.cloudera.com"
I0227 17:25:41.800523 125074 fs_report.cc:352] FS layout report -------------------- wal directory: /tmp/kudutest-4282/master_failover-itest.1.HmsConfigurations_MasterFailoverTest.TestMasterPermanentFailure_1.1551317010817988-115671/minicluster-data/ts-2/wal metadata directory: /tmp/kudutest-4282/master_failover-itest.1.HmsConfigurations_MasterFailoverTest.TestMasterPermanentFailure_1.1551317010817988-115671/minicluster-data/ts-2/wal 1 data directories: /tmp/kudutest-4282/master_failover-itest.1.HmsConfigurations_MasterFailoverTest.TestMasterPermanentFailure_1.1551317010817988-115671/minicluster-data/ts-2/data/data Total live blocks: 0 Total live bytes: 0 Total live bytes (after alignment): 0 Total number of LBM containers: 0 (0 full) Did not check for missing blocks Did not check for orphaned blocks Total full LBM containers with extra space: 0 (0 repaired) Total full LBM container extra space in bytes: 0 (0 repaired) Total incomplete LBM containers: 0 (0 repaired) Total LBM partial records: 0 (0 repaired)
I0227 17:25:41.812952 125246 raft_consensus.cc:472] T 00000000000000000000000000000000 P c31e774156b64c02922906e3e2985c89 [term 1 FOLLOWER]: Starting pre-election (detected failure of leader 6cd5de61888340e681a3e5cd19fad418)
I0227 17:25:41.813172 125246 raft_consensus.cc:494] T 00000000000000000000000000000000 P c31e774156b64c02922906e3e2985c89 [term 1 FOLLOWER]: Starting pre-election with config: opid_index: -1 OBSOLETE_local: false peers { permanent_uuid: "c31e774156b64c02922906e3e2985c89" member_type: VOTER last_known_addr { host: "127.112.245.254" port: 35995 } } peers { permanent_uuid: "6cd5de61888340e681a3e5cd19fad418" member_type: VOTER last_known_addr { host: "127.112.245.253" port: 50732 } } peers { permanent_uuid: "2e3d7e621b864672aaa91ea2d0bbd1b9" member_type: VOTER last_known_addr { host: "127.112.245.252" port: 58453 } }
I0227 17:25:41.814291 125246 leader_election.cc:292] T 00000000000000000000000000000000 P c31e774156b64c02922906e3e2985c89 [CANDIDATE]: Term 2 pre-election: Requested pre-vote from peers 6cd5de61888340e681a3e5cd19fad418 (127.112.245.253:50732), 2e3d7e621b864672aaa91ea2d0bbd1b9 (127.112.245.252:58453)
I0227 17:25:41.814672 124217 tablet_service.cc:1010] Received RequestConsensusVote() RPC: tablet_id: "00000000000000000000000000000000" candidate_uuid: "c31e774156b64c02922906e3e2985c89" candidate_term: 2 candidate_status { last_received { term: 1 index: 3 } } ignore_live_leader: false dest_uuid: "2e3d7e621b864672aaa91ea2d0bbd1b9" is_pre_election: true
I0227 17:25:41.814751 124217 raft_consensus.cc:2346] T 00000000000000000000000000000000 P 2e3d7e621b864672aaa91ea2d0bbd1b9 [term 1 FOLLOWER]: Leader pre-election vote request: Granting yes vote for candidate c31e774156b64c02922906e3e2985c89 in term 1.
I0227 17:25:41.814797 123878 tablet_service.cc:1010] Received RequestConsensusVote() RPC: tablet_id: "00000000000000000000000000000000" candidate_uuid: "c31e774156b64c02922906e3e2985c89" candidate_term: 2 candidate_status { last_received { term: 1 index: 3 } } ignore_live_leader: false dest_uuid: "6cd5de61888340e681a3e5cd19fad418" is_pre_election: true
I0227 17:25:41.814927 123878 raft_consensus.cc:2307] T 00000000000000000000000000000000 P 6cd5de61888340e681a3e5cd19fad418 [term 1 LEADER]: Leader pre-election vote request: Denying vote to candidate c31e774156b64c02922906e3e2985c89 for term 2 because replica is either leader or believes a valid leader to be alive.
I0227 17:25:41.815516 123455 leader_election.cc:306] T 00000000000000000000000000000000 P c31e774156b64c02922906e3e2985c89 [CANDIDATE]: Term 2 pre-election: Election decided. Result: candidate won. Election summary: received 2 responses out of 3 voters: 2 yes votes; 0 no votes. yes voters: 2e3d7e621b864672aaa91ea2d0bbd1b9, c31e774156b64c02922906e3e2985c89; no voters:
I0227 17:25:41.815768 125246 raft_consensus.cc:2640] T 00000000000000000000000000000000 P c31e774156b64c02922906e3e2985c89 [term 1 FOLLOWER]: Leader pre-election won for term 2
I0227 17:25:41.815847 125246 raft_consensus.cc:472] T 00000000000000000000000000000000 P c31e774156b64c02922906e3e2985c89 [term 1 FOLLOWER]: Starting leader election (detected failure of leader 6cd5de61888340e681a3e5cd19fad418)
I0227 17:25:41.815923 125246 raft_consensus.cc:2886] T 00000000000000000000000000000000 P c31e774156b64c02922906e3e2985c89 [term 1 FOLLOWER]: Advancing to term 2
I0227 17:25:41.817235 125246 raft_consensus.cc:494] T 00000000000000000000000000000000 P c31e774156b64c02922906e3e2985c89 [term 2 FOLLOWER]: Starting leader election with config: opid_index: -1 OBSOLETE_local: false peers { permanent_uuid: "c31e774156b64c02922906e3e2985c89" member_type: VOTER last_known_addr { host: "127.112.245.254" port: 35995 } } peers { permanent_uuid: "6cd5de61888340e681a3e5cd19fad418" member_type: VOTER last_known_addr { host: "127.112.245.253" port: 50732 } } peers { permanent_uuid: "2e3d7e621b864672aaa91ea2d0bbd1b9" member_type: VOTER last_known_addr { host: "127.112.245.252" port: 58453 } }
I0227 17:25:41.817699 125246 leader_election.cc:292] T 00000000000000000000000000000000 P c31e774156b64c02922906e3e2985c89 [CANDIDATE]: Term 2 election: Requested vote from peers 6cd5de61888340e681a3e5cd19fad418 (127.112.245.253:50732), 2e3d7e621b864672aaa91ea2d0bbd1b9 (127.112.245.252:58453)
I0227 17:25:41.817912 125247 raft_consensus.cc:472] T 00000000000000000000000000000000 P 2e3d7e621b864672aaa91ea2d0bbd1b9 [term 1 FOLLOWER]: Starting pre-election (detected failure of leader 6cd5de61888340e681a3e5cd19fad418)
I0227 17:25:41.818011 123878 tablet_service.cc:1010] Received RequestConsensusVote() RPC: tablet_id: "00000000000000000000000000000000" candidate_uuid: "c31e774156b64c02922906e3e2985c89" candidate_term: 2 candidate_status { last_received { term: 1 index: 3 } } ignore_live_leader: false dest_uuid: "6cd5de61888340e681a3e5cd19fad418"
I0227 17:25:41.818069 123878 raft_consensus.cc:2307] T 00000000000000000000000000000000 P 6cd5de61888340e681a3e5cd19fad418 [term 1 LEADER]: Leader election vote request: Denying vote to candidate c31e774156b64c02922906e3e2985c89 for term 2 because replica is either leader or believes a valid leader to be alive.
I0227 17:25:41.818003 124217 tablet_service.cc:1010] Received RequestConsensusVote() RPC: tablet_id: "00000000000000000000000000000000" candidate_uuid: "c31e774156b64c02922906e3e2985c89" candidate_term: 2 candidate_status { last_received { term: 1 index: 3 } } ignore_live_leader: false dest_uuid: "2e3d7e621b864672aaa91ea2d0bbd1b9"
I0227 17:25:41.820291 125247 raft_consensus.cc:494] T 00000000000000000000000000000000 P 2e3d7e621b864672aaa91ea2d0bbd1b9 [term 1 FOLLOWER]: Starting pre-election with config: opid_index: -1 OBSOLETE_local: false peers { permanent_uuid: "c31e774156b64c02922906e3e2985c89" member_type: VOTER last_known_addr { host: "127.112.245.254" port: 35995 } } peers { permanent_uuid: "6cd5de61888340e681a3e5cd19fad418" member_type: VOTER last_known_addr { host: "127.112.245.253" port: 50732 } } peers { permanent_uuid: "2e3d7e621b864672aaa91ea2d0bbd1b9" member_type: VOTER last_known_addr { host: "127.112.245.252" port: 58453 } }
I0227 17:25:41.821408 124217 raft_consensus.cc:2886] T 00000000000000000000000000000000 P 2e3d7e621b864672aaa91ea2d0bbd1b9 [term 1 FOLLOWER]: Advancing to term 2
I0227 17:25:41.822479 124217 raft_consensus.cc:2346] T 00000000000000000000000000000000 P 2e3d7e621b864672aaa91ea2d0bbd1b9 [term 2 FOLLOWER]: Leader election vote request: Granting yes vote for candidate c31e774156b64c02922906e3e2985c89 in term 2.
I0227 17:25:41.823071 123455 leader_election.cc:306] T 00000000000000000000000000000000 P c31e774156b64c02922906e3e2985c89 [CANDIDATE]: Term 2 election: Election decided. Result: candidate won. Election summary: received 3 responses out of 3 voters: 2 yes votes; 1 no votes. yes voters: 2e3d7e621b864672aaa91ea2d0bbd1b9, c31e774156b64c02922906e3e2985c89; no voters: 6cd5de61888340e681a3e5cd19fad418
I0227 17:25:41.823571 125247 leader_election.cc:292] T 00000000000000000000000000000000 P 2e3d7e621b864672aaa91ea2d0bbd1b9 [CANDIDATE]: Term 2 pre-election: Requested pre-vote from peers c31e774156b64c02922906e3e2985c89 (127.112.245.254:35995), 6cd5de61888340e681a3e5cd19fad418 (127.112.245.253:50732)
I0227 17:25:41.823701 123515 tablet_service.cc:1010] Received RequestConsensusVote() RPC: tablet_id: "00000000000000000000000000000000" candidate_uuid: "2e3d7e621b864672aaa91ea2d0bbd1b9" candidate_term: 2 candidate_status { last_received { term: 1 index: 3 } } ignore_live_leader: false dest_uuid: "c31e774156b64c02922906e3e2985c89" is_pre_election: true
I0227 17:25:41.823776 123515 raft_consensus.cc:2276] T 00000000000000000000000000000000 P c31e774156b64c02922906e3e2985c89 [term 2 FOLLOWER]: Leader pre-election vote request: Denying vote to candidate 2e3d7e621b864672aaa91ea2d0bbd1b9 in current term 2: Already voted for candidate c31e774156b64c02922906e3e2985c89 in this term.
I0227 17:25:41.823829 123878 tablet_service.cc:1010] Received RequestConsensusVote() RPC: tablet_id: "00000000000000000000000000000000" candidate_uuid: "2e3d7e621b864672aaa91ea2d0bbd1b9" candidate_term: 2 candidate_status { last_received { term: 1 index: 3 } } ignore_live_leader: false dest_uuid: "6cd5de61888340e681a3e5cd19fad418" is_pre_election: true
I0227 17:25:41.823887 123878 raft_consensus.cc:2307] T 00000000000000000000000000000000 P 6cd5de61888340e681a3e5cd19fad418 [term 1 LEADER]: Leader pre-election vote request: Denying vote to candidate 2e3d7e621b864672aaa91ea2d0bbd1b9 for term 2 because replica is either leader or believes a valid leader to be alive.
I0227 17:25:41.824065 125246 raft_consensus.cc:2640] T 00000000000000000000000000000000 P c31e774156b64c02922906e3e2985c89 [term 2 FOLLOWER]: Leader election won for term 2
I0227 17:25:41.824316 124105 leader_election.cc:306] T 00000000000000000000000000000000 P 2e3d7e621b864672aaa91ea2d0bbd1b9 [CANDIDATE]: Term 2 pre-election: Election decided. Result: candidate lost. Election summary: received 3 responses out of 3 voters: 1 yes votes; 2 no votes. yes voters: 2e3d7e621b864672aaa91ea2d0bbd1b9; no voters: 6cd5de61888340e681a3e5cd19fad418, c31e774156b64c02922906e3e2985c89
I0227 17:25:41.824614 125246 raft_consensus.cc:667] T 00000000000000000000000000000000 P c31e774156b64c02922906e3e2985c89 [term 2 LEADER]: Becoming Leader. State: Replica: c31e774156b64c02922906e3e2985c89, State: Running, Role: LEADER
I0227 17:25:41.824640 125247 raft_consensus.cc:2588] T 00000000000000000000000000000000 P 2e3d7e621b864672aaa91ea2d0bbd1b9 [term 2 FOLLOWER]: Leader pre-election lost for term 2. Reason: could not achieve majority
I0227 17:25:41.824968 125246 consensus_queue.cc:206] T 00000000000000000000000000000000 P c31e774156b64c02922906e3e2985c89 [LEADER]: Queue going to LEADER mode. State: All replicated index: 0, Majority replicated index: 3, Committed index: 3, Last appended: 1.3, Last appended by leader: 3, Current term: 2, Majority size: 2, State: 0, Mode: LEADER, active raft config: opid_index: -1 OBSOLETE_local: false peers { permanent_uuid: "c31e774156b64c02922906e3e2985c89" member_type: VOTER last_known_addr { host: "127.112.245.254" port: 35995 } } peers { permanent_uuid: "6cd5de61888340e681a3e5cd19fad418" member_type: VOTER last_known_addr { host: "127.112.245.253" port: 50732 } } peers { permanent_uuid: "2e3d7e621b864672aaa91ea2d0bbd1b9" member_type: VOTER last_known_addr { host: "127.112.245.252" port: 58453 } }
I0227 17:25:41.825888 125246 sys_catalog.cc:337] T 00000000000000000000000000000000 P c31e774156b64c02922906e3e2985c89 [sys.catalog]: SysCatalogTable state changed. Reason: New leader c31e774156b64c02922906e3e2985c89. Latest consensus state: current_term: 2 leader_uuid: "c31e774156b64c02922906e3e2985c89" committed_config { opid_index: -1 OBSOLETE_local: false peers { permanent_uuid: "c31e774156b64c02922906e3e2985c89" member_type: VOTER last_known_addr { host: "127.112.245.254" port: 35995 } } peers { permanent_uuid: "6cd5de61888340e681a3e5cd19fad418" member_type: VOTER last_known_addr { host: "127.112.245.253" port: 50732 } } peers { permanent_uuid: "2e3d7e621b864672aaa91ea2d0bbd1b9" member_type: VOTER last_known_addr { host: "127.112.245.252" port: 58453 } } }
I0227 17:25:41.825964 125246 sys_catalog.cc:340] T 00000000000000000000000000000000 P c31e774156b64c02922906e3e2985c89 [sys.catalog]: This master's current role is: LEADER
I0227 17:25:41.826249 125255 catalog_manager.cc:1046] Loading table and tablet metadata into memory...
I0227 17:25:41.827764 125255 catalog_manager.cc:1057] Initializing Kudu internal certificate authority...
I0227 17:25:41.830284 125255 catalog_manager.cc:1066] Loading token signing keys...
I0227 17:25:41.831132 125255 catalog_manager.cc:4106] T 00000000000000000000000000000000 P c31e774156b64c02922906e3e2985c89: Loaded TSK: 0
I0227 17:25:41.832017 125255 catalog_manager.cc:1077] Loading latest processed Hive Metastore notification log event ID...
I0227 17:25:41.845981 125074 env_posix.cc:1671] Raising this process' running threads per effective uid limit from 32768 to 65536
I0227 17:25:41.847512 125074 ts_tablet_manager.cc:356] Loaded tablet metadata (0 live tablets)
I0227 17:25:41.847723 125074 tablet_server_main.cc:90] Starting tablet server...
I0227 17:25:41.857849 125074 rpc_server.cc:205] RPC server started. Bound to: 127.112.245.195:45942
I0227 17:25:41.858181 125074 webserver.cc:175] Starting webserver on 127.112.245.195:0
I0227 17:25:41.858255 125074 webserver.cc:186] Document root disabled
I0227 17:25:41.858834 125074 webserver.cc:313] Webserver started. Bound to: http://127.112.245.195:46354/
I0227 17:25:41.859460 125074 server_base.cc:607] Dumped server information to /tmp/kudutest-4282/master_failover-itest.1.HmsConfigurations_MasterFailoverTest.TestMasterPermanentFailure_1.1551317010817988-115671/minicluster-data/ts-2/data/info.pb
I0227 17:25:41.860357 125074 tablet_server_main.cc:93] Tablet server successfully started.
I0227 17:25:41.868477 115671 external_mini_cluster.cc:995] Started /data/1/adar/apache-kudu-1.9.0/build/debug/bin/kudu-tserver as pid 125074
I0227 17:25:41.870394 125383 heartbeater.cc:345] Connected to a master server at 127.112.245.253:50732
I0227 17:25:41.870506 125383 heartbeater.cc:425] Registering TS with master...
I0227 17:25:41.870893 125383 heartbeater.cc:474] Master 127.112.245.253:50732 requested a full tablet report, sending...
I0227 17:25:41.871893 123865 ts_manager.cc:98] Registered new tserver with Master: 9a4f55686db84876a066f455f6a41180 (127.112.245.195:45942)
I0227 17:25:41.872597 125382 heartbeater.cc:345] Connected to a master server at 127.112.245.252:58453
I0227 17:25:41.872664 125382 heartbeater.cc:425] Registering TS with master...
I0227 17:25:41.872844 123865 master_service.cc:263] Signed X509 certificate for tserver {username='adar'} at 127.112.245.195:35950
I0227 17:25:41.872879 125382 heartbeater.cc:474] Master 127.112.245.252:58453 requested a full tablet report, sending...
I0227 17:25:41.873994 124199 ts_manager.cc:98] Registered new tserver with Master: 9a4f55686db84876a066f455f6a41180 (127.112.245.195:45942)
I0227 17:25:41.879321 125384 heartbeater.cc:345] Connected to a master server at 127.112.245.254:35995
I0227 17:25:41.879374 125384 heartbeater.cc:425] Registering TS with master...
I0227 17:25:41.879508 125384 heartbeater.cc:474] Master 127.112.245.254:35995 requested a full tablet report, sending...
I0227 17:25:41.882141 123501 ts_manager.cc:98] Registered new tserver with Master: 9a4f55686db84876a066f455f6a41180 (127.112.245.195:45942)
I0227 17:25:41.884624 124856 heartbeater.cc:466] Master 127.112.245.253:50732 was elected leader, sending a full tablet report...
I0227 17:25:41.887485 115671 external_mini_cluster.cc:623] 3 TS(s) registered with all masters
