I0227 17:26:00.570155 129996 raft_consensus.cc:494] T dd3249f630b848c8b1efd3a68065de81 P 9a4f55686db84876a066f455f6a41180 [term 0 FOLLOWER]: Starting pre-election with config: opid_index: -1 OBSOLETE_local: false peers { permanent_uuid: "9f6459ebb80643b98e01844aa2fd6338" member_type: VOTER last_known_addr { host: "127.112.245.193" port: 55806 } } peers { permanent_uuid: "9a4f55686db84876a066f455f6a41180" member_type: VOTER last_known_addr { host: "127.112.245.195" port: 45942 } } peers { permanent_uuid: "39144add463f4fe89dc1ea42c778d8cf" member_type: VOTER last_known_addr { host: "127.112.245.194" port: 55958 } }
I0227 17:26:00.570742 129996 leader_election.cc:292] T dd3249f630b848c8b1efd3a68065de81 P 9a4f55686db84876a066f455f6a41180 [CANDIDATE]: Term 1 pre-election: Requested pre-vote from peers 9f6459ebb80643b98e01844aa2fd6338 (127.112.245.193:55806), 39144add463f4fe89dc1ea42c778d8cf (127.112.245.194:55958)
I0227 17:26:00.571410 125000 tablet_service.cc:1010] Received RequestConsensusVote() RPC: tablet_id: "dd3249f630b848c8b1efd3a68065de81" candidate_uuid: "9a4f55686db84876a066f455f6a41180" candidate_term: 1 candidate_status { last_received { term: 0 index: 0 } } ignore_live_leader: false dest_uuid: "39144add463f4fe89dc1ea42c778d8cf" is_pre_election: true
I0227 17:26:00.571496 125000 raft_consensus.cc:2346] T dd3249f630b848c8b1efd3a68065de81 P 39144add463f4fe89dc1ea42c778d8cf [term 0 FOLLOWER]: Leader pre-election vote request: Granting yes vote for candidate 9a4f55686db84876a066f455f6a41180 in term 0.
I0227 17:26:00.571501 124804 tablet_service.cc:1010] Received RequestConsensusVote() RPC: tablet_id: "dd3249f630b848c8b1efd3a68065de81" candidate_uuid: "9a4f55686db84876a066f455f6a41180" candidate_term: 1 candidate_status { last_received { term: 0 index: 0 } } ignore_live_leader: false dest_uuid: "9f6459ebb80643b98e01844aa2fd6338" is_pre_election: true
I0227 17:26:00.571596 124804 raft_consensus.cc:2346] T dd3249f630b848c8b1efd3a68065de81 P 9f6459ebb80643b98e01844aa2fd6338 [term 0 FOLLOWER]: Leader pre-election vote request: Granting yes vote for candidate 9a4f55686db84876a066f455f6a41180 in term 0.
I0227 17:26:00.571900 125257 leader_election.cc:306] T dd3249f630b848c8b1efd3a68065de81 P 9a4f55686db84876a066f455f6a41180 [CANDIDATE]: Term 1 pre-election: Election decided. Result: candidate won. Election summary: received 2 responses out of 3 voters: 2 yes votes; 0 no votes. yes voters: 39144add463f4fe89dc1ea42c778d8cf, 9a4f55686db84876a066f455f6a41180; no voters:
I0227 17:26:00.572047 129996 raft_consensus.cc:2640] T dd3249f630b848c8b1efd3a68065de81 P 9a4f55686db84876a066f455f6a41180 [term 0 FOLLOWER]: Leader pre-election won for term 1
I0227 17:26:00.572088 129996 raft_consensus.cc:472] T dd3249f630b848c8b1efd3a68065de81 P 9a4f55686db84876a066f455f6a41180 [term 0 FOLLOWER]: Starting leader election (no leader contacted us within the election timeout)
I0227 17:26:00.572118 129996 raft_consensus.cc:2886] T dd3249f630b848c8b1efd3a68065de81 P 9a4f55686db84876a066f455f6a41180 [term 0 FOLLOWER]: Advancing to term 1
I0227 17:26:00.573247 129996 raft_consensus.cc:494] T dd3249f630b848c8b1efd3a68065de81 P 9a4f55686db84876a066f455f6a41180 [term 1 FOLLOWER]: Starting leader election with config: opid_index: -1 OBSOLETE_local: false peers { permanent_uuid: "9f6459ebb80643b98e01844aa2fd6338" member_type: VOTER last_known_addr { host: "127.112.245.193" port: 55806 } } peers { permanent_uuid: "9a4f55686db84876a066f455f6a41180" member_type: VOTER last_known_addr { host: "127.112.245.195" port: 45942 } } peers { permanent_uuid: "39144add463f4fe89dc1ea42c778d8cf" member_type: VOTER last_known_addr { host: "127.112.245.194" port: 55958 } }
I0227 17:26:00.573673 129996 leader_election.cc:292] T dd3249f630b848c8b1efd3a68065de81 P 9a4f55686db84876a066f455f6a41180 [CANDIDATE]: Term 1 election: Requested vote from peers 9f6459ebb80643b98e01844aa2fd6338 (127.112.245.193:55806), 39144add463f4fe89dc1ea42c778d8cf (127.112.245.194:55958)
I0227 17:26:00.574195 124804 tablet_service.cc:1010] Received RequestConsensusVote() RPC: tablet_id: "dd3249f630b848c8b1efd3a68065de81" candidate_uuid: "9a4f55686db84876a066f455f6a41180" candidate_term: 1 candidate_status { last_received { term: 0 index: 0 } } ignore_live_leader: false dest_uuid: "9f6459ebb80643b98e01844aa2fd6338"
I0227 17:26:00.574254 124804 raft_consensus.cc:2886] T dd3249f630b848c8b1efd3a68065de81 P 9f6459ebb80643b98e01844aa2fd6338 [term 0 FOLLOWER]: Advancing to term 1
I0227 17:26:00.574826 125000 tablet_service.cc:1010] Received RequestConsensusVote() RPC: tablet_id: "dd3249f630b848c8b1efd3a68065de81" candidate_uuid: "9a4f55686db84876a066f455f6a41180" candidate_term: 1 candidate_status { last_received { term: 0 index: 0 } } ignore_live_leader: false dest_uuid: "39144add463f4fe89dc1ea42c778d8cf"
I0227 17:26:00.574883 125000 raft_consensus.cc:2886] T dd3249f630b848c8b1efd3a68065de81 P 39144add463f4fe89dc1ea42c778d8cf [term 0 FOLLOWER]: Advancing to term 1
I0227 17:26:00.579002 125000 raft_consensus.cc:2346] T dd3249f630b848c8b1efd3a68065de81 P 39144add463f4fe89dc1ea42c778d8cf [term 1 FOLLOWER]: Leader election vote request: Granting yes vote for candidate 9a4f55686db84876a066f455f6a41180 in term 1.
I0227 17:26:00.579285 124804 raft_consensus.cc:2346] T dd3249f630b848c8b1efd3a68065de81 P 9f6459ebb80643b98e01844aa2fd6338 [term 1 FOLLOWER]: Leader election vote request: Granting yes vote for candidate 9a4f55686db84876a066f455f6a41180 in term 1.
I0227 17:26:00.579495 125257 leader_election.cc:306] T dd3249f630b848c8b1efd3a68065de81 P 9a4f55686db84876a066f455f6a41180 [CANDIDATE]: Term 1 election: Election decided. Result: candidate won. Election summary: received 2 responses out of 3 voters: 2 yes votes; 0 no votes. yes voters: 39144add463f4fe89dc1ea42c778d8cf, 9a4f55686db84876a066f455f6a41180; no voters:
I0227 17:26:00.579694 129996 raft_consensus.cc:2640] T dd3249f630b848c8b1efd3a68065de81 P 9a4f55686db84876a066f455f6a41180 [term 1 FOLLOWER]: Leader election won for term 1
I0227 17:26:00.579931 129996 raft_consensus.cc:667] T dd3249f630b848c8b1efd3a68065de81 P 9a4f55686db84876a066f455f6a41180 [term 1 LEADER]: Becoming Leader. State: Replica: 9a4f55686db84876a066f455f6a41180, State: Running, Role: LEADER
I0227 17:26:00.580150 129996 consensus_queue.cc:206] T dd3249f630b848c8b1efd3a68065de81 P 9a4f55686db84876a066f455f6a41180 [LEADER]: Queue going to LEADER mode. State: All replicated index: 0, Majority replicated index: 0, Committed index: 0, Last appended: 0.0, Last appended by leader: 0, Current term: 1, Majority size: 2, State: 0, Mode: LEADER, active raft config: opid_index: -1 OBSOLETE_local: false peers { permanent_uuid: "9f6459ebb80643b98e01844aa2fd6338" member_type: VOTER last_known_addr { host: "127.112.245.193" port: 55806 } } peers { permanent_uuid: "9a4f55686db84876a066f455f6a41180" member_type: VOTER last_known_addr { host: "127.112.245.195" port: 45942 } } peers { permanent_uuid: "39144add463f4fe89dc1ea42c778d8cf" member_type: VOTER last_known_addr { host: "127.112.245.194" port: 55958 } }
I0227 17:26:00.584285 126651 catalog_manager.cc:3791] T dd3249f630b848c8b1efd3a68065de81 P 9a4f55686db84876a066f455f6a41180 reported cstate change: term changed from 0 to 1, leader changed from to 9a4f55686db84876a066f455f6a41180 (127.112.245.195). New cstate: current_term: 1 leader_uuid: "9a4f55686db84876a066f455f6a41180" committed_config { opid_index: -1 OBSOLETE_local: false peers { permanent_uuid: "9f6459ebb80643b98e01844aa2fd6338" member_type: VOTER last_known_addr { host: "127.112.245.193" port: 55806 } health_report { overall_health: UNKNOWN } } peers { permanent_uuid: "9a4f55686db84876a066f455f6a41180" member_type: VOTER last_known_addr { host: "127.112.245.195" port: 45942 } health_report { overall_health: HEALTHY } } peers { permanent_uuid: "39144add463f4fe89dc1ea42c778d8cf" member_type: VOTER last_known_addr { host: "127.112.245.194" port: 55958 } health_report { overall_health: UNKNOWN } } }
I0227 17:26:00.586189 137342 sys_catalog.cc:337] T 00000000000000000000000000000000 P c31e774156b64c02922906e3e2985c89 [sys.catalog]: SysCatalogTable state changed. Reason: Peer health change. Latest consensus state: current_term: 4 leader_uuid: "c31e774156b64c02922906e3e2985c89" committed_config { opid_index: -1 OBSOLETE_local: false peers { permanent_uuid: "c31e774156b64c02922906e3e2985c89" member_type: VOTER last_known_addr { host: "127.112.245.254" port: 35995 } } peers { permanent_uuid: "6cd5de61888340e681a3e5cd19fad418" member_type: VOTER last_known_addr { host: "127.112.245.253" port: 50732 } } peers { permanent_uuid: "2e3d7e621b864672aaa91ea2d0bbd1b9" member_type: VOTER last_known_addr { host: "127.112.245.252" port: 58453 } } }
I0227 17:26:00.586228 137342 sys_catalog.cc:340] T 00000000000000000000000000000000 P c31e774156b64c02922906e3e2985c89 [sys.catalog]: This master's current role is: LEADER
W0227 17:26:00.668280 125299 tablet_service.cc:1915] Rejecting scan request for tablet dd3249f630b848c8b1efd3a68065de81: Uninitialized: safe time has not yet been initialized
W0227 17:26:00.870121 125299 tablet_service.cc:1915] Rejecting scan request for tablet dd3249f630b848c8b1efd3a68065de81: Uninitialized: safe time has not yet been initialized
I0227 17:26:01.096356 138131 raft_consensus.cc:472] T 00000000000000000000000000000000 P 6cd5de61888340e681a3e5cd19fad418 [term 4 FOLLOWER]: Starting pre-election (detected failure of leader c31e774156b64c02922906e3e2985c89)
I0227 17:26:01.096583 138131 raft_consensus.cc:494] T 00000000000000000000000000000000 P 6cd5de61888340e681a3e5cd19fad418 [term 4 FOLLOWER]: Starting pre-election with config: opid_index: -1 OBSOLETE_local: false peers { permanent_uuid: "c31e774156b64c02922906e3e2985c89" member_type: VOTER last_known_addr { host: "127.112.245.254" port: 35995 } } peers { permanent_uuid: "6cd5de61888340e681a3e5cd19fad418" member_type: VOTER last_known_addr { host: "127.112.245.253" port: 50732 } } peers { permanent_uuid: "2e3d7e621b864672aaa91ea2d0bbd1b9" member_type: VOTER last_known_addr { host: "127.112.245.252" port: 58453 } }
I0227 17:26:01.098073 138131 leader_election.cc:292] T 00000000000000000000000000000000 P 6cd5de61888340e681a3e5cd19fad418 [CANDIDATE]: Term 5 pre-election: Requested pre-vote from peers c31e774156b64c02922906e3e2985c89 (127.112.245.254:35995), 2e3d7e621b864672aaa91ea2d0bbd1b9 (127.112.245.252:58453)
I0227 17:26:01.099139 138130 raft_consensus.cc:472] T 00000000000000000000000000000000 P 2e3d7e621b864672aaa91ea2d0bbd1b9 [term 4 FOLLOWER]: Starting pre-election (detected failure of leader c31e774156b64c02922906e3e2985c89)
I0227 17:26:01.099247 138130 raft_consensus.cc:494] T 00000000000000000000000000000000 P 2e3d7e621b864672aaa91ea2d0bbd1b9 [term 4 FOLLOWER]: Starting pre-election with config: opid_index: -1 OBSOLETE_local: false peers { permanent_uuid: "c31e774156b64c02922906e3e2985c89" member_type: VOTER last_known_addr { host: "127.112.245.254" port: 35995 } } peers { permanent_uuid: "6cd5de61888340e681a3e5cd19fad418" member_type: VOTER last_known_addr { host: "127.112.245.253" port: 50732 } } peers { permanent_uuid: "2e3d7e621b864672aaa91ea2d0bbd1b9" member_type: VOTER last_known_addr { host: "127.112.245.252" port: 58453 } }
I0227 17:26:01.099721 138130 leader_election.cc:292] T 00000000000000000000000000000000 P 2e3d7e621b864672aaa91ea2d0bbd1b9 [CANDIDATE]: Term 5 pre-election: Requested pre-vote from peers c31e774156b64c02922906e3e2985c89 (127.112.245.254:35995), 6cd5de61888340e681a3e5cd19fad418 (127.112.245.253:50732)
I0227 17:26:01.100064 126660 tablet_service.cc:1010] Received RequestConsensusVote() RPC: tablet_id: "00000000000000000000000000000000" candidate_uuid: "2e3d7e621b864672aaa91ea2d0bbd1b9" candidate_term: 5 candidate_status { last_received { term: 4 index: 24 } } ignore_live_leader: false dest_uuid: "c31e774156b64c02922906e3e2985c89" is_pre_election: true
I0227 17:26:01.100160 126660 raft_consensus.cc:2307] T 00000000000000000000000000000000 P c31e774156b64c02922906e3e2985c89 [term 4 LEADER]: Leader pre-election vote request: Denying vote to candidate 2e3d7e621b864672aaa91ea2d0bbd1b9 for term 5 because replica is either leader or believes a valid leader to be alive.
I0227 17:26:01.113400 124214 tablet_service.cc:1010] Received RequestConsensusVote() RPC: tablet_id: "00000000000000000000000000000000" candidate_uuid: "6cd5de61888340e681a3e5cd19fad418" candidate_term: 5 candidate_status { last_received { term: 4 index: 24 } } ignore_live_leader: false dest_uuid: "2e3d7e621b864672aaa91ea2d0bbd1b9" is_pre_election: true
I0227 17:26:01.113500 124214 raft_consensus.cc:2346] T 00000000000000000000000000000000 P 2e3d7e621b864672aaa91ea2d0bbd1b9 [term 4 FOLLOWER]: Leader pre-election vote request: Granting yes vote for candidate 6cd5de61888340e681a3e5cd19fad418 in term 4.
I0227 17:26:01.114079 137432 leader_election.cc:306] T 00000000000000000000000000000000 P 6cd5de61888340e681a3e5cd19fad418 [CANDIDATE]: Term 5 pre-election: Election decided. Result: candidate won. Election summary: received 2 responses out of 3 voters: 2 yes votes; 0 no votes. yes voters: 2e3d7e621b864672aaa91ea2d0bbd1b9, 6cd5de61888340e681a3e5cd19fad418; no voters:
I0227 17:26:01.114398 138131 raft_consensus.cc:2640] T 00000000000000000000000000000000 P 6cd5de61888340e681a3e5cd19fad418 [term 4 FOLLOWER]: Leader pre-election won for term 5
I0227 17:26:01.114446 138131 raft_consensus.cc:472] T 00000000000000000000000000000000 P 6cd5de61888340e681a3e5cd19fad418 [term 4 FOLLOWER]: Starting leader election (detected failure of leader c31e774156b64c02922906e3e2985c89)
I0227 17:26:01.114483 138131 raft_consensus.cc:2886] T 00000000000000000000000000000000 P 6cd5de61888340e681a3e5cd19fad418 [term 4 FOLLOWER]: Advancing to term 5
I0227 17:26:01.116575 138131 raft_consensus.cc:494] T 00000000000000000000000000000000 P 6cd5de61888340e681a3e5cd19fad418 [term 5 FOLLOWER]: Starting leader election with config: opid_index: -1 OBSOLETE_local: false peers { permanent_uuid: "c31e774156b64c02922906e3e2985c89" member_type: VOTER last_known_addr { host: "127.112.245.254" port: 35995 } } peers { permanent_uuid: "6cd5de61888340e681a3e5cd19fad418" member_type: VOTER last_known_addr { host: "127.112.245.253" port: 50732 } } peers { permanent_uuid: "2e3d7e621b864672aaa91ea2d0bbd1b9" member_type: VOTER last_known_addr { host: "127.112.245.252" port: 58453 } }
I0227 17:26:01.117053 138131 leader_election.cc:292] T 00000000000000000000000000000000 P 6cd5de61888340e681a3e5cd19fad418 [CANDIDATE]: Term 5 election: Requested vote from peers c31e774156b64c02922906e3e2985c89 (127.112.245.254:35995), 2e3d7e621b864672aaa91ea2d0bbd1b9 (127.112.245.252:58453)
I0227 17:26:01.117404 137464 tablet_service.cc:1010] Received RequestConsensusVote() RPC: tablet_id: "00000000000000000000000000000000" candidate_uuid: "2e3d7e621b864672aaa91ea2d0bbd1b9" candidate_term: 5 candidate_status { last_received { term: 4 index: 24 } } ignore_live_leader: false dest_uuid: "6cd5de61888340e681a3e5cd19fad418" is_pre_election: true
I0227 17:26:01.117532 137464 raft_consensus.cc:2276] T 00000000000000000000000000000000 P 6cd5de61888340e681a3e5cd19fad418 [term 5 FOLLOWER]: Leader pre-election vote request: Denying vote to candidate 2e3d7e621b864672aaa91ea2d0bbd1b9 in current term 5: Already voted for candidate 6cd5de61888340e681a3e5cd19fad418 in this term.
I0227 17:26:01.117763 124214 tablet_service.cc:1010] Received RequestConsensusVote() RPC: tablet_id: "00000000000000000000000000000000" candidate_uuid: "6cd5de61888340e681a3e5cd19fad418" candidate_term: 5 candidate_status { last_received { term: 4 index: 24 } } ignore_live_leader: false dest_uuid: "2e3d7e621b864672aaa91ea2d0bbd1b9"
I0227 17:26:01.117818 124214 raft_consensus.cc:2886] T 00000000000000000000000000000000 P 2e3d7e621b864672aaa91ea2d0bbd1b9 [term 4 FOLLOWER]: Advancing to term 5
I0227 17:26:01.117993 124105 leader_election.cc:306] T 00000000000000000000000000000000 P 2e3d7e621b864672aaa91ea2d0bbd1b9 [CANDIDATE]: Term 5 pre-election: Election decided. Result: candidate lost. Election summary: received 3 responses out of 3 voters: 1 yes votes; 2 no votes. yes voters: 2e3d7e621b864672aaa91ea2d0bbd1b9; no voters: 6cd5de61888340e681a3e5cd19fad418, c31e774156b64c02922906e3e2985c89
I0227 17:26:01.118885 124214 raft_consensus.cc:2346] T 00000000000000000000000000000000 P 2e3d7e621b864672aaa91ea2d0bbd1b9 [term 5 FOLLOWER]: Leader election vote request: Granting yes vote for candidate 6cd5de61888340e681a3e5cd19fad418 in term 5.
I0227 17:26:01.118947 138130 raft_consensus.cc:2588] T 00000000000000000000000000000000 P 2e3d7e621b864672aaa91ea2d0bbd1b9 [term 5 FOLLOWER]: Leader pre-election lost for term 5. Reason: could not achieve majority
I0227 17:26:01.119195 137432 leader_election.cc:306] T 00000000000000000000000000000000 P 6cd5de61888340e681a3e5cd19fad418 [CANDIDATE]: Term 5 election: Election decided. Result: candidate won. Election summary: received 2 responses out of 3 voters: 2 yes votes; 0 no votes. yes voters: 2e3d7e621b864672aaa91ea2d0bbd1b9, 6cd5de61888340e681a3e5cd19fad418; no voters:
I0227 17:26:01.119319 138131 raft_consensus.cc:2640] T 00000000000000000000000000000000 P 6cd5de61888340e681a3e5cd19fad418 [term 5 FOLLOWER]: Leader election won for term 5
I0227 17:26:01.119524 138131 raft_consensus.cc:667] T 00000000000000000000000000000000 P 6cd5de61888340e681a3e5cd19fad418 [term 5 LEADER]: Becoming Leader. State: Replica: 6cd5de61888340e681a3e5cd19fad418, State: Running, Role: LEADER
I0227 17:26:01.119825 138131 consensus_queue.cc:206] T 00000000000000000000000000000000 P 6cd5de61888340e681a3e5cd19fad418 [LEADER]: Queue going to LEADER mode. State: All replicated index: 0, Majority replicated index: 24, Committed index: 24, Last appended: 4.24, Last appended by leader: 24, Current term: 5, Majority size: 2, State: 0, Mode: LEADER, active raft config: opid_index: -1 OBSOLETE_local: false peers { permanent_uuid: "c31e774156b64c02922906e3e2985c89" member_type: VOTER last_known_addr { host: "127.112.245.254" port: 35995 } } peers { permanent_uuid: "6cd5de61888340e681a3e5cd19fad418" member_type: VOTER last_known_addr { host: "127.112.245.253" port: 50732 } } peers { permanent_uuid: "2e3d7e621b864672aaa91ea2d0bbd1b9" member_type: VOTER last_known_addr { host: "127.112.245.252" port: 58453 } }
I0227 17:26:01.120194 126660 tablet_service.cc:1010] Received RequestConsensusVote() RPC: tablet_id: "00000000000000000000000000000000" candidate_uuid: "6cd5de61888340e681a3e5cd19fad418" candidate_term: 5 candidate_status { last_received { term: 4 index: 24 } } ignore_live_leader: false dest_uuid: "c31e774156b64c02922906e3e2985c89" is_pre_election: true
I0227 17:26:01.120277 126660 raft_consensus.cc:2307] T 00000000000000000000000000000000 P c31e774156b64c02922906e3e2985c89 [term 4 LEADER]: Leader pre-election vote request: Denying vote to candidate 6cd5de61888340e681a3e5cd19fad418 for term 5 because replica is either leader or believes a valid leader to be alive.
I0227 17:26:01.120708 126662 tablet_service.cc:1010] Received RequestConsensusVote() RPC: tablet_id: "00000000000000000000000000000000" candidate_uuid: "6cd5de61888340e681a3e5cd19fad418" candidate_term: 5 candidate_status { last_received { term: 4 index: 24 } } ignore_live_leader: false dest_uuid: "c31e774156b64c02922906e3e2985c89"
I0227 17:26:01.120774 126662 raft_consensus.cc:2307] T 00000000000000000000000000000000 P c31e774156b64c02922906e3e2985c89 [term 4 LEADER]: Leader election vote request: Denying vote to candidate 6cd5de61888340e681a3e5cd19fad418 for term 5 because replica is either leader or believes a valid leader to be alive.
I0227 17:26:01.125283 138139 sys_catalog.cc:337] T 00000000000000000000000000000000 P 6cd5de61888340e681a3e5cd19fad418 [sys.catalog]: SysCatalogTable state changed. Reason: New leader 6cd5de61888340e681a3e5cd19fad418. Latest consensus state: current_term: 5 leader_uuid: "6cd5de61888340e681a3e5cd19fad418" committed_config { opid_index: -1 OBSOLETE_local: false peers { permanent_uuid: "c31e774156b64c02922906e3e2985c89" member_type: VOTER last_known_addr { host: "127.112.245.254" port: 35995 } } peers { permanent_uuid: "6cd5de61888340e681a3e5cd19fad418" member_type: VOTER last_known_addr { host: "127.112.245.253" port: 50732 } } peers { permanent_uuid: "2e3d7e621b864672aaa91ea2d0bbd1b9" member_type: VOTER last_known_addr { host: "127.112.245.252" port: 58453 } } }
I0227 17:26:01.125311 138139 sys_catalog.cc:340] T 00000000000000000000000000000000 P 6cd5de61888340e681a3e5cd19fad418 [sys.catalog]: This master's current role is: LEADER
I0227 17:26:01.136561 125000 raft_consensus.cc:1181] T dd3249f630b848c8b1efd3a68065de81 P 39144add463f4fe89dc1ea42c778d8cf [term 1 FOLLOWER]: Refusing update from remote peer 9a4f55686db84876a066f455f6a41180: Log matching property violated. Preceding OpId in replica: term: 0 index: 0. Preceding OpId from leader: term: 1 index: 1. (index mismatch)
I0227 17:26:01.137182 137834 consensus_queue.cc:984] T dd3249f630b848c8b1efd3a68065de81 P 9a4f55686db84876a066f455f6a41180 [LEADER]: Connected to new peer: Peer: permanent_uuid: "39144add463f4fe89dc1ea42c778d8cf" member_type: VOTER last_known_addr { host: "127.112.245.194" port: 55958 }, Status: LMP_MISMATCH, Last received: 0.0, Next index: 1, Last known committed idx: 0, Time since last communication: 0.000s
I0227 17:26:01.139744 138140 catalog_manager.cc:1046] Loading table and tablet metadata into memory...
I0227 17:26:01.141808 138140 catalog_manager.cc:347] Loaded metadata for table default.table_1 [id=7189818660584405852c5a4249b8601d]
I0227 17:26:01.141970 138140 catalog_manager.cc:347] Loaded metadata for table default.table_0 [id=bc75674adf8e42de8857bcba6d648867]
I0227 17:26:01.142125 138140 catalog_manager.cc:347] Loaded metadata for table default.table_0_2 [id=c00fb13ccb9d43a6872d134e76f8bb45]
I0227 17:26:01.145220 138140 catalog_manager.cc:347] Loaded metadata for table default.table_0_0 [id=d18d4af2ae47433f9af25b21a92b3c31]
I0227 17:26:01.145454 138140 catalog_manager.cc:347] Loaded metadata for table default.table_0_1 [id=d8ec01a9c6424f27a548a16c9f453c4b]
I0227 17:26:01.147619 124804 raft_consensus.cc:1181] T dd3249f630b848c8b1efd3a68065de81 P 9f6459ebb80643b98e01844aa2fd6338 [term 1 FOLLOWER]: Refusing update from remote peer 9a4f55686db84876a066f455f6a41180: Log matching property violated. Preceding OpId in replica: term: 0 index: 0. Preceding OpId from leader: term: 1 index: 1. (index mismatch)
I0227 17:26:01.148773 138140 catalog_manager.cc:401] Loaded metadata for tablet 8c4950a6e6e54bc59d6e40c00df12fab (table default.table_0_1 [id=d8ec01a9c6424f27a548a16c9f453c4b])
I0227 17:26:01.148988 138140 catalog_manager.cc:401] Loaded metadata for tablet 9808ecd2a4be428290fa53bb51dd17d4 (table default.table_0_0 [id=d18d4af2ae47433f9af25b21a92b3c31])
I0227 17:26:01.149317 137834 consensus_queue.cc:984] T dd3249f630b848c8b1efd3a68065de81 P 9a4f55686db84876a066f455f6a41180 [LEADER]: Connected to new peer: Peer: permanent_uuid: "9f6459ebb80643b98e01844aa2fd6338" member_type: VOTER last_known_addr { host: "127.112.245.193" port: 55806 }, Status: LMP_MISMATCH, Last received: 0.0, Next index: 1, Last known committed idx: 0, Time since last communication: 0.000s
I0227 17:26:01.149519 138140 catalog_manager.cc:401] Loaded metadata for tablet bf54e38e762844a18884463d41a59bf2 (table default.table_0_2 [id=c00fb13ccb9d43a6872d134e76f8bb45])
I0227 17:26:01.150197 138140 catalog_manager.cc:401] Loaded metadata for tablet dd3249f630b848c8b1efd3a68065de81 (table default.table_1 [id=7189818660584405852c5a4249b8601d])
I0227 17:26:01.152058 138140 catalog_manager.cc:401] Loaded metadata for tablet fcd66b3d06b5442b9b1b4d34c6d0667b (table default.table_0 [id=bc75674adf8e42de8857bcba6d648867])
I0227 17:26:01.152201 138140 catalog_manager.cc:1057] Initializing Kudu internal certificate authority...
I0227 17:26:01.153409 138140 catalog_manager.cc:1066] Loading token signing keys...
I0227 17:26:01.154251 138140 catalog_manager.cc:4106] T 00000000000000000000000000000000 P 6cd5de61888340e681a3e5cd19fad418: Loaded TSK: 0
I0227 17:26:01.157886 138140 catalog_manager.cc:1077] Loading latest processed Hive Metastore notification log event ID...
I0227 17:26:01.190017 137464 raft_consensus.cc:1149] T 00000000000000000000000000000000 P 6cd5de61888340e681a3e5cd19fad418 [term 5 LEADER]: Rejecting Update request from peer c31e774156b64c02922906e3e2985c89 for earlier term 4. Current term is 5. Ops: []
I0227 17:26:01.190546 138158 consensus_queue.cc:995] T 00000000000000000000000000000000 P c31e774156b64c02922906e3e2985c89 [LEADER]: Peer responded invalid term: Peer: permanent_uuid: "6cd5de61888340e681a3e5cd19fad418" member_type: VOTER last_known_addr { host: "127.112.245.253" port: 50732 }, Status: INVALID_TERM, Last received: 4.24, Next index: 25, Last known committed idx: 24, Time since last communication: 0.000s
I0227 17:26:01.190721 138158 consensus_queue.cc:1162] T 00000000000000000000000000000000 P c31e774156b64c02922906e3e2985c89 [LEADER]: Peer 6cd5de61888340e681a3e5cd19fad418 log is divergent from this leader: its last log entry 5.25 is not in this leader's log and it has not received anything from this leader yet. Falling back to committed index 24
I0227 17:26:01.190799 138158 raft_consensus.cc:2881] T 00000000000000000000000000000000 P c31e774156b64c02922906e3e2985c89 [term 4 LEADER]: Stepping down as leader of term 4
I0227 17:26:01.190829 138158 raft_consensus.cc:705] T 00000000000000000000000000000000 P c31e774156b64c02922906e3e2985c89 [term 4 LEADER]: Becoming Follower/Learner. State: Replica: c31e774156b64c02922906e3e2985c89, State: Running, Role: LEADER
I0227 17:26:01.191028 138158 consensus_queue.cc:229] T 00000000000000000000000000000000 P c31e774156b64c02922906e3e2985c89 [NON_LEADER]: Queue going to NON_LEADER mode. State: All replicated index: 0, Majority replicated index: 24, Committed index: 24, Last appended: 4.24, Last appended by leader: 24, Current term: 4, Majority size: -1, State: 0, Mode: NON_LEADER, active raft config: opid_index: -1 OBSOLETE_local: false peers { permanent_uuid: "c31e774156b64c02922906e3e2985c89" member_type: VOTER last_known_addr { host: "127.112.245.254" port: 35995 } } peers { permanent_uuid: "6cd5de61888340e681a3e5cd19fad418" member_type: VOTER last_known_addr { host: "127.112.245.253" port: 50732 } } peers { permanent_uuid: "2e3d7e621b864672aaa91ea2d0bbd1b9" member_type: VOTER last_known_addr { host: "127.112.245.252" port: 58453 } }
I0227 17:26:01.191056 138158 consensus_peers.cc:482] T 00000000000000000000000000000000 P c31e774156b64c02922906e3e2985c89 -> Peer 2e3d7e621b864672aaa91ea2d0bbd1b9 (127.112.245.252:58453): Closing peer: 2e3d7e621b864672aaa91ea2d0bbd1b9
I0227 17:26:01.191095 138158 consensus_peers.cc:482] T 00000000000000000000000000000000 P c31e774156b64c02922906e3e2985c89 -> Peer 6cd5de61888340e681a3e5cd19fad418 (127.112.245.253:50732): Closing peer: 6cd5de61888340e681a3e5cd19fad418
I0227 17:26:01.191236 138158 raft_consensus.cc:2886] T 00000000000000000000000000000000 P c31e774156b64c02922906e3e2985c89 [term 4 FOLLOWER]: Advancing to term 5
I0227 17:26:01.727304 138411 raft_consensus.cc:472] T 00000000000000000000000000000000 P 2e3d7e621b864672aaa91ea2d0bbd1b9 [term 5 FOLLOWER]: Starting pre-election (no leader contacted us within the election timeout)
I0227 17:26:01.727532 138411 raft_consensus.cc:494] T 00000000000000000000000000000000 P 2e3d7e621b864672aaa91ea2d0bbd1b9 [term 5 FOLLOWER]: Starting pre-election with config: opid_index: -1 OBSOLETE_local: false peers { permanent_uuid: "c31e774156b64c02922906e3e2985c89" member_type: VOTER last_known_addr { host: "127.112.245.254" port: 35995 } } peers { permanent_uuid: "6cd5de61888340e681a3e5cd19fad418" member_type: VOTER last_known_addr { host: "127.112.245.253" port: 50732 } } peers { permanent_uuid: "2e3d7e621b864672aaa91ea2d0bbd1b9" member_type: VOTER last_known_addr { host: "127.112.245.252" port: 58453 } }
I0227 17:26:01.728209 138411 leader_election.cc:292] T 00000000000000000000000000000000 P 2e3d7e621b864672aaa91ea2d0bbd1b9 [CANDIDATE]: Term 6 pre-election: Requested pre-vote from peers c31e774156b64c02922906e3e2985c89 (127.112.245.254:35995), 6cd5de61888340e681a3e5cd19fad418 (127.112.245.253:50732)
I0227 17:26:01.728704 137464 tablet_service.cc:1010] Received RequestConsensusVote() RPC: tablet_id: "00000000000000000000000000000000" candidate_uuid: "2e3d7e621b864672aaa91ea2d0bbd1b9" candidate_term: 6 candidate_status { last_received { term: 4 index: 24 } } ignore_live_leader: false dest_uuid: "6cd5de61888340e681a3e5cd19fad418" is_pre_election: true
I0227 17:26:01.728792 137464 raft_consensus.cc:2307] T 00000000000000000000000000000000 P 6cd5de61888340e681a3e5cd19fad418 [term 5 LEADER]: Leader pre-election vote request: Denying vote to candidate 2e3d7e621b864672aaa91ea2d0bbd1b9 for term 6 because replica is either leader or believes a valid leader to be alive.
I0227 17:26:01.730418 124214 raft_consensus.cc:1181] T 00000000000000000000000000000000 P 2e3d7e621b864672aaa91ea2d0bbd1b9 [term 5 FOLLOWER]: Refusing update from remote peer 6cd5de61888340e681a3e5cd19fad418: Log matching property violated. Preceding OpId in replica: term: 4 index: 24. Preceding OpId from leader: term: 5 index: 25. (index mismatch)
I0227 17:26:01.730933 138404 consensus_queue.cc:984] T 00000000000000000000000000000000 P 6cd5de61888340e681a3e5cd19fad418 [LEADER]: Connected to new peer: Peer: permanent_uuid: "2e3d7e621b864672aaa91ea2d0bbd1b9" member_type: VOTER last_known_addr { host: "127.112.245.252" port: 58453 }, Status: LMP_MISMATCH, Last received: 0.0, Next index: 25, Last known committed idx: 24, Time since last communication: 0.000s
I0227 17:26:01.731974 138411 sys_catalog.cc:337] T 00000000000000000000000000000000 P 2e3d7e621b864672aaa91ea2d0bbd1b9 [sys.catalog]: SysCatalogTable state changed. Reason: New leader 6cd5de61888340e681a3e5cd19fad418. Latest consensus state: current_term: 5 leader_uuid: "6cd5de61888340e681a3e5cd19fad418" committed_config { opid_index: -1 OBSOLETE_local: false peers { permanent_uuid: "c31e774156b64c02922906e3e2985c89" member_type: VOTER last_known_addr { host: "127.112.245.254" port: 35995 } } peers { permanent_uuid: "6cd5de61888340e681a3e5cd19fad418" member_type: VOTER last_known_addr { host: "127.112.245.253" port: 50732 } } peers { permanent_uuid: "2e3d7e621b864672aaa91ea2d0bbd1b9" member_type: VOTER last_known_addr { host: "127.112.245.252" port: 58453 } } }
I0227 17:26:01.732007 138411 sys_catalog.cc:340] T 00000000000000000000000000000000 P 2e3d7e621b864672aaa91ea2d0bbd1b9 [sys.catalog]: This master's current role is: FOLLOWER
I0227 17:26:01.744453 138404 sys_catalog.cc:337] T 00000000000000000000000000000000 P 6cd5de61888340e681a3e5cd19fad418 [sys.catalog]: SysCatalogTable state changed. Reason: Peer health change. Latest consensus state: current_term: 5 leader_uuid: "6cd5de61888340e681a3e5cd19fad418" committed_config { opid_index: -1 OBSOLETE_local: false peers { permanent_uuid: "c31e774156b64c02922906e3e2985c89" member_type: VOTER last_known_addr { host: "127.112.245.254" port: 35995 } } peers { permanent_uuid: "6cd5de61888340e681a3e5cd19fad418" member_type: VOTER last_known_addr { host: "127.112.245.253" port: 50732 } } peers { permanent_uuid: "2e3d7e621b864672aaa91ea2d0bbd1b9" member_type: VOTER last_known_addr { host: "127.112.245.252" port: 58453 } } }
I0227 17:26:01.744499 138404 sys_catalog.cc:340] T 00000000000000000000000000000000 P 6cd5de61888340e681a3e5cd19fad418 [sys.catalog]: This master's current role is: LEADER
I0227 17:26:01.746326 138411 sys_catalog.cc:337] T 00000000000000000000000000000000 P 2e3d7e621b864672aaa91ea2d0bbd1b9 [sys.catalog]: SysCatalogTable state changed. Reason: Replicated consensus-only round. Latest consensus state: current_term: 5 leader_uuid: "6cd5de61888340e681a3e5cd19fad418" committed_config { opid_index: -1 OBSOLETE_local: false peers { permanent_uuid: "c31e774156b64c02922906e3e2985c89" member_type: VOTER last_known_addr { host: "127.112.245.254" port: 35995 } } peers { permanent_uuid: "6cd5de61888340e681a3e5cd19fad418" member_type: VOTER last_known_addr { host: "127.112.245.253" port: 50732 } } peers { permanent_uuid: "2e3d7e621b864672aaa91ea2d0bbd1b9" member_type: VOTER last_known_addr { host: "127.112.245.252" port: 58453 } } }
I0227 17:26:01.746368 138411 sys_catalog.cc:340] T 00000000000000000000000000000000 P 2e3d7e621b864672aaa91ea2d0bbd1b9 [sys.catalog]: This master's current role is: FOLLOWER
I0227 17:26:01.747601 125383 heartbeater.cc:466] Master 127.112.245.253:50732 was elected leader, sending a full tablet report...
I0227 17:26:02.152484 125069 heartbeater.cc:466] Master 127.112.245.253:50732 was elected leader, sending a full tablet report...
I0227 17:26:02.156651 124856 heartbeater.cc:466] Master 127.112.245.253:50732 was elected leader, sending a full tablet report...
I0227 17:26:02.259162 138698 raft_consensus.cc:472] T 00000000000000000000000000000000 P 2e3d7e621b864672aaa91ea2d0bbd1b9 [term 5 FOLLOWER]: Starting pre-election (detected failure of leader 6cd5de61888340e681a3e5cd19fad418)
I0227 17:26:02.259388 138698 raft_consensus.cc:494] T 00000000000000000000000000000000 P 2e3d7e621b864672aaa91ea2d0bbd1b9 [term 5 FOLLOWER]: Starting pre-election with config: opid_index: -1 OBSOLETE_local: false peers { permanent_uuid: "c31e774156b64c02922906e3e2985c89" member_type: VOTER last_known_addr { host: "127.112.245.254" port: 35995 } } peers { permanent_uuid: "6cd5de61888340e681a3e5cd19fad418" member_type: VOTER last_known_addr { host: "127.112.245.253" port: 50732 } } peers { permanent_uuid: "2e3d7e621b864672aaa91ea2d0bbd1b9" member_type: VOTER last_known_addr { host: "127.112.245.252" port: 58453 } }
I0227 17:26:02.259901 138698 leader_election.cc:292] T 00000000000000000000000000000000 P 2e3d7e621b864672aaa91ea2d0bbd1b9 [CANDIDATE]: Term 6 pre-election: Requested pre-vote from peers c31e774156b64c02922906e3e2985c89 (127.112.245.254:35995), 6cd5de61888340e681a3e5cd19fad418 (127.112.245.253:50732)
I0227 17:26:02.260776 137464 tablet_service.cc:1010] Received RequestConsensusVote() RPC: tablet_id: "00000000000000000000000000000000" candidate_uuid: "2e3d7e621b864672aaa91ea2d0bbd1b9" candidate_term: 6 candidate_status { last_received { term: 5 index: 25 } } ignore_live_leader: false dest_uuid: "6cd5de61888340e681a3e5cd19fad418" is_pre_election: true
I0227 17:26:02.260856 137464 raft_consensus.cc:2307] T 00000000000000000000000000000000 P 6cd5de61888340e681a3e5cd19fad418 [term 5 LEADER]: Leader pre-election vote request: Denying vote to candidate 2e3d7e621b864672aaa91ea2d0bbd1b9 for term 6 because replica is either leader or believes a valid leader to be alive.
W0227 17:26:02.651516 124104 leader_election.cc:337] T 00000000000000000000000000000000 P 2e3d7e621b864672aaa91ea2d0bbd1b9 [CANDIDATE]: Term 6 pre-election: RPC error from VoteRequest() call to peer c31e774156b64c02922906e3e2985c89 (127.112.245.254:35995): Timed out: RequestConsensusVote RPC to 127.112.245.254:35995 timed out after 0.922s (SENT)
I0227 17:26:02.651602 124104 leader_election.cc:306] T 00000000000000000000000000000000 P 2e3d7e621b864672aaa91ea2d0bbd1b9 [CANDIDATE]: Term 6 pre-election: Election decided. Result: candidate lost. Election summary: received 3 responses out of 3 voters: 1 yes votes; 2 no votes. yes voters: 2e3d7e621b864672aaa91ea2d0bbd1b9; no voters: 6cd5de61888340e681a3e5cd19fad418, c31e774156b64c02922906e3e2985c89
I0227 17:26:02.651777 138698 raft_consensus.cc:2588] T 00000000000000000000000000000000 P 2e3d7e621b864672aaa91ea2d0bbd1b9 [term 5 FOLLOWER]: Leader pre-election lost for term 6. Reason: could not achieve majority
W0227 17:26:02.879974 124104 leader_election.cc:337] T 00000000000000000000000000000000 P 2e3d7e621b864672aaa91ea2d0bbd1b9 [CANDIDATE]: Term 6 pre-election: RPC error from VoteRequest() call to peer c31e774156b64c02922906e3e2985c89 (127.112.245.254:35995): Timed out: RequestConsensusVote RPC to 127.112.245.254:35995 timed out after 0.619s (SENT)
I0227 17:26:02.880059 124104 leader_election.cc:306] T 00000000000000000000000000000000 P 2e3d7e621b864672aaa91ea2d0bbd1b9 [CANDIDATE]: Term 6 pre-election: Election decided. Result: candidate lost. Election summary: received 3 responses out of 3 voters: 1 yes votes; 2 no votes. yes voters: 2e3d7e621b864672aaa91ea2d0bbd1b9; no voters: 6cd5de61888340e681a3e5cd19fad418, c31e774156b64c02922906e3e2985c89
I0227 17:26:02.880234 138698 raft_consensus.cc:2588] T 00000000000000000000000000000000 P 2e3d7e621b864672aaa91ea2d0bbd1b9 [term 5 FOLLOWER]: Leader pre-election lost for term 6. Reason: could not achieve majority
I0227 17:26:03.659154 138783 raft_consensus.cc:472] T 00000000000000000000000000000000 P 2e3d7e621b864672aaa91ea2d0bbd1b9 [term 5 FOLLOWER]: Starting pre-election (detected failure of leader 6cd5de61888340e681a3e5cd19fad418)
I0227 17:26:03.659289 138783 raft_consensus.cc:494] T 00000000000000000000000000000000 P 2e3d7e621b864672aaa91ea2d0bbd1b9 [term 5 FOLLOWER]: Starting pre-election with config: opid_index: -1 OBSOLETE_local: false peers { permanent_uuid: "c31e774156b64c02922906e3e2985c89" member_type: VOTER last_known_addr { host: "127.112.245.254" port: 35995 } } peers { permanent_uuid: "6cd5de61888340e681a3e5cd19fad418" member_type: VOTER last_known_addr { host: "127.112.245.253" port: 50732 } } peers { permanent_uuid: "2e3d7e621b864672aaa91ea2d0bbd1b9" member_type: VOTER last_known_addr { host: "127.112.245.252" port: 58453 } }
I0227 17:26:03.659827 138783 leader_election.cc:292] T 00000000000000000000000000000000 P 2e3d7e621b864672aaa91ea2d0bbd1b9 [CANDIDATE]: Term 6 pre-election: Requested pre-vote from peers c31e774156b64c02922906e3e2985c89 (127.112.245.254:35995), 6cd5de61888340e681a3e5cd19fad418 (127.112.245.253:50732)
I0227 17:26:03.660217 137464 tablet_service.cc:1010] Received RequestConsensusVote() RPC: tablet_id: "00000000000000000000000000000000" candidate_uuid: "2e3d7e621b864672aaa91ea2d0bbd1b9" candidate_term: 6 candidate_status { last_received { term: 5 index: 25 } } ignore_live_leader: false dest_uuid: "6cd5de61888340e681a3e5cd19fad418" is_pre_election: true
I0227 17:26:03.660290 137464 raft_consensus.cc:2307] T 00000000000000000000000000000000 P 6cd5de61888340e681a3e5cd19fad418 [term 5 LEADER]: Leader pre-election vote request: Denying vote to candidate 2e3d7e621b864672aaa91ea2d0bbd1b9 for term 6 because replica is either leader or believes a valid leader to be alive.
W0227 17:26:04.338063 124104 leader_election.cc:337] T 00000000000000000000000000000000 P 2e3d7e621b864672aaa91ea2d0bbd1b9 [CANDIDATE]: Term 6 pre-election: RPC error from VoteRequest() call to peer c31e774156b64c02922906e3e2985c89 (127.112.245.254:35995): Timed out: RequestConsensusVote RPC to 127.112.245.254:35995 timed out after 0.676s (SENT)
I0227 17:26:04.338160 124104 leader_election.cc:306] T 00000000000000000000000000000000 P 2e3d7e621b864672aaa91ea2d0bbd1b9 [CANDIDATE]: Term 6 pre-election: Election decided. Result: candidate lost. Election summary: received 3 responses out of 3 voters: 1 yes votes; 2 no votes. yes voters: 2e3d7e621b864672aaa91ea2d0bbd1b9; no voters: 6cd5de61888340e681a3e5cd19fad418, c31e774156b64c02922906e3e2985c89
I0227 17:26:04.338440 138866 raft_consensus.cc:2588] T 00000000000000000000000000000000 P 2e3d7e621b864672aaa91ea2d0bbd1b9 [term 5 FOLLOWER]: Leader pre-election lost for term 6. Reason: could not achieve majority
I0227 17:26:04.989244 138919 raft_consensus.cc:472] T 00000000000000000000000000000000 P 2e3d7e621b864672aaa91ea2d0bbd1b9 [term 5 FOLLOWER]: Starting pre-election (detected failure of leader 6cd5de61888340e681a3e5cd19fad418)
I0227 17:26:04.989413 138919 raft_consensus.cc:494] T 00000000000000000000000000000000 P 2e3d7e621b864672aaa91ea2d0bbd1b9 [term 5 FOLLOWER]: Starting pre-election with config: opid_index: -1 OBSOLETE_local: false peers { permanent_uuid: "c31e774156b64c02922906e3e2985c89" member_type: VOTER last_known_addr { host: "127.112.245.254" port: 35995 } } peers { permanent_uuid: "6cd5de61888340e681a3e5cd19fad418" member_type: VOTER last_known_addr { host: "127.112.245.253" port: 50732 } } peers { permanent_uuid: "2e3d7e621b864672aaa91ea2d0bbd1b9" member_type: VOTER last_known_addr { host: "127.112.245.252" port: 58453 } }
I0227 17:26:04.990289 138919 leader_election.cc:292] T 00000000000000000000000000000000 P 2e3d7e621b864672aaa91ea2d0bbd1b9 [CANDIDATE]: Term 6 pre-election: Requested pre-vote from peers c31e774156b64c02922906e3e2985c89 (127.112.245.254:35995), 6cd5de61888340e681a3e5cd19fad418 (127.112.245.253:50732)
I0227 17:26:04.990748 137464 tablet_service.cc:1010] Received RequestConsensusVote() RPC: tablet_id: "00000000000000000000000000000000" candidate_uuid: "2e3d7e621b864672aaa91ea2d0bbd1b9" candidate_term: 6 candidate_status { last_received { term: 5 index: 25 } } ignore_live_leader: false dest_uuid: "6cd5de61888340e681a3e5cd19fad418" is_pre_election: true
I0227 17:26:04.990830 137464 raft_consensus.cc:2307] T 00000000000000000000000000000000 P 6cd5de61888340e681a3e5cd19fad418 [term 5 LEADER]: Leader pre-election vote request: Denying vote to candidate 2e3d7e621b864672aaa91ea2d0bbd1b9 for term 6 because replica is either leader or believes a valid leader to be alive.
W0227 17:26:05.548573 124104 leader_election.cc:337] T 00000000000000000000000000000000 P 2e3d7e621b864672aaa91ea2d0bbd1b9 [CANDIDATE]: Term 6 pre-election: RPC error from VoteRequest() call to peer c31e774156b64c02922906e3e2985c89 (127.112.245.254:35995): Timed out: RequestConsensusVote RPC to 127.112.245.254:35995 timed out after 0.557s (SENT)
I0227 17:26:05.548676 124104 leader_election.cc:306] T 00000000000000000000000000000000 P 2e3d7e621b864672aaa91ea2d0bbd1b9 [CANDIDATE]: Term 6 pre-election: Election decided. Result: candidate lost. Election summary: received 3 responses out of 3 voters: 1 yes votes; 2 no votes. yes voters: 2e3d7e621b864672aaa91ea2d0bbd1b9; no voters: 6cd5de61888340e681a3e5cd19fad418, c31e774156b64c02922906e3e2985c89
I0227 17:26:05.559263 138950 raft_consensus.cc:2588] T 00000000000000000000000000000000 P 2e3d7e621b864672aaa91ea2d0bbd1b9 [term 5 FOLLOWER]: Leader pre-election lost for term 6. Reason: could not achieve majority
I0227 17:26:07.238940 139033 raft_consensus.cc:472] T 00000000000000000000000000000000 P 2e3d7e621b864672aaa91ea2d0bbd1b9 [term 5 FOLLOWER]: Starting pre-election (detected failure of leader 6cd5de61888340e681a3e5cd19fad418)
I0227 17:26:07.239338 139033 raft_consensus.cc:494] T 00000000000000000000000000000000 P 2e3d7e621b864672aaa91ea2d0bbd1b9 [term 5 FOLLOWER]: Starting pre-election with config: opid_index: -1 OBSOLETE_local: false peers { permanent_uuid: "c31e774156b64c02922906e3e2985c89" member_type: VOTER last_known_addr { host: "127.112.245.254" port: 35995 } } peers { permanent_uuid: "6cd5de61888340e681a3e5cd19fad418" member_type: VOTER last_known_addr { host: "127.112.245.253" port: 50732 } } peers { permanent_uuid: "2e3d7e621b864672aaa91ea2d0bbd1b9" member_type: VOTER last_known_addr { host: "127.112.245.252" port: 58453 } }
I0227 17:26:07.240111 139033 leader_election.cc:292] T 00000000000000000000000000000000 P 2e3d7e621b864672aaa91ea2d0bbd1b9 [CANDIDATE]: Term 6 pre-election: Requested pre-vote from peers c31e774156b64c02922906e3e2985c89 (127.112.245.254:35995), 6cd5de61888340e681a3e5cd19fad418 (127.112.245.253:50732)
I0227 17:26:07.240617 137464 tablet_service.cc:1010] Received RequestConsensusVote() RPC: tablet_id: "00000000000000000000000000000000" candidate_uuid: "2e3d7e621b864672aaa91ea2d0bbd1b9" candidate_term: 6 candidate_status { last_received { term: 5 index: 25 } } ignore_live_leader: false dest_uuid: "6cd5de61888340e681a3e5cd19fad418" is_pre_election: true
I0227 17:26:07.240698 137464 raft_consensus.cc:2307] T 00000000000000000000000000000000 P 6cd5de61888340e681a3e5cd19fad418 [term 5 LEADER]: Leader pre-election vote request: Denying vote to candidate 2e3d7e621b864672aaa91ea2d0bbd1b9 for term 6 because replica is either leader or believes a valid leader to be alive.
W0227 17:26:07.757604 124104 leader_election.cc:337] T 00000000000000000000000000000000 P 2e3d7e621b864672aaa91ea2d0bbd1b9 [CANDIDATE]: Term 6 pre-election: RPC error from VoteRequest() call to peer c31e774156b64c02922906e3e2985c89 (127.112.245.254:35995): Timed out: RequestConsensusVote RPC to 127.112.245.254:35995 timed out after 0.516s (SENT)
I0227 17:26:07.757725 124104 leader_election.cc:306] T 00000000000000000000000000000000 P 2e3d7e621b864672aaa91ea2d0bbd1b9 [CANDIDATE]: Term 6 pre-election: Election decided. Result: candidate lost. Election summary: received 3 responses out of 3 voters: 1 yes votes; 2 no votes. yes voters: 2e3d7e621b864672aaa91ea2d0bbd1b9; no voters: 6cd5de61888340e681a3e5cd19fad418, c31e774156b64c02922906e3e2985c89
I0227 17:26:07.769222 139046 raft_consensus.cc:2588] T 00000000000000000000000000000000 P 2e3d7e621b864672aaa91ea2d0bbd1b9 [term 5 FOLLOWER]: Leader pre-election lost for term 6. Reason: could not achieve majority
I0227 17:26:09.627984 139320 raft_consensus.cc:472] T 00000000000000000000000000000000 P 2e3d7e621b864672aaa91ea2d0bbd1b9 [term 5 FOLLOWER]: Starting pre-election (detected failure of leader 6cd5de61888340e681a3e5cd19fad418)
I0227 17:26:09.628108 139320 raft_consensus.cc:494] T 00000000000000000000000000000000 P 2e3d7e621b864672aaa91ea2d0bbd1b9 [term 5 FOLLOWER]: Starting pre-election with config: opid_index: -1 OBSOLETE_local: false peers { permanent_uuid: "c31e774156b64c02922906e3e2985c89" member_type: VOTER last_known_addr { host: "127.112.245.254" port: 35995 } } peers { permanent_uuid: "6cd5de61888340e681a3e5cd19fad418" member_type: VOTER last_known_addr { host: "127.112.245.253" port: 50732 } } peers { permanent_uuid: "2e3d7e621b864672aaa91ea2d0bbd1b9" member_type: VOTER last_known_addr { host: "127.112.245.252" port: 58453 } }
I0227 17:26:09.628595 139320 leader_election.cc:292] T 00000000000000000000000000000000 P 2e3d7e621b864672aaa91ea2d0bbd1b9 [CANDIDATE]: Term 6 pre-election: Requested pre-vote from peers c31e774156b64c02922906e3e2985c89 (127.112.245.254:35995), 6cd5de61888340e681a3e5cd19fad418 (127.112.245.253:50732)
I0227 17:26:09.629140 137464 tablet_service.cc:1010] Received RequestConsensusVote() RPC: tablet_id: "00000000000000000000000000000000" candidate_uuid: "2e3d7e621b864672aaa91ea2d0bbd1b9" candidate_term: 6 candidate_status { last_received { term: 5 index: 25 } } ignore_live_leader: false dest_uuid: "6cd5de61888340e681a3e5cd19fad418" is_pre_election: true
I0227 17:26:09.629215 137464 raft_consensus.cc:2307] T 00000000000000000000000000000000 P 6cd5de61888340e681a3e5cd19fad418 [term 5 LEADER]: Leader pre-election vote request: Denying vote to candidate 2e3d7e621b864672aaa91ea2d0bbd1b9 for term 6 because replica is either leader or believes a valid leader to be alive.
W0227 17:26:10.171253 124104 leader_election.cc:337] T 00000000000000000000000000000000 P 2e3d7e621b864672aaa91ea2d0bbd1b9 [CANDIDATE]: Term 6 pre-election: RPC error from VoteRequest() call to peer c31e774156b64c02922906e3e2985c89 (127.112.245.254:35995): Timed out: RequestConsensusVote RPC to 127.112.245.254:35995 timed out after 0.541s (SENT)
I0227 17:26:10.171368 124104 leader_election.cc:306] T 00000000000000000000000000000000 P 2e3d7e621b864672aaa91ea2d0bbd1b9 [CANDIDATE]: Term 6 pre-election: Election decided. Result: candidate lost. Election summary: received 3 responses out of 3 voters: 1 yes votes; 2 no votes. yes voters: 2e3d7e621b864672aaa91ea2d0bbd1b9; no voters: 6cd5de61888340e681a3e5cd19fad418, c31e774156b64c02922906e3e2985c89
I0227 17:26:10.179255 139364 raft_consensus.cc:2588] T 00000000000000000000000000000000 P 2e3d7e621b864672aaa91ea2d0bbd1b9 [term 5 FOLLOWER]: Leader pre-election lost for term 6. Reason: could not achieve majority
I0227 17:26:11.255259 139683 raft_consensus.cc:472] T 00000000000000000000000000000000 P 2e3d7e621b864672aaa91ea2d0bbd1b9 [term 5 FOLLOWER]: Starting pre-election (detected failure of leader 6cd5de61888340e681a3e5cd19fad418)
I0227 17:26:11.255375 139683 raft_consensus.cc:494] T 00000000000000000000000000000000 P 2e3d7e621b864672aaa91ea2d0bbd1b9 [term 5 FOLLOWER]: Starting pre-election with config: opid_index: -1 OBSOLETE_local: false peers { permanent_uuid: "c31e774156b64c02922906e3e2985c89" member_type: VOTER last_known_addr { host: "127.112.245.254" port: 35995 } } peers { permanent_uuid: "6cd5de61888340e681a3e5cd19fad418" member_type: VOTER last_known_addr { host: "127.112.245.253" port: 50732 } } peers { permanent_uuid: "2e3d7e621b864672aaa91ea2d0bbd1b9" member_type: VOTER last_known_addr { host: "127.112.245.252" port: 58453 } }
I0227 17:26:11.255894 139683 leader_election.cc:292] T 00000000000000000000000000000000 P 2e3d7e621b864672aaa91ea2d0bbd1b9 [CANDIDATE]: Term 6 pre-election: Requested pre-vote from peers c31e774156b64c02922906e3e2985c89 (127.112.245.254:35995), 6cd5de61888340e681a3e5cd19fad418 (127.112.245.253:50732)
I0227 17:26:11.256356 137464 tablet_service.cc:1010] Received RequestConsensusVote() RPC: tablet_id: "00000000000000000000000000000000" candidate_uuid: "2e3d7e621b864672aaa91ea2d0bbd1b9" candidate_term: 6 candidate_status { last_received { term: 5 index: 25 } } ignore_live_leader: false dest_uuid: "6cd5de61888340e681a3e5cd19fad418" is_pre_election: true
I0227 17:26:11.256433 137464 raft_consensus.cc:2307] T 00000000000000000000000000000000 P 6cd5de61888340e681a3e5cd19fad418 [term 5 LEADER]: Leader pre-election vote request: Denying vote to candidate 2e3d7e621b864672aaa91ea2d0bbd1b9 for term 6 because replica is either leader or believes a valid leader to be alive.
W0227 17:26:11.289911 125414 master_proxy_rpc.cc:192] Re-attempting CreateTable request to leader Master (127.112.245.254:35995)
