I0227 17:26:11.394603 137454 catalog_manager.cc:1386] Servicing CreateTable request from {username='adar'} at 127.112.245.253:35523: name: "default.table_1_0" schema { columns { name: "key" type: INT32 is_key: true is_nullable: false encoding: AUTO_ENCODING compression: DEFAULT_COMPRESSION cfile_block_size: 0 } columns { name: "int_val" type: INT32 is_key: false is_nullable: false encoding: AUTO_ENCODING compression: DEFAULT_COMPRESSION cfile_block_size: 0 } columns { name: "string_val" type: STRING is_key: false is_nullable: false encoding: AUTO_ENCODING compression: DEFAULT_COMPRESSION cfile_block_size: 0 } } split_rows_range_bounds { } partition_schema { range_schema { columns { name: "key" } } }
W0227 17:26:11.397173 137454 catalog_manager.cc:1537] The number of live tablet servers is not enough to re-replicate a tablet replica of the newly created table default.table_1_0 in case of a server failure: 4 tablet servers would be needed, 3 are available. Consider bringing up more tablet servers.
I0227 17:26:11.512543 125316 tablet_service.cc:774] Processing CreateTablet for tablet 5c60704670c44ebf81ffea4c83d5a8d4 (table=default.table_1_0 [id=fc09c0e69c204983ad92186871b2f276]), partition=RANGE (key) PARTITION UNBOUNDED
I0227 17:26:11.512639 124778 tablet_service.cc:774] Processing CreateTablet for tablet 5c60704670c44ebf81ffea4c83d5a8d4 (table=default.table_1_0 [id=fc09c0e69c204983ad92186871b2f276]), partition=RANGE (key) PARTITION UNBOUNDED
I0227 17:26:11.512784 125316 data_dirs.cc:938] Could only allocate 1 dirs of requested 3 for tablet 5c60704670c44ebf81ffea4c83d5a8d4. 1 dirs total, 0 dirs full, 0 dirs failed
I0227 17:26:11.512853 124778 data_dirs.cc:938] Could only allocate 1 dirs of requested 3 for tablet 5c60704670c44ebf81ffea4c83d5a8d4. 1 dirs total, 0 dirs full, 0 dirs failed
I0227 17:26:11.514097 124988 tablet_service.cc:774] Processing CreateTablet for tablet 5c60704670c44ebf81ffea4c83d5a8d4 (table=default.table_1_0 [id=fc09c0e69c204983ad92186871b2f276]), partition=RANGE (key) PARTITION UNBOUNDED
I0227 17:26:11.514307 124988 data_dirs.cc:938] Could only allocate 1 dirs of requested 3 for tablet 5c60704670c44ebf81ffea4c83d5a8d4. 1 dirs total, 0 dirs full, 0 dirs failed
I0227 17:26:11.514678 124778 ts_tablet_manager.cc:1175] T 5c60704670c44ebf81ffea4c83d5a8d4 P 9f6459ebb80643b98e01844aa2fd6338: Registered tablet (data state: TABLET_DATA_READY)
I0227 17:26:11.514704 125316 ts_tablet_manager.cc:1175] T 5c60704670c44ebf81ffea4c83d5a8d4 P 9a4f55686db84876a066f455f6a41180: Registered tablet (data state: TABLET_DATA_READY)
I0227 17:26:11.514912 139750 ts_tablet_manager.cc:1030] T 5c60704670c44ebf81ffea4c83d5a8d4 P 9f6459ebb80643b98e01844aa2fd6338: Bootstrapping tablet
I0227 17:26:11.514930 139751 ts_tablet_manager.cc:1030] T 5c60704670c44ebf81ffea4c83d5a8d4 P 9a4f55686db84876a066f455f6a41180: Bootstrapping tablet
I0227 17:26:11.515035 139750 tablet_bootstrap.cc:439] T 5c60704670c44ebf81ffea4c83d5a8d4 P 9f6459ebb80643b98e01844aa2fd6338: Bootstrap starting.
I0227 17:26:11.515075 139751 tablet_bootstrap.cc:439] T 5c60704670c44ebf81ffea4c83d5a8d4 P 9a4f55686db84876a066f455f6a41180: Bootstrap starting.
I0227 17:26:11.516058 124988 ts_tablet_manager.cc:1175] T 5c60704670c44ebf81ffea4c83d5a8d4 P 39144add463f4fe89dc1ea42c778d8cf: Registered tablet (data state: TABLET_DATA_READY)
I0227 17:26:11.516103 139751 tablet_bootstrap.cc:593] T 5c60704670c44ebf81ffea4c83d5a8d4 P 9a4f55686db84876a066f455f6a41180: No blocks or log segments found. Creating new log.
I0227 17:26:11.516253 139752 ts_tablet_manager.cc:1030] T 5c60704670c44ebf81ffea4c83d5a8d4 P 39144add463f4fe89dc1ea42c778d8cf: Bootstrapping tablet
I0227 17:26:11.516258 139750 tablet_bootstrap.cc:593] T 5c60704670c44ebf81ffea4c83d5a8d4 P 9f6459ebb80643b98e01844aa2fd6338: No blocks or log segments found. Creating new log.
I0227 17:26:11.516336 139752 tablet_bootstrap.cc:439] T 5c60704670c44ebf81ffea4c83d5a8d4 P 39144add463f4fe89dc1ea42c778d8cf: Bootstrap starting.
I0227 17:26:11.517191 139752 tablet_bootstrap.cc:593] T 5c60704670c44ebf81ffea4c83d5a8d4 P 39144add463f4fe89dc1ea42c778d8cf: No blocks or log segments found. Creating new log.
I0227 17:26:11.517412 139751 tablet_bootstrap.cc:439] T 5c60704670c44ebf81ffea4c83d5a8d4 P 9a4f55686db84876a066f455f6a41180: No bootstrap required, opened a new log
I0227 17:26:11.517488 139751 ts_tablet_manager.cc:1047] T 5c60704670c44ebf81ffea4c83d5a8d4 P 9a4f55686db84876a066f455f6a41180: Time spent bootstrapping tablet: real 0.002s user 0.000s sys 0.001s
I0227 17:26:11.517721 139750 tablet_bootstrap.cc:439] T 5c60704670c44ebf81ffea4c83d5a8d4 P 9f6459ebb80643b98e01844aa2fd6338: No bootstrap required, opened a new log
I0227 17:26:11.517858 139750 ts_tablet_manager.cc:1047] T 5c60704670c44ebf81ffea4c83d5a8d4 P 9f6459ebb80643b98e01844aa2fd6338: Time spent bootstrapping tablet: real 0.003s user 0.001s sys 0.000s
I0227 17:26:11.517930 139751 raft_consensus.cc:340] T 5c60704670c44ebf81ffea4c83d5a8d4 P 9a4f55686db84876a066f455f6a41180 [term 0 FOLLOWER]: Replica starting. Triggering 0 pending transactions. Active config: opid_index: -1 OBSOLETE_local: false peers { permanent_uuid: "9f6459ebb80643b98e01844aa2fd6338" member_type: VOTER last_known_addr { host: "127.112.245.193" port: 55806 } } peers { permanent_uuid: "39144add463f4fe89dc1ea42c778d8cf" member_type: VOTER last_known_addr { host: "127.112.245.194" port: 55958 } } peers { permanent_uuid: "9a4f55686db84876a066f455f6a41180" member_type: VOTER last_known_addr { host: "127.112.245.195" port: 45942 } }
I0227 17:26:11.517951 139751 raft_consensus.cc:366] T 5c60704670c44ebf81ffea4c83d5a8d4 P 9a4f55686db84876a066f455f6a41180 [term 0 FOLLOWER]: Consensus starting up: Expiring failure detector timer to make a prompt election more likely
I0227 17:26:11.517969 139751 raft_consensus.cc:705] T 5c60704670c44ebf81ffea4c83d5a8d4 P 9a4f55686db84876a066f455f6a41180 [term 0 FOLLOWER]: Becoming Follower/Learner. State: Replica: 9a4f55686db84876a066f455f6a41180, State: Initialized, Role: FOLLOWER
I0227 17:26:11.518105 139751 consensus_queue.cc:229] T 5c60704670c44ebf81ffea4c83d5a8d4 P 9a4f55686db84876a066f455f6a41180 [NON_LEADER]: Queue going to NON_LEADER mode. State: All replicated index: 0, Majority replicated index: 0, Committed index: 0, Last appended: 0.0, Last appended by leader: 0, Current term: 0, Majority size: -1, State: 0, Mode: NON_LEADER, active raft config: opid_index: -1 OBSOLETE_local: false peers { permanent_uuid: "9f6459ebb80643b98e01844aa2fd6338" member_type: VOTER last_known_addr { host: "127.112.245.193" port: 55806 } } peers { permanent_uuid: "39144add463f4fe89dc1ea42c778d8cf" member_type: VOTER last_known_addr { host: "127.112.245.194" port: 55958 } } peers { permanent_uuid: "9a4f55686db84876a066f455f6a41180" member_type: VOTER last_known_addr { host: "127.112.245.195" port: 45942 } }
I0227 17:26:11.518250 139752 tablet_bootstrap.cc:439] T 5c60704670c44ebf81ffea4c83d5a8d4 P 39144add463f4fe89dc1ea42c778d8cf: No bootstrap required, opened a new log
I0227 17:26:11.518317 139752 ts_tablet_manager.cc:1047] T 5c60704670c44ebf81ffea4c83d5a8d4 P 39144add463f4fe89dc1ea42c778d8cf: Time spent bootstrapping tablet: real 0.002s user 0.000s sys 0.001s
I0227 17:26:11.518328 139751 ts_tablet_manager.cc:1075] T 5c60704670c44ebf81ffea4c83d5a8d4 P 9a4f55686db84876a066f455f6a41180: Time spent starting tablet: real 0.001s user 0.001s sys 0.000s
I0227 17:26:11.518779 139752 raft_consensus.cc:340] T 5c60704670c44ebf81ffea4c83d5a8d4 P 39144add463f4fe89dc1ea42c778d8cf [term 0 FOLLOWER]: Replica starting. Triggering 0 pending transactions. Active config: opid_index: -1 OBSOLETE_local: false peers { permanent_uuid: "9f6459ebb80643b98e01844aa2fd6338" member_type: VOTER last_known_addr { host: "127.112.245.193" port: 55806 } } peers { permanent_uuid: "39144add463f4fe89dc1ea42c778d8cf" member_type: VOTER last_known_addr { host: "127.112.245.194" port: 55958 } } peers { permanent_uuid: "9a4f55686db84876a066f455f6a41180" member_type: VOTER last_known_addr { host: "127.112.245.195" port: 45942 } }
I0227 17:26:11.518805 139752 raft_consensus.cc:366] T 5c60704670c44ebf81ffea4c83d5a8d4 P 39144add463f4fe89dc1ea42c778d8cf [term 0 FOLLOWER]: Consensus starting up: Expiring failure detector timer to make a prompt election more likely
I0227 17:26:11.518822 139752 raft_consensus.cc:705] T 5c60704670c44ebf81ffea4c83d5a8d4 P 39144add463f4fe89dc1ea42c778d8cf [term 0 FOLLOWER]: Becoming Follower/Learner. State: Replica: 39144add463f4fe89dc1ea42c778d8cf, State: Initialized, Role: FOLLOWER
I0227 17:26:11.518927 139750 raft_consensus.cc:340] T 5c60704670c44ebf81ffea4c83d5a8d4 P 9f6459ebb80643b98e01844aa2fd6338 [term 0 FOLLOWER]: Replica starting. Triggering 0 pending transactions. Active config: opid_index: -1 OBSOLETE_local: false peers { permanent_uuid: "9f6459ebb80643b98e01844aa2fd6338" member_type: VOTER last_known_addr { host: "127.112.245.193" port: 55806 } } peers { permanent_uuid: "39144add463f4fe89dc1ea42c778d8cf" member_type: VOTER last_known_addr { host: "127.112.245.194" port: 55958 } } peers { permanent_uuid: "9a4f55686db84876a066f455f6a41180" member_type: VOTER last_known_addr { host: "127.112.245.195" port: 45942 } }
I0227 17:26:11.518954 139752 consensus_queue.cc:229] T 5c60704670c44ebf81ffea4c83d5a8d4 P 39144add463f4fe89dc1ea42c778d8cf [NON_LEADER]: Queue going to NON_LEADER mode. State: All replicated index: 0, Majority replicated index: 0, Committed index: 0, Last appended: 0.0, Last appended by leader: 0, Current term: 0, Majority size: -1, State: 0, Mode: NON_LEADER, active raft config: opid_index: -1 OBSOLETE_local: false peers { permanent_uuid: "9f6459ebb80643b98e01844aa2fd6338" member_type: VOTER last_known_addr { host: "127.112.245.193" port: 55806 } } peers { permanent_uuid: "39144add463f4fe89dc1ea42c778d8cf" member_type: VOTER last_known_addr { host: "127.112.245.194" port: 55958 } } peers { permanent_uuid: "9a4f55686db84876a066f455f6a41180" member_type: VOTER last_known_addr { host: "127.112.245.195" port: 45942 } }
I0227 17:26:11.519135 139750 raft_consensus.cc:366] T 5c60704670c44ebf81ffea4c83d5a8d4 P 9f6459ebb80643b98e01844aa2fd6338 [term 0 FOLLOWER]: Consensus starting up: Expiring failure detector timer to make a prompt election more likely
I0227 17:26:11.519186 139752 ts_tablet_manager.cc:1075] T 5c60704670c44ebf81ffea4c83d5a8d4 P 39144add463f4fe89dc1ea42c778d8cf: Time spent starting tablet: real 0.001s user 0.000s sys 0.001s
I0227 17:26:11.519274 139750 raft_consensus.cc:705] T 5c60704670c44ebf81ffea4c83d5a8d4 P 9f6459ebb80643b98e01844aa2fd6338 [term 0 FOLLOWER]: Becoming Follower/Learner. State: Replica: 9f6459ebb80643b98e01844aa2fd6338, State: Initialized, Role: FOLLOWER
I0227 17:26:11.519696 139750 consensus_queue.cc:229] T 5c60704670c44ebf81ffea4c83d5a8d4 P 9f6459ebb80643b98e01844aa2fd6338 [NON_LEADER]: Queue going to NON_LEADER mode. State: All replicated index: 0, Majority replicated index: 0, Committed index: 0, Last appended: 0.0, Last appended by leader: 0, Current term: 0, Majority size: -1, State: 0, Mode: NON_LEADER, active raft config: opid_index: -1 OBSOLETE_local: false peers { permanent_uuid: "9f6459ebb80643b98e01844aa2fd6338" member_type: VOTER last_known_addr { host: "127.112.245.193" port: 55806 } } peers { permanent_uuid: "39144add463f4fe89dc1ea42c778d8cf" member_type: VOTER last_known_addr { host: "127.112.245.194" port: 55958 } } peers { permanent_uuid: "9a4f55686db84876a066f455f6a41180" member_type: VOTER last_known_addr { host: "127.112.245.195" port: 45942 } }
I0227 17:26:11.520449 139750 ts_tablet_manager.cc:1075] T 5c60704670c44ebf81ffea4c83d5a8d4 P 9f6459ebb80643b98e01844aa2fd6338: Time spent starting tablet: real 0.003s user 0.002s sys 0.001s
I0227 17:26:11.622689 139379 raft_consensus.cc:472] T 5c60704670c44ebf81ffea4c83d5a8d4 P 9a4f55686db84876a066f455f6a41180 [term 0 FOLLOWER]: Starting pre-election (no leader contacted us within the election timeout)
I0227 17:26:11.622817 139379 raft_consensus.cc:494] T 5c60704670c44ebf81ffea4c83d5a8d4 P 9a4f55686db84876a066f455f6a41180 [term 0 FOLLOWER]: Starting pre-election with config: opid_index: -1 OBSOLETE_local: false peers { permanent_uuid: "9f6459ebb80643b98e01844aa2fd6338" member_type: VOTER last_known_addr { host: "127.112.245.193" port: 55806 } } peers { permanent_uuid: "39144add463f4fe89dc1ea42c778d8cf" member_type: VOTER last_known_addr { host: "127.112.245.194" port: 55958 } } peers { permanent_uuid: "9a4f55686db84876a066f455f6a41180" member_type: VOTER last_known_addr { host: "127.112.245.195" port: 45942 } }
I0227 17:26:11.623333 139379 leader_election.cc:292] T 5c60704670c44ebf81ffea4c83d5a8d4 P 9a4f55686db84876a066f455f6a41180 [CANDIDATE]: Term 1 pre-election: Requested pre-vote from peers 9f6459ebb80643b98e01844aa2fd6338 (127.112.245.193:55806), 39144add463f4fe89dc1ea42c778d8cf (127.112.245.194:55958)
I0227 17:26:11.624095 124809 tablet_service.cc:1010] Received RequestConsensusVote() RPC: tablet_id: "5c60704670c44ebf81ffea4c83d5a8d4" candidate_uuid: "9a4f55686db84876a066f455f6a41180" candidate_term: 1 candidate_status { last_received { term: 0 index: 0 } } ignore_live_leader: false dest_uuid: "9f6459ebb80643b98e01844aa2fd6338" is_pre_election: true
I0227 17:26:11.624181 124809 raft_consensus.cc:2346] T 5c60704670c44ebf81ffea4c83d5a8d4 P 9f6459ebb80643b98e01844aa2fd6338 [term 0 FOLLOWER]: Leader pre-election vote request: Granting yes vote for candidate 9a4f55686db84876a066f455f6a41180 in term 0.
I0227 17:26:11.624490 125000 tablet_service.cc:1010] Received RequestConsensusVote() RPC: tablet_id: "5c60704670c44ebf81ffea4c83d5a8d4" candidate_uuid: "9a4f55686db84876a066f455f6a41180" candidate_term: 1 candidate_status { last_received { term: 0 index: 0 } } ignore_live_leader: false dest_uuid: "39144add463f4fe89dc1ea42c778d8cf" is_pre_election: true
I0227 17:26:11.624580 125000 raft_consensus.cc:2346] T 5c60704670c44ebf81ffea4c83d5a8d4 P 39144add463f4fe89dc1ea42c778d8cf [term 0 FOLLOWER]: Leader pre-election vote request: Granting yes vote for candidate 9a4f55686db84876a066f455f6a41180 in term 0.
I0227 17:26:11.624651 125257 leader_election.cc:306] T 5c60704670c44ebf81ffea4c83d5a8d4 P 9a4f55686db84876a066f455f6a41180 [CANDIDATE]: Term 1 pre-election: Election decided. Result: candidate won. Election summary: received 2 responses out of 3 voters: 2 yes votes; 0 no votes. yes voters: 9a4f55686db84876a066f455f6a41180, 9f6459ebb80643b98e01844aa2fd6338; no voters:
I0227 17:26:11.624809 139379 raft_consensus.cc:2640] T 5c60704670c44ebf81ffea4c83d5a8d4 P 9a4f55686db84876a066f455f6a41180 [term 0 FOLLOWER]: Leader pre-election won for term 1
I0227 17:26:11.624837 139379 raft_consensus.cc:472] T 5c60704670c44ebf81ffea4c83d5a8d4 P 9a4f55686db84876a066f455f6a41180 [term 0 FOLLOWER]: Starting leader election (no leader contacted us within the election timeout)
I0227 17:26:11.624867 139379 raft_consensus.cc:2886] T 5c60704670c44ebf81ffea4c83d5a8d4 P 9a4f55686db84876a066f455f6a41180 [term 0 FOLLOWER]: Advancing to term 1
I0227 17:26:11.625936 139379 raft_consensus.cc:494] T 5c60704670c44ebf81ffea4c83d5a8d4 P 9a4f55686db84876a066f455f6a41180 [term 1 FOLLOWER]: Starting leader election with config: opid_index: -1 OBSOLETE_local: false peers { permanent_uuid: "9f6459ebb80643b98e01844aa2fd6338" member_type: VOTER last_known_addr { host: "127.112.245.193" port: 55806 } } peers { permanent_uuid: "39144add463f4fe89dc1ea42c778d8cf" member_type: VOTER last_known_addr { host: "127.112.245.194" port: 55958 } } peers { permanent_uuid: "9a4f55686db84876a066f455f6a41180" member_type: VOTER last_known_addr { host: "127.112.245.195" port: 45942 } }
I0227 17:26:11.626328 139379 leader_election.cc:292] T 5c60704670c44ebf81ffea4c83d5a8d4 P 9a4f55686db84876a066f455f6a41180 [CANDIDATE]: Term 1 election: Requested vote from peers 9f6459ebb80643b98e01844aa2fd6338 (127.112.245.193:55806), 39144add463f4fe89dc1ea42c778d8cf (127.112.245.194:55958)
I0227 17:26:11.626904 124809 tablet_service.cc:1010] Received RequestConsensusVote() RPC: tablet_id: "5c60704670c44ebf81ffea4c83d5a8d4" candidate_uuid: "9a4f55686db84876a066f455f6a41180" candidate_term: 1 candidate_status { last_received { term: 0 index: 0 } } ignore_live_leader: false dest_uuid: "9f6459ebb80643b98e01844aa2fd6338"
I0227 17:26:11.626952 124809 raft_consensus.cc:2886] T 5c60704670c44ebf81ffea4c83d5a8d4 P 9f6459ebb80643b98e01844aa2fd6338 [term 0 FOLLOWER]: Advancing to term 1
I0227 17:26:11.627290 125000 tablet_service.cc:1010] Received RequestConsensusVote() RPC: tablet_id: "5c60704670c44ebf81ffea4c83d5a8d4" candidate_uuid: "9a4f55686db84876a066f455f6a41180" candidate_term: 1 candidate_status { last_received { term: 0 index: 0 } } ignore_live_leader: false dest_uuid: "39144add463f4fe89dc1ea42c778d8cf"
I0227 17:26:11.627343 125000 raft_consensus.cc:2886] T 5c60704670c44ebf81ffea4c83d5a8d4 P 39144add463f4fe89dc1ea42c778d8cf [term 0 FOLLOWER]: Advancing to term 1
I0227 17:26:11.628114 124809 raft_consensus.cc:2346] T 5c60704670c44ebf81ffea4c83d5a8d4 P 9f6459ebb80643b98e01844aa2fd6338 [term 1 FOLLOWER]: Leader election vote request: Granting yes vote for candidate 9a4f55686db84876a066f455f6a41180 in term 1.
I0227 17:26:11.628394 125000 raft_consensus.cc:2346] T 5c60704670c44ebf81ffea4c83d5a8d4 P 39144add463f4fe89dc1ea42c778d8cf [term 1 FOLLOWER]: Leader election vote request: Granting yes vote for candidate 9a4f55686db84876a066f455f6a41180 in term 1.
I0227 17:26:11.628621 125257 leader_election.cc:306] T 5c60704670c44ebf81ffea4c83d5a8d4 P 9a4f55686db84876a066f455f6a41180 [CANDIDATE]: Term 1 election: Election decided. Result: candidate won. Election summary: received 2 responses out of 3 voters: 2 yes votes; 0 no votes. yes voters: 9a4f55686db84876a066f455f6a41180, 9f6459ebb80643b98e01844aa2fd6338; no voters:
I0227 17:26:11.628787 139379 raft_consensus.cc:2640] T 5c60704670c44ebf81ffea4c83d5a8d4 P 9a4f55686db84876a066f455f6a41180 [term 1 FOLLOWER]: Leader election won for term 1
I0227 17:26:11.629010 139379 raft_consensus.cc:667] T 5c60704670c44ebf81ffea4c83d5a8d4 P 9a4f55686db84876a066f455f6a41180 [term 1 LEADER]: Becoming Leader. State: Replica: 9a4f55686db84876a066f455f6a41180, State: Running, Role: LEADER
I0227 17:26:11.629179 139379 consensus_queue.cc:206] T 5c60704670c44ebf81ffea4c83d5a8d4 P 9a4f55686db84876a066f455f6a41180 [LEADER]: Queue going to LEADER mode. State: All replicated index: 0, Majority replicated index: 0, Committed index: 0, Last appended: 0.0, Last appended by leader: 0, Current term: 1, Majority size: 2, State: 0, Mode: LEADER, active raft config: opid_index: -1 OBSOLETE_local: false peers { permanent_uuid: "9f6459ebb80643b98e01844aa2fd6338" member_type: VOTER last_known_addr { host: "127.112.245.193" port: 55806 } } peers { permanent_uuid: "39144add463f4fe89dc1ea42c778d8cf" member_type: VOTER last_known_addr { host: "127.112.245.194" port: 55958 } } peers { permanent_uuid: "9a4f55686db84876a066f455f6a41180" member_type: VOTER last_known_addr { host: "127.112.245.195" port: 45942 } }
I0227 17:26:11.630887 137453 catalog_manager.cc:3791] T 5c60704670c44ebf81ffea4c83d5a8d4 P 9a4f55686db84876a066f455f6a41180 reported cstate change: term changed from 0 to 1, leader changed from to 9a4f55686db84876a066f455f6a41180 (127.112.245.195). New cstate: current_term: 1 leader_uuid: "9a4f55686db84876a066f455f6a41180" committed_config { opid_index: -1 OBSOLETE_local: false peers { permanent_uuid: "9f6459ebb80643b98e01844aa2fd6338" member_type: VOTER last_known_addr { host: "127.112.245.193" port: 55806 } health_report { overall_health: UNKNOWN } } peers { permanent_uuid: "39144add463f4fe89dc1ea42c778d8cf" member_type: VOTER last_known_addr { host: "127.112.245.194" port: 55958 } health_report { overall_health: UNKNOWN } } peers { permanent_uuid: "9a4f55686db84876a066f455f6a41180" member_type: VOTER last_known_addr { host: "127.112.245.195" port: 45942 } health_report { overall_health: HEALTHY } } }
W0227 17:26:11.658609 125299 tablet_service.cc:1915] Rejecting scan request for tablet 5c60704670c44ebf81ffea4c83d5a8d4: Uninitialized: safe time has not yet been initialized
W0227 17:26:11.831951 124104 leader_election.cc:337] T 00000000000000000000000000000000 P 2e3d7e621b864672aaa91ea2d0bbd1b9 [CANDIDATE]: Term 6 pre-election: RPC error from VoteRequest() call to peer c31e774156b64c02922906e3e2985c89 (127.112.245.254:35995): Timed out: RequestConsensusVote RPC to 127.112.245.254:35995 timed out after 0.575s (SENT)
I0227 17:26:11.832093 124104 leader_election.cc:306] T 00000000000000000000000000000000 P 2e3d7e621b864672aaa91ea2d0bbd1b9 [CANDIDATE]: Term 6 pre-election: Election decided. Result: candidate lost. Election summary: received 3 responses out of 3 voters: 1 yes votes; 2 no votes. yes voters: 2e3d7e621b864672aaa91ea2d0bbd1b9; no voters: 6cd5de61888340e681a3e5cd19fad418, c31e774156b64c02922906e3e2985c89
I0227 17:26:11.832479 139770 raft_consensus.cc:2588] T 00000000000000000000000000000000 P 2e3d7e621b864672aaa91ea2d0bbd1b9 [term 5 FOLLOWER]: Leader pre-election lost for term 6. Reason: could not achieve majority
W0227 17:26:11.860286 125299 tablet_service.cc:1915] Rejecting scan request for tablet 5c60704670c44ebf81ffea4c83d5a8d4: Uninitialized: safe time has not yet been initialized
I0227 17:26:12.034621 125000 raft_consensus.cc:1181] T 5c60704670c44ebf81ffea4c83d5a8d4 P 39144add463f4fe89dc1ea42c778d8cf [term 1 FOLLOWER]: Refusing update from remote peer 9a4f55686db84876a066f455f6a41180: Log matching property violated. Preceding OpId in replica: term: 0 index: 0. Preceding OpId from leader: term: 1 index: 1. (index mismatch)
I0227 17:26:12.035269 139379 consensus_queue.cc:984] T 5c60704670c44ebf81ffea4c83d5a8d4 P 9a4f55686db84876a066f455f6a41180 [LEADER]: Connected to new peer: Peer: permanent_uuid: "39144add463f4fe89dc1ea42c778d8cf" member_type: VOTER last_known_addr { host: "127.112.245.194" port: 55958 }, Status: LMP_MISMATCH, Last received: 0.0, Next index: 1, Last known committed idx: 0, Time since last communication: 0.000s
I0227 17:26:12.041556 124809 raft_consensus.cc:1181] T 5c60704670c44ebf81ffea4c83d5a8d4 P 9f6459ebb80643b98e01844aa2fd6338 [term 1 FOLLOWER]: Refusing update from remote peer 9a4f55686db84876a066f455f6a41180: Log matching property violated. Preceding OpId in replica: term: 0 index: 0. Preceding OpId from leader: term: 1 index: 1. (index mismatch)
I0227 17:26:12.042809 139379 consensus_queue.cc:984] T 5c60704670c44ebf81ffea4c83d5a8d4 P 9a4f55686db84876a066f455f6a41180 [LEADER]: Connected to new peer: Peer: permanent_uuid: "9f6459ebb80643b98e01844aa2fd6338" member_type: VOTER last_known_addr { host: "127.112.245.193" port: 55806 }, Status: LMP_MISMATCH, Last received: 0.0, Next index: 1, Last known committed idx: 0, Time since last communication: 0.000s
I0227 17:26:12.263243 138158 raft_consensus.cc:472] T 00000000000000000000000000000000 P c31e774156b64c02922906e3e2985c89 [term 5 FOLLOWER]: Starting pre-election (no leader contacted us within the election timeout)
I0227 17:26:12.263343 138158 raft_consensus.cc:494] T 00000000000000000000000000000000 P c31e774156b64c02922906e3e2985c89 [term 5 FOLLOWER]: Starting pre-election with config: opid_index: -1 OBSOLETE_local: false peers { permanent_uuid: "c31e774156b64c02922906e3e2985c89" member_type: VOTER last_known_addr { host: "127.112.245.254" port: 35995 } } peers { permanent_uuid: "6cd5de61888340e681a3e5cd19fad418" member_type: VOTER last_known_addr { host: "127.112.245.253" port: 50732 } } peers { permanent_uuid: "2e3d7e621b864672aaa91ea2d0bbd1b9" member_type: VOTER last_known_addr { host: "127.112.245.252" port: 58453 } }
I0227 17:26:12.263443 126660 tablet_service.cc:1010] Received RequestConsensusVote() RPC: tablet_id: "00000000000000000000000000000000" candidate_uuid: "2e3d7e621b864672aaa91ea2d0bbd1b9" candidate_term: 6 candidate_status { last_received { term: 4 index: 24 } } ignore_live_leader: false dest_uuid: "c31e774156b64c02922906e3e2985c89" is_pre_election: true
I0227 17:26:12.263526 126662 raft_consensus.cc:1181] T 00000000000000000000000000000000 P c31e774156b64c02922906e3e2985c89 [term 5 FOLLOWER]: Refusing update from remote peer 6cd5de61888340e681a3e5cd19fad418: Log matching property violated. Preceding OpId in replica: term: 4 index: 24. Preceding OpId from leader: term: 5 index: 25. (index mismatch)
I0227 17:26:12.263588 126654 tablet_service.cc:1010] Received RequestConsensusVote() RPC: tablet_id: "00000000000000000000000000000000" candidate_uuid: "2e3d7e621b864672aaa91ea2d0bbd1b9" candidate_term: 6 candidate_status { last_received { term: 5 index: 25 } } ignore_live_leader: false dest_uuid: "c31e774156b64c02922906e3e2985c89" is_pre_election: true
I0227 17:26:12.263670 126654 raft_consensus.cc:2346] T 00000000000000000000000000000000 P c31e774156b64c02922906e3e2985c89 [term 5 FOLLOWER]: Leader pre-election vote request: Granting yes vote for candidate 2e3d7e621b864672aaa91ea2d0bbd1b9 in term 5.
I0227 17:26:12.263726 126660 raft_consensus.cc:2321] T 00000000000000000000000000000000 P c31e774156b64c02922906e3e2985c89 [term 5 FOLLOWER]: Leader pre-election vote request: Denying vote to candidate 2e3d7e621b864672aaa91ea2d0bbd1b9 for term 6 because replica is already servicing an update from a current leader or another vote.
I0227 17:26:12.263731 126661 tablet_service.cc:1010] Received RequestConsensusVote() RPC: tablet_id: "00000000000000000000000000000000" candidate_uuid: "2e3d7e621b864672aaa91ea2d0bbd1b9" candidate_term: 6 candidate_status { last_received { term: 5 index: 25 } } ignore_live_leader: false dest_uuid: "c31e774156b64c02922906e3e2985c89" is_pre_election: true
I0227 17:26:12.263806 126661 raft_consensus.cc:2346] T 00000000000000000000000000000000 P c31e774156b64c02922906e3e2985c89 [term 5 FOLLOWER]: Leader pre-election vote request: Granting yes vote for candidate 2e3d7e621b864672aaa91ea2d0bbd1b9 in term 5.
I0227 17:26:12.263808 138158 leader_election.cc:292] T 00000000000000000000000000000000 P c31e774156b64c02922906e3e2985c89 [CANDIDATE]: Term 6 pre-election: Requested pre-vote from peers 6cd5de61888340e681a3e5cd19fad418 (127.112.245.253:50732), 2e3d7e621b864672aaa91ea2d0bbd1b9 (127.112.245.252:58453)
I0227 17:26:12.263898 126662 tablet_service.cc:1010] Received RequestConsensusVote() RPC: tablet_id: "00000000000000000000000000000000" candidate_uuid: "2e3d7e621b864672aaa91ea2d0bbd1b9" candidate_term: 6 candidate_status { last_received { term: 5 index: 25 } } ignore_live_leader: false dest_uuid: "c31e774156b64c02922906e3e2985c89" is_pre_election: true
I0227 17:26:12.263953 126662 raft_consensus.cc:2346] T 00000000000000000000000000000000 P c31e774156b64c02922906e3e2985c89 [term 5 FOLLOWER]: Leader pre-election vote request: Granting yes vote for candidate 2e3d7e621b864672aaa91ea2d0bbd1b9 in term 5.
I0227 17:26:12.264053 126661 tablet_service.cc:1010] Received RequestConsensusVote() RPC: tablet_id: "00000000000000000000000000000000" candidate_uuid: "2e3d7e621b864672aaa91ea2d0bbd1b9" candidate_term: 6 candidate_status { last_received { term: 5 index: 25 } } ignore_live_leader: false dest_uuid: "c31e774156b64c02922906e3e2985c89" is_pre_election: true
I0227 17:26:12.264123 126661 raft_consensus.cc:2346] T 00000000000000000000000000000000 P c31e774156b64c02922906e3e2985c89 [term 5 FOLLOWER]: Leader pre-election vote request: Granting yes vote for candidate 2e3d7e621b864672aaa91ea2d0bbd1b9 in term 5.
I0227 17:26:12.264189 126662 tablet_service.cc:1010] Received RequestConsensusVote() RPC: tablet_id: "00000000000000000000000000000000" candidate_uuid: "2e3d7e621b864672aaa91ea2d0bbd1b9" candidate_term: 6 candidate_status { last_received { term: 5 index: 25 } } ignore_live_leader: false dest_uuid: "c31e774156b64c02922906e3e2985c89" is_pre_election: true
I0227 17:26:12.264253 126662 raft_consensus.cc:2346] T 00000000000000000000000000000000 P c31e774156b64c02922906e3e2985c89 [term 5 FOLLOWER]: Leader pre-election vote request: Granting yes vote for candidate 2e3d7e621b864672aaa91ea2d0bbd1b9 in term 5.
I0227 17:26:12.264489 124214 tablet_service.cc:1010] Received RequestConsensusVote() RPC: tablet_id: "00000000000000000000000000000000" candidate_uuid: "c31e774156b64c02922906e3e2985c89" candidate_term: 6 candidate_status { last_received { term: 4 index: 24 } } ignore_live_leader: false dest_uuid: "2e3d7e621b864672aaa91ea2d0bbd1b9" is_pre_election: true
I0227 17:26:12.264554 126662 tablet_service.cc:1010] Received RequestConsensusVote() RPC: tablet_id: "00000000000000000000000000000000" candidate_uuid: "2e3d7e621b864672aaa91ea2d0bbd1b9" candidate_term: 6 candidate_status { last_received { term: 5 index: 25 } } ignore_live_leader: false dest_uuid: "c31e774156b64c02922906e3e2985c89" is_pre_election: true
I0227 17:26:12.264572 124214 raft_consensus.cc:2307] T 00000000000000000000000000000000 P 2e3d7e621b864672aaa91ea2d0bbd1b9 [term 5 FOLLOWER]: Leader pre-election vote request: Denying vote to candidate c31e774156b64c02922906e3e2985c89 for term 6 because replica is either leader or believes a valid leader to be alive.
I0227 17:26:12.264614 126662 raft_consensus.cc:2346] T 00000000000000000000000000000000 P c31e774156b64c02922906e3e2985c89 [term 5 FOLLOWER]: Leader pre-election vote request: Granting yes vote for candidate 2e3d7e621b864672aaa91ea2d0bbd1b9 in term 5.
I0227 17:26:12.265413 125384 heartbeater.cc:345] Connected to a master server at 127.112.245.254:35995
I0227 17:26:12.266091 124857 heartbeater.cc:345] Connected to a master server at 127.112.245.254:35995
I0227 17:26:12.266443 125070 heartbeater.cc:345] Connected to a master server at 127.112.245.254:35995
I0227 17:26:12.721029 140292 raft_consensus.cc:472] T 00000000000000000000000000000000 P 2e3d7e621b864672aaa91ea2d0bbd1b9 [term 5 FOLLOWER]: Starting pre-election (detected failure of leader 6cd5de61888340e681a3e5cd19fad418)
I0227 17:26:12.721323 140292 raft_consensus.cc:494] T 00000000000000000000000000000000 P 2e3d7e621b864672aaa91ea2d0bbd1b9 [term 5 FOLLOWER]: Starting pre-election with config: opid_index: -1 OBSOLETE_local: false peers { permanent_uuid: "c31e774156b64c02922906e3e2985c89" member_type: VOTER last_known_addr { host: "127.112.245.254" port: 35995 } } peers { permanent_uuid: "6cd5de61888340e681a3e5cd19fad418" member_type: VOTER last_known_addr { host: "127.112.245.253" port: 50732 } } peers { permanent_uuid: "2e3d7e621b864672aaa91ea2d0bbd1b9" member_type: VOTER last_known_addr { host: "127.112.245.252" port: 58453 } }
I0227 17:26:12.722126 140292 leader_election.cc:292] T 00000000000000000000000000000000 P 2e3d7e621b864672aaa91ea2d0bbd1b9 [CANDIDATE]: Term 6 pre-election: Requested pre-vote from peers c31e774156b64c02922906e3e2985c89 (127.112.245.254:35995), 6cd5de61888340e681a3e5cd19fad418 (127.112.245.253:50732)
I0227 17:26:12.722601 126662 tablet_service.cc:1010] Received RequestConsensusVote() RPC: tablet_id: "00000000000000000000000000000000" candidate_uuid: "2e3d7e621b864672aaa91ea2d0bbd1b9" candidate_term: 6 candidate_status { last_received { term: 5 index: 29 } } ignore_live_leader: false dest_uuid: "c31e774156b64c02922906e3e2985c89" is_pre_election: true
I0227 17:26:12.722735 126662 raft_consensus.cc:2346] T 00000000000000000000000000000000 P c31e774156b64c02922906e3e2985c89 [term 5 FOLLOWER]: Leader pre-election vote request: Granting yes vote for candidate 2e3d7e621b864672aaa91ea2d0bbd1b9 in term 5.
I0227 17:26:12.723156 124104 leader_election.cc:306] T 00000000000000000000000000000000 P 2e3d7e621b864672aaa91ea2d0bbd1b9 [CANDIDATE]: Term 6 pre-election: Election decided. Result: candidate won. Election summary: received 2 responses out of 3 voters: 2 yes votes; 0 no votes. yes voters: 2e3d7e621b864672aaa91ea2d0bbd1b9, c31e774156b64c02922906e3e2985c89; no voters:
I0227 17:26:12.723320 140292 raft_consensus.cc:2640] T 00000000000000000000000000000000 P 2e3d7e621b864672aaa91ea2d0bbd1b9 [term 5 FOLLOWER]: Leader pre-election won for term 6
I0227 17:26:12.723361 140292 raft_consensus.cc:472] T 00000000000000000000000000000000 P 2e3d7e621b864672aaa91ea2d0bbd1b9 [term 5 FOLLOWER]: Starting leader election (detected failure of leader 6cd5de61888340e681a3e5cd19fad418)
I0227 17:26:12.723410 140292 raft_consensus.cc:2886] T 00000000000000000000000000000000 P 2e3d7e621b864672aaa91ea2d0bbd1b9 [term 5 FOLLOWER]: Advancing to term 6
I0227 17:26:12.724828 140292 raft_consensus.cc:494] T 00000000000000000000000000000000 P 2e3d7e621b864672aaa91ea2d0bbd1b9 [term 6 FOLLOWER]: Starting leader election with config: opid_index: -1 OBSOLETE_local: false peers { permanent_uuid: "c31e774156b64c02922906e3e2985c89" member_type: VOTER last_known_addr { host: "127.112.245.254" port: 35995 } } peers { permanent_uuid: "6cd5de61888340e681a3e5cd19fad418" member_type: VOTER last_known_addr { host: "127.112.245.253" port: 50732 } } peers { permanent_uuid: "2e3d7e621b864672aaa91ea2d0bbd1b9" member_type: VOTER last_known_addr { host: "127.112.245.252" port: 58453 } }
I0227 17:26:12.725399 140292 leader_election.cc:292] T 00000000000000000000000000000000 P 2e3d7e621b864672aaa91ea2d0bbd1b9 [CANDIDATE]: Term 6 election: Requested vote from peers c31e774156b64c02922906e3e2985c89 (127.112.245.254:35995), 6cd5de61888340e681a3e5cd19fad418 (127.112.245.253:50732)
I0227 17:26:12.725714 126662 tablet_service.cc:1010] Received RequestConsensusVote() RPC: tablet_id: "00000000000000000000000000000000" candidate_uuid: "2e3d7e621b864672aaa91ea2d0bbd1b9" candidate_term: 6 candidate_status { last_received { term: 5 index: 29 } } ignore_live_leader: false dest_uuid: "c31e774156b64c02922906e3e2985c89"
I0227 17:26:12.725809 126662 raft_consensus.cc:2886] T 00000000000000000000000000000000 P c31e774156b64c02922906e3e2985c89 [term 5 FOLLOWER]: Advancing to term 6
I0227 17:26:12.727957 126662 raft_consensus.cc:2346] T 00000000000000000000000000000000 P c31e774156b64c02922906e3e2985c89 [term 6 FOLLOWER]: Leader election vote request: Granting yes vote for candidate 2e3d7e621b864672aaa91ea2d0bbd1b9 in term 6.
I0227 17:26:12.728384 124104 leader_election.cc:306] T 00000000000000000000000000000000 P 2e3d7e621b864672aaa91ea2d0bbd1b9 [CANDIDATE]: Term 6 election: Election decided. Result: candidate won. Election summary: received 2 responses out of 3 voters: 2 yes votes; 0 no votes. yes voters: 2e3d7e621b864672aaa91ea2d0bbd1b9, c31e774156b64c02922906e3e2985c89; no voters:
I0227 17:26:12.728606 140292 raft_consensus.cc:2640] T 00000000000000000000000000000000 P 2e3d7e621b864672aaa91ea2d0bbd1b9 [term 6 FOLLOWER]: Leader election won for term 6
I0227 17:26:12.728857 140292 raft_consensus.cc:667] T 00000000000000000000000000000000 P 2e3d7e621b864672aaa91ea2d0bbd1b9 [term 6 LEADER]: Becoming Leader. State: Replica: 2e3d7e621b864672aaa91ea2d0bbd1b9, State: Running, Role: LEADER
I0227 17:26:12.729218 140292 consensus_queue.cc:206] T 00000000000000000000000000000000 P 2e3d7e621b864672aaa91ea2d0bbd1b9 [LEADER]: Queue going to LEADER mode. State: All replicated index: 0, Majority replicated index: 29, Committed index: 29, Last appended: 5.29, Last appended by leader: 29, Current term: 6, Majority size: 2, State: 0, Mode: LEADER, active raft config: opid_index: -1 OBSOLETE_local: false peers { permanent_uuid: "c31e774156b64c02922906e3e2985c89" member_type: VOTER last_known_addr { host: "127.112.245.254" port: 35995 } } peers { permanent_uuid: "6cd5de61888340e681a3e5cd19fad418" member_type: VOTER last_known_addr { host: "127.112.245.253" port: 50732 } } peers { permanent_uuid: "2e3d7e621b864672aaa91ea2d0bbd1b9" member_type: VOTER last_known_addr { host: "127.112.245.252" port: 58453 } }
I0227 17:26:12.730525 140294 sys_catalog.cc:337] T 00000000000000000000000000000000 P 2e3d7e621b864672aaa91ea2d0bbd1b9 [sys.catalog]: SysCatalogTable state changed. Reason: New leader 2e3d7e621b864672aaa91ea2d0bbd1b9. Latest consensus state: current_term: 6 leader_uuid: "2e3d7e621b864672aaa91ea2d0bbd1b9" committed_config { opid_index: -1 OBSOLETE_local: false peers { permanent_uuid: "c31e774156b64c02922906e3e2985c89" member_type: VOTER last_known_addr { host: "127.112.245.254" port: 35995 } } peers { permanent_uuid: "6cd5de61888340e681a3e5cd19fad418" member_type: VOTER last_known_addr { host: "127.112.245.253" port: 50732 } } peers { permanent_uuid: "2e3d7e621b864672aaa91ea2d0bbd1b9" member_type: VOTER last_known_addr { host: "127.112.245.252" port: 58453 } } }
I0227 17:26:12.730552 140294 sys_catalog.cc:340] T 00000000000000000000000000000000 P 2e3d7e621b864672aaa91ea2d0bbd1b9 [sys.catalog]: This master's current role is: LEADER
I0227 17:26:12.730794 140296 catalog_manager.cc:1046] Loading table and tablet metadata into memory...
I0227 17:26:12.731938 140296 catalog_manager.cc:347] Loaded metadata for table default.table_1 [id=7189818660584405852c5a4249b8601d]
I0227 17:26:12.732069 140296 catalog_manager.cc:347] Loaded metadata for table default.table_0 [id=bc75674adf8e42de8857bcba6d648867]
I0227 17:26:12.732198 140296 catalog_manager.cc:347] Loaded metadata for table default.table_0_2 [id=c00fb13ccb9d43a6872d134e76f8bb45]
I0227 17:26:12.732312 140296 catalog_manager.cc:347] Loaded metadata for table default.table_0_0 [id=d18d4af2ae47433f9af25b21a92b3c31]
I0227 17:26:12.732431 140296 catalog_manager.cc:347] Loaded metadata for table default.table_0_1 [id=d8ec01a9c6424f27a548a16c9f453c4b]
I0227 17:26:12.732547 140296 catalog_manager.cc:347] Loaded metadata for table default.table_1_0 [id=fc09c0e69c204983ad92186871b2f276]
I0227 17:26:12.733278 140296 catalog_manager.cc:401] Loaded metadata for tablet 5c60704670c44ebf81ffea4c83d5a8d4 (table default.table_1_0 [id=fc09c0e69c204983ad92186871b2f276])
I0227 17:26:12.733412 140296 catalog_manager.cc:401] Loaded metadata for tablet 8c4950a6e6e54bc59d6e40c00df12fab (table default.table_0_1 [id=d8ec01a9c6424f27a548a16c9f453c4b])
I0227 17:26:12.733541 140296 catalog_manager.cc:401] Loaded metadata for tablet 9808ecd2a4be428290fa53bb51dd17d4 (table default.table_0_0 [id=d18d4af2ae47433f9af25b21a92b3c31])
I0227 17:26:12.733667 140296 catalog_manager.cc:401] Loaded metadata for tablet bf54e38e762844a18884463d41a59bf2 (table default.table_0_2 [id=c00fb13ccb9d43a6872d134e76f8bb45])
I0227 17:26:12.733789 140296 catalog_manager.cc:401] Loaded metadata for tablet dd3249f630b848c8b1efd3a68065de81 (table default.table_1 [id=7189818660584405852c5a4249b8601d])
I0227 17:26:12.733912 140296 catalog_manager.cc:401] Loaded metadata for tablet fcd66b3d06b5442b9b1b4d34c6d0667b (table default.table_0 [id=bc75674adf8e42de8857bcba6d648867])
I0227 17:26:12.734038 140296 catalog_manager.cc:1057] Initializing Kudu internal certificate authority...
I0227 17:26:12.734854 140296 catalog_manager.cc:1066] Loading token signing keys...
I0227 17:26:12.735421 140296 catalog_manager.cc:4106] T 00000000000000000000000000000000 P 2e3d7e621b864672aaa91ea2d0bbd1b9: Loaded TSK: 0
I0227 17:26:12.735641 140296 catalog_manager.cc:1077] Loading latest processed Hive Metastore notification log event ID...
W0227 17:26:12.792680 126593 leader_election.cc:337] T 00000000000000000000000000000000 P c31e774156b64c02922906e3e2985c89 [CANDIDATE]: Term 6 pre-election: RPC error from VoteRequest() call to peer 6cd5de61888340e681a3e5cd19fad418 (127.112.245.253:50732): Timed out: RequestConsensusVote RPC to 127.112.245.253:50732 timed out after 0.528s (SENT)
I0227 17:26:12.792753 126593 leader_election.cc:306] T 00000000000000000000000000000000 P c31e774156b64c02922906e3e2985c89 [CANDIDATE]: Term 6 pre-election: Election decided. Result: candidate lost. Election summary: received 3 responses out of 3 voters: 1 yes votes; 2 no votes. yes voters: c31e774156b64c02922906e3e2985c89; no voters: 2e3d7e621b864672aaa91ea2d0bbd1b9, 6cd5de61888340e681a3e5cd19fad418
I0227 17:26:12.793036 140420 raft_consensus.cc:2588] T 00000000000000000000000000000000 P c31e774156b64c02922906e3e2985c89 [term 6 FOLLOWER]: Leader pre-election lost for term 6. Reason: could not achieve majority
W0227 17:26:13.234736 124105 leader_election.cc:337] T 00000000000000000000000000000000 P 2e3d7e621b864672aaa91ea2d0bbd1b9 [CANDIDATE]: Term 6 pre-election: RPC error from VoteRequest() call to peer 6cd5de61888340e681a3e5cd19fad418 (127.112.245.253:50732): Timed out: RequestConsensusVote RPC to 127.112.245.253:50732 timed out after 0.512s (SENT)
I0227 17:26:13.276347 126662 raft_consensus.cc:1181] T 00000000000000000000000000000000 P c31e774156b64c02922906e3e2985c89 [term 6 FOLLOWER]: Refusing update from remote peer 2e3d7e621b864672aaa91ea2d0bbd1b9: Log matching property violated. Preceding OpId in replica: term: 4 index: 24. Preceding OpId from leader: term: 6 index: 30. (index mismatch)
I0227 17:26:13.276819 140639 consensus_queue.cc:984] T 00000000000000000000000000000000 P 2e3d7e621b864672aaa91ea2d0bbd1b9 [LEADER]: Connected to new peer: Peer: permanent_uuid: "c31e774156b64c02922906e3e2985c89" member_type: VOTER last_known_addr { host: "127.112.245.254" port: 35995 }, Status: LMP_MISMATCH, Last received: 0.0, Next index: 30, Last known committed idx: 24, Time since last communication: 0.000s
I0227 17:26:13.279019 140646 sys_catalog.cc:337] T 00000000000000000000000000000000 P c31e774156b64c02922906e3e2985c89 [sys.catalog]: SysCatalogTable state changed. Reason: Replicated consensus-only round. Latest consensus state: current_term: 6 leader_uuid: "2e3d7e621b864672aaa91ea2d0bbd1b9" committed_config { opid_index: -1 OBSOLETE_local: false peers { permanent_uuid: "c31e774156b64c02922906e3e2985c89" member_type: VOTER last_known_addr { host: "127.112.245.254" port: 35995 } } peers { permanent_uuid: "6cd5de61888340e681a3e5cd19fad418" member_type: VOTER last_known_addr { host: "127.112.245.253" port: 50732 } } peers { permanent_uuid: "2e3d7e621b864672aaa91ea2d0bbd1b9" member_type: VOTER last_known_addr { host: "127.112.245.252" port: 58453 } } }
I0227 17:26:13.279062 140646 sys_catalog.cc:340] T 00000000000000000000000000000000 P c31e774156b64c02922906e3e2985c89 [sys.catalog]: This master's current role is: FOLLOWER
I0227 17:26:13.279287 140420 sys_catalog.cc:337] T 00000000000000000000000000000000 P c31e774156b64c02922906e3e2985c89 [sys.catalog]: SysCatalogTable state changed. Reason: New leader 2e3d7e621b864672aaa91ea2d0bbd1b9. Latest consensus state: current_term: 6 leader_uuid: "2e3d7e621b864672aaa91ea2d0bbd1b9" committed_config { opid_index: -1 OBSOLETE_local: false peers { permanent_uuid: "c31e774156b64c02922906e3e2985c89" member_type: VOTER last_known_addr { host: "127.112.245.254" port: 35995 } } peers { permanent_uuid: "6cd5de61888340e681a3e5cd19fad418" member_type: VOTER last_known_addr { host: "127.112.245.253" port: 50732 } } peers { permanent_uuid: "2e3d7e621b864672aaa91ea2d0bbd1b9" member_type: VOTER last_known_addr { host: "127.112.245.252" port: 58453 } } }
I0227 17:26:13.279314 140420 sys_catalog.cc:340] T 00000000000000000000000000000000 P c31e774156b64c02922906e3e2985c89 [sys.catalog]: This master's current role is: FOLLOWER
I0227 17:26:13.279945 140647 sys_catalog.cc:337] T 00000000000000000000000000000000 P 2e3d7e621b864672aaa91ea2d0bbd1b9 [sys.catalog]: SysCatalogTable state changed. Reason: Peer health change. Latest consensus state: current_term: 6 leader_uuid: "2e3d7e621b864672aaa91ea2d0bbd1b9" committed_config { opid_index: -1 OBSOLETE_local: false peers { permanent_uuid: "c31e774156b64c02922906e3e2985c89" member_type: VOTER last_known_addr { host: "127.112.245.254" port: 35995 } } peers { permanent_uuid: "6cd5de61888340e681a3e5cd19fad418" member_type: VOTER last_known_addr { host: "127.112.245.253" port: 50732 } } peers { permanent_uuid: "2e3d7e621b864672aaa91ea2d0bbd1b9" member_type: VOTER last_known_addr { host: "127.112.245.252" port: 58453 } } }
I0227 17:26:13.279975 140647 sys_catalog.cc:340] T 00000000000000000000000000000000 P 2e3d7e621b864672aaa91ea2d0bbd1b9 [sys.catalog]: This master's current role is: LEADER
I0227 17:26:13.280444 140420 sys_catalog.cc:337] T 00000000000000000000000000000000 P c31e774156b64c02922906e3e2985c89 [sys.catalog]: SysCatalogTable state changed. Reason: Replicated consensus-only round. Latest consensus state: current_term: 6 leader_uuid: "2e3d7e621b864672aaa91ea2d0bbd1b9" committed_config { opid_index: -1 OBSOLETE_local: false peers { permanent_uuid: "c31e774156b64c02922906e3e2985c89" member_type: VOTER last_known_addr { host: "127.112.245.254" port: 35995 } } peers { permanent_uuid: "6cd5de61888340e681a3e5cd19fad418" member_type: VOTER last_known_addr { host: "127.112.245.253" port: 50732 } } peers { permanent_uuid: "2e3d7e621b864672aaa91ea2d0bbd1b9" member_type: VOTER last_known_addr { host: "127.112.245.252" port: 58453 } } }
I0227 17:26:13.280470 140420 sys_catalog.cc:340] T 00000000000000000000000000000000 P c31e774156b64c02922906e3e2985c89 [sys.catalog]: This master's current role is: FOLLOWER
I0227 17:26:13.281395 140644 mvcc.cc:203] Tried to move safe_time back from 6354195135003103232 to 6354195091949072384. Current Snapshot: MvccSnapshot[committed={T|T < 6354195135003103232}]
W0227 17:26:13.410542 124105 leader_election.cc:337] T 00000000000000000000000000000000 P 2e3d7e621b864672aaa91ea2d0bbd1b9 [CANDIDATE]: Term 6 election: RPC error from VoteRequest() call to peer 6cd5de61888340e681a3e5cd19fad418 (127.112.245.253:50732): Timed out: RequestConsensusVote RPC to 127.112.245.253:50732 timed out after 0.684s (SENT)
I0227 17:26:13.545413 125068 heartbeater.cc:466] Master 127.112.245.252:58453 was elected leader, sending a full tablet report...
I0227 17:26:13.550112 124855 heartbeater.cc:466] Master 127.112.245.252:58453 was elected leader, sending a full tablet report...
I0227 17:26:13.611935 125382 heartbeater.cc:466] Master 127.112.245.252:58453 was elected leader, sending a full tablet report...
I0227 17:26:13.780915 141159 raft_consensus.cc:472] T 00000000000000000000000000000000 P c31e774156b64c02922906e3e2985c89 [term 6 FOLLOWER]: Starting pre-election (detected failure of leader 2e3d7e621b864672aaa91ea2d0bbd1b9)
I0227 17:26:13.781062 141159 raft_consensus.cc:494] T 00000000000000000000000000000000 P c31e774156b64c02922906e3e2985c89 [term 6 FOLLOWER]: Starting pre-election with config: opid_index: -1 OBSOLETE_local: false peers { permanent_uuid: "c31e774156b64c02922906e3e2985c89" member_type: VOTER last_known_addr { host: "127.112.245.254" port: 35995 } } peers { permanent_uuid: "6cd5de61888340e681a3e5cd19fad418" member_type: VOTER last_known_addr { host: "127.112.245.253" port: 50732 } } peers { permanent_uuid: "2e3d7e621b864672aaa91ea2d0bbd1b9" member_type: VOTER last_known_addr { host: "127.112.245.252" port: 58453 } }
I0227 17:26:13.781653 141159 leader_election.cc:292] T 00000000000000000000000000000000 P c31e774156b64c02922906e3e2985c89 [CANDIDATE]: Term 7 pre-election: Requested pre-vote from peers 6cd5de61888340e681a3e5cd19fad418 (127.112.245.253:50732), 2e3d7e621b864672aaa91ea2d0bbd1b9 (127.112.245.252:58453)
I0227 17:26:13.782063 124214 tablet_service.cc:1010] Received RequestConsensusVote() RPC: tablet_id: "00000000000000000000000000000000" candidate_uuid: "c31e774156b64c02922906e3e2985c89" candidate_term: 7 candidate_status { last_received { term: 6 index: 30 } } ignore_live_leader: false dest_uuid: "2e3d7e621b864672aaa91ea2d0bbd1b9" is_pre_election: true
I0227 17:26:13.782151 124214 raft_consensus.cc:2307] T 00000000000000000000000000000000 P 2e3d7e621b864672aaa91ea2d0bbd1b9 [term 6 LEADER]: Leader pre-election vote request: Denying vote to candidate c31e774156b64c02922906e3e2985c89 for term 7 because replica is either leader or believes a valid leader to be alive.
W0227 17:26:14.344383 126593 leader_election.cc:337] T 00000000000000000000000000000000 P c31e774156b64c02922906e3e2985c89 [CANDIDATE]: Term 7 pre-election: RPC error from VoteRequest() call to peer 6cd5de61888340e681a3e5cd19fad418 (127.112.245.253:50732): Timed out: RequestConsensusVote RPC to 127.112.245.253:50732 timed out after 0.561s (SENT)
I0227 17:26:14.344477 126593 leader_election.cc:306] T 00000000000000000000000000000000 P c31e774156b64c02922906e3e2985c89 [CANDIDATE]: Term 7 pre-election: Election decided. Result: candidate lost. Election summary: received 3 responses out of 3 voters: 1 yes votes; 2 no votes. yes voters: c31e774156b64c02922906e3e2985c89; no voters: 2e3d7e621b864672aaa91ea2d0bbd1b9, 6cd5de61888340e681a3e5cd19fad418
I0227 17:26:14.344800 141287 raft_consensus.cc:2588] T 00000000000000000000000000000000 P c31e774156b64c02922906e3e2985c89 [term 6 FOLLOWER]: Leader pre-election lost for term 7. Reason: could not achieve majority
I0227 17:26:15.120282 126738 hms_notification_log_listener.cc:226] Skipping Hive Metastore notification log poll: Illegal state: Not the leader. Local UUID: c31e774156b64c02922906e3e2985c89, Raft Consensus state: current_term: 6 leader_uuid: "2e3d7e621b864672aaa91ea2d0bbd1b9" committed_config { opid_index: -1 OBSOLETE_local: false peers { permanent_uuid: "c31e774156b64c02922906e3e2985c89" member_type: VOTER last_known_addr { host: "127.112.245.254" port: 35995 } } peers { permanent_uuid: "6cd5de61888340e681a3e5cd19fad418" member_type: VOTER last_known_addr { host: "127.112.245.253" port: 50732 } } peers { permanent_uuid: "2e3d7e621b864672aaa91ea2d0bbd1b9" member_type: VOTER last_known_addr { host: "127.112.245.252" port: 58453 } } }
I0227 17:26:15.561985 141344 raft_consensus.cc:472] T 00000000000000000000000000000000 P c31e774156b64c02922906e3e2985c89 [term 6 FOLLOWER]: Starting pre-election (detected failure of leader 2e3d7e621b864672aaa91ea2d0bbd1b9)
I0227 17:26:15.562122 141344 raft_consensus.cc:494] T 00000000000000000000000000000000 P c31e774156b64c02922906e3e2985c89 [term 6 FOLLOWER]: Starting pre-election with config: opid_index: -1 OBSOLETE_local: false peers { permanent_uuid: "c31e774156b64c02922906e3e2985c89" member_type: VOTER last_known_addr { host: "127.112.245.254" port: 35995 } } peers { permanent_uuid: "6cd5de61888340e681a3e5cd19fad418" member_type: VOTER last_known_addr { host: "127.112.245.253" port: 50732 } } peers { permanent_uuid: "2e3d7e621b864672aaa91ea2d0bbd1b9" member_type: VOTER last_known_addr { host: "127.112.245.252" port: 58453 } }
