I0227 17:26:15.562820 141344 leader_election.cc:292] T 00000000000000000000000000000000 P c31e774156b64c02922906e3e2985c89 [CANDIDATE]: Term 7 pre-election: Requested pre-vote from peers 6cd5de61888340e681a3e5cd19fad418 (127.112.245.253:50732), 2e3d7e621b864672aaa91ea2d0bbd1b9 (127.112.245.252:58453)
I0227 17:26:15.563107 124214 tablet_service.cc:1010] Received RequestConsensusVote() RPC: tablet_id: "00000000000000000000000000000000" candidate_uuid: "c31e774156b64c02922906e3e2985c89" candidate_term: 7 candidate_status { last_received { term: 6 index: 31 } } ignore_live_leader: false dest_uuid: "2e3d7e621b864672aaa91ea2d0bbd1b9" is_pre_election: true
I0227 17:26:15.563202 124214 raft_consensus.cc:2307] T 00000000000000000000000000000000 P 2e3d7e621b864672aaa91ea2d0bbd1b9 [term 6 LEADER]: Leader pre-election vote request: Denying vote to candidate c31e774156b64c02922906e3e2985c89 for term 7 because replica is either leader or believes a valid leader to be alive.
W0227 17:26:16.281380 126593 leader_election.cc:337] T 00000000000000000000000000000000 P c31e774156b64c02922906e3e2985c89 [CANDIDATE]: Term 7 pre-election: RPC error from VoteRequest() call to peer 6cd5de61888340e681a3e5cd19fad418 (127.112.245.253:50732): Timed out: RequestConsensusVote RPC to 127.112.245.253:50732 timed out after 0.717s (SENT)
I0227 17:26:16.281460 126593 leader_election.cc:306] T 00000000000000000000000000000000 P c31e774156b64c02922906e3e2985c89 [CANDIDATE]: Term 7 pre-election: Election decided. Result: candidate lost. Election summary: received 3 responses out of 3 voters: 1 yes votes; 2 no votes. yes voters: c31e774156b64c02922906e3e2985c89; no voters: 2e3d7e621b864672aaa91ea2d0bbd1b9, 6cd5de61888340e681a3e5cd19fad418
I0227 17:26:16.290211 141539 raft_consensus.cc:2588] T 00000000000000000000000000000000 P c31e774156b64c02922906e3e2985c89 [term 6 FOLLOWER]: Leader pre-election lost for term 7. Reason: could not achieve majority
I0227 17:26:18.600157 143122 raft_consensus.cc:472] T 00000000000000000000000000000000 P c31e774156b64c02922906e3e2985c89 [term 6 FOLLOWER]: Starting pre-election (detected failure of leader 2e3d7e621b864672aaa91ea2d0bbd1b9)
I0227 17:26:18.600412 143122 raft_consensus.cc:494] T 00000000000000000000000000000000 P c31e774156b64c02922906e3e2985c89 [term 6 FOLLOWER]: Starting pre-election with config: opid_index: -1 OBSOLETE_local: false peers { permanent_uuid: "c31e774156b64c02922906e3e2985c89" member_type: VOTER last_known_addr { host: "127.112.245.254" port: 35995 } } peers { permanent_uuid: "6cd5de61888340e681a3e5cd19fad418" member_type: VOTER last_known_addr { host: "127.112.245.253" port: 50732 } } peers { permanent_uuid: "2e3d7e621b864672aaa91ea2d0bbd1b9" member_type: VOTER last_known_addr { host: "127.112.245.252" port: 58453 } }
I0227 17:26:18.601055 143122 leader_election.cc:292] T 00000000000000000000000000000000 P c31e774156b64c02922906e3e2985c89 [CANDIDATE]: Term 7 pre-election: Requested pre-vote from peers 6cd5de61888340e681a3e5cd19fad418 (127.112.245.253:50732), 2e3d7e621b864672aaa91ea2d0bbd1b9 (127.112.245.252:58453)
I0227 17:26:18.601567 124214 tablet_service.cc:1010] Received RequestConsensusVote() RPC: tablet_id: "00000000000000000000000000000000" candidate_uuid: "c31e774156b64c02922906e3e2985c89" candidate_term: 7 candidate_status { last_received { term: 6 index: 31 } } ignore_live_leader: false dest_uuid: "2e3d7e621b864672aaa91ea2d0bbd1b9" is_pre_election: true
I0227 17:26:18.601666 124214 raft_consensus.cc:2307] T 00000000000000000000000000000000 P 2e3d7e621b864672aaa91ea2d0bbd1b9 [term 6 LEADER]: Leader pre-election vote request: Denying vote to candidate c31e774156b64c02922906e3e2985c89 for term 7 because replica is either leader or believes a valid leader to be alive.
I0227 17:26:19.110163 143378 raft_consensus.cc:472] T 00000000000000000000000000000000 P c31e774156b64c02922906e3e2985c89 [term 6 FOLLOWER]: Starting pre-election (detected failure of leader 2e3d7e621b864672aaa91ea2d0bbd1b9)
I0227 17:26:19.110309 143378 raft_consensus.cc:494] T 00000000000000000000000000000000 P c31e774156b64c02922906e3e2985c89 [term 6 FOLLOWER]: Starting pre-election with config: opid_index: -1 OBSOLETE_local: false peers { permanent_uuid: "c31e774156b64c02922906e3e2985c89" member_type: VOTER last_known_addr { host: "127.112.245.254" port: 35995 } } peers { permanent_uuid: "6cd5de61888340e681a3e5cd19fad418" member_type: VOTER last_known_addr { host: "127.112.245.253" port: 50732 } } peers { permanent_uuid: "2e3d7e621b864672aaa91ea2d0bbd1b9" member_type: VOTER last_known_addr { host: "127.112.245.252" port: 58453 } }
I0227 17:26:19.110874 143378 leader_election.cc:292] T 00000000000000000000000000000000 P c31e774156b64c02922906e3e2985c89 [CANDIDATE]: Term 7 pre-election: Requested pre-vote from peers 6cd5de61888340e681a3e5cd19fad418 (127.112.245.253:50732), 2e3d7e621b864672aaa91ea2d0bbd1b9 (127.112.245.252:58453)
I0227 17:26:19.111454 124214 tablet_service.cc:1010] Received RequestConsensusVote() RPC: tablet_id: "00000000000000000000000000000000" candidate_uuid: "c31e774156b64c02922906e3e2985c89" candidate_term: 7 candidate_status { last_received { term: 6 index: 31 } } ignore_live_leader: false dest_uuid: "2e3d7e621b864672aaa91ea2d0bbd1b9" is_pre_election: true
I0227 17:26:19.111560 124214 raft_consensus.cc:2307] T 00000000000000000000000000000000 P 2e3d7e621b864672aaa91ea2d0bbd1b9 [term 6 LEADER]: Leader pre-election vote request: Denying vote to candidate c31e774156b64c02922906e3e2985c89 for term 7 because replica is either leader or believes a valid leader to be alive.
W0227 17:26:19.239596 126593 leader_election.cc:337] T 00000000000000000000000000000000 P c31e774156b64c02922906e3e2985c89 [CANDIDATE]: Term 7 pre-election: RPC error from VoteRequest() call to peer 6cd5de61888340e681a3e5cd19fad418 (127.112.245.253:50732): Timed out: RequestConsensusVote RPC to 127.112.245.253:50732 timed out after 0.637s (SENT)
I0227 17:26:19.239689 126593 leader_election.cc:306] T 00000000000000000000000000000000 P c31e774156b64c02922906e3e2985c89 [CANDIDATE]: Term 7 pre-election: Election decided. Result: candidate lost. Election summary: received 3 responses out of 3 voters: 1 yes votes; 2 no votes. yes voters: c31e774156b64c02922906e3e2985c89; no voters: 2e3d7e621b864672aaa91ea2d0bbd1b9, 6cd5de61888340e681a3e5cd19fad418
I0227 17:26:19.239877 143378 raft_consensus.cc:2588] T 00000000000000000000000000000000 P c31e774156b64c02922906e3e2985c89 [term 6 FOLLOWER]: Leader pre-election lost for term 7. Reason: could not achieve majority
W0227 17:26:19.624207 126593 leader_election.cc:337] T 00000000000000000000000000000000 P c31e774156b64c02922906e3e2985c89 [CANDIDATE]: Term 7 pre-election: RPC error from VoteRequest() call to peer 6cd5de61888340e681a3e5cd19fad418 (127.112.245.253:50732): Timed out: RequestConsensusVote RPC to 127.112.245.253:50732 timed out after 0.512s (SENT)
I0227 17:26:19.624300 126593 leader_election.cc:306] T 00000000000000000000000000000000 P c31e774156b64c02922906e3e2985c89 [CANDIDATE]: Term 7 pre-election: Election decided. Result: candidate lost. Election summary: received 3 responses out of 3 voters: 1 yes votes; 2 no votes. yes voters: c31e774156b64c02922906e3e2985c89; no voters: 2e3d7e621b864672aaa91ea2d0bbd1b9, 6cd5de61888340e681a3e5cd19fad418
I0227 17:26:19.624492 143378 raft_consensus.cc:2588] T 00000000000000000000000000000000 P c31e774156b64c02922906e3e2985c89 [term 6 FOLLOWER]: Leader pre-election lost for term 7. Reason: could not achieve majority
I0227 17:26:21.496928 146262 raft_consensus.cc:472] T 00000000000000000000000000000000 P c31e774156b64c02922906e3e2985c89 [term 6 FOLLOWER]: Starting pre-election (detected failure of leader 2e3d7e621b864672aaa91ea2d0bbd1b9)
I0227 17:26:21.497081 146262 raft_consensus.cc:494] T 00000000000000000000000000000000 P c31e774156b64c02922906e3e2985c89 [term 6 FOLLOWER]: Starting pre-election with config: opid_index: -1 OBSOLETE_local: false peers { permanent_uuid: "c31e774156b64c02922906e3e2985c89" member_type: VOTER last_known_addr { host: "127.112.245.254" port: 35995 } } peers { permanent_uuid: "6cd5de61888340e681a3e5cd19fad418" member_type: VOTER last_known_addr { host: "127.112.245.253" port: 50732 } } peers { permanent_uuid: "2e3d7e621b864672aaa91ea2d0bbd1b9" member_type: VOTER last_known_addr { host: "127.112.245.252" port: 58453 } }
I0227 17:26:21.498126 124214 tablet_service.cc:1010] Received RequestConsensusVote() RPC: tablet_id: "00000000000000000000000000000000" candidate_uuid: "c31e774156b64c02922906e3e2985c89" candidate_term: 7 candidate_status { last_received { term: 6 index: 31 } } ignore_live_leader: false dest_uuid: "2e3d7e621b864672aaa91ea2d0bbd1b9" is_pre_election: true
I0227 17:26:21.498226 124214 raft_consensus.cc:2307] T 00000000000000000000000000000000 P 2e3d7e621b864672aaa91ea2d0bbd1b9 [term 6 LEADER]: Leader pre-election vote request: Denying vote to candidate c31e774156b64c02922906e3e2985c89 for term 7 because replica is either leader or believes a valid leader to be alive.
I0227 17:26:21.500109 146262 leader_election.cc:292] T 00000000000000000000000000000000 P c31e774156b64c02922906e3e2985c89 [CANDIDATE]: Term 7 pre-election: Requested pre-vote from peers 6cd5de61888340e681a3e5cd19fad418 (127.112.245.253:50732), 2e3d7e621b864672aaa91ea2d0bbd1b9 (127.112.245.252:58453)
I0227 17:26:22.119248 146951 raft_consensus.cc:472] T 00000000000000000000000000000000 P c31e774156b64c02922906e3e2985c89 [term 6 FOLLOWER]: Starting pre-election (detected failure of leader 2e3d7e621b864672aaa91ea2d0bbd1b9)
I0227 17:26:22.119478 146951 raft_consensus.cc:494] T 00000000000000000000000000000000 P c31e774156b64c02922906e3e2985c89 [term 6 FOLLOWER]: Starting pre-election with config: opid_index: -1 OBSOLETE_local: false peers { permanent_uuid: "c31e774156b64c02922906e3e2985c89" member_type: VOTER last_known_addr { host: "127.112.245.254" port: 35995 } } peers { permanent_uuid: "6cd5de61888340e681a3e5cd19fad418" member_type: VOTER last_known_addr { host: "127.112.245.253" port: 50732 } } peers { permanent_uuid: "2e3d7e621b864672aaa91ea2d0bbd1b9" member_type: VOTER last_known_addr { host: "127.112.245.252" port: 58453 } }
I0227 17:26:22.121273 146951 leader_election.cc:292] T 00000000000000000000000000000000 P c31e774156b64c02922906e3e2985c89 [CANDIDATE]: Term 7 pre-election: Requested pre-vote from peers 6cd5de61888340e681a3e5cd19fad418 (127.112.245.253:50732), 2e3d7e621b864672aaa91ea2d0bbd1b9 (127.112.245.252:58453)
I0227 17:26:22.122030 124214 tablet_service.cc:1010] Received RequestConsensusVote() RPC: tablet_id: "00000000000000000000000000000000" candidate_uuid: "c31e774156b64c02922906e3e2985c89" candidate_term: 7 candidate_status { last_received { term: 6 index: 31 } } ignore_live_leader: false dest_uuid: "2e3d7e621b864672aaa91ea2d0bbd1b9" is_pre_election: true
I0227 17:26:22.122123 124214 raft_consensus.cc:2307] T 00000000000000000000000000000000 P 2e3d7e621b864672aaa91ea2d0bbd1b9 [term 6 LEADER]: Leader pre-election vote request: Denying vote to candidate c31e774156b64c02922906e3e2985c89 for term 7 because replica is either leader or believes a valid leader to be alive.
W0227 17:26:22.227705 126593 leader_election.cc:337] T 00000000000000000000000000000000 P c31e774156b64c02922906e3e2985c89 [CANDIDATE]: Term 7 pre-election: RPC error from VoteRequest() call to peer 6cd5de61888340e681a3e5cd19fad418 (127.112.245.253:50732): Timed out: RequestConsensusVote RPC to 127.112.245.253:50732 timed out after 0.729s (SENT)
I0227 17:26:22.227789 126593 leader_election.cc:306] T 00000000000000000000000000000000 P c31e774156b64c02922906e3e2985c89 [CANDIDATE]: Term 7 pre-election: Election decided. Result: candidate lost. Election summary: received 3 responses out of 3 voters: 1 yes votes; 2 no votes. yes voters: c31e774156b64c02922906e3e2985c89; no voters: 2e3d7e621b864672aaa91ea2d0bbd1b9, 6cd5de61888340e681a3e5cd19fad418
I0227 17:26:22.228135 146951 raft_consensus.cc:2588] T 00000000000000000000000000000000 P c31e774156b64c02922906e3e2985c89 [term 6 FOLLOWER]: Leader pre-election lost for term 7. Reason: could not achieve majority
W0227 17:26:22.276350 125415 master_proxy_rpc.cc:192] Re-attempting CreateTable request to leader Master (127.112.245.253:50732)
I0227 17:26:22.280810 124206 catalog_manager.cc:1386] Servicing CreateTable request from {username='adar'} at 127.112.245.252:49654: name: "default.table_1_1" schema { columns { name: "key" type: INT32 is_key: true is_nullable: false encoding: AUTO_ENCODING compression: DEFAULT_COMPRESSION cfile_block_size: 0 } columns { name: "int_val" type: INT32 is_key: false is_nullable: false encoding: AUTO_ENCODING compression: DEFAULT_COMPRESSION cfile_block_size: 0 } columns { name: "string_val" type: STRING is_key: false is_nullable: false encoding: AUTO_ENCODING compression: DEFAULT_COMPRESSION cfile_block_size: 0 } } split_rows_range_bounds { } partition_schema { range_schema { columns { name: "key" } } }
W0227 17:26:22.281198 124206 catalog_manager.cc:1537] The number of live tablet servers is not enough to re-replicate a tablet replica of the newly created table default.table_1_1 in case of a server failure: 4 tablet servers would be needed, 3 are available. Consider bringing up more tablet servers.
I0227 17:26:22.511546 124778 tablet_service.cc:774] Processing CreateTablet for tablet 0156483f43f14f4e9fe0e5dc35c12333 (table=default.table_1_1 [id=ac73b8b72e334b67b7a5ce715797317f]), partition=RANGE (key) PARTITION UNBOUNDED
I0227 17:26:22.511554 124988 tablet_service.cc:774] Processing CreateTablet for tablet 0156483f43f14f4e9fe0e5dc35c12333 (table=default.table_1_1 [id=ac73b8b72e334b67b7a5ce715797317f]), partition=RANGE (key) PARTITION UNBOUNDED
I0227 17:26:22.511744 125316 tablet_service.cc:774] Processing CreateTablet for tablet 0156483f43f14f4e9fe0e5dc35c12333 (table=default.table_1_1 [id=ac73b8b72e334b67b7a5ce715797317f]), partition=RANGE (key) PARTITION UNBOUNDED
I0227 17:26:22.511791 124988 data_dirs.cc:938] Could only allocate 1 dirs of requested 3 for tablet 0156483f43f14f4e9fe0e5dc35c12333. 1 dirs total, 0 dirs full, 0 dirs failed
I0227 17:26:22.511797 124778 data_dirs.cc:938] Could only allocate 1 dirs of requested 3 for tablet 0156483f43f14f4e9fe0e5dc35c12333. 1 dirs total, 0 dirs full, 0 dirs failed
I0227 17:26:22.511998 125316 data_dirs.cc:938] Could only allocate 1 dirs of requested 3 for tablet 0156483f43f14f4e9fe0e5dc35c12333. 1 dirs total, 0 dirs full, 0 dirs failed
I0227 17:26:22.513662 124988 ts_tablet_manager.cc:1175] T 0156483f43f14f4e9fe0e5dc35c12333 P 39144add463f4fe89dc1ea42c778d8cf: Registered tablet (data state: TABLET_DATA_READY)
I0227 17:26:22.513665 124778 ts_tablet_manager.cc:1175] T 0156483f43f14f4e9fe0e5dc35c12333 P 9f6459ebb80643b98e01844aa2fd6338: Registered tablet (data state: TABLET_DATA_READY)
I0227 17:26:22.513975 125316 ts_tablet_manager.cc:1175] T 0156483f43f14f4e9fe0e5dc35c12333 P 9a4f55686db84876a066f455f6a41180: Registered tablet (data state: TABLET_DATA_READY)
I0227 17:26:22.519476 147188 ts_tablet_manager.cc:1030] T 0156483f43f14f4e9fe0e5dc35c12333 P 39144add463f4fe89dc1ea42c778d8cf: Bootstrapping tablet
I0227 17:26:22.519691 147188 tablet_bootstrap.cc:439] T 0156483f43f14f4e9fe0e5dc35c12333 P 39144add463f4fe89dc1ea42c778d8cf: Bootstrap starting.
I0227 17:26:22.520131 147189 ts_tablet_manager.cc:1030] T 0156483f43f14f4e9fe0e5dc35c12333 P 9f6459ebb80643b98e01844aa2fd6338: Bootstrapping tablet
I0227 17:26:22.520241 147189 tablet_bootstrap.cc:439] T 0156483f43f14f4e9fe0e5dc35c12333 P 9f6459ebb80643b98e01844aa2fd6338: Bootstrap starting.
I0227 17:26:22.520968 147190 ts_tablet_manager.cc:1030] T 0156483f43f14f4e9fe0e5dc35c12333 P 9a4f55686db84876a066f455f6a41180: Bootstrapping tablet
I0227 17:26:22.521121 147190 tablet_bootstrap.cc:439] T 0156483f43f14f4e9fe0e5dc35c12333 P 9a4f55686db84876a066f455f6a41180: Bootstrap starting.
I0227 17:26:22.521734 147189 tablet_bootstrap.cc:593] T 0156483f43f14f4e9fe0e5dc35c12333 P 9f6459ebb80643b98e01844aa2fd6338: No blocks or log segments found. Creating new log.
I0227 17:26:22.523310 147188 tablet_bootstrap.cc:593] T 0156483f43f14f4e9fe0e5dc35c12333 P 39144add463f4fe89dc1ea42c778d8cf: No blocks or log segments found. Creating new log.
I0227 17:26:22.524924 147190 tablet_bootstrap.cc:593] T 0156483f43f14f4e9fe0e5dc35c12333 P 9a4f55686db84876a066f455f6a41180: No blocks or log segments found. Creating new log.
I0227 17:26:22.526381 147188 tablet_bootstrap.cc:439] T 0156483f43f14f4e9fe0e5dc35c12333 P 39144add463f4fe89dc1ea42c778d8cf: No bootstrap required, opened a new log
I0227 17:26:22.526473 147188 ts_tablet_manager.cc:1047] T 0156483f43f14f4e9fe0e5dc35c12333 P 39144add463f4fe89dc1ea42c778d8cf: Time spent bootstrapping tablet: real 0.007s user 0.002s sys 0.000s
I0227 17:26:22.527000 147188 raft_consensus.cc:340] T 0156483f43f14f4e9fe0e5dc35c12333 P 39144add463f4fe89dc1ea42c778d8cf [term 0 FOLLOWER]: Replica starting. Triggering 0 pending transactions. Active config: opid_index: -1 OBSOLETE_local: false peers { permanent_uuid: "9f6459ebb80643b98e01844aa2fd6338" member_type: VOTER last_known_addr { host: "127.112.245.193" port: 55806 } } peers { permanent_uuid: "39144add463f4fe89dc1ea42c778d8cf" member_type: VOTER last_known_addr { host: "127.112.245.194" port: 55958 } } peers { permanent_uuid: "9a4f55686db84876a066f455f6a41180" member_type: VOTER last_known_addr { host: "127.112.245.195" port: 45942 } }
I0227 17:26:22.527024 147188 raft_consensus.cc:366] T 0156483f43f14f4e9fe0e5dc35c12333 P 39144add463f4fe89dc1ea42c778d8cf [term 0 FOLLOWER]: Consensus starting up: Expiring failure detector timer to make a prompt election more likely
I0227 17:26:22.527045 147188 raft_consensus.cc:705] T 0156483f43f14f4e9fe0e5dc35c12333 P 39144add463f4fe89dc1ea42c778d8cf [term 0 FOLLOWER]: Becoming Follower/Learner. State: Replica: 39144add463f4fe89dc1ea42c778d8cf, State: Initialized, Role: FOLLOWER
I0227 17:26:22.527187 147188 consensus_queue.cc:229] T 0156483f43f14f4e9fe0e5dc35c12333 P 39144add463f4fe89dc1ea42c778d8cf [NON_LEADER]: Queue going to NON_LEADER mode. State: All replicated index: 0, Majority replicated index: 0, Committed index: 0, Last appended: 0.0, Last appended by leader: 0, Current term: 0, Majority size: -1, State: 0, Mode: NON_LEADER, active raft config: opid_index: -1 OBSOLETE_local: false peers { permanent_uuid: "9f6459ebb80643b98e01844aa2fd6338" member_type: VOTER last_known_addr { host: "127.112.245.193" port: 55806 } } peers { permanent_uuid: "39144add463f4fe89dc1ea42c778d8cf" member_type: VOTER last_known_addr { host: "127.112.245.194" port: 55958 } } peers { permanent_uuid: "9a4f55686db84876a066f455f6a41180" member_type: VOTER last_known_addr { host: "127.112.245.195" port: 45942 } }
I0227 17:26:22.527431 147188 ts_tablet_manager.cc:1075] T 0156483f43f14f4e9fe0e5dc35c12333 P 39144add463f4fe89dc1ea42c778d8cf: Time spent starting tablet: real 0.001s user 0.001s sys 0.000s
I0227 17:26:22.534610 147190 tablet_bootstrap.cc:439] T 0156483f43f14f4e9fe0e5dc35c12333 P 9a4f55686db84876a066f455f6a41180: No bootstrap required, opened a new log
I0227 17:26:22.534708 147190 ts_tablet_manager.cc:1047] T 0156483f43f14f4e9fe0e5dc35c12333 P 9a4f55686db84876a066f455f6a41180: Time spent bootstrapping tablet: real 0.014s user 0.002s sys 0.000s
I0227 17:26:22.535245 147190 raft_consensus.cc:340] T 0156483f43f14f4e9fe0e5dc35c12333 P 9a4f55686db84876a066f455f6a41180 [term 0 FOLLOWER]: Replica starting. Triggering 0 pending transactions. Active config: opid_index: -1 OBSOLETE_local: false peers { permanent_uuid: "9f6459ebb80643b98e01844aa2fd6338" member_type: VOTER last_known_addr { host: "127.112.245.193" port: 55806 } } peers { permanent_uuid: "39144add463f4fe89dc1ea42c778d8cf" member_type: VOTER last_known_addr { host: "127.112.245.194" port: 55958 } } peers { permanent_uuid: "9a4f55686db84876a066f455f6a41180" member_type: VOTER last_known_addr { host: "127.112.245.195" port: 45942 } }
I0227 17:26:22.535270 147190 raft_consensus.cc:366] T 0156483f43f14f4e9fe0e5dc35c12333 P 9a4f55686db84876a066f455f6a41180 [term 0 FOLLOWER]: Consensus starting up: Expiring failure detector timer to make a prompt election more likely
I0227 17:26:22.535292 147190 raft_consensus.cc:705] T 0156483f43f14f4e9fe0e5dc35c12333 P 9a4f55686db84876a066f455f6a41180 [term 0 FOLLOWER]: Becoming Follower/Learner. State: Replica: 9a4f55686db84876a066f455f6a41180, State: Initialized, Role: FOLLOWER
I0227 17:26:22.535430 147190 consensus_queue.cc:229] T 0156483f43f14f4e9fe0e5dc35c12333 P 9a4f55686db84876a066f455f6a41180 [NON_LEADER]: Queue going to NON_LEADER mode. State: All replicated index: 0, Majority replicated index: 0, Committed index: 0, Last appended: 0.0, Last appended by leader: 0, Current term: 0, Majority size: -1, State: 0, Mode: NON_LEADER, active raft config: opid_index: -1 OBSOLETE_local: false peers { permanent_uuid: "9f6459ebb80643b98e01844aa2fd6338" member_type: VOTER last_known_addr { host: "127.112.245.193" port: 55806 } } peers { permanent_uuid: "39144add463f4fe89dc1ea42c778d8cf" member_type: VOTER last_known_addr { host: "127.112.245.194" port: 55958 } } peers { permanent_uuid: "9a4f55686db84876a066f455f6a41180" member_type: VOTER last_known_addr { host: "127.112.245.195" port: 45942 } }
I0227 17:26:22.535687 147190 ts_tablet_manager.cc:1075] T 0156483f43f14f4e9fe0e5dc35c12333 P 9a4f55686db84876a066f455f6a41180: Time spent starting tablet: real 0.001s user 0.000s sys 0.000s
I0227 17:26:22.536324 147189 tablet_bootstrap.cc:439] T 0156483f43f14f4e9fe0e5dc35c12333 P 9f6459ebb80643b98e01844aa2fd6338: No bootstrap required, opened a new log
I0227 17:26:22.536413 147189 ts_tablet_manager.cc:1047] T 0156483f43f14f4e9fe0e5dc35c12333 P 9f6459ebb80643b98e01844aa2fd6338: Time spent bootstrapping tablet: real 0.016s user 0.002s sys 0.000s
I0227 17:26:22.536936 147189 raft_consensus.cc:340] T 0156483f43f14f4e9fe0e5dc35c12333 P 9f6459ebb80643b98e01844aa2fd6338 [term 0 FOLLOWER]: Replica starting. Triggering 0 pending transactions. Active config: opid_index: -1 OBSOLETE_local: false peers { permanent_uuid: "9f6459ebb80643b98e01844aa2fd6338" member_type: VOTER last_known_addr { host: "127.112.245.193" port: 55806 } } peers { permanent_uuid: "39144add463f4fe89dc1ea42c778d8cf" member_type: VOTER last_known_addr { host: "127.112.245.194" port: 55958 } } peers { permanent_uuid: "9a4f55686db84876a066f455f6a41180" member_type: VOTER last_known_addr { host: "127.112.245.195" port: 45942 } }
I0227 17:26:22.536964 147189 raft_consensus.cc:366] T 0156483f43f14f4e9fe0e5dc35c12333 P 9f6459ebb80643b98e01844aa2fd6338 [term 0 FOLLOWER]: Consensus starting up: Expiring failure detector timer to make a prompt election more likely
I0227 17:26:22.536993 147189 raft_consensus.cc:705] T 0156483f43f14f4e9fe0e5dc35c12333 P 9f6459ebb80643b98e01844aa2fd6338 [term 0 FOLLOWER]: Becoming Follower/Learner. State: Replica: 9f6459ebb80643b98e01844aa2fd6338, State: Initialized, Role: FOLLOWER
I0227 17:26:22.537127 147189 consensus_queue.cc:229] T 0156483f43f14f4e9fe0e5dc35c12333 P 9f6459ebb80643b98e01844aa2fd6338 [NON_LEADER]: Queue going to NON_LEADER mode. State: All replicated index: 0, Majority replicated index: 0, Committed index: 0, Last appended: 0.0, Last appended by leader: 0, Current term: 0, Majority size: -1, State: 0, Mode: NON_LEADER, active raft config: opid_index: -1 OBSOLETE_local: false peers { permanent_uuid: "9f6459ebb80643b98e01844aa2fd6338" member_type: VOTER last_known_addr { host: "127.112.245.193" port: 55806 } } peers { permanent_uuid: "39144add463f4fe89dc1ea42c778d8cf" member_type: VOTER last_known_addr { host: "127.112.245.194" port: 55958 } } peers { permanent_uuid: "9a4f55686db84876a066f455f6a41180" member_type: VOTER last_known_addr { host: "127.112.245.195" port: 45942 } }
I0227 17:26:22.537408 147189 ts_tablet_manager.cc:1075] T 0156483f43f14f4e9fe0e5dc35c12333 P 9f6459ebb80643b98e01844aa2fd6338: Time spent starting tablet: real 0.001s user 0.000s sys 0.001s
I0227 17:26:22.621515 147201 raft_consensus.cc:472] T 0156483f43f14f4e9fe0e5dc35c12333 P 9f6459ebb80643b98e01844aa2fd6338 [term 0 FOLLOWER]: Starting pre-election (no leader contacted us within the election timeout)
I0227 17:26:22.621634 147201 raft_consensus.cc:494] T 0156483f43f14f4e9fe0e5dc35c12333 P 9f6459ebb80643b98e01844aa2fd6338 [term 0 FOLLOWER]: Starting pre-election with config: opid_index: -1 OBSOLETE_local: false peers { permanent_uuid: "9f6459ebb80643b98e01844aa2fd6338" member_type: VOTER last_known_addr { host: "127.112.245.193" port: 55806 } } peers { permanent_uuid: "39144add463f4fe89dc1ea42c778d8cf" member_type: VOTER last_known_addr { host: "127.112.245.194" port: 55958 } } peers { permanent_uuid: "9a4f55686db84876a066f455f6a41180" member_type: VOTER last_known_addr { host: "127.112.245.195" port: 45942 } }
I0227 17:26:22.622664 147201 leader_election.cc:292] T 0156483f43f14f4e9fe0e5dc35c12333 P 9f6459ebb80643b98e01844aa2fd6338 [CANDIDATE]: Term 1 pre-election: Requested pre-vote from peers 39144add463f4fe89dc1ea42c778d8cf (127.112.245.194:55958), 9a4f55686db84876a066f455f6a41180 (127.112.245.195:45942)
I0227 17:26:22.643128 125000 tablet_service.cc:1010] Received RequestConsensusVote() RPC: tablet_id: "0156483f43f14f4e9fe0e5dc35c12333" candidate_uuid: "9f6459ebb80643b98e01844aa2fd6338" candidate_term: 1 candidate_status { last_received { term: 0 index: 0 } } ignore_live_leader: false dest_uuid: "39144add463f4fe89dc1ea42c778d8cf" is_pre_election: true
I0227 17:26:22.643227 125000 raft_consensus.cc:2346] T 0156483f43f14f4e9fe0e5dc35c12333 P 39144add463f4fe89dc1ea42c778d8cf [term 0 FOLLOWER]: Leader pre-election vote request: Granting yes vote for candidate 9f6459ebb80643b98e01844aa2fd6338 in term 0.
I0227 17:26:22.643705 124741 leader_election.cc:306] T 0156483f43f14f4e9fe0e5dc35c12333 P 9f6459ebb80643b98e01844aa2fd6338 [CANDIDATE]: Term 1 pre-election: Election decided. Result: candidate won. Election summary: received 2 responses out of 3 voters: 2 yes votes; 0 no votes. yes voters: 39144add463f4fe89dc1ea42c778d8cf, 9f6459ebb80643b98e01844aa2fd6338; no voters:
I0227 17:26:22.643990 147201 raft_consensus.cc:2640] T 0156483f43f14f4e9fe0e5dc35c12333 P 9f6459ebb80643b98e01844aa2fd6338 [term 0 FOLLOWER]: Leader pre-election won for term 1
I0227 17:26:22.644033 147201 raft_consensus.cc:472] T 0156483f43f14f4e9fe0e5dc35c12333 P 9f6459ebb80643b98e01844aa2fd6338 [term 0 FOLLOWER]: Starting leader election (no leader contacted us within the election timeout)
I0227 17:26:22.644063 147201 raft_consensus.cc:2886] T 0156483f43f14f4e9fe0e5dc35c12333 P 9f6459ebb80643b98e01844aa2fd6338 [term 0 FOLLOWER]: Advancing to term 1
I0227 17:26:22.645258 147201 raft_consensus.cc:494] T 0156483f43f14f4e9fe0e5dc35c12333 P 9f6459ebb80643b98e01844aa2fd6338 [term 1 FOLLOWER]: Starting leader election with config: opid_index: -1 OBSOLETE_local: false peers { permanent_uuid: "9f6459ebb80643b98e01844aa2fd6338" member_type: VOTER last_known_addr { host: "127.112.245.193" port: 55806 } } peers { permanent_uuid: "39144add463f4fe89dc1ea42c778d8cf" member_type: VOTER last_known_addr { host: "127.112.245.194" port: 55958 } } peers { permanent_uuid: "9a4f55686db84876a066f455f6a41180" member_type: VOTER last_known_addr { host: "127.112.245.195" port: 45942 } }
I0227 17:26:22.645691 147201 leader_election.cc:292] T 0156483f43f14f4e9fe0e5dc35c12333 P 9f6459ebb80643b98e01844aa2fd6338 [CANDIDATE]: Term 1 election: Requested vote from peers 39144add463f4fe89dc1ea42c778d8cf (127.112.245.194:55958), 9a4f55686db84876a066f455f6a41180 (127.112.245.195:45942)
I0227 17:26:22.646139 125000 tablet_service.cc:1010] Received RequestConsensusVote() RPC: tablet_id: "0156483f43f14f4e9fe0e5dc35c12333" candidate_uuid: "9f6459ebb80643b98e01844aa2fd6338" candidate_term: 1 candidate_status { last_received { term: 0 index: 0 } } ignore_live_leader: false dest_uuid: "39144add463f4fe89dc1ea42c778d8cf"
I0227 17:26:22.646198 125000 raft_consensus.cc:2886] T 0156483f43f14f4e9fe0e5dc35c12333 P 39144add463f4fe89dc1ea42c778d8cf [term 0 FOLLOWER]: Advancing to term 1
I0227 17:26:22.647119 125337 tablet_service.cc:1010] Received RequestConsensusVote() RPC: tablet_id: "0156483f43f14f4e9fe0e5dc35c12333" candidate_uuid: "9f6459ebb80643b98e01844aa2fd6338" candidate_term: 1 candidate_status { last_received { term: 0 index: 0 } } ignore_live_leader: false dest_uuid: "9a4f55686db84876a066f455f6a41180" is_pre_election: true
I0227 17:26:22.647127 125339 tablet_service.cc:1010] Received RequestConsensusVote() RPC: tablet_id: "0156483f43f14f4e9fe0e5dc35c12333" candidate_uuid: "9f6459ebb80643b98e01844aa2fd6338" candidate_term: 1 candidate_status { last_received { term: 0 index: 0 } } ignore_live_leader: false dest_uuid: "9a4f55686db84876a066f455f6a41180"
I0227 17:26:22.647233 125337 raft_consensus.cc:2346] T 0156483f43f14f4e9fe0e5dc35c12333 P 9a4f55686db84876a066f455f6a41180 [term 0 FOLLOWER]: Leader pre-election vote request: Granting yes vote for candidate 9f6459ebb80643b98e01844aa2fd6338 in term 0.
I0227 17:26:22.647307 125339 raft_consensus.cc:2321] T 0156483f43f14f4e9fe0e5dc35c12333 P 9a4f55686db84876a066f455f6a41180 [term 0 FOLLOWER]: Leader election vote request: Denying vote to candidate 9f6459ebb80643b98e01844aa2fd6338 for term 1 because replica is already servicing an update from a current leader or another vote.
I0227 17:26:22.647331 125000 raft_consensus.cc:2346] T 0156483f43f14f4e9fe0e5dc35c12333 P 39144add463f4fe89dc1ea42c778d8cf [term 1 FOLLOWER]: Leader election vote request: Granting yes vote for candidate 9f6459ebb80643b98e01844aa2fd6338 in term 1.
I0227 17:26:22.647711 124741 leader_election.cc:306] T 0156483f43f14f4e9fe0e5dc35c12333 P 9f6459ebb80643b98e01844aa2fd6338 [CANDIDATE]: Term 1 election: Election decided. Result: candidate won. Election summary: received 2 responses out of 3 voters: 2 yes votes; 0 no votes. yes voters: 39144add463f4fe89dc1ea42c778d8cf, 9f6459ebb80643b98e01844aa2fd6338; no voters:
I0227 17:26:22.648510 147201 raft_consensus.cc:2640] T 0156483f43f14f4e9fe0e5dc35c12333 P 9f6459ebb80643b98e01844aa2fd6338 [term 1 FOLLOWER]: Leader election won for term 1
I0227 17:26:22.648687 147201 raft_consensus.cc:667] T 0156483f43f14f4e9fe0e5dc35c12333 P 9f6459ebb80643b98e01844aa2fd6338 [term 1 LEADER]: Becoming Leader. State: Replica: 9f6459ebb80643b98e01844aa2fd6338, State: Running, Role: LEADER
I0227 17:26:22.648970 147201 consensus_queue.cc:206] T 0156483f43f14f4e9fe0e5dc35c12333 P 9f6459ebb80643b98e01844aa2fd6338 [LEADER]: Queue going to LEADER mode. State: All replicated index: 0, Majority replicated index: 0, Committed index: 0, Last appended: 0.0, Last appended by leader: 0, Current term: 1, Majority size: 2, State: 0, Mode: LEADER, active raft config: opid_index: -1 OBSOLETE_local: false peers { permanent_uuid: "9f6459ebb80643b98e01844aa2fd6338" member_type: VOTER last_known_addr { host: "127.112.245.193" port: 55806 } } peers { permanent_uuid: "39144add463f4fe89dc1ea42c778d8cf" member_type: VOTER last_known_addr { host: "127.112.245.194" port: 55958 } } peers { permanent_uuid: "9a4f55686db84876a066f455f6a41180" member_type: VOTER last_known_addr { host: "127.112.245.195" port: 45942 } }
I0227 17:26:22.651087 124206 catalog_manager.cc:3791] T 0156483f43f14f4e9fe0e5dc35c12333 P 9f6459ebb80643b98e01844aa2fd6338 reported cstate change: term changed from 0 to 1, leader changed from to 9f6459ebb80643b98e01844aa2fd6338 (127.112.245.193). New cstate: current_term: 1 leader_uuid: "9f6459ebb80643b98e01844aa2fd6338" committed_config { opid_index: -1 OBSOLETE_local: false peers { permanent_uuid: "9f6459ebb80643b98e01844aa2fd6338" member_type: VOTER last_known_addr { host: "127.112.245.193" port: 55806 } health_report { overall_health: HEALTHY } } peers { permanent_uuid: "39144add463f4fe89dc1ea42c778d8cf" member_type: VOTER last_known_addr { host: "127.112.245.194" port: 55958 } health_report { overall_health: UNKNOWN } } peers { permanent_uuid: "9a4f55686db84876a066f455f6a41180" member_type: VOTER last_known_addr { host: "127.112.245.195" port: 45942 } health_report { overall_health: UNKNOWN } } }
W0227 17:26:22.664640 125071 tablet.cc:1786] T 0156483f43f14f4e9fe0e5dc35c12333 P 39144add463f4fe89dc1ea42c778d8cf: Can't schedule compaction. Clean time has not been advanced past its initial value.
W0227 17:26:22.678053 124858 tablet.cc:1786] T 0156483f43f14f4e9fe0e5dc35c12333 P 9f6459ebb80643b98e01844aa2fd6338: Can't schedule compaction. Clean time has not been advanced past its initial value.
W0227 17:26:22.692621 125385 tablet.cc:1786] T 0156483f43f14f4e9fe0e5dc35c12333 P 9a4f55686db84876a066f455f6a41180: Can't schedule compaction. Clean time has not been advanced past its initial value.
W0227 17:26:22.719962 124754 tablet_service.cc:1915] Rejecting scan request for tablet 0156483f43f14f4e9fe0e5dc35c12333: Uninitialized: safe time has not yet been initialized
W0227 17:26:22.737965 126593 leader_election.cc:337] T 00000000000000000000000000000000 P c31e774156b64c02922906e3e2985c89 [CANDIDATE]: Term 7 pre-election: RPC error from VoteRequest() call to peer 6cd5de61888340e681a3e5cd19fad418 (127.112.245.253:50732): Timed out: RequestConsensusVote RPC to 127.112.245.253:50732 timed out after 0.616s (SENT)
I0227 17:26:22.738062 126593 leader_election.cc:306] T 00000000000000000000000000000000 P c31e774156b64c02922906e3e2985c89 [CANDIDATE]: Term 7 pre-election: Election decided. Result: candidate lost. Election summary: received 3 responses out of 3 voters: 1 yes votes; 2 no votes. yes voters: c31e774156b64c02922906e3e2985c89; no voters: 2e3d7e621b864672aaa91ea2d0bbd1b9, 6cd5de61888340e681a3e5cd19fad418
I0227 17:26:22.752358 147242 raft_consensus.cc:2588] T 00000000000000000000000000000000 P c31e774156b64c02922906e3e2985c89 [term 6 FOLLOWER]: Leader pre-election lost for term 7. Reason: could not achieve majority
W0227 17:26:22.922020 124754 tablet_service.cc:1915] Rejecting scan request for tablet 0156483f43f14f4e9fe0e5dc35c12333: Uninitialized: safe time has not yet been initialized
I0227 17:26:23.097388 125339 raft_consensus.cc:2886] T 0156483f43f14f4e9fe0e5dc35c12333 P 9a4f55686db84876a066f455f6a41180 [term 0 FOLLOWER]: Advancing to term 1
I0227 17:26:23.098616 125339 raft_consensus.cc:1181] T 0156483f43f14f4e9fe0e5dc35c12333 P 9a4f55686db84876a066f455f6a41180 [term 1 FOLLOWER]: Refusing update from remote peer 9f6459ebb80643b98e01844aa2fd6338: Log matching property violated. Preceding OpId in replica: term: 0 index: 0. Preceding OpId from leader: term: 1 index: 1. (index mismatch)
I0227 17:26:23.101485 147226 consensus_queue.cc:984] T 0156483f43f14f4e9fe0e5dc35c12333 P 9f6459ebb80643b98e01844aa2fd6338 [LEADER]: Connected to new peer: Peer: permanent_uuid: "9a4f55686db84876a066f455f6a41180" member_type: VOTER last_known_addr { host: "127.112.245.195" port: 45942 }, Status: LMP_MISMATCH, Last received: 0.0, Next index: 1, Last known committed idx: 0, Time since last communication: 0.000s
I0227 17:26:23.113158 125000 raft_consensus.cc:1181] T 0156483f43f14f4e9fe0e5dc35c12333 P 39144add463f4fe89dc1ea42c778d8cf [term 1 FOLLOWER]: Refusing update from remote peer 9f6459ebb80643b98e01844aa2fd6338: Log matching property violated. Preceding OpId in replica: term: 0 index: 0. Preceding OpId from leader: term: 1 index: 1. (index mismatch)
I0227 17:26:23.113993 147201 consensus_queue.cc:984] T 0156483f43f14f4e9fe0e5dc35c12333 P 9f6459ebb80643b98e01844aa2fd6338 [LEADER]: Connected to new peer: Peer: permanent_uuid: "39144add463f4fe89dc1ea42c778d8cf" member_type: VOTER last_known_addr { host: "127.112.245.194" port: 55958 }, Status: LMP_MISMATCH, Last received: 0.0, Next index: 1, Last known committed idx: 0, Time since last communication: 0.000s
I0227 17:26:23.327296 137460 raft_consensus.cc:2881] T 00000000000000000000000000000000 P 6cd5de61888340e681a3e5cd19fad418 [term 5 LEADER]: Stepping down as leader of term 5
I0227 17:26:23.327334 137460 raft_consensus.cc:705] T 00000000000000000000000000000000 P 6cd5de61888340e681a3e5cd19fad418 [term 5 LEADER]: Becoming Follower/Learner. State: Replica: 6cd5de61888340e681a3e5cd19fad418, State: Running, Role: LEADER
I0227 17:26:23.327455 137464 tablet_service.cc:1010] Received RequestConsensusVote() RPC: tablet_id: "00000000000000000000000000000000" candidate_uuid: "2e3d7e621b864672aaa91ea2d0bbd1b9" candidate_term: 6 candidate_status { last_received { term: 5 index: 29 } } ignore_live_leader: false dest_uuid: "6cd5de61888340e681a3e5cd19fad418" is_pre_election: true
I0227 17:26:23.327507 137456 tablet_service.cc:1010] Received RequestConsensusVote() RPC: tablet_id: "00000000000000000000000000000000" candidate_uuid: "c31e774156b64c02922906e3e2985c89" candidate_term: 7 candidate_status { last_received { term: 6 index: 31 } } ignore_live_leader: false dest_uuid: "6cd5de61888340e681a3e5cd19fad418" is_pre_election: true
I0227 17:26:23.327523 137460 consensus_queue.cc:229] T 00000000000000000000000000000000 P 6cd5de61888340e681a3e5cd19fad418 [NON_LEADER]: Queue going to NON_LEADER mode. State: All replicated index: 0, Majority replicated index: 29, Committed index: 29, Last appended: 5.29, Last appended by leader: 29, Current term: 5, Majority size: -1, State: 0, Mode: NON_LEADER, active raft config: opid_index: -1 OBSOLETE_local: false peers { permanent_uuid: "c31e774156b64c02922906e3e2985c89" member_type: VOTER last_known_addr { host: "127.112.245.254" port: 35995 } } peers { permanent_uuid: "6cd5de61888340e681a3e5cd19fad418" member_type: VOTER last_known_addr { host: "127.112.245.253" port: 50732 } } peers { permanent_uuid: "2e3d7e621b864672aaa91ea2d0bbd1b9" member_type: VOTER last_known_addr { host: "127.112.245.252" port: 58453 } }
I0227 17:26:23.327554 137460 consensus_peers.cc:482] T 00000000000000000000000000000000 P 6cd5de61888340e681a3e5cd19fad418 -> Peer 2e3d7e621b864672aaa91ea2d0bbd1b9 (127.112.245.252:58453): Closing peer: 2e3d7e621b864672aaa91ea2d0bbd1b9
I0227 17:26:23.327561 137463 tablet_service.cc:1010] Received RequestConsensusVote() RPC: tablet_id: "00000000000000000000000000000000" candidate_uuid: "c31e774156b64c02922906e3e2985c89" candidate_term: 6 candidate_status { last_received { term: 4 index: 24 } } ignore_live_leader: false dest_uuid: "6cd5de61888340e681a3e5cd19fad418" is_pre_election: true
I0227 17:26:23.327462 137459 tablet_service.cc:1010] Received RequestConsensusVote() RPC: tablet_id: "00000000000000000000000000000000" candidate_uuid: "c31e774156b64c02922906e3e2985c89" candidate_term: 7 candidate_status { last_received { term: 6 index: 31 } } ignore_live_leader: false dest_uuid: "6cd5de61888340e681a3e5cd19fad418" is_pre_election: true
I0227 17:26:23.327636 137458 tablet_service.cc:1010] Received RequestConsensusVote() RPC: tablet_id: "00000000000000000000000000000000" candidate_uuid: "c31e774156b64c02922906e3e2985c89" candidate_term: 7 candidate_status { last_received { term: 6 index: 31 } } ignore_live_leader: false dest_uuid: "6cd5de61888340e681a3e5cd19fad418" is_pre_election: true
I0227 17:26:23.327594 137460 consensus_peers.cc:482] T 00000000000000000000000000000000 P 6cd5de61888340e681a3e5cd19fad418 -> Peer c31e774156b64c02922906e3e2985c89 (127.112.245.254:35995): Closing peer: c31e774156b64c02922906e3e2985c89
I0227 17:26:23.327690 137462 tablet_service.cc:1010] Received RequestConsensusVote() RPC: tablet_id: "00000000000000000000000000000000" candidate_uuid: "2e3d7e621b864672aaa91ea2d0bbd1b9" candidate_term: 6 candidate_status { last_received { term: 5 index: 29 } } ignore_live_leader: false dest_uuid: "6cd5de61888340e681a3e5cd19fad418"
I0227 17:26:23.327787 137455 tablet_service.cc:1010] Received RequestConsensusVote() RPC: tablet_id: "00000000000000000000000000000000" candidate_uuid: "c31e774156b64c02922906e3e2985c89" candidate_term: 7 candidate_status { last_received { term: 6 index: 31 } } ignore_live_leader: false dest_uuid: "6cd5de61888340e681a3e5cd19fad418" is_pre_election: true
I0227 17:26:23.327832 137460 raft_consensus.cc:2886] T 00000000000000000000000000000000 P 6cd5de61888340e681a3e5cd19fad418 [term 5 FOLLOWER]: Advancing to term 6
I0227 17:26:23.328986 137460 raft_consensus.cc:1181] T 00000000000000000000000000000000 P 6cd5de61888340e681a3e5cd19fad418 [term 6 FOLLOWER]: Refusing update from remote peer 2e3d7e621b864672aaa91ea2d0bbd1b9: Log matching property violated. Preceding OpId in replica: term: 5 index: 29. Preceding OpId from leader: term: 6 index: 30. (index mismatch)
I0227 17:26:23.329165 124856 heartbeater.cc:345] Connected to a master server at 127.112.245.253:50732
I0227 17:26:23.329753 137464 raft_consensus.cc:2321] T 00000000000000000000000000000000 P 6cd5de61888340e681a3e5cd19fad418 [term 6 FOLLOWER]: Leader pre-election vote request: Denying vote to candidate 2e3d7e621b864672aaa91ea2d0bbd1b9 for term 6 because replica is already servicing an update from a current leader or another vote.
I0227 17:26:23.329828 137456 raft_consensus.cc:2321] T 00000000000000000000000000000000 P 6cd5de61888340e681a3e5cd19fad418 [term 6 FOLLOWER]: Leader pre-election vote request: Denying vote to candidate c31e774156b64c02922906e3e2985c89 for term 7 because replica is already servicing an update from a current leader or another vote.
I0227 17:26:23.329890 137463 raft_consensus.cc:2321] T 00000000000000000000000000000000 P 6cd5de61888340e681a3e5cd19fad418 [term 6 FOLLOWER]: Leader pre-election vote request: Denying vote to candidate c31e774156b64c02922906e3e2985c89 for term 6 because replica is already servicing an update from a current leader or another vote.
I0227 17:26:23.329951 137459 raft_consensus.cc:2321] T 00000000000000000000000000000000 P 6cd5de61888340e681a3e5cd19fad418 [term 6 FOLLOWER]: Leader pre-election vote request: Denying vote to candidate c31e774156b64c02922906e3e2985c89 for term 7 because replica is already servicing an update from a current leader or another vote.
I0227 17:26:23.330014 137458 raft_consensus.cc:2321] T 00000000000000000000000000000000 P 6cd5de61888340e681a3e5cd19fad418 [term 6 FOLLOWER]: Leader pre-election vote request: Denying vote to candidate c31e774156b64c02922906e3e2985c89 for term 7 because replica is already servicing an update from a current leader or another vote.
I0227 17:26:23.330104 137462 raft_consensus.cc:2321] T 00000000000000000000000000000000 P 6cd5de61888340e681a3e5cd19fad418 [term 6 FOLLOWER]: Leader election vote request: Denying vote to candidate 2e3d7e621b864672aaa91ea2d0bbd1b9 for term 6 because replica is already servicing an update from a current leader or another vote.
I0227 17:26:23.330307 137455 raft_consensus.cc:2321] T 00000000000000000000000000000000 P 6cd5de61888340e681a3e5cd19fad418 [term 6 FOLLOWER]: Leader pre-election vote request: Denying vote to candidate c31e774156b64c02922906e3e2985c89 for term 7 because replica is already servicing an update from a current leader or another vote.
I0227 17:26:23.330773 137503 hms_notification_log_listener.cc:226] Skipping Hive Metastore notification log poll: Illegal state: Not the leader. Local UUID: 6cd5de61888340e681a3e5cd19fad418, Raft Consensus state: current_term: 6 committed_config { opid_index: -1 OBSOLETE_local: false peers { permanent_uuid: "c31e774156b64c02922906e3e2985c89" member_type: VOTER last_known_addr { host: "127.112.245.254" port: 35995 } } peers { permanent_uuid: "6cd5de61888340e681a3e5cd19fad418" member_type: VOTER last_known_addr { host: "127.112.245.253" port: 50732 } } peers { permanent_uuid: "2e3d7e621b864672aaa91ea2d0bbd1b9" member_type: VOTER last_known_addr { host: "127.112.245.252" port: 58453 } } }
I0227 17:26:23.330905 137453 catalog_manager.cc:1386] Servicing CreateTable request from {username='adar'} at 127.112.245.253:35523: name: "default.table_1_1" schema { columns { name: "key" type: INT32 is_key: true is_nullable: false encoding: AUTO_ENCODING compression: DEFAULT_COMPRESSION cfile_block_size: 0 } columns { name: "int_val" type: INT32 is_key: false is_nullable: false encoding: AUTO_ENCODING compression: DEFAULT_COMPRESSION cfile_block_size: 0 } columns { name: "string_val" type: STRING is_key: false is_nullable: false encoding: AUTO_ENCODING compression: DEFAULT_COMPRESSION cfile_block_size: 0 } } split_rows_range_bounds { } partition_schema { range_schema { columns { name: "key" } } }
W0227 17:26:23.331251 137453 catalog_manager.cc:1537] The number of live tablet servers is not enough to re-replicate a tablet replica of the newly created table default.table_1_1 in case of a server failure: 4 tablet servers would be needed, 3 are available. Consider bringing up more tablet servers.
I0227 17:26:23.331641 125383 heartbeater.cc:345] Connected to a master server at 127.112.245.253:50732
I0227 17:26:23.331647 137457 tablet_service.cc:1010] Received RequestConsensusVote() RPC: tablet_id: "00000000000000000000000000000000" candidate_uuid: "c31e774156b64c02922906e3e2985c89" candidate_term: 7 candidate_status { last_received { term: 6 index: 31 } } ignore_live_leader: false dest_uuid: "6cd5de61888340e681a3e5cd19fad418" is_pre_election: true
I0227 17:26:23.331745 137457 raft_consensus.cc:2346] T 00000000000000000000000000000000 P 6cd5de61888340e681a3e5cd19fad418 [term 6 FOLLOWER]: Leader pre-election vote request: Granting yes vote for candidate c31e774156b64c02922906e3e2985c89 in term 6.
I0227 17:26:23.331919 137461 tablet_service.cc:1010] Received RequestConsensusVote() RPC: tablet_id: "00000000000000000000000000000000" candidate_uuid: "c31e774156b64c02922906e3e2985c89" candidate_term: 7 candidate_status { last_received { term: 6 index: 30 } } ignore_live_leader: false dest_uuid: "6cd5de61888340e681a3e5cd19fad418" is_pre_election: true
I0227 17:26:23.331987 137461 raft_consensus.cc:2346] T 00000000000000000000000000000000 P 6cd5de61888340e681a3e5cd19fad418 [term 6 FOLLOWER]: Leader pre-election vote request: Granting yes vote for candidate c31e774156b64c02922906e3e2985c89 in term 6.
I0227 17:26:23.332463 125069 heartbeater.cc:345] Connected to a master server at 127.112.245.253:50732
I0227 17:26:23.588863 1008 raft_consensus.cc:472] T 00000000000000000000000000000000 P c31e774156b64c02922906e3e2985c89 [term 6 FOLLOWER]: Starting pre-election (detected failure of leader 2e3d7e621b864672aaa91ea2d0bbd1b9)
I0227 17:26:23.589030 1008 raft_consensus.cc:494] T 00000000000000000000000000000000 P c31e774156b64c02922906e3e2985c89 [term 6 FOLLOWER]: Starting pre-election with config: opid_index: -1 OBSOLETE_local: false peers { permanent_uuid: "c31e774156b64c02922906e3e2985c89" member_type: VOTER last_known_addr { host: "127.112.245.254" port: 35995 } } peers { permanent_uuid: "6cd5de61888340e681a3e5cd19fad418" member_type: VOTER last_known_addr { host: "127.112.245.253" port: 50732 } } peers { permanent_uuid: "2e3d7e621b864672aaa91ea2d0bbd1b9" member_type: VOTER last_known_addr { host: "127.112.245.252" port: 58453 } }
I0227 17:26:23.590102 1008 leader_election.cc:292] T 00000000000000000000000000000000 P c31e774156b64c02922906e3e2985c89 [CANDIDATE]: Term 7 pre-election: Requested pre-vote from peers 6cd5de61888340e681a3e5cd19fad418 (127.112.245.253:50732), 2e3d7e621b864672aaa91ea2d0bbd1b9 (127.112.245.252:58453)
I0227 17:26:23.590466 137461 tablet_service.cc:1010] Received RequestConsensusVote() RPC: tablet_id: "00000000000000000000000000000000" candidate_uuid: "c31e774156b64c02922906e3e2985c89" candidate_term: 7 candidate_status { last_received { term: 6 index: 34 } } ignore_live_leader: false dest_uuid: "6cd5de61888340e681a3e5cd19fad418" is_pre_election: true
I0227 17:26:23.590575 137461 raft_consensus.cc:2346] T 00000000000000000000000000000000 P 6cd5de61888340e681a3e5cd19fad418 [term 6 FOLLOWER]: Leader pre-election vote request: Granting yes vote for candidate c31e774156b64c02922906e3e2985c89 in term 6.
I0227 17:26:23.590904 126593 leader_election.cc:306] T 00000000000000000000000000000000 P c31e774156b64c02922906e3e2985c89 [CANDIDATE]: Term 7 pre-election: Election decided. Result: candidate won. Election summary: received 2 responses out of 3 voters: 2 yes votes; 0 no votes. yes voters: 6cd5de61888340e681a3e5cd19fad418, c31e774156b64c02922906e3e2985c89; no voters:
I0227 17:26:23.591086 1008 raft_consensus.cc:2640] T 00000000000000000000000000000000 P c31e774156b64c02922906e3e2985c89 [term 6 FOLLOWER]: Leader pre-election won for term 7
I0227 17:26:23.591123 1008 raft_consensus.cc:472] T 00000000000000000000000000000000 P c31e774156b64c02922906e3e2985c89 [term 6 FOLLOWER]: Starting leader election (detected failure of leader 2e3d7e621b864672aaa91ea2d0bbd1b9)
I0227 17:26:23.591158 1008 raft_consensus.cc:2886] T 00000000000000000000000000000000 P c31e774156b64c02922906e3e2985c89 [term 6 FOLLOWER]: Advancing to term 7
I0227 17:26:23.592367 1008 raft_consensus.cc:494] T 00000000000000000000000000000000 P c31e774156b64c02922906e3e2985c89 [term 7 FOLLOWER]: Starting leader election with config: opid_index: -1 OBSOLETE_local: false peers { permanent_uuid: "c31e774156b64c02922906e3e2985c89" member_type: VOTER last_known_addr { host: "127.112.245.254" port: 35995 } } peers { permanent_uuid: "6cd5de61888340e681a3e5cd19fad418" member_type: VOTER last_known_addr { host: "127.112.245.253" port: 50732 } } peers { permanent_uuid: "2e3d7e621b864672aaa91ea2d0bbd1b9" member_type: VOTER last_known_addr { host: "127.112.245.252" port: 58453 } }
I0227 17:26:23.593044 1008 leader_election.cc:292] T 00000000000000000000000000000000 P c31e774156b64c02922906e3e2985c89 [CANDIDATE]: Term 7 election: Requested vote from peers 6cd5de61888340e681a3e5cd19fad418 (127.112.245.253:50732), 2e3d7e621b864672aaa91ea2d0bbd1b9 (127.112.245.252:58453)
I0227 17:26:23.593132 137461 tablet_service.cc:1010] Received RequestConsensusVote() RPC: tablet_id: "00000000000000000000000000000000" candidate_uuid: "c31e774156b64c02922906e3e2985c89" candidate_term: 7 candidate_status { last_received { term: 6 index: 34 } } ignore_live_leader: false dest_uuid: "6cd5de61888340e681a3e5cd19fad418"
