W0227 17:26:58.434926 137503 hms_notification_log_listener.cc:130] Hive Metastore notification log listener poll failed: Service unavailable: lost leadership while handling Hive Metastore notification log events
I0227 17:26:58.435056 137457 raft_consensus.cc:2321] T 00000000000000000000000000000000 P 6cd5de61888340e681a3e5cd19fad418 [term 9 FOLLOWER]: Leader pre-election vote request: Denying vote to candidate c31e774156b64c02922906e3e2985c89 for term 10 because replica is already servicing an update from a current leader or another vote.
I0227 17:26:58.435099 124856 heartbeater.cc:345] Connected to a master server at 127.112.245.253:50732
I0227 17:26:58.435257 137456 raft_consensus.cc:2321] T 00000000000000000000000000000000 P 6cd5de61888340e681a3e5cd19fad418 [term 9 FOLLOWER]: Leader pre-election vote request: Denying vote to candidate c31e774156b64c02922906e3e2985c89 for term 10 because replica is already servicing an update from a current leader or another vote.
I0227 17:26:58.444784 125069 heartbeater.cc:345] Connected to a master server at 127.112.245.253:50732
I0227 17:26:58.445508 125383 heartbeater.cc:345] Connected to a master server at 127.112.245.253:50732
I0227 17:26:58.784453 42706 raft_consensus.cc:472] T 00000000000000000000000000000000 P c31e774156b64c02922906e3e2985c89 [term 9 FOLLOWER]: Starting pre-election (detected failure of leader 2e3d7e621b864672aaa91ea2d0bbd1b9)
I0227 17:26:58.784574 42706 raft_consensus.cc:494] T 00000000000000000000000000000000 P c31e774156b64c02922906e3e2985c89 [term 9 FOLLOWER]: Starting pre-election with config: opid_index: -1 OBSOLETE_local: false peers { permanent_uuid: "c31e774156b64c02922906e3e2985c89" member_type: VOTER last_known_addr { host: "127.112.245.254" port: 35995 } } peers { permanent_uuid: "6cd5de61888340e681a3e5cd19fad418" member_type: VOTER last_known_addr { host: "127.112.245.253" port: 50732 } } peers { permanent_uuid: "2e3d7e621b864672aaa91ea2d0bbd1b9" member_type: VOTER last_known_addr { host: "127.112.245.252" port: 58453 } }
I0227 17:26:58.785050 42706 leader_election.cc:292] T 00000000000000000000000000000000 P c31e774156b64c02922906e3e2985c89 [CANDIDATE]: Term 10 pre-election: Requested pre-vote from peers 6cd5de61888340e681a3e5cd19fad418 (127.112.245.253:50732), 2e3d7e621b864672aaa91ea2d0bbd1b9 (127.112.245.252:58453)
I0227 17:26:58.785471 137456 tablet_service.cc:1010] Received RequestConsensusVote() RPC: tablet_id: "00000000000000000000000000000000" candidate_uuid: "c31e774156b64c02922906e3e2985c89" candidate_term: 10 candidate_status { last_received { term: 9 index: 53 } } ignore_live_leader: false dest_uuid: "6cd5de61888340e681a3e5cd19fad418" is_pre_election: true
I0227 17:26:58.785565 137456 raft_consensus.cc:2346] T 00000000000000000000000000000000 P 6cd5de61888340e681a3e5cd19fad418 [term 9 FOLLOWER]: Leader pre-election vote request: Granting yes vote for candidate c31e774156b64c02922906e3e2985c89 in term 9.
I0227 17:26:58.785861 126593 leader_election.cc:306] T 00000000000000000000000000000000 P c31e774156b64c02922906e3e2985c89 [CANDIDATE]: Term 10 pre-election: Election decided. Result: candidate won. Election summary: received 2 responses out of 3 voters: 2 yes votes; 0 no votes. yes voters: 6cd5de61888340e681a3e5cd19fad418, c31e774156b64c02922906e3e2985c89; no voters:
I0227 17:26:58.786025 42706 raft_consensus.cc:2640] T 00000000000000000000000000000000 P c31e774156b64c02922906e3e2985c89 [term 9 FOLLOWER]: Leader pre-election won for term 10
I0227 17:26:58.786108 42706 raft_consensus.cc:472] T 00000000000000000000000000000000 P c31e774156b64c02922906e3e2985c89 [term 9 FOLLOWER]: Starting leader election (detected failure of leader 2e3d7e621b864672aaa91ea2d0bbd1b9)
I0227 17:26:58.786175 42706 raft_consensus.cc:2886] T 00000000000000000000000000000000 P c31e774156b64c02922906e3e2985c89 [term 9 FOLLOWER]: Advancing to term 10
I0227 17:26:58.787792 42706 raft_consensus.cc:494] T 00000000000000000000000000000000 P c31e774156b64c02922906e3e2985c89 [term 10 FOLLOWER]: Starting leader election with config: opid_index: -1 OBSOLETE_local: false peers { permanent_uuid: "c31e774156b64c02922906e3e2985c89" member_type: VOTER last_known_addr { host: "127.112.245.254" port: 35995 } } peers { permanent_uuid: "6cd5de61888340e681a3e5cd19fad418" member_type: VOTER last_known_addr { host: "127.112.245.253" port: 50732 } } peers { permanent_uuid: "2e3d7e621b864672aaa91ea2d0bbd1b9" member_type: VOTER last_known_addr { host: "127.112.245.252" port: 58453 } }
I0227 17:26:58.788300 42706 leader_election.cc:292] T 00000000000000000000000000000000 P c31e774156b64c02922906e3e2985c89 [CANDIDATE]: Term 10 election: Requested vote from peers 6cd5de61888340e681a3e5cd19fad418 (127.112.245.253:50732), 2e3d7e621b864672aaa91ea2d0bbd1b9 (127.112.245.252:58453)
I0227 17:26:58.788666 137456 tablet_service.cc:1010] Received RequestConsensusVote() RPC: tablet_id: "00000000000000000000000000000000" candidate_uuid: "c31e774156b64c02922906e3e2985c89" candidate_term: 10 candidate_status { last_received { term: 9 index: 53 } } ignore_live_leader: false dest_uuid: "6cd5de61888340e681a3e5cd19fad418"
I0227 17:26:58.788777 137456 raft_consensus.cc:2886] T 00000000000000000000000000000000 P 6cd5de61888340e681a3e5cd19fad418 [term 9 FOLLOWER]: Advancing to term 10
I0227 17:26:58.790310 137456 raft_consensus.cc:2346] T 00000000000000000000000000000000 P 6cd5de61888340e681a3e5cd19fad418 [term 10 FOLLOWER]: Leader election vote request: Granting yes vote for candidate c31e774156b64c02922906e3e2985c89 in term 10.
I0227 17:26:58.790588 126593 leader_election.cc:306] T 00000000000000000000000000000000 P c31e774156b64c02922906e3e2985c89 [CANDIDATE]: Term 10 election: Election decided. Result: candidate won. Election summary: received 2 responses out of 3 voters: 2 yes votes; 0 no votes. yes voters: 6cd5de61888340e681a3e5cd19fad418, c31e774156b64c02922906e3e2985c89; no voters:
I0227 17:26:58.790760 42706 raft_consensus.cc:2640] T 00000000000000000000000000000000 P c31e774156b64c02922906e3e2985c89 [term 10 FOLLOWER]: Leader election won for term 10
I0227 17:26:58.790967 42706 raft_consensus.cc:667] T 00000000000000000000000000000000 P c31e774156b64c02922906e3e2985c89 [term 10 LEADER]: Becoming Leader. State: Replica: c31e774156b64c02922906e3e2985c89, State: Running, Role: LEADER
I0227 17:26:58.791275 42706 consensus_queue.cc:206] T 00000000000000000000000000000000 P c31e774156b64c02922906e3e2985c89 [LEADER]: Queue going to LEADER mode. State: All replicated index: 0, Majority replicated index: 53, Committed index: 53, Last appended: 9.53, Last appended by leader: 53, Current term: 10, Majority size: 2, State: 0, Mode: LEADER, active raft config: opid_index: -1 OBSOLETE_local: false peers { permanent_uuid: "c31e774156b64c02922906e3e2985c89" member_type: VOTER last_known_addr { host: "127.112.245.254" port: 35995 } } peers { permanent_uuid: "6cd5de61888340e681a3e5cd19fad418" member_type: VOTER last_known_addr { host: "127.112.245.253" port: 50732 } } peers { permanent_uuid: "2e3d7e621b864672aaa91ea2d0bbd1b9" member_type: VOTER last_known_addr { host: "127.112.245.252" port: 58453 } }
I0227 17:26:58.794368 42750 sys_catalog.cc:337] T 00000000000000000000000000000000 P c31e774156b64c02922906e3e2985c89 [sys.catalog]: SysCatalogTable state changed. Reason: New leader c31e774156b64c02922906e3e2985c89. Latest consensus state: current_term: 10 leader_uuid: "c31e774156b64c02922906e3e2985c89" committed_config { opid_index: -1 OBSOLETE_local: false peers { permanent_uuid: "c31e774156b64c02922906e3e2985c89" member_type: VOTER last_known_addr { host: "127.112.245.254" port: 35995 } } peers { permanent_uuid: "6cd5de61888340e681a3e5cd19fad418" member_type: VOTER last_known_addr { host: "127.112.245.253" port: 50732 } } peers { permanent_uuid: "2e3d7e621b864672aaa91ea2d0bbd1b9" member_type: VOTER last_known_addr { host: "127.112.245.252" port: 58453 } } }
I0227 17:26:58.794777 42750 sys_catalog.cc:340] T 00000000000000000000000000000000 P c31e774156b64c02922906e3e2985c89 [sys.catalog]: This master's current role is: LEADER
I0227 17:26:58.795001 42776 catalog_manager.cc:1046] Loading table and tablet metadata into memory...
I0227 17:26:58.796814 42776 catalog_manager.cc:347] Loaded metadata for table default.table_2 [id=1386cdb42e004032916576ef12b3f5cd]
I0227 17:26:58.797013 42776 catalog_manager.cc:347] Loaded metadata for table default.table_1_2 [id=6e03f2b32ac4487aaefa599456dee7ff]
I0227 17:26:58.797171 42776 catalog_manager.cc:347] Loaded metadata for table default.table_1 [id=7189818660584405852c5a4249b8601d]
I0227 17:26:58.797319 42776 catalog_manager.cc:347] Loaded metadata for table default.table_1_1 [id=ac73b8b72e334b67b7a5ce715797317f]
I0227 17:26:58.797495 42776 catalog_manager.cc:347] Loaded metadata for table default.table_2_0 [id=b8dd42b26d92481cba2426feb211b7c5]
I0227 17:26:58.797667 42776 catalog_manager.cc:347] Loaded metadata for table default.table_0 [id=bc75674adf8e42de8857bcba6d648867]
I0227 17:26:58.797842 42776 catalog_manager.cc:347] Loaded metadata for table default.table_0_2 [id=c00fb13ccb9d43a6872d134e76f8bb45]
I0227 17:26:58.798017 42776 catalog_manager.cc:347] Loaded metadata for table default.table_0_0 [id=d18d4af2ae47433f9af25b21a92b3c31]
I0227 17:26:58.798204 42776 catalog_manager.cc:347] Loaded metadata for table default.table_2_1 [id=d603b950501d4d128e92498f10ad7ee7]
I0227 17:26:58.798377 42776 catalog_manager.cc:347] Loaded metadata for table default.table_0_1 [id=d8ec01a9c6424f27a548a16c9f453c4b]
I0227 17:26:58.798566 42776 catalog_manager.cc:347] Loaded metadata for table default.table_1_0 [id=fc09c0e69c204983ad92186871b2f276]
I0227 17:26:58.799942 42776 catalog_manager.cc:401] Loaded metadata for tablet 0156483f43f14f4e9fe0e5dc35c12333 (table default.table_1_1 [id=ac73b8b72e334b67b7a5ce715797317f])
I0227 17:26:58.800140 42776 catalog_manager.cc:401] Loaded metadata for tablet 363dd021fd184929bc8b1f461f8fdb16 (table default.table_2 [id=1386cdb42e004032916576ef12b3f5cd])
I0227 17:26:58.800333 42776 catalog_manager.cc:401] Loaded metadata for tablet 4894d1b749c04d81a7faef34e4d7affc (table default.table_2_0 [id=b8dd42b26d92481cba2426feb211b7c5])
I0227 17:26:58.800520 42776 catalog_manager.cc:401] Loaded metadata for tablet 5c60704670c44ebf81ffea4c83d5a8d4 (table default.table_1_0 [id=fc09c0e69c204983ad92186871b2f276])
I0227 17:26:58.800705 42776 catalog_manager.cc:401] Loaded metadata for tablet 7fae960e7b5343338ea18dbb27e5f63a (table default.table_1_2 [id=6e03f2b32ac4487aaefa599456dee7ff])
I0227 17:26:58.800892 42776 catalog_manager.cc:401] Loaded metadata for tablet 8c4950a6e6e54bc59d6e40c00df12fab (table default.table_0_1 [id=d8ec01a9c6424f27a548a16c9f453c4b])
I0227 17:26:58.801091 42776 catalog_manager.cc:401] Loaded metadata for tablet 9808ecd2a4be428290fa53bb51dd17d4 (table default.table_0_0 [id=d18d4af2ae47433f9af25b21a92b3c31])
I0227 17:26:58.801275 42776 catalog_manager.cc:401] Loaded metadata for tablet bf54e38e762844a18884463d41a59bf2 (table default.table_0_2 [id=c00fb13ccb9d43a6872d134e76f8bb45])
I0227 17:26:58.801460 42776 catalog_manager.cc:401] Loaded metadata for tablet dd3249f630b848c8b1efd3a68065de81 (table default.table_1 [id=7189818660584405852c5a4249b8601d])
I0227 17:26:58.801642 42776 catalog_manager.cc:401] Loaded metadata for tablet ecb4dca085d84488941dd64175a6aaac (table default.table_2_1 [id=d603b950501d4d128e92498f10ad7ee7])
I0227 17:26:58.801831 42776 catalog_manager.cc:401] Loaded metadata for tablet fcd66b3d06b5442b9b1b4d34c6d0667b (table default.table_0 [id=bc75674adf8e42de8857bcba6d648867])
I0227 17:26:58.802045 42776 catalog_manager.cc:1057] Initializing Kudu internal certificate authority...
I0227 17:26:58.803221 42776 catalog_manager.cc:1066] Loading token signing keys...
I0227 17:26:58.804028 42776 catalog_manager.cc:4106] T 00000000000000000000000000000000 P c31e774156b64c02922906e3e2985c89: Loaded TSK: 0
I0227 17:26:58.804306 42776 catalog_manager.cc:1077] Loading latest processed Hive Metastore notification log event ID...
I0227 17:26:59.293148 137456 raft_consensus.cc:1181] T 00000000000000000000000000000000 P 6cd5de61888340e681a3e5cd19fad418 [term 10 FOLLOWER]: Refusing update from remote peer c31e774156b64c02922906e3e2985c89: Log matching property violated. Preceding OpId in replica: term: 8 index: 48. Preceding OpId from leader: term: 10 index: 54. (index mismatch)
I0227 17:26:59.293839 42750 consensus_queue.cc:984] T 00000000000000000000000000000000 P c31e774156b64c02922906e3e2985c89 [LEADER]: Connected to new peer: Peer: permanent_uuid: "6cd5de61888340e681a3e5cd19fad418" member_type: VOTER last_known_addr { host: "127.112.245.253" port: 50732 }, Status: LMP_MISMATCH, Last received: 0.0, Next index: 54, Last known committed idx: 48, Time since last communication: 0.000s
I0227 17:26:59.296510 43370 sys_catalog.cc:337] T 00000000000000000000000000000000 P 6cd5de61888340e681a3e5cd19fad418 [sys.catalog]: SysCatalogTable state changed. Reason: Replicated consensus-only round. Latest consensus state: current_term: 10 leader_uuid: "c31e774156b64c02922906e3e2985c89" committed_config { opid_index: -1 OBSOLETE_local: false peers { permanent_uuid: "c31e774156b64c02922906e3e2985c89" member_type: VOTER last_known_addr { host: "127.112.245.254" port: 35995 } } peers { permanent_uuid: "6cd5de61888340e681a3e5cd19fad418" member_type: VOTER last_known_addr { host: "127.112.245.253" port: 50732 } } peers { permanent_uuid: "2e3d7e621b864672aaa91ea2d0bbd1b9" member_type: VOTER last_known_addr { host: "127.112.245.252" port: 58453 } } }
I0227 17:26:59.296576 43367 sys_catalog.cc:337] T 00000000000000000000000000000000 P 6cd5de61888340e681a3e5cd19fad418 [sys.catalog]: SysCatalogTable state changed. Reason: New leader c31e774156b64c02922906e3e2985c89. Latest consensus state: current_term: 10 leader_uuid: "c31e774156b64c02922906e3e2985c89" committed_config { opid_index: -1 OBSOLETE_local: false peers { permanent_uuid: "c31e774156b64c02922906e3e2985c89" member_type: VOTER last_known_addr { host: "127.112.245.254" port: 35995 } } peers { permanent_uuid: "6cd5de61888340e681a3e5cd19fad418" member_type: VOTER last_known_addr { host: "127.112.245.253" port: 50732 } } peers { permanent_uuid: "2e3d7e621b864672aaa91ea2d0bbd1b9" member_type: VOTER last_known_addr { host: "127.112.245.252" port: 58453 } } }
I0227 17:26:59.296644 43370 sys_catalog.cc:340] T 00000000000000000000000000000000 P 6cd5de61888340e681a3e5cd19fad418 [sys.catalog]: This master's current role is: FOLLOWER
I0227 17:26:59.296666 43367 sys_catalog.cc:340] T 00000000000000000000000000000000 P 6cd5de61888340e681a3e5cd19fad418 [sys.catalog]: This master's current role is: FOLLOWER
I0227 17:26:59.298912 43367 sys_catalog.cc:337] T 00000000000000000000000000000000 P 6cd5de61888340e681a3e5cd19fad418 [sys.catalog]: SysCatalogTable state changed. Reason: Replicated consensus-only round. Latest consensus state: current_term: 10 leader_uuid: "c31e774156b64c02922906e3e2985c89" committed_config { opid_index: -1 OBSOLETE_local: false peers { permanent_uuid: "c31e774156b64c02922906e3e2985c89" member_type: VOTER last_known_addr { host: "127.112.245.254" port: 35995 } } peers { permanent_uuid: "6cd5de61888340e681a3e5cd19fad418" member_type: VOTER last_known_addr { host: "127.112.245.253" port: 50732 } } peers { permanent_uuid: "2e3d7e621b864672aaa91ea2d0bbd1b9" member_type: VOTER last_known_addr { host: "127.112.245.252" port: 58453 } } }
I0227 17:26:59.298933 43367 sys_catalog.cc:340] T 00000000000000000000000000000000 P 6cd5de61888340e681a3e5cd19fad418 [sys.catalog]: This master's current role is: FOLLOWER
I0227 17:26:59.299321 42750 sys_catalog.cc:337] T 00000000000000000000000000000000 P c31e774156b64c02922906e3e2985c89 [sys.catalog]: SysCatalogTable state changed. Reason: Peer health change. Latest consensus state: current_term: 10 leader_uuid: "c31e774156b64c02922906e3e2985c89" committed_config { opid_index: -1 OBSOLETE_local: false peers { permanent_uuid: "c31e774156b64c02922906e3e2985c89" member_type: VOTER last_known_addr { host: "127.112.245.254" port: 35995 } } peers { permanent_uuid: "6cd5de61888340e681a3e5cd19fad418" member_type: VOTER last_known_addr { host: "127.112.245.253" port: 50732 } } peers { permanent_uuid: "2e3d7e621b864672aaa91ea2d0bbd1b9" member_type: VOTER last_known_addr { host: "127.112.245.252" port: 58453 } } }
I0227 17:26:59.299357 42750 sys_catalog.cc:340] T 00000000000000000000000000000000 P c31e774156b64c02922906e3e2985c89 [sys.catalog]: This master's current role is: LEADER
W0227 17:26:59.412225 126592 leader_election.cc:337] T 00000000000000000000000000000000 P c31e774156b64c02922906e3e2985c89 [CANDIDATE]: Term 10 pre-election: RPC error from VoteRequest() call to peer 2e3d7e621b864672aaa91ea2d0bbd1b9 (127.112.245.252:58453): Timed out: RequestConsensusVote RPC to 127.112.245.252:58453 timed out after 0.625s (SENT)
W0227 17:26:59.445611 126592 leader_election.cc:337] T 00000000000000000000000000000000 P c31e774156b64c02922906e3e2985c89 [CANDIDATE]: Term 10 election: RPC error from VoteRequest() call to peer 2e3d7e621b864672aaa91ea2d0bbd1b9 (127.112.245.252:58453): Timed out: RequestConsensusVote RPC to 127.112.245.252:58453 timed out after 0.656s (SENT)
I0227 17:26:59.754422 124857 heartbeater.cc:466] Master 127.112.245.254:35995 was elected leader, sending a full tablet report...
I0227 17:26:59.757334 125384 heartbeater.cc:466] Master 127.112.245.254:35995 was elected leader, sending a full tablet report...
I0227 17:26:59.799921 43919 raft_consensus.cc:472] T 00000000000000000000000000000000 P 6cd5de61888340e681a3e5cd19fad418 [term 10 FOLLOWER]: Starting pre-election (detected failure of leader c31e774156b64c02922906e3e2985c89)
I0227 17:26:59.800102 43919 raft_consensus.cc:494] T 00000000000000000000000000000000 P 6cd5de61888340e681a3e5cd19fad418 [term 10 FOLLOWER]: Starting pre-election with config: opid_index: -1 OBSOLETE_local: false peers { permanent_uuid: "c31e774156b64c02922906e3e2985c89" member_type: VOTER last_known_addr { host: "127.112.245.254" port: 35995 } } peers { permanent_uuid: "6cd5de61888340e681a3e5cd19fad418" member_type: VOTER last_known_addr { host: "127.112.245.253" port: 50732 } } peers { permanent_uuid: "2e3d7e621b864672aaa91ea2d0bbd1b9" member_type: VOTER last_known_addr { host: "127.112.245.252" port: 58453 } }
I0227 17:26:59.800823 43919 leader_election.cc:292] T 00000000000000000000000000000000 P 6cd5de61888340e681a3e5cd19fad418 [CANDIDATE]: Term 11 pre-election: Requested pre-vote from peers c31e774156b64c02922906e3e2985c89 (127.112.245.254:35995), 2e3d7e621b864672aaa91ea2d0bbd1b9 (127.112.245.252:58453)
I0227 17:26:59.801271 126660 tablet_service.cc:1010] Received RequestConsensusVote() RPC: tablet_id: "00000000000000000000000000000000" candidate_uuid: "6cd5de61888340e681a3e5cd19fad418" candidate_term: 11 candidate_status { last_received { term: 10 index: 54 } } ignore_live_leader: false dest_uuid: "c31e774156b64c02922906e3e2985c89" is_pre_election: true
I0227 17:26:59.801345 126660 raft_consensus.cc:2307] T 00000000000000000000000000000000 P c31e774156b64c02922906e3e2985c89 [term 10 LEADER]: Leader pre-election vote request: Denying vote to candidate 6cd5de61888340e681a3e5cd19fad418 for term 11 because replica is either leader or believes a valid leader to be alive.
I0227 17:26:59.805431 125070 heartbeater.cc:466] Master 127.112.245.254:35995 was elected leader, sending a full tablet report...
I0227 17:27:00.311964 45030 raft_consensus.cc:472] T 00000000000000000000000000000000 P 6cd5de61888340e681a3e5cd19fad418 [term 10 FOLLOWER]: Starting pre-election (detected failure of leader c31e774156b64c02922906e3e2985c89)
I0227 17:27:00.312096 45030 raft_consensus.cc:494] T 00000000000000000000000000000000 P 6cd5de61888340e681a3e5cd19fad418 [term 10 FOLLOWER]: Starting pre-election with config: opid_index: -1 OBSOLETE_local: false peers { permanent_uuid: "c31e774156b64c02922906e3e2985c89" member_type: VOTER last_known_addr { host: "127.112.245.254" port: 35995 } } peers { permanent_uuid: "6cd5de61888340e681a3e5cd19fad418" member_type: VOTER last_known_addr { host: "127.112.245.253" port: 50732 } } peers { permanent_uuid: "2e3d7e621b864672aaa91ea2d0bbd1b9" member_type: VOTER last_known_addr { host: "127.112.245.252" port: 58453 } }
I0227 17:27:00.313813 45030 leader_election.cc:292] T 00000000000000000000000000000000 P 6cd5de61888340e681a3e5cd19fad418 [CANDIDATE]: Term 11 pre-election: Requested pre-vote from peers c31e774156b64c02922906e3e2985c89 (127.112.245.254:35995), 2e3d7e621b864672aaa91ea2d0bbd1b9 (127.112.245.252:58453)
I0227 17:27:00.314281 126660 tablet_service.cc:1010] Received RequestConsensusVote() RPC: tablet_id: "00000000000000000000000000000000" candidate_uuid: "6cd5de61888340e681a3e5cd19fad418" candidate_term: 11 candidate_status { last_received { term: 10 index: 54 } } ignore_live_leader: false dest_uuid: "c31e774156b64c02922906e3e2985c89" is_pre_election: true
I0227 17:27:00.314366 126660 raft_consensus.cc:2307] T 00000000000000000000000000000000 P c31e774156b64c02922906e3e2985c89 [term 10 LEADER]: Leader pre-election vote request: Denying vote to candidate 6cd5de61888340e681a3e5cd19fad418 for term 11 because replica is either leader or believes a valid leader to be alive.
W0227 17:27:00.334749 137432 leader_election.cc:337] T 00000000000000000000000000000000 P 6cd5de61888340e681a3e5cd19fad418 [CANDIDATE]: Term 11 pre-election: RPC error from VoteRequest() call to peer 2e3d7e621b864672aaa91ea2d0bbd1b9 (127.112.245.252:58453): Timed out: RequestConsensusVote RPC to 127.112.245.252:58453 timed out after 0.529s (SENT)
I0227 17:27:00.334826 137432 leader_election.cc:306] T 00000000000000000000000000000000 P 6cd5de61888340e681a3e5cd19fad418 [CANDIDATE]: Term 11 pre-election: Election decided. Result: candidate lost. Election summary: received 3 responses out of 3 voters: 1 yes votes; 2 no votes. yes voters: 6cd5de61888340e681a3e5cd19fad418; no voters: 2e3d7e621b864672aaa91ea2d0bbd1b9, c31e774156b64c02922906e3e2985c89
I0227 17:27:00.334998 45030 raft_consensus.cc:2588] T 00000000000000000000000000000000 P 6cd5de61888340e681a3e5cd19fad418 [term 10 FOLLOWER]: Leader pre-election lost for term 11. Reason: could not achieve majority
I0227 17:27:00.844394 46579 raft_consensus.cc:472] T 00000000000000000000000000000000 P 6cd5de61888340e681a3e5cd19fad418 [term 10 FOLLOWER]: Starting pre-election (detected failure of leader c31e774156b64c02922906e3e2985c89)
I0227 17:27:00.844615 46579 raft_consensus.cc:494] T 00000000000000000000000000000000 P 6cd5de61888340e681a3e5cd19fad418 [term 10 FOLLOWER]: Starting pre-election with config: opid_index: -1 OBSOLETE_local: false peers { permanent_uuid: "c31e774156b64c02922906e3e2985c89" member_type: VOTER last_known_addr { host: "127.112.245.254" port: 35995 } } peers { permanent_uuid: "6cd5de61888340e681a3e5cd19fad418" member_type: VOTER last_known_addr { host: "127.112.245.253" port: 50732 } } peers { permanent_uuid: "2e3d7e621b864672aaa91ea2d0bbd1b9" member_type: VOTER last_known_addr { host: "127.112.245.252" port: 58453 } }
I0227 17:27:00.845468 46579 leader_election.cc:292] T 00000000000000000000000000000000 P 6cd5de61888340e681a3e5cd19fad418 [CANDIDATE]: Term 11 pre-election: Requested pre-vote from peers c31e774156b64c02922906e3e2985c89 (127.112.245.254:35995), 2e3d7e621b864672aaa91ea2d0bbd1b9 (127.112.245.252:58453)
I0227 17:27:00.845887 126660 tablet_service.cc:1010] Received RequestConsensusVote() RPC: tablet_id: "00000000000000000000000000000000" candidate_uuid: "6cd5de61888340e681a3e5cd19fad418" candidate_term: 11 candidate_status { last_received { term: 10 index: 54 } } ignore_live_leader: false dest_uuid: "c31e774156b64c02922906e3e2985c89" is_pre_election: true
I0227 17:27:00.845975 126660 raft_consensus.cc:2307] T 00000000000000000000000000000000 P c31e774156b64c02922906e3e2985c89 [term 10 LEADER]: Leader pre-election vote request: Denying vote to candidate 6cd5de61888340e681a3e5cd19fad418 for term 11 because replica is either leader or believes a valid leader to be alive.
W0227 17:27:01.042392 137432 leader_election.cc:337] T 00000000000000000000000000000000 P 6cd5de61888340e681a3e5cd19fad418 [CANDIDATE]: Term 11 pre-election: RPC error from VoteRequest() call to peer 2e3d7e621b864672aaa91ea2d0bbd1b9 (127.112.245.252:58453): Timed out: RequestConsensusVote RPC to 127.112.245.252:58453 timed out after 0.727s (SENT)
I0227 17:27:01.042476 137432 leader_election.cc:306] T 00000000000000000000000000000000 P 6cd5de61888340e681a3e5cd19fad418 [CANDIDATE]: Term 11 pre-election: Election decided. Result: candidate lost. Election summary: received 3 responses out of 3 voters: 1 yes votes; 2 no votes. yes voters: 6cd5de61888340e681a3e5cd19fad418; no voters: 2e3d7e621b864672aaa91ea2d0bbd1b9, c31e774156b64c02922906e3e2985c89
I0227 17:27:01.042673 46579 raft_consensus.cc:2588] T 00000000000000000000000000000000 P 6cd5de61888340e681a3e5cd19fad418 [term 10 FOLLOWER]: Leader pre-election lost for term 11. Reason: could not achieve majority
W0227 17:27:01.586840 137432 leader_election.cc:337] T 00000000000000000000000000000000 P 6cd5de61888340e681a3e5cd19fad418 [CANDIDATE]: Term 11 pre-election: RPC error from VoteRequest() call to peer 2e3d7e621b864672aaa91ea2d0bbd1b9 (127.112.245.252:58453): Timed out: RequestConsensusVote RPC to 127.112.245.252:58453 timed out after 0.740s (SENT)
I0227 17:27:01.586913 137432 leader_election.cc:306] T 00000000000000000000000000000000 P 6cd5de61888340e681a3e5cd19fad418 [CANDIDATE]: Term 11 pre-election: Election decided. Result: candidate lost. Election summary: received 3 responses out of 3 voters: 1 yes votes; 2 no votes. yes voters: 6cd5de61888340e681a3e5cd19fad418; no voters: 2e3d7e621b864672aaa91ea2d0bbd1b9, c31e774156b64c02922906e3e2985c89
I0227 17:27:01.587353 47870 raft_consensus.cc:2588] T 00000000000000000000000000000000 P 6cd5de61888340e681a3e5cd19fad418 [term 10 FOLLOWER]: Leader pre-election lost for term 11. Reason: could not achieve majority
I0227 17:27:02.392701 48314 raft_consensus.cc:472] T 00000000000000000000000000000000 P 6cd5de61888340e681a3e5cd19fad418 [term 10 FOLLOWER]: Starting pre-election (detected failure of leader c31e774156b64c02922906e3e2985c89)
I0227 17:27:02.392949 48314 raft_consensus.cc:494] T 00000000000000000000000000000000 P 6cd5de61888340e681a3e5cd19fad418 [term 10 FOLLOWER]: Starting pre-election with config: opid_index: -1 OBSOLETE_local: false peers { permanent_uuid: "c31e774156b64c02922906e3e2985c89" member_type: VOTER last_known_addr { host: "127.112.245.254" port: 35995 } } peers { permanent_uuid: "6cd5de61888340e681a3e5cd19fad418" member_type: VOTER last_known_addr { host: "127.112.245.253" port: 50732 } } peers { permanent_uuid: "2e3d7e621b864672aaa91ea2d0bbd1b9" member_type: VOTER last_known_addr { host: "127.112.245.252" port: 58453 } }
I0227 17:27:02.393889 48314 leader_election.cc:292] T 00000000000000000000000000000000 P 6cd5de61888340e681a3e5cd19fad418 [CANDIDATE]: Term 11 pre-election: Requested pre-vote from peers c31e774156b64c02922906e3e2985c89 (127.112.245.254:35995), 2e3d7e621b864672aaa91ea2d0bbd1b9 (127.112.245.252:58453)
I0227 17:27:02.393919 126660 tablet_service.cc:1010] Received RequestConsensusVote() RPC: tablet_id: "00000000000000000000000000000000" candidate_uuid: "6cd5de61888340e681a3e5cd19fad418" candidate_term: 11 candidate_status { last_received { term: 10 index: 54 } } ignore_live_leader: false dest_uuid: "c31e774156b64c02922906e3e2985c89" is_pre_election: true
I0227 17:27:02.393982 126660 raft_consensus.cc:2307] T 00000000000000000000000000000000 P c31e774156b64c02922906e3e2985c89 [term 10 LEADER]: Leader pre-election vote request: Denying vote to candidate 6cd5de61888340e681a3e5cd19fad418 for term 11 because replica is either leader or believes a valid leader to be alive. 97671 T50 odu.Log4JLogger.info Request to load fields "comment,name,type" of class org.apache.hadoop.hive.metastore.model.MFieldSchema but object is embedded, so ignored 97671 T50 odu.Log4JLogger.info Request to load fields "comment,name,type" of class org.apache.hadoop.hive.metastore.model.MFieldSchema but object is embedded, so ignored 97672 T50 odu.Log4JLogger.info Request to load fields "comment,name,type" of class org.apache.hadoop.hive.metastore.model.MFieldSchema but object is embedded, so ignored 97672 T50 odu.Log4JLogger.info Request to load fields "comment,name,type" of class org.apache.hadoop.hive.metastore.model.MFieldSchema but object is embedded, so ignored 97672 T50 odu.Log4JLogger.info Request to load fields "comment,name,type" of class org.apache.hadoop.hive.metastore.model.MFieldSchema but object is embedded, so ignored 97673 T50 odu.Log4JLogger.info Request to load fields "comment,name,type" of class org.apache.hadoop.hive.metastore.model.MFieldSchema but object is embedded, so ignored
W0227 17:27:03.142356 137432 leader_election.cc:337] T 00000000000000000000000000000000 P 6cd5de61888340e681a3e5cd19fad418 [CANDIDATE]: Term 11 pre-election: RPC error from VoteRequest() call to peer 2e3d7e621b864672aaa91ea2d0bbd1b9 (127.112.245.252:58453): Timed out: RequestConsensusVote RPC to 127.112.245.252:58453 timed out after 0.747s (SENT)
I0227 17:27:03.142455 137432 leader_election.cc:306] T 00000000000000000000000000000000 P 6cd5de61888340e681a3e5cd19fad418 [CANDIDATE]: Term 11 pre-election: Election decided. Result: candidate lost. Election summary: received 3 responses out of 3 voters: 1 yes votes; 2 no votes. yes voters: 6cd5de61888340e681a3e5cd19fad418; no voters: 2e3d7e621b864672aaa91ea2d0bbd1b9, c31e774156b64c02922906e3e2985c89
I0227 17:27:03.142825 48731 raft_consensus.cc:2588] T 00000000000000000000000000000000 P 6cd5de61888340e681a3e5cd19fad418 [term 10 FOLLOWER]: Leader pre-election lost for term 11. Reason: could not achieve majority
I0227 17:27:04.143780 49842 raft_consensus.cc:472] T 00000000000000000000000000000000 P 6cd5de61888340e681a3e5cd19fad418 [term 10 FOLLOWER]: Starting pre-election (detected failure of leader c31e774156b64c02922906e3e2985c89)
I0227 17:27:04.144059 49842 raft_consensus.cc:494] T 00000000000000000000000000000000 P 6cd5de61888340e681a3e5cd19fad418 [term 10 FOLLOWER]: Starting pre-election with config: opid_index: -1 OBSOLETE_local: false peers { permanent_uuid: "c31e774156b64c02922906e3e2985c89" member_type: VOTER last_known_addr { host: "127.112.245.254" port: 35995 } } peers { permanent_uuid: "6cd5de61888340e681a3e5cd19fad418" member_type: VOTER last_known_addr { host: "127.112.245.253" port: 50732 } } peers { permanent_uuid: "2e3d7e621b864672aaa91ea2d0bbd1b9" member_type: VOTER last_known_addr { host: "127.112.245.252" port: 58453 } }
I0227 17:27:04.145237 126660 tablet_service.cc:1010] Received RequestConsensusVote() RPC: tablet_id: "00000000000000000000000000000000" candidate_uuid: "6cd5de61888340e681a3e5cd19fad418" candidate_term: 11 candidate_status { last_received { term: 10 index: 55 } } ignore_live_leader: false dest_uuid: "c31e774156b64c02922906e3e2985c89" is_pre_election: true
I0227 17:27:04.145315 126660 raft_consensus.cc:2307] T 00000000000000000000000000000000 P c31e774156b64c02922906e3e2985c89 [term 10 LEADER]: Leader pre-election vote request: Denying vote to candidate 6cd5de61888340e681a3e5cd19fad418 for term 11 because replica is either leader or believes a valid leader to be alive.
I0227 17:27:04.145422 49842 leader_election.cc:292] T 00000000000000000000000000000000 P 6cd5de61888340e681a3e5cd19fad418 [CANDIDATE]: Term 11 pre-election: Requested pre-vote from peers c31e774156b64c02922906e3e2985c89 (127.112.245.254:35995), 2e3d7e621b864672aaa91ea2d0bbd1b9 (127.112.245.252:58453)
W0227 17:27:04.716338 137432 leader_election.cc:337] T 00000000000000000000000000000000 P 6cd5de61888340e681a3e5cd19fad418 [CANDIDATE]: Term 11 pre-election: RPC error from VoteRequest() call to peer 2e3d7e621b864672aaa91ea2d0bbd1b9 (127.112.245.252:58453): Timed out: RequestConsensusVote RPC to 127.112.245.252:58453 timed out after 0.570s (SENT)
I0227 17:27:04.716439 137432 leader_election.cc:306] T 00000000000000000000000000000000 P 6cd5de61888340e681a3e5cd19fad418 [CANDIDATE]: Term 11 pre-election: Election decided. Result: candidate lost. Election summary: received 3 responses out of 3 voters: 1 yes votes; 2 no votes. yes voters: 6cd5de61888340e681a3e5cd19fad418; no voters: 2e3d7e621b864672aaa91ea2d0bbd1b9, c31e774156b64c02922906e3e2985c89
I0227 17:27:04.724382 50286 raft_consensus.cc:2588] T 00000000000000000000000000000000 P 6cd5de61888340e681a3e5cd19fad418 [term 10 FOLLOWER]: Leader pre-election lost for term 11. Reason: could not achieve majority
I0227 17:27:05.254729 51088 raft_consensus.cc:472] T 00000000000000000000000000000000 P 6cd5de61888340e681a3e5cd19fad418 [term 10 FOLLOWER]: Starting pre-election (detected failure of leader c31e774156b64c02922906e3e2985c89)
I0227 17:27:05.254875 51088 raft_consensus.cc:494] T 00000000000000000000000000000000 P 6cd5de61888340e681a3e5cd19fad418 [term 10 FOLLOWER]: Starting pre-election with config: opid_index: -1 OBSOLETE_local: false peers { permanent_uuid: "c31e774156b64c02922906e3e2985c89" member_type: VOTER last_known_addr { host: "127.112.245.254" port: 35995 } } peers { permanent_uuid: "6cd5de61888340e681a3e5cd19fad418" member_type: VOTER last_known_addr { host: "127.112.245.253" port: 50732 } } peers { permanent_uuid: "2e3d7e621b864672aaa91ea2d0bbd1b9" member_type: VOTER last_known_addr { host: "127.112.245.252" port: 58453 } }
I0227 17:27:05.255406 51088 leader_election.cc:292] T 00000000000000000000000000000000 P 6cd5de61888340e681a3e5cd19fad418 [CANDIDATE]: Term 11 pre-election: Requested pre-vote from peers c31e774156b64c02922906e3e2985c89 (127.112.245.254:35995), 2e3d7e621b864672aaa91ea2d0bbd1b9 (127.112.245.252:58453)
I0227 17:27:05.259980 126660 tablet_service.cc:1010] Received RequestConsensusVote() RPC: tablet_id: "00000000000000000000000000000000" candidate_uuid: "6cd5de61888340e681a3e5cd19fad418" candidate_term: 11 candidate_status { last_received { term: 10 index: 55 } } ignore_live_leader: false dest_uuid: "c31e774156b64c02922906e3e2985c89" is_pre_election: true
I0227 17:27:05.260071 126660 raft_consensus.cc:2307] T 00000000000000000000000000000000 P c31e774156b64c02922906e3e2985c89 [term 10 LEADER]: Leader pre-election vote request: Denying vote to candidate 6cd5de61888340e681a3e5cd19fad418 for term 11 because replica is either leader or believes a valid leader to be alive.
W0227 17:27:06.285158 137432 leader_election.cc:337] T 00000000000000000000000000000000 P 6cd5de61888340e681a3e5cd19fad418 [CANDIDATE]: Term 11 pre-election: RPC error from VoteRequest() call to peer 2e3d7e621b864672aaa91ea2d0bbd1b9 (127.112.245.252:58453): Timed out: RequestConsensusVote RPC to 127.112.245.252:58453 timed out after 1.024s (SENT)
I0227 17:27:06.285250 137432 leader_election.cc:306] T 00000000000000000000000000000000 P 6cd5de61888340e681a3e5cd19fad418 [CANDIDATE]: Term 11 pre-election: Election decided. Result: candidate lost. Election summary: received 3 responses out of 3 voters: 1 yes votes; 2 no votes. yes voters: 6cd5de61888340e681a3e5cd19fad418; no voters: 2e3d7e621b864672aaa91ea2d0bbd1b9, c31e774156b64c02922906e3e2985c89
I0227 17:27:06.290246 52040 raft_consensus.cc:2588] T 00000000000000000000000000000000 P 6cd5de61888340e681a3e5cd19fad418 [term 10 FOLLOWER]: Leader pre-election lost for term 11. Reason: could not achieve majority
I0227 17:27:07.164427 52868 raft_consensus.cc:472] T 00000000000000000000000000000000 P 6cd5de61888340e681a3e5cd19fad418 [term 10 FOLLOWER]: Starting pre-election (detected failure of leader c31e774156b64c02922906e3e2985c89)
I0227 17:27:07.164600 52868 raft_consensus.cc:494] T 00000000000000000000000000000000 P 6cd5de61888340e681a3e5cd19fad418 [term 10 FOLLOWER]: Starting pre-election with config: opid_index: -1 OBSOLETE_local: false peers { permanent_uuid: "c31e774156b64c02922906e3e2985c89" member_type: VOTER last_known_addr { host: "127.112.245.254" port: 35995 } } peers { permanent_uuid: "6cd5de61888340e681a3e5cd19fad418" member_type: VOTER last_known_addr { host: "127.112.245.253" port: 50732 } } peers { permanent_uuid: "2e3d7e621b864672aaa91ea2d0bbd1b9" member_type: VOTER last_known_addr { host: "127.112.245.252" port: 58453 } }
I0227 17:27:07.165513 52868 leader_election.cc:292] T 00000000000000000000000000000000 P 6cd5de61888340e681a3e5cd19fad418 [CANDIDATE]: Term 11 pre-election: Requested pre-vote from peers c31e774156b64c02922906e3e2985c89 (127.112.245.254:35995), 2e3d7e621b864672aaa91ea2d0bbd1b9 (127.112.245.252:58453)
I0227 17:27:07.166435 126660 tablet_service.cc:1010] Received RequestConsensusVote() RPC: tablet_id: "00000000000000000000000000000000" candidate_uuid: "6cd5de61888340e681a3e5cd19fad418" candidate_term: 11 candidate_status { last_received { term: 10 index: 55 } } ignore_live_leader: false dest_uuid: "c31e774156b64c02922906e3e2985c89" is_pre_election: true
I0227 17:27:07.166508 126660 raft_consensus.cc:2307] T 00000000000000000000000000000000 P c31e774156b64c02922906e3e2985c89 [term 10 LEADER]: Leader pre-election vote request: Denying vote to candidate 6cd5de61888340e681a3e5cd19fad418 for term 11 because replica is either leader or believes a valid leader to be alive.
I0227 17:27:07.673934 53524 raft_consensus.cc:472] T 00000000000000000000000000000000 P 6cd5de61888340e681a3e5cd19fad418 [term 10 FOLLOWER]: Starting pre-election (detected failure of leader c31e774156b64c02922906e3e2985c89)
I0227 17:27:07.674142 53524 raft_consensus.cc:494] T 00000000000000000000000000000000 P 6cd5de61888340e681a3e5cd19fad418 [term 10 FOLLOWER]: Starting pre-election with config: opid_index: -1 OBSOLETE_local: false peers { permanent_uuid: "c31e774156b64c02922906e3e2985c89" member_type: VOTER last_known_addr { host: "127.112.245.254" port: 35995 } } peers { permanent_uuid: "6cd5de61888340e681a3e5cd19fad418" member_type: VOTER last_known_addr { host: "127.112.245.253" port: 50732 } } peers { permanent_uuid: "2e3d7e621b864672aaa91ea2d0bbd1b9" member_type: VOTER last_known_addr { host: "127.112.245.252" port: 58453 } }
I0227 17:27:07.676640 53524 leader_election.cc:292] T 00000000000000000000000000000000 P 6cd5de61888340e681a3e5cd19fad418 [CANDIDATE]: Term 11 pre-election: Requested pre-vote from peers c31e774156b64c02922906e3e2985c89 (127.112.245.254:35995), 2e3d7e621b864672aaa91ea2d0bbd1b9 (127.112.245.252:58453)
I0227 17:27:07.677350 126660 tablet_service.cc:1010] Received RequestConsensusVote() RPC: tablet_id: "00000000000000000000000000000000" candidate_uuid: "6cd5de61888340e681a3e5cd19fad418" candidate_term: 11 candidate_status { last_received { term: 10 index: 55 } } ignore_live_leader: false dest_uuid: "c31e774156b64c02922906e3e2985c89" is_pre_election: true
I0227 17:27:07.677487 126660 raft_consensus.cc:2307] T 00000000000000000000000000000000 P c31e774156b64c02922906e3e2985c89 [term 10 LEADER]: Leader pre-election vote request: Denying vote to candidate 6cd5de61888340e681a3e5cd19fad418 for term 11 because replica is either leader or believes a valid leader to be alive.
W0227 17:27:07.754575 137432 leader_election.cc:337] T 00000000000000000000000000000000 P 6cd5de61888340e681a3e5cd19fad418 [CANDIDATE]: Term 11 pre-election: RPC error from VoteRequest() call to peer 2e3d7e621b864672aaa91ea2d0bbd1b9 (127.112.245.252:58453): Timed out: RequestConsensusVote RPC to 127.112.245.252:58453 timed out after 0.588s (SENT)
I0227 17:27:07.754683 137432 leader_election.cc:306] T 00000000000000000000000000000000 P 6cd5de61888340e681a3e5cd19fad418 [CANDIDATE]: Term 11 pre-election: Election decided. Result: candidate lost. Election summary: received 3 responses out of 3 voters: 1 yes votes; 2 no votes. yes voters: 6cd5de61888340e681a3e5cd19fad418; no voters: 2e3d7e621b864672aaa91ea2d0bbd1b9, c31e774156b64c02922906e3e2985c89
I0227 17:27:07.754896 53524 raft_consensus.cc:2588] T 00000000000000000000000000000000 P 6cd5de61888340e681a3e5cd19fad418 [term 10 FOLLOWER]: Leader pre-election lost for term 11. Reason: could not achieve majority
W0227 17:27:08.415900 137432 leader_election.cc:337] T 00000000000000000000000000000000 P 6cd5de61888340e681a3e5cd19fad418 [CANDIDATE]: Term 11 pre-election: RPC error from VoteRequest() call to peer 2e3d7e621b864672aaa91ea2d0bbd1b9 (127.112.245.252:58453): Timed out: RequestConsensusVote RPC to 127.112.245.252:58453 timed out after 0.738s (SENT)
I0227 17:27:08.416013 137432 leader_election.cc:306] T 00000000000000000000000000000000 P 6cd5de61888340e681a3e5cd19fad418 [CANDIDATE]: Term 11 pre-election: Election decided. Result: candidate lost. Election summary: received 3 responses out of 3 voters: 1 yes votes; 2 no votes. yes voters: 6cd5de61888340e681a3e5cd19fad418; no voters: 2e3d7e621b864672aaa91ea2d0bbd1b9, c31e774156b64c02922906e3e2985c89
I0227 17:27:08.416393 54468 raft_consensus.cc:2588] T 00000000000000000000000000000000 P 6cd5de61888340e681a3e5cd19fad418 [term 10 FOLLOWER]: Leader pre-election lost for term 11. Reason: could not achieve majority
W0227 17:27:08.444545 125414 master_proxy_rpc.cc:192] Re-attempting CreateTable request to leader Master (127.112.245.252:58453)
I0227 17:27:08.448936 126644 catalog_manager.cc:1386] Servicing CreateTable request from {username='adar'} at 127.112.245.254:47010: name: "default.table_2_2" schema { columns { name: "key" type: INT32 is_key: true is_nullable: false encoding: AUTO_ENCODING compression: DEFAULT_COMPRESSION cfile_block_size: 0 } columns { name: "int_val" type: INT32 is_key: false is_nullable: false encoding: AUTO_ENCODING compression: DEFAULT_COMPRESSION cfile_block_size: 0 } columns { name: "string_val" type: STRING is_key: false is_nullable: false encoding: AUTO_ENCODING compression: DEFAULT_COMPRESSION cfile_block_size: 0 } } split_rows_range_bounds { } partition_schema { range_schema { columns { name: "key" } } }
W0227 17:27:08.449339 126644 catalog_manager.cc:1537] The number of live tablet servers is not enough to re-replicate a tablet replica of the newly created table default.table_2_2 in case of a server failure: 4 tablet servers would be needed, 3 are available. Consider bringing up more tablet servers.
I0227 17:27:08.534425 125316 tablet_service.cc:774] Processing CreateTablet for tablet 0ffbcc0cc3e246d58b8c632013df602e (table=default.table_2_2 [id=75b302f74978469e9d008e2d91fd3c45]), partition=RANGE (key) PARTITION UNBOUNDED
I0227 17:27:08.534593 124778 tablet_service.cc:774] Processing CreateTablet for tablet 0ffbcc0cc3e246d58b8c632013df602e (table=default.table_2_2 [id=75b302f74978469e9d008e2d91fd3c45]), partition=RANGE (key) PARTITION UNBOUNDED
I0227 17:27:08.534711 125316 data_dirs.cc:938] Could only allocate 1 dirs of requested 3 for tablet 0ffbcc0cc3e246d58b8c632013df602e. 1 dirs total, 0 dirs full, 0 dirs failed
I0227 17:27:08.534831 124778 data_dirs.cc:938] Could only allocate 1 dirs of requested 3 for tablet 0ffbcc0cc3e246d58b8c632013df602e. 1 dirs total, 0 dirs full, 0 dirs failed
I0227 17:27:08.534943 124988 tablet_service.cc:774] Processing CreateTablet for tablet 0ffbcc0cc3e246d58b8c632013df602e (table=default.table_2_2 [id=75b302f74978469e9d008e2d91fd3c45]), partition=RANGE (key) PARTITION UNBOUNDED
I0227 17:27:08.535210 124988 data_dirs.cc:938] Could only allocate 1 dirs of requested 3 for tablet 0ffbcc0cc3e246d58b8c632013df602e. 1 dirs total, 0 dirs full, 0 dirs failed
I0227 17:27:08.547894 124988 ts_tablet_manager.cc:1175] T 0ffbcc0cc3e246d58b8c632013df602e P 39144add463f4fe89dc1ea42c778d8cf: Registered tablet (data state: TABLET_DATA_READY)
I0227 17:27:08.547901 125316 ts_tablet_manager.cc:1175] T 0ffbcc0cc3e246d58b8c632013df602e P 9a4f55686db84876a066f455f6a41180: Registered tablet (data state: TABLET_DATA_READY)
I0227 17:27:08.547902 124778 ts_tablet_manager.cc:1175] T 0ffbcc0cc3e246d58b8c632013df602e P 9f6459ebb80643b98e01844aa2fd6338: Registered tablet (data state: TABLET_DATA_READY)
I0227 17:27:08.548156 54514 ts_tablet_manager.cc:1030] T 0ffbcc0cc3e246d58b8c632013df602e P 9a4f55686db84876a066f455f6a41180: Bootstrapping tablet
I0227 17:27:08.548184 54515 ts_tablet_manager.cc:1030] T 0ffbcc0cc3e246d58b8c632013df602e P 39144add463f4fe89dc1ea42c778d8cf: Bootstrapping tablet
I0227 17:27:08.548259 54514 tablet_bootstrap.cc:439] T 0ffbcc0cc3e246d58b8c632013df602e P 9a4f55686db84876a066f455f6a41180: Bootstrap starting.
I0227 17:27:08.548276 54515 tablet_bootstrap.cc:439] T 0ffbcc0cc3e246d58b8c632013df602e P 39144add463f4fe89dc1ea42c778d8cf: Bootstrap starting.
I0227 17:27:08.548413 54513 ts_tablet_manager.cc:1030] T 0ffbcc0cc3e246d58b8c632013df602e P 9f6459ebb80643b98e01844aa2fd6338: Bootstrapping tablet
I0227 17:27:08.548518 54513 tablet_bootstrap.cc:439] T 0ffbcc0cc3e246d58b8c632013df602e P 9f6459ebb80643b98e01844aa2fd6338: Bootstrap starting.
I0227 17:27:08.549659 54513 tablet_bootstrap.cc:593] T 0ffbcc0cc3e246d58b8c632013df602e P 9f6459ebb80643b98e01844aa2fd6338: No blocks or log segments found. Creating new log.
I0227 17:27:08.549665 54515 tablet_bootstrap.cc:593] T 0ffbcc0cc3e246d58b8c632013df602e P 39144add463f4fe89dc1ea42c778d8cf: No blocks or log segments found. Creating new log.
I0227 17:27:08.549696 54514 tablet_bootstrap.cc:593] T 0ffbcc0cc3e246d58b8c632013df602e P 9a4f55686db84876a066f455f6a41180: No blocks or log segments found. Creating new log.
I0227 17:27:08.550731 54514 tablet_bootstrap.cc:439] T 0ffbcc0cc3e246d58b8c632013df602e P 9a4f55686db84876a066f455f6a41180: No bootstrap required, opened a new log
I0227 17:27:08.550807 54514 ts_tablet_manager.cc:1047] T 0ffbcc0cc3e246d58b8c632013df602e P 9a4f55686db84876a066f455f6a41180: Time spent bootstrapping tablet: real 0.003s user 0.001s sys 0.000s
I0227 17:27:08.550842 54515 tablet_bootstrap.cc:439] T 0ffbcc0cc3e246d58b8c632013df602e P 39144add463f4fe89dc1ea42c778d8cf: No bootstrap required, opened a new log
I0227 17:27:08.550912 54515 ts_tablet_manager.cc:1047] T 0ffbcc0cc3e246d58b8c632013df602e P 39144add463f4fe89dc1ea42c778d8cf: Time spent bootstrapping tablet: real 0.003s user 0.001s sys 0.000s
I0227 17:27:08.551232 54514 raft_consensus.cc:340] T 0ffbcc0cc3e246d58b8c632013df602e P 9a4f55686db84876a066f455f6a41180 [term 0 FOLLOWER]: Replica starting. Triggering 0 pending transactions. Active config: opid_index: -1 OBSOLETE_local: false peers { permanent_uuid: "9a4f55686db84876a066f455f6a41180" member_type: VOTER last_known_addr { host: "127.112.245.195" port: 45942 } } peers { permanent_uuid: "9f6459ebb80643b98e01844aa2fd6338" member_type: VOTER last_known_addr { host: "127.112.245.193" port: 55806 } } peers { permanent_uuid: "39144add463f4fe89dc1ea42c778d8cf" member_type: VOTER last_known_addr { host: "127.112.245.194" port: 55958 } }
I0227 17:27:08.551254 54514 raft_consensus.cc:366] T 0ffbcc0cc3e246d58b8c632013df602e P 9a4f55686db84876a066f455f6a41180 [term 0 FOLLOWER]: Consensus starting up: Expiring failure detector timer to make a prompt election more likely
I0227 17:27:08.551265 54514 raft_consensus.cc:705] T 0ffbcc0cc3e246d58b8c632013df602e P 9a4f55686db84876a066f455f6a41180 [term 0 FOLLOWER]: Becoming Follower/Learner. State: Replica: 9a4f55686db84876a066f455f6a41180, State: Initialized, Role: FOLLOWER
I0227 17:27:08.551283 54513 tablet_bootstrap.cc:439] T 0ffbcc0cc3e246d58b8c632013df602e P 9f6459ebb80643b98e01844aa2fd6338: No bootstrap required, opened a new log
I0227 17:27:08.551388 54514 consensus_queue.cc:229] T 0ffbcc0cc3e246d58b8c632013df602e P 9a4f55686db84876a066f455f6a41180 [NON_LEADER]: Queue going to NON_LEADER mode. State: All replicated index: 0, Majority replicated index: 0, Committed index: 0, Last appended: 0.0, Last appended by leader: 0, Current term: 0, Majority size: -1, State: 0, Mode: NON_LEADER, active raft config: opid_index: -1 OBSOLETE_local: false peers { permanent_uuid: "9a4f55686db84876a066f455f6a41180" member_type: VOTER last_known_addr { host: "127.112.245.195" port: 45942 } } peers { permanent_uuid: "9f6459ebb80643b98e01844aa2fd6338" member_type: VOTER last_known_addr { host: "127.112.245.193" port: 55806 } } peers { permanent_uuid: "39144add463f4fe89dc1ea42c778d8cf" member_type: VOTER last_known_addr { host: "127.112.245.194" port: 55958 } }
I0227 17:27:08.551414 54513 ts_tablet_manager.cc:1047] T 0ffbcc0cc3e246d58b8c632013df602e P 9f6459ebb80643b98e01844aa2fd6338: Time spent bootstrapping tablet: real 0.003s user 0.001s sys 0.000s
I0227 17:27:08.551463 54515 raft_consensus.cc:340] T 0ffbcc0cc3e246d58b8c632013df602e P 39144add463f4fe89dc1ea42c778d8cf [term 0 FOLLOWER]: Replica starting. Triggering 0 pending transactions. Active config: opid_index: -1 OBSOLETE_local: false peers { permanent_uuid: "9a4f55686db84876a066f455f6a41180" member_type: VOTER last_known_addr { host: "127.112.245.195" port: 45942 } } peers { permanent_uuid: "9f6459ebb80643b98e01844aa2fd6338" member_type: VOTER last_known_addr { host: "127.112.245.193" port: 55806 } } peers { permanent_uuid: "39144add463f4fe89dc1ea42c778d8cf" member_type: VOTER last_known_addr { host: "127.112.245.194" port: 55958 } }
I0227 17:27:08.551492 54515 raft_consensus.cc:366] T 0ffbcc0cc3e246d58b8c632013df602e P 39144add463f4fe89dc1ea42c778d8cf [term 0 FOLLOWER]: Consensus starting up: Expiring failure detector timer to make a prompt election more likely
I0227 17:27:08.551513 54515 raft_consensus.cc:705] T 0ffbcc0cc3e246d58b8c632013df602e P 39144add463f4fe89dc1ea42c778d8cf [term 0 FOLLOWER]: Becoming Follower/Learner. State: Replica: 39144add463f4fe89dc1ea42c778d8cf, State: Initialized, Role: FOLLOWER
I0227 17:27:08.551631 54514 ts_tablet_manager.cc:1075] T 0ffbcc0cc3e246d58b8c632013df602e P 9a4f55686db84876a066f455f6a41180: Time spent starting tablet: real 0.001s user 0.001s sys 0.000s
