I0227 17:24:26.469990 37609 raft_consensus.cc:494] T 00000000000000000000000000000000 P 45d749848fc844e1af0e5b15b810994f [term 3 FOLLOWER]: Starting leader election with config: opid_index: -1 OBSOLETE_local: false peers { permanent_uuid: "45d749848fc844e1af0e5b15b810994f" member_type: VOTER last_known_addr { host: "127.112.245.254" port: 39035 } } peers { permanent_uuid: "bbd34c4935164b99889130f50a1ac965" member_type: VOTER last_known_addr { host: "127.112.245.253" port: 41272 } } peers { permanent_uuid: "eaae685ab2234943bccdfa4e9d6b87e1" member_type: VOTER last_known_addr { host: "127.112.245.252" port: 34480 } }
I0227 17:24:26.470435 37609 leader_election.cc:292] T 00000000000000000000000000000000 P 45d749848fc844e1af0e5b15b810994f [CANDIDATE]: Term 3 election: Requested vote from peers bbd34c4935164b99889130f50a1ac965 (127.112.245.253:41272), eaae685ab2234943bccdfa4e9d6b87e1 (127.112.245.252:34480)
I0227 17:24:26.470783 35555 tablet_service.cc:1010] Received RequestConsensusVote() RPC: tablet_id: "00000000000000000000000000000000" candidate_uuid: "45d749848fc844e1af0e5b15b810994f" candidate_term: 3 candidate_status { last_received { term: 2 index: 4 } } ignore_live_leader: false dest_uuid: "bbd34c4935164b99889130f50a1ac965"
I0227 17:24:26.470854 35555 raft_consensus.cc:2307] T 00000000000000000000000000000000 P bbd34c4935164b99889130f50a1ac965 [term 2 LEADER]: Leader election vote request: Denying vote to candidate 45d749848fc844e1af0e5b15b810994f for term 3 because replica is either leader or believes a valid leader to be alive.
I0227 17:24:26.470860 36096 tablet_service.cc:1010] Received RequestConsensusVote() RPC: tablet_id: "00000000000000000000000000000000" candidate_uuid: "45d749848fc844e1af0e5b15b810994f" candidate_term: 3 candidate_status { last_received { term: 2 index: 4 } } ignore_live_leader: false dest_uuid: "eaae685ab2234943bccdfa4e9d6b87e1"
I0227 17:24:26.470921 36096 raft_consensus.cc:2886] T 00000000000000000000000000000000 P eaae685ab2234943bccdfa4e9d6b87e1 [term 2 FOLLOWER]: Advancing to term 3
I0227 17:24:26.472097 36096 raft_consensus.cc:2346] T 00000000000000000000000000000000 P eaae685ab2234943bccdfa4e9d6b87e1 [term 3 FOLLOWER]: Leader election vote request: Granting yes vote for candidate 45d749848fc844e1af0e5b15b810994f in term 3.
I0227 17:24:26.474874 35097 leader_election.cc:306] T 00000000000000000000000000000000 P 45d749848fc844e1af0e5b15b810994f [CANDIDATE]: Term 3 election: Election decided. Result: candidate won. Election summary: received 3 responses out of 3 voters: 2 yes votes; 1 no votes. yes voters: 45d749848fc844e1af0e5b15b810994f, eaae685ab2234943bccdfa4e9d6b87e1; no voters: bbd34c4935164b99889130f50a1ac965
I0227 17:24:26.475365 37609 raft_consensus.cc:2640] T 00000000000000000000000000000000 P 45d749848fc844e1af0e5b15b810994f [term 3 FOLLOWER]: Leader election won for term 3
I0227 17:24:26.475527 37609 raft_consensus.cc:667] T 00000000000000000000000000000000 P 45d749848fc844e1af0e5b15b810994f [term 3 LEADER]: Becoming Leader. State: Replica: 45d749848fc844e1af0e5b15b810994f, State: Running, Role: LEADER
I0227 17:24:26.475945 37609 consensus_queue.cc:206] T 00000000000000000000000000000000 P 45d749848fc844e1af0e5b15b810994f [LEADER]: Queue going to LEADER mode. State: All replicated index: 0, Majority replicated index: 4, Committed index: 4, Last appended: 2.4, Last appended by leader: 4, Current term: 3, Majority size: 2, State: 0, Mode: LEADER, active raft config: opid_index: -1 OBSOLETE_local: false peers { permanent_uuid: "45d749848fc844e1af0e5b15b810994f" member_type: VOTER last_known_addr { host: "127.112.245.254" port: 39035 } } peers { permanent_uuid: "bbd34c4935164b99889130f50a1ac965" member_type: VOTER last_known_addr { host: "127.112.245.253" port: 41272 } } peers { permanent_uuid: "eaae685ab2234943bccdfa4e9d6b87e1" member_type: VOTER last_known_addr { host: "127.112.245.252" port: 34480 } }
I0227 17:24:26.476944 37609 sys_catalog.cc:337] T 00000000000000000000000000000000 P 45d749848fc844e1af0e5b15b810994f [sys.catalog]: SysCatalogTable state changed. Reason: New leader 45d749848fc844e1af0e5b15b810994f. Latest consensus state: current_term: 3 leader_uuid: "45d749848fc844e1af0e5b15b810994f" committed_config { opid_index: -1 OBSOLETE_local: false peers { permanent_uuid: "45d749848fc844e1af0e5b15b810994f" member_type: VOTER last_known_addr { host: "127.112.245.254" port: 39035 } } peers { permanent_uuid: "bbd34c4935164b99889130f50a1ac965" member_type: VOTER last_known_addr { host: "127.112.245.253" port: 41272 } } peers { permanent_uuid: "eaae685ab2234943bccdfa4e9d6b87e1" member_type: VOTER last_known_addr { host: "127.112.245.252" port: 34480 } } }
I0227 17:24:26.476967 37609 sys_catalog.cc:340] T 00000000000000000000000000000000 P 45d749848fc844e1af0e5b15b810994f [sys.catalog]: This master's current role is: LEADER
I0227 17:24:26.482378 38367 catalog_manager.cc:1046] Loading table and tablet metadata into memory...
I0227 17:24:26.485029 38367 catalog_manager.cc:1057] Initializing Kudu internal certificate authority...
I0227 17:24:26.491009 38367 catalog_manager.cc:1066] Loading token signing keys...
I0227 17:24:26.491538 38367 catalog_manager.cc:4106] T 00000000000000000000000000000000 P 45d749848fc844e1af0e5b15b810994f: Loaded TSK: 0
I0227 17:24:26.492255 38367 catalog_manager.cc:1077] Loading latest processed Hive Metastore notification log event ID...
I0227 17:24:26.519471 38378 sys_catalog.cc:337] T 00000000000000000000000000000000 P bbd34c4935164b99889130f50a1ac965 [sys.catalog]: SysCatalogTable state changed. Reason: Peer health change. Latest consensus state: current_term: 2 leader_uuid: "bbd34c4935164b99889130f50a1ac965" committed_config { opid_index: -1 OBSOLETE_local: false peers { permanent_uuid: "45d749848fc844e1af0e5b15b810994f" member_type: VOTER last_known_addr { host: "127.112.245.254" port: 39035 } } peers { permanent_uuid: "bbd34c4935164b99889130f50a1ac965" member_type: VOTER last_known_addr { host: "127.112.245.253" port: 41272 } } peers { permanent_uuid: "eaae685ab2234943bccdfa4e9d6b87e1" member_type: VOTER last_known_addr { host: "127.112.245.252" port: 34480 } } }
I0227 17:24:26.519511 38378 sys_catalog.cc:340] T 00000000000000000000000000000000 P bbd34c4935164b99889130f50a1ac965 [sys.catalog]: This master's current role is: LEADER
I0227 17:24:26.519645 35126 raft_consensus.cc:1149] T 00000000000000000000000000000000 P 45d749848fc844e1af0e5b15b810994f [term 3 LEADER]: Rejecting Update request from peer bbd34c4935164b99889130f50a1ac965 for earlier term 2. Current term is 3. Ops: []
I0227 17:24:26.520095 38378 consensus_queue.cc:995] T 00000000000000000000000000000000 P bbd34c4935164b99889130f50a1ac965 [LEADER]: Peer responded invalid term: Peer: permanent_uuid: "45d749848fc844e1af0e5b15b810994f" member_type: VOTER last_known_addr { host: "127.112.245.254" port: 39035 }, Status: INVALID_TERM, Last received: 2.4, Next index: 5, Last known committed idx: 4, Time since last communication: 0.000s
I0227 17:24:26.520252 38378 consensus_queue.cc:1162] T 00000000000000000000000000000000 P bbd34c4935164b99889130f50a1ac965 [LEADER]: Peer 45d749848fc844e1af0e5b15b810994f log is divergent from this leader: its last log entry 3.5 is not in this leader's log and it has not received anything from this leader yet. Falling back to committed index 4
I0227 17:24:26.520368 38378 raft_consensus.cc:2881] T 00000000000000000000000000000000 P bbd34c4935164b99889130f50a1ac965 [term 2 LEADER]: Stepping down as leader of term 2
I0227 17:24:26.520449 38378 raft_consensus.cc:705] T 00000000000000000000000000000000 P bbd34c4935164b99889130f50a1ac965 [term 2 LEADER]: Becoming Follower/Learner. State: Replica: bbd34c4935164b99889130f50a1ac965, State: Running, Role: LEADER
I0227 17:24:26.524591 38378 consensus_queue.cc:229] T 00000000000000000000000000000000 P bbd34c4935164b99889130f50a1ac965 [NON_LEADER]: Queue going to NON_LEADER mode. State: All replicated index: 0, Majority replicated index: 4, Committed index: 4, Last appended: 2.4, Last appended by leader: 4, Current term: 2, Majority size: -1, State: 0, Mode: NON_LEADER, active raft config: opid_index: -1 OBSOLETE_local: false peers { permanent_uuid: "45d749848fc844e1af0e5b15b810994f" member_type: VOTER last_known_addr { host: "127.112.245.254" port: 39035 } } peers { permanent_uuid: "bbd34c4935164b99889130f50a1ac965" member_type: VOTER last_known_addr { host: "127.112.245.253" port: 41272 } } peers { permanent_uuid: "eaae685ab2234943bccdfa4e9d6b87e1" member_type: VOTER last_known_addr { host: "127.112.245.252" port: 34480 } }
I0227 17:24:26.524706 38378 consensus_peers.cc:482] T 00000000000000000000000000000000 P bbd34c4935164b99889130f50a1ac965 -> Peer eaae685ab2234943bccdfa4e9d6b87e1 (127.112.245.252:34480): Closing peer: eaae685ab2234943bccdfa4e9d6b87e1
I0227 17:24:26.524802 38378 consensus_peers.cc:482] T 00000000000000000000000000000000 P bbd34c4935164b99889130f50a1ac965 -> Peer 45d749848fc844e1af0e5b15b810994f (127.112.245.254:39035): Closing peer: 45d749848fc844e1af0e5b15b810994f
I0227 17:24:26.525022 38378 raft_consensus.cc:2886] T 00000000000000000000000000000000 P bbd34c4935164b99889130f50a1ac965 [term 2 FOLLOWER]: Advancing to term 3
W0227 17:24:26.526690 38381 catalog_manager.cc:980] Failed waiting for node to catch up after master election: Illegal state: Node bbd34c4935164b99889130f50a1ac965 not leader. Raft Consensus state: current_term: 3 committed_config { opid_index: -1 OBSOLETE_local: false peers { permanent_uuid: "45d749848fc844e1af0e5b15b810994f" member_type: VOTER last_known_addr { host: "127.112.245.254" port: 39035 } } peers { permanent_uuid: "bbd34c4935164b99889130f50a1ac965" member_type: VOTER last_known_addr { host: "127.112.245.253" port: 41272 } } peers { permanent_uuid: "eaae685ab2234943bccdfa4e9d6b87e1" member_type: VOTER last_known_addr { host: "127.112.245.252" port: 34480 } } }
I0227 17:24:26.725003 36223 catalog_manager.cc:1130] T 00000000000000000000000000000000 P bbd34c4935164b99889130f50a1ac965: importing token verification keys for follower catalog manager: success; most recent TSK sequence number 0
I0227 17:24:26.981583 38725 raft_consensus.cc:472] T 00000000000000000000000000000000 P eaae685ab2234943bccdfa4e9d6b87e1 [term 3 FOLLOWER]: Starting pre-election (no leader contacted us within the election timeout)
I0227 17:24:26.981717 38725 raft_consensus.cc:494] T 00000000000000000000000000000000 P eaae685ab2234943bccdfa4e9d6b87e1 [term 3 FOLLOWER]: Starting pre-election with config: opid_index: -1 OBSOLETE_local: false peers { permanent_uuid: "45d749848fc844e1af0e5b15b810994f" member_type: VOTER last_known_addr { host: "127.112.245.254" port: 39035 } } peers { permanent_uuid: "bbd34c4935164b99889130f50a1ac965" member_type: VOTER last_known_addr { host: "127.112.245.253" port: 41272 } } peers { permanent_uuid: "eaae685ab2234943bccdfa4e9d6b87e1" member_type: VOTER last_known_addr { host: "127.112.245.252" port: 34480 } }
I0227 17:24:26.982273 38725 leader_election.cc:292] T 00000000000000000000000000000000 P eaae685ab2234943bccdfa4e9d6b87e1 [CANDIDATE]: Term 4 pre-election: Requested pre-vote from peers 45d749848fc844e1af0e5b15b810994f (127.112.245.254:39035), bbd34c4935164b99889130f50a1ac965 (127.112.245.253:41272)
I0227 17:24:26.982688 35555 tablet_service.cc:1010] Received RequestConsensusVote() RPC: tablet_id: "00000000000000000000000000000000" candidate_uuid: "eaae685ab2234943bccdfa4e9d6b87e1" candidate_term: 4 candidate_status { last_received { term: 2 index: 4 } } ignore_live_leader: false dest_uuid: "bbd34c4935164b99889130f50a1ac965" is_pre_election: true
I0227 17:24:26.982744 35126 tablet_service.cc:1010] Received RequestConsensusVote() RPC: tablet_id: "00000000000000000000000000000000" candidate_uuid: "eaae685ab2234943bccdfa4e9d6b87e1" candidate_term: 4 candidate_status { last_received { term: 2 index: 4 } } ignore_live_leader: false dest_uuid: "45d749848fc844e1af0e5b15b810994f" is_pre_election: true
I0227 17:24:26.982780 35555 raft_consensus.cc:2346] T 00000000000000000000000000000000 P bbd34c4935164b99889130f50a1ac965 [term 3 FOLLOWER]: Leader pre-election vote request: Granting yes vote for candidate eaae685ab2234943bccdfa4e9d6b87e1 in term 3.
I0227 17:24:26.982847 35126 raft_consensus.cc:2307] T 00000000000000000000000000000000 P 45d749848fc844e1af0e5b15b810994f [term 3 LEADER]: Leader pre-election vote request: Denying vote to candidate eaae685ab2234943bccdfa4e9d6b87e1 for term 4 because replica is either leader or believes a valid leader to be alive.
I0227 17:24:26.983093 35936 leader_election.cc:306] T 00000000000000000000000000000000 P eaae685ab2234943bccdfa4e9d6b87e1 [CANDIDATE]: Term 4 pre-election: Election decided. Result: candidate won. Election summary: received 2 responses out of 3 voters: 2 yes votes; 0 no votes. yes voters: bbd34c4935164b99889130f50a1ac965, eaae685ab2234943bccdfa4e9d6b87e1; no voters:
I0227 17:24:26.983587 38725 raft_consensus.cc:2640] T 00000000000000000000000000000000 P eaae685ab2234943bccdfa4e9d6b87e1 [term 3 FOLLOWER]: Leader pre-election won for term 4
I0227 17:24:26.983616 38725 raft_consensus.cc:472] T 00000000000000000000000000000000 P eaae685ab2234943bccdfa4e9d6b87e1 [term 3 FOLLOWER]: Starting leader election (no leader contacted us within the election timeout)
I0227 17:24:26.983640 38725 raft_consensus.cc:2886] T 00000000000000000000000000000000 P eaae685ab2234943bccdfa4e9d6b87e1 [term 3 FOLLOWER]: Advancing to term 4
I0227 17:24:26.987279 38725 raft_consensus.cc:494] T 00000000000000000000000000000000 P eaae685ab2234943bccdfa4e9d6b87e1 [term 4 FOLLOWER]: Starting leader election with config: opid_index: -1 OBSOLETE_local: false peers { permanent_uuid: "45d749848fc844e1af0e5b15b810994f" member_type: VOTER last_known_addr { host: "127.112.245.254" port: 39035 } } peers { permanent_uuid: "bbd34c4935164b99889130f50a1ac965" member_type: VOTER last_known_addr { host: "127.112.245.253" port: 41272 } } peers { permanent_uuid: "eaae685ab2234943bccdfa4e9d6b87e1" member_type: VOTER last_known_addr { host: "127.112.245.252" port: 34480 } }
I0227 17:24:26.987741 38725 leader_election.cc:292] T 00000000000000000000000000000000 P eaae685ab2234943bccdfa4e9d6b87e1 [CANDIDATE]: Term 4 election: Requested vote from peers 45d749848fc844e1af0e5b15b810994f (127.112.245.254:39035), bbd34c4935164b99889130f50a1ac965 (127.112.245.253:41272)
I0227 17:24:26.988107 35555 tablet_service.cc:1010] Received RequestConsensusVote() RPC: tablet_id: "00000000000000000000000000000000" candidate_uuid: "eaae685ab2234943bccdfa4e9d6b87e1" candidate_term: 4 candidate_status { last_received { term: 2 index: 4 } } ignore_live_leader: false dest_uuid: "bbd34c4935164b99889130f50a1ac965"
I0227 17:24:26.988123 35126 tablet_service.cc:1010] Received RequestConsensusVote() RPC: tablet_id: "00000000000000000000000000000000" candidate_uuid: "eaae685ab2234943bccdfa4e9d6b87e1" candidate_term: 4 candidate_status { last_received { term: 2 index: 4 } } ignore_live_leader: false dest_uuid: "45d749848fc844e1af0e5b15b810994f"
I0227 17:24:26.988173 35555 raft_consensus.cc:2886] T 00000000000000000000000000000000 P bbd34c4935164b99889130f50a1ac965 [term 3 FOLLOWER]: Advancing to term 4
I0227 17:24:26.988200 35126 raft_consensus.cc:2307] T 00000000000000000000000000000000 P 45d749848fc844e1af0e5b15b810994f [term 3 LEADER]: Leader election vote request: Denying vote to candidate eaae685ab2234943bccdfa4e9d6b87e1 for term 4 because replica is either leader or believes a valid leader to be alive.
I0227 17:24:26.989446 35555 raft_consensus.cc:2346] T 00000000000000000000000000000000 P bbd34c4935164b99889130f50a1ac965 [term 4 FOLLOWER]: Leader election vote request: Granting yes vote for candidate eaae685ab2234943bccdfa4e9d6b87e1 in term 4.
I0227 17:24:26.989792 35936 leader_election.cc:306] T 00000000000000000000000000000000 P eaae685ab2234943bccdfa4e9d6b87e1 [CANDIDATE]: Term 4 election: Election decided. Result: candidate won. Election summary: received 3 responses out of 3 voters: 2 yes votes; 1 no votes. yes voters: bbd34c4935164b99889130f50a1ac965, eaae685ab2234943bccdfa4e9d6b87e1; no voters: 45d749848fc844e1af0e5b15b810994f
I0227 17:24:26.990130 38725 raft_consensus.cc:2640] T 00000000000000000000000000000000 P eaae685ab2234943bccdfa4e9d6b87e1 [term 4 FOLLOWER]: Leader election won for term 4
I0227 17:24:26.990365 38725 raft_consensus.cc:667] T 00000000000000000000000000000000 P eaae685ab2234943bccdfa4e9d6b87e1 [term 4 LEADER]: Becoming Leader. State: Replica: eaae685ab2234943bccdfa4e9d6b87e1, State: Running, Role: LEADER
I0227 17:24:26.990661 38725 consensus_queue.cc:206] T 00000000000000000000000000000000 P eaae685ab2234943bccdfa4e9d6b87e1 [LEADER]: Queue going to LEADER mode. State: All replicated index: 0, Majority replicated index: 4, Committed index: 4, Last appended: 2.4, Last appended by leader: 4, Current term: 4, Majority size: 2, State: 0, Mode: LEADER, active raft config: opid_index: -1 OBSOLETE_local: false peers { permanent_uuid: "45d749848fc844e1af0e5b15b810994f" member_type: VOTER last_known_addr { host: "127.112.245.254" port: 39035 } } peers { permanent_uuid: "bbd34c4935164b99889130f50a1ac965" member_type: VOTER last_known_addr { host: "127.112.245.253" port: 41272 } } peers { permanent_uuid: "eaae685ab2234943bccdfa4e9d6b87e1" member_type: VOTER last_known_addr { host: "127.112.245.252" port: 34480 } }
I0227 17:24:26.991443 38725 sys_catalog.cc:337] T 00000000000000000000000000000000 P eaae685ab2234943bccdfa4e9d6b87e1 [sys.catalog]: SysCatalogTable state changed. Reason: New leader eaae685ab2234943bccdfa4e9d6b87e1. Latest consensus state: current_term: 4 leader_uuid: "eaae685ab2234943bccdfa4e9d6b87e1" committed_config { opid_index: -1 OBSOLETE_local: false peers { permanent_uuid: "45d749848fc844e1af0e5b15b810994f" member_type: VOTER last_known_addr { host: "127.112.245.254" port: 39035 } } peers { permanent_uuid: "bbd34c4935164b99889130f50a1ac965" member_type: VOTER last_known_addr { host: "127.112.245.253" port: 41272 } } peers { permanent_uuid: "eaae685ab2234943bccdfa4e9d6b87e1" member_type: VOTER last_known_addr { host: "127.112.245.252" port: 34480 } } }
I0227 17:24:26.991536 38725 sys_catalog.cc:340] T 00000000000000000000000000000000 P eaae685ab2234943bccdfa4e9d6b87e1 [sys.catalog]: This master's current role is: LEADER
I0227 17:24:26.993285 38729 catalog_manager.cc:1046] Loading table and tablet metadata into memory...
I0227 17:24:26.994707 38729 catalog_manager.cc:1057] Initializing Kudu internal certificate authority...
I0227 17:24:26.995993 38729 catalog_manager.cc:1066] Loading token signing keys...
I0227 17:24:26.996651 38729 catalog_manager.cc:4106] T 00000000000000000000000000000000 P eaae685ab2234943bccdfa4e9d6b87e1: Loaded TSK: 0
I0227 17:24:26.997190 38729 catalog_manager.cc:1077] Loading latest processed Hive Metastore notification log event ID...
I0227 17:24:27.010201 35555 raft_consensus.cc:1149] T 00000000000000000000000000000000 P bbd34c4935164b99889130f50a1ac965 [term 4 FOLLOWER]: Rejecting Update request from peer 45d749848fc844e1af0e5b15b810994f for earlier term 3. Current term is 4. Ops: []
I0227 17:24:27.011535 38733 consensus_queue.cc:995] T 00000000000000000000000000000000 P 45d749848fc844e1af0e5b15b810994f [LEADER]: Peer responded invalid term: Peer: permanent_uuid: "bbd34c4935164b99889130f50a1ac965" member_type: VOTER last_known_addr { host: "127.112.245.253" port: 41272 }, Status: INVALID_TERM, Last received: 0.0, Next index: 5, Last known committed idx: 4, Time since last communication: 0.000s
I0227 17:24:27.011893 38733 raft_consensus.cc:2881] T 00000000000000000000000000000000 P 45d749848fc844e1af0e5b15b810994f [term 3 LEADER]: Stepping down as leader of term 3
I0227 17:24:27.011986 38733 raft_consensus.cc:705] T 00000000000000000000000000000000 P 45d749848fc844e1af0e5b15b810994f [term 3 LEADER]: Becoming Follower/Learner. State: Replica: 45d749848fc844e1af0e5b15b810994f, State: Running, Role: LEADER
I0227 17:24:27.012281 38733 consensus_queue.cc:229] T 00000000000000000000000000000000 P 45d749848fc844e1af0e5b15b810994f [NON_LEADER]: Queue going to NON_LEADER mode. State: All replicated index: 0, Majority replicated index: 4, Committed index: 4, Last appended: 3.5, Last appended by leader: 5, Current term: 3, Majority size: -1, State: 0, Mode: NON_LEADER, active raft config: opid_index: -1 OBSOLETE_local: false peers { permanent_uuid: "45d749848fc844e1af0e5b15b810994f" member_type: VOTER last_known_addr { host: "127.112.245.254" port: 39035 } } peers { permanent_uuid: "bbd34c4935164b99889130f50a1ac965" member_type: VOTER last_known_addr { host: "127.112.245.253" port: 41272 } } peers { permanent_uuid: "eaae685ab2234943bccdfa4e9d6b87e1" member_type: VOTER last_known_addr { host: "127.112.245.252" port: 34480 } }
I0227 17:24:27.012406 38733 consensus_peers.cc:482] T 00000000000000000000000000000000 P 45d749848fc844e1af0e5b15b810994f -> Peer eaae685ab2234943bccdfa4e9d6b87e1 (127.112.245.252:34480): Closing peer: eaae685ab2234943bccdfa4e9d6b87e1
I0227 17:24:27.012500 38733 consensus_peers.cc:482] T 00000000000000000000000000000000 P 45d749848fc844e1af0e5b15b810994f -> Peer bbd34c4935164b99889130f50a1ac965 (127.112.245.253:41272): Closing peer: bbd34c4935164b99889130f50a1ac965
I0227 17:24:27.012706 38733 raft_consensus.cc:2886] T 00000000000000000000000000000000 P 45d749848fc844e1af0e5b15b810994f [term 3 FOLLOWER]: Advancing to term 4
I0227 17:24:27.086520 37279 heartbeater.cc:466] Master 127.112.245.254:39035 was elected leader, sending a full tablet report...
I0227 17:24:27.148840 36747 heartbeater.cc:466] Master 127.112.245.254:39035 was elected leader, sending a full tablet report...
W0227 17:24:27.178737 36221 hms_client.cc:245] Time spent create HMS table: real 1.204s user 0.001s sys 0.000s
W0227 17:24:27.179913 35537 catalog_manager.cc:1636] Illegal state: an error occurred while writing to the sys-catalog: Replica bbd34c4935164b99889130f50a1ac965 is not leader of this config. Role: FOLLOWER. Consensus state: current_term: 4 committed_config { opid_index: -1 OBSOLETE_local: false peers { permanent_uuid: "45d749848fc844e1af0e5b15b810994f" member_type: VOTER last_known_addr { host: "127.112.245.254" port: 39035 } } peers { permanent_uuid: "bbd34c4935164b99889130f50a1ac965" member_type: VOTER last_known_addr { host: "127.112.245.253" port: 41272 } } peers { permanent_uuid: "eaae685ab2234943bccdfa4e9d6b87e1" member_type: VOTER last_known_addr { host: "127.112.245.252" port: 34480 } } }
I0227 17:24:27.367748 36409 heartbeater.cc:466] Master 127.112.245.254:39035 was elected leader, sending a full tablet report...
I0227 17:24:27.498682 35126 raft_consensus.cc:1181] T 00000000000000000000000000000000 P 45d749848fc844e1af0e5b15b810994f [term 4 FOLLOWER]: Refusing update from remote peer eaae685ab2234943bccdfa4e9d6b87e1: Log matching property violated. Preceding OpId in replica: term: 3 index: 5. Preceding OpId from leader: term: 4 index: 5. (term mismatch)
I0227 17:24:27.498728 35126 pending_rounds.cc:78] T 00000000000000000000000000000000 P 45d749848fc844e1af0e5b15b810994f: Aborting all transactions after (but not including) 4
I0227 17:24:27.498752 35126 pending_rounds.cc:99] T 00000000000000000000000000000000 P 45d749848fc844e1af0e5b15b810994f: Aborting uncommitted NO_OP operation due to leader change: 3.5
I0227 17:24:27.498874 35126 raft_consensus.cc:2723] T 00000000000000000000000000000000 P 45d749848fc844e1af0e5b15b810994f [term 4 FOLLOWER]: NO_OP replication failed: Aborted: Transaction aborted by new leader
I0227 17:24:27.499507 38727 consensus_queue.cc:984] T 00000000000000000000000000000000 P eaae685ab2234943bccdfa4e9d6b87e1 [LEADER]: Connected to new peer: Peer: permanent_uuid: "45d749848fc844e1af0e5b15b810994f" member_type: VOTER last_known_addr { host: "127.112.245.254" port: 39035 }, Status: LMP_MISMATCH, Last received: 0.0, Next index: 5, Last known committed idx: 4, Time since last communication: 0.000s
I0227 17:24:27.500567 38737 sys_catalog.cc:337] T 00000000000000000000000000000000 P 45d749848fc844e1af0e5b15b810994f [sys.catalog]: SysCatalogTable state changed. Reason: New leader eaae685ab2234943bccdfa4e9d6b87e1. Latest consensus state: current_term: 4 leader_uuid: "eaae685ab2234943bccdfa4e9d6b87e1" committed_config { opid_index: -1 OBSOLETE_local: false peers { permanent_uuid: "45d749848fc844e1af0e5b15b810994f" member_type: VOTER last_known_addr { host: "127.112.245.254" port: 39035 } } peers { permanent_uuid: "bbd34c4935164b99889130f50a1ac965" member_type: VOTER last_known_addr { host: "127.112.245.253" port: 41272 } } peers { permanent_uuid: "eaae685ab2234943bccdfa4e9d6b87e1" member_type: VOTER last_known_addr { host: "127.112.245.252" port: 34480 } } }
I0227 17:24:27.500599 38737 sys_catalog.cc:340] T 00000000000000000000000000000000 P 45d749848fc844e1af0e5b15b810994f [sys.catalog]: This master's current role is: FOLLOWER
I0227 17:24:27.510128 38727 sys_catalog.cc:337] T 00000000000000000000000000000000 P eaae685ab2234943bccdfa4e9d6b87e1 [sys.catalog]: SysCatalogTable state changed. Reason: Peer health change. Latest consensus state: current_term: 4 leader_uuid: "eaae685ab2234943bccdfa4e9d6b87e1" committed_config { opid_index: -1 OBSOLETE_local: false peers { permanent_uuid: "45d749848fc844e1af0e5b15b810994f" member_type: VOTER last_known_addr { host: "127.112.245.254" port: 39035 } } peers { permanent_uuid: "bbd34c4935164b99889130f50a1ac965" member_type: VOTER last_known_addr { host: "127.112.245.253" port: 41272 } } peers { permanent_uuid: "eaae685ab2234943bccdfa4e9d6b87e1" member_type: VOTER last_known_addr { host: "127.112.245.252" port: 34480 } } }
I0227 17:24:27.510172 38727 sys_catalog.cc:340] T 00000000000000000000000000000000 P eaae685ab2234943bccdfa4e9d6b87e1 [sys.catalog]: This master's current role is: LEADER
I0227 17:24:27.510578 38737 sys_catalog.cc:337] T 00000000000000000000000000000000 P 45d749848fc844e1af0e5b15b810994f [sys.catalog]: SysCatalogTable state changed. Reason: Replicated consensus-only round. Latest consensus state: current_term: 4 leader_uuid: "eaae685ab2234943bccdfa4e9d6b87e1" committed_config { opid_index: -1 OBSOLETE_local: false peers { permanent_uuid: "45d749848fc844e1af0e5b15b810994f" member_type: VOTER last_known_addr { host: "127.112.245.254" port: 39035 } } peers { permanent_uuid: "bbd34c4935164b99889130f50a1ac965" member_type: VOTER last_known_addr { host: "127.112.245.253" port: 41272 } } peers { permanent_uuid: "eaae685ab2234943bccdfa4e9d6b87e1" member_type: VOTER last_known_addr { host: "127.112.245.252" port: 34480 } } }
I0227 17:24:27.510610 38737 sys_catalog.cc:340] T 00000000000000000000000000000000 P 45d749848fc844e1af0e5b15b810994f [sys.catalog]: This master's current role is: FOLLOWER
I0227 17:24:27.510627 35555 raft_consensus.cc:1181] T 00000000000000000000000000000000 P bbd34c4935164b99889130f50a1ac965 [term 4 FOLLOWER]: Refusing update from remote peer eaae685ab2234943bccdfa4e9d6b87e1: Log matching property violated. Preceding OpId in replica: term: 2 index: 4. Preceding OpId from leader: term: 4 index: 5. (index mismatch)
I0227 17:24:27.511097 38727 consensus_queue.cc:984] T 00000000000000000000000000000000 P eaae685ab2234943bccdfa4e9d6b87e1 [LEADER]: Connected to new peer: Peer: permanent_uuid: "bbd34c4935164b99889130f50a1ac965" member_type: VOTER last_known_addr { host: "127.112.245.253" port: 41272 }, Status: LMP_MISMATCH, Last received: 0.0, Next index: 5, Last known committed idx: 4, Time since last communication: 0.000s
I0227 17:24:27.523696 39141 sys_catalog.cc:337] T 00000000000000000000000000000000 P bbd34c4935164b99889130f50a1ac965 [sys.catalog]: SysCatalogTable state changed. Reason: New leader eaae685ab2234943bccdfa4e9d6b87e1. Latest consensus state: current_term: 4 leader_uuid: "eaae685ab2234943bccdfa4e9d6b87e1" committed_config { opid_index: -1 OBSOLETE_local: false peers { permanent_uuid: "45d749848fc844e1af0e5b15b810994f" member_type: VOTER last_known_addr { host: "127.112.245.254" port: 39035 } } peers { permanent_uuid: "bbd34c4935164b99889130f50a1ac965" member_type: VOTER last_known_addr { host: "127.112.245.253" port: 41272 } } peers { permanent_uuid: "eaae685ab2234943bccdfa4e9d6b87e1" member_type: VOTER last_known_addr { host: "127.112.245.252" port: 34480 } } }
I0227 17:24:27.523741 39141 sys_catalog.cc:340] T 00000000000000000000000000000000 P bbd34c4935164b99889130f50a1ac965 [sys.catalog]: This master's current role is: FOLLOWER
I0227 17:24:27.523850 39141 sys_catalog.cc:337] T 00000000000000000000000000000000 P bbd34c4935164b99889130f50a1ac965 [sys.catalog]: SysCatalogTable state changed. Reason: Replicated consensus-only round. Latest consensus state: current_term: 4 leader_uuid: "eaae685ab2234943bccdfa4e9d6b87e1" committed_config { opid_index: -1 OBSOLETE_local: false peers { permanent_uuid: "45d749848fc844e1af0e5b15b810994f" member_type: VOTER last_known_addr { host: "127.112.245.254" port: 39035 } } peers { permanent_uuid: "bbd34c4935164b99889130f50a1ac965" member_type: VOTER last_known_addr { host: "127.112.245.253" port: 41272 } } peers { permanent_uuid: "eaae685ab2234943bccdfa4e9d6b87e1" member_type: VOTER last_known_addr { host: "127.112.245.252" port: 34480 } } }
I0227 17:24:27.523878 39141 sys_catalog.cc:340] T 00000000000000000000000000000000 P bbd34c4935164b99889130f50a1ac965 [sys.catalog]: This master's current role is: FOLLOWER
I0227 17:24:27.578155 37276 heartbeater.cc:466] Master 127.112.245.252:34480 was elected leader, sending a full tablet report...
I0227 17:24:27.662397 36745 heartbeater.cc:466] Master 127.112.245.252:34480 was elected leader, sending a full tablet report...
I0227 17:24:27.869592 36407 heartbeater.cc:466] Master 127.112.245.252:34480 was elected leader, sending a full tablet report...
I0227 17:24:27.903757 39134 sys_catalog.cc:337] T 00000000000000000000000000000000 P eaae685ab2234943bccdfa4e9d6b87e1 [sys.catalog]: SysCatalogTable state changed. Reason: Peer health change. Latest consensus state: current_term: 4 leader_uuid: "eaae685ab2234943bccdfa4e9d6b87e1" committed_config { opid_index: -1 OBSOLETE_local: false peers { permanent_uuid: "45d749848fc844e1af0e5b15b810994f" member_type: VOTER last_known_addr { host: "127.112.245.254" port: 39035 } } peers { permanent_uuid: "bbd34c4935164b99889130f50a1ac965" member_type: VOTER last_known_addr { host: "127.112.245.253" port: 41272 } } peers { permanent_uuid: "eaae685ab2234943bccdfa4e9d6b87e1" member_type: VOTER last_known_addr { host: "127.112.245.252" port: 34480 } } }
I0227 17:24:27.903795 39134 sys_catalog.cc:340] T 00000000000000000000000000000000 P eaae685ab2234943bccdfa4e9d6b87e1 [sys.catalog]: This master's current role is: LEADER
I0227 17:24:28.446074 39617 raft_consensus.cc:472] T 00000000000000000000000000000000 P 45d749848fc844e1af0e5b15b810994f [term 4 FOLLOWER]: Starting pre-election (detected failure of leader eaae685ab2234943bccdfa4e9d6b87e1)
I0227 17:24:28.446207 39617 raft_consensus.cc:494] T 00000000000000000000000000000000 P 45d749848fc844e1af0e5b15b810994f [term 4 FOLLOWER]: Starting pre-election with config: opid_index: -1 OBSOLETE_local: false peers { permanent_uuid: "45d749848fc844e1af0e5b15b810994f" member_type: VOTER last_known_addr { host: "127.112.245.254" port: 39035 } } peers { permanent_uuid: "bbd34c4935164b99889130f50a1ac965" member_type: VOTER last_known_addr { host: "127.112.245.253" port: 41272 } } peers { permanent_uuid: "eaae685ab2234943bccdfa4e9d6b87e1" member_type: VOTER last_known_addr { host: "127.112.245.252" port: 34480 } }
I0227 17:24:28.446750 39617 leader_election.cc:292] T 00000000000000000000000000000000 P 45d749848fc844e1af0e5b15b810994f [CANDIDATE]: Term 5 pre-election: Requested pre-vote from peers bbd34c4935164b99889130f50a1ac965 (127.112.245.253:41272), eaae685ab2234943bccdfa4e9d6b87e1 (127.112.245.252:34480)
I0227 17:24:28.447165 35555 tablet_service.cc:1010] Received RequestConsensusVote() RPC: tablet_id: "00000000000000000000000000000000" candidate_uuid: "45d749848fc844e1af0e5b15b810994f" candidate_term: 5 candidate_status { last_received { term: 4 index: 5 } } ignore_live_leader: false dest_uuid: "bbd34c4935164b99889130f50a1ac965" is_pre_election: true
I0227 17:24:28.447243 35555 raft_consensus.cc:2307] T 00000000000000000000000000000000 P bbd34c4935164b99889130f50a1ac965 [term 4 FOLLOWER]: Leader pre-election vote request: Denying vote to candidate 45d749848fc844e1af0e5b15b810994f for term 5 because replica is either leader or believes a valid leader to be alive.
I0227 17:24:28.447259 36096 tablet_service.cc:1010] Received RequestConsensusVote() RPC: tablet_id: "00000000000000000000000000000000" candidate_uuid: "45d749848fc844e1af0e5b15b810994f" candidate_term: 5 candidate_status { last_received { term: 4 index: 5 } } ignore_live_leader: false dest_uuid: "eaae685ab2234943bccdfa4e9d6b87e1" is_pre_election: true
I0227 17:24:28.447332 36096 raft_consensus.cc:2307] T 00000000000000000000000000000000 P eaae685ab2234943bccdfa4e9d6b87e1 [term 4 LEADER]: Leader pre-election vote request: Denying vote to candidate 45d749848fc844e1af0e5b15b810994f for term 5 because replica is either leader or believes a valid leader to be alive.
I0227 17:24:28.447736 35097 leader_election.cc:306] T 00000000000000000000000000000000 P 45d749848fc844e1af0e5b15b810994f [CANDIDATE]: Term 5 pre-election: Election decided. Result: candidate lost. Election summary: received 3 responses out of 3 voters: 1 yes votes; 2 no votes. yes voters: 45d749848fc844e1af0e5b15b810994f; no voters: bbd34c4935164b99889130f50a1ac965, eaae685ab2234943bccdfa4e9d6b87e1
I0227 17:24:28.449156 39617 raft_consensus.cc:2588] T 00000000000000000000000000000000 P 45d749848fc844e1af0e5b15b810994f [term 4 FOLLOWER]: Leader pre-election lost for term 5. Reason: could not achieve majority
I0227 17:24:28.807312 39822 raft_consensus.cc:472] T 00000000000000000000000000000000 P bbd34c4935164b99889130f50a1ac965 [term 4 FOLLOWER]: Starting pre-election (detected failure of leader eaae685ab2234943bccdfa4e9d6b87e1)
I0227 17:24:28.807476 39822 raft_consensus.cc:494] T 00000000000000000000000000000000 P bbd34c4935164b99889130f50a1ac965 [term 4 FOLLOWER]: Starting pre-election with config: opid_index: -1 OBSOLETE_local: false peers { permanent_uuid: "45d749848fc844e1af0e5b15b810994f" member_type: VOTER last_known_addr { host: "127.112.245.254" port: 39035 } } peers { permanent_uuid: "bbd34c4935164b99889130f50a1ac965" member_type: VOTER last_known_addr { host: "127.112.245.253" port: 41272 } } peers { permanent_uuid: "eaae685ab2234943bccdfa4e9d6b87e1" member_type: VOTER last_known_addr { host: "127.112.245.252" port: 34480 } }
I0227 17:24:28.808027 39822 leader_election.cc:292] T 00000000000000000000000000000000 P bbd34c4935164b99889130f50a1ac965 [CANDIDATE]: Term 5 pre-election: Requested pre-vote from peers 45d749848fc844e1af0e5b15b810994f (127.112.245.254:39035), eaae685ab2234943bccdfa4e9d6b87e1 (127.112.245.252:34480)
I0227 17:24:28.808542 36096 tablet_service.cc:1010] Received RequestConsensusVote() RPC: tablet_id: "00000000000000000000000000000000" candidate_uuid: "bbd34c4935164b99889130f50a1ac965" candidate_term: 5 candidate_status { last_received { term: 4 index: 5 } } ignore_live_leader: false dest_uuid: "eaae685ab2234943bccdfa4e9d6b87e1" is_pre_election: true
I0227 17:24:28.808542 35126 tablet_service.cc:1010] Received RequestConsensusVote() RPC: tablet_id: "00000000000000000000000000000000" candidate_uuid: "bbd34c4935164b99889130f50a1ac965" candidate_term: 5 candidate_status { last_received { term: 4 index: 5 } } ignore_live_leader: false dest_uuid: "45d749848fc844e1af0e5b15b810994f" is_pre_election: true
I0227 17:24:28.808637 36096 raft_consensus.cc:2307] T 00000000000000000000000000000000 P eaae685ab2234943bccdfa4e9d6b87e1 [term 4 LEADER]: Leader pre-election vote request: Denying vote to candidate bbd34c4935164b99889130f50a1ac965 for term 5 because replica is either leader or believes a valid leader to be alive.
I0227 17:24:28.808638 35126 raft_consensus.cc:2307] T 00000000000000000000000000000000 P 45d749848fc844e1af0e5b15b810994f [term 4 FOLLOWER]: Leader pre-election vote request: Denying vote to candidate bbd34c4935164b99889130f50a1ac965 for term 5 because replica is either leader or believes a valid leader to be alive.
I0227 17:24:28.809034 35507 leader_election.cc:306] T 00000000000000000000000000000000 P bbd34c4935164b99889130f50a1ac965 [CANDIDATE]: Term 5 pre-election: Election decided. Result: candidate lost. Election summary: received 3 responses out of 3 voters: 1 yes votes; 2 no votes. yes voters: bbd34c4935164b99889130f50a1ac965; no voters: 45d749848fc844e1af0e5b15b810994f, eaae685ab2234943bccdfa4e9d6b87e1
I0227 17:24:28.810087 39822 raft_consensus.cc:2588] T 00000000000000000000000000000000 P bbd34c4935164b99889130f50a1ac965 [term 4 FOLLOWER]: Leader pre-election lost for term 5. Reason: could not achieve majority
I0227 17:24:29.323139 40024 raft_consensus.cc:472] T 00000000000000000000000000000000 P bbd34c4935164b99889130f50a1ac965 [term 4 FOLLOWER]: Starting pre-election (detected failure of leader eaae685ab2234943bccdfa4e9d6b87e1)
I0227 17:24:29.330207 40024 raft_consensus.cc:494] T 00000000000000000000000000000000 P bbd34c4935164b99889130f50a1ac965 [term 4 FOLLOWER]: Starting pre-election with config: opid_index: -1 OBSOLETE_local: false peers { permanent_uuid: "45d749848fc844e1af0e5b15b810994f" member_type: VOTER last_known_addr { host: "127.112.245.254" port: 39035 } } peers { permanent_uuid: "bbd34c4935164b99889130f50a1ac965" member_type: VOTER last_known_addr { host: "127.112.245.253" port: 41272 } } peers { permanent_uuid: "eaae685ab2234943bccdfa4e9d6b87e1" member_type: VOTER last_known_addr { host: "127.112.245.252" port: 34480 } }
I0227 17:24:29.330950 40024 leader_election.cc:292] T 00000000000000000000000000000000 P bbd34c4935164b99889130f50a1ac965 [CANDIDATE]: Term 5 pre-election: Requested pre-vote from peers 45d749848fc844e1af0e5b15b810994f (127.112.245.254:39035), eaae685ab2234943bccdfa4e9d6b87e1 (127.112.245.252:34480)
I0227 17:24:29.331228 36096 tablet_service.cc:1010] Received RequestConsensusVote() RPC: tablet_id: "00000000000000000000000000000000" candidate_uuid: "bbd34c4935164b99889130f50a1ac965" candidate_term: 5 candidate_status { last_received { term: 4 index: 5 } } ignore_live_leader: false dest_uuid: "eaae685ab2234943bccdfa4e9d6b87e1" is_pre_election: true
I0227 17:24:29.331300 35126 tablet_service.cc:1010] Received RequestConsensusVote() RPC: tablet_id: "00000000000000000000000000000000" candidate_uuid: "bbd34c4935164b99889130f50a1ac965" candidate_term: 5 candidate_status { last_received { term: 4 index: 5 } } ignore_live_leader: false dest_uuid: "45d749848fc844e1af0e5b15b810994f" is_pre_election: true
I0227 17:24:29.331315 36096 raft_consensus.cc:2307] T 00000000000000000000000000000000 P eaae685ab2234943bccdfa4e9d6b87e1 [term 4 LEADER]: Leader pre-election vote request: Denying vote to candidate bbd34c4935164b99889130f50a1ac965 for term 5 because replica is either leader or believes a valid leader to be alive.
I0227 17:24:29.331390 35126 raft_consensus.cc:2307] T 00000000000000000000000000000000 P 45d749848fc844e1af0e5b15b810994f [term 4 FOLLOWER]: Leader pre-election vote request: Denying vote to candidate bbd34c4935164b99889130f50a1ac965 for term 5 because replica is either leader or believes a valid leader to be alive.
I0227 17:24:29.331758 35507 leader_election.cc:306] T 00000000000000000000000000000000 P bbd34c4935164b99889130f50a1ac965 [CANDIDATE]: Term 5 pre-election: Election decided. Result: candidate lost. Election summary: received 3 responses out of 3 voters: 1 yes votes; 2 no votes. yes voters: bbd34c4935164b99889130f50a1ac965; no voters: 45d749848fc844e1af0e5b15b810994f, eaae685ab2234943bccdfa4e9d6b87e1
I0227 17:24:29.331929 40024 raft_consensus.cc:2588] T 00000000000000000000000000000000 P bbd34c4935164b99889130f50a1ac965 [term 4 FOLLOWER]: Leader pre-election lost for term 5. Reason: could not achieve majority
I0227 17:24:29.479966 40169 raft_consensus.cc:472] T 00000000000000000000000000000000 P 45d749848fc844e1af0e5b15b810994f [term 4 FOLLOWER]: Starting pre-election (detected failure of leader eaae685ab2234943bccdfa4e9d6b87e1)
I0227 17:24:29.480160 40169 raft_consensus.cc:494] T 00000000000000000000000000000000 P 45d749848fc844e1af0e5b15b810994f [term 4 FOLLOWER]: Starting pre-election with config: opid_index: -1 OBSOLETE_local: false peers { permanent_uuid: "45d749848fc844e1af0e5b15b810994f" member_type: VOTER last_known_addr { host: "127.112.245.254" port: 39035 } } peers { permanent_uuid: "bbd34c4935164b99889130f50a1ac965" member_type: VOTER last_known_addr { host: "127.112.245.253" port: 41272 } } peers { permanent_uuid: "eaae685ab2234943bccdfa4e9d6b87e1" member_type: VOTER last_known_addr { host: "127.112.245.252" port: 34480 } }
I0227 17:24:29.481132 35555 tablet_service.cc:1010] Received RequestConsensusVote() RPC: tablet_id: "00000000000000000000000000000000" candidate_uuid: "45d749848fc844e1af0e5b15b810994f" candidate_term: 5 candidate_status { last_received { term: 4 index: 5 } } ignore_live_leader: false dest_uuid: "bbd34c4935164b99889130f50a1ac965" is_pre_election: true
I0227 17:24:29.481160 36096 tablet_service.cc:1010] Received RequestConsensusVote() RPC: tablet_id: "00000000000000000000000000000000" candidate_uuid: "45d749848fc844e1af0e5b15b810994f" candidate_term: 5 candidate_status { last_received { term: 4 index: 5 } } ignore_live_leader: false dest_uuid: "eaae685ab2234943bccdfa4e9d6b87e1" is_pre_election: true
I0227 17:24:29.481211 35555 raft_consensus.cc:2307] T 00000000000000000000000000000000 P bbd34c4935164b99889130f50a1ac965 [term 4 FOLLOWER]: Leader pre-election vote request: Denying vote to candidate 45d749848fc844e1af0e5b15b810994f for term 5 because replica is either leader or believes a valid leader to be alive.
I0227 17:24:29.481240 36096 raft_consensus.cc:2307] T 00000000000000000000000000000000 P eaae685ab2234943bccdfa4e9d6b87e1 [term 4 LEADER]: Leader pre-election vote request: Denying vote to candidate 45d749848fc844e1af0e5b15b810994f for term 5 because replica is either leader or believes a valid leader to be alive.
I0227 17:24:29.481336 40169 leader_election.cc:292] T 00000000000000000000000000000000 P 45d749848fc844e1af0e5b15b810994f [CANDIDATE]: Term 5 pre-election: Requested pre-vote from peers bbd34c4935164b99889130f50a1ac965 (127.112.245.253:41272), eaae685ab2234943bccdfa4e9d6b87e1 (127.112.245.252:34480)
I0227 17:24:29.481561 35097 leader_election.cc:306] T 00000000000000000000000000000000 P 45d749848fc844e1af0e5b15b810994f [CANDIDATE]: Term 5 pre-election: Election decided. Result: candidate lost. Election summary: received 3 responses out of 3 voters: 1 yes votes; 2 no votes. yes voters: 45d749848fc844e1af0e5b15b810994f; no voters: bbd34c4935164b99889130f50a1ac965, eaae685ab2234943bccdfa4e9d6b87e1
I0227 17:24:29.481786 40169 raft_consensus.cc:2588] T 00000000000000000000000000000000 P 45d749848fc844e1af0e5b15b810994f [term 4 FOLLOWER]: Leader pre-election lost for term 5. Reason: could not achieve majority
I0227 17:24:30.099756 40374 raft_consensus.cc:472] T 00000000000000000000000000000000 P 45d749848fc844e1af0e5b15b810994f [term 4 FOLLOWER]: Starting pre-election (detected failure of leader eaae685ab2234943bccdfa4e9d6b87e1)
I0227 17:24:30.099889 40374 raft_consensus.cc:494] T 00000000000000000000000000000000 P 45d749848fc844e1af0e5b15b810994f [term 4 FOLLOWER]: Starting pre-election with config: opid_index: -1 OBSOLETE_local: false peers { permanent_uuid: "45d749848fc844e1af0e5b15b810994f" member_type: VOTER last_known_addr { host: "127.112.245.254" port: 39035 } } peers { permanent_uuid: "bbd34c4935164b99889130f50a1ac965" member_type: VOTER last_known_addr { host: "127.112.245.253" port: 41272 } } peers { permanent_uuid: "eaae685ab2234943bccdfa4e9d6b87e1" member_type: VOTER last_known_addr { host: "127.112.245.252" port: 34480 } }
I0227 17:24:30.100464 40374 leader_election.cc:292] T 00000000000000000000000000000000 P 45d749848fc844e1af0e5b15b810994f [CANDIDATE]: Term 5 pre-election: Requested pre-vote from peers bbd34c4935164b99889130f50a1ac965 (127.112.245.253:41272), eaae685ab2234943bccdfa4e9d6b87e1 (127.112.245.252:34480)
I0227 17:24:30.100872 35555 tablet_service.cc:1010] Received RequestConsensusVote() RPC: tablet_id: "00000000000000000000000000000000" candidate_uuid: "45d749848fc844e1af0e5b15b810994f" candidate_term: 5 candidate_status { last_received { term: 4 index: 5 } } ignore_live_leader: false dest_uuid: "bbd34c4935164b99889130f50a1ac965" is_pre_election: true
I0227 17:24:30.100878 36096 tablet_service.cc:1010] Received RequestConsensusVote() RPC: tablet_id: "00000000000000000000000000000000" candidate_uuid: "45d749848fc844e1af0e5b15b810994f" candidate_term: 5 candidate_status { last_received { term: 4 index: 5 } } ignore_live_leader: false dest_uuid: "eaae685ab2234943bccdfa4e9d6b87e1" is_pre_election: true
I0227 17:24:30.100953 35555 raft_consensus.cc:2307] T 00000000000000000000000000000000 P bbd34c4935164b99889130f50a1ac965 [term 4 FOLLOWER]: Leader pre-election vote request: Denying vote to candidate 45d749848fc844e1af0e5b15b810994f for term 5 because replica is either leader or believes a valid leader to be alive.
I0227 17:24:30.100955 36096 raft_consensus.cc:2307] T 00000000000000000000000000000000 P eaae685ab2234943bccdfa4e9d6b87e1 [term 4 LEADER]: Leader pre-election vote request: Denying vote to candidate 45d749848fc844e1af0e5b15b810994f for term 5 because replica is either leader or believes a valid leader to be alive.
I0227 17:24:30.101297 35095 leader_election.cc:306] T 00000000000000000000000000000000 P 45d749848fc844e1af0e5b15b810994f [CANDIDATE]: Term 5 pre-election: Election decided. Result: candidate lost. Election summary: received 3 responses out of 3 voters: 1 yes votes; 2 no votes. yes voters: 45d749848fc844e1af0e5b15b810994f; no voters: bbd34c4935164b99889130f50a1ac965, eaae685ab2234943bccdfa4e9d6b87e1
I0227 17:24:30.102733 40374 raft_consensus.cc:2588] T 00000000000000000000000000000000 P 45d749848fc844e1af0e5b15b810994f [term 4 FOLLOWER]: Leader pre-election lost for term 5. Reason: could not achieve majority
I0227 17:24:30.410137 40607 raft_consensus.cc:472] T 00000000000000000000000000000000 P bbd34c4935164b99889130f50a1ac965 [term 4 FOLLOWER]: Starting pre-election (detected failure of leader eaae685ab2234943bccdfa4e9d6b87e1)
I0227 17:24:30.410260 40607 raft_consensus.cc:494] T 00000000000000000000000000000000 P bbd34c4935164b99889130f50a1ac965 [term 4 FOLLOWER]: Starting pre-election with config: opid_index: -1 OBSOLETE_local: false peers { permanent_uuid: "45d749848fc844e1af0e5b15b810994f" member_type: VOTER last_known_addr { host: "127.112.245.254" port: 39035 } } peers { permanent_uuid: "bbd34c4935164b99889130f50a1ac965" member_type: VOTER last_known_addr { host: "127.112.245.253" port: 41272 } } peers { permanent_uuid: "eaae685ab2234943bccdfa4e9d6b87e1" member_type: VOTER last_known_addr { host: "127.112.245.252" port: 34480 } }
I0227 17:24:30.410800 40607 leader_election.cc:292] T 00000000000000000000000000000000 P bbd34c4935164b99889130f50a1ac965 [CANDIDATE]: Term 5 pre-election: Requested pre-vote from peers 45d749848fc844e1af0e5b15b810994f (127.112.245.254:39035), eaae685ab2234943bccdfa4e9d6b87e1 (127.112.245.252:34480)
I0227 17:24:30.411265 35126 tablet_service.cc:1010] Received RequestConsensusVote() RPC: tablet_id: "00000000000000000000000000000000" candidate_uuid: "bbd34c4935164b99889130f50a1ac965" candidate_term: 5 candidate_status { last_received { term: 4 index: 5 } } ignore_live_leader: false dest_uuid: "45d749848fc844e1af0e5b15b810994f" is_pre_election: true
I0227 17:24:30.411361 35126 raft_consensus.cc:2307] T 00000000000000000000000000000000 P 45d749848fc844e1af0e5b15b810994f [term 4 FOLLOWER]: Leader pre-election vote request: Denying vote to candidate bbd34c4935164b99889130f50a1ac965 for term 5 because replica is either leader or believes a valid leader to be alive.
I0227 17:24:30.412808 36096 tablet_service.cc:1010] Received RequestConsensusVote() RPC: tablet_id: "00000000000000000000000000000000" candidate_uuid: "bbd34c4935164b99889130f50a1ac965" candidate_term: 5 candidate_status { last_received { term: 4 index: 5 } } ignore_live_leader: false dest_uuid: "eaae685ab2234943bccdfa4e9d6b87e1" is_pre_election: true
I0227 17:24:30.412897 36096 raft_consensus.cc:2307] T 00000000000000000000000000000000 P eaae685ab2234943bccdfa4e9d6b87e1 [term 4 LEADER]: Leader pre-election vote request: Denying vote to candidate bbd34c4935164b99889130f50a1ac965 for term 5 because replica is either leader or believes a valid leader to be alive.
I0227 17:24:30.413345 35509 leader_election.cc:306] T 00000000000000000000000000000000 P bbd34c4935164b99889130f50a1ac965 [CANDIDATE]: Term 5 pre-election: Election decided. Result: candidate lost. Election summary: received 3 responses out of 3 voters: 1 yes votes; 2 no votes. yes voters: bbd34c4935164b99889130f50a1ac965; no voters: 45d749848fc844e1af0e5b15b810994f, eaae685ab2234943bccdfa4e9d6b87e1
I0227 17:24:30.418074 40607 raft_consensus.cc:2588] T 00000000000000000000000000000000 P bbd34c4935164b99889130f50a1ac965 [term 4 FOLLOWER]: Leader pre-election lost for term 5. Reason: could not achieve majority
I0227 17:24:31.149957 41313 raft_consensus.cc:472] T 00000000000000000000000000000000 P 45d749848fc844e1af0e5b15b810994f [term 4 FOLLOWER]: Starting pre-election (detected failure of leader eaae685ab2234943bccdfa4e9d6b87e1)
