I0227 17:26:45.565129 13447 leader_election.cc:306] T 00000000000000000000000000000000 P 2e3d7e621b864672aaa91ea2d0bbd1b9 [CANDIDATE]: Term 9 pre-election: Election decided. Result: candidate lost. Election summary: received 3 responses out of 3 voters: 1 yes votes; 2 no votes. yes voters: 2e3d7e621b864672aaa91ea2d0bbd1b9; no voters: 6cd5de61888340e681a3e5cd19fad418, c31e774156b64c02922906e3e2985c89
I0227 17:26:45.565335 24149 raft_consensus.cc:2588] T 00000000000000000000000000000000 P 2e3d7e621b864672aaa91ea2d0bbd1b9 [term 8 FOLLOWER]: Leader pre-election lost for term 9. Reason: could not achieve majority
W0227 17:26:46.116385 13447 leader_election.cc:337] T 00000000000000000000000000000000 P 2e3d7e621b864672aaa91ea2d0bbd1b9 [CANDIDATE]: Term 9 pre-election: RPC error from VoteRequest() call to peer c31e774156b64c02922906e3e2985c89 (127.112.245.254:35995): Timed out: connection negotiation to 127.112.245.254:35995 for RPC RequestConsensusVote timed out after 0.634s (ON_OUTBOUND_QUEUE)
I0227 17:26:46.116475 13447 leader_election.cc:306] T 00000000000000000000000000000000 P 2e3d7e621b864672aaa91ea2d0bbd1b9 [CANDIDATE]: Term 9 pre-election: Election decided. Result: candidate lost. Election summary: received 3 responses out of 3 voters: 1 yes votes; 2 no votes. yes voters: 2e3d7e621b864672aaa91ea2d0bbd1b9; no voters: 6cd5de61888340e681a3e5cd19fad418, c31e774156b64c02922906e3e2985c89
I0227 17:26:46.116788 24571 raft_consensus.cc:2588] T 00000000000000000000000000000000 P 2e3d7e621b864672aaa91ea2d0bbd1b9 [term 8 FOLLOWER]: Leader pre-election lost for term 9. Reason: could not achieve majority
W0227 17:26:46.821980 125414 master_proxy_rpc.cc:192] Re-attempting CreateTable request to leader Master (127.112.245.254:35995)
I0227 17:26:46.826289 137450 catalog_manager.cc:1386] Servicing CreateTable request from {username='adar'} at 127.112.245.253:35523: name: "default.table_2_0" schema { columns { name: "key" type: INT32 is_key: true is_nullable: false encoding: AUTO_ENCODING compression: DEFAULT_COMPRESSION cfile_block_size: 0 } columns { name: "int_val" type: INT32 is_key: false is_nullable: false encoding: AUTO_ENCODING compression: DEFAULT_COMPRESSION cfile_block_size: 0 } columns { name: "string_val" type: STRING is_key: false is_nullable: false encoding: AUTO_ENCODING compression: DEFAULT_COMPRESSION cfile_block_size: 0 } } split_rows_range_bounds { } partition_schema { range_schema { columns { name: "key" } } }
W0227 17:26:46.826684 137450 catalog_manager.cc:1537] The number of live tablet servers is not enough to re-replicate a tablet replica of the newly created table default.table_2_0 in case of a server failure: 4 tablet servers would be needed, 3 are available. Consider bringing up more tablet servers.
I0227 17:26:46.917953 124778 tablet_service.cc:774] Processing CreateTablet for tablet 4894d1b749c04d81a7faef34e4d7affc (table=default.table_2_0 [id=b8dd42b26d92481cba2426feb211b7c5]), partition=RANGE (key) PARTITION UNBOUNDED
I0227 17:26:46.918035 124988 tablet_service.cc:774] Processing CreateTablet for tablet 4894d1b749c04d81a7faef34e4d7affc (table=default.table_2_0 [id=b8dd42b26d92481cba2426feb211b7c5]), partition=RANGE (key) PARTITION UNBOUNDED
I0227 17:26:46.918170 125316 tablet_service.cc:774] Processing CreateTablet for tablet 4894d1b749c04d81a7faef34e4d7affc (table=default.table_2_0 [id=b8dd42b26d92481cba2426feb211b7c5]), partition=RANGE (key) PARTITION UNBOUNDED
I0227 17:26:46.918200 124778 data_dirs.cc:938] Could only allocate 1 dirs of requested 3 for tablet 4894d1b749c04d81a7faef34e4d7affc. 1 dirs total, 0 dirs full, 0 dirs failed
I0227 17:26:46.918257 124988 data_dirs.cc:938] Could only allocate 1 dirs of requested 3 for tablet 4894d1b749c04d81a7faef34e4d7affc. 1 dirs total, 0 dirs full, 0 dirs failed
I0227 17:26:46.918434 125316 data_dirs.cc:938] Could only allocate 1 dirs of requested 3 for tablet 4894d1b749c04d81a7faef34e4d7affc. 1 dirs total, 0 dirs full, 0 dirs failed
I0227 17:26:46.920182 124988 ts_tablet_manager.cc:1175] T 4894d1b749c04d81a7faef34e4d7affc P 39144add463f4fe89dc1ea42c778d8cf: Registered tablet (data state: TABLET_DATA_READY)
I0227 17:26:46.920187 124778 ts_tablet_manager.cc:1175] T 4894d1b749c04d81a7faef34e4d7affc P 9f6459ebb80643b98e01844aa2fd6338: Registered tablet (data state: TABLET_DATA_READY)
I0227 17:26:46.920426 25472 ts_tablet_manager.cc:1030] T 4894d1b749c04d81a7faef34e4d7affc P 9f6459ebb80643b98e01844aa2fd6338: Bootstrapping tablet
I0227 17:26:46.920426 25471 ts_tablet_manager.cc:1030] T 4894d1b749c04d81a7faef34e4d7affc P 39144add463f4fe89dc1ea42c778d8cf: Bootstrapping tablet
I0227 17:26:46.920548 25472 tablet_bootstrap.cc:439] T 4894d1b749c04d81a7faef34e4d7affc P 9f6459ebb80643b98e01844aa2fd6338: Bootstrap starting.
I0227 17:26:46.920595 125316 ts_tablet_manager.cc:1175] T 4894d1b749c04d81a7faef34e4d7affc P 9a4f55686db84876a066f455f6a41180: Registered tablet (data state: TABLET_DATA_READY)
I0227 17:26:46.920763 25471 tablet_bootstrap.cc:439] T 4894d1b749c04d81a7faef34e4d7affc P 39144add463f4fe89dc1ea42c778d8cf: Bootstrap starting.
I0227 17:26:46.920821 25473 ts_tablet_manager.cc:1030] T 4894d1b749c04d81a7faef34e4d7affc P 9a4f55686db84876a066f455f6a41180: Bootstrapping tablet
I0227 17:26:46.920908 25473 tablet_bootstrap.cc:439] T 4894d1b749c04d81a7faef34e4d7affc P 9a4f55686db84876a066f455f6a41180: Bootstrap starting.
I0227 17:26:46.921702 25472 tablet_bootstrap.cc:593] T 4894d1b749c04d81a7faef34e4d7affc P 9f6459ebb80643b98e01844aa2fd6338: No blocks or log segments found. Creating new log.
I0227 17:26:46.921754 25471 tablet_bootstrap.cc:593] T 4894d1b749c04d81a7faef34e4d7affc P 39144add463f4fe89dc1ea42c778d8cf: No blocks or log segments found. Creating new log.
I0227 17:26:46.921816 25473 tablet_bootstrap.cc:593] T 4894d1b749c04d81a7faef34e4d7affc P 9a4f55686db84876a066f455f6a41180: No blocks or log segments found. Creating new log.
I0227 17:26:46.922789 25472 tablet_bootstrap.cc:439] T 4894d1b749c04d81a7faef34e4d7affc P 9f6459ebb80643b98e01844aa2fd6338: No bootstrap required, opened a new log
I0227 17:26:46.922791 25471 tablet_bootstrap.cc:439] T 4894d1b749c04d81a7faef34e4d7affc P 39144add463f4fe89dc1ea42c778d8cf: No bootstrap required, opened a new log
I0227 17:26:46.922812 25473 tablet_bootstrap.cc:439] T 4894d1b749c04d81a7faef34e4d7affc P 9a4f55686db84876a066f455f6a41180: No bootstrap required, opened a new log
I0227 17:26:46.922866 25472 ts_tablet_manager.cc:1047] T 4894d1b749c04d81a7faef34e4d7affc P 9f6459ebb80643b98e01844aa2fd6338: Time spent bootstrapping tablet: real 0.002s user 0.001s sys 0.000s
I0227 17:26:46.922866 25471 ts_tablet_manager.cc:1047] T 4894d1b749c04d81a7faef34e4d7affc P 39144add463f4fe89dc1ea42c778d8cf: Time spent bootstrapping tablet: real 0.002s user 0.001s sys 0.000s
I0227 17:26:46.922881 25473 ts_tablet_manager.cc:1047] T 4894d1b749c04d81a7faef34e4d7affc P 9a4f55686db84876a066f455f6a41180: Time spent bootstrapping tablet: real 0.002s user 0.001s sys 0.000s
I0227 17:26:46.923362 25473 raft_consensus.cc:340] T 4894d1b749c04d81a7faef34e4d7affc P 9a4f55686db84876a066f455f6a41180 [term 0 FOLLOWER]: Replica starting. Triggering 0 pending transactions. Active config: opid_index: -1 OBSOLETE_local: false peers { permanent_uuid: "9f6459ebb80643b98e01844aa2fd6338" member_type: VOTER last_known_addr { host: "127.112.245.193" port: 55806 } } peers { permanent_uuid: "39144add463f4fe89dc1ea42c778d8cf" member_type: VOTER last_known_addr { host: "127.112.245.194" port: 55958 } } peers { permanent_uuid: "9a4f55686db84876a066f455f6a41180" member_type: VOTER last_known_addr { host: "127.112.245.195" port: 45942 } }
I0227 17:26:46.923374 25472 raft_consensus.cc:340] T 4894d1b749c04d81a7faef34e4d7affc P 9f6459ebb80643b98e01844aa2fd6338 [term 0 FOLLOWER]: Replica starting. Triggering 0 pending transactions. Active config: opid_index: -1 OBSOLETE_local: false peers { permanent_uuid: "9f6459ebb80643b98e01844aa2fd6338" member_type: VOTER last_known_addr { host: "127.112.245.193" port: 55806 } } peers { permanent_uuid: "39144add463f4fe89dc1ea42c778d8cf" member_type: VOTER last_known_addr { host: "127.112.245.194" port: 55958 } } peers { permanent_uuid: "9a4f55686db84876a066f455f6a41180" member_type: VOTER last_known_addr { host: "127.112.245.195" port: 45942 } }
I0227 17:26:46.923374 25471 raft_consensus.cc:340] T 4894d1b749c04d81a7faef34e4d7affc P 39144add463f4fe89dc1ea42c778d8cf [term 0 FOLLOWER]: Replica starting. Triggering 0 pending transactions. Active config: opid_index: -1 OBSOLETE_local: false peers { permanent_uuid: "9f6459ebb80643b98e01844aa2fd6338" member_type: VOTER last_known_addr { host: "127.112.245.193" port: 55806 } } peers { permanent_uuid: "39144add463f4fe89dc1ea42c778d8cf" member_type: VOTER last_known_addr { host: "127.112.245.194" port: 55958 } } peers { permanent_uuid: "9a4f55686db84876a066f455f6a41180" member_type: VOTER last_known_addr { host: "127.112.245.195" port: 45942 } }
I0227 17:26:46.923393 25473 raft_consensus.cc:366] T 4894d1b749c04d81a7faef34e4d7affc P 9a4f55686db84876a066f455f6a41180 [term 0 FOLLOWER]: Consensus starting up: Expiring failure detector timer to make a prompt election more likely
I0227 17:26:46.923400 25472 raft_consensus.cc:366] T 4894d1b749c04d81a7faef34e4d7affc P 9f6459ebb80643b98e01844aa2fd6338 [term 0 FOLLOWER]: Consensus starting up: Expiring failure detector timer to make a prompt election more likely
I0227 17:26:46.923401 25471 raft_consensus.cc:366] T 4894d1b749c04d81a7faef34e4d7affc P 39144add463f4fe89dc1ea42c778d8cf [term 0 FOLLOWER]: Consensus starting up: Expiring failure detector timer to make a prompt election more likely
I0227 17:26:46.923415 25473 raft_consensus.cc:705] T 4894d1b749c04d81a7faef34e4d7affc P 9a4f55686db84876a066f455f6a41180 [term 0 FOLLOWER]: Becoming Follower/Learner. State: Replica: 9a4f55686db84876a066f455f6a41180, State: Initialized, Role: FOLLOWER
I0227 17:26:46.923421 25472 raft_consensus.cc:705] T 4894d1b749c04d81a7faef34e4d7affc P 9f6459ebb80643b98e01844aa2fd6338 [term 0 FOLLOWER]: Becoming Follower/Learner. State: Replica: 9f6459ebb80643b98e01844aa2fd6338, State: Initialized, Role: FOLLOWER
I0227 17:26:46.923422 25471 raft_consensus.cc:705] T 4894d1b749c04d81a7faef34e4d7affc P 39144add463f4fe89dc1ea42c778d8cf [term 0 FOLLOWER]: Becoming Follower/Learner. State: Replica: 39144add463f4fe89dc1ea42c778d8cf, State: Initialized, Role: FOLLOWER
I0227 17:26:46.923549 25473 consensus_queue.cc:229] T 4894d1b749c04d81a7faef34e4d7affc P 9a4f55686db84876a066f455f6a41180 [NON_LEADER]: Queue going to NON_LEADER mode. State: All replicated index: 0, Majority replicated index: 0, Committed index: 0, Last appended: 0.0, Last appended by leader: 0, Current term: 0, Majority size: -1, State: 0, Mode: NON_LEADER, active raft config: opid_index: -1 OBSOLETE_local: false peers { permanent_uuid: "9f6459ebb80643b98e01844aa2fd6338" member_type: VOTER last_known_addr { host: "127.112.245.193" port: 55806 } } peers { permanent_uuid: "39144add463f4fe89dc1ea42c778d8cf" member_type: VOTER last_known_addr { host: "127.112.245.194" port: 55958 } } peers { permanent_uuid: "9a4f55686db84876a066f455f6a41180" member_type: VOTER last_known_addr { host: "127.112.245.195" port: 45942 } }
I0227 17:26:46.923553 25472 consensus_queue.cc:229] T 4894d1b749c04d81a7faef34e4d7affc P 9f6459ebb80643b98e01844aa2fd6338 [NON_LEADER]: Queue going to NON_LEADER mode. State: All replicated index: 0, Majority replicated index: 0, Committed index: 0, Last appended: 0.0, Last appended by leader: 0, Current term: 0, Majority size: -1, State: 0, Mode: NON_LEADER, active raft config: opid_index: -1 OBSOLETE_local: false peers { permanent_uuid: "9f6459ebb80643b98e01844aa2fd6338" member_type: VOTER last_known_addr { host: "127.112.245.193" port: 55806 } } peers { permanent_uuid: "39144add463f4fe89dc1ea42c778d8cf" member_type: VOTER last_known_addr { host: "127.112.245.194" port: 55958 } } peers { permanent_uuid: "9a4f55686db84876a066f455f6a41180" member_type: VOTER last_known_addr { host: "127.112.245.195" port: 45942 } }
I0227 17:26:46.923553 25471 consensus_queue.cc:229] T 4894d1b749c04d81a7faef34e4d7affc P 39144add463f4fe89dc1ea42c778d8cf [NON_LEADER]: Queue going to NON_LEADER mode. State: All replicated index: 0, Majority replicated index: 0, Committed index: 0, Last appended: 0.0, Last appended by leader: 0, Current term: 0, Majority size: -1, State: 0, Mode: NON_LEADER, active raft config: opid_index: -1 OBSOLETE_local: false peers { permanent_uuid: "9f6459ebb80643b98e01844aa2fd6338" member_type: VOTER last_known_addr { host: "127.112.245.193" port: 55806 } } peers { permanent_uuid: "39144add463f4fe89dc1ea42c778d8cf" member_type: VOTER last_known_addr { host: "127.112.245.194" port: 55958 } } peers { permanent_uuid: "9a4f55686db84876a066f455f6a41180" member_type: VOTER last_known_addr { host: "127.112.245.195" port: 45942 } }
I0227 17:26:46.923804 25472 ts_tablet_manager.cc:1075] T 4894d1b749c04d81a7faef34e4d7affc P 9f6459ebb80643b98e01844aa2fd6338: Time spent starting tablet: real 0.001s user 0.001s sys 0.000s
I0227 17:26:46.923977 25473 ts_tablet_manager.cc:1075] T 4894d1b749c04d81a7faef34e4d7affc P 9a4f55686db84876a066f455f6a41180: Time spent starting tablet: real 0.001s user 0.001s sys 0.000s
I0227 17:26:46.924036 25471 ts_tablet_manager.cc:1075] T 4894d1b749c04d81a7faef34e4d7affc P 39144add463f4fe89dc1ea42c778d8cf: Time spent starting tablet: real 0.001s user 0.001s sys 0.000s
I0227 17:26:46.940847 25161 raft_consensus.cc:472] T 4894d1b749c04d81a7faef34e4d7affc P 39144add463f4fe89dc1ea42c778d8cf [term 0 FOLLOWER]: Starting pre-election (no leader contacted us within the election timeout)
I0227 17:26:46.941002 25161 raft_consensus.cc:494] T 4894d1b749c04d81a7faef34e4d7affc P 39144add463f4fe89dc1ea42c778d8cf [term 0 FOLLOWER]: Starting pre-election with config: opid_index: -1 OBSOLETE_local: false peers { permanent_uuid: "9f6459ebb80643b98e01844aa2fd6338" member_type: VOTER last_known_addr { host: "127.112.245.193" port: 55806 } } peers { permanent_uuid: "39144add463f4fe89dc1ea42c778d8cf" member_type: VOTER last_known_addr { host: "127.112.245.194" port: 55958 } } peers { permanent_uuid: "9a4f55686db84876a066f455f6a41180" member_type: VOTER last_known_addr { host: "127.112.245.195" port: 45942 } }
I0227 17:26:46.941601 25161 leader_election.cc:292] T 4894d1b749c04d81a7faef34e4d7affc P 39144add463f4fe89dc1ea42c778d8cf [CANDIDATE]: Term 1 pre-election: Requested pre-vote from peers 9f6459ebb80643b98e01844aa2fd6338 (127.112.245.193:55806), 9a4f55686db84876a066f455f6a41180 (127.112.245.195:45942)
I0227 17:26:46.942193 124809 tablet_service.cc:1010] Received RequestConsensusVote() RPC: tablet_id: "4894d1b749c04d81a7faef34e4d7affc" candidate_uuid: "39144add463f4fe89dc1ea42c778d8cf" candidate_term: 1 candidate_status { last_received { term: 0 index: 0 } } ignore_live_leader: false dest_uuid: "9f6459ebb80643b98e01844aa2fd6338" is_pre_election: true
I0227 17:26:46.942287 125339 tablet_service.cc:1010] Received RequestConsensusVote() RPC: tablet_id: "4894d1b749c04d81a7faef34e4d7affc" candidate_uuid: "39144add463f4fe89dc1ea42c778d8cf" candidate_term: 1 candidate_status { last_received { term: 0 index: 0 } } ignore_live_leader: false dest_uuid: "9a4f55686db84876a066f455f6a41180" is_pre_election: true
I0227 17:26:46.942313 124809 raft_consensus.cc:2346] T 4894d1b749c04d81a7faef34e4d7affc P 9f6459ebb80643b98e01844aa2fd6338 [term 0 FOLLOWER]: Leader pre-election vote request: Granting yes vote for candidate 39144add463f4fe89dc1ea42c778d8cf in term 0.
I0227 17:26:46.942421 125339 raft_consensus.cc:2346] T 4894d1b749c04d81a7faef34e4d7affc P 9a4f55686db84876a066f455f6a41180 [term 0 FOLLOWER]: Leader pre-election vote request: Granting yes vote for candidate 39144add463f4fe89dc1ea42c778d8cf in term 0.
I0227 17:26:46.942771 124930 leader_election.cc:306] T 4894d1b749c04d81a7faef34e4d7affc P 39144add463f4fe89dc1ea42c778d8cf [CANDIDATE]: Term 1 pre-election: Election decided. Result: candidate won. Election summary: received 2 responses out of 3 voters: 2 yes votes; 0 no votes. yes voters: 39144add463f4fe89dc1ea42c778d8cf, 9f6459ebb80643b98e01844aa2fd6338; no voters:
I0227 17:26:46.942924 25161 raft_consensus.cc:2640] T 4894d1b749c04d81a7faef34e4d7affc P 39144add463f4fe89dc1ea42c778d8cf [term 0 FOLLOWER]: Leader pre-election won for term 1
I0227 17:26:46.942952 25161 raft_consensus.cc:472] T 4894d1b749c04d81a7faef34e4d7affc P 39144add463f4fe89dc1ea42c778d8cf [term 0 FOLLOWER]: Starting leader election (no leader contacted us within the election timeout)
I0227 17:26:46.942973 25161 raft_consensus.cc:2886] T 4894d1b749c04d81a7faef34e4d7affc P 39144add463f4fe89dc1ea42c778d8cf [term 0 FOLLOWER]: Advancing to term 1
I0227 17:26:46.944195 25161 raft_consensus.cc:494] T 4894d1b749c04d81a7faef34e4d7affc P 39144add463f4fe89dc1ea42c778d8cf [term 1 FOLLOWER]: Starting leader election with config: opid_index: -1 OBSOLETE_local: false peers { permanent_uuid: "9f6459ebb80643b98e01844aa2fd6338" member_type: VOTER last_known_addr { host: "127.112.245.193" port: 55806 } } peers { permanent_uuid: "39144add463f4fe89dc1ea42c778d8cf" member_type: VOTER last_known_addr { host: "127.112.245.194" port: 55958 } } peers { permanent_uuid: "9a4f55686db84876a066f455f6a41180" member_type: VOTER last_known_addr { host: "127.112.245.195" port: 45942 } }
I0227 17:26:46.944600 25161 leader_election.cc:292] T 4894d1b749c04d81a7faef34e4d7affc P 39144add463f4fe89dc1ea42c778d8cf [CANDIDATE]: Term 1 election: Requested vote from peers 9f6459ebb80643b98e01844aa2fd6338 (127.112.245.193:55806), 9a4f55686db84876a066f455f6a41180 (127.112.245.195:45942)
I0227 17:26:46.944957 124809 tablet_service.cc:1010] Received RequestConsensusVote() RPC: tablet_id: "4894d1b749c04d81a7faef34e4d7affc" candidate_uuid: "39144add463f4fe89dc1ea42c778d8cf" candidate_term: 1 candidate_status { last_received { term: 0 index: 0 } } ignore_live_leader: false dest_uuid: "9f6459ebb80643b98e01844aa2fd6338"
I0227 17:26:46.945013 124809 raft_consensus.cc:2886] T 4894d1b749c04d81a7faef34e4d7affc P 9f6459ebb80643b98e01844aa2fd6338 [term 0 FOLLOWER]: Advancing to term 1
I0227 17:26:46.945051 125339 tablet_service.cc:1010] Received RequestConsensusVote() RPC: tablet_id: "4894d1b749c04d81a7faef34e4d7affc" candidate_uuid: "39144add463f4fe89dc1ea42c778d8cf" candidate_term: 1 candidate_status { last_received { term: 0 index: 0 } } ignore_live_leader: false dest_uuid: "9a4f55686db84876a066f455f6a41180"
I0227 17:26:46.945175 125339 raft_consensus.cc:2886] T 4894d1b749c04d81a7faef34e4d7affc P 9a4f55686db84876a066f455f6a41180 [term 0 FOLLOWER]: Advancing to term 1
I0227 17:26:46.946115 124809 raft_consensus.cc:2346] T 4894d1b749c04d81a7faef34e4d7affc P 9f6459ebb80643b98e01844aa2fd6338 [term 1 FOLLOWER]: Leader election vote request: Granting yes vote for candidate 39144add463f4fe89dc1ea42c778d8cf in term 1.
I0227 17:26:46.946468 124930 leader_election.cc:306] T 4894d1b749c04d81a7faef34e4d7affc P 39144add463f4fe89dc1ea42c778d8cf [CANDIDATE]: Term 1 election: Election decided. Result: candidate won. Election summary: received 2 responses out of 3 voters: 2 yes votes; 0 no votes. yes voters: 39144add463f4fe89dc1ea42c778d8cf, 9f6459ebb80643b98e01844aa2fd6338; no voters:
I0227 17:26:46.946595 25161 raft_consensus.cc:2640] T 4894d1b749c04d81a7faef34e4d7affc P 39144add463f4fe89dc1ea42c778d8cf [term 1 FOLLOWER]: Leader election won for term 1
I0227 17:26:46.946681 25161 raft_consensus.cc:667] T 4894d1b749c04d81a7faef34e4d7affc P 39144add463f4fe89dc1ea42c778d8cf [term 1 LEADER]: Becoming Leader. State: Replica: 39144add463f4fe89dc1ea42c778d8cf, State: Running, Role: LEADER
I0227 17:26:46.946871 25161 consensus_queue.cc:206] T 4894d1b749c04d81a7faef34e4d7affc P 39144add463f4fe89dc1ea42c778d8cf [LEADER]: Queue going to LEADER mode. State: All replicated index: 0, Majority replicated index: 0, Committed index: 0, Last appended: 0.0, Last appended by leader: 0, Current term: 1, Majority size: 2, State: 0, Mode: LEADER, active raft config: opid_index: -1 OBSOLETE_local: false peers { permanent_uuid: "9f6459ebb80643b98e01844aa2fd6338" member_type: VOTER last_known_addr { host: "127.112.245.193" port: 55806 } } peers { permanent_uuid: "39144add463f4fe89dc1ea42c778d8cf" member_type: VOTER last_known_addr { host: "127.112.245.194" port: 55958 } } peers { permanent_uuid: "9a4f55686db84876a066f455f6a41180" member_type: VOTER last_known_addr { host: "127.112.245.195" port: 45942 } }
I0227 17:26:46.946965 125339 raft_consensus.cc:2346] T 4894d1b749c04d81a7faef34e4d7affc P 9a4f55686db84876a066f455f6a41180 [term 1 FOLLOWER]: Leader election vote request: Granting yes vote for candidate 39144add463f4fe89dc1ea42c778d8cf in term 1.
I0227 17:26:46.948673 137453 catalog_manager.cc:3791] T 4894d1b749c04d81a7faef34e4d7affc P 39144add463f4fe89dc1ea42c778d8cf reported cstate change: term changed from 0 to 1, leader changed from to 39144add463f4fe89dc1ea42c778d8cf (127.112.245.194). New cstate: current_term: 1 leader_uuid: "39144add463f4fe89dc1ea42c778d8cf" committed_config { opid_index: -1 OBSOLETE_local: false peers { permanent_uuid: "9f6459ebb80643b98e01844aa2fd6338" member_type: VOTER last_known_addr { host: "127.112.245.193" port: 55806 } health_report { overall_health: UNKNOWN } } peers { permanent_uuid: "39144add463f4fe89dc1ea42c778d8cf" member_type: VOTER last_known_addr { host: "127.112.245.194" port: 55958 } health_report { overall_health: HEALTHY } } peers { permanent_uuid: "9a4f55686db84876a066f455f6a41180" member_type: VOTER last_known_addr { host: "127.112.245.195" port: 45942 } health_report { overall_health: UNKNOWN } } }
W0227 17:26:46.960103 124966 tablet_service.cc:1915] Rejecting scan request for tablet 4894d1b749c04d81a7faef34e4d7affc: Uninitialized: safe time has not yet been initialized
W0227 17:26:47.161751 124966 tablet_service.cc:1915] Rejecting scan request for tablet 4894d1b749c04d81a7faef34e4d7affc: Uninitialized: safe time has not yet been initialized
I0227 17:26:47.344884 125339 raft_consensus.cc:1181] T 4894d1b749c04d81a7faef34e4d7affc P 9a4f55686db84876a066f455f6a41180 [term 1 FOLLOWER]: Refusing update from remote peer 39144add463f4fe89dc1ea42c778d8cf: Log matching property violated. Preceding OpId in replica: term: 0 index: 0. Preceding OpId from leader: term: 1 index: 1. (index mismatch)
I0227 17:26:47.345474 25161 consensus_queue.cc:984] T 4894d1b749c04d81a7faef34e4d7affc P 39144add463f4fe89dc1ea42c778d8cf [LEADER]: Connected to new peer: Peer: permanent_uuid: "9a4f55686db84876a066f455f6a41180" member_type: VOTER last_known_addr { host: "127.112.245.195" port: 45942 }, Status: LMP_MISMATCH, Last received: 0.0, Next index: 1, Last known committed idx: 0, Time since last communication: 0.000s
I0227 17:26:47.349653 124809 raft_consensus.cc:1181] T 4894d1b749c04d81a7faef34e4d7affc P 9f6459ebb80643b98e01844aa2fd6338 [term 1 FOLLOWER]: Refusing update from remote peer 39144add463f4fe89dc1ea42c778d8cf: Log matching property violated. Preceding OpId in replica: term: 0 index: 0. Preceding OpId from leader: term: 1 index: 1. (index mismatch)
I0227 17:26:47.350474 23041 consensus_queue.cc:984] T 4894d1b749c04d81a7faef34e4d7affc P 39144add463f4fe89dc1ea42c778d8cf [LEADER]: Connected to new peer: Peer: permanent_uuid: "9f6459ebb80643b98e01844aa2fd6338" member_type: VOTER last_known_addr { host: "127.112.245.193" port: 55806 }, Status: LMP_MISMATCH, Last received: 0.0, Next index: 1, Last known committed idx: 0, Time since last communication: 0.000s
I0227 17:26:47.453524 26286 raft_consensus.cc:472] T 00000000000000000000000000000000 P 2e3d7e621b864672aaa91ea2d0bbd1b9 [term 8 FOLLOWER]: Starting pre-election (detected failure of leader 6cd5de61888340e681a3e5cd19fad418)
I0227 17:26:47.453682 26286 raft_consensus.cc:494] T 00000000000000000000000000000000 P 2e3d7e621b864672aaa91ea2d0bbd1b9 [term 8 FOLLOWER]: Starting pre-election with config: opid_index: -1 OBSOLETE_local: false peers { permanent_uuid: "c31e774156b64c02922906e3e2985c89" member_type: VOTER last_known_addr { host: "127.112.245.254" port: 35995 } } peers { permanent_uuid: "6cd5de61888340e681a3e5cd19fad418" member_type: VOTER last_known_addr { host: "127.112.245.253" port: 50732 } } peers { permanent_uuid: "2e3d7e621b864672aaa91ea2d0bbd1b9" member_type: VOTER last_known_addr { host: "127.112.245.252" port: 58453 } }
I0227 17:26:47.454305 26286 leader_election.cc:292] T 00000000000000000000000000000000 P 2e3d7e621b864672aaa91ea2d0bbd1b9 [CANDIDATE]: Term 9 pre-election: Requested pre-vote from peers c31e774156b64c02922906e3e2985c89 (127.112.245.254:35995), 6cd5de61888340e681a3e5cd19fad418 (127.112.245.253:50732)
I0227 17:26:47.454776 137461 tablet_service.cc:1010] Received RequestConsensusVote() RPC: tablet_id: "00000000000000000000000000000000" candidate_uuid: "2e3d7e621b864672aaa91ea2d0bbd1b9" candidate_term: 9 candidate_status { last_received { term: 8 index: 48 } } ignore_live_leader: false dest_uuid: "6cd5de61888340e681a3e5cd19fad418" is_pre_election: true
I0227 17:26:47.454854 137461 raft_consensus.cc:2307] T 00000000000000000000000000000000 P 6cd5de61888340e681a3e5cd19fad418 [term 8 LEADER]: Leader pre-election vote request: Denying vote to candidate 2e3d7e621b864672aaa91ea2d0bbd1b9 for term 9 because replica is either leader or believes a valid leader to be alive.
I0227 17:26:47.565824 126662 tablet_service.cc:1010] Received RequestConsensusVote() RPC: tablet_id: "00000000000000000000000000000000" candidate_uuid: "6cd5de61888340e681a3e5cd19fad418" candidate_term: 8 candidate_status { last_received { term: 7 index: 43 } } ignore_live_leader: false dest_uuid: "c31e774156b64c02922906e3e2985c89" is_pre_election: true
I0227 17:26:47.565904 126662 raft_consensus.cc:2307] T 00000000000000000000000000000000 P c31e774156b64c02922906e3e2985c89 [term 7 LEADER]: Leader pre-election vote request: Denying vote to candidate 6cd5de61888340e681a3e5cd19fad418 for term 8 because replica is either leader or believes a valid leader to be alive.
I0227 17:26:47.565945 126661 tablet_service.cc:1010] Received RequestConsensusVote() RPC: tablet_id: "00000000000000000000000000000000" candidate_uuid: "6cd5de61888340e681a3e5cd19fad418" candidate_term: 8 candidate_status { last_received { term: 7 index: 43 } } ignore_live_leader: false dest_uuid: "c31e774156b64c02922906e3e2985c89"
I0227 17:26:47.566005 126661 raft_consensus.cc:2307] T 00000000000000000000000000000000 P c31e774156b64c02922906e3e2985c89 [term 7 LEADER]: Leader election vote request: Denying vote to candidate 6cd5de61888340e681a3e5cd19fad418 for term 8 because replica is either leader or believes a valid leader to be alive.
I0227 17:26:47.566112 126660 raft_consensus.cc:2881] T 00000000000000000000000000000000 P c31e774156b64c02922906e3e2985c89 [term 7 LEADER]: Stepping down as leader of term 7
I0227 17:26:47.566145 126660 raft_consensus.cc:705] T 00000000000000000000000000000000 P c31e774156b64c02922906e3e2985c89 [term 7 LEADER]: Becoming Follower/Learner. State: Replica: c31e774156b64c02922906e3e2985c89, State: Running, Role: LEADER
I0227 17:26:47.566300 126660 consensus_queue.cc:229] T 00000000000000000000000000000000 P c31e774156b64c02922906e3e2985c89 [NON_LEADER]: Queue going to NON_LEADER mode. State: All replicated index: 0, Majority replicated index: 43, Committed index: 43, Last appended: 7.43, Last appended by leader: 43, Current term: 7, Majority size: -1, State: 0, Mode: NON_LEADER, active raft config: opid_index: -1 OBSOLETE_local: false peers { permanent_uuid: "c31e774156b64c02922906e3e2985c89" member_type: VOTER last_known_addr { host: "127.112.245.254" port: 35995 } } peers { permanent_uuid: "6cd5de61888340e681a3e5cd19fad418" member_type: VOTER last_known_addr { host: "127.112.245.253" port: 50732 } } peers { permanent_uuid: "2e3d7e621b864672aaa91ea2d0bbd1b9" member_type: VOTER last_known_addr { host: "127.112.245.252" port: 58453 } }
I0227 17:26:47.566334 126660 consensus_peers.cc:482] T 00000000000000000000000000000000 P c31e774156b64c02922906e3e2985c89 -> Peer 2e3d7e621b864672aaa91ea2d0bbd1b9 (127.112.245.252:58453): Closing peer: 2e3d7e621b864672aaa91ea2d0bbd1b9
W0227 17:26:47.566356 26329 negotiation.cc:313] Failed RPC negotiation. Trace: 0227 17:26:47.565538 (+ 0us) reactor.cc:583] Submitting negotiation task for server connection from 127.112.245.254:48699 0227 17:26:47.565709 (+ 171us) server_negotiation.cc:183] Beginning negotiation 0227 17:26:47.565713 (+ 4us) server_negotiation.cc:372] Waiting for connection header 0227 17:26:47.565730 (+ 17us) server_negotiation.cc:380] Connection header received 0227 17:26:47.565774 (+ 44us) server_negotiation.cc:336] Received NEGOTIATE NegotiatePB request 0227 17:26:47.565777 (+ 3us) server_negotiation.cc:419] Received NEGOTIATE request from client 0227 17:26:47.565827 (+ 50us) server_negotiation.cc:348] Sending NEGOTIATE NegotiatePB response 0227 17:26:47.565961 (+ 134us) negotiation.cc:304] Negotiation complete: Network error: Server connection negotiation failed: server connection from 127.112.245.254:48699: BlockingWrite error: write error: Broken pipe (error 32) Metrics: {"server-negotiator.queue_time_us":92,"thread_start_us":36,"threads_started":1}
I0227 17:26:47.566424 13605 raft_consensus.cc:1149] T 00000000000000000000000000000000 P 2e3d7e621b864672aaa91ea2d0bbd1b9 [term 8 FOLLOWER]: Rejecting Update request from peer c31e774156b64c02922906e3e2985c89 for earlier term 7. Current term is 8. Ops: []
I0227 17:26:47.566359 126660 consensus_peers.cc:482] T 00000000000000000000000000000000 P c31e774156b64c02922906e3e2985c89 -> Peer 6cd5de61888340e681a3e5cd19fad418 (127.112.245.253:50732): Closing peer: 6cd5de61888340e681a3e5cd19fad418
I0227 17:26:47.566504 126660 raft_consensus.cc:2886] T 00000000000000000000000000000000 P c31e774156b64c02922906e3e2985c89 [term 7 FOLLOWER]: Advancing to term 8
W0227 17:26:47.566411 26327 negotiation.cc:313] Failed RPC negotiation. Trace: 0227 17:26:47.564991 (+ 0us) reactor.cc:583] Submitting negotiation task for server connection from 127.112.245.254:48506 0227 17:26:47.565484 (+ 493us) server_negotiation.cc:183] Beginning negotiation 0227 17:26:47.565490 (+ 6us) server_negotiation.cc:372] Waiting for connection header 0227 17:26:47.565511 (+ 21us) server_negotiation.cc:380] Connection header received 0227 17:26:47.565572 (+ 61us) server_negotiation.cc:336] Received NEGOTIATE NegotiatePB request 0227 17:26:47.565577 (+ 5us) server_negotiation.cc:419] Received NEGOTIATE request from client 0227 17:26:47.565649 (+ 72us) server_negotiation.cc:348] Sending NEGOTIATE NegotiatePB response 0227 17:26:47.565838 (+ 189us) negotiation.cc:304] Negotiation complete: Network error: Server connection negotiation failed: server connection from 127.112.245.254:48506: BlockingWrite error: write error: Broken pipe (error 32) Metrics: {"server-negotiator.queue_time_us":381,"thread_start_us":258,"threads_started":1}
I0227 17:26:47.567193 124857 heartbeater.cc:345] Connected to a master server at 127.112.245.254:35995
I0227 17:26:47.567683 126660 raft_consensus.cc:1181] T 00000000000000000000000000000000 P c31e774156b64c02922906e3e2985c89 [term 8 FOLLOWER]: Refusing update from remote peer 6cd5de61888340e681a3e5cd19fad418: Log matching property violated. Preceding OpId in replica: term: 7 index: 43. Preceding OpId from leader: term: 8 index: 44. (index mismatch)
I0227 17:26:47.568320 126738 hms_notification_log_listener.cc:226] Skipping Hive Metastore notification log poll: Illegal state: Not the leader. Local UUID: c31e774156b64c02922906e3e2985c89, Raft Consensus state: current_term: 8 committed_config { opid_index: -1 OBSOLETE_local: false peers { permanent_uuid: "c31e774156b64c02922906e3e2985c89" member_type: VOTER last_known_addr { host: "127.112.245.254" port: 35995 } } peers { permanent_uuid: "6cd5de61888340e681a3e5cd19fad418" member_type: VOTER last_known_addr { host: "127.112.245.253" port: 50732 } } peers { permanent_uuid: "2e3d7e621b864672aaa91ea2d0bbd1b9" member_type: VOTER last_known_addr { host: "127.112.245.252" port: 58453 } } }
I0227 17:26:47.568373 125384 heartbeater.cc:345] Connected to a master server at 127.112.245.254:35995
I0227 17:26:47.568454 126644 catalog_manager.cc:1386] Servicing CreateTable request from {username='adar'} at 127.112.245.254:47010: name: "default.table_2_0" schema { columns { name: "key" type: INT32 is_key: true is_nullable: false encoding: AUTO_ENCODING compression: DEFAULT_COMPRESSION cfile_block_size: 0 } columns { name: "int_val" type: INT32 is_key: false is_nullable: false encoding: AUTO_ENCODING compression: DEFAULT_COMPRESSION cfile_block_size: 0 } columns { name: "string_val" type: STRING is_key: false is_nullable: false encoding: AUTO_ENCODING compression: DEFAULT_COMPRESSION cfile_block_size: 0 } } split_rows_range_bounds { } partition_schema { range_schema { columns { name: "key" } } }
I0227 17:26:47.568572 125070 heartbeater.cc:345] Connected to a master server at 127.112.245.254:35995
W0227 17:26:47.568780 126644 catalog_manager.cc:1537] The number of live tablet servers is not enough to re-replicate a tablet replica of the newly created table default.table_2_0 in case of a server failure: 4 tablet servers would be needed, 3 are available. Consider bringing up more tablet servers.
I0227 17:26:47.570207 126660 tablet_service.cc:1010] Received RequestConsensusVote() RPC: tablet_id: "00000000000000000000000000000000" candidate_uuid: "2e3d7e621b864672aaa91ea2d0bbd1b9" candidate_term: 9 candidate_status { last_received { term: 8 index: 48 } } ignore_live_leader: false dest_uuid: "c31e774156b64c02922906e3e2985c89" is_pre_election: true
I0227 17:26:47.570288 126660 raft_consensus.cc:2346] T 00000000000000000000000000000000 P c31e774156b64c02922906e3e2985c89 [term 8 FOLLOWER]: Leader pre-election vote request: Granting yes vote for candidate 2e3d7e621b864672aaa91ea2d0bbd1b9 in term 8.
I0227 17:26:47.570988 13447 leader_election.cc:306] T 00000000000000000000000000000000 P 2e3d7e621b864672aaa91ea2d0bbd1b9 [CANDIDATE]: Term 9 pre-election: Election decided. Result: candidate won. Election summary: received 3 responses out of 3 voters: 2 yes votes; 1 no votes. yes voters: 2e3d7e621b864672aaa91ea2d0bbd1b9, c31e774156b64c02922906e3e2985c89; no voters: 6cd5de61888340e681a3e5cd19fad418
I0227 17:26:47.571173 26286 raft_consensus.cc:2640] T 00000000000000000000000000000000 P 2e3d7e621b864672aaa91ea2d0bbd1b9 [term 8 FOLLOWER]: Leader pre-election won for term 9
I0227 17:26:47.571214 26286 raft_consensus.cc:472] T 00000000000000000000000000000000 P 2e3d7e621b864672aaa91ea2d0bbd1b9 [term 8 FOLLOWER]: Starting leader election (detected failure of leader 6cd5de61888340e681a3e5cd19fad418)
I0227 17:26:47.571244 26286 raft_consensus.cc:2886] T 00000000000000000000000000000000 P 2e3d7e621b864672aaa91ea2d0bbd1b9 [term 8 FOLLOWER]: Advancing to term 9
I0227 17:26:47.572463 26286 raft_consensus.cc:494] T 00000000000000000000000000000000 P 2e3d7e621b864672aaa91ea2d0bbd1b9 [term 9 FOLLOWER]: Starting leader election with config: opid_index: -1 OBSOLETE_local: false peers { permanent_uuid: "c31e774156b64c02922906e3e2985c89" member_type: VOTER last_known_addr { host: "127.112.245.254" port: 35995 } } peers { permanent_uuid: "6cd5de61888340e681a3e5cd19fad418" member_type: VOTER last_known_addr { host: "127.112.245.253" port: 50732 } } peers { permanent_uuid: "2e3d7e621b864672aaa91ea2d0bbd1b9" member_type: VOTER last_known_addr { host: "127.112.245.252" port: 58453 } }
I0227 17:26:47.573004 26286 leader_election.cc:292] T 00000000000000000000000000000000 P 2e3d7e621b864672aaa91ea2d0bbd1b9 [CANDIDATE]: Term 9 election: Requested vote from peers c31e774156b64c02922906e3e2985c89 (127.112.245.254:35995), 6cd5de61888340e681a3e5cd19fad418 (127.112.245.253:50732)
I0227 17:26:47.573209 126660 tablet_service.cc:1010] Received RequestConsensusVote() RPC: tablet_id: "00000000000000000000000000000000" candidate_uuid: "2e3d7e621b864672aaa91ea2d0bbd1b9" candidate_term: 9 candidate_status { last_received { term: 8 index: 48 } } ignore_live_leader: false dest_uuid: "c31e774156b64c02922906e3e2985c89"
I0227 17:26:47.573251 126660 raft_consensus.cc:2886] T 00000000000000000000000000000000 P c31e774156b64c02922906e3e2985c89 [term 8 FOLLOWER]: Advancing to term 9
I0227 17:26:47.574265 126660 raft_consensus.cc:2346] T 00000000000000000000000000000000 P c31e774156b64c02922906e3e2985c89 [term 9 FOLLOWER]: Leader election vote request: Granting yes vote for candidate 2e3d7e621b864672aaa91ea2d0bbd1b9 in term 9.
I0227 17:26:47.574503 13447 leader_election.cc:306] T 00000000000000000000000000000000 P 2e3d7e621b864672aaa91ea2d0bbd1b9 [CANDIDATE]: Term 9 election: Election decided. Result: candidate won. Election summary: received 2 responses out of 3 voters: 2 yes votes; 0 no votes. yes voters: 2e3d7e621b864672aaa91ea2d0bbd1b9, c31e774156b64c02922906e3e2985c89; no voters:
I0227 17:26:47.574645 26286 raft_consensus.cc:2640] T 00000000000000000000000000000000 P 2e3d7e621b864672aaa91ea2d0bbd1b9 [term 9 FOLLOWER]: Leader election won for term 9
I0227 17:26:47.574792 26286 raft_consensus.cc:667] T 00000000000000000000000000000000 P 2e3d7e621b864672aaa91ea2d0bbd1b9 [term 9 LEADER]: Becoming Leader. State: Replica: 2e3d7e621b864672aaa91ea2d0bbd1b9, State: Running, Role: LEADER
I0227 17:26:47.575158 26286 consensus_queue.cc:206] T 00000000000000000000000000000000 P 2e3d7e621b864672aaa91ea2d0bbd1b9 [LEADER]: Queue going to LEADER mode. State: All replicated index: 0, Majority replicated index: 48, Committed index: 48, Last appended: 8.48, Last appended by leader: 48, Current term: 9, Majority size: 2, State: 0, Mode: LEADER, active raft config: opid_index: -1 OBSOLETE_local: false peers { permanent_uuid: "c31e774156b64c02922906e3e2985c89" member_type: VOTER last_known_addr { host: "127.112.245.254" port: 35995 } } peers { permanent_uuid: "6cd5de61888340e681a3e5cd19fad418" member_type: VOTER last_known_addr { host: "127.112.245.253" port: 50732 } } peers { permanent_uuid: "2e3d7e621b864672aaa91ea2d0bbd1b9" member_type: VOTER last_known_addr { host: "127.112.245.252" port: 58453 } }
I0227 17:26:47.576519 26350 sys_catalog.cc:337] T 00000000000000000000000000000000 P 2e3d7e621b864672aaa91ea2d0bbd1b9 [sys.catalog]: SysCatalogTable state changed. Reason: New leader 2e3d7e621b864672aaa91ea2d0bbd1b9. Latest consensus state: current_term: 9 leader_uuid: "2e3d7e621b864672aaa91ea2d0bbd1b9" committed_config { opid_index: -1 OBSOLETE_local: false peers { permanent_uuid: "c31e774156b64c02922906e3e2985c89" member_type: VOTER last_known_addr { host: "127.112.245.254" port: 35995 } } peers { permanent_uuid: "6cd5de61888340e681a3e5cd19fad418" member_type: VOTER last_known_addr { host: "127.112.245.253" port: 50732 } } peers { permanent_uuid: "2e3d7e621b864672aaa91ea2d0bbd1b9" member_type: VOTER last_known_addr { host: "127.112.245.252" port: 58453 } } }
I0227 17:26:47.576551 26350 sys_catalog.cc:340] T 00000000000000000000000000000000 P 2e3d7e621b864672aaa91ea2d0bbd1b9 [sys.catalog]: This master's current role is: LEADER
I0227 17:26:47.576771 26355 catalog_manager.cc:1046] Loading table and tablet metadata into memory...
I0227 17:26:47.578413 26355 catalog_manager.cc:347] Loaded metadata for table default.table_2 [id=1386cdb42e004032916576ef12b3f5cd]
I0227 17:26:47.578570 26355 catalog_manager.cc:347] Loaded metadata for table default.table_1_2 [id=6e03f2b32ac4487aaefa599456dee7ff]
I0227 17:26:47.578713 26355 catalog_manager.cc:347] Loaded metadata for table default.table_1 [id=7189818660584405852c5a4249b8601d]
I0227 17:26:47.578847 26355 catalog_manager.cc:347] Loaded metadata for table default.table_1_1 [id=ac73b8b72e334b67b7a5ce715797317f]
I0227 17:26:47.578984 26355 catalog_manager.cc:347] Loaded metadata for table default.table_2_0 [id=b8dd42b26d92481cba2426feb211b7c5]
I0227 17:26:47.579139 26355 catalog_manager.cc:347] Loaded metadata for table default.table_0 [id=bc75674adf8e42de8857bcba6d648867]
I0227 17:26:47.579286 26355 catalog_manager.cc:347] Loaded metadata for table default.table_0_2 [id=c00fb13ccb9d43a6872d134e76f8bb45]
I0227 17:26:47.579421 26355 catalog_manager.cc:347] Loaded metadata for table default.table_0_0 [id=d18d4af2ae47433f9af25b21a92b3c31]
I0227 17:26:47.579563 26355 catalog_manager.cc:347] Loaded metadata for table default.table_0_1 [id=d8ec01a9c6424f27a548a16c9f453c4b]
I0227 17:26:47.579699 26355 catalog_manager.cc:347] Loaded metadata for table default.table_1_0 [id=fc09c0e69c204983ad92186871b2f276]
I0227 17:26:47.580917 26355 catalog_manager.cc:401] Loaded metadata for tablet 0156483f43f14f4e9fe0e5dc35c12333 (table default.table_1_1 [id=ac73b8b72e334b67b7a5ce715797317f])
I0227 17:26:47.581084 26355 catalog_manager.cc:401] Loaded metadata for tablet 363dd021fd184929bc8b1f461f8fdb16 (table default.table_2 [id=1386cdb42e004032916576ef12b3f5cd])
I0227 17:26:47.581269 26355 catalog_manager.cc:401] Loaded metadata for tablet 4894d1b749c04d81a7faef34e4d7affc (table default.table_2_0 [id=b8dd42b26d92481cba2426feb211b7c5])
I0227 17:26:47.581450 26355 catalog_manager.cc:401] Loaded metadata for tablet 5c60704670c44ebf81ffea4c83d5a8d4 (table default.table_1_0 [id=fc09c0e69c204983ad92186871b2f276])
I0227 17:26:47.581607 26355 catalog_manager.cc:401] Loaded metadata for tablet 7fae960e7b5343338ea18dbb27e5f63a (table default.table_1_2 [id=6e03f2b32ac4487aaefa599456dee7ff])
I0227 17:26:47.581753 26355 catalog_manager.cc:401] Loaded metadata for tablet 8c4950a6e6e54bc59d6e40c00df12fab (table default.table_0_1 [id=d8ec01a9c6424f27a548a16c9f453c4b])
I0227 17:26:47.581898 26355 catalog_manager.cc:401] Loaded metadata for tablet 9808ecd2a4be428290fa53bb51dd17d4 (table default.table_0_0 [id=d18d4af2ae47433f9af25b21a92b3c31])
I0227 17:26:47.582044 26355 catalog_manager.cc:401] Loaded metadata for tablet bf54e38e762844a18884463d41a59bf2 (table default.table_0_2 [id=c00fb13ccb9d43a6872d134e76f8bb45])
I0227 17:26:47.582204 26355 catalog_manager.cc:401] Loaded metadata for tablet dd3249f630b848c8b1efd3a68065de81 (table default.table_1 [id=7189818660584405852c5a4249b8601d])
I0227 17:26:47.582348 26355 catalog_manager.cc:401] Loaded metadata for tablet fcd66b3d06b5442b9b1b4d34c6d0667b (table default.table_0 [id=bc75674adf8e42de8857bcba6d648867])
I0227 17:26:47.582463 26355 catalog_manager.cc:1057] Initializing Kudu internal certificate authority...
I0227 17:26:47.583468 26355 catalog_manager.cc:1066] Loading token signing keys...
I0227 17:26:47.584192 26355 catalog_manager.cc:4106] T 00000000000000000000000000000000 P 2e3d7e621b864672aaa91ea2d0bbd1b9: Loaded TSK: 0
I0227 17:26:47.584743 26355 catalog_manager.cc:1077] Loading latest processed Hive Metastore notification log event ID... 17:26:47.588 [HMS - ERROR - pool-8-thread-2] (RetryingHMSHandler.java:204) AlreadyExistsException(message:Table table_2_0 already exists)
at org.apache.hadoop.hive.metastore.HiveMetaStore$HMSHandler.create_table_core(HiveMetaStore.java:1452)
at org.apache.hadoop.hive.metastore.HiveMetaStore$HMSHandler.create_table_with_environment_context(HiveMetaStore.java:1539)
at sun.reflect.NativeMethodAccessorImpl.invoke0(Native Method)
at sun.reflect.NativeMethodAccessorImpl.invoke(NativeMethodAccessorImpl.java:62)
at sun.reflect.DelegatingMethodAccessorImpl.invoke(DelegatingMethodAccessorImpl.java:43)
at java.lang.reflect.Method.invoke(Method.java:497)
at org.apache.hadoop.hive.metastore.RetryingHMSHandler.invokeInternal(RetryingHMSHandler.java:148)
at org.apache.hadoop.hive.metastore.RetryingHMSHandler.invoke(RetryingHMSHandler.java:107)
at com.sun.proxy.$Proxy24.create_table_with_environment_context(Unknown Source)
at org.apache.hadoop.hive.metastore.api.ThriftHiveMetastore$Processor$create_table_with_environment_context.getResult(ThriftHiveMetastore.java:11191)
at org.apache.hadoop.hive.metastore.api.ThriftHiveMetastore$Processor$create_table_with_environment_context.getResult(ThriftHiveMetastore.java:11175)
at org.apache.thrift.ProcessFunction.process(ProcessFunction.java:39)
at org.apache.hadoop.hive.metastore.TUGIBasedProcessor.process(TUGIBasedProcessor.java:103)
at org.apache.thrift.server.TThreadPoolServer$WorkerProcess.run(TThreadPoolServer.java:286)
at java.util.concurrent.ThreadPoolExecutor.runWorker(ThreadPoolExecutor.java:1142)
at java.util.concurrent.ThreadPoolExecutor$Worker.run(ThreadPoolExecutor.java:617)
at java.lang.Thread.run(Thread.java:745)
W0227 17:26:47.589220 126644 catalog_manager.cc:1615] Already present: an error occurred while creating table default.table_2_0 in the HMS: failed to create Hive MetaStore table: TException - service has thrown: AlreadyExistsException(message=Table table_2_0 already exists)
I0227 17:26:47.908607 125068 heartbeater.cc:466] Master 127.112.245.252:58453 was elected leader, sending a full tablet report...
W0227 17:26:48.080070 13448 leader_election.cc:337] T 00000000000000000000000000000000 P 2e3d7e621b864672aaa91ea2d0bbd1b9 [CANDIDATE]: Term 9 election: RPC error from VoteRequest() call to peer 6cd5de61888340e681a3e5cd19fad418 (127.112.245.253:50732): Timed out: RequestConsensusVote RPC to 127.112.245.253:50732 timed out after 0.506s (SENT)
I0227 17:26:48.093420 26849 raft_consensus.cc:472] T 00000000000000000000000000000000 P c31e774156b64c02922906e3e2985c89 [term 9 FOLLOWER]: Starting pre-election (no leader contacted us within the election timeout)
I0227 17:26:48.093622 26849 raft_consensus.cc:494] T 00000000000000000000000000000000 P c31e774156b64c02922906e3e2985c89 [term 9 FOLLOWER]: Starting pre-election with config: opid_index: -1 OBSOLETE_local: false peers { permanent_uuid: "c31e774156b64c02922906e3e2985c89" member_type: VOTER last_known_addr { host: "127.112.245.254" port: 35995 } } peers { permanent_uuid: "6cd5de61888340e681a3e5cd19fad418" member_type: VOTER last_known_addr { host: "127.112.245.253" port: 50732 } } peers { permanent_uuid: "2e3d7e621b864672aaa91ea2d0bbd1b9" member_type: VOTER last_known_addr { host: "127.112.245.252" port: 58453 } }
I0227 17:26:48.094255 26849 leader_election.cc:292] T 00000000000000000000000000000000 P c31e774156b64c02922906e3e2985c89 [CANDIDATE]: Term 10 pre-election: Requested pre-vote from peers 6cd5de61888340e681a3e5cd19fad418 (127.112.245.253:50732), 2e3d7e621b864672aaa91ea2d0bbd1b9 (127.112.245.252:58453)
I0227 17:26:48.094727 13605 tablet_service.cc:1010] Received RequestConsensusVote() RPC: tablet_id: "00000000000000000000000000000000" candidate_uuid: "c31e774156b64c02922906e3e2985c89" candidate_term: 10 candidate_status { last_received { term: 7 index: 43 } } ignore_live_leader: false dest_uuid: "2e3d7e621b864672aaa91ea2d0bbd1b9" is_pre_election: true
I0227 17:26:48.094811 13605 raft_consensus.cc:2307] T 00000000000000000000000000000000 P 2e3d7e621b864672aaa91ea2d0bbd1b9 [term 9 LEADER]: Leader pre-election vote request: Denying vote to candidate c31e774156b64c02922906e3e2985c89 for term 10 because replica is either leader or believes a valid leader to be alive.
I0227 17:26:48.108574 126660 raft_consensus.cc:1181] T 00000000000000000000000000000000 P c31e774156b64c02922906e3e2985c89 [term 9 FOLLOWER]: Refusing update from remote peer 2e3d7e621b864672aaa91ea2d0bbd1b9: Log matching property violated. Preceding OpId in replica: term: 7 index: 43. Preceding OpId from leader: term: 9 index: 49. (index mismatch)
I0227 17:26:48.109031 26350 consensus_queue.cc:984] T 00000000000000000000000000000000 P 2e3d7e621b864672aaa91ea2d0bbd1b9 [LEADER]: Connected to new peer: Peer: permanent_uuid: "c31e774156b64c02922906e3e2985c89" member_type: VOTER last_known_addr { host: "127.112.245.254" port: 35995 }, Status: LMP_MISMATCH, Last received: 0.0, Next index: 49, Last known committed idx: 43, Time since last communication: 0.000s
I0227 17:26:48.112223 26849 sys_catalog.cc:337] T 00000000000000000000000000000000 P c31e774156b64c02922906e3e2985c89 [sys.catalog]: SysCatalogTable state changed. Reason: New leader 2e3d7e621b864672aaa91ea2d0bbd1b9. Latest consensus state: current_term: 9 leader_uuid: "2e3d7e621b864672aaa91ea2d0bbd1b9" committed_config { opid_index: -1 OBSOLETE_local: false peers { permanent_uuid: "c31e774156b64c02922906e3e2985c89" member_type: VOTER last_known_addr { host: "127.112.245.254" port: 35995 } } peers { permanent_uuid: "6cd5de61888340e681a3e5cd19fad418" member_type: VOTER last_known_addr { host: "127.112.245.253" port: 50732 } } peers { permanent_uuid: "2e3d7e621b864672aaa91ea2d0bbd1b9" member_type: VOTER last_known_addr { host: "127.112.245.252" port: 58453 } } }
I0227 17:26:48.112264 26849 sys_catalog.cc:340] T 00000000000000000000000000000000 P c31e774156b64c02922906e3e2985c89 [sys.catalog]: This master's current role is: FOLLOWER
I0227 17:26:48.112498 26857 sys_catalog.cc:337] T 00000000000000000000000000000000 P c31e774156b64c02922906e3e2985c89 [sys.catalog]: SysCatalogTable state changed. Reason: Replicated consensus-only round. Latest consensus state: current_term: 9 leader_uuid: "2e3d7e621b864672aaa91ea2d0bbd1b9" committed_config { opid_index: -1 OBSOLETE_local: false peers { permanent_uuid: "c31e774156b64c02922906e3e2985c89" member_type: VOTER last_known_addr { host: "127.112.245.254" port: 35995 } } peers { permanent_uuid: "6cd5de61888340e681a3e5cd19fad418" member_type: VOTER last_known_addr { host: "127.112.245.253" port: 50732 } } peers { permanent_uuid: "2e3d7e621b864672aaa91ea2d0bbd1b9" member_type: VOTER last_known_addr { host: "127.112.245.252" port: 58453 } } }
I0227 17:26:48.112524 26857 sys_catalog.cc:340] T 00000000000000000000000000000000 P c31e774156b64c02922906e3e2985c89 [sys.catalog]: This master's current role is: FOLLOWER
