I0227 17:25:41.900934 124217 raft_consensus.cc:1149] T 00000000000000000000000000000000 P 2e3d7e621b864672aaa91ea2d0bbd1b9 [term 2 FOLLOWER]: Rejecting Update request from peer 6cd5de61888340e681a3e5cd19fad418 for earlier term 1. Current term is 2. Ops: []
I0227 17:25:41.901377 125412 consensus_queue.cc:995] T 00000000000000000000000000000000 P 6cd5de61888340e681a3e5cd19fad418 [LEADER]: Peer responded invalid term: Peer: permanent_uuid: "2e3d7e621b864672aaa91ea2d0bbd1b9" member_type: VOTER last_known_addr { host: "127.112.245.252" port: 58453 }, Status: INVALID_TERM, Last received: 1.3, Next index: 4, Last known committed idx: 3, Time since last communication: 0.000s
I0227 17:25:41.901588 125412 raft_consensus.cc:2881] T 00000000000000000000000000000000 P 6cd5de61888340e681a3e5cd19fad418 [term 1 LEADER]: Stepping down as leader of term 1
I0227 17:25:41.901609 125412 raft_consensus.cc:705] T 00000000000000000000000000000000 P 6cd5de61888340e681a3e5cd19fad418 [term 1 LEADER]: Becoming Follower/Learner. State: Replica: 6cd5de61888340e681a3e5cd19fad418, State: Running, Role: LEADER
I0227 17:25:41.901741 123515 raft_consensus.cc:1149] T 00000000000000000000000000000000 P c31e774156b64c02922906e3e2985c89 [term 2 LEADER]: Rejecting Update request from peer 6cd5de61888340e681a3e5cd19fad418 for earlier term 1. Current term is 2. Ops: []
I0227 17:25:41.901804 125412 consensus_queue.cc:229] T 00000000000000000000000000000000 P 6cd5de61888340e681a3e5cd19fad418 [NON_LEADER]: Queue going to NON_LEADER mode. State: All replicated index: 0, Majority replicated index: 3, Committed index: 3, Last appended: 1.3, Last appended by leader: 3, Current term: 1, Majority size: -1, State: 0, Mode: NON_LEADER, active raft config: opid_index: -1 OBSOLETE_local: false peers { permanent_uuid: "c31e774156b64c02922906e3e2985c89" member_type: VOTER last_known_addr { host: "127.112.245.254" port: 35995 } } peers { permanent_uuid: "6cd5de61888340e681a3e5cd19fad418" member_type: VOTER last_known_addr { host: "127.112.245.253" port: 50732 } } peers { permanent_uuid: "2e3d7e621b864672aaa91ea2d0bbd1b9" member_type: VOTER last_known_addr { host: "127.112.245.252" port: 58453 } }
I0227 17:25:41.901834 125412 consensus_peers.cc:482] T 00000000000000000000000000000000 P 6cd5de61888340e681a3e5cd19fad418 -> Peer 2e3d7e621b864672aaa91ea2d0bbd1b9 (127.112.245.252:58453): Closing peer: 2e3d7e621b864672aaa91ea2d0bbd1b9
I0227 17:25:41.901854 125412 consensus_peers.cc:482] T 00000000000000000000000000000000 P 6cd5de61888340e681a3e5cd19fad418 -> Peer c31e774156b64c02922906e3e2985c89 (127.112.245.254:35995): Closing peer: c31e774156b64c02922906e3e2985c89
I0227 17:25:41.901983 125412 raft_consensus.cc:2886] T 00000000000000000000000000000000 P 6cd5de61888340e681a3e5cd19fad418 [term 1 FOLLOWER]: Advancing to term 2
I0227 17:25:41.906425 115671 test_util.cc:212] Using random seed: 724394998
I0227 17:25:41.906590 115671 external_mini_cluster.cc:1131] Killing /data/1/adar/apache-kudu-1.9.0/build/debug/bin/kudu-master with pid 123111
W0227 17:25:41.927716 124741 connection.cc:647] client connection to 127.112.245.254:35995 recv error: Network error: failed to read from TLS socket (remote: 127.112.245.254:35995): Connection reset by peer (error 104)
W0227 17:25:41.927829 125257 connection.cc:647] client connection to 127.112.245.254:35995 recv error: Network error: failed to read from TLS socket (remote: 127.112.245.254:35995): Connection reset by peer (error 104)
W0227 17:25:41.927829 124930 connection.cc:647] client connection to 127.112.245.254:35995 recv error: Network error: failed to read from TLS socket (remote: 127.112.245.254:35995): Connection reset by peer (error 104)
I0227 17:25:41.987500 124304 catalog_manager.cc:1102] T 00000000000000000000000000000000 P 2e3d7e621b864672aaa91ea2d0bbd1b9: acquiring CA information for follower catalog manager: success
I0227 17:25:41.988760 124304 catalog_manager.cc:1130] T 00000000000000000000000000000000 P 2e3d7e621b864672aaa91ea2d0bbd1b9: importing token verification keys for follower catalog manager: success; most recent TSK sequence number 0
I0227 17:25:41.990106 124300 catalog_manager.cc:1130] T 00000000000000000000000000000000 P 6cd5de61888340e681a3e5cd19fad418: importing token verification keys for follower catalog manager: success; most recent TSK sequence number 0
I0227 17:25:42.079044 125475 fs_manager.cc:263] Metadata directory not provided
I0227 17:25:42.079356 125475 fs_manager.cc:269] Using write-ahead log directory (fs_wal_dir) as metadata directory
W0227 17:25:42.082053 125475 data_dirs.cc:617] IO error: Could not lock block_manager_instance file. Make sure that Kudu is not already running and you are not trying to run Kudu with a different user than before: lock /tmp/kudutest-4282/master_failover-itest.1.HmsConfigurations_MasterFailoverTest.TestMasterPermanentFailure_1.1551317010817988-115671/minicluster-data/master-2/data/data/block_manager_instance: Resource temporarily unavailable (error 11)
W0227 17:25:42.082151 125475 data_dirs.cc:618] Proceeding without lock
I0227 17:25:42.090804 125475 fs_manager.cc:399] Time spent opening directory manager: real 0.010s user 0.004s sys 0.002s
I0227 17:25:42.091512 125475 env_posix.cc:1676] Not raising this process' open files per process limit of 32768; it is already as high as it can go
I0227 17:25:42.092308 125475 file_cache.cc:466] Constructed file cache lbm with capacity 13107
I0227 17:25:42.095659 125475 log_block_manager.cc:1950] Data dir /tmp/kudutest-4282/master_failover-itest.1.HmsConfigurations_MasterFailoverTest.TestMasterPermanentFailure_1.1551317010817988-115671/minicluster-data/master-2/data/data is on an ext4 filesystem vulnerable to KUDU-1508 with block size 4096
I0227 17:25:42.095815 125475 log_block_manager.cc:1960] Limiting containers on data directory /tmp/kudutest-4282/master_failover-itest.1.HmsConfigurations_MasterFailoverTest.TestMasterPermanentFailure_1.1551317010817988-115671/minicluster-data/master-2/data/data to 2721 blocks
I0227 17:25:42.096760 125678 log_block_manager.cc:2649] Read-only block manager, skipping repair
I0227 17:25:42.097666 125475 fs_report.cc:352] FS layout report -------------------- wal directory: metadata directory: 1 data directories: /tmp/kudutest-4282/master_failover-itest.1.HmsConfigurations_MasterFailoverTest.TestMasterPermanentFailure_1.1551317010817988-115671/minicluster-data/master-2/data/data Total live blocks: 0 Total live bytes: 0 Total live bytes (after alignment): 0 Total number of LBM containers: 0 (0 full) Did not check for missing blocks Did not check for orphaned blocks Total full LBM containers with extra space: 0 (0 repaired) Total full LBM container extra space in bytes: 0 (0 repaired) Total incomplete LBM containers: 0 (0 repaired) Total LBM partial records: 0 (0 repaired)
I0227 17:25:42.097841 125475 fs_manager.cc:419] Time spent opening block manager: real 0.002s user 0.001s sys 0.000s
I0227 17:25:42.098356 125475 fs_manager.cc:436] Opened local filesystem: /tmp/kudutest-4282/master_failover-itest.1.HmsConfigurations_MasterFailoverTest.TestMasterPermanentFailure_1.1551317010817988-115671/minicluster-data/master-2/data,/tmp/kudutest-4282/master_failover-itest.1.HmsConfigurations_MasterFailoverTest.TestMasterPermanentFailure_1.1551317010817988-115671/minicluster-data/master-2/wal uuid: "2e3d7e621b864672aaa91ea2d0bbd1b9" format_stamp: "Formatted at 2019-02-28 01:25:40 on ve0518.halxg.cloudera.com"
I0227 17:25:42.120402 115671 master_failover-itest.cc:410] UUIDS: c31e774156b64c02922906e3e2985c89 6cd5de61888340e681a3e5cd19fad418 2e3d7e621b864672aaa91ea2d0bbd1b9
I0227 17:25:42.128597 125069 heartbeater.cc:466] Master 127.112.245.253:50732 was elected leader, sending a full tablet report...
W0227 17:25:42.129349 125070 heartbeater.cc:586] Failed to heartbeat to 127.112.245.254:35995 (0 consecutive failures): Network error: Failed to send heartbeat to master: Client connection negotiation failed: client connection to 127.112.245.254:35995: connect: Connection refused (error 111)
I0227 17:25:42.262112 125687 fs_manager.cc:263] Metadata directory not provided
I0227 17:25:42.262418 125687 fs_manager.cc:269] Using write-ahead log directory (fs_wal_dir) as metadata directory
I0227 17:25:42.268178 125687 fs_manager.cc:602] Generated new instance metadata in path /tmp/kudutest-4282/master_failover-itest.1.HmsConfigurations_MasterFailoverTest.TestMasterPermanentFailure_1.1551317010817988-115671/minicluster-data/master-0/data/instance: uuid: "c31e774156b64c02922906e3e2985c89" format_stamp: "Formatted at 2019-02-28 01:25:42 on ve0518.halxg.cloudera.com"
I0227 17:25:42.271114 125687 fs_manager.cc:602] Generated new instance metadata in path /tmp/kudutest-4282/master_failover-itest.1.HmsConfigurations_MasterFailoverTest.TestMasterPermanentFailure_1.1551317010817988-115671/minicluster-data/master-0/wal/instance: uuid: "c31e774156b64c02922906e3e2985c89" format_stamp: "Formatted at 2019-02-28 01:25:42 on ve0518.halxg.cloudera.com"
I0227 17:25:42.292256 125687 fs_manager.cc:503] Time spent creating directory manager: real 0.021s user 0.006s sys 0.004s
I0227 17:25:42.374889 125383 heartbeater.cc:466] Master 127.112.245.253:50732 was elected leader, sending a full tablet report...
I0227 17:25:42.383307 125384 heartbeater.cc:466] Master 127.112.245.254:35995 was elected leader, sending a full tablet report...
W0227 17:25:42.390441 125384 heartbeater.cc:586] Failed to heartbeat to 127.112.245.254:35995 (0 consecutive failures): Network error: Failed to send heartbeat to master: Client connection negotiation failed: client connection to 127.112.245.254:35995: connect: Connection refused (error 111)
I0227 17:25:42.391453 124857 heartbeater.cc:466] Master 127.112.245.254:35995 was elected leader, sending a full tablet report...
I0227 17:25:42.397070 125877 raft_consensus.cc:472] T 00000000000000000000000000000000 P 2e3d7e621b864672aaa91ea2d0bbd1b9 [term 2 FOLLOWER]: Starting pre-election (no leader contacted us within the election timeout)
I0227 17:25:42.397199 125877 raft_consensus.cc:494] T 00000000000000000000000000000000 P 2e3d7e621b864672aaa91ea2d0bbd1b9 [term 2 FOLLOWER]: Starting pre-election with config: opid_index: -1 OBSOLETE_local: false peers { permanent_uuid: "c31e774156b64c02922906e3e2985c89" member_type: VOTER last_known_addr { host: "127.112.245.254" port: 35995 } } peers { permanent_uuid: "6cd5de61888340e681a3e5cd19fad418" member_type: VOTER last_known_addr { host: "127.112.245.253" port: 50732 } } peers { permanent_uuid: "2e3d7e621b864672aaa91ea2d0bbd1b9" member_type: VOTER last_known_addr { host: "127.112.245.252" port: 58453 } }
I0227 17:25:42.397692 125877 leader_election.cc:292] T 00000000000000000000000000000000 P 2e3d7e621b864672aaa91ea2d0bbd1b9 [CANDIDATE]: Term 3 pre-election: Requested pre-vote from peers c31e774156b64c02922906e3e2985c89 (127.112.245.254:35995), 6cd5de61888340e681a3e5cd19fad418 (127.112.245.253:50732)
I0227 17:25:42.398082 123878 tablet_service.cc:1010] Received RequestConsensusVote() RPC: tablet_id: "00000000000000000000000000000000" candidate_uuid: "2e3d7e621b864672aaa91ea2d0bbd1b9" candidate_term: 3 candidate_status { last_received { term: 1 index: 3 } } ignore_live_leader: false dest_uuid: "6cd5de61888340e681a3e5cd19fad418" is_pre_election: true
I0227 17:25:42.398195 123878 raft_consensus.cc:2346] T 00000000000000000000000000000000 P 6cd5de61888340e681a3e5cd19fad418 [term 2 FOLLOWER]: Leader pre-election vote request: Granting yes vote for candidate 2e3d7e621b864672aaa91ea2d0bbd1b9 in term 2.
I0227 17:25:42.398512 124105 leader_election.cc:306] T 00000000000000000000000000000000 P 2e3d7e621b864672aaa91ea2d0bbd1b9 [CANDIDATE]: Term 3 pre-election: Election decided. Result: candidate won. Election summary: received 2 responses out of 3 voters: 2 yes votes; 0 no votes. yes voters: 2e3d7e621b864672aaa91ea2d0bbd1b9, 6cd5de61888340e681a3e5cd19fad418; no voters:
I0227 17:25:42.399075 125877 raft_consensus.cc:2640] T 00000000000000000000000000000000 P 2e3d7e621b864672aaa91ea2d0bbd1b9 [term 2 FOLLOWER]: Leader pre-election won for term 3
I0227 17:25:42.399137 125877 raft_consensus.cc:472] T 00000000000000000000000000000000 P 2e3d7e621b864672aaa91ea2d0bbd1b9 [term 2 FOLLOWER]: Starting leader election (no leader contacted us within the election timeout)
I0227 17:25:42.399169 125877 raft_consensus.cc:2886] T 00000000000000000000000000000000 P 2e3d7e621b864672aaa91ea2d0bbd1b9 [term 2 FOLLOWER]: Advancing to term 3
W0227 17:25:42.400012 124857 heartbeater.cc:586] Failed to heartbeat to 127.112.245.254:35995 (0 consecutive failures): Network error: Failed to send heartbeat to master: Client connection negotiation failed: client connection to 127.112.245.254:35995: connect: Connection refused (error 111)
I0227 17:25:42.400343 125877 raft_consensus.cc:494] T 00000000000000000000000000000000 P 2e3d7e621b864672aaa91ea2d0bbd1b9 [term 3 FOLLOWER]: Starting leader election with config: opid_index: -1 OBSOLETE_local: false peers { permanent_uuid: "c31e774156b64c02922906e3e2985c89" member_type: VOTER last_known_addr { host: "127.112.245.254" port: 35995 } } peers { permanent_uuid: "6cd5de61888340e681a3e5cd19fad418" member_type: VOTER last_known_addr { host: "127.112.245.253" port: 50732 } } peers { permanent_uuid: "2e3d7e621b864672aaa91ea2d0bbd1b9" member_type: VOTER last_known_addr { host: "127.112.245.252" port: 58453 } }
I0227 17:25:42.400746 125877 leader_election.cc:292] T 00000000000000000000000000000000 P 2e3d7e621b864672aaa91ea2d0bbd1b9 [CANDIDATE]: Term 3 election: Requested vote from peers c31e774156b64c02922906e3e2985c89 (127.112.245.254:35995), 6cd5de61888340e681a3e5cd19fad418 (127.112.245.253:50732)
I0227 17:25:42.401046 123878 tablet_service.cc:1010] Received RequestConsensusVote() RPC: tablet_id: "00000000000000000000000000000000" candidate_uuid: "2e3d7e621b864672aaa91ea2d0bbd1b9" candidate_term: 3 candidate_status { last_received { term: 1 index: 3 } } ignore_live_leader: false dest_uuid: "6cd5de61888340e681a3e5cd19fad418"
I0227 17:25:42.401109 123878 raft_consensus.cc:2886] T 00000000000000000000000000000000 P 6cd5de61888340e681a3e5cd19fad418 [term 2 FOLLOWER]: Advancing to term 3
I0227 17:25:42.402222 123878 raft_consensus.cc:2346] T 00000000000000000000000000000000 P 6cd5de61888340e681a3e5cd19fad418 [term 3 FOLLOWER]: Leader election vote request: Granting yes vote for candidate 2e3d7e621b864672aaa91ea2d0bbd1b9 in term 3.
I0227 17:25:42.402503 124105 leader_election.cc:306] T 00000000000000000000000000000000 P 2e3d7e621b864672aaa91ea2d0bbd1b9 [CANDIDATE]: Term 3 election: Election decided. Result: candidate won. Election summary: received 2 responses out of 3 voters: 2 yes votes; 0 no votes. yes voters: 2e3d7e621b864672aaa91ea2d0bbd1b9, 6cd5de61888340e681a3e5cd19fad418; no voters:
I0227 17:25:42.406947 125877 raft_consensus.cc:2640] T 00000000000000000000000000000000 P 2e3d7e621b864672aaa91ea2d0bbd1b9 [term 3 FOLLOWER]: Leader election won for term 3
I0227 17:25:42.407109 125877 raft_consensus.cc:667] T 00000000000000000000000000000000 P 2e3d7e621b864672aaa91ea2d0bbd1b9 [term 3 LEADER]: Becoming Leader. State: Replica: 2e3d7e621b864672aaa91ea2d0bbd1b9, State: Running, Role: LEADER
I0227 17:25:42.407444 125877 consensus_queue.cc:206] T 00000000000000000000000000000000 P 2e3d7e621b864672aaa91ea2d0bbd1b9 [LEADER]: Queue going to LEADER mode. State: All replicated index: 0, Majority replicated index: 3, Committed index: 3, Last appended: 1.3, Last appended by leader: 3, Current term: 3, Majority size: 2, State: 0, Mode: LEADER, active raft config: opid_index: -1 OBSOLETE_local: false peers { permanent_uuid: "c31e774156b64c02922906e3e2985c89" member_type: VOTER last_known_addr { host: "127.112.245.254" port: 35995 } } peers { permanent_uuid: "6cd5de61888340e681a3e5cd19fad418" member_type: VOTER last_known_addr { host: "127.112.245.253" port: 50732 } } peers { permanent_uuid: "2e3d7e621b864672aaa91ea2d0bbd1b9" member_type: VOTER last_known_addr { host: "127.112.245.252" port: 58453 } }
I0227 17:25:42.408411 125877 sys_catalog.cc:337] T 00000000000000000000000000000000 P 2e3d7e621b864672aaa91ea2d0bbd1b9 [sys.catalog]: SysCatalogTable state changed. Reason: New leader 2e3d7e621b864672aaa91ea2d0bbd1b9. Latest consensus state: current_term: 3 leader_uuid: "2e3d7e621b864672aaa91ea2d0bbd1b9" committed_config { opid_index: -1 OBSOLETE_local: false peers { permanent_uuid: "c31e774156b64c02922906e3e2985c89" member_type: VOTER last_known_addr { host: "127.112.245.254" port: 35995 } } peers { permanent_uuid: "6cd5de61888340e681a3e5cd19fad418" member_type: VOTER last_known_addr { host: "127.112.245.253" port: 50732 } } peers { permanent_uuid: "2e3d7e621b864672aaa91ea2d0bbd1b9" member_type: VOTER last_known_addr { host: "127.112.245.252" port: 58453 } } }
I0227 17:25:42.408438 125877 sys_catalog.cc:340] T 00000000000000000000000000000000 P 2e3d7e621b864672aaa91ea2d0bbd1b9 [sys.catalog]: This master's current role is: LEADER
W0227 17:25:42.408880 124104 leader_election.cc:337] T 00000000000000000000000000000000 P 2e3d7e621b864672aaa91ea2d0bbd1b9 [CANDIDATE]: Term 3 election: RPC error from VoteRequest() call to peer c31e774156b64c02922906e3e2985c89 (127.112.245.254:35995): Network error: Client connection negotiation failed: client connection to 127.112.245.254:35995: connect: Connection refused (error 111)
W0227 17:25:42.408990 124104 leader_election.cc:337] T 00000000000000000000000000000000 P 2e3d7e621b864672aaa91ea2d0bbd1b9 [CANDIDATE]: Term 3 pre-election: RPC error from VoteRequest() call to peer c31e774156b64c02922906e3e2985c89 (127.112.245.254:35995): Network error: Client connection negotiation failed: client connection to 127.112.245.254:35995: connect: Connection refused (error 111)
I0227 17:25:42.419277 125896 catalog_manager.cc:1046] Loading table and tablet metadata into memory...
I0227 17:25:42.420610 125896 catalog_manager.cc:1057] Initializing Kudu internal certificate authority...
I0227 17:25:42.421413 125896 catalog_manager.cc:1066] Loading token signing keys...
I0227 17:25:42.421941 125896 catalog_manager.cc:4106] T 00000000000000000000000000000000 P 2e3d7e621b864672aaa91ea2d0bbd1b9: Loaded TSK: 0
I0227 17:25:42.422621 125896 catalog_manager.cc:1077] Loading latest processed Hive Metastore notification log event ID...
I0227 17:25:42.516993 125838 fs_manager.cc:263] Metadata directory not provided
I0227 17:25:42.517271 125838 fs_manager.cc:269] Using write-ahead log directory (fs_wal_dir) as metadata directory
I0227 17:25:42.531630 125838 fs_manager.cc:399] Time spent opening directory manager: real 0.012s user 0.004s sys 0.001s
I0227 17:25:42.532585 125838 env_posix.cc:1676] Not raising this process' open files per process limit of 32768; it is already as high as it can go
I0227 17:25:42.533444 125838 file_cache.cc:466] Constructed file cache lbm with capacity 13107
I0227 17:25:42.536383 125838 log_block_manager.cc:1950] Data dir /tmp/kudutest-4282/master_failover-itest.1.HmsConfigurations_MasterFailoverTest.TestMasterPermanentFailure_1.1551317010817988-115671/minicluster-data/master-0/data/data is on an ext4 filesystem vulnerable to KUDU-1508 with block size 4096
I0227 17:25:42.536556 125838 log_block_manager.cc:1960] Limiting containers on data directory /tmp/kudutest-4282/master_failover-itest.1.HmsConfigurations_MasterFailoverTest.TestMasterPermanentFailure_1.1551317010817988-115671/minicluster-data/master-0/data/data to 2721 blocks
I0227 17:25:42.540563 125838 fs_report.cc:352] FS layout report -------------------- wal directory: metadata directory: 1 data directories: /tmp/kudutest-4282/master_failover-itest.1.HmsConfigurations_MasterFailoverTest.TestMasterPermanentFailure_1.1551317010817988-115671/minicluster-data/master-0/data/data Total live blocks: 0 Total live bytes: 0 Total live bytes (after alignment): 0 Total number of LBM containers: 0 (0 full) Did not check for missing blocks Did not check for orphaned blocks Total full LBM containers with extra space: 0 (0 repaired) Total full LBM container extra space in bytes: 0 (0 repaired) Total incomplete LBM containers: 0 (0 repaired) Total LBM partial records: 0 (0 repaired)
I0227 17:25:42.540781 125838 fs_manager.cc:419] Time spent opening block manager: real 0.005s user 0.000s sys 0.001s
I0227 17:25:42.541373 125838 fs_manager.cc:436] Opened local filesystem: /tmp/kudutest-4282/master_failover-itest.1.HmsConfigurations_MasterFailoverTest.TestMasterPermanentFailure_1.1551317010817988-115671/minicluster-data/master-0/data,/tmp/kudutest-4282/master_failover-itest.1.HmsConfigurations_MasterFailoverTest.TestMasterPermanentFailure_1.1551317010817988-115671/minicluster-data/master-0/wal uuid: "c31e774156b64c02922906e3e2985c89" format_stamp: "Formatted at 2019-02-28 01:25:42 on ve0518.halxg.cloudera.com"
I0227 17:25:42.566853 125838 tablet_copy_client.cc:240] T 00000000000000000000000000000000 P c31e774156b64c02922906e3e2985c89: tablet copy: Beginning tablet copy session from remote peer at address 127.112.245.252:58453
I0227 17:25:42.618574 124222 tablet_copy_service.cc:135] P 2e3d7e621b864672aaa91ea2d0bbd1b9: Received BeginTabletCopySession request for tablet 00000000000000000000000000000000 from peer c31e774156b64c02922906e3e2985c89 ({username='adar'} at 127.112.245.252:49743)
I0227 17:25:42.618672 124222 tablet_copy_service.cc:156] P 2e3d7e621b864672aaa91ea2d0bbd1b9: Beginning new tablet copy session on tablet 00000000000000000000000000000000 from peer c31e774156b64c02922906e3e2985c89 at {username='adar'} at 127.112.245.252:49743: session id = c31e774156b64c02922906e3e2985c89-00000000000000000000000000000000
I0227 17:25:42.620218 124222 tablet_copy_source_session.cc:202] T 00000000000000000000000000000000 P 2e3d7e621b864672aaa91ea2d0bbd1b9: Tablet Copy: opened 0 blocks and 1 log segments
I0227 17:25:42.627256 125838 data_dirs.cc:938] Could only allocate 1 dirs of requested 3 for tablet 00000000000000000000000000000000. 1 dirs total
I0227 17:25:42.641676 125838 tablet_copy_client.cc:575] T 00000000000000000000000000000000 P c31e774156b64c02922906e3e2985c89: tablet copy: Starting download of 0 data blocks...
I0227 17:25:42.642742 125838 tablet_copy_client.cc:538] T 00000000000000000000000000000000 P c31e774156b64c02922906e3e2985c89: tablet copy: Starting download of 1 WAL segments...
I0227 17:25:42.657411 125838 tablet_copy_client.cc:414] T 00000000000000000000000000000000 P c31e774156b64c02922906e3e2985c89: tablet copy: Tablet Copy complete. Replacing tablet superblock.
I0227 17:25:42.693542 124222 tablet_copy_service.cc:325] P 2e3d7e621b864672aaa91ea2d0bbd1b9: Request end of tablet copy session c31e774156b64c02922906e3e2985c89-00000000000000000000000000000000 received from {username='adar'} at 127.112.245.252:49743
I0227 17:25:42.693603 124222 tablet_copy_service.cc:413] P 2e3d7e621b864672aaa91ea2d0bbd1b9: ending tablet copy session c31e774156b64c02922906e3e2985c89-00000000000000000000000000000000 on tablet 00000000000000000000000000000000 with peer c31e774156b64c02922906e3e2985c89
I0227 17:25:42.740619 115671 external_mini_cluster.cc:933] Running /data/1/adar/apache-kudu-1.9.0/build/debug/bin/kudu-master /data/1/adar/apache-kudu-1.9.0/build/debug/bin/kudu-master --fs_wal_dir=/tmp/kudutest-4282/master_failover-itest.1.HmsConfigurations_MasterFailoverTest.TestMasterPermanentFailure_1.1551317010817988-115671/minicluster-data/master-0/wal --fs_data_dirs=/tmp/kudutest-4282/master_failover-itest.1.HmsConfigurations_MasterFailoverTest.TestMasterPermanentFailure_1.1551317010817988-115671/minicluster-data/master-0/data --block_manager=log --webserver_interface=localhost --ipki_ca_key_size=1024 --tsk_num_rsa_bits=512 --rpc_bind_addresses=127.112.245.254:35995 --webserver_interface=127.112.245.254 --webserver_port=0 --never_fsync --ipki_server_key_size=1024 --enable_minidumps=false --redact=none --metrics_log_interval_ms=1000 --logtostderr --logbuflevel=-1 --log_dir=/tmp/kudutest-4282/master_failover-itest.1.HmsConfigurations_MasterFailoverTest.TestMasterPermanentFailure_1.1551317010817988-115671/minicluster-data/master-0/logs --server_dump_info_path=/tmp/kudutest-4282/master_failover-itest.1.HmsConfigurations_MasterFailoverTest.TestMasterPermanentFailure_1.1551317010817988-115671/minicluster-data/master-0/data/info.pb --server_dump_info_format=pb --rpc_server_allow_ephemeral_ports --unlock_experimental_flags --unlock_unsafe_flags --leader_failure_max_missed_heartbeat_periods=1.0 --rpc_reuseport=true --master_addresses=127.112.245.254:35995,127.112.245.253:50732,127.112.245.252:58453 --hive_metastore_uris=thrift://127.0.0.1:54702 with env {}
W0227 17:25:42.785571 124104 consensus_peers.cc:457] T 00000000000000000000000000000000 P 2e3d7e621b864672aaa91ea2d0bbd1b9 -> Peer c31e774156b64c02922906e3e2985c89 (127.112.245.254:35995): Couldn't send request to peer c31e774156b64c02922906e3e2985c89. Status: Network error: Client connection negotiation failed: client connection to 127.112.245.254:35995: connect: Connection refused (error 111). This is attempt 1: this message will repeat every 5th retry. WARNING: Logging before InitGoogleLogging() is written to STDERR
W0227 17:25:42.964700 126213 flags.cc:406] Enabled unsafe flag: --rpc_server_allow_ephemeral_ports=true
W0227 17:25:42.965137 126213 flags.cc:406] Enabled unsafe flag: --never_fsync=true
W0227 17:25:42.966516 126213 flags.cc:406] Enabled experimental flag: --hive_metastore_uris=thrift://127.0.0.1:54702
W0227 17:25:42.968169 126213 flags.cc:406] Enabled experimental flag: --ipki_ca_key_size=1024
W0227 17:25:42.968266 126213 flags.cc:406] Enabled experimental flag: --ipki_server_key_size=1024
W0227 17:25:42.968348 126213 flags.cc:406] Enabled experimental flag: --tsk_num_rsa_bits=512
W0227 17:25:42.968427 126213 flags.cc:406] Enabled experimental flag: --rpc_reuseport=true
I0227 17:25:42.981472 126213 master_main.cc:73] Master server non-default flags: --leader_failure_max_missed_heartbeat_periods=1 --fs_data_dirs=/tmp/kudutest-4282/master_failover-itest.1.HmsConfigurations_MasterFailoverTest.TestMasterPermanentFailure_1.1551317010817988-115671/minicluster-data/master-0/data --fs_wal_dir=/tmp/kudutest-4282/master_failover-itest.1.HmsConfigurations_MasterFailoverTest.TestMasterPermanentFailure_1.1551317010817988-115671/minicluster-data/master-0/wal --hive_metastore_uris=thrift://127.0.0.1:54702 --ipki_ca_key_size=1024 --master_addresses=127.112.245.254:35995,127.112.245.253:50732,127.112.245.252:58453 --ipki_server_key_size=1024 --tsk_num_rsa_bits=512 --rpc_bind_addresses=127.112.245.254:35995 --rpc_reuseport=true --rpc_server_allow_ephemeral_ports=true --metrics_log_interval_ms=1000 --server_dump_info_format=pb --server_dump_info_path=/tmp/kudutest-4282/master_failover-itest.1.HmsConfigurations_MasterFailoverTest.TestMasterPermanentFailure_1.1551317010817988-115671/minicluster-data/master-0/data/info.pb --webserver_interface=127.112.245.254 --webserver_port=0 --never_fsync=true --heap_profile_path=/tmp/kudu-master.126213 --redact=none --unlock_experimental_flags=true --unlock_unsafe_flags=true --enable_minidumps=false --log_dir=/tmp/kudutest-4282/master_failover-itest.1.HmsConfigurations_MasterFailoverTest.TestMasterPermanentFailure_1.1551317010817988-115671/minicluster-data/master-0/logs --logbuflevel=-1 --logtostderr=true Master server version: kudu 1.9.0 revision non-git-build build type DEBUG built by adar at 27 Feb 2019 17:20:38 PST on ve0518.halxg.cloudera.com
I0227 17:25:42.994297 126213 master_main.cc:80] Initializing master server...
I0227 17:25:43.001021 126213 system_ntp.cc:199] NTP initialized. Skew: 500ppm Current error: 222275us
I0227 17:25:43.002825 126213 fs_manager.cc:263] Metadata directory not provided
I0227 17:25:43.002966 126213 fs_manager.cc:269] Using write-ahead log directory (fs_wal_dir) as metadata directory
I0227 17:25:43.009666 126213 fs_manager.cc:399] Time spent opening directory manager: real 0.005s user 0.004s sys 0.000s
I0227 17:25:43.010277 126213 env_posix.cc:1676] Not raising this process' open files per process limit of 32768; it is already as high as it can go
I0227 17:25:43.010869 126213 file_cache.cc:466] Constructed file cache lbm with capacity 13107
I0227 17:25:43.013892 126213 log_block_manager.cc:1950] Data dir /tmp/kudutest-4282/master_failover-itest.1.HmsConfigurations_MasterFailoverTest.TestMasterPermanentFailure_1.1551317010817988-115671/minicluster-data/master-0/data/data is on an ext4 filesystem vulnerable to KUDU-1508 with block size 4096
I0227 17:25:43.014125 126213 log_block_manager.cc:1960] Limiting containers on data directory /tmp/kudutest-4282/master_failover-itest.1.HmsConfigurations_MasterFailoverTest.TestMasterPermanentFailure_1.1551317010817988-115671/minicluster-data/master-0/data/data to 2721 blocks
I0227 17:25:43.016247 126213 fs_manager.cc:419] Time spent opening block manager: real 0.003s user 0.001s sys 0.001s
I0227 17:25:43.017165 126213 fs_manager.cc:436] Opened local filesystem: /tmp/kudutest-4282/master_failover-itest.1.HmsConfigurations_MasterFailoverTest.TestMasterPermanentFailure_1.1551317010817988-115671/minicluster-data/master-0/data,/tmp/kudutest-4282/master_failover-itest.1.HmsConfigurations_MasterFailoverTest.TestMasterPermanentFailure_1.1551317010817988-115671/minicluster-data/master-0/wal uuid: "c31e774156b64c02922906e3e2985c89" format_stamp: "Formatted at 2019-02-28 01:25:42 on ve0518.halxg.cloudera.com"
I0227 17:25:43.017356 126213 fs_report.cc:352] FS layout report -------------------- wal directory: /tmp/kudutest-4282/master_failover-itest.1.HmsConfigurations_MasterFailoverTest.TestMasterPermanentFailure_1.1551317010817988-115671/minicluster-data/master-0/wal metadata directory: /tmp/kudutest-4282/master_failover-itest.1.HmsConfigurations_MasterFailoverTest.TestMasterPermanentFailure_1.1551317010817988-115671/minicluster-data/master-0/wal 1 data directories: /tmp/kudutest-4282/master_failover-itest.1.HmsConfigurations_MasterFailoverTest.TestMasterPermanentFailure_1.1551317010817988-115671/minicluster-data/master-0/data/data Total live blocks: 0 Total live bytes: 0 Total live bytes (after alignment): 0 Total number of LBM containers: 0 (0 full) Did not check for missing blocks Did not check for orphaned blocks Total full LBM containers with extra space: 0 (0 repaired) Total full LBM container extra space in bytes: 0 (0 repaired) Total incomplete LBM containers: 0 (0 repaired) Total LBM partial records: 0 (0 repaired)
I0227 17:25:43.024052 123878 raft_consensus.cc:1181] T 00000000000000000000000000000000 P 6cd5de61888340e681a3e5cd19fad418 [term 3 FOLLOWER]: Refusing update from remote peer 2e3d7e621b864672aaa91ea2d0bbd1b9: Log matching property violated. Preceding OpId in replica: term: 1 index: 3. Preceding OpId from leader: term: 3 index: 4. (index mismatch)
I0227 17:25:43.024930 125893 consensus_queue.cc:984] T 00000000000000000000000000000000 P 2e3d7e621b864672aaa91ea2d0bbd1b9 [LEADER]: Connected to new peer: Peer: permanent_uuid: "6cd5de61888340e681a3e5cd19fad418" member_type: VOTER last_known_addr { host: "127.112.245.253" port: 50732 }, Status: LMP_MISMATCH, Last received: 0.0, Next index: 4, Last known committed idx: 3, Time since last communication: 0.000s
I0227 17:25:43.035689 126583 sys_catalog.cc:337] T 00000000000000000000000000000000 P 6cd5de61888340e681a3e5cd19fad418 [sys.catalog]: SysCatalogTable state changed. Reason: New leader 2e3d7e621b864672aaa91ea2d0bbd1b9. Latest consensus state: current_term: 3 leader_uuid: "2e3d7e621b864672aaa91ea2d0bbd1b9" committed_config { opid_index: -1 OBSOLETE_local: false peers { permanent_uuid: "c31e774156b64c02922906e3e2985c89" member_type: VOTER last_known_addr { host: "127.112.245.254" port: 35995 } } peers { permanent_uuid: "6cd5de61888340e681a3e5cd19fad418" member_type: VOTER last_known_addr { host: "127.112.245.253" port: 50732 } } peers { permanent_uuid: "2e3d7e621b864672aaa91ea2d0bbd1b9" member_type: VOTER last_known_addr { host: "127.112.245.252" port: 58453 } } }
I0227 17:25:43.035769 126583 sys_catalog.cc:340] T 00000000000000000000000000000000 P 6cd5de61888340e681a3e5cd19fad418 [sys.catalog]: This master's current role is: FOLLOWER
I0227 17:25:43.036870 125893 sys_catalog.cc:337] T 00000000000000000000000000000000 P 2e3d7e621b864672aaa91ea2d0bbd1b9 [sys.catalog]: SysCatalogTable state changed. Reason: Peer health change. Latest consensus state: current_term: 3 leader_uuid: "2e3d7e621b864672aaa91ea2d0bbd1b9" committed_config { opid_index: -1 OBSOLETE_local: false peers { permanent_uuid: "c31e774156b64c02922906e3e2985c89" member_type: VOTER last_known_addr { host: "127.112.245.254" port: 35995 } } peers { permanent_uuid: "6cd5de61888340e681a3e5cd19fad418" member_type: VOTER last_known_addr { host: "127.112.245.253" port: 50732 } } peers { permanent_uuid: "2e3d7e621b864672aaa91ea2d0bbd1b9" member_type: VOTER last_known_addr { host: "127.112.245.252" port: 58453 } } }
I0227 17:25:43.036909 125893 sys_catalog.cc:340] T 00000000000000000000000000000000 P 2e3d7e621b864672aaa91ea2d0bbd1b9 [sys.catalog]: This master's current role is: LEADER
I0227 17:25:43.037788 126583 sys_catalog.cc:337] T 00000000000000000000000000000000 P 6cd5de61888340e681a3e5cd19fad418 [sys.catalog]: SysCatalogTable state changed. Reason: Replicated consensus-only round. Latest consensus state: current_term: 3 leader_uuid: "2e3d7e621b864672aaa91ea2d0bbd1b9" committed_config { opid_index: -1 OBSOLETE_local: false peers { permanent_uuid: "c31e774156b64c02922906e3e2985c89" member_type: VOTER last_known_addr { host: "127.112.245.254" port: 35995 } } peers { permanent_uuid: "6cd5de61888340e681a3e5cd19fad418" member_type: VOTER last_known_addr { host: "127.112.245.253" port: 50732 } } peers { permanent_uuid: "2e3d7e621b864672aaa91ea2d0bbd1b9" member_type: VOTER last_known_addr { host: "127.112.245.252" port: 58453 } } }
I0227 17:25:43.037875 126583 sys_catalog.cc:340] T 00000000000000000000000000000000 P 6cd5de61888340e681a3e5cd19fad418 [sys.catalog]: This master's current role is: FOLLOWER
I0227 17:25:43.100538 126213 env_posix.cc:1671] Raising this process' running threads per effective uid limit from 32768 to 65536
I0227 17:25:43.101517 126213 master_main.cc:83] Starting Master server...
I0227 17:25:43.115762 126213 rpc_server.cc:205] RPC server started. Bound to: 127.112.245.254:35995
I0227 17:25:43.116266 126213 webserver.cc:175] Starting webserver on 127.112.245.254:0
I0227 17:25:43.116292 126213 webserver.cc:186] Document root disabled
I0227 17:25:43.116988 126213 webserver.cc:313] Webserver started. Bound to: http://127.112.245.254:46298/
I0227 17:25:43.117786 126213 server_base.cc:607] Dumped server information to /tmp/kudutest-4282/master_failover-itest.1.HmsConfigurations_MasterFailoverTest.TestMasterPermanentFailure_1.1551317010817988-115671/minicluster-data/master-0/data/info.pb
I0227 17:25:43.126440 115671 external_mini_cluster.cc:995] Started /data/1/adar/apache-kudu-1.9.0/build/debug/bin/kudu-master as pid 126213
I0227 17:25:43.130424 125068 heartbeater.cc:466] Master 127.112.245.252:58453 was elected leader, sending a full tablet report...
I0227 17:25:43.133992 126695 sys_catalog.cc:188] Verifying existing consensus state
I0227 17:25:43.135874 126695 tablet_bootstrap.cc:439] T 00000000000000000000000000000000 P c31e774156b64c02922906e3e2985c89: Bootstrap starting.
I0227 17:25:43.145750 126695 log.cc:525] T 00000000000000000000000000000000 P c31e774156b64c02922906e3e2985c89: Log is configured to *not* fsync() on all Append() calls
W0227 17:25:43.161227 125414 master_proxy_rpc.cc:192] Re-attempting CreateTable request to leader Master (127.112.245.254:35995)
I0227 17:25:43.161662 125070 heartbeater.cc:345] Connected to a master server at 127.112.245.254:35995
I0227 17:25:43.165743 126695 tablet_bootstrap.cc:439] T 00000000000000000000000000000000 P c31e774156b64c02922906e3e2985c89: Bootstrap replayed 1/1 log segments. Stats: ops{read=4 overwritten=0 applied=3 ignored=0} inserts{seen=2 ignored=0} mutations{seen=0 ignored=0} orphaned_commits=0. Pending: 1 replicates
I0227 17:25:43.166316 126695 tablet_bootstrap.cc:439] T 00000000000000000000000000000000 P c31e774156b64c02922906e3e2985c89: Bootstrap complete.
I0227 17:25:43.170697 126695 raft_consensus.cc:340] T 00000000000000000000000000000000 P c31e774156b64c02922906e3e2985c89 [term 3 FOLLOWER]: Replica starting. Triggering 1 pending transactions. Active config: opid_index: -1 OBSOLETE_local: false peers { permanent_uuid: "c31e774156b64c02922906e3e2985c89" member_type: VOTER last_known_addr { host: "127.112.245.254" port: 35995 } } peers { permanent_uuid: "6cd5de61888340e681a3e5cd19fad418" member_type: VOTER last_known_addr { host: "127.112.245.253" port: 50732 } } peers { permanent_uuid: "2e3d7e621b864672aaa91ea2d0bbd1b9" member_type: VOTER last_known_addr { host: "127.112.245.252" port: 58453 } }
I0227 17:25:43.180539 126695 raft_consensus.cc:705] T 00000000000000000000000000000000 P c31e774156b64c02922906e3e2985c89 [term 3 FOLLOWER]: Becoming Follower/Learner. State: Replica: c31e774156b64c02922906e3e2985c89, State: Initialized, Role: FOLLOWER
I0227 17:25:43.181152 126695 consensus_queue.cc:229] T 00000000000000000000000000000000 P c31e774156b64c02922906e3e2985c89 [NON_LEADER]: Queue going to NON_LEADER mode. State: All replicated index: 0, Majority replicated index: 0, Committed index: 3, Last appended: 3.4, Last appended by leader: 4, Current term: 0, Majority size: -1, State: 0, Mode: NON_LEADER, active raft config: opid_index: -1 OBSOLETE_local: false peers { permanent_uuid: "c31e774156b64c02922906e3e2985c89" member_type: VOTER last_known_addr { host: "127.112.245.254" port: 35995 } } peers { permanent_uuid: "6cd5de61888340e681a3e5cd19fad418" member_type: VOTER last_known_addr { host: "127.112.245.253" port: 50732 } } peers { permanent_uuid: "2e3d7e621b864672aaa91ea2d0bbd1b9" member_type: VOTER last_known_addr { host: "127.112.245.252" port: 58453 } }
I0227 17:25:43.181551 126695 sys_catalog.cc:337] T 00000000000000000000000000000000 P c31e774156b64c02922906e3e2985c89 [sys.catalog]: SysCatalogTable state changed. Reason: Started TabletReplica. Latest consensus state: current_term: 3 committed_config { opid_index: -1 OBSOLETE_local: false peers { permanent_uuid: "c31e774156b64c02922906e3e2985c89" member_type: VOTER last_known_addr { host: "127.112.245.254" port: 35995 } } peers { permanent_uuid: "6cd5de61888340e681a3e5cd19fad418" member_type: VOTER last_known_addr { host: "127.112.245.253" port: 50732 } } peers { permanent_uuid: "2e3d7e621b864672aaa91ea2d0bbd1b9" member_type: VOTER last_known_addr { host: "127.112.245.252" port: 58453 } } }
I0227 17:25:43.181643 126695 sys_catalog.cc:340] T 00000000000000000000000000000000 P c31e774156b64c02922906e3e2985c89 [sys.catalog]: This master's current role is: FOLLOWER
I0227 17:25:43.182540 126695 sys_catalog.cc:424] T 00000000000000000000000000000000 P c31e774156b64c02922906e3e2985c89 [sys.catalog]: configured and running, proceeding with master startup.
I0227 17:25:43.184279 126213 master_main.cc:86] Master server successfully started.
I0227 17:25:43.189400 126734 sys_catalog.cc:337] T 00000000000000000000000000000000 P c31e774156b64c02922906e3e2985c89 [sys.catalog]: SysCatalogTable state changed. Reason: RaftConsensus started. Latest consensus state: current_term: 3 committed_config { opid_index: -1 OBSOLETE_local: false peers { permanent_uuid: "c31e774156b64c02922906e3e2985c89" member_type: VOTER last_known_addr { host: "127.112.245.254" port: 35995 } } peers { permanent_uuid: "6cd5de61888340e681a3e5cd19fad418" member_type: VOTER last_known_addr { host: "127.112.245.253" port: 50732 } } peers { permanent_uuid: "2e3d7e621b864672aaa91ea2d0bbd1b9" member_type: VOTER last_known_addr { host: "127.112.245.252" port: 58453 } } }
I0227 17:25:43.189478 126734 sys_catalog.cc:340] T 00000000000000000000000000000000 P c31e774156b64c02922906e3e2985c89 [sys.catalog]: This master's current role is: FOLLOWER
I0227 17:25:43.210414 126738 hms_notification_log_listener.cc:226] Skipping Hive Metastore notification log poll: Illegal state: Not the leader. Local UUID: c31e774156b64c02922906e3e2985c89, Raft Consensus state: current_term: 3 committed_config { opid_index: -1 OBSOLETE_local: false peers { permanent_uuid: "c31e774156b64c02922906e3e2985c89" member_type: VOTER last_known_addr { host: "127.112.245.254" port: 35995 } } peers { permanent_uuid: "6cd5de61888340e681a3e5cd19fad418" member_type: VOTER last_known_addr { host: "127.112.245.253" port: 50732 } } peers { permanent_uuid: "2e3d7e621b864672aaa91ea2d0bbd1b9" member_type: VOTER last_known_addr { host: "127.112.245.252" port: 58453 } } }
I0227 17:25:43.218684 126739 catalog_manager.cc:1102] T 00000000000000000000000000000000 P c31e774156b64c02922906e3e2985c89: acquiring CA information for follower catalog manager: success
I0227 17:25:43.228389 126739 catalog_manager.cc:1130] T 00000000000000000000000000000000 P c31e774156b64c02922906e3e2985c89: importing token verification keys for follower catalog manager: success; most recent TSK sequence number 0
I0227 17:25:43.272792 126660 raft_consensus.cc:1126] T 00000000000000000000000000000000 P c31e774156b64c02922906e3e2985c89 [term 3 FOLLOWER]: Deduplicated request from leader. Original: 1.3->[3.4-3.4] Dedup: 3.4->[]
I0227 17:25:43.274179 126734 sys_catalog.cc:337] T 00000000000000000000000000000000 P c31e774156b64c02922906e3e2985c89 [sys.catalog]: SysCatalogTable state changed. Reason: New leader 2e3d7e621b864672aaa91ea2d0bbd1b9. Latest consensus state: current_term: 3 leader_uuid: "2e3d7e621b864672aaa91ea2d0bbd1b9" committed_config { opid_index: -1 OBSOLETE_local: false peers { permanent_uuid: "c31e774156b64c02922906e3e2985c89" member_type: VOTER last_known_addr { host: "127.112.245.254" port: 35995 } } peers { permanent_uuid: "6cd5de61888340e681a3e5cd19fad418" member_type: VOTER last_known_addr { host: "127.112.245.253" port: 50732 } } peers { permanent_uuid: "2e3d7e621b864672aaa91ea2d0bbd1b9" member_type: VOTER last_known_addr { host: "127.112.245.252" port: 58453 } } }
I0227 17:25:43.274209 126734 sys_catalog.cc:340] T 00000000000000000000000000000000 P c31e774156b64c02922906e3e2985c89 [sys.catalog]: This master's current role is: FOLLOWER
I0227 17:25:43.274328 126734 sys_catalog.cc:337] T 00000000000000000000000000000000 P c31e774156b64c02922906e3e2985c89 [sys.catalog]: SysCatalogTable state changed. Reason: Replicated consensus-only round. Latest consensus state: current_term: 3 leader_uuid: "2e3d7e621b864672aaa91ea2d0bbd1b9" committed_config { opid_index: -1 OBSOLETE_local: false peers { permanent_uuid: "c31e774156b64c02922906e3e2985c89" member_type: VOTER last_known_addr { host: "127.112.245.254" port: 35995 } } peers { permanent_uuid: "6cd5de61888340e681a3e5cd19fad418" member_type: VOTER last_known_addr { host: "127.112.245.253" port: 50732 } } peers { permanent_uuid: "2e3d7e621b864672aaa91ea2d0bbd1b9" member_type: VOTER last_known_addr { host: "127.112.245.252" port: 58453 } } }
I0227 17:25:43.274348 126734 sys_catalog.cc:340] T 00000000000000000000000000000000 P c31e774156b64c02922906e3e2985c89 [sys.catalog]: This master's current role is: FOLLOWER
I0227 17:25:43.378785 125382 heartbeater.cc:466] Master 127.112.245.252:58453 was elected leader, sending a full tablet report...
I0227 17:25:43.392731 124855 heartbeater.cc:466] Master 127.112.245.252:58453 was elected leader, sending a full tablet report...
I0227 17:25:43.412281 125384 heartbeater.cc:345] Connected to a master server at 127.112.245.254:35995
I0227 17:25:43.412376 125384 heartbeater.cc:466] Master 127.112.245.254:35995 was elected leader, sending a full tablet report...
I0227 17:25:43.413477 126651 master_service.cc:219] Got heartbeat from unknown tserver (permanent_uuid: "9a4f55686db84876a066f455f6a41180" instance_seqno: 1551317141855821) as {username='adar'} at 127.112.245.195:35483; Asking this server to re-register.
I0227 17:25:43.413944 125384 heartbeater.cc:425] Registering TS with master...
I0227 17:25:43.414829 126651 ts_manager.cc:98] Registered new tserver with Master: 9a4f55686db84876a066f455f6a41180 (127.112.245.195:45942)
I0227 17:25:43.430532 124857 heartbeater.cc:345] Connected to a master server at 127.112.245.254:35995
I0227 17:25:43.430634 124857 heartbeater.cc:466] Master 127.112.245.254:35995 was elected leader, sending a full tablet report...
I0227 17:25:43.431326 126651 master_service.cc:219] Got heartbeat from unknown tserver (permanent_uuid: "9f6459ebb80643b98e01844aa2fd6338" instance_seqno: 1551317141335050) as {username='adar'} at 127.112.245.193:36811; Asking this server to re-register.
I0227 17:25:43.431784 124857 heartbeater.cc:425] Registering TS with master...
I0227 17:25:43.432540 126651 ts_manager.cc:98] Registered new tserver with Master: 9f6459ebb80643b98e01844aa2fd6338 (127.112.245.193:55806)
I0227 17:25:43.537482 126583 raft_consensus.cc:472] T 00000000000000000000000000000000 P 6cd5de61888340e681a3e5cd19fad418 [term 3 FOLLOWER]: Starting pre-election (detected failure of leader 2e3d7e621b864672aaa91ea2d0bbd1b9)
I0227 17:25:43.537598 126583 raft_consensus.cc:494] T 00000000000000000000000000000000 P 6cd5de61888340e681a3e5cd19fad418 [term 3 FOLLOWER]: Starting pre-election with config: opid_index: -1 OBSOLETE_local: false peers { permanent_uuid: "c31e774156b64c02922906e3e2985c89" member_type: VOTER last_known_addr { host: "127.112.245.254" port: 35995 } } peers { permanent_uuid: "6cd5de61888340e681a3e5cd19fad418" member_type: VOTER last_known_addr { host: "127.112.245.253" port: 50732 } } peers { permanent_uuid: "2e3d7e621b864672aaa91ea2d0bbd1b9" member_type: VOTER last_known_addr { host: "127.112.245.252" port: 58453 } }
I0227 17:25:43.538072 126583 leader_election.cc:292] T 00000000000000000000000000000000 P 6cd5de61888340e681a3e5cd19fad418 [CANDIDATE]: Term 4 pre-election: Requested pre-vote from peers c31e774156b64c02922906e3e2985c89 (127.112.245.254:35995), 2e3d7e621b864672aaa91ea2d0bbd1b9 (127.112.245.252:58453)
I0227 17:25:43.540500 124217 tablet_service.cc:1010] Received RequestConsensusVote() RPC: tablet_id: "00000000000000000000000000000000" candidate_uuid: "6cd5de61888340e681a3e5cd19fad418" candidate_term: 4 candidate_status { last_received { term: 3 index: 4 } } ignore_live_leader: false dest_uuid: "2e3d7e621b864672aaa91ea2d0bbd1b9" is_pre_election: true
I0227 17:25:43.540587 124217 raft_consensus.cc:2307] T 00000000000000000000000000000000 P 2e3d7e621b864672aaa91ea2d0bbd1b9 [term 3 LEADER]: Leader pre-election vote request: Denying vote to candidate 6cd5de61888340e681a3e5cd19fad418 for term 4 because replica is either leader or believes a valid leader to be alive.
I0227 17:25:43.556704 126660 tablet_service.cc:1010] Received RequestConsensusVote() RPC: tablet_id: "00000000000000000000000000000000" candidate_uuid: "6cd5de61888340e681a3e5cd19fad418" candidate_term: 4 candidate_status { last_received { term: 3 index: 4 } } ignore_live_leader: false dest_uuid: "c31e774156b64c02922906e3e2985c89" is_pre_election: true
I0227 17:25:43.556872 126660 raft_consensus.cc:2307] T 00000000000000000000000000000000 P c31e774156b64c02922906e3e2985c89 [term 3 FOLLOWER]: Leader pre-election vote request: Denying vote to candidate 6cd5de61888340e681a3e5cd19fad418 for term 4 because replica is either leader or believes a valid leader to be alive.
I0227 17:25:43.557369 123721 leader_election.cc:306] T 00000000000000000000000000000000 P 6cd5de61888340e681a3e5cd19fad418 [CANDIDATE]: Term 4 pre-election: Election decided. Result: candidate lost. Election summary: received 3 responses out of 3 voters: 1 yes votes; 2 no votes. yes voters: 6cd5de61888340e681a3e5cd19fad418; no voters: 2e3d7e621b864672aaa91ea2d0bbd1b9, c31e774156b64c02922906e3e2985c89
I0227 17:25:43.557567 126583 raft_consensus.cc:2588] T 00000000000000000000000000000000 P 6cd5de61888340e681a3e5cd19fad418 [term 3 FOLLOWER]: Leader pre-election lost for term 4. Reason: could not achieve majority
I0227 17:25:43.632326 124199 catalog_manager.cc:1386] Servicing CreateTable request from {username='adar'} at 127.112.245.252:49654: name: "default.table_0" schema { columns { name: "key" type: INT32 is_key: true is_nullable: false encoding: AUTO_ENCODING compression: DEFAULT_COMPRESSION cfile_block_size: 0 } columns { name: "int_val" type: INT32 is_key: false is_nullable: false encoding: AUTO_ENCODING compression: DEFAULT_COMPRESSION cfile_block_size: 0 } columns { name: "string_val" type: STRING is_key: false is_nullable: false encoding: AUTO_ENCODING compression: DEFAULT_COMPRESSION cfile_block_size: 0 } } split_rows_range_bounds { } partition_schema { range_schema { columns { name: "key" } } }
W0227 17:25:43.633510 124199 catalog_manager.cc:1537] The number of live tablet servers is not enough to re-replicate a tablet replica of the newly created table default.table_0 in case of a server failure: 4 tablet servers would be needed, 3 are available. Consider bringing up more tablet servers.
I0227 17:25:43.664131 125070 heartbeater.cc:345] Connected to a master server at 127.112.245.254:35995
I0227 17:25:43.664871 126651 master_service.cc:219] Got heartbeat from unknown tserver (permanent_uuid: "39144add463f4fe89dc1ea42c778d8cf" instance_seqno: 1551317141580643) as {username='adar'} at 127.112.245.194:54775; Asking this server to re-register.
I0227 17:25:43.665346 125070 heartbeater.cc:425] Registering TS with master...
I0227 17:25:43.666088 126651 ts_manager.cc:98] Registered new tserver with Master: 39144add463f4fe89dc1ea42c778d8cf (127.112.245.194:55958)
I0227 17:25:43.774103 126827 raft_consensus.cc:472] T 00000000000000000000000000000000 P c31e774156b64c02922906e3e2985c89 [term 3 FOLLOWER]: Starting pre-election (detected failure of leader 2e3d7e621b864672aaa91ea2d0bbd1b9)
