I0227 17:27:08.551648 54515 consensus_queue.cc:229] T 0ffbcc0cc3e246d58b8c632013df602e P 39144add463f4fe89dc1ea42c778d8cf [NON_LEADER]: Queue going to NON_LEADER mode. State: All replicated index: 0, Majority replicated index: 0, Committed index: 0, Last appended: 0.0, Last appended by leader: 0, Current term: 0, Majority size: -1, State: 0, Mode: NON_LEADER, active raft config: opid_index: -1 OBSOLETE_local: false peers { permanent_uuid: "9a4f55686db84876a066f455f6a41180" member_type: VOTER last_known_addr { host: "127.112.245.195" port: 45942 } } peers { permanent_uuid: "9f6459ebb80643b98e01844aa2fd6338" member_type: VOTER last_known_addr { host: "127.112.245.193" port: 55806 } } peers { permanent_uuid: "39144add463f4fe89dc1ea42c778d8cf" member_type: VOTER last_known_addr { host: "127.112.245.194" port: 55958 } }
I0227 17:27:08.551897 54515 ts_tablet_manager.cc:1075] T 0ffbcc0cc3e246d58b8c632013df602e P 39144add463f4fe89dc1ea42c778d8cf: Time spent starting tablet: real 0.001s user 0.001s sys 0.000s
I0227 17:27:08.552266 54513 raft_consensus.cc:340] T 0ffbcc0cc3e246d58b8c632013df602e P 9f6459ebb80643b98e01844aa2fd6338 [term 0 FOLLOWER]: Replica starting. Triggering 0 pending transactions. Active config: opid_index: -1 OBSOLETE_local: false peers { permanent_uuid: "9a4f55686db84876a066f455f6a41180" member_type: VOTER last_known_addr { host: "127.112.245.195" port: 45942 } } peers { permanent_uuid: "9f6459ebb80643b98e01844aa2fd6338" member_type: VOTER last_known_addr { host: "127.112.245.193" port: 55806 } } peers { permanent_uuid: "39144add463f4fe89dc1ea42c778d8cf" member_type: VOTER last_known_addr { host: "127.112.245.194" port: 55958 } }
I0227 17:27:08.552326 54513 raft_consensus.cc:366] T 0ffbcc0cc3e246d58b8c632013df602e P 9f6459ebb80643b98e01844aa2fd6338 [term 0 FOLLOWER]: Consensus starting up: Expiring failure detector timer to make a prompt election more likely
I0227 17:27:08.552367 54513 raft_consensus.cc:705] T 0ffbcc0cc3e246d58b8c632013df602e P 9f6459ebb80643b98e01844aa2fd6338 [term 0 FOLLOWER]: Becoming Follower/Learner. State: Replica: 9f6459ebb80643b98e01844aa2fd6338, State: Initialized, Role: FOLLOWER
I0227 17:27:08.552630 54513 consensus_queue.cc:229] T 0ffbcc0cc3e246d58b8c632013df602e P 9f6459ebb80643b98e01844aa2fd6338 [NON_LEADER]: Queue going to NON_LEADER mode. State: All replicated index: 0, Majority replicated index: 0, Committed index: 0, Last appended: 0.0, Last appended by leader: 0, Current term: 0, Majority size: -1, State: 0, Mode: NON_LEADER, active raft config: opid_index: -1 OBSOLETE_local: false peers { permanent_uuid: "9a4f55686db84876a066f455f6a41180" member_type: VOTER last_known_addr { host: "127.112.245.195" port: 45942 } } peers { permanent_uuid: "9f6459ebb80643b98e01844aa2fd6338" member_type: VOTER last_known_addr { host: "127.112.245.193" port: 55806 } } peers { permanent_uuid: "39144add463f4fe89dc1ea42c778d8cf" member_type: VOTER last_known_addr { host: "127.112.245.194" port: 55958 } }
I0227 17:27:08.553069 54513 ts_tablet_manager.cc:1075] T 0ffbcc0cc3e246d58b8c632013df602e P 9f6459ebb80643b98e01844aa2fd6338: Time spent starting tablet: real 0.002s user 0.002s sys 0.000s
I0227 17:27:08.799774 50450 raft_consensus.cc:472] T 0ffbcc0cc3e246d58b8c632013df602e P 39144add463f4fe89dc1ea42c778d8cf [term 0 FOLLOWER]: Starting pre-election (no leader contacted us within the election timeout)
I0227 17:27:08.799908 50450 raft_consensus.cc:494] T 0ffbcc0cc3e246d58b8c632013df602e P 39144add463f4fe89dc1ea42c778d8cf [term 0 FOLLOWER]: Starting pre-election with config: opid_index: -1 OBSOLETE_local: false peers { permanent_uuid: "9a4f55686db84876a066f455f6a41180" member_type: VOTER last_known_addr { host: "127.112.245.195" port: 45942 } } peers { permanent_uuid: "9f6459ebb80643b98e01844aa2fd6338" member_type: VOTER last_known_addr { host: "127.112.245.193" port: 55806 } } peers { permanent_uuid: "39144add463f4fe89dc1ea42c778d8cf" member_type: VOTER last_known_addr { host: "127.112.245.194" port: 55958 } }
I0227 17:27:08.800462 50450 leader_election.cc:292] T 0ffbcc0cc3e246d58b8c632013df602e P 39144add463f4fe89dc1ea42c778d8cf [CANDIDATE]: Term 1 pre-election: Requested pre-vote from peers 9a4f55686db84876a066f455f6a41180 (127.112.245.195:45942), 9f6459ebb80643b98e01844aa2fd6338 (127.112.245.193:55806)
I0227 17:27:08.800987 124804 tablet_service.cc:1010] Received RequestConsensusVote() RPC: tablet_id: "0ffbcc0cc3e246d58b8c632013df602e" candidate_uuid: "39144add463f4fe89dc1ea42c778d8cf" candidate_term: 1 candidate_status { last_received { term: 0 index: 0 } } ignore_live_leader: false dest_uuid: "9f6459ebb80643b98e01844aa2fd6338" is_pre_election: true
I0227 17:27:08.801087 124804 raft_consensus.cc:2346] T 0ffbcc0cc3e246d58b8c632013df602e P 9f6459ebb80643b98e01844aa2fd6338 [term 0 FOLLOWER]: Leader pre-election vote request: Granting yes vote for candidate 39144add463f4fe89dc1ea42c778d8cf in term 0.
I0227 17:27:08.801173 125337 tablet_service.cc:1010] Received RequestConsensusVote() RPC: tablet_id: "0ffbcc0cc3e246d58b8c632013df602e" candidate_uuid: "39144add463f4fe89dc1ea42c778d8cf" candidate_term: 1 candidate_status { last_received { term: 0 index: 0 } } ignore_live_leader: false dest_uuid: "9a4f55686db84876a066f455f6a41180" is_pre_election: true
I0227 17:27:08.801256 125337 raft_consensus.cc:2346] T 0ffbcc0cc3e246d58b8c632013df602e P 9a4f55686db84876a066f455f6a41180 [term 0 FOLLOWER]: Leader pre-election vote request: Granting yes vote for candidate 39144add463f4fe89dc1ea42c778d8cf in term 0.
I0227 17:27:08.801551 124930 leader_election.cc:306] T 0ffbcc0cc3e246d58b8c632013df602e P 39144add463f4fe89dc1ea42c778d8cf [CANDIDATE]: Term 1 pre-election: Election decided. Result: candidate won. Election summary: received 2 responses out of 3 voters: 2 yes votes; 0 no votes. yes voters: 39144add463f4fe89dc1ea42c778d8cf, 9f6459ebb80643b98e01844aa2fd6338; no voters:
I0227 17:27:08.802018 50450 raft_consensus.cc:2640] T 0ffbcc0cc3e246d58b8c632013df602e P 39144add463f4fe89dc1ea42c778d8cf [term 0 FOLLOWER]: Leader pre-election won for term 1
I0227 17:27:08.802043 50450 raft_consensus.cc:472] T 0ffbcc0cc3e246d58b8c632013df602e P 39144add463f4fe89dc1ea42c778d8cf [term 0 FOLLOWER]: Starting leader election (no leader contacted us within the election timeout)
I0227 17:27:08.802062 50450 raft_consensus.cc:2886] T 0ffbcc0cc3e246d58b8c632013df602e P 39144add463f4fe89dc1ea42c778d8cf [term 0 FOLLOWER]: Advancing to term 1
I0227 17:27:08.803226 50450 raft_consensus.cc:494] T 0ffbcc0cc3e246d58b8c632013df602e P 39144add463f4fe89dc1ea42c778d8cf [term 1 FOLLOWER]: Starting leader election with config: opid_index: -1 OBSOLETE_local: false peers { permanent_uuid: "9a4f55686db84876a066f455f6a41180" member_type: VOTER last_known_addr { host: "127.112.245.195" port: 45942 } } peers { permanent_uuid: "9f6459ebb80643b98e01844aa2fd6338" member_type: VOTER last_known_addr { host: "127.112.245.193" port: 55806 } } peers { permanent_uuid: "39144add463f4fe89dc1ea42c778d8cf" member_type: VOTER last_known_addr { host: "127.112.245.194" port: 55958 } }
I0227 17:27:08.803583 50450 leader_election.cc:292] T 0ffbcc0cc3e246d58b8c632013df602e P 39144add463f4fe89dc1ea42c778d8cf [CANDIDATE]: Term 1 election: Requested vote from peers 9a4f55686db84876a066f455f6a41180 (127.112.245.195:45942), 9f6459ebb80643b98e01844aa2fd6338 (127.112.245.193:55806)
I0227 17:27:08.804147 125337 tablet_service.cc:1010] Received RequestConsensusVote() RPC: tablet_id: "0ffbcc0cc3e246d58b8c632013df602e" candidate_uuid: "39144add463f4fe89dc1ea42c778d8cf" candidate_term: 1 candidate_status { last_received { term: 0 index: 0 } } ignore_live_leader: false dest_uuid: "9a4f55686db84876a066f455f6a41180"
I0227 17:27:08.804198 125337 raft_consensus.cc:2886] T 0ffbcc0cc3e246d58b8c632013df602e P 9a4f55686db84876a066f455f6a41180 [term 0 FOLLOWER]: Advancing to term 1
I0227 17:27:08.804234 124804 tablet_service.cc:1010] Received RequestConsensusVote() RPC: tablet_id: "0ffbcc0cc3e246d58b8c632013df602e" candidate_uuid: "39144add463f4fe89dc1ea42c778d8cf" candidate_term: 1 candidate_status { last_received { term: 0 index: 0 } } ignore_live_leader: false dest_uuid: "9f6459ebb80643b98e01844aa2fd6338"
I0227 17:27:08.804280 124804 raft_consensus.cc:2886] T 0ffbcc0cc3e246d58b8c632013df602e P 9f6459ebb80643b98e01844aa2fd6338 [term 0 FOLLOWER]: Advancing to term 1
I0227 17:27:08.805291 124804 raft_consensus.cc:2346] T 0ffbcc0cc3e246d58b8c632013df602e P 9f6459ebb80643b98e01844aa2fd6338 [term 1 FOLLOWER]: Leader election vote request: Granting yes vote for candidate 39144add463f4fe89dc1ea42c778d8cf in term 1.
I0227 17:27:08.805303 125337 raft_consensus.cc:2346] T 0ffbcc0cc3e246d58b8c632013df602e P 9a4f55686db84876a066f455f6a41180 [term 1 FOLLOWER]: Leader election vote request: Granting yes vote for candidate 39144add463f4fe89dc1ea42c778d8cf in term 1.
I0227 17:27:08.805902 124930 leader_election.cc:306] T 0ffbcc0cc3e246d58b8c632013df602e P 39144add463f4fe89dc1ea42c778d8cf [CANDIDATE]: Term 1 election: Election decided. Result: candidate won. Election summary: received 2 responses out of 3 voters: 2 yes votes; 0 no votes. yes voters: 39144add463f4fe89dc1ea42c778d8cf, 9f6459ebb80643b98e01844aa2fd6338; no voters:
I0227 17:27:08.806274 50450 raft_consensus.cc:2640] T 0ffbcc0cc3e246d58b8c632013df602e P 39144add463f4fe89dc1ea42c778d8cf [term 1 FOLLOWER]: Leader election won for term 1
I0227 17:27:08.806473 50450 raft_consensus.cc:667] T 0ffbcc0cc3e246d58b8c632013df602e P 39144add463f4fe89dc1ea42c778d8cf [term 1 LEADER]: Becoming Leader. State: Replica: 39144add463f4fe89dc1ea42c778d8cf, State: Running, Role: LEADER
I0227 17:27:08.806718 50450 consensus_queue.cc:206] T 0ffbcc0cc3e246d58b8c632013df602e P 39144add463f4fe89dc1ea42c778d8cf [LEADER]: Queue going to LEADER mode. State: All replicated index: 0, Majority replicated index: 0, Committed index: 0, Last appended: 0.0, Last appended by leader: 0, Current term: 1, Majority size: 2, State: 0, Mode: LEADER, active raft config: opid_index: -1 OBSOLETE_local: false peers { permanent_uuid: "9a4f55686db84876a066f455f6a41180" member_type: VOTER last_known_addr { host: "127.112.245.195" port: 45942 } } peers { permanent_uuid: "9f6459ebb80643b98e01844aa2fd6338" member_type: VOTER last_known_addr { host: "127.112.245.193" port: 55806 } } peers { permanent_uuid: "39144add463f4fe89dc1ea42c778d8cf" member_type: VOTER last_known_addr { host: "127.112.245.194" port: 55958 } }
I0227 17:27:08.809011 126652 catalog_manager.cc:3791] T 0ffbcc0cc3e246d58b8c632013df602e P 39144add463f4fe89dc1ea42c778d8cf reported cstate change: term changed from 0 to 1, leader changed from to 39144add463f4fe89dc1ea42c778d8cf (127.112.245.194). New cstate: current_term: 1 leader_uuid: "39144add463f4fe89dc1ea42c778d8cf" committed_config { opid_index: -1 OBSOLETE_local: false peers { permanent_uuid: "9a4f55686db84876a066f455f6a41180" member_type: VOTER last_known_addr { host: "127.112.245.195" port: 45942 } health_report { overall_health: UNKNOWN } } peers { permanent_uuid: "9f6459ebb80643b98e01844aa2fd6338" member_type: VOTER last_known_addr { host: "127.112.245.193" port: 55806 } health_report { overall_health: UNKNOWN } } peers { permanent_uuid: "39144add463f4fe89dc1ea42c778d8cf" member_type: VOTER last_known_addr { host: "127.112.245.194" port: 55958 } health_report { overall_health: HEALTHY } } }
W0227 17:27:08.828734 124966 tablet_service.cc:1915] Rejecting scan request for tablet 0ffbcc0cc3e246d58b8c632013df602e: Uninitialized: safe time has not yet been initialized
W0227 17:27:09.030496 124966 tablet_service.cc:1915] Rejecting scan request for tablet 0ffbcc0cc3e246d58b8c632013df602e: Uninitialized: safe time has not yet been initialized
I0227 17:27:09.278029 124804 raft_consensus.cc:1181] T 0ffbcc0cc3e246d58b8c632013df602e P 9f6459ebb80643b98e01844aa2fd6338 [term 1 FOLLOWER]: Refusing update from remote peer 39144add463f4fe89dc1ea42c778d8cf: Log matching property violated. Preceding OpId in replica: term: 0 index: 0. Preceding OpId from leader: term: 1 index: 1. (index mismatch)
I0227 17:27:09.278965 50450 consensus_queue.cc:984] T 0ffbcc0cc3e246d58b8c632013df602e P 39144add463f4fe89dc1ea42c778d8cf [LEADER]: Connected to new peer: Peer: permanent_uuid: "9f6459ebb80643b98e01844aa2fd6338" member_type: VOTER last_known_addr { host: "127.112.245.193" port: 55806 }, Status: LMP_MISMATCH, Last received: 0.0, Next index: 1, Last known committed idx: 0, Time since last communication: 0.000s
I0227 17:27:09.285691 125337 raft_consensus.cc:1181] T 0ffbcc0cc3e246d58b8c632013df602e P 9a4f55686db84876a066f455f6a41180 [term 1 FOLLOWER]: Refusing update from remote peer 39144add463f4fe89dc1ea42c778d8cf: Log matching property violated. Preceding OpId in replica: term: 0 index: 0. Preceding OpId from leader: term: 1 index: 1. (index mismatch)
I0227 17:27:09.286394 55560 consensus_queue.cc:984] T 0ffbcc0cc3e246d58b8c632013df602e P 39144add463f4fe89dc1ea42c778d8cf [LEADER]: Connected to new peer: Peer: permanent_uuid: "9a4f55686db84876a066f455f6a41180" member_type: VOTER last_known_addr { host: "127.112.245.195" port: 45942 }, Status: LMP_MISMATCH, Last received: 0.0, Next index: 1, Last known committed idx: 0, Time since last communication: 0.000s
I0227 17:27:09.435935 115671 external_mini_cluster.cc:1131] Killing /data/1/adar/apache-kudu-1.9.0/build/debug/bin/kudu-tserver with pid 124249
I0227 17:27:09.436019 13605 tablet_service.cc:1010] Received RequestConsensusVote() RPC: tablet_id: "00000000000000000000000000000000" candidate_uuid: "6cd5de61888340e681a3e5cd19fad418" candidate_term: 11 candidate_status { last_received { term: 10 index: 54 } } ignore_live_leader: false dest_uuid: "2e3d7e621b864672aaa91ea2d0bbd1b9" is_pre_election: true
I0227 17:27:09.436120 13605 raft_consensus.cc:2307] T 00000000000000000000000000000000 P 2e3d7e621b864672aaa91ea2d0bbd1b9 [term 9 LEADER]: Leader pre-election vote request: Denying vote to candidate 6cd5de61888340e681a3e5cd19fad418 for term 11 because replica is either leader or believes a valid leader to be alive.
I0227 17:27:09.436189 13612 tablet_service.cc:1010] Received RequestConsensusVote() RPC: tablet_id: "00000000000000000000000000000000" candidate_uuid: "6cd5de61888340e681a3e5cd19fad418" candidate_term: 11 candidate_status { last_received { term: 10 index: 54 } } ignore_live_leader: false dest_uuid: "2e3d7e621b864672aaa91ea2d0bbd1b9" is_pre_election: true
I0227 17:27:09.436255 13612 raft_consensus.cc:2307] T 00000000000000000000000000000000 P 2e3d7e621b864672aaa91ea2d0bbd1b9 [term 9 LEADER]: Leader pre-election vote request: Denying vote to candidate 6cd5de61888340e681a3e5cd19fad418 for term 11 because replica is either leader or believes a valid leader to be alive.
I0227 17:27:09.436352 13609 tablet_service.cc:1010] Received RequestConsensusVote() RPC: tablet_id: "00000000000000000000000000000000" candidate_uuid: "6cd5de61888340e681a3e5cd19fad418" candidate_term: 11 candidate_status { last_received { term: 10 index: 54 } } ignore_live_leader: false dest_uuid: "2e3d7e621b864672aaa91ea2d0bbd1b9" is_pre_election: true
I0227 17:27:09.436396 13609 raft_consensus.cc:2307] T 00000000000000000000000000000000 P 2e3d7e621b864672aaa91ea2d0bbd1b9 [term 9 LEADER]: Leader pre-election vote request: Denying vote to candidate 6cd5de61888340e681a3e5cd19fad418 for term 11 because replica is either leader or believes a valid leader to be alive.
I0227 17:27:09.436664 13609 tablet_service.cc:1010] Received RequestConsensusVote() RPC: tablet_id: "00000000000000000000000000000000" candidate_uuid: "6cd5de61888340e681a3e5cd19fad418" candidate_term: 11 candidate_status { last_received { term: 10 index: 55 } } ignore_live_leader: false dest_uuid: "2e3d7e621b864672aaa91ea2d0bbd1b9" is_pre_election: true
I0227 17:27:09.436702 13609 raft_consensus.cc:2307] T 00000000000000000000000000000000 P 2e3d7e621b864672aaa91ea2d0bbd1b9 [term 9 LEADER]: Leader pre-election vote request: Denying vote to candidate 6cd5de61888340e681a3e5cd19fad418 for term 11 because replica is either leader or believes a valid leader to be alive.
I0227 17:27:09.436831 13608 tablet_service.cc:1010] Received RequestConsensusVote() RPC: tablet_id: "00000000000000000000000000000000" candidate_uuid: "c31e774156b64c02922906e3e2985c89" candidate_term: 10 candidate_status { last_received { term: 9 index: 53 } } ignore_live_leader: false dest_uuid: "2e3d7e621b864672aaa91ea2d0bbd1b9" is_pre_election: true
I0227 17:27:09.436877 13608 raft_consensus.cc:2307] T 00000000000000000000000000000000 P 2e3d7e621b864672aaa91ea2d0bbd1b9 [term 9 LEADER]: Leader pre-election vote request: Denying vote to candidate c31e774156b64c02922906e3e2985c89 for term 10 because replica is either leader or believes a valid leader to be alive.
I0227 17:27:09.436944 13609 tablet_service.cc:1010] Received RequestConsensusVote() RPC: tablet_id: "00000000000000000000000000000000" candidate_uuid: "6cd5de61888340e681a3e5cd19fad418" candidate_term: 11 candidate_status { last_received { term: 10 index: 55 } } ignore_live_leader: false dest_uuid: "2e3d7e621b864672aaa91ea2d0bbd1b9" is_pre_election: true
I0227 17:27:09.436985 13609 raft_consensus.cc:2307] T 00000000000000000000000000000000 P 2e3d7e621b864672aaa91ea2d0bbd1b9 [term 9 LEADER]: Leader pre-election vote request: Denying vote to candidate 6cd5de61888340e681a3e5cd19fad418 for term 11 because replica is either leader or believes a valid leader to be alive.
I0227 17:27:09.437113 13612 tablet_service.cc:1010] Received RequestConsensusVote() RPC: tablet_id: "00000000000000000000000000000000" candidate_uuid: "6cd5de61888340e681a3e5cd19fad418" candidate_term: 11 candidate_status { last_received { term: 10 index: 54 } } ignore_live_leader: false dest_uuid: "2e3d7e621b864672aaa91ea2d0bbd1b9" is_pre_election: true
I0227 17:27:09.437156 13612 raft_consensus.cc:2307] T 00000000000000000000000000000000 P 2e3d7e621b864672aaa91ea2d0bbd1b9 [term 9 LEADER]: Leader pre-election vote request: Denying vote to candidate 6cd5de61888340e681a3e5cd19fad418 for term 11 because replica is either leader or believes a valid leader to be alive.
I0227 17:27:09.437156 13609 tablet_service.cc:1010] Received RequestConsensusVote() RPC: tablet_id: "00000000000000000000000000000000" candidate_uuid: "6cd5de61888340e681a3e5cd19fad418" candidate_term: 11 candidate_status { last_received { term: 10 index: 55 } } ignore_live_leader: false dest_uuid: "2e3d7e621b864672aaa91ea2d0bbd1b9" is_pre_election: true
I0227 17:27:09.437218 13609 raft_consensus.cc:2307] T 00000000000000000000000000000000 P 2e3d7e621b864672aaa91ea2d0bbd1b9 [term 9 LEADER]: Leader pre-election vote request: Denying vote to candidate 6cd5de61888340e681a3e5cd19fad418 for term 11 because replica is either leader or believes a valid leader to be alive.
I0227 17:27:09.437355 13612 tablet_service.cc:1010] Received RequestConsensusVote() RPC: tablet_id: "00000000000000000000000000000000" candidate_uuid: "6cd5de61888340e681a3e5cd19fad418" candidate_term: 11 candidate_status { last_received { term: 10 index: 55 } } ignore_live_leader: false dest_uuid: "2e3d7e621b864672aaa91ea2d0bbd1b9" is_pre_election: true
I0227 17:27:09.437402 13612 raft_consensus.cc:2307] T 00000000000000000000000000000000 P 2e3d7e621b864672aaa91ea2d0bbd1b9 [term 9 LEADER]: Leader pre-election vote request: Denying vote to candidate 6cd5de61888340e681a3e5cd19fad418 for term 11 because replica is either leader or believes a valid leader to be alive.
I0227 17:27:09.437495 13606 tablet_service.cc:1010] Received RequestConsensusVote() RPC: tablet_id: "00000000000000000000000000000000" candidate_uuid: "c31e774156b64c02922906e3e2985c89" candidate_term: 10 candidate_status { last_received { term: 9 index: 53 } } ignore_live_leader: false dest_uuid: "2e3d7e621b864672aaa91ea2d0bbd1b9"
I0227 17:27:09.437513 13605 raft_consensus.cc:2881] T 00000000000000000000000000000000 P 2e3d7e621b864672aaa91ea2d0bbd1b9 [term 9 LEADER]: Stepping down as leader of term 9
I0227 17:27:09.437535 13605 raft_consensus.cc:705] T 00000000000000000000000000000000 P 2e3d7e621b864672aaa91ea2d0bbd1b9 [term 9 LEADER]: Becoming Follower/Learner. State: Replica: 2e3d7e621b864672aaa91ea2d0bbd1b9, State: Running, Role: LEADER
I0227 17:27:09.437722 13605 consensus_queue.cc:229] T 00000000000000000000000000000000 P 2e3d7e621b864672aaa91ea2d0bbd1b9 [NON_LEADER]: Queue going to NON_LEADER mode. State: All replicated index: 0, Majority replicated index: 53, Committed index: 53, Last appended: 9.53, Last appended by leader: 53, Current term: 9, Majority size: -1, State: 0, Mode: NON_LEADER, active raft config: opid_index: -1 OBSOLETE_local: false peers { permanent_uuid: "c31e774156b64c02922906e3e2985c89" member_type: VOTER last_known_addr { host: "127.112.245.254" port: 35995 } } peers { permanent_uuid: "6cd5de61888340e681a3e5cd19fad418" member_type: VOTER last_known_addr { host: "127.112.245.253" port: 50732 } } peers { permanent_uuid: "2e3d7e621b864672aaa91ea2d0bbd1b9" member_type: VOTER last_known_addr { host: "127.112.245.252" port: 58453 } }
I0227 17:27:09.437762 13605 consensus_peers.cc:482] T 00000000000000000000000000000000 P 2e3d7e621b864672aaa91ea2d0bbd1b9 -> Peer 6cd5de61888340e681a3e5cd19fad418 (127.112.245.253:50732): Closing peer: 6cd5de61888340e681a3e5cd19fad418
I0227 17:27:09.437873 13605 consensus_peers.cc:482] T 00000000000000000000000000000000 P 2e3d7e621b864672aaa91ea2d0bbd1b9 -> Peer c31e774156b64c02922906e3e2985c89 (127.112.245.254:35995): Closing peer: c31e774156b64c02922906e3e2985c89
W0227 17:27:09.437974 55954 consensus_queue.cc:1099] T 00000000000000000000000000000000 P 2e3d7e621b864672aaa91ea2d0bbd1b9 [NON_LEADER]: Queue is closed or peer was untracked, disregarding peer response. Response: responder_uuid: "6cd5de61888340e681a3e5cd19fad418" responder_term: 9 status { last_received { term: 8 index: 48 } last_committed_idx: 48 error { code: PRECEDING_ENTRY_DIDNT_MATCH status { code: ILLEGAL_STATE message: "Log matching property violated. Preceding OpId in replica: term: 8 index: 48. Preceding OpId from leader: term: 9 index: 49. (index mismatch)" } } last_received_current_leader { term: 0 index: 0 } }
I0227 17:27:09.437992 13605 raft_consensus.cc:2886] T 00000000000000000000000000000000 P 2e3d7e621b864672aaa91ea2d0bbd1b9 [term 9 FOLLOWER]: Advancing to term 10
I0227 17:27:09.438740 125068 heartbeater.cc:345] Connected to a master server at 127.112.245.252:58453
I0227 17:27:09.439038 13605 raft_consensus.cc:1181] T 00000000000000000000000000000000 P 2e3d7e621b864672aaa91ea2d0bbd1b9 [term 10 FOLLOWER]: Refusing update from remote peer c31e774156b64c02922906e3e2985c89: Log matching property violated. Preceding OpId in replica: term: 9 index: 53. Preceding OpId from leader: term: 10 index: 54. (index mismatch)
I0227 17:27:09.439105 13606 raft_consensus.cc:2321] T 00000000000000000000000000000000 P 2e3d7e621b864672aaa91ea2d0bbd1b9 [term 10 FOLLOWER]: Leader election vote request: Denying vote to candidate c31e774156b64c02922906e3e2985c89 for term 10 because replica is already servicing an update from a current leader or another vote.
I0227 17:27:09.439311 125382 heartbeater.cc:345] Connected to a master server at 127.112.245.252:58453
I0227 17:27:09.439558 53536 consensus_queue.cc:984] T 00000000000000000000000000000000 P c31e774156b64c02922906e3e2985c89 [LEADER]: Connected to new peer: Peer: permanent_uuid: "2e3d7e621b864672aaa91ea2d0bbd1b9" member_type: VOTER last_known_addr { host: "127.112.245.252" port: 58453 }, Status: LMP_MISMATCH, Last received: 0.0, Next index: 54, Last known committed idx: 53, Time since last communication: 0.000s
I0227 17:27:09.446537 55954 sys_catalog.cc:337] T 00000000000000000000000000000000 P 2e3d7e621b864672aaa91ea2d0bbd1b9 [sys.catalog]: SysCatalogTable state changed. Reason: Replicated consensus-only round. Latest consensus state: current_term: 10 leader_uuid: "c31e774156b64c02922906e3e2985c89" committed_config { opid_index: -1 OBSOLETE_local: false peers { permanent_uuid: "c31e774156b64c02922906e3e2985c89" member_type: VOTER last_known_addr { host: "127.112.245.254" port: 35995 } } peers { permanent_uuid: "6cd5de61888340e681a3e5cd19fad418" member_type: VOTER last_known_addr { host: "127.112.245.253" port: 50732 } } peers { permanent_uuid: "2e3d7e621b864672aaa91ea2d0bbd1b9" member_type: VOTER last_known_addr { host: "127.112.245.252" port: 58453 } } }
I0227 17:27:09.448315 55954 sys_catalog.cc:340] T 00000000000000000000000000000000 P 2e3d7e621b864672aaa91ea2d0bbd1b9 [sys.catalog]: This master's current role is: FOLLOWER
I0227 17:27:09.455088 55957 mvcc.cc:203] Tried to move safe_time back from 6354195369204924416 to 6354195328171925504. Current Snapshot: MvccSnapshot[committed={T|T < 6354195369204924416}]
I0227 17:27:09.471638 55953 sys_catalog.cc:337] T 00000000000000000000000000000000 P 2e3d7e621b864672aaa91ea2d0bbd1b9 [sys.catalog]: SysCatalogTable state changed. Reason: New leader c31e774156b64c02922906e3e2985c89. Latest consensus state: current_term: 10 leader_uuid: "c31e774156b64c02922906e3e2985c89" committed_config { opid_index: -1 OBSOLETE_local: false peers { permanent_uuid: "c31e774156b64c02922906e3e2985c89" member_type: VOTER last_known_addr { host: "127.112.245.254" port: 35995 } } peers { permanent_uuid: "6cd5de61888340e681a3e5cd19fad418" member_type: VOTER last_known_addr { host: "127.112.245.253" port: 50732 } } peers { permanent_uuid: "2e3d7e621b864672aaa91ea2d0bbd1b9" member_type: VOTER last_known_addr { host: "127.112.245.252" port: 58453 } } }
I0227 17:27:09.471671 55953 sys_catalog.cc:340] T 00000000000000000000000000000000 P 2e3d7e621b864672aaa91ea2d0bbd1b9 [sys.catalog]: This master's current role is: FOLLOWER
W0227 17:27:09.479941 126593 connection.cc:647] server connection from 127.112.245.193:36811 recv error: Network error: failed to read from TLS socket (remote: 127.112.245.193:36811): Connection reset by peer (error 104)
W0227 17:27:09.479943 124930 connection.cc:647] client connection to 127.112.245.193:55806 recv error: Network error: failed to read from TLS socket (remote: 0.0.0.0:0): Connection reset by peer (error 104)
W0227 17:27:09.479976 125257 connection.cc:647] client connection to 127.112.245.193:55806 recv error: Network error: failed to read from TLS socket (remote: 127.112.245.193:55806): Connection reset by peer (error 104)
W0227 17:27:09.480051 124930 consensus_peers.cc:457] T fcd66b3d06b5442b9b1b4d34c6d0667b P 39144add463f4fe89dc1ea42c778d8cf -> Peer 9f6459ebb80643b98e01844aa2fd6338 (127.112.245.193:55806): Couldn't send request to peer 9f6459ebb80643b98e01844aa2fd6338. Status: Network error: failed to read from TLS socket (remote: 0.0.0.0:0): Connection reset by peer (error 104). This is attempt 1: this message will repeat every 5th retry.
W0227 17:27:09.480223 124930 connection.cc:320] Error closing socket: Network error: TlsSocket::Close: Broken pipe
W0227 17:27:09.482353 137432 connection.cc:647] server connection from 127.112.245.193:56476 recv error: Network error: failed to read from TLS socket (remote: 127.112.245.193:56476): Connection reset by peer (error 104)
W0227 17:27:09.482563 124929 connection.cc:647] server connection from 127.112.245.193:35019 recv error: Network error: failed to read from TLS socket (remote: 127.112.245.193:35019): Connection reset by peer (error 104)
W0227 17:27:09.482897 125258 connection.cc:647] server connection from 127.112.245.193:52057 recv error: Network error: failed to read from TLS socket (remote: 127.112.245.193:52057): Connection reset by peer (error 104)
W0227 17:27:09.483512 13446 connection.cc:647] server connection from 127.112.245.193:47215 recv error: Network error: failed to read from TLS socket (remote: 0.0.0.0:0): Connection reset by peer (error 104)
W0227 17:27:09.483717 13446 connection.cc:320] Error closing socket: Network error: TlsSocket::Close: Broken pipe
I0227 17:27:09.484450 115671 external_mini_cluster.cc:1131] Killing /data/1/adar/apache-kudu-1.9.0/build/debug/bin/kudu-tserver with pid 124859
W0227 17:27:09.511212 126594 connection.cc:647] server connection from 127.112.245.194:54775 recv error: Network error: failed to read from TLS socket (remote: 127.112.245.194:54775): Connection reset by peer (error 104)
W0227 17:27:09.511304 125258 connection.cc:647] server connection from 127.112.245.194:52297 recv error: Network error: failed to read from TLS socket (remote: 127.112.245.194:52297): Connection reset by peer (error 104)
W0227 17:27:09.511715 125257 connection.cc:647] client connection to 127.112.245.194:55958 recv error: Network error: failed to read from TLS socket (remote: 127.112.245.194:55958): Connection reset by peer (error 104)
W0227 17:27:09.527729 137434 connection.cc:647] server connection from 127.112.245.194:34489 recv error: Network error: failed to read from TLS socket (remote: 127.112.245.194:34489): Connection reset by peer (error 104)
W0227 17:27:09.529784 13448 connection.cc:647] server connection from 127.112.245.194:50217 recv error: Network error: failed to read from TLS socket (remote: 127.112.245.194:50217): Connection reset by peer (error 104)
I0227 17:27:09.530779 115671 external_mini_cluster.cc:1131] Killing /data/1/adar/apache-kudu-1.9.0/build/debug/bin/kudu-tserver with pid 125074
W0227 17:27:09.551887 126591 connection.cc:647] server connection from 127.112.245.195:35483 recv error: Network error: failed to read from TLS socket (remote: 127.112.245.195:35483): Connection reset by peer (error 104)
W0227 17:27:09.554136 137434 connection.cc:647] server connection from 127.112.245.195:51016 recv error: Network error: failed to read from TLS socket (remote: 127.112.245.195:51016): Connection reset by peer (error 104)
W0227 17:27:09.556385 13449 connection.cc:647] server connection from 127.112.245.195:48937 recv error: Network error: failed to read from TLS socket (remote: 127.112.245.195:48937): Connection reset by peer (error 104)
I0227 17:27:09.557909 115671 external_mini_cluster.cc:1131] Killing /data/1/adar/apache-kudu-1.9.0/build/debug/bin/kudu-master with pid 126213
I0227 17:27:09.586350 115671 external_mini_cluster.cc:1131] Killing /data/1/adar/apache-kudu-1.9.0/build/debug/bin/kudu-master with pid 137406
I0227 17:27:09.606333 115671 external_mini_cluster.cc:1131] Killing /data/1/adar/apache-kudu-1.9.0/build/debug/bin/kudu-master with pid 12784 Shutting down hive metastore. [ OK ] HmsConfigurations/MasterFailoverTest.TestMasterPermanentFailure/1 (109815 ms) [----------] 4 tests from HmsConfigurations/MasterFailoverTest (220225 ms total) [----------] Global test environment tear-down [==========] 4 tests from 1 test case ran. (220225 ms total) [ PASSED ] 3 tests. [ FAILED ] 1 test, listed below: [ FAILED ] HmsConfigurations/MasterFailoverTest.TestDeleteTableSync/1, where GetParam() = 2 1 FAILED TEST