I0227 17:26:36.181285 125339 raft_consensus.cc:2346] T 363dd021fd184929bc8b1f461f8fdb16 P 9a4f55686db84876a066f455f6a41180 [term 0 FOLLOWER]: Leader pre-election vote request: Granting yes vote for candidate 39144add463f4fe89dc1ea42c778d8cf in term 0.
I0227 17:26:36.181285 124804 tablet_service.cc:1010] Received RequestConsensusVote() RPC: tablet_id: "363dd021fd184929bc8b1f461f8fdb16" candidate_uuid: "39144add463f4fe89dc1ea42c778d8cf" candidate_term: 1 candidate_status { last_received { term: 0 index: 0 } } ignore_live_leader: false dest_uuid: "9f6459ebb80643b98e01844aa2fd6338" is_pre_election: true
I0227 17:26:36.181387 124804 raft_consensus.cc:2346] T 363dd021fd184929bc8b1f461f8fdb16 P 9f6459ebb80643b98e01844aa2fd6338 [term 0 FOLLOWER]: Leader pre-election vote request: Granting yes vote for candidate 39144add463f4fe89dc1ea42c778d8cf in term 0.
I0227 17:26:36.181824 124931 leader_election.cc:306] T 363dd021fd184929bc8b1f461f8fdb16 P 39144add463f4fe89dc1ea42c778d8cf [CANDIDATE]: Term 1 pre-election: Election decided. Result: candidate won. Election summary: received 2 responses out of 3 voters: 2 yes votes; 0 no votes. yes voters: 39144add463f4fe89dc1ea42c778d8cf, 9a4f55686db84876a066f455f6a41180; no voters:
I0227 17:26:36.181995 1107 raft_consensus.cc:2640] T 363dd021fd184929bc8b1f461f8fdb16 P 39144add463f4fe89dc1ea42c778d8cf [term 0 FOLLOWER]: Leader pre-election won for term 1
I0227 17:26:36.182024 1107 raft_consensus.cc:472] T 363dd021fd184929bc8b1f461f8fdb16 P 39144add463f4fe89dc1ea42c778d8cf [term 0 FOLLOWER]: Starting leader election (no leader contacted us within the election timeout)
I0227 17:26:36.182049 1107 raft_consensus.cc:2886] T 363dd021fd184929bc8b1f461f8fdb16 P 39144add463f4fe89dc1ea42c778d8cf [term 0 FOLLOWER]: Advancing to term 1
I0227 17:26:36.183259 1107 raft_consensus.cc:494] T 363dd021fd184929bc8b1f461f8fdb16 P 39144add463f4fe89dc1ea42c778d8cf [term 1 FOLLOWER]: Starting leader election with config: opid_index: -1 OBSOLETE_local: false peers { permanent_uuid: "9a4f55686db84876a066f455f6a41180" member_type: VOTER last_known_addr { host: "127.112.245.195" port: 45942 } } peers { permanent_uuid: "9f6459ebb80643b98e01844aa2fd6338" member_type: VOTER last_known_addr { host: "127.112.245.193" port: 55806 } } peers { permanent_uuid: "39144add463f4fe89dc1ea42c778d8cf" member_type: VOTER last_known_addr { host: "127.112.245.194" port: 55958 } }
I0227 17:26:36.183709 1107 leader_election.cc:292] T 363dd021fd184929bc8b1f461f8fdb16 P 39144add463f4fe89dc1ea42c778d8cf [CANDIDATE]: Term 1 election: Requested vote from peers 9a4f55686db84876a066f455f6a41180 (127.112.245.195:45942), 9f6459ebb80643b98e01844aa2fd6338 (127.112.245.193:55806)
I0227 17:26:36.184201 125339 tablet_service.cc:1010] Received RequestConsensusVote() RPC: tablet_id: "363dd021fd184929bc8b1f461f8fdb16" candidate_uuid: "39144add463f4fe89dc1ea42c778d8cf" candidate_term: 1 candidate_status { last_received { term: 0 index: 0 } } ignore_live_leader: false dest_uuid: "9a4f55686db84876a066f455f6a41180"
I0227 17:26:36.184242 124804 tablet_service.cc:1010] Received RequestConsensusVote() RPC: tablet_id: "363dd021fd184929bc8b1f461f8fdb16" candidate_uuid: "39144add463f4fe89dc1ea42c778d8cf" candidate_term: 1 candidate_status { last_received { term: 0 index: 0 } } ignore_live_leader: false dest_uuid: "9f6459ebb80643b98e01844aa2fd6338"
I0227 17:26:36.184265 125339 raft_consensus.cc:2886] T 363dd021fd184929bc8b1f461f8fdb16 P 9a4f55686db84876a066f455f6a41180 [term 0 FOLLOWER]: Advancing to term 1
I0227 17:26:36.184299 124804 raft_consensus.cc:2886] T 363dd021fd184929bc8b1f461f8fdb16 P 9f6459ebb80643b98e01844aa2fd6338 [term 0 FOLLOWER]: Advancing to term 1
I0227 17:26:36.185230 125339 raft_consensus.cc:2346] T 363dd021fd184929bc8b1f461f8fdb16 P 9a4f55686db84876a066f455f6a41180 [term 1 FOLLOWER]: Leader election vote request: Granting yes vote for candidate 39144add463f4fe89dc1ea42c778d8cf in term 1.
I0227 17:26:36.185405 124804 raft_consensus.cc:2346] T 363dd021fd184929bc8b1f461f8fdb16 P 9f6459ebb80643b98e01844aa2fd6338 [term 1 FOLLOWER]: Leader election vote request: Granting yes vote for candidate 39144add463f4fe89dc1ea42c778d8cf in term 1.
I0227 17:26:36.185612 124931 leader_election.cc:306] T 363dd021fd184929bc8b1f461f8fdb16 P 39144add463f4fe89dc1ea42c778d8cf [CANDIDATE]: Term 1 election: Election decided. Result: candidate won. Election summary: received 2 responses out of 3 voters: 2 yes votes; 0 no votes. yes voters: 39144add463f4fe89dc1ea42c778d8cf, 9a4f55686db84876a066f455f6a41180; no voters:
I0227 17:26:36.185763 1107 raft_consensus.cc:2640] T 363dd021fd184929bc8b1f461f8fdb16 P 39144add463f4fe89dc1ea42c778d8cf [term 1 FOLLOWER]: Leader election won for term 1
I0227 17:26:36.185991 1107 raft_consensus.cc:667] T 363dd021fd184929bc8b1f461f8fdb16 P 39144add463f4fe89dc1ea42c778d8cf [term 1 LEADER]: Becoming Leader. State: Replica: 39144add463f4fe89dc1ea42c778d8cf, State: Running, Role: LEADER
I0227 17:26:36.186194 1107 consensus_queue.cc:206] T 363dd021fd184929bc8b1f461f8fdb16 P 39144add463f4fe89dc1ea42c778d8cf [LEADER]: Queue going to LEADER mode. State: All replicated index: 0, Majority replicated index: 0, Committed index: 0, Last appended: 0.0, Last appended by leader: 0, Current term: 1, Majority size: 2, State: 0, Mode: LEADER, active raft config: opid_index: -1 OBSOLETE_local: false peers { permanent_uuid: "9a4f55686db84876a066f455f6a41180" member_type: VOTER last_known_addr { host: "127.112.245.195" port: 45942 } } peers { permanent_uuid: "9f6459ebb80643b98e01844aa2fd6338" member_type: VOTER last_known_addr { host: "127.112.245.193" port: 55806 } } peers { permanent_uuid: "39144add463f4fe89dc1ea42c778d8cf" member_type: VOTER last_known_addr { host: "127.112.245.194" port: 55958 } }
I0227 17:26:36.190215 126644 catalog_manager.cc:3791] T 363dd021fd184929bc8b1f461f8fdb16 P 39144add463f4fe89dc1ea42c778d8cf reported cstate change: term changed from 0 to 1, leader changed from to 39144add463f4fe89dc1ea42c778d8cf (127.112.245.194). New cstate: current_term: 1 leader_uuid: "39144add463f4fe89dc1ea42c778d8cf" committed_config { opid_index: -1 OBSOLETE_local: false peers { permanent_uuid: "9a4f55686db84876a066f455f6a41180" member_type: VOTER last_known_addr { host: "127.112.245.195" port: 45942 } health_report { overall_health: UNKNOWN } } peers { permanent_uuid: "9f6459ebb80643b98e01844aa2fd6338" member_type: VOTER last_known_addr { host: "127.112.245.193" port: 55806 } health_report { overall_health: UNKNOWN } } peers { permanent_uuid: "39144add463f4fe89dc1ea42c778d8cf" member_type: VOTER last_known_addr { host: "127.112.245.194" port: 55958 } health_report { overall_health: HEALTHY } } }
W0227 17:26:36.203832 124966 tablet_service.cc:1915] Rejecting scan request for tablet 363dd021fd184929bc8b1f461f8fdb16: Uninitialized: safe time has not yet been initialized
I0227 17:26:36.284778 13605 raft_consensus.cc:1126] T 00000000000000000000000000000000 P 2e3d7e621b864672aaa91ea2d0bbd1b9 [term 7 FOLLOWER]: Deduplicated request from leader. Original: 6.34->[7.35-7.43] Dedup: 7.39->[7.40-7.43]
I0227 17:26:36.288486 13929 sys_catalog.cc:337] T 00000000000000000000000000000000 P 2e3d7e621b864672aaa91ea2d0bbd1b9 [sys.catalog]: SysCatalogTable state changed. Reason: New leader c31e774156b64c02922906e3e2985c89. Latest consensus state: current_term: 7 leader_uuid: "c31e774156b64c02922906e3e2985c89" committed_config { opid_index: -1 OBSOLETE_local: false peers { permanent_uuid: "c31e774156b64c02922906e3e2985c89" member_type: VOTER last_known_addr { host: "127.112.245.254" port: 35995 } } peers { permanent_uuid: "6cd5de61888340e681a3e5cd19fad418" member_type: VOTER last_known_addr { host: "127.112.245.253" port: 50732 } } peers { permanent_uuid: "2e3d7e621b864672aaa91ea2d0bbd1b9" member_type: VOTER last_known_addr { host: "127.112.245.252" port: 58453 } } }
I0227 17:26:36.288525 13929 sys_catalog.cc:340] T 00000000000000000000000000000000 P 2e3d7e621b864672aaa91ea2d0bbd1b9 [sys.catalog]: This master's current role is: FOLLOWER
W0227 17:26:36.405570 124966 tablet_service.cc:1915] Rejecting scan request for tablet 363dd021fd184929bc8b1f461f8fdb16: Uninitialized: safe time has not yet been initialized
I0227 17:26:36.618199 125339 raft_consensus.cc:1181] T 363dd021fd184929bc8b1f461f8fdb16 P 9a4f55686db84876a066f455f6a41180 [term 1 FOLLOWER]: Refusing update from remote peer 39144add463f4fe89dc1ea42c778d8cf: Log matching property violated. Preceding OpId in replica: term: 0 index: 0. Preceding OpId from leader: term: 1 index: 1. (index mismatch)
I0227 17:26:36.618842 14264 consensus_queue.cc:984] T 363dd021fd184929bc8b1f461f8fdb16 P 39144add463f4fe89dc1ea42c778d8cf [LEADER]: Connected to new peer: Peer: permanent_uuid: "9a4f55686db84876a066f455f6a41180" member_type: VOTER last_known_addr { host: "127.112.245.195" port: 45942 }, Status: LMP_MISMATCH, Last received: 0.0, Next index: 1, Last known committed idx: 0, Time since last communication: 0.000s
I0227 17:26:36.622671 124804 raft_consensus.cc:1181] T 363dd021fd184929bc8b1f461f8fdb16 P 9f6459ebb80643b98e01844aa2fd6338 [term 1 FOLLOWER]: Refusing update from remote peer 39144add463f4fe89dc1ea42c778d8cf: Log matching property violated. Preceding OpId in replica: term: 0 index: 0. Preceding OpId from leader: term: 1 index: 1. (index mismatch)
I0227 17:26:36.623266 1107 consensus_queue.cc:984] T 363dd021fd184929bc8b1f461f8fdb16 P 39144add463f4fe89dc1ea42c778d8cf [LEADER]: Connected to new peer: Peer: permanent_uuid: "9f6459ebb80643b98e01844aa2fd6338" member_type: VOTER last_known_addr { host: "127.112.245.193" port: 55806 }, Status: LMP_MISMATCH, Last received: 0.0, Next index: 1, Last known committed idx: 0, Time since last communication: 0.000s
I0227 17:26:36.696044 14846 raft_consensus.cc:472] T 00000000000000000000000000000000 P 6cd5de61888340e681a3e5cd19fad418 [term 7 FOLLOWER]: Starting pre-election (detected failure of leader c31e774156b64c02922906e3e2985c89)
I0227 17:26:36.696166 14846 raft_consensus.cc:494] T 00000000000000000000000000000000 P 6cd5de61888340e681a3e5cd19fad418 [term 7 FOLLOWER]: Starting pre-election with config: opid_index: -1 OBSOLETE_local: false peers { permanent_uuid: "c31e774156b64c02922906e3e2985c89" member_type: VOTER last_known_addr { host: "127.112.245.254" port: 35995 } } peers { permanent_uuid: "6cd5de61888340e681a3e5cd19fad418" member_type: VOTER last_known_addr { host: "127.112.245.253" port: 50732 } } peers { permanent_uuid: "2e3d7e621b864672aaa91ea2d0bbd1b9" member_type: VOTER last_known_addr { host: "127.112.245.252" port: 58453 } }
I0227 17:26:36.696848 14846 leader_election.cc:292] T 00000000000000000000000000000000 P 6cd5de61888340e681a3e5cd19fad418 [CANDIDATE]: Term 8 pre-election: Requested pre-vote from peers c31e774156b64c02922906e3e2985c89 (127.112.245.254:35995), 2e3d7e621b864672aaa91ea2d0bbd1b9 (127.112.245.252:58453)
I0227 17:26:36.697574 126662 tablet_service.cc:1010] Received RequestConsensusVote() RPC: tablet_id: "00000000000000000000000000000000" candidate_uuid: "6cd5de61888340e681a3e5cd19fad418" candidate_term: 8 candidate_status { last_received { term: 7 index: 43 } } ignore_live_leader: false dest_uuid: "c31e774156b64c02922906e3e2985c89" is_pre_election: true
I0227 17:26:36.697659 126662 raft_consensus.cc:2307] T 00000000000000000000000000000000 P c31e774156b64c02922906e3e2985c89 [term 7 LEADER]: Leader pre-election vote request: Denying vote to candidate 6cd5de61888340e681a3e5cd19fad418 for term 8 because replica is either leader or believes a valid leader to be alive.
I0227 17:26:36.701766 13605 tablet_service.cc:1010] Received RequestConsensusVote() RPC: tablet_id: "00000000000000000000000000000000" candidate_uuid: "6cd5de61888340e681a3e5cd19fad418" candidate_term: 8 candidate_status { last_received { term: 7 index: 43 } } ignore_live_leader: false dest_uuid: "2e3d7e621b864672aaa91ea2d0bbd1b9" is_pre_election: true
I0227 17:26:36.701949 13605 raft_consensus.cc:2307] T 00000000000000000000000000000000 P 2e3d7e621b864672aaa91ea2d0bbd1b9 [term 7 FOLLOWER]: Leader pre-election vote request: Denying vote to candidate 6cd5de61888340e681a3e5cd19fad418 for term 8 because replica is either leader or believes a valid leader to be alive.
I0227 17:26:36.702419 137432 leader_election.cc:306] T 00000000000000000000000000000000 P 6cd5de61888340e681a3e5cd19fad418 [CANDIDATE]: Term 8 pre-election: Election decided. Result: candidate lost. Election summary: received 3 responses out of 3 voters: 1 yes votes; 2 no votes. yes voters: 6cd5de61888340e681a3e5cd19fad418; no voters: 2e3d7e621b864672aaa91ea2d0bbd1b9, c31e774156b64c02922906e3e2985c89
I0227 17:26:36.702566 14846 raft_consensus.cc:2588] T 00000000000000000000000000000000 P 6cd5de61888340e681a3e5cd19fad418 [term 7 FOLLOWER]: Leader pre-election lost for term 8. Reason: could not achieve majority
I0227 17:26:36.742488 13662 sys_catalog.cc:337] T 00000000000000000000000000000000 P c31e774156b64c02922906e3e2985c89 [sys.catalog]: SysCatalogTable state changed. Reason: Peer health change. Latest consensus state: current_term: 7 leader_uuid: "c31e774156b64c02922906e3e2985c89" committed_config { opid_index: -1 OBSOLETE_local: false peers { permanent_uuid: "c31e774156b64c02922906e3e2985c89" member_type: VOTER last_known_addr { host: "127.112.245.254" port: 35995 } } peers { permanent_uuid: "6cd5de61888340e681a3e5cd19fad418" member_type: VOTER last_known_addr { host: "127.112.245.253" port: 50732 } } peers { permanent_uuid: "2e3d7e621b864672aaa91ea2d0bbd1b9" member_type: VOTER last_known_addr { host: "127.112.245.252" port: 58453 } } }
I0227 17:26:36.742527 13662 sys_catalog.cc:340] T 00000000000000000000000000000000 P c31e774156b64c02922906e3e2985c89 [sys.catalog]: This master's current role is: LEADER
I0227 17:26:37.243793 15997 raft_consensus.cc:472] T 00000000000000000000000000000000 P 2e3d7e621b864672aaa91ea2d0bbd1b9 [term 7 FOLLOWER]: Starting pre-election (detected failure of leader c31e774156b64c02922906e3e2985c89)
I0227 17:26:37.243961 15997 raft_consensus.cc:494] T 00000000000000000000000000000000 P 2e3d7e621b864672aaa91ea2d0bbd1b9 [term 7 FOLLOWER]: Starting pre-election with config: opid_index: -1 OBSOLETE_local: false peers { permanent_uuid: "c31e774156b64c02922906e3e2985c89" member_type: VOTER last_known_addr { host: "127.112.245.254" port: 35995 } } peers { permanent_uuid: "6cd5de61888340e681a3e5cd19fad418" member_type: VOTER last_known_addr { host: "127.112.245.253" port: 50732 } } peers { permanent_uuid: "2e3d7e621b864672aaa91ea2d0bbd1b9" member_type: VOTER last_known_addr { host: "127.112.245.252" port: 58453 } }
I0227 17:26:37.245343 15997 leader_election.cc:292] T 00000000000000000000000000000000 P 2e3d7e621b864672aaa91ea2d0bbd1b9 [CANDIDATE]: Term 8 pre-election: Requested pre-vote from peers c31e774156b64c02922906e3e2985c89 (127.112.245.254:35995), 6cd5de61888340e681a3e5cd19fad418 (127.112.245.253:50732)
I0227 17:26:37.258069 15998 raft_consensus.cc:472] T 00000000000000000000000000000000 P 6cd5de61888340e681a3e5cd19fad418 [term 7 FOLLOWER]: Starting pre-election (detected failure of leader c31e774156b64c02922906e3e2985c89)
I0227 17:26:37.258183 15998 raft_consensus.cc:494] T 00000000000000000000000000000000 P 6cd5de61888340e681a3e5cd19fad418 [term 7 FOLLOWER]: Starting pre-election with config: opid_index: -1 OBSOLETE_local: false peers { permanent_uuid: "c31e774156b64c02922906e3e2985c89" member_type: VOTER last_known_addr { host: "127.112.245.254" port: 35995 } } peers { permanent_uuid: "6cd5de61888340e681a3e5cd19fad418" member_type: VOTER last_known_addr { host: "127.112.245.253" port: 50732 } } peers { permanent_uuid: "2e3d7e621b864672aaa91ea2d0bbd1b9" member_type: VOTER last_known_addr { host: "127.112.245.252" port: 58453 } }
I0227 17:26:37.258620 15998 leader_election.cc:292] T 00000000000000000000000000000000 P 6cd5de61888340e681a3e5cd19fad418 [CANDIDATE]: Term 8 pre-election: Requested pre-vote from peers c31e774156b64c02922906e3e2985c89 (127.112.245.254:35995), 2e3d7e621b864672aaa91ea2d0bbd1b9 (127.112.245.252:58453)
I0227 17:26:37.259065 13605 tablet_service.cc:1010] Received RequestConsensusVote() RPC: tablet_id: "00000000000000000000000000000000" candidate_uuid: "6cd5de61888340e681a3e5cd19fad418" candidate_term: 8 candidate_status { last_received { term: 7 index: 43 } } ignore_live_leader: false dest_uuid: "2e3d7e621b864672aaa91ea2d0bbd1b9" is_pre_election: true
I0227 17:26:37.259193 13605 raft_consensus.cc:2346] T 00000000000000000000000000000000 P 2e3d7e621b864672aaa91ea2d0bbd1b9 [term 7 FOLLOWER]: Leader pre-election vote request: Granting yes vote for candidate 6cd5de61888340e681a3e5cd19fad418 in term 7.
I0227 17:26:37.259546 137432 leader_election.cc:306] T 00000000000000000000000000000000 P 6cd5de61888340e681a3e5cd19fad418 [CANDIDATE]: Term 8 pre-election: Election decided. Result: candidate won. Election summary: received 2 responses out of 3 voters: 2 yes votes; 0 no votes. yes voters: 2e3d7e621b864672aaa91ea2d0bbd1b9, 6cd5de61888340e681a3e5cd19fad418; no voters:
I0227 17:26:37.260082 15998 raft_consensus.cc:2640] T 00000000000000000000000000000000 P 6cd5de61888340e681a3e5cd19fad418 [term 7 FOLLOWER]: Leader pre-election won for term 8
I0227 17:26:37.260108 15998 raft_consensus.cc:472] T 00000000000000000000000000000000 P 6cd5de61888340e681a3e5cd19fad418 [term 7 FOLLOWER]: Starting leader election (detected failure of leader c31e774156b64c02922906e3e2985c89)
I0227 17:26:37.260125 15998 raft_consensus.cc:2886] T 00000000000000000000000000000000 P 6cd5de61888340e681a3e5cd19fad418 [term 7 FOLLOWER]: Advancing to term 8
I0227 17:26:37.261227 15998 raft_consensus.cc:494] T 00000000000000000000000000000000 P 6cd5de61888340e681a3e5cd19fad418 [term 8 FOLLOWER]: Starting leader election with config: opid_index: -1 OBSOLETE_local: false peers { permanent_uuid: "c31e774156b64c02922906e3e2985c89" member_type: VOTER last_known_addr { host: "127.112.245.254" port: 35995 } } peers { permanent_uuid: "6cd5de61888340e681a3e5cd19fad418" member_type: VOTER last_known_addr { host: "127.112.245.253" port: 50732 } } peers { permanent_uuid: "2e3d7e621b864672aaa91ea2d0bbd1b9" member_type: VOTER last_known_addr { host: "127.112.245.252" port: 58453 } }
I0227 17:26:37.261603 15998 leader_election.cc:292] T 00000000000000000000000000000000 P 6cd5de61888340e681a3e5cd19fad418 [CANDIDATE]: Term 8 election: Requested vote from peers c31e774156b64c02922906e3e2985c89 (127.112.245.254:35995), 2e3d7e621b864672aaa91ea2d0bbd1b9 (127.112.245.252:58453)
I0227 17:26:37.261972 13605 tablet_service.cc:1010] Received RequestConsensusVote() RPC: tablet_id: "00000000000000000000000000000000" candidate_uuid: "6cd5de61888340e681a3e5cd19fad418" candidate_term: 8 candidate_status { last_received { term: 7 index: 43 } } ignore_live_leader: false dest_uuid: "2e3d7e621b864672aaa91ea2d0bbd1b9"
I0227 17:26:37.262043 13605 raft_consensus.cc:2886] T 00000000000000000000000000000000 P 2e3d7e621b864672aaa91ea2d0bbd1b9 [term 7 FOLLOWER]: Advancing to term 8
I0227 17:26:37.262189 137461 tablet_service.cc:1010] Received RequestConsensusVote() RPC: tablet_id: "00000000000000000000000000000000" candidate_uuid: "2e3d7e621b864672aaa91ea2d0bbd1b9" candidate_term: 8 candidate_status { last_received { term: 7 index: 43 } } ignore_live_leader: false dest_uuid: "6cd5de61888340e681a3e5cd19fad418" is_pre_election: true
I0227 17:26:37.262248 137461 raft_consensus.cc:2276] T 00000000000000000000000000000000 P 6cd5de61888340e681a3e5cd19fad418 [term 8 FOLLOWER]: Leader pre-election vote request: Denying vote to candidate 2e3d7e621b864672aaa91ea2d0bbd1b9 in current term 8: Already voted for candidate 6cd5de61888340e681a3e5cd19fad418 in this term.
I0227 17:26:37.264392 13605 raft_consensus.cc:2346] T 00000000000000000000000000000000 P 2e3d7e621b864672aaa91ea2d0bbd1b9 [term 8 FOLLOWER]: Leader election vote request: Granting yes vote for candidate 6cd5de61888340e681a3e5cd19fad418 in term 8.
I0227 17:26:37.264855 137432 leader_election.cc:306] T 00000000000000000000000000000000 P 6cd5de61888340e681a3e5cd19fad418 [CANDIDATE]: Term 8 election: Election decided. Result: candidate won. Election summary: received 2 responses out of 3 voters: 2 yes votes; 0 no votes. yes voters: 2e3d7e621b864672aaa91ea2d0bbd1b9, 6cd5de61888340e681a3e5cd19fad418; no voters:
I0227 17:26:37.264989 15998 raft_consensus.cc:2640] T 00000000000000000000000000000000 P 6cd5de61888340e681a3e5cd19fad418 [term 8 FOLLOWER]: Leader election won for term 8
I0227 17:26:37.265172 15998 raft_consensus.cc:667] T 00000000000000000000000000000000 P 6cd5de61888340e681a3e5cd19fad418 [term 8 LEADER]: Becoming Leader. State: Replica: 6cd5de61888340e681a3e5cd19fad418, State: Running, Role: LEADER
I0227 17:26:37.265348 15998 consensus_queue.cc:206] T 00000000000000000000000000000000 P 6cd5de61888340e681a3e5cd19fad418 [LEADER]: Queue going to LEADER mode. State: All replicated index: 0, Majority replicated index: 43, Committed index: 43, Last appended: 7.43, Last appended by leader: 43, Current term: 8, Majority size: 2, State: 0, Mode: LEADER, active raft config: opid_index: -1 OBSOLETE_local: false peers { permanent_uuid: "c31e774156b64c02922906e3e2985c89" member_type: VOTER last_known_addr { host: "127.112.245.254" port: 35995 } } peers { permanent_uuid: "6cd5de61888340e681a3e5cd19fad418" member_type: VOTER last_known_addr { host: "127.112.245.253" port: 50732 } } peers { permanent_uuid: "2e3d7e621b864672aaa91ea2d0bbd1b9" member_type: VOTER last_known_addr { host: "127.112.245.252" port: 58453 } }
I0227 17:26:37.267307 16017 sys_catalog.cc:337] T 00000000000000000000000000000000 P 6cd5de61888340e681a3e5cd19fad418 [sys.catalog]: SysCatalogTable state changed. Reason: New leader 6cd5de61888340e681a3e5cd19fad418. Latest consensus state: current_term: 8 leader_uuid: "6cd5de61888340e681a3e5cd19fad418" committed_config { opid_index: -1 OBSOLETE_local: false peers { permanent_uuid: "c31e774156b64c02922906e3e2985c89" member_type: VOTER last_known_addr { host: "127.112.245.254" port: 35995 } } peers { permanent_uuid: "6cd5de61888340e681a3e5cd19fad418" member_type: VOTER last_known_addr { host: "127.112.245.253" port: 50732 } } peers { permanent_uuid: "2e3d7e621b864672aaa91ea2d0bbd1b9" member_type: VOTER last_known_addr { host: "127.112.245.252" port: 58453 } } }
I0227 17:26:37.267333 16017 sys_catalog.cc:340] T 00000000000000000000000000000000 P 6cd5de61888340e681a3e5cd19fad418 [sys.catalog]: This master's current role is: LEADER
I0227 17:26:37.267546 16019 catalog_manager.cc:1046] Loading table and tablet metadata into memory...
I0227 17:26:37.271445 16019 catalog_manager.cc:347] Loaded metadata for table default.table_2 [id=1386cdb42e004032916576ef12b3f5cd]
I0227 17:26:37.271733 16019 catalog_manager.cc:347] Loaded metadata for table default.table_1_2 [id=6e03f2b32ac4487aaefa599456dee7ff]
I0227 17:26:37.271893 16019 catalog_manager.cc:347] Loaded metadata for table default.table_1 [id=7189818660584405852c5a4249b8601d]
I0227 17:26:37.272168 16019 catalog_manager.cc:347] Loaded metadata for table default.table_1_1 [id=ac73b8b72e334b67b7a5ce715797317f]
I0227 17:26:37.272394 16019 catalog_manager.cc:347] Loaded metadata for table default.table_0 [id=bc75674adf8e42de8857bcba6d648867]
I0227 17:26:37.272568 16019 catalog_manager.cc:347] Loaded metadata for table default.table_0_2 [id=c00fb13ccb9d43a6872d134e76f8bb45]
I0227 17:26:37.272738 16019 catalog_manager.cc:347] Loaded metadata for table default.table_0_0 [id=d18d4af2ae47433f9af25b21a92b3c31]
I0227 17:26:37.272912 16019 catalog_manager.cc:347] Loaded metadata for table default.table_0_1 [id=d8ec01a9c6424f27a548a16c9f453c4b]
I0227 17:26:37.273095 16019 catalog_manager.cc:347] Loaded metadata for table default.table_1_0 [id=fc09c0e69c204983ad92186871b2f276]
I0227 17:26:37.274406 16019 catalog_manager.cc:401] Loaded metadata for tablet 0156483f43f14f4e9fe0e5dc35c12333 (table default.table_1_1 [id=ac73b8b72e334b67b7a5ce715797317f])
I0227 17:26:37.274607 16019 catalog_manager.cc:401] Loaded metadata for tablet 363dd021fd184929bc8b1f461f8fdb16 (table default.table_2 [id=1386cdb42e004032916576ef12b3f5cd])
I0227 17:26:37.275161 16019 catalog_manager.cc:401] Loaded metadata for tablet 5c60704670c44ebf81ffea4c83d5a8d4 (table default.table_1_0 [id=fc09c0e69c204983ad92186871b2f276])
I0227 17:26:37.275362 16019 catalog_manager.cc:401] Loaded metadata for tablet 7fae960e7b5343338ea18dbb27e5f63a (table default.table_1_2 [id=6e03f2b32ac4487aaefa599456dee7ff])
I0227 17:26:37.275765 16019 catalog_manager.cc:401] Loaded metadata for tablet 8c4950a6e6e54bc59d6e40c00df12fab (table default.table_0_1 [id=d8ec01a9c6424f27a548a16c9f453c4b])
I0227 17:26:37.275952 16019 catalog_manager.cc:401] Loaded metadata for tablet 9808ecd2a4be428290fa53bb51dd17d4 (table default.table_0_0 [id=d18d4af2ae47433f9af25b21a92b3c31])
I0227 17:26:37.276149 16019 catalog_manager.cc:401] Loaded metadata for tablet bf54e38e762844a18884463d41a59bf2 (table default.table_0_2 [id=c00fb13ccb9d43a6872d134e76f8bb45])
I0227 17:26:37.276341 16019 catalog_manager.cc:401] Loaded metadata for tablet dd3249f630b848c8b1efd3a68065de81 (table default.table_1 [id=7189818660584405852c5a4249b8601d])
I0227 17:26:37.276535 16019 catalog_manager.cc:401] Loaded metadata for tablet fcd66b3d06b5442b9b1b4d34c6d0667b (table default.table_0 [id=bc75674adf8e42de8857bcba6d648867])
I0227 17:26:37.276751 16019 catalog_manager.cc:1057] Initializing Kudu internal certificate authority...
I0227 17:26:37.278890 16019 catalog_manager.cc:1066] Loading token signing keys...
I0227 17:26:37.279659 16019 catalog_manager.cc:4106] T 00000000000000000000000000000000 P 6cd5de61888340e681a3e5cd19fad418: Loaded TSK: 0
I0227 17:26:37.279958 16019 catalog_manager.cc:1077] Loading latest processed Hive Metastore notification log event ID...
W0227 17:26:37.803681 13447 leader_election.cc:337] T 00000000000000000000000000000000 P 2e3d7e621b864672aaa91ea2d0bbd1b9 [CANDIDATE]: Term 8 pre-election: RPC error from VoteRequest() call to peer c31e774156b64c02922906e3e2985c89 (127.112.245.254:35995): Timed out: connection negotiation to 127.112.245.254:35995 for RPC RequestConsensusVote timed out after 0.557s (ON_OUTBOUND_QUEUE)
I0227 17:26:37.803805 13447 leader_election.cc:306] T 00000000000000000000000000000000 P 2e3d7e621b864672aaa91ea2d0bbd1b9 [CANDIDATE]: Term 8 pre-election: Election decided. Result: candidate lost. Election summary: received 3 responses out of 3 voters: 1 yes votes; 2 no votes. yes voters: 2e3d7e621b864672aaa91ea2d0bbd1b9; no voters: 6cd5de61888340e681a3e5cd19fad418, c31e774156b64c02922906e3e2985c89
I0227 17:26:37.809303 16517 raft_consensus.cc:2588] T 00000000000000000000000000000000 P 2e3d7e621b864672aaa91ea2d0bbd1b9 [term 8 FOLLOWER]: Leader pre-election lost for term 8. Reason: could not achieve majority
I0227 17:26:37.858855 13605 raft_consensus.cc:1181] T 00000000000000000000000000000000 P 2e3d7e621b864672aaa91ea2d0bbd1b9 [term 8 FOLLOWER]: Refusing update from remote peer 6cd5de61888340e681a3e5cd19fad418: Log matching property violated. Preceding OpId in replica: term: 7 index: 43. Preceding OpId from leader: term: 8 index: 44. (index mismatch)
I0227 17:26:37.859827 16515 consensus_queue.cc:984] T 00000000000000000000000000000000 P 6cd5de61888340e681a3e5cd19fad418 [LEADER]: Connected to new peer: Peer: permanent_uuid: "2e3d7e621b864672aaa91ea2d0bbd1b9" member_type: VOTER last_known_addr { host: "127.112.245.252" port: 58453 }, Status: LMP_MISMATCH, Last received: 0.0, Next index: 44, Last known committed idx: 43, Time since last communication: 0.000s
I0227 17:26:37.862017 16517 sys_catalog.cc:337] T 00000000000000000000000000000000 P 2e3d7e621b864672aaa91ea2d0bbd1b9 [sys.catalog]: SysCatalogTable state changed. Reason: New leader 6cd5de61888340e681a3e5cd19fad418. Latest consensus state: current_term: 8 leader_uuid: "6cd5de61888340e681a3e5cd19fad418" committed_config { opid_index: -1 OBSOLETE_local: false peers { permanent_uuid: "c31e774156b64c02922906e3e2985c89" member_type: VOTER last_known_addr { host: "127.112.245.254" port: 35995 } } peers { permanent_uuid: "6cd5de61888340e681a3e5cd19fad418" member_type: VOTER last_known_addr { host: "127.112.245.253" port: 50732 } } peers { permanent_uuid: "2e3d7e621b864672aaa91ea2d0bbd1b9" member_type: VOTER last_known_addr { host: "127.112.245.252" port: 58453 } } }
I0227 17:26:37.862049 16517 sys_catalog.cc:340] T 00000000000000000000000000000000 P 2e3d7e621b864672aaa91ea2d0bbd1b9 [sys.catalog]: This master's current role is: FOLLOWER
I0227 17:26:37.871253 16515 sys_catalog.cc:337] T 00000000000000000000000000000000 P 6cd5de61888340e681a3e5cd19fad418 [sys.catalog]: SysCatalogTable state changed. Reason: Peer health change. Latest consensus state: current_term: 8 leader_uuid: "6cd5de61888340e681a3e5cd19fad418" committed_config { opid_index: -1 OBSOLETE_local: false peers { permanent_uuid: "c31e774156b64c02922906e3e2985c89" member_type: VOTER last_known_addr { host: "127.112.245.254" port: 35995 } } peers { permanent_uuid: "6cd5de61888340e681a3e5cd19fad418" member_type: VOTER last_known_addr { host: "127.112.245.253" port: 50732 } } peers { permanent_uuid: "2e3d7e621b864672aaa91ea2d0bbd1b9" member_type: VOTER last_known_addr { host: "127.112.245.252" port: 58453 } } }
I0227 17:26:37.871289 16515 sys_catalog.cc:340] T 00000000000000000000000000000000 P 6cd5de61888340e681a3e5cd19fad418 [sys.catalog]: This master's current role is: LEADER
I0227 17:26:37.871863 16517 sys_catalog.cc:337] T 00000000000000000000000000000000 P 2e3d7e621b864672aaa91ea2d0bbd1b9 [sys.catalog]: SysCatalogTable state changed. Reason: Replicated consensus-only round. Latest consensus state: current_term: 8 leader_uuid: "6cd5de61888340e681a3e5cd19fad418" committed_config { opid_index: -1 OBSOLETE_local: false peers { permanent_uuid: "c31e774156b64c02922906e3e2985c89" member_type: VOTER last_known_addr { host: "127.112.245.254" port: 35995 } } peers { permanent_uuid: "6cd5de61888340e681a3e5cd19fad418" member_type: VOTER last_known_addr { host: "127.112.245.253" port: 50732 } } peers { permanent_uuid: "2e3d7e621b864672aaa91ea2d0bbd1b9" member_type: VOTER last_known_addr { host: "127.112.245.252" port: 58453 } } }
I0227 17:26:37.871894 16517 sys_catalog.cc:340] T 00000000000000000000000000000000 P 2e3d7e621b864672aaa91ea2d0bbd1b9 [sys.catalog]: This master's current role is: FOLLOWER
W0227 17:26:37.894441 137432 leader_election.cc:337] T 00000000000000000000000000000000 P 6cd5de61888340e681a3e5cd19fad418 [CANDIDATE]: Term 8 election: RPC error from VoteRequest() call to peer c31e774156b64c02922906e3e2985c89 (127.112.245.254:35995): Timed out: RequestConsensusVote RPC to 127.112.245.254:35995 timed out after 0.632s (SENT)
W0227 17:26:37.919847 137432 leader_election.cc:337] T 00000000000000000000000000000000 P 6cd5de61888340e681a3e5cd19fad418 [CANDIDATE]: Term 8 pre-election: RPC error from VoteRequest() call to peer c31e774156b64c02922906e3e2985c89 (127.112.245.254:35995): Timed out: RequestConsensusVote RPC to 127.112.245.254:35995 timed out after 0.660s (SENT)
I0227 17:26:38.074229 125069 heartbeater.cc:466] Master 127.112.245.253:50732 was elected leader, sending a full tablet report...
I0227 17:26:38.129664 124856 heartbeater.cc:466] Master 127.112.245.253:50732 was elected leader, sending a full tablet report...
I0227 17:26:38.130517 125383 heartbeater.cc:466] Master 127.112.245.253:50732 was elected leader, sending a full tablet report... 73432 T57 odu.Log4JLogger.info Request to load fields "comment,name,type" of class org.apache.hadoop.hive.metastore.model.MFieldSchema but object is embedded, so ignored 73433 T57 odu.Log4JLogger.info Request to load fields "comment,name,type" of class org.apache.hadoop.hive.metastore.model.MFieldSchema but object is embedded, so ignored 73433 T57 odu.Log4JLogger.info Request to load fields "comment,name,type" of class org.apache.hadoop.hive.metastore.model.MFieldSchema but object is embedded, so ignored 73434 T57 odu.Log4JLogger.info Request to load fields "comment,name,type" of class org.apache.hadoop.hive.metastore.model.MFieldSchema but object is embedded, so ignored 73434 T57 odu.Log4JLogger.info Request to load fields "comment,name,type" of class org.apache.hadoop.hive.metastore.model.MFieldSchema but object is embedded, so ignored 73435 T57 odu.Log4JLogger.info Request to load fields "comment,name,type" of class org.apache.hadoop.hive.metastore.model.MFieldSchema but object is embedded, so ignored
I0227 17:26:38.842224 17145 raft_consensus.cc:472] T 00000000000000000000000000000000 P 2e3d7e621b864672aaa91ea2d0bbd1b9 [term 8 FOLLOWER]: Starting pre-election (detected failure of leader 6cd5de61888340e681a3e5cd19fad418)
I0227 17:26:38.842346 17145 raft_consensus.cc:494] T 00000000000000000000000000000000 P 2e3d7e621b864672aaa91ea2d0bbd1b9 [term 8 FOLLOWER]: Starting pre-election with config: opid_index: -1 OBSOLETE_local: false peers { permanent_uuid: "c31e774156b64c02922906e3e2985c89" member_type: VOTER last_known_addr { host: "127.112.245.254" port: 35995 } } peers { permanent_uuid: "6cd5de61888340e681a3e5cd19fad418" member_type: VOTER last_known_addr { host: "127.112.245.253" port: 50732 } } peers { permanent_uuid: "2e3d7e621b864672aaa91ea2d0bbd1b9" member_type: VOTER last_known_addr { host: "127.112.245.252" port: 58453 } }
I0227 17:26:38.842864 17145 leader_election.cc:292] T 00000000000000000000000000000000 P 2e3d7e621b864672aaa91ea2d0bbd1b9 [CANDIDATE]: Term 9 pre-election: Requested pre-vote from peers c31e774156b64c02922906e3e2985c89 (127.112.245.254:35995), 6cd5de61888340e681a3e5cd19fad418 (127.112.245.253:50732)
I0227 17:26:38.843312 137461 tablet_service.cc:1010] Received RequestConsensusVote() RPC: tablet_id: "00000000000000000000000000000000" candidate_uuid: "2e3d7e621b864672aaa91ea2d0bbd1b9" candidate_term: 9 candidate_status { last_received { term: 8 index: 45 } } ignore_live_leader: false dest_uuid: "6cd5de61888340e681a3e5cd19fad418" is_pre_election: true
I0227 17:26:38.843405 137461 raft_consensus.cc:2307] T 00000000000000000000000000000000 P 6cd5de61888340e681a3e5cd19fad418 [term 8 LEADER]: Leader pre-election vote request: Denying vote to candidate 2e3d7e621b864672aaa91ea2d0bbd1b9 for term 9 because replica is either leader or believes a valid leader to be alive.
W0227 17:26:39.449615 13447 leader_election.cc:337] T 00000000000000000000000000000000 P 2e3d7e621b864672aaa91ea2d0bbd1b9 [CANDIDATE]: Term 9 pre-election: RPC error from VoteRequest() call to peer c31e774156b64c02922906e3e2985c89 (127.112.245.254:35995): Timed out: connection negotiation to 127.112.245.254:35995 for RPC RequestConsensusVote timed out after 0.605s (ON_OUTBOUND_QUEUE)
I0227 17:26:39.449731 13447 leader_election.cc:306] T 00000000000000000000000000000000 P 2e3d7e621b864672aaa91ea2d0bbd1b9 [CANDIDATE]: Term 9 pre-election: Election decided. Result: candidate lost. Election summary: received 3 responses out of 3 voters: 1 yes votes; 2 no votes. yes voters: 2e3d7e621b864672aaa91ea2d0bbd1b9; no voters: 6cd5de61888340e681a3e5cd19fad418, c31e774156b64c02922906e3e2985c89
I0227 17:26:39.450140 17805 raft_consensus.cc:2588] T 00000000000000000000000000000000 P 2e3d7e621b864672aaa91ea2d0bbd1b9 [term 8 FOLLOWER]: Leader pre-election lost for term 9. Reason: could not achieve majority
I0227 17:26:39.955652 18183 raft_consensus.cc:472] T 00000000000000000000000000000000 P 2e3d7e621b864672aaa91ea2d0bbd1b9 [term 8 FOLLOWER]: Starting pre-election (detected failure of leader 6cd5de61888340e681a3e5cd19fad418)
I0227 17:26:39.955771 18183 raft_consensus.cc:494] T 00000000000000000000000000000000 P 2e3d7e621b864672aaa91ea2d0bbd1b9 [term 8 FOLLOWER]: Starting pre-election with config: opid_index: -1 OBSOLETE_local: false peers { permanent_uuid: "c31e774156b64c02922906e3e2985c89" member_type: VOTER last_known_addr { host: "127.112.245.254" port: 35995 } } peers { permanent_uuid: "6cd5de61888340e681a3e5cd19fad418" member_type: VOTER last_known_addr { host: "127.112.245.253" port: 50732 } } peers { permanent_uuid: "2e3d7e621b864672aaa91ea2d0bbd1b9" member_type: VOTER last_known_addr { host: "127.112.245.252" port: 58453 } }
I0227 17:26:39.956426 18183 leader_election.cc:292] T 00000000000000000000000000000000 P 2e3d7e621b864672aaa91ea2d0bbd1b9 [CANDIDATE]: Term 9 pre-election: Requested pre-vote from peers c31e774156b64c02922906e3e2985c89 (127.112.245.254:35995), 6cd5de61888340e681a3e5cd19fad418 (127.112.245.253:50732)
I0227 17:26:39.956670 137461 tablet_service.cc:1010] Received RequestConsensusVote() RPC: tablet_id: "00000000000000000000000000000000" candidate_uuid: "2e3d7e621b864672aaa91ea2d0bbd1b9" candidate_term: 9 candidate_status { last_received { term: 8 index: 45 } } ignore_live_leader: false dest_uuid: "6cd5de61888340e681a3e5cd19fad418" is_pre_election: true
I0227 17:26:39.956751 137461 raft_consensus.cc:2307] T 00000000000000000000000000000000 P 6cd5de61888340e681a3e5cd19fad418 [term 8 LEADER]: Leader pre-election vote request: Denying vote to candidate 2e3d7e621b864672aaa91ea2d0bbd1b9 for term 9 because replica is either leader or believes a valid leader to be alive.
W0227 17:26:40.246781 16000 negotiation.cc:313] Failed RPC negotiation. Trace: 0227 17:26:37.245539 (+ 0us) reactor.cc:583] Submitting negotiation task for client connection to 127.112.245.254:35995 0227 17:26:37.257720 (+ 12181us) negotiation.cc:98] Waiting for socket to connect 0227 17:26:37.257736 (+ 16us) client_negotiation.cc:167] Beginning negotiation 0227 17:26:37.257828 (+ 92us) client_negotiation.cc:244] Sending NEGOTIATE NegotiatePB request 0227 17:26:40.246189 (+2988361us) negotiation.cc:304] Negotiation complete: Timed out: Client connection negotiation failed: client connection to 127.112.245.254:35995 Metrics: {"client-negotiator.queue_time_us":12055,"mutex_wait_us":15,"thread_start_us":72,"threads_started":1}
W0227 17:26:40.246951 13447 leader_election.cc:337] T 00000000000000000000000000000000 P 2e3d7e621b864672aaa91ea2d0bbd1b9 [CANDIDATE]: Term 9 pre-election: RPC error from VoteRequest() call to peer c31e774156b64c02922906e3e2985c89 (127.112.245.254:35995): Timed out: Client connection negotiation failed: client connection to 127.112.245.254:35995
I0227 17:26:40.247022 13447 leader_election.cc:306] T 00000000000000000000000000000000 P 2e3d7e621b864672aaa91ea2d0bbd1b9 [CANDIDATE]: Term 9 pre-election: Election decided. Result: candidate lost. Election summary: received 3 responses out of 3 voters: 1 yes votes; 2 no votes. yes voters: 2e3d7e621b864672aaa91ea2d0bbd1b9; no voters: 6cd5de61888340e681a3e5cd19fad418, c31e774156b64c02922906e3e2985c89
I0227 17:26:40.247228 18183 raft_consensus.cc:2588] T 00000000000000000000000000000000 P 2e3d7e621b864672aaa91ea2d0bbd1b9 [term 8 FOLLOWER]: Leader pre-election lost for term 9. Reason: could not achieve majority
I0227 17:26:41.079809 20209 raft_consensus.cc:472] T 00000000000000000000000000000000 P 2e3d7e621b864672aaa91ea2d0bbd1b9 [term 8 FOLLOWER]: Starting pre-election (detected failure of leader 6cd5de61888340e681a3e5cd19fad418)
I0227 17:26:41.079929 20209 raft_consensus.cc:494] T 00000000000000000000000000000000 P 2e3d7e621b864672aaa91ea2d0bbd1b9 [term 8 FOLLOWER]: Starting pre-election with config: opid_index: -1 OBSOLETE_local: false peers { permanent_uuid: "c31e774156b64c02922906e3e2985c89" member_type: VOTER last_known_addr { host: "127.112.245.254" port: 35995 } } peers { permanent_uuid: "6cd5de61888340e681a3e5cd19fad418" member_type: VOTER last_known_addr { host: "127.112.245.253" port: 50732 } } peers { permanent_uuid: "2e3d7e621b864672aaa91ea2d0bbd1b9" member_type: VOTER last_known_addr { host: "127.112.245.252" port: 58453 } }
I0227 17:26:41.080505 20209 leader_election.cc:292] T 00000000000000000000000000000000 P 2e3d7e621b864672aaa91ea2d0bbd1b9 [CANDIDATE]: Term 9 pre-election: Requested pre-vote from peers c31e774156b64c02922906e3e2985c89 (127.112.245.254:35995), 6cd5de61888340e681a3e5cd19fad418 (127.112.245.253:50732)
I0227 17:26:41.081146 137461 tablet_service.cc:1010] Received RequestConsensusVote() RPC: tablet_id: "00000000000000000000000000000000" candidate_uuid: "2e3d7e621b864672aaa91ea2d0bbd1b9" candidate_term: 9 candidate_status { last_received { term: 8 index: 45 } } ignore_live_leader: false dest_uuid: "6cd5de61888340e681a3e5cd19fad418" is_pre_election: true
I0227 17:26:41.081271 137461 raft_consensus.cc:2307] T 00000000000000000000000000000000 P 6cd5de61888340e681a3e5cd19fad418 [term 8 LEADER]: Leader pre-election vote request: Denying vote to candidate 2e3d7e621b864672aaa91ea2d0bbd1b9 for term 9 because replica is either leader or believes a valid leader to be alive.
W0227 17:26:41.750957 13447 leader_election.cc:337] T 00000000000000000000000000000000 P 2e3d7e621b864672aaa91ea2d0bbd1b9 [CANDIDATE]: Term 9 pre-election: RPC error from VoteRequest() call to peer c31e774156b64c02922906e3e2985c89 (127.112.245.254:35995): Timed out: connection negotiation to 127.112.245.254:35995 for RPC RequestConsensusVote timed out after 0.668s (ON_OUTBOUND_QUEUE)
I0227 17:26:41.751045 13447 leader_election.cc:306] T 00000000000000000000000000000000 P 2e3d7e621b864672aaa91ea2d0bbd1b9 [CANDIDATE]: Term 9 pre-election: Election decided. Result: candidate lost. Election summary: received 3 responses out of 3 voters: 1 yes votes; 2 no votes. yes voters: 2e3d7e621b864672aaa91ea2d0bbd1b9; no voters: 6cd5de61888340e681a3e5cd19fad418, c31e774156b64c02922906e3e2985c89
I0227 17:26:41.751442 21012 raft_consensus.cc:2588] T 00000000000000000000000000000000 P 2e3d7e621b864672aaa91ea2d0bbd1b9 [term 8 FOLLOWER]: Leader pre-election lost for term 9. Reason: could not achieve majority
W0227 17:26:42.578749 125070 heartbeater.cc:586] Failed to heartbeat to 127.112.245.254:35995 (3 consecutive failures): Timed out: Failed to ping master at 127.112.245.254:35995: Ping RPC to 127.112.245.254:35995 timed out after 1.000s (SENT)
W0227 17:26:42.631433 125384 heartbeater.cc:586] Failed to heartbeat to 127.112.245.254:35995 (3 consecutive failures): Timed out: Failed to ping master at 127.112.245.254:35995: Ping RPC to 127.112.245.254:35995 timed out after 1.000s (SENT)
W0227 17:26:42.634672 124857 heartbeater.cc:586] Failed to heartbeat to 127.112.245.254:35995 (3 consecutive failures): Timed out: Failed to ping master at 127.112.245.254:35995: Ping RPC to 127.112.245.254:35995 timed out after 1.000s (SENT)
I0227 17:26:43.452811 22151 raft_consensus.cc:472] T 00000000000000000000000000000000 P 2e3d7e621b864672aaa91ea2d0bbd1b9 [term 8 FOLLOWER]: Starting pre-election (detected failure of leader 6cd5de61888340e681a3e5cd19fad418)
I0227 17:26:43.452973 22151 raft_consensus.cc:494] T 00000000000000000000000000000000 P 2e3d7e621b864672aaa91ea2d0bbd1b9 [term 8 FOLLOWER]: Starting pre-election with config: opid_index: -1 OBSOLETE_local: false peers { permanent_uuid: "c31e774156b64c02922906e3e2985c89" member_type: VOTER last_known_addr { host: "127.112.245.254" port: 35995 } } peers { permanent_uuid: "6cd5de61888340e681a3e5cd19fad418" member_type: VOTER last_known_addr { host: "127.112.245.253" port: 50732 } } peers { permanent_uuid: "2e3d7e621b864672aaa91ea2d0bbd1b9" member_type: VOTER last_known_addr { host: "127.112.245.252" port: 58453 } }
I0227 17:26:43.453687 22151 leader_election.cc:292] T 00000000000000000000000000000000 P 2e3d7e621b864672aaa91ea2d0bbd1b9 [CANDIDATE]: Term 9 pre-election: Requested pre-vote from peers c31e774156b64c02922906e3e2985c89 (127.112.245.254:35995), 6cd5de61888340e681a3e5cd19fad418 (127.112.245.253:50732)
I0227 17:26:43.454213 137461 tablet_service.cc:1010] Received RequestConsensusVote() RPC: tablet_id: "00000000000000000000000000000000" candidate_uuid: "2e3d7e621b864672aaa91ea2d0bbd1b9" candidate_term: 9 candidate_status { last_received { term: 8 index: 45 } } ignore_live_leader: false dest_uuid: "6cd5de61888340e681a3e5cd19fad418" is_pre_election: true
I0227 17:26:43.454289 137461 raft_consensus.cc:2307] T 00000000000000000000000000000000 P 6cd5de61888340e681a3e5cd19fad418 [term 8 LEADER]: Leader pre-election vote request: Denying vote to candidate 2e3d7e621b864672aaa91ea2d0bbd1b9 for term 9 because replica is either leader or believes a valid leader to be alive.
W0227 17:26:44.081290 20222 negotiation.cc:313] Failed RPC negotiation. Trace: 0227 17:26:41.080774 (+ 0us) reactor.cc:583] Submitting negotiation task for client connection to 127.112.245.254:35995 0227 17:26:41.081122 (+ 348us) negotiation.cc:98] Waiting for socket to connect 0227 17:26:41.081139 (+ 17us) client_negotiation.cc:167] Beginning negotiation 0227 17:26:41.081253 (+ 114us) client_negotiation.cc:244] Sending NEGOTIATE NegotiatePB request 0227 17:26:44.081160 (+2999907us) negotiation.cc:304] Negotiation complete: Timed out: Client connection negotiation failed: client connection to 127.112.245.254:35995 Metrics: {"client-negotiator.queue_time_us":202,"thread_start_us":94,"threads_started":1}
W0227 17:26:44.081421 13447 leader_election.cc:337] T 00000000000000000000000000000000 P 2e3d7e621b864672aaa91ea2d0bbd1b9 [CANDIDATE]: Term 9 pre-election: RPC error from VoteRequest() call to peer c31e774156b64c02922906e3e2985c89 (127.112.245.254:35995): Timed out: Client connection negotiation failed: client connection to 127.112.245.254:35995
I0227 17:26:44.081498 13447 leader_election.cc:306] T 00000000000000000000000000000000 P 2e3d7e621b864672aaa91ea2d0bbd1b9 [CANDIDATE]: Term 9 pre-election: Election decided. Result: candidate lost. Election summary: received 3 responses out of 3 voters: 1 yes votes; 2 no votes. yes voters: 2e3d7e621b864672aaa91ea2d0bbd1b9; no voters: 6cd5de61888340e681a3e5cd19fad418, c31e774156b64c02922906e3e2985c89
I0227 17:26:44.081841 22791 raft_consensus.cc:2588] T 00000000000000000000000000000000 P 2e3d7e621b864672aaa91ea2d0bbd1b9 [term 8 FOLLOWER]: Leader pre-election lost for term 9. Reason: could not achieve majority
I0227 17:26:44.937153 23942 raft_consensus.cc:472] T 00000000000000000000000000000000 P 2e3d7e621b864672aaa91ea2d0bbd1b9 [term 8 FOLLOWER]: Starting pre-election (detected failure of leader 6cd5de61888340e681a3e5cd19fad418)
I0227 17:26:44.937261 23942 raft_consensus.cc:494] T 00000000000000000000000000000000 P 2e3d7e621b864672aaa91ea2d0bbd1b9 [term 8 FOLLOWER]: Starting pre-election with config: opid_index: -1 OBSOLETE_local: false peers { permanent_uuid: "c31e774156b64c02922906e3e2985c89" member_type: VOTER last_known_addr { host: "127.112.245.254" port: 35995 } } peers { permanent_uuid: "6cd5de61888340e681a3e5cd19fad418" member_type: VOTER last_known_addr { host: "127.112.245.253" port: 50732 } } peers { permanent_uuid: "2e3d7e621b864672aaa91ea2d0bbd1b9" member_type: VOTER last_known_addr { host: "127.112.245.252" port: 58453 } }
I0227 17:26:44.937758 23942 leader_election.cc:292] T 00000000000000000000000000000000 P 2e3d7e621b864672aaa91ea2d0bbd1b9 [CANDIDATE]: Term 9 pre-election: Requested pre-vote from peers c31e774156b64c02922906e3e2985c89 (127.112.245.254:35995), 6cd5de61888340e681a3e5cd19fad418 (127.112.245.253:50732)
I0227 17:26:44.938175 137461 tablet_service.cc:1010] Received RequestConsensusVote() RPC: tablet_id: "00000000000000000000000000000000" candidate_uuid: "2e3d7e621b864672aaa91ea2d0bbd1b9" candidate_term: 9 candidate_status { last_received { term: 8 index: 45 } } ignore_live_leader: false dest_uuid: "6cd5de61888340e681a3e5cd19fad418" is_pre_election: true
I0227 17:26:44.938249 137461 raft_consensus.cc:2307] T 00000000000000000000000000000000 P 6cd5de61888340e681a3e5cd19fad418 [term 8 LEADER]: Leader pre-election vote request: Denying vote to candidate 2e3d7e621b864672aaa91ea2d0bbd1b9 for term 9 because replica is either leader or believes a valid leader to be alive.
I0227 17:26:45.479661 24149 raft_consensus.cc:472] T 00000000000000000000000000000000 P 2e3d7e621b864672aaa91ea2d0bbd1b9 [term 8 FOLLOWER]: Starting pre-election (detected failure of leader 6cd5de61888340e681a3e5cd19fad418)
I0227 17:26:45.479810 24149 raft_consensus.cc:494] T 00000000000000000000000000000000 P 2e3d7e621b864672aaa91ea2d0bbd1b9 [term 8 FOLLOWER]: Starting pre-election with config: opid_index: -1 OBSOLETE_local: false peers { permanent_uuid: "c31e774156b64c02922906e3e2985c89" member_type: VOTER last_known_addr { host: "127.112.245.254" port: 35995 } } peers { permanent_uuid: "6cd5de61888340e681a3e5cd19fad418" member_type: VOTER last_known_addr { host: "127.112.245.253" port: 50732 } } peers { permanent_uuid: "2e3d7e621b864672aaa91ea2d0bbd1b9" member_type: VOTER last_known_addr { host: "127.112.245.252" port: 58453 } }
I0227 17:26:45.480396 24149 leader_election.cc:292] T 00000000000000000000000000000000 P 2e3d7e621b864672aaa91ea2d0bbd1b9 [CANDIDATE]: Term 9 pre-election: Requested pre-vote from peers c31e774156b64c02922906e3e2985c89 (127.112.245.254:35995), 6cd5de61888340e681a3e5cd19fad418 (127.112.245.253:50732)
I0227 17:26:45.480918 137461 tablet_service.cc:1010] Received RequestConsensusVote() RPC: tablet_id: "00000000000000000000000000000000" candidate_uuid: "2e3d7e621b864672aaa91ea2d0bbd1b9" candidate_term: 9 candidate_status { last_received { term: 8 index: 45 } } ignore_live_leader: false dest_uuid: "6cd5de61888340e681a3e5cd19fad418" is_pre_election: true
I0227 17:26:45.481019 137461 raft_consensus.cc:2307] T 00000000000000000000000000000000 P 6cd5de61888340e681a3e5cd19fad418 [term 8 LEADER]: Leader pre-election vote request: Denying vote to candidate 2e3d7e621b864672aaa91ea2d0bbd1b9 for term 9 because replica is either leader or believes a valid leader to be alive.
W0227 17:26:45.565033 13447 leader_election.cc:337] T 00000000000000000000000000000000 P 2e3d7e621b864672aaa91ea2d0bbd1b9 [CANDIDATE]: Term 9 pre-election: RPC error from VoteRequest() call to peer c31e774156b64c02922906e3e2985c89 (127.112.245.254:35995): Timed out: connection negotiation to 127.112.245.254:35995 for RPC RequestConsensusVote timed out after 0.626s (ON_OUTBOUND_QUEUE)
