I0227 17:26:23.593199 137461 raft_consensus.cc:2886] T 00000000000000000000000000000000 P 6cd5de61888340e681a3e5cd19fad418 [term 6 FOLLOWER]: Advancing to term 7
I0227 17:26:23.594444 137461 raft_consensus.cc:2346] T 00000000000000000000000000000000 P 6cd5de61888340e681a3e5cd19fad418 [term 7 FOLLOWER]: Leader election vote request: Granting yes vote for candidate c31e774156b64c02922906e3e2985c89 in term 7.
I0227 17:26:23.594748 126593 leader_election.cc:306] T 00000000000000000000000000000000 P c31e774156b64c02922906e3e2985c89 [CANDIDATE]: Term 7 election: Election decided. Result: candidate won. Election summary: received 2 responses out of 3 voters: 2 yes votes; 0 no votes. yes voters: 6cd5de61888340e681a3e5cd19fad418, c31e774156b64c02922906e3e2985c89; no voters:
I0227 17:26:23.594913 1008 raft_consensus.cc:2640] T 00000000000000000000000000000000 P c31e774156b64c02922906e3e2985c89 [term 7 FOLLOWER]: Leader election won for term 7
I0227 17:26:23.595070 1008 raft_consensus.cc:667] T 00000000000000000000000000000000 P c31e774156b64c02922906e3e2985c89 [term 7 LEADER]: Becoming Leader. State: Replica: c31e774156b64c02922906e3e2985c89, State: Running, Role: LEADER
I0227 17:26:23.595257 1008 consensus_queue.cc:206] T 00000000000000000000000000000000 P c31e774156b64c02922906e3e2985c89 [LEADER]: Queue going to LEADER mode. State: All replicated index: 0, Majority replicated index: 34, Committed index: 34, Last appended: 6.34, Last appended by leader: 34, Current term: 7, Majority size: 2, State: 0, Mode: LEADER, active raft config: opid_index: -1 OBSOLETE_local: false peers { permanent_uuid: "c31e774156b64c02922906e3e2985c89" member_type: VOTER last_known_addr { host: "127.112.245.254" port: 35995 } } peers { permanent_uuid: "6cd5de61888340e681a3e5cd19fad418" member_type: VOTER last_known_addr { host: "127.112.245.253" port: 50732 } } peers { permanent_uuid: "2e3d7e621b864672aaa91ea2d0bbd1b9" member_type: VOTER last_known_addr { host: "127.112.245.252" port: 58453 } }
I0227 17:26:23.596047 1008 sys_catalog.cc:337] T 00000000000000000000000000000000 P c31e774156b64c02922906e3e2985c89 [sys.catalog]: SysCatalogTable state changed. Reason: New leader c31e774156b64c02922906e3e2985c89. Latest consensus state: current_term: 7 leader_uuid: "c31e774156b64c02922906e3e2985c89" committed_config { opid_index: -1 OBSOLETE_local: false peers { permanent_uuid: "c31e774156b64c02922906e3e2985c89" member_type: VOTER last_known_addr { host: "127.112.245.254" port: 35995 } } peers { permanent_uuid: "6cd5de61888340e681a3e5cd19fad418" member_type: VOTER last_known_addr { host: "127.112.245.253" port: 50732 } } peers { permanent_uuid: "2e3d7e621b864672aaa91ea2d0bbd1b9" member_type: VOTER last_known_addr { host: "127.112.245.252" port: 58453 } } }
I0227 17:26:23.596148 1008 sys_catalog.cc:340] T 00000000000000000000000000000000 P c31e774156b64c02922906e3e2985c89 [sys.catalog]: This master's current role is: LEADER
I0227 17:26:23.602555 1020 catalog_manager.cc:1046] Loading table and tablet metadata into memory...
I0227 17:26:23.603984 1020 catalog_manager.cc:347] Loaded metadata for table default.table_1 [id=7189818660584405852c5a4249b8601d]
I0227 17:26:23.604146 1020 catalog_manager.cc:347] Loaded metadata for table default.table_1_1 [id=ac73b8b72e334b67b7a5ce715797317f]
I0227 17:26:23.604288 1020 catalog_manager.cc:347] Loaded metadata for table default.table_0 [id=bc75674adf8e42de8857bcba6d648867]
I0227 17:26:23.604429 1020 catalog_manager.cc:347] Loaded metadata for table default.table_0_2 [id=c00fb13ccb9d43a6872d134e76f8bb45]
I0227 17:26:23.604563 1020 catalog_manager.cc:347] Loaded metadata for table default.table_0_0 [id=d18d4af2ae47433f9af25b21a92b3c31]
I0227 17:26:23.604706 1020 catalog_manager.cc:347] Loaded metadata for table default.table_0_1 [id=d8ec01a9c6424f27a548a16c9f453c4b]
I0227 17:26:23.604838 1020 catalog_manager.cc:347] Loaded metadata for table default.table_1_0 [id=fc09c0e69c204983ad92186871b2f276]
I0227 17:26:23.605664 1020 catalog_manager.cc:401] Loaded metadata for tablet 0156483f43f14f4e9fe0e5dc35c12333 (table default.table_1_1 [id=ac73b8b72e334b67b7a5ce715797317f])
I0227 17:26:23.605842 1020 catalog_manager.cc:401] Loaded metadata for tablet 5c60704670c44ebf81ffea4c83d5a8d4 (table default.table_1_0 [id=fc09c0e69c204983ad92186871b2f276])
I0227 17:26:23.605998 1020 catalog_manager.cc:401] Loaded metadata for tablet 8c4950a6e6e54bc59d6e40c00df12fab (table default.table_0_1 [id=d8ec01a9c6424f27a548a16c9f453c4b])
I0227 17:26:23.611500 1020 catalog_manager.cc:401] Loaded metadata for tablet 9808ecd2a4be428290fa53bb51dd17d4 (table default.table_0_0 [id=d18d4af2ae47433f9af25b21a92b3c31])
I0227 17:26:23.611666 1020 catalog_manager.cc:401] Loaded metadata for tablet bf54e38e762844a18884463d41a59bf2 (table default.table_0_2 [id=c00fb13ccb9d43a6872d134e76f8bb45])
I0227 17:26:23.611829 1020 catalog_manager.cc:401] Loaded metadata for tablet dd3249f630b848c8b1efd3a68065de81 (table default.table_1 [id=7189818660584405852c5a4249b8601d])
I0227 17:26:23.611984 1020 catalog_manager.cc:401] Loaded metadata for tablet fcd66b3d06b5442b9b1b4d34c6d0667b (table default.table_0 [id=bc75674adf8e42de8857bcba6d648867])
I0227 17:26:23.612212 1020 catalog_manager.cc:1057] Initializing Kudu internal certificate authority...
I0227 17:26:23.613273 1020 catalog_manager.cc:1066] Loading token signing keys...
I0227 17:26:23.620066 1020 catalog_manager.cc:4106] T 00000000000000000000000000000000 P c31e774156b64c02922906e3e2985c89: Loaded TSK: 0
I0227 17:26:23.620448 1020 catalog_manager.cc:1077] Loading latest processed Hive Metastore notification log event ID... 17:26:23.694 [HMS - ERROR - pool-8-thread-3] (RetryingHMSHandler.java:204) AlreadyExistsException(message:Table table_1_1 already exists)
at org.apache.hadoop.hive.metastore.HiveMetaStore$HMSHandler.create_table_core(HiveMetaStore.java:1452)
at org.apache.hadoop.hive.metastore.HiveMetaStore$HMSHandler.create_table_with_environment_context(HiveMetaStore.java:1539)
at sun.reflect.NativeMethodAccessorImpl.invoke0(Native Method)
at sun.reflect.NativeMethodAccessorImpl.invoke(NativeMethodAccessorImpl.java:62)
at sun.reflect.DelegatingMethodAccessorImpl.invoke(DelegatingMethodAccessorImpl.java:43)
at java.lang.reflect.Method.invoke(Method.java:497)
at org.apache.hadoop.hive.metastore.RetryingHMSHandler.invokeInternal(RetryingHMSHandler.java:148)
at org.apache.hadoop.hive.metastore.RetryingHMSHandler.invoke(RetryingHMSHandler.java:107)
at com.sun.proxy.$Proxy24.create_table_with_environment_context(Unknown Source)
at org.apache.hadoop.hive.metastore.api.ThriftHiveMetastore$Processor$create_table_with_environment_context.getResult(ThriftHiveMetastore.java:11191)
at org.apache.hadoop.hive.metastore.api.ThriftHiveMetastore$Processor$create_table_with_environment_context.getResult(ThriftHiveMetastore.java:11175)
at org.apache.thrift.ProcessFunction.process(ProcessFunction.java:39)
at org.apache.hadoop.hive.metastore.TUGIBasedProcessor.process(TUGIBasedProcessor.java:103)
at org.apache.thrift.server.TThreadPoolServer$WorkerProcess.run(TThreadPoolServer.java:286)
at java.util.concurrent.ThreadPoolExecutor.runWorker(ThreadPoolExecutor.java:1142)
at java.util.concurrent.ThreadPoolExecutor$Worker.run(ThreadPoolExecutor.java:617)
at java.lang.Thread.run(Thread.java:745)
W0227 17:26:23.701603 137453 catalog_manager.cc:1615] Already present: an error occurred while creating table default.table_1_1 in the HMS: failed to create Hive MetaStore table: TException - service has thrown: AlreadyExistsException(message=Table table_1_1 already exists)
I0227 17:26:23.981508 137461 raft_consensus.cc:1181] T 00000000000000000000000000000000 P 6cd5de61888340e681a3e5cd19fad418 [term 7 FOLLOWER]: Refusing update from remote peer c31e774156b64c02922906e3e2985c89: Log matching property violated. Preceding OpId in replica: term: 5 index: 29. Preceding OpId from leader: term: 7 index: 35. (index mismatch)
I0227 17:26:23.982065 1019 consensus_queue.cc:984] T 00000000000000000000000000000000 P c31e774156b64c02922906e3e2985c89 [LEADER]: Connected to new peer: Peer: permanent_uuid: "6cd5de61888340e681a3e5cd19fad418" member_type: VOTER last_known_addr { host: "127.112.245.253" port: 50732 }, Status: LMP_MISMATCH, Last received: 0.0, Next index: 35, Last known committed idx: 29, Time since last communication: 0.000s
I0227 17:26:23.986063 1176 sys_catalog.cc:337] T 00000000000000000000000000000000 P 6cd5de61888340e681a3e5cd19fad418 [sys.catalog]: SysCatalogTable state changed. Reason: New leader c31e774156b64c02922906e3e2985c89. Latest consensus state: current_term: 7 leader_uuid: "c31e774156b64c02922906e3e2985c89" committed_config { opid_index: -1 OBSOLETE_local: false peers { permanent_uuid: "c31e774156b64c02922906e3e2985c89" member_type: VOTER last_known_addr { host: "127.112.245.254" port: 35995 } } peers { permanent_uuid: "6cd5de61888340e681a3e5cd19fad418" member_type: VOTER last_known_addr { host: "127.112.245.253" port: 50732 } } peers { permanent_uuid: "2e3d7e621b864672aaa91ea2d0bbd1b9" member_type: VOTER last_known_addr { host: "127.112.245.252" port: 58453 } } }
I0227 17:26:23.986104 1176 sys_catalog.cc:340] T 00000000000000000000000000000000 P 6cd5de61888340e681a3e5cd19fad418 [sys.catalog]: This master's current role is: FOLLOWER
I0227 17:26:23.986212 1176 sys_catalog.cc:337] T 00000000000000000000000000000000 P 6cd5de61888340e681a3e5cd19fad418 [sys.catalog]: SysCatalogTable state changed. Reason: Replicated consensus-only round. Latest consensus state: current_term: 7 leader_uuid: "c31e774156b64c02922906e3e2985c89" committed_config { opid_index: -1 OBSOLETE_local: false peers { permanent_uuid: "c31e774156b64c02922906e3e2985c89" member_type: VOTER last_known_addr { host: "127.112.245.254" port: 35995 } } peers { permanent_uuid: "6cd5de61888340e681a3e5cd19fad418" member_type: VOTER last_known_addr { host: "127.112.245.253" port: 50732 } } peers { permanent_uuid: "2e3d7e621b864672aaa91ea2d0bbd1b9" member_type: VOTER last_known_addr { host: "127.112.245.252" port: 58453 } } }
I0227 17:26:23.986235 1176 sys_catalog.cc:340] T 00000000000000000000000000000000 P 6cd5de61888340e681a3e5cd19fad418 [sys.catalog]: This master's current role is: FOLLOWER
I0227 17:26:24.000869 1019 sys_catalog.cc:337] T 00000000000000000000000000000000 P c31e774156b64c02922906e3e2985c89 [sys.catalog]: SysCatalogTable state changed. Reason: Peer health change. Latest consensus state: current_term: 7 leader_uuid: "c31e774156b64c02922906e3e2985c89" committed_config { opid_index: -1 OBSOLETE_local: false peers { permanent_uuid: "c31e774156b64c02922906e3e2985c89" member_type: VOTER last_known_addr { host: "127.112.245.254" port: 35995 } } peers { permanent_uuid: "6cd5de61888340e681a3e5cd19fad418" member_type: VOTER last_known_addr { host: "127.112.245.253" port: 50732 } } peers { permanent_uuid: "2e3d7e621b864672aaa91ea2d0bbd1b9" member_type: VOTER last_known_addr { host: "127.112.245.252" port: 58453 } } }
I0227 17:26:24.000916 1019 sys_catalog.cc:340] T 00000000000000000000000000000000 P c31e774156b64c02922906e3e2985c89 [sys.catalog]: This master's current role is: LEADER
I0227 17:26:24.001260 1179 sys_catalog.cc:337] T 00000000000000000000000000000000 P 6cd5de61888340e681a3e5cd19fad418 [sys.catalog]: SysCatalogTable state changed. Reason: Replicated consensus-only round. Latest consensus state: current_term: 7 leader_uuid: "c31e774156b64c02922906e3e2985c89" committed_config { opid_index: -1 OBSOLETE_local: false peers { permanent_uuid: "c31e774156b64c02922906e3e2985c89" member_type: VOTER last_known_addr { host: "127.112.245.254" port: 35995 } } peers { permanent_uuid: "6cd5de61888340e681a3e5cd19fad418" member_type: VOTER last_known_addr { host: "127.112.245.253" port: 50732 } } peers { permanent_uuid: "2e3d7e621b864672aaa91ea2d0bbd1b9" member_type: VOTER last_known_addr { host: "127.112.245.252" port: 58453 } } }
I0227 17:26:24.001296 1179 sys_catalog.cc:340] T 00000000000000000000000000000000 P 6cd5de61888340e681a3e5cd19fad418 [sys.catalog]: This master's current role is: FOLLOWER
I0227 17:26:24.019680 1177 mvcc.cc:203] Tried to move safe_time back from 6354195180141555712 to 6354195139502178304. Current Snapshot: MvccSnapshot[committed={T|T < 6354195180141555712}]
W0227 17:26:24.196314 126592 leader_election.cc:337] T 00000000000000000000000000000000 P c31e774156b64c02922906e3e2985c89 [CANDIDATE]: Term 7 pre-election: RPC error from VoteRequest() call to peer 2e3d7e621b864672aaa91ea2d0bbd1b9 (127.112.245.252:58453): Timed out: RequestConsensusVote RPC to 127.112.245.252:58453 timed out after 0.605s (SENT)
W0227 17:26:24.322721 126592 leader_election.cc:337] T 00000000000000000000000000000000 P c31e774156b64c02922906e3e2985c89 [CANDIDATE]: Term 7 election: RPC error from VoteRequest() call to peer 2e3d7e621b864672aaa91ea2d0bbd1b9 (127.112.245.252:58453): Timed out: RequestConsensusVote RPC to 127.112.245.252:58453 timed out after 0.726s (SENT)
I0227 17:26:24.510143 1381 raft_consensus.cc:472] T 00000000000000000000000000000000 P 6cd5de61888340e681a3e5cd19fad418 [term 7 FOLLOWER]: Starting pre-election (detected failure of leader c31e774156b64c02922906e3e2985c89)
I0227 17:26:24.510277 1381 raft_consensus.cc:494] T 00000000000000000000000000000000 P 6cd5de61888340e681a3e5cd19fad418 [term 7 FOLLOWER]: Starting pre-election with config: opid_index: -1 OBSOLETE_local: false peers { permanent_uuid: "c31e774156b64c02922906e3e2985c89" member_type: VOTER last_known_addr { host: "127.112.245.254" port: 35995 } } peers { permanent_uuid: "6cd5de61888340e681a3e5cd19fad418" member_type: VOTER last_known_addr { host: "127.112.245.253" port: 50732 } } peers { permanent_uuid: "2e3d7e621b864672aaa91ea2d0bbd1b9" member_type: VOTER last_known_addr { host: "127.112.245.252" port: 58453 } }
I0227 17:26:24.510824 1381 leader_election.cc:292] T 00000000000000000000000000000000 P 6cd5de61888340e681a3e5cd19fad418 [CANDIDATE]: Term 8 pre-election: Requested pre-vote from peers c31e774156b64c02922906e3e2985c89 (127.112.245.254:35995), 2e3d7e621b864672aaa91ea2d0bbd1b9 (127.112.245.252:58453)
I0227 17:26:24.511296 126662 tablet_service.cc:1010] Received RequestConsensusVote() RPC: tablet_id: "00000000000000000000000000000000" candidate_uuid: "6cd5de61888340e681a3e5cd19fad418" candidate_term: 8 candidate_status { last_received { term: 7 index: 35 } } ignore_live_leader: false dest_uuid: "c31e774156b64c02922906e3e2985c89" is_pre_election: true
I0227 17:26:24.511397 126662 raft_consensus.cc:2307] T 00000000000000000000000000000000 P c31e774156b64c02922906e3e2985c89 [term 7 LEADER]: Leader pre-election vote request: Denying vote to candidate 6cd5de61888340e681a3e5cd19fad418 for term 8 because replica is either leader or believes a valid leader to be alive.
I0227 17:26:24.518443 124857 heartbeater.cc:466] Master 127.112.245.254:35995 was elected leader, sending a full tablet report...
I0227 17:26:24.622576 125384 heartbeater.cc:466] Master 127.112.245.254:35995 was elected leader, sending a full tablet report...
I0227 17:26:24.624105 125070 heartbeater.cc:466] Master 127.112.245.254:35995 was elected leader, sending a full tablet report...
W0227 17:26:25.012055 137432 leader_election.cc:337] T 00000000000000000000000000000000 P 6cd5de61888340e681a3e5cd19fad418 [CANDIDATE]: Term 8 pre-election: RPC error from VoteRequest() call to peer 2e3d7e621b864672aaa91ea2d0bbd1b9 (127.112.245.252:58453): Timed out: RequestConsensusVote RPC to 127.112.245.252:58453 timed out after 0.500s (SENT)
I0227 17:26:25.012136 137432 leader_election.cc:306] T 00000000000000000000000000000000 P 6cd5de61888340e681a3e5cd19fad418 [CANDIDATE]: Term 8 pre-election: Election decided. Result: candidate lost. Election summary: received 3 responses out of 3 voters: 1 yes votes; 2 no votes. yes voters: 6cd5de61888340e681a3e5cd19fad418; no voters: 2e3d7e621b864672aaa91ea2d0bbd1b9, c31e774156b64c02922906e3e2985c89
I0227 17:26:25.022271 1593 raft_consensus.cc:2588] T 00000000000000000000000000000000 P 6cd5de61888340e681a3e5cd19fad418 [term 7 FOLLOWER]: Leader pre-election lost for term 8. Reason: could not achieve majority
I0227 17:26:25.609335 2100 raft_consensus.cc:472] T 00000000000000000000000000000000 P 6cd5de61888340e681a3e5cd19fad418 [term 7 FOLLOWER]: Starting pre-election (detected failure of leader c31e774156b64c02922906e3e2985c89)
I0227 17:26:25.611374 2100 raft_consensus.cc:494] T 00000000000000000000000000000000 P 6cd5de61888340e681a3e5cd19fad418 [term 7 FOLLOWER]: Starting pre-election with config: opid_index: -1 OBSOLETE_local: false peers { permanent_uuid: "c31e774156b64c02922906e3e2985c89" member_type: VOTER last_known_addr { host: "127.112.245.254" port: 35995 } } peers { permanent_uuid: "6cd5de61888340e681a3e5cd19fad418" member_type: VOTER last_known_addr { host: "127.112.245.253" port: 50732 } } peers { permanent_uuid: "2e3d7e621b864672aaa91ea2d0bbd1b9" member_type: VOTER last_known_addr { host: "127.112.245.252" port: 58453 } }
I0227 17:26:25.612025 2100 leader_election.cc:292] T 00000000000000000000000000000000 P 6cd5de61888340e681a3e5cd19fad418 [CANDIDATE]: Term 8 pre-election: Requested pre-vote from peers c31e774156b64c02922906e3e2985c89 (127.112.245.254:35995), 2e3d7e621b864672aaa91ea2d0bbd1b9 (127.112.245.252:58453)
I0227 17:26:25.612525 126662 tablet_service.cc:1010] Received RequestConsensusVote() RPC: tablet_id: "00000000000000000000000000000000" candidate_uuid: "6cd5de61888340e681a3e5cd19fad418" candidate_term: 8 candidate_status { last_received { term: 7 index: 35 } } ignore_live_leader: false dest_uuid: "c31e774156b64c02922906e3e2985c89" is_pre_election: true
I0227 17:26:25.612622 126662 raft_consensus.cc:2307] T 00000000000000000000000000000000 P c31e774156b64c02922906e3e2985c89 [term 7 LEADER]: Leader pre-election vote request: Denying vote to candidate 6cd5de61888340e681a3e5cd19fad418 for term 8 because replica is either leader or believes a valid leader to be alive.
W0227 17:26:26.147892 137432 leader_election.cc:337] T 00000000000000000000000000000000 P 6cd5de61888340e681a3e5cd19fad418 [CANDIDATE]: Term 8 pre-election: RPC error from VoteRequest() call to peer 2e3d7e621b864672aaa91ea2d0bbd1b9 (127.112.245.252:58453): Timed out: RequestConsensusVote RPC to 127.112.245.252:58453 timed out after 0.534s (SENT)
I0227 17:26:26.147976 137432 leader_election.cc:306] T 00000000000000000000000000000000 P 6cd5de61888340e681a3e5cd19fad418 [CANDIDATE]: Term 8 pre-election: Election decided. Result: candidate lost. Election summary: received 3 responses out of 3 voters: 1 yes votes; 2 no votes. yes voters: 6cd5de61888340e681a3e5cd19fad418; no voters: 2e3d7e621b864672aaa91ea2d0bbd1b9, c31e774156b64c02922906e3e2985c89
I0227 17:26:26.155721 2851 raft_consensus.cc:2588] T 00000000000000000000000000000000 P 6cd5de61888340e681a3e5cd19fad418 [term 7 FOLLOWER]: Leader pre-election lost for term 8. Reason: could not achieve majority
I0227 17:26:28.130208 5621 raft_consensus.cc:472] T 00000000000000000000000000000000 P 6cd5de61888340e681a3e5cd19fad418 [term 7 FOLLOWER]: Starting pre-election (detected failure of leader c31e774156b64c02922906e3e2985c89)
I0227 17:26:28.130398 5621 raft_consensus.cc:494] T 00000000000000000000000000000000 P 6cd5de61888340e681a3e5cd19fad418 [term 7 FOLLOWER]: Starting pre-election with config: opid_index: -1 OBSOLETE_local: false peers { permanent_uuid: "c31e774156b64c02922906e3e2985c89" member_type: VOTER last_known_addr { host: "127.112.245.254" port: 35995 } } peers { permanent_uuid: "6cd5de61888340e681a3e5cd19fad418" member_type: VOTER last_known_addr { host: "127.112.245.253" port: 50732 } } peers { permanent_uuid: "2e3d7e621b864672aaa91ea2d0bbd1b9" member_type: VOTER last_known_addr { host: "127.112.245.252" port: 58453 } }
I0227 17:26:28.130993 5621 leader_election.cc:292] T 00000000000000000000000000000000 P 6cd5de61888340e681a3e5cd19fad418 [CANDIDATE]: Term 8 pre-election: Requested pre-vote from peers c31e774156b64c02922906e3e2985c89 (127.112.245.254:35995), 2e3d7e621b864672aaa91ea2d0bbd1b9 (127.112.245.252:58453)
I0227 17:26:28.131470 126662 tablet_service.cc:1010] Received RequestConsensusVote() RPC: tablet_id: "00000000000000000000000000000000" candidate_uuid: "6cd5de61888340e681a3e5cd19fad418" candidate_term: 8 candidate_status { last_received { term: 7 index: 35 } } ignore_live_leader: false dest_uuid: "c31e774156b64c02922906e3e2985c89" is_pre_election: true
I0227 17:26:28.131573 126662 raft_consensus.cc:2307] T 00000000000000000000000000000000 P c31e774156b64c02922906e3e2985c89 [term 7 LEADER]: Leader pre-election vote request: Denying vote to candidate 6cd5de61888340e681a3e5cd19fad418 for term 8 because replica is either leader or believes a valid leader to be alive.
W0227 17:26:28.649019 137432 leader_election.cc:337] T 00000000000000000000000000000000 P 6cd5de61888340e681a3e5cd19fad418 [CANDIDATE]: Term 8 pre-election: RPC error from VoteRequest() call to peer 2e3d7e621b864672aaa91ea2d0bbd1b9 (127.112.245.252:58453): Timed out: RequestConsensusVote RPC to 127.112.245.252:58453 timed out after 0.517s (SENT)
I0227 17:26:28.649129 137432 leader_election.cc:306] T 00000000000000000000000000000000 P 6cd5de61888340e681a3e5cd19fad418 [CANDIDATE]: Term 8 pre-election: Election decided. Result: candidate lost. Election summary: received 3 responses out of 3 voters: 1 yes votes; 2 no votes. yes voters: 6cd5de61888340e681a3e5cd19fad418; no voters: 2e3d7e621b864672aaa91ea2d0bbd1b9, c31e774156b64c02922906e3e2985c89
I0227 17:26:28.659353 6394 raft_consensus.cc:2588] T 00000000000000000000000000000000 P 6cd5de61888340e681a3e5cd19fad418 [term 7 FOLLOWER]: Leader pre-election lost for term 8. Reason: could not achieve majority
I0227 17:26:29.339280 7096 raft_consensus.cc:472] T 00000000000000000000000000000000 P 6cd5de61888340e681a3e5cd19fad418 [term 7 FOLLOWER]: Starting pre-election (detected failure of leader c31e774156b64c02922906e3e2985c89)
I0227 17:26:29.341259 7096 raft_consensus.cc:494] T 00000000000000000000000000000000 P 6cd5de61888340e681a3e5cd19fad418 [term 7 FOLLOWER]: Starting pre-election with config: opid_index: -1 OBSOLETE_local: false peers { permanent_uuid: "c31e774156b64c02922906e3e2985c89" member_type: VOTER last_known_addr { host: "127.112.245.254" port: 35995 } } peers { permanent_uuid: "6cd5de61888340e681a3e5cd19fad418" member_type: VOTER last_known_addr { host: "127.112.245.253" port: 50732 } } peers { permanent_uuid: "2e3d7e621b864672aaa91ea2d0bbd1b9" member_type: VOTER last_known_addr { host: "127.112.245.252" port: 58453 } }
I0227 17:26:29.341969 7096 leader_election.cc:292] T 00000000000000000000000000000000 P 6cd5de61888340e681a3e5cd19fad418 [CANDIDATE]: Term 8 pre-election: Requested pre-vote from peers c31e774156b64c02922906e3e2985c89 (127.112.245.254:35995), 2e3d7e621b864672aaa91ea2d0bbd1b9 (127.112.245.252:58453)
I0227 17:26:29.342483 126662 tablet_service.cc:1010] Received RequestConsensusVote() RPC: tablet_id: "00000000000000000000000000000000" candidate_uuid: "6cd5de61888340e681a3e5cd19fad418" candidate_term: 8 candidate_status { last_received { term: 7 index: 35 } } ignore_live_leader: false dest_uuid: "c31e774156b64c02922906e3e2985c89" is_pre_election: true
I0227 17:26:29.342582 126662 raft_consensus.cc:2307] T 00000000000000000000000000000000 P c31e774156b64c02922906e3e2985c89 [term 7 LEADER]: Leader pre-election vote request: Denying vote to candidate 6cd5de61888340e681a3e5cd19fad418 for term 8 because replica is either leader or believes a valid leader to be alive.
W0227 17:26:29.888691 137432 leader_election.cc:337] T 00000000000000000000000000000000 P 6cd5de61888340e681a3e5cd19fad418 [CANDIDATE]: Term 8 pre-election: RPC error from VoteRequest() call to peer 2e3d7e621b864672aaa91ea2d0bbd1b9 (127.112.245.252:58453): Timed out: RequestConsensusVote RPC to 127.112.245.252:58453 timed out after 0.545s (SENT)
I0227 17:26:29.888795 137432 leader_election.cc:306] T 00000000000000000000000000000000 P 6cd5de61888340e681a3e5cd19fad418 [CANDIDATE]: Term 8 pre-election: Election decided. Result: candidate lost. Election summary: received 3 responses out of 3 voters: 1 yes votes; 2 no votes. yes voters: 6cd5de61888340e681a3e5cd19fad418; no voters: 2e3d7e621b864672aaa91ea2d0bbd1b9, c31e774156b64c02922906e3e2985c89
I0227 17:26:29.900154 7487 raft_consensus.cc:2588] T 00000000000000000000000000000000 P 6cd5de61888340e681a3e5cd19fad418 [term 7 FOLLOWER]: Leader pre-election lost for term 8. Reason: could not achieve majority
I0227 17:26:31.502770 9018 raft_consensus.cc:472] T 00000000000000000000000000000000 P 6cd5de61888340e681a3e5cd19fad418 [term 7 FOLLOWER]: Starting pre-election (detected failure of leader c31e774156b64c02922906e3e2985c89)
I0227 17:26:31.503281 9018 raft_consensus.cc:494] T 00000000000000000000000000000000 P 6cd5de61888340e681a3e5cd19fad418 [term 7 FOLLOWER]: Starting pre-election with config: opid_index: -1 OBSOLETE_local: false peers { permanent_uuid: "c31e774156b64c02922906e3e2985c89" member_type: VOTER last_known_addr { host: "127.112.245.254" port: 35995 } } peers { permanent_uuid: "6cd5de61888340e681a3e5cd19fad418" member_type: VOTER last_known_addr { host: "127.112.245.253" port: 50732 } } peers { permanent_uuid: "2e3d7e621b864672aaa91ea2d0bbd1b9" member_type: VOTER last_known_addr { host: "127.112.245.252" port: 58453 } }
I0227 17:26:31.503908 9018 leader_election.cc:292] T 00000000000000000000000000000000 P 6cd5de61888340e681a3e5cd19fad418 [CANDIDATE]: Term 8 pre-election: Requested pre-vote from peers c31e774156b64c02922906e3e2985c89 (127.112.245.254:35995), 2e3d7e621b864672aaa91ea2d0bbd1b9 (127.112.245.252:58453)
I0227 17:26:31.504523 126662 tablet_service.cc:1010] Received RequestConsensusVote() RPC: tablet_id: "00000000000000000000000000000000" candidate_uuid: "6cd5de61888340e681a3e5cd19fad418" candidate_term: 8 candidate_status { last_received { term: 7 index: 36 } } ignore_live_leader: false dest_uuid: "c31e774156b64c02922906e3e2985c89" is_pre_election: true
I0227 17:26:31.504613 126662 raft_consensus.cc:2307] T 00000000000000000000000000000000 P c31e774156b64c02922906e3e2985c89 [term 7 LEADER]: Leader pre-election vote request: Denying vote to candidate 6cd5de61888340e681a3e5cd19fad418 for term 8 because replica is either leader or believes a valid leader to be alive.
I0227 17:26:32.030171 9546 raft_consensus.cc:472] T 00000000000000000000000000000000 P 6cd5de61888340e681a3e5cd19fad418 [term 7 FOLLOWER]: Starting pre-election (detected failure of leader c31e774156b64c02922906e3e2985c89)
I0227 17:26:32.030341 9546 raft_consensus.cc:494] T 00000000000000000000000000000000 P 6cd5de61888340e681a3e5cd19fad418 [term 7 FOLLOWER]: Starting pre-election with config: opid_index: -1 OBSOLETE_local: false peers { permanent_uuid: "c31e774156b64c02922906e3e2985c89" member_type: VOTER last_known_addr { host: "127.112.245.254" port: 35995 } } peers { permanent_uuid: "6cd5de61888340e681a3e5cd19fad418" member_type: VOTER last_known_addr { host: "127.112.245.253" port: 50732 } } peers { permanent_uuid: "2e3d7e621b864672aaa91ea2d0bbd1b9" member_type: VOTER last_known_addr { host: "127.112.245.252" port: 58453 } }
I0227 17:26:32.030964 9546 leader_election.cc:292] T 00000000000000000000000000000000 P 6cd5de61888340e681a3e5cd19fad418 [CANDIDATE]: Term 8 pre-election: Requested pre-vote from peers c31e774156b64c02922906e3e2985c89 (127.112.245.254:35995), 2e3d7e621b864672aaa91ea2d0bbd1b9 (127.112.245.252:58453)
I0227 17:26:32.031411 126662 tablet_service.cc:1010] Received RequestConsensusVote() RPC: tablet_id: "00000000000000000000000000000000" candidate_uuid: "6cd5de61888340e681a3e5cd19fad418" candidate_term: 8 candidate_status { last_received { term: 7 index: 36 } } ignore_live_leader: false dest_uuid: "c31e774156b64c02922906e3e2985c89" is_pre_election: true
I0227 17:26:32.031494 126662 raft_consensus.cc:2307] T 00000000000000000000000000000000 P c31e774156b64c02922906e3e2985c89 [term 7 LEADER]: Leader pre-election vote request: Denying vote to candidate 6cd5de61888340e681a3e5cd19fad418 for term 8 because replica is either leader or believes a valid leader to be alive.
W0227 17:26:32.065444 137432 leader_election.cc:337] T 00000000000000000000000000000000 P 6cd5de61888340e681a3e5cd19fad418 [CANDIDATE]: Term 8 pre-election: RPC error from VoteRequest() call to peer 2e3d7e621b864672aaa91ea2d0bbd1b9 (127.112.245.252:58453): Timed out: RequestConsensusVote RPC to 127.112.245.252:58453 timed out after 0.560s (SENT)
I0227 17:26:32.065526 137432 leader_election.cc:306] T 00000000000000000000000000000000 P 6cd5de61888340e681a3e5cd19fad418 [CANDIDATE]: Term 8 pre-election: Election decided. Result: candidate lost. Election summary: received 3 responses out of 3 voters: 1 yes votes; 2 no votes. yes voters: 6cd5de61888340e681a3e5cd19fad418; no voters: 2e3d7e621b864672aaa91ea2d0bbd1b9, c31e774156b64c02922906e3e2985c89
I0227 17:26:32.065701 9546 raft_consensus.cc:2588] T 00000000000000000000000000000000 P 6cd5de61888340e681a3e5cd19fad418 [term 7 FOLLOWER]: Leader pre-election lost for term 8. Reason: could not achieve majority
W0227 17:26:32.734139 137432 leader_election.cc:337] T 00000000000000000000000000000000 P 6cd5de61888340e681a3e5cd19fad418 [CANDIDATE]: Term 8 pre-election: RPC error from VoteRequest() call to peer 2e3d7e621b864672aaa91ea2d0bbd1b9 (127.112.245.252:58453): Timed out: RequestConsensusVote RPC to 127.112.245.252:58453 timed out after 0.700s (SENT)
I0227 17:26:32.734210 137432 leader_election.cc:306] T 00000000000000000000000000000000 P 6cd5de61888340e681a3e5cd19fad418 [CANDIDATE]: Term 8 pre-election: Election decided. Result: candidate lost. Election summary: received 3 responses out of 3 voters: 1 yes votes; 2 no votes. yes voters: 6cd5de61888340e681a3e5cd19fad418; no voters: 2e3d7e621b864672aaa91ea2d0bbd1b9, c31e774156b64c02922906e3e2985c89
I0227 17:26:32.737154 10076 raft_consensus.cc:2588] T 00000000000000000000000000000000 P 6cd5de61888340e681a3e5cd19fad418 [term 7 FOLLOWER]: Leader pre-election lost for term 8. Reason: could not achieve majority
W0227 17:26:33.340632 125414 master_proxy_rpc.cc:192] Re-attempting CreateTable request to leader Master (127.112.245.252:58453)
I0227 17:26:33.345978 126649 catalog_manager.cc:1386] Servicing CreateTable request from {username='adar'} at 127.112.245.254:47010: name: "default.table_1_2" schema { columns { name: "key" type: INT32 is_key: true is_nullable: false encoding: AUTO_ENCODING compression: DEFAULT_COMPRESSION cfile_block_size: 0 } columns { name: "int_val" type: INT32 is_key: false is_nullable: false encoding: AUTO_ENCODING compression: DEFAULT_COMPRESSION cfile_block_size: 0 } columns { name: "string_val" type: STRING is_key: false is_nullable: false encoding: AUTO_ENCODING compression: DEFAULT_COMPRESSION cfile_block_size: 0 } } split_rows_range_bounds { } partition_schema { range_schema { columns { name: "key" } } }
W0227 17:26:33.346349 126649 catalog_manager.cc:1537] The number of live tablet servers is not enough to re-replicate a tablet replica of the newly created table default.table_1_2 in case of a server failure: 4 tablet servers would be needed, 3 are available. Consider bringing up more tablet servers.
I0227 17:26:33.515275 124988 tablet_service.cc:774] Processing CreateTablet for tablet 7fae960e7b5343338ea18dbb27e5f63a (table=default.table_1_2 [id=6e03f2b32ac4487aaefa599456dee7ff]), partition=RANGE (key) PARTITION UNBOUNDED
I0227 17:26:33.515287 125316 tablet_service.cc:774] Processing CreateTablet for tablet 7fae960e7b5343338ea18dbb27e5f63a (table=default.table_1_2 [id=6e03f2b32ac4487aaefa599456dee7ff]), partition=RANGE (key) PARTITION UNBOUNDED
I0227 17:26:33.515514 124988 data_dirs.cc:938] Could only allocate 1 dirs of requested 3 for tablet 7fae960e7b5343338ea18dbb27e5f63a. 1 dirs total, 0 dirs full, 0 dirs failed
I0227 17:26:33.515527 125316 data_dirs.cc:938] Could only allocate 1 dirs of requested 3 for tablet 7fae960e7b5343338ea18dbb27e5f63a. 1 dirs total, 0 dirs full, 0 dirs failed
I0227 17:26:33.517374 124988 ts_tablet_manager.cc:1175] T 7fae960e7b5343338ea18dbb27e5f63a P 39144add463f4fe89dc1ea42c778d8cf: Registered tablet (data state: TABLET_DATA_READY)
I0227 17:26:33.517395 124778 tablet_service.cc:774] Processing CreateTablet for tablet 7fae960e7b5343338ea18dbb27e5f63a (table=default.table_1_2 [id=6e03f2b32ac4487aaefa599456dee7ff]), partition=RANGE (key) PARTITION UNBOUNDED
I0227 17:26:33.517499 125316 ts_tablet_manager.cc:1175] T 7fae960e7b5343338ea18dbb27e5f63a P 9a4f55686db84876a066f455f6a41180: Registered tablet (data state: TABLET_DATA_READY)
I0227 17:26:33.517619 124778 data_dirs.cc:938] Could only allocate 1 dirs of requested 3 for tablet 7fae960e7b5343338ea18dbb27e5f63a. 1 dirs total, 0 dirs full, 0 dirs failed
I0227 17:26:33.519513 124778 ts_tablet_manager.cc:1175] T 7fae960e7b5343338ea18dbb27e5f63a P 9f6459ebb80643b98e01844aa2fd6338: Registered tablet (data state: TABLET_DATA_READY)
I0227 17:26:33.522480 10499 ts_tablet_manager.cc:1030] T 7fae960e7b5343338ea18dbb27e5f63a P 9a4f55686db84876a066f455f6a41180: Bootstrapping tablet
I0227 17:26:33.522640 10499 tablet_bootstrap.cc:439] T 7fae960e7b5343338ea18dbb27e5f63a P 9a4f55686db84876a066f455f6a41180: Bootstrap starting.
I0227 17:26:33.522750 10498 ts_tablet_manager.cc:1030] T 7fae960e7b5343338ea18dbb27e5f63a P 39144add463f4fe89dc1ea42c778d8cf: Bootstrapping tablet
I0227 17:26:33.522929 10498 tablet_bootstrap.cc:439] T 7fae960e7b5343338ea18dbb27e5f63a P 39144add463f4fe89dc1ea42c778d8cf: Bootstrap starting.
I0227 17:26:33.523975 10500 ts_tablet_manager.cc:1030] T 7fae960e7b5343338ea18dbb27e5f63a P 9f6459ebb80643b98e01844aa2fd6338: Bootstrapping tablet
I0227 17:26:33.524292 10500 tablet_bootstrap.cc:439] T 7fae960e7b5343338ea18dbb27e5f63a P 9f6459ebb80643b98e01844aa2fd6338: Bootstrap starting.
I0227 17:26:33.525262 10500 tablet_bootstrap.cc:593] T 7fae960e7b5343338ea18dbb27e5f63a P 9f6459ebb80643b98e01844aa2fd6338: No blocks or log segments found. Creating new log.
I0227 17:26:33.525436 10498 tablet_bootstrap.cc:593] T 7fae960e7b5343338ea18dbb27e5f63a P 39144add463f4fe89dc1ea42c778d8cf: No blocks or log segments found. Creating new log.
I0227 17:26:33.530966 10499 tablet_bootstrap.cc:593] T 7fae960e7b5343338ea18dbb27e5f63a P 9a4f55686db84876a066f455f6a41180: No blocks or log segments found. Creating new log.
I0227 17:26:33.535265 10499 tablet_bootstrap.cc:439] T 7fae960e7b5343338ea18dbb27e5f63a P 9a4f55686db84876a066f455f6a41180: No bootstrap required, opened a new log
I0227 17:26:33.535362 10499 ts_tablet_manager.cc:1047] T 7fae960e7b5343338ea18dbb27e5f63a P 9a4f55686db84876a066f455f6a41180: Time spent bootstrapping tablet: real 0.013s user 0.000s sys 0.001s
I0227 17:26:33.535722 10498 tablet_bootstrap.cc:439] T 7fae960e7b5343338ea18dbb27e5f63a P 39144add463f4fe89dc1ea42c778d8cf: No bootstrap required, opened a new log
I0227 17:26:33.535820 10498 ts_tablet_manager.cc:1047] T 7fae960e7b5343338ea18dbb27e5f63a P 39144add463f4fe89dc1ea42c778d8cf: Time spent bootstrapping tablet: real 0.013s user 0.001s sys 0.001s
I0227 17:26:33.535926 10499 raft_consensus.cc:340] T 7fae960e7b5343338ea18dbb27e5f63a P 9a4f55686db84876a066f455f6a41180 [term 0 FOLLOWER]: Replica starting. Triggering 0 pending transactions. Active config: opid_index: -1 OBSOLETE_local: false peers { permanent_uuid: "9f6459ebb80643b98e01844aa2fd6338" member_type: VOTER last_known_addr { host: "127.112.245.193" port: 55806 } } peers { permanent_uuid: "9a4f55686db84876a066f455f6a41180" member_type: VOTER last_known_addr { host: "127.112.245.195" port: 45942 } } peers { permanent_uuid: "39144add463f4fe89dc1ea42c778d8cf" member_type: VOTER last_known_addr { host: "127.112.245.194" port: 55958 } }
I0227 17:26:33.535948 10499 raft_consensus.cc:366] T 7fae960e7b5343338ea18dbb27e5f63a P 9a4f55686db84876a066f455f6a41180 [term 0 FOLLOWER]: Consensus starting up: Expiring failure detector timer to make a prompt election more likely
I0227 17:26:33.535986 10499 raft_consensus.cc:705] T 7fae960e7b5343338ea18dbb27e5f63a P 9a4f55686db84876a066f455f6a41180 [term 0 FOLLOWER]: Becoming Follower/Learner. State: Replica: 9a4f55686db84876a066f455f6a41180, State: Initialized, Role: FOLLOWER
I0227 17:26:33.536128 10499 consensus_queue.cc:229] T 7fae960e7b5343338ea18dbb27e5f63a P 9a4f55686db84876a066f455f6a41180 [NON_LEADER]: Queue going to NON_LEADER mode. State: All replicated index: 0, Majority replicated index: 0, Committed index: 0, Last appended: 0.0, Last appended by leader: 0, Current term: 0, Majority size: -1, State: 0, Mode: NON_LEADER, active raft config: opid_index: -1 OBSOLETE_local: false peers { permanent_uuid: "9f6459ebb80643b98e01844aa2fd6338" member_type: VOTER last_known_addr { host: "127.112.245.193" port: 55806 } } peers { permanent_uuid: "9a4f55686db84876a066f455f6a41180" member_type: VOTER last_known_addr { host: "127.112.245.195" port: 45942 } } peers { permanent_uuid: "39144add463f4fe89dc1ea42c778d8cf" member_type: VOTER last_known_addr { host: "127.112.245.194" port: 55958 } }
I0227 17:26:33.536360 10499 ts_tablet_manager.cc:1075] T 7fae960e7b5343338ea18dbb27e5f63a P 9a4f55686db84876a066f455f6a41180: Time spent starting tablet: real 0.001s user 0.000s sys 0.000s
I0227 17:26:33.536393 10498 raft_consensus.cc:340] T 7fae960e7b5343338ea18dbb27e5f63a P 39144add463f4fe89dc1ea42c778d8cf [term 0 FOLLOWER]: Replica starting. Triggering 0 pending transactions. Active config: opid_index: -1 OBSOLETE_local: false peers { permanent_uuid: "9f6459ebb80643b98e01844aa2fd6338" member_type: VOTER last_known_addr { host: "127.112.245.193" port: 55806 } } peers { permanent_uuid: "9a4f55686db84876a066f455f6a41180" member_type: VOTER last_known_addr { host: "127.112.245.195" port: 45942 } } peers { permanent_uuid: "39144add463f4fe89dc1ea42c778d8cf" member_type: VOTER last_known_addr { host: "127.112.245.194" port: 55958 } }
I0227 17:26:33.536417 10498 raft_consensus.cc:366] T 7fae960e7b5343338ea18dbb27e5f63a P 39144add463f4fe89dc1ea42c778d8cf [term 0 FOLLOWER]: Consensus starting up: Expiring failure detector timer to make a prompt election more likely
I0227 17:26:33.536438 10498 raft_consensus.cc:705] T 7fae960e7b5343338ea18dbb27e5f63a P 39144add463f4fe89dc1ea42c778d8cf [term 0 FOLLOWER]: Becoming Follower/Learner. State: Replica: 39144add463f4fe89dc1ea42c778d8cf, State: Initialized, Role: FOLLOWER
I0227 17:26:33.536576 10498 consensus_queue.cc:229] T 7fae960e7b5343338ea18dbb27e5f63a P 39144add463f4fe89dc1ea42c778d8cf [NON_LEADER]: Queue going to NON_LEADER mode. State: All replicated index: 0, Majority replicated index: 0, Committed index: 0, Last appended: 0.0, Last appended by leader: 0, Current term: 0, Majority size: -1, State: 0, Mode: NON_LEADER, active raft config: opid_index: -1 OBSOLETE_local: false peers { permanent_uuid: "9f6459ebb80643b98e01844aa2fd6338" member_type: VOTER last_known_addr { host: "127.112.245.193" port: 55806 } } peers { permanent_uuid: "9a4f55686db84876a066f455f6a41180" member_type: VOTER last_known_addr { host: "127.112.245.195" port: 45942 } } peers { permanent_uuid: "39144add463f4fe89dc1ea42c778d8cf" member_type: VOTER last_known_addr { host: "127.112.245.194" port: 55958 } }
I0227 17:26:33.536818 10498 ts_tablet_manager.cc:1075] T 7fae960e7b5343338ea18dbb27e5f63a P 39144add463f4fe89dc1ea42c778d8cf: Time spent starting tablet: real 0.001s user 0.000s sys 0.000s
I0227 17:26:33.545306 10500 tablet_bootstrap.cc:439] T 7fae960e7b5343338ea18dbb27e5f63a P 9f6459ebb80643b98e01844aa2fd6338: No bootstrap required, opened a new log
I0227 17:26:33.545406 10500 ts_tablet_manager.cc:1047] T 7fae960e7b5343338ea18dbb27e5f63a P 9f6459ebb80643b98e01844aa2fd6338: Time spent bootstrapping tablet: real 0.021s user 0.001s sys 0.000s
I0227 17:26:33.545989 10500 raft_consensus.cc:340] T 7fae960e7b5343338ea18dbb27e5f63a P 9f6459ebb80643b98e01844aa2fd6338 [term 0 FOLLOWER]: Replica starting. Triggering 0 pending transactions. Active config: opid_index: -1 OBSOLETE_local: false peers { permanent_uuid: "9f6459ebb80643b98e01844aa2fd6338" member_type: VOTER last_known_addr { host: "127.112.245.193" port: 55806 } } peers { permanent_uuid: "9a4f55686db84876a066f455f6a41180" member_type: VOTER last_known_addr { host: "127.112.245.195" port: 45942 } } peers { permanent_uuid: "39144add463f4fe89dc1ea42c778d8cf" member_type: VOTER last_known_addr { host: "127.112.245.194" port: 55958 } }
I0227 17:26:33.546021 10500 raft_consensus.cc:366] T 7fae960e7b5343338ea18dbb27e5f63a P 9f6459ebb80643b98e01844aa2fd6338 [term 0 FOLLOWER]: Consensus starting up: Expiring failure detector timer to make a prompt election more likely
I0227 17:26:33.546044 10500 raft_consensus.cc:705] T 7fae960e7b5343338ea18dbb27e5f63a P 9f6459ebb80643b98e01844aa2fd6338 [term 0 FOLLOWER]: Becoming Follower/Learner. State: Replica: 9f6459ebb80643b98e01844aa2fd6338, State: Initialized, Role: FOLLOWER
I0227 17:26:33.546190 10500 consensus_queue.cc:229] T 7fae960e7b5343338ea18dbb27e5f63a P 9f6459ebb80643b98e01844aa2fd6338 [NON_LEADER]: Queue going to NON_LEADER mode. State: All replicated index: 0, Majority replicated index: 0, Committed index: 0, Last appended: 0.0, Last appended by leader: 0, Current term: 0, Majority size: -1, State: 0, Mode: NON_LEADER, active raft config: opid_index: -1 OBSOLETE_local: false peers { permanent_uuid: "9f6459ebb80643b98e01844aa2fd6338" member_type: VOTER last_known_addr { host: "127.112.245.193" port: 55806 } } peers { permanent_uuid: "9a4f55686db84876a066f455f6a41180" member_type: VOTER last_known_addr { host: "127.112.245.195" port: 45942 } } peers { permanent_uuid: "39144add463f4fe89dc1ea42c778d8cf" member_type: VOTER last_known_addr { host: "127.112.245.194" port: 55958 } }
I0227 17:26:33.546463 10500 ts_tablet_manager.cc:1075] T 7fae960e7b5343338ea18dbb27e5f63a P 9f6459ebb80643b98e01844aa2fd6338: Time spent starting tablet: real 0.001s user 0.001s sys 0.000s
I0227 17:26:33.616132 9007 raft_consensus.cc:472] T 7fae960e7b5343338ea18dbb27e5f63a P 9f6459ebb80643b98e01844aa2fd6338 [term 0 FOLLOWER]: Starting pre-election (no leader contacted us within the election timeout)
I0227 17:26:33.616267 9007 raft_consensus.cc:494] T 7fae960e7b5343338ea18dbb27e5f63a P 9f6459ebb80643b98e01844aa2fd6338 [term 0 FOLLOWER]: Starting pre-election with config: opid_index: -1 OBSOLETE_local: false peers { permanent_uuid: "9f6459ebb80643b98e01844aa2fd6338" member_type: VOTER last_known_addr { host: "127.112.245.193" port: 55806 } } peers { permanent_uuid: "9a4f55686db84876a066f455f6a41180" member_type: VOTER last_known_addr { host: "127.112.245.195" port: 45942 } } peers { permanent_uuid: "39144add463f4fe89dc1ea42c778d8cf" member_type: VOTER last_known_addr { host: "127.112.245.194" port: 55958 } }
I0227 17:26:33.616798 9007 leader_election.cc:292] T 7fae960e7b5343338ea18dbb27e5f63a P 9f6459ebb80643b98e01844aa2fd6338 [CANDIDATE]: Term 1 pre-election: Requested pre-vote from peers 9a4f55686db84876a066f455f6a41180 (127.112.245.195:45942), 39144add463f4fe89dc1ea42c778d8cf (127.112.245.194:55958)
I0227 17:26:33.617445 125012 tablet_service.cc:1010] Received RequestConsensusVote() RPC: tablet_id: "7fae960e7b5343338ea18dbb27e5f63a" candidate_uuid: "9f6459ebb80643b98e01844aa2fd6338" candidate_term: 1 candidate_status { last_received { term: 0 index: 0 } } ignore_live_leader: false dest_uuid: "39144add463f4fe89dc1ea42c778d8cf" is_pre_election: true
I0227 17:26:33.617539 125012 raft_consensus.cc:2346] T 7fae960e7b5343338ea18dbb27e5f63a P 39144add463f4fe89dc1ea42c778d8cf [term 0 FOLLOWER]: Leader pre-election vote request: Granting yes vote for candidate 9f6459ebb80643b98e01844aa2fd6338 in term 0.
I0227 17:26:33.617584 125339 tablet_service.cc:1010] Received RequestConsensusVote() RPC: tablet_id: "7fae960e7b5343338ea18dbb27e5f63a" candidate_uuid: "9f6459ebb80643b98e01844aa2fd6338" candidate_term: 1 candidate_status { last_received { term: 0 index: 0 } } ignore_live_leader: false dest_uuid: "9a4f55686db84876a066f455f6a41180" is_pre_election: true
I0227 17:26:33.617677 125339 raft_consensus.cc:2346] T 7fae960e7b5343338ea18dbb27e5f63a P 9a4f55686db84876a066f455f6a41180 [term 0 FOLLOWER]: Leader pre-election vote request: Granting yes vote for candidate 9f6459ebb80643b98e01844aa2fd6338 in term 0.
I0227 17:26:33.618106 124741 leader_election.cc:306] T 7fae960e7b5343338ea18dbb27e5f63a P 9f6459ebb80643b98e01844aa2fd6338 [CANDIDATE]: Term 1 pre-election: Election decided. Result: candidate won. Election summary: received 2 responses out of 3 voters: 2 yes votes; 0 no votes. yes voters: 39144add463f4fe89dc1ea42c778d8cf, 9f6459ebb80643b98e01844aa2fd6338; no voters:
I0227 17:26:33.618271 9007 raft_consensus.cc:2640] T 7fae960e7b5343338ea18dbb27e5f63a P 9f6459ebb80643b98e01844aa2fd6338 [term 0 FOLLOWER]: Leader pre-election won for term 1
I0227 17:26:33.618297 9007 raft_consensus.cc:472] T 7fae960e7b5343338ea18dbb27e5f63a P 9f6459ebb80643b98e01844aa2fd6338 [term 0 FOLLOWER]: Starting leader election (no leader contacted us within the election timeout)
I0227 17:26:33.618322 9007 raft_consensus.cc:2886] T 7fae960e7b5343338ea18dbb27e5f63a P 9f6459ebb80643b98e01844aa2fd6338 [term 0 FOLLOWER]: Advancing to term 1
I0227 17:26:33.619525 9007 raft_consensus.cc:494] T 7fae960e7b5343338ea18dbb27e5f63a P 9f6459ebb80643b98e01844aa2fd6338 [term 1 FOLLOWER]: Starting leader election with config: opid_index: -1 OBSOLETE_local: false peers { permanent_uuid: "9f6459ebb80643b98e01844aa2fd6338" member_type: VOTER last_known_addr { host: "127.112.245.193" port: 55806 } } peers { permanent_uuid: "9a4f55686db84876a066f455f6a41180" member_type: VOTER last_known_addr { host: "127.112.245.195" port: 45942 } } peers { permanent_uuid: "39144add463f4fe89dc1ea42c778d8cf" member_type: VOTER last_known_addr { host: "127.112.245.194" port: 55958 } }
I0227 17:26:33.619953 9007 leader_election.cc:292] T 7fae960e7b5343338ea18dbb27e5f63a P 9f6459ebb80643b98e01844aa2fd6338 [CANDIDATE]: Term 1 election: Requested vote from peers 9a4f55686db84876a066f455f6a41180 (127.112.245.195:45942), 39144add463f4fe89dc1ea42c778d8cf (127.112.245.194:55958)
I0227 17:26:33.620456 125012 tablet_service.cc:1010] Received RequestConsensusVote() RPC: tablet_id: "7fae960e7b5343338ea18dbb27e5f63a" candidate_uuid: "9f6459ebb80643b98e01844aa2fd6338" candidate_term: 1 candidate_status { last_received { term: 0 index: 0 } } ignore_live_leader: false dest_uuid: "39144add463f4fe89dc1ea42c778d8cf"
I0227 17:26:33.620513 125012 raft_consensus.cc:2886] T 7fae960e7b5343338ea18dbb27e5f63a P 39144add463f4fe89dc1ea42c778d8cf [term 0 FOLLOWER]: Advancing to term 1
I0227 17:26:33.620621 125339 tablet_service.cc:1010] Received RequestConsensusVote() RPC: tablet_id: "7fae960e7b5343338ea18dbb27e5f63a" candidate_uuid: "9f6459ebb80643b98e01844aa2fd6338" candidate_term: 1 candidate_status { last_received { term: 0 index: 0 } } ignore_live_leader: false dest_uuid: "9a4f55686db84876a066f455f6a41180"
I0227 17:26:33.620687 125339 raft_consensus.cc:2886] T 7fae960e7b5343338ea18dbb27e5f63a P 9a4f55686db84876a066f455f6a41180 [term 0 FOLLOWER]: Advancing to term 1
I0227 17:26:33.621599 125012 raft_consensus.cc:2346] T 7fae960e7b5343338ea18dbb27e5f63a P 39144add463f4fe89dc1ea42c778d8cf [term 1 FOLLOWER]: Leader election vote request: Granting yes vote for candidate 9f6459ebb80643b98e01844aa2fd6338 in term 1.
I0227 17:26:33.621803 125339 raft_consensus.cc:2346] T 7fae960e7b5343338ea18dbb27e5f63a P 9a4f55686db84876a066f455f6a41180 [term 1 FOLLOWER]: Leader election vote request: Granting yes vote for candidate 9f6459ebb80643b98e01844aa2fd6338 in term 1.
I0227 17:26:33.622025 124741 leader_election.cc:306] T 7fae960e7b5343338ea18dbb27e5f63a P 9f6459ebb80643b98e01844aa2fd6338 [CANDIDATE]: Term 1 election: Election decided. Result: candidate won. Election summary: received 2 responses out of 3 voters: 2 yes votes; 0 no votes. yes voters: 39144add463f4fe89dc1ea42c778d8cf, 9f6459ebb80643b98e01844aa2fd6338; no voters:
I0227 17:26:33.622288 9007 raft_consensus.cc:2640] T 7fae960e7b5343338ea18dbb27e5f63a P 9f6459ebb80643b98e01844aa2fd6338 [term 1 FOLLOWER]: Leader election won for term 1
I0227 17:26:33.622463 9007 raft_consensus.cc:667] T 7fae960e7b5343338ea18dbb27e5f63a P 9f6459ebb80643b98e01844aa2fd6338 [term 1 LEADER]: Becoming Leader. State: Replica: 9f6459ebb80643b98e01844aa2fd6338, State: Running, Role: LEADER
I0227 17:26:33.622633 9007 consensus_queue.cc:206] T 7fae960e7b5343338ea18dbb27e5f63a P 9f6459ebb80643b98e01844aa2fd6338 [LEADER]: Queue going to LEADER mode. State: All replicated index: 0, Majority replicated index: 0, Committed index: 0, Last appended: 0.0, Last appended by leader: 0, Current term: 1, Majority size: 2, State: 0, Mode: LEADER, active raft config: opid_index: -1 OBSOLETE_local: false peers { permanent_uuid: "9f6459ebb80643b98e01844aa2fd6338" member_type: VOTER last_known_addr { host: "127.112.245.193" port: 55806 } } peers { permanent_uuid: "9a4f55686db84876a066f455f6a41180" member_type: VOTER last_known_addr { host: "127.112.245.195" port: 45942 } } peers { permanent_uuid: "39144add463f4fe89dc1ea42c778d8cf" member_type: VOTER last_known_addr { host: "127.112.245.194" port: 55958 } }
I0227 17:26:33.624747 126649 catalog_manager.cc:3791] T 7fae960e7b5343338ea18dbb27e5f63a P 9f6459ebb80643b98e01844aa2fd6338 reported cstate change: term changed from 0 to 1, leader changed from to 9f6459ebb80643b98e01844aa2fd6338 (127.112.245.193). New cstate: current_term: 1 leader_uuid: "9f6459ebb80643b98e01844aa2fd6338" committed_config { opid_index: -1 OBSOLETE_local: false peers { permanent_uuid: "9f6459ebb80643b98e01844aa2fd6338" member_type: VOTER last_known_addr { host: "127.112.245.193" port: 55806 } health_report { overall_health: HEALTHY } } peers { permanent_uuid: "9a4f55686db84876a066f455f6a41180" member_type: VOTER last_known_addr { host: "127.112.245.195" port: 45942 } health_report { overall_health: UNKNOWN } } peers { permanent_uuid: "39144add463f4fe89dc1ea42c778d8cf" member_type: VOTER last_known_addr { host: "127.112.245.194" port: 55958 } health_report { overall_health: UNKNOWN } } }
