W0227 17:24:24.210413 35585 flags.cc:406] Enabled unsafe flag: --rpc_server_allow_ephemeral_ports=true
W0227 17:24:24.217607 35585 flags.cc:406] Enabled unsafe flag: --never_fsync=true
W0227 17:24:24.219219 35585 flags.cc:406] Enabled experimental flag: --hive_metastore_uris=thrift://127.0.0.1:47540
W0227 17:24:24.219285 35585 flags.cc:406] Enabled experimental flag: --ipki_ca_key_size=1024
W0227 17:24:24.219344 35585 flags.cc:406] Enabled experimental flag: --ipki_server_key_size=1024
W0227 17:24:24.219396 35585 flags.cc:406] Enabled experimental flag: --tsk_num_rsa_bits=512
W0227 17:24:24.219458 35585 flags.cc:406] Enabled experimental flag: --rpc_reuseport=true
I0227 17:24:24.228375 35585 master_main.cc:73] Master server non-default flags: --leader_failure_max_missed_heartbeat_periods=1 --fs_data_dirs=/tmp/kudutest-4282/master_failover-itest.1.HmsConfigurations_MasterFailoverTest.TestDeleteTableSync_1.1551317010817988-115671/minicluster-data/master-2/data --fs_wal_dir=/tmp/kudutest-4282/master_failover-itest.1.HmsConfigurations_MasterFailoverTest.TestDeleteTableSync_1.1551317010817988-115671/minicluster-data/master-2/wal --hive_metastore_uris=thrift://127.0.0.1:47540 --ipki_ca_key_size=1024 --master_addresses=127.112.245.254:39035,127.112.245.253:41272,127.112.245.252:34480 --ipki_server_key_size=1024 --tsk_num_rsa_bits=512 --rpc_bind_addresses=127.112.245.252:34480 --rpc_reuseport=true --rpc_server_allow_ephemeral_ports=true --metrics_log_interval_ms=1000 --server_dump_info_format=pb --server_dump_info_path=/tmp/kudutest-4282/master_failover-itest.1.HmsConfigurations_MasterFailoverTest.TestDeleteTableSync_1.1551317010817988-115671/minicluster-data/master-2/data/info.pb --webserver_interface=127.112.245.252 --webserver_port=0 --never_fsync=true --heap_profile_path=/tmp/kudu-master.35585 --redact=none --unlock_experimental_flags=true --unlock_unsafe_flags=true --enable_minidumps=false --log_dir=/tmp/kudutest-4282/master_failover-itest.1.HmsConfigurations_MasterFailoverTest.TestDeleteTableSync_1.1551317010817988-115671/minicluster-data/master-2/logs --logbuflevel=-1 --logtostderr=true Master server version: kudu 1.9.0 revision non-git-build build type DEBUG built by adar at 27 Feb 2019 17:20:38 PST on ve0518.halxg.cloudera.com
I0227 17:24:24.244315 35154 consensus_peers.cc:609] Retrying to get permanent uuid for remote peer: member_type: VOTER last_known_addr { host: "127.112.245.252" port: 34480 } attempt: 1
I0227 17:24:24.244719 35585 master_main.cc:80] Initializing master server...
W0227 17:24:24.245281 35154 consensus_peers.cc:599] Error getting permanent uuid from config peer 127.112.245.252:34480: Network error: Client connection negotiation failed: client connection to 127.112.245.252:34480: connect: Connection refused (error 111)
I0227 17:24:24.245717 35585 system_ntp.cc:199] NTP initialized. Skew: 500ppm Current error: 183275us
I0227 17:24:24.251906 35585 fs_manager.cc:263] Metadata directory not provided
I0227 17:24:24.257577 35585 fs_manager.cc:269] Using write-ahead log directory (fs_wal_dir) as metadata directory
I0227 17:24:24.258150 35585 server_base.cc:432] Could not load existing FS layout: Not found: could not find a healthy instance file
I0227 17:24:24.258258 35585 server_base.cc:433] Attempting to create new FS layout instead
I0227 17:24:24.261621 35585 fs_manager.cc:602] Generated new instance metadata in path /tmp/kudutest-4282/master_failover-itest.1.HmsConfigurations_MasterFailoverTest.TestDeleteTableSync_1.1551317010817988-115671/minicluster-data/master-2/data/instance: uuid: "eaae685ab2234943bccdfa4e9d6b87e1" format_stamp: "Formatted at 2019-02-28 01:24:24 on ve0518.halxg.cloudera.com"
I0227 17:24:24.262156 35585 fs_manager.cc:602] Generated new instance metadata in path /tmp/kudutest-4282/master_failover-itest.1.HmsConfigurations_MasterFailoverTest.TestDeleteTableSync_1.1551317010817988-115671/minicluster-data/master-2/wal/instance: uuid: "eaae685ab2234943bccdfa4e9d6b87e1" format_stamp: "Formatted at 2019-02-28 01:24:24 on ve0518.halxg.cloudera.com"
I0227 17:24:24.291368 35585 fs_manager.cc:503] Time spent creating directory manager: real 0.024s user 0.005s sys 0.002s
I0227 17:24:24.292302 35585 env_posix.cc:1676] Not raising this process' open files per process limit of 32768; it is already as high as it can go
I0227 17:24:24.292881 35585 file_cache.cc:466] Constructed file cache lbm with capacity 13107
I0227 17:24:24.294054 35154 consensus_peers.cc:609] Retrying to get permanent uuid for remote peer: member_type: VOTER last_known_addr { host: "127.112.245.252" port: 34480 } attempt: 2
W0227 17:24:24.294811 35154 consensus_peers.cc:599] Error getting permanent uuid from config peer 127.112.245.252:34480: Network error: Client connection negotiation failed: client connection to 127.112.245.252:34480: connect: Connection refused (error 111)
I0227 17:24:24.295936 35585 log_block_manager.cc:1950] Data dir /tmp/kudutest-4282/master_failover-itest.1.HmsConfigurations_MasterFailoverTest.TestDeleteTableSync_1.1551317010817988-115671/minicluster-data/master-2/data/data is on an ext4 filesystem vulnerable to KUDU-1508 with block size 4096
I0227 17:24:24.296034 35585 log_block_manager.cc:1960] Limiting containers on data directory /tmp/kudutest-4282/master_failover-itest.1.HmsConfigurations_MasterFailoverTest.TestDeleteTableSync_1.1551317010817988-115671/minicluster-data/master-2/data/data to 2721 blocks
I0227 17:24:24.298323 35585 fs_manager.cc:419] Time spent opening block manager: real 0.003s user 0.002s sys 0.000s
I0227 17:24:24.298568 35585 fs_manager.cc:436] Opened local filesystem: /tmp/kudutest-4282/master_failover-itest.1.HmsConfigurations_MasterFailoverTest.TestDeleteTableSync_1.1551317010817988-115671/minicluster-data/master-2/data,/tmp/kudutest-4282/master_failover-itest.1.HmsConfigurations_MasterFailoverTest.TestDeleteTableSync_1.1551317010817988-115671/minicluster-data/master-2/wal uuid: "eaae685ab2234943bccdfa4e9d6b87e1" format_stamp: "Formatted at 2019-02-28 01:24:24 on ve0518.halxg.cloudera.com"
I0227 17:24:24.298974 35585 fs_report.cc:352] FS layout report -------------------- wal directory: /tmp/kudutest-4282/master_failover-itest.1.HmsConfigurations_MasterFailoverTest.TestDeleteTableSync_1.1551317010817988-115671/minicluster-data/master-2/wal metadata directory: /tmp/kudutest-4282/master_failover-itest.1.HmsConfigurations_MasterFailoverTest.TestDeleteTableSync_1.1551317010817988-115671/minicluster-data/master-2/wal 1 data directories: /tmp/kudutest-4282/master_failover-itest.1.HmsConfigurations_MasterFailoverTest.TestDeleteTableSync_1.1551317010817988-115671/minicluster-data/master-2/data/data Total live blocks: 0 Total live bytes: 0 Total live bytes (after alignment): 0 Total number of LBM containers: 0 (0 full) Did not check for missing blocks Did not check for orphaned blocks Total full LBM containers with extra space: 0 (0 repaired) Total full LBM container extra space in bytes: 0 (0 repaired) Total incomplete LBM containers: 0 (0 repaired) Total LBM partial records: 0 (0 repaired)
I0227 17:24:24.379798 35579 consensus_peers.cc:609] Retrying to get permanent uuid for remote peer: member_type: VOTER last_known_addr { host: "127.112.245.252" port: 34480 } attempt: 4
W0227 17:24:24.380925 35579 consensus_peers.cc:599] Error getting permanent uuid from config peer 127.112.245.252:34480: Network error: Client connection negotiation failed: client connection to 127.112.245.252:34480: connect: Connection refused (error 111)
I0227 17:24:24.394937 35154 consensus_peers.cc:609] Retrying to get permanent uuid for remote peer: member_type: VOTER last_known_addr { host: "127.112.245.252" port: 34480 } attempt: 3
W0227 17:24:24.395738 35154 consensus_peers.cc:599] Error getting permanent uuid from config peer 127.112.245.252:34480: Network error: Client connection negotiation failed: client connection to 127.112.245.252:34480: connect: Connection refused (error 111)
I0227 17:24:24.413923 35585 env_posix.cc:1671] Raising this process' running threads per effective uid limit from 32768 to 65536
I0227 17:24:24.416934 35585 master_main.cc:83] Starting Master server...
I0227 17:24:24.426805 35585 rpc_server.cc:205] RPC server started. Bound to: 127.112.245.252:34480
I0227 17:24:24.427261 35585 webserver.cc:175] Starting webserver on 127.112.245.252:0
I0227 17:24:24.427287 35585 webserver.cc:186] Document root disabled
I0227 17:24:24.436760 35585 webserver.cc:313] Webserver started. Bound to: http://127.112.245.252:48737/
I0227 17:24:24.437482 35585 server_base.cc:607] Dumped server information to /tmp/kudutest-4282/master_failover-itest.1.HmsConfigurations_MasterFailoverTest.TestDeleteTableSync_1.1551317010817988-115671/minicluster-data/master-2/data/info.pb
I0227 17:24:24.440649 115671 external_mini_cluster.cc:995] Started /data/1/adar/apache-kudu-1.9.0/build/debug/bin/kudu-master as pid 35585
I0227 17:24:24.441366 115671 external_mini_cluster.cc:933] Running /data/1/adar/apache-kudu-1.9.0/build/debug/bin/kudu-tserver /data/1/adar/apache-kudu-1.9.0/build/debug/bin/kudu-tserver --fs_wal_dir=/tmp/kudutest-4282/master_failover-itest.1.HmsConfigurations_MasterFailoverTest.TestDeleteTableSync_1.1551317010817988-115671/minicluster-data/ts-0/wal --fs_data_dirs=/tmp/kudutest-4282/master_failover-itest.1.HmsConfigurations_MasterFailoverTest.TestDeleteTableSync_1.1551317010817988-115671/minicluster-data/ts-0/data --block_manager=log --rpc_bind_addresses=127.112.245.193:0 --local_ip_for_outbound_sockets=127.112.245.193 --webserver_interface=127.112.245.193 --webserver_port=0 --tserver_master_addrs=127.112.245.254:39035,127.112.245.253:41272,127.112.245.252:34480 --never_fsync --ipki_server_key_size=1024 --enable_minidumps=false --redact=none --metrics_log_interval_ms=1000 --logtostderr --logbuflevel=-1 --log_dir=/tmp/kudutest-4282/master_failover-itest.1.HmsConfigurations_MasterFailoverTest.TestDeleteTableSync_1.1551317010817988-115671/minicluster-data/ts-0/logs --server_dump_info_path=/tmp/kudutest-4282/master_failover-itest.1.HmsConfigurations_MasterFailoverTest.TestDeleteTableSync_1.1551317010817988-115671/minicluster-data/ts-0/data/info.pb --server_dump_info_format=pb --rpc_server_allow_ephemeral_ports --unlock_experimental_flags --unlock_unsafe_flags --heartbeat_rpc_timeout_ms=1000 --heartbeat_max_failures_before_backoff=1 --heartbeat_interval_ms=500 with env {}
I0227 17:24:24.453238 36158 data_dirs.cc:938] Could only allocate 1 dirs of requested 3 for tablet 00000000000000000000000000000000. 1 dirs total, 0 dirs full, 0 dirs failed
I0227 17:24:24.459235 36158 sys_catalog.cc:304] member_type: VOTER last_known_addr { host: "127.112.245.254" port: 39035 } has no permanent_uuid. Determining permanent_uuid...
I0227 17:24:24.499790 36158 sys_catalog.cc:304] member_type: VOTER last_known_addr { host: "127.112.245.253" port: 41272 } has no permanent_uuid. Determining permanent_uuid...
I0227 17:24:24.536181 35154 consensus_peers.cc:609] Retrying to get permanent uuid for remote peer: member_type: VOTER last_known_addr { host: "127.112.245.252" port: 34480 } attempt: 4
I0227 17:24:24.553077 36158 sys_catalog.cc:304] member_type: VOTER last_known_addr { host: "127.112.245.252" port: 34480 } has no permanent_uuid. Determining permanent_uuid...
I0227 17:24:24.573918 36158 tablet_bootstrap.cc:439] T 00000000000000000000000000000000 P eaae685ab2234943bccdfa4e9d6b87e1: Bootstrap starting.
I0227 17:24:24.574524 35154 tablet_bootstrap.cc:439] T 00000000000000000000000000000000 P 45d749848fc844e1af0e5b15b810994f: Bootstrap starting.
I0227 17:24:24.576627 35154 tablet_bootstrap.cc:593] T 00000000000000000000000000000000 P 45d749848fc844e1af0e5b15b810994f: No blocks or log segments found. Creating new log.
I0227 17:24:24.576630 36158 tablet_bootstrap.cc:593] T 00000000000000000000000000000000 P eaae685ab2234943bccdfa4e9d6b87e1: No blocks or log segments found. Creating new log.
I0227 17:24:24.577754 36158 log.cc:525] T 00000000000000000000000000000000 P eaae685ab2234943bccdfa4e9d6b87e1: Log is configured to *not* fsync() on all Append() calls
I0227 17:24:24.578168 35154 log.cc:525] T 00000000000000000000000000000000 P 45d749848fc844e1af0e5b15b810994f: Log is configured to *not* fsync() on all Append() calls
I0227 17:24:24.586678 36158 tablet_bootstrap.cc:439] T 00000000000000000000000000000000 P eaae685ab2234943bccdfa4e9d6b87e1: No bootstrap required, opened a new log
I0227 17:24:24.589278 35154 tablet_bootstrap.cc:439] T 00000000000000000000000000000000 P 45d749848fc844e1af0e5b15b810994f: No bootstrap required, opened a new log
I0227 17:24:24.590683 36158 raft_consensus.cc:340] T 00000000000000000000000000000000 P eaae685ab2234943bccdfa4e9d6b87e1 [term 0 FOLLOWER]: Replica starting. Triggering 0 pending transactions. Active config: opid_index: -1 OBSOLETE_local: false peers { permanent_uuid: "45d749848fc844e1af0e5b15b810994f" member_type: VOTER last_known_addr { host: "127.112.245.254" port: 39035 } } peers { permanent_uuid: "bbd34c4935164b99889130f50a1ac965" member_type: VOTER last_known_addr { host: "127.112.245.253" port: 41272 } } peers { permanent_uuid: "eaae685ab2234943bccdfa4e9d6b87e1" member_type: VOTER last_known_addr { host: "127.112.245.252" port: 34480 } }
I0227 17:24:24.590836 36158 raft_consensus.cc:366] T 00000000000000000000000000000000 P eaae685ab2234943bccdfa4e9d6b87e1 [term 0 FOLLOWER]: Consensus starting up: Expiring failure detector timer to make a prompt election more likely
I0227 17:24:24.590960 36158 raft_consensus.cc:705] T 00000000000000000000000000000000 P eaae685ab2234943bccdfa4e9d6b87e1 [term 0 FOLLOWER]: Becoming Follower/Learner. State: Replica: eaae685ab2234943bccdfa4e9d6b87e1, State: Initialized, Role: FOLLOWER
I0227 17:24:24.591562 36158 consensus_queue.cc:229] T 00000000000000000000000000000000 P eaae685ab2234943bccdfa4e9d6b87e1 [NON_LEADER]: Queue going to NON_LEADER mode. State: All replicated index: 0, Majority replicated index: 0, Committed index: 0, Last appended: 0.0, Last appended by leader: 0, Current term: 0, Majority size: -1, State: 0, Mode: NON_LEADER, active raft config: opid_index: -1 OBSOLETE_local: false peers { permanent_uuid: "45d749848fc844e1af0e5b15b810994f" member_type: VOTER last_known_addr { host: "127.112.245.254" port: 39035 } } peers { permanent_uuid: "bbd34c4935164b99889130f50a1ac965" member_type: VOTER last_known_addr { host: "127.112.245.253" port: 41272 } } peers { permanent_uuid: "eaae685ab2234943bccdfa4e9d6b87e1" member_type: VOTER last_known_addr { host: "127.112.245.252" port: 34480 } }
I0227 17:24:24.591984 36158 sys_catalog.cc:337] T 00000000000000000000000000000000 P eaae685ab2234943bccdfa4e9d6b87e1 [sys.catalog]: SysCatalogTable state changed. Reason: Started TabletReplica. Latest consensus state: current_term: 0 committed_config { opid_index: -1 OBSOLETE_local: false peers { permanent_uuid: "45d749848fc844e1af0e5b15b810994f" member_type: VOTER last_known_addr { host: "127.112.245.254" port: 39035 } } peers { permanent_uuid: "bbd34c4935164b99889130f50a1ac965" member_type: VOTER last_known_addr { host: "127.112.245.253" port: 41272 } } peers { permanent_uuid: "eaae685ab2234943bccdfa4e9d6b87e1" member_type: VOTER last_known_addr { host: "127.112.245.252" port: 34480 } } }
I0227 17:24:24.592084 36158 sys_catalog.cc:340] T 00000000000000000000000000000000 P eaae685ab2234943bccdfa4e9d6b87e1 [sys.catalog]: This master's current role is: FOLLOWER
I0227 17:24:24.592345 35154 raft_consensus.cc:340] T 00000000000000000000000000000000 P 45d749848fc844e1af0e5b15b810994f [term 0 FOLLOWER]: Replica starting. Triggering 0 pending transactions. Active config: opid_index: -1 OBSOLETE_local: false peers { permanent_uuid: "45d749848fc844e1af0e5b15b810994f" member_type: VOTER last_known_addr { host: "127.112.245.254" port: 39035 } } peers { permanent_uuid: "bbd34c4935164b99889130f50a1ac965" member_type: VOTER last_known_addr { host: "127.112.245.253" port: 41272 } } peers { permanent_uuid: "eaae685ab2234943bccdfa4e9d6b87e1" member_type: VOTER last_known_addr { host: "127.112.245.252" port: 34480 } }
I0227 17:24:24.592417 35154 raft_consensus.cc:366] T 00000000000000000000000000000000 P 45d749848fc844e1af0e5b15b810994f [term 0 FOLLOWER]: Consensus starting up: Expiring failure detector timer to make a prompt election more likely
I0227 17:24:24.592468 35154 raft_consensus.cc:705] T 00000000000000000000000000000000 P 45d749848fc844e1af0e5b15b810994f [term 0 FOLLOWER]: Becoming Follower/Learner. State: Replica: 45d749848fc844e1af0e5b15b810994f, State: Initialized, Role: FOLLOWER
I0227 17:24:24.593466 36158 sys_catalog.cc:424] T 00000000000000000000000000000000 P eaae685ab2234943bccdfa4e9d6b87e1 [sys.catalog]: configured and running, proceeding with master startup.
I0227 17:24:24.593801 35154 consensus_queue.cc:229] T 00000000000000000000000000000000 P 45d749848fc844e1af0e5b15b810994f [NON_LEADER]: Queue going to NON_LEADER mode. State: All replicated index: 0, Majority replicated index: 0, Committed index: 0, Last appended: 0.0, Last appended by leader: 0, Current term: 0, Majority size: -1, State: 0, Mode: NON_LEADER, active raft config: opid_index: -1 OBSOLETE_local: false peers { permanent_uuid: "45d749848fc844e1af0e5b15b810994f" member_type: VOTER last_known_addr { host: "127.112.245.254" port: 39035 } } peers { permanent_uuid: "bbd34c4935164b99889130f50a1ac965" member_type: VOTER last_known_addr { host: "127.112.245.253" port: 41272 } } peers { permanent_uuid: "eaae685ab2234943bccdfa4e9d6b87e1" member_type: VOTER last_known_addr { host: "127.112.245.252" port: 34480 } }
I0227 17:24:24.594339 35154 sys_catalog.cc:337] T 00000000000000000000000000000000 P 45d749848fc844e1af0e5b15b810994f [sys.catalog]: SysCatalogTable state changed. Reason: Started TabletReplica. Latest consensus state: current_term: 0 committed_config { opid_index: -1 OBSOLETE_local: false peers { permanent_uuid: "45d749848fc844e1af0e5b15b810994f" member_type: VOTER last_known_addr { host: "127.112.245.254" port: 39035 } } peers { permanent_uuid: "bbd34c4935164b99889130f50a1ac965" member_type: VOTER last_known_addr { host: "127.112.245.253" port: 41272 } } peers { permanent_uuid: "eaae685ab2234943bccdfa4e9d6b87e1" member_type: VOTER last_known_addr { host: "127.112.245.252" port: 34480 } } }
I0227 17:24:24.594373 35154 sys_catalog.cc:340] T 00000000000000000000000000000000 P 45d749848fc844e1af0e5b15b810994f [sys.catalog]: This master's current role is: FOLLOWER
I0227 17:24:24.595765 35154 sys_catalog.cc:424] T 00000000000000000000000000000000 P 45d749848fc844e1af0e5b15b810994f [sys.catalog]: configured and running, proceeding with master startup.
I0227 17:24:24.597259 34769 master_main.cc:86] Master server successfully started.
I0227 17:24:24.600826 35585 master_main.cc:86] Master server successfully started.
I0227 17:24:24.599261 36193 hms_notification_log_listener.cc:226] Skipping Hive Metastore notification log poll: Illegal state: Not the leader. Local UUID: eaae685ab2234943bccdfa4e9d6b87e1, Raft Consensus state: current_term: 0 committed_config { opid_index: -1 OBSOLETE_local: false peers { permanent_uuid: "45d749848fc844e1af0e5b15b810994f" member_type: VOTER last_known_addr { host: "127.112.245.254" port: 39035 } } peers { permanent_uuid: "bbd34c4935164b99889130f50a1ac965" member_type: VOTER last_known_addr { host: "127.112.245.253" port: 41272 } } peers { permanent_uuid: "eaae685ab2234943bccdfa4e9d6b87e1" member_type: VOTER last_known_addr { host: "127.112.245.252" port: 34480 } } }
I0227 17:24:24.602974 36191 sys_catalog.cc:337] T 00000000000000000000000000000000 P 45d749848fc844e1af0e5b15b810994f [sys.catalog]: SysCatalogTable state changed. Reason: RaftConsensus started. Latest consensus state: current_term: 0 committed_config { opid_index: -1 OBSOLETE_local: false peers { permanent_uuid: "45d749848fc844e1af0e5b15b810994f" member_type: VOTER last_known_addr { host: "127.112.245.254" port: 39035 } } peers { permanent_uuid: "bbd34c4935164b99889130f50a1ac965" member_type: VOTER last_known_addr { host: "127.112.245.253" port: 41272 } } peers { permanent_uuid: "eaae685ab2234943bccdfa4e9d6b87e1" member_type: VOTER last_known_addr { host: "127.112.245.252" port: 34480 } } }
I0227 17:24:24.603087 36191 sys_catalog.cc:340] T 00000000000000000000000000000000 P 45d749848fc844e1af0e5b15b810994f [sys.catalog]: This master's current role is: FOLLOWER
W0227 17:24:24.604171 36197 catalog_manager.cc:1104] T 00000000000000000000000000000000 P eaae685ab2234943bccdfa4e9d6b87e1: acquiring CA information for follower catalog manager: Not found: root CA entry not found
W0227 17:24:24.604202 36197 catalog_manager.cc:587] Not found: root CA entry not found: failed to prepare follower catalog manager, will retry
I0227 17:24:24.605779 36195 hms_notification_log_listener.cc:226] Skipping Hive Metastore notification log poll: Illegal state: Not the leader. Local UUID: 45d749848fc844e1af0e5b15b810994f, Raft Consensus state: current_term: 0 committed_config { opid_index: -1 OBSOLETE_local: false peers { permanent_uuid: "45d749848fc844e1af0e5b15b810994f" member_type: VOTER last_known_addr { host: "127.112.245.254" port: 39035 } } peers { permanent_uuid: "bbd34c4935164b99889130f50a1ac965" member_type: VOTER last_known_addr { host: "127.112.245.253" port: 41272 } } peers { permanent_uuid: "eaae685ab2234943bccdfa4e9d6b87e1" member_type: VOTER last_known_addr { host: "127.112.245.252" port: 34480 } } }
I0227 17:24:24.600211 36190 sys_catalog.cc:337] T 00000000000000000000000000000000 P eaae685ab2234943bccdfa4e9d6b87e1 [sys.catalog]: SysCatalogTable state changed. Reason: RaftConsensus started. Latest consensus state: current_term: 0 committed_config { opid_index: -1 OBSOLETE_local: false peers { permanent_uuid: "45d749848fc844e1af0e5b15b810994f" member_type: VOTER last_known_addr { host: "127.112.245.254" port: 39035 } } peers { permanent_uuid: "bbd34c4935164b99889130f50a1ac965" member_type: VOTER last_known_addr { host: "127.112.245.253" port: 41272 } } peers { permanent_uuid: "eaae685ab2234943bccdfa4e9d6b87e1" member_type: VOTER last_known_addr { host: "127.112.245.252" port: 34480 } } }
I0227 17:24:24.607861 36190 sys_catalog.cc:340] T 00000000000000000000000000000000 P eaae685ab2234943bccdfa4e9d6b87e1 [sys.catalog]: This master's current role is: FOLLOWER
W0227 17:24:24.610585 36196 catalog_manager.cc:1104] T 00000000000000000000000000000000 P 45d749848fc844e1af0e5b15b810994f: acquiring CA information for follower catalog manager: Not found: root CA entry not found
W0227 17:24:24.610698 36196 catalog_manager.cc:587] Not found: root CA entry not found: failed to prepare follower catalog manager, will retry WARNING: Logging before InitGoogleLogging() is written to STDERR
W0227 17:24:24.641332 36160 flags.cc:406] Enabled unsafe flag: --rpc_server_allow_ephemeral_ports=true
W0227 17:24:24.649015 36160 flags.cc:406] Enabled unsafe flag: --never_fsync=true
W0227 17:24:24.650483 36160 flags.cc:406] Enabled experimental flag: --ipki_server_key_size=1024
W0227 17:24:24.650657 36160 flags.cc:406] Enabled experimental flag: --local_ip_for_outbound_sockets=127.112.245.193
I0227 17:24:24.653007 36160 tablet_server_main.cc:78] Tablet server non-default flags: --fs_data_dirs=/tmp/kudutest-4282/master_failover-itest.1.HmsConfigurations_MasterFailoverTest.TestDeleteTableSync_1.1551317010817988-115671/minicluster-data/ts-0/data --fs_wal_dir=/tmp/kudutest-4282/master_failover-itest.1.HmsConfigurations_MasterFailoverTest.TestDeleteTableSync_1.1551317010817988-115671/minicluster-data/ts-0/wal --ipki_server_key_size=1024 --rpc_bind_addresses=127.112.245.193:0 --rpc_server_allow_ephemeral_ports=true --metrics_log_interval_ms=1000 --server_dump_info_format=pb --server_dump_info_path=/tmp/kudutest-4282/master_failover-itest.1.HmsConfigurations_MasterFailoverTest.TestDeleteTableSync_1.1551317010817988-115671/minicluster-data/ts-0/data/info.pb --webserver_interface=127.112.245.193 --webserver_port=0 --heartbeat_interval_ms=500 --heartbeat_max_failures_before_backoff=1 --heartbeat_rpc_timeout_ms=1000 --tserver_master_addrs=127.112.245.254:39035,127.112.245.253:41272,127.112.245.252:34480 --never_fsync=true --heap_profile_path=/tmp/kudu-tserver.36160 --redact=none --unlock_experimental_flags=true --unlock_unsafe_flags=true --enable_minidumps=false --local_ip_for_outbound_sockets=127.112.245.193 --log_dir=/tmp/kudutest-4282/master_failover-itest.1.HmsConfigurations_MasterFailoverTest.TestDeleteTableSync_1.1551317010817988-115671/minicluster-data/ts-0/logs --logbuflevel=-1 --logtostderr=true Tablet server version: kudu 1.9.0 revision non-git-build build type DEBUG built by adar at 27 Feb 2019 17:20:38 PST on ve0518.halxg.cloudera.com
W0227 17:24:24.672358 36075 tablet.cc:1786] T 00000000000000000000000000000000 P eaae685ab2234943bccdfa4e9d6b87e1: Can't schedule compaction. Clean time has not been advanced past its initial value.
I0227 17:24:24.684175 35579 consensus_peers.cc:609] Retrying to get permanent uuid for remote peer: member_type: VOTER last_known_addr { host: "127.112.245.252" port: 34480 } attempt: 5
I0227 17:24:24.684685 36160 tablet_server_main.cc:85] Initializing tablet server...
I0227 17:24:24.686800 36160 system_ntp.cc:199] NTP initialized. Skew: 500ppm Current error: 183275us
I0227 17:24:24.687594 36160 fs_manager.cc:263] Metadata directory not provided
I0227 17:24:24.687688 36160 fs_manager.cc:269] Using write-ahead log directory (fs_wal_dir) as metadata directory
I0227 17:24:24.688143 36160 server_base.cc:432] Could not load existing FS layout: Not found: could not find a healthy instance file
I0227 17:24:24.689872 36160 server_base.cc:433] Attempting to create new FS layout instead
I0227 17:24:24.690848 35579 tablet_bootstrap.cc:439] T 00000000000000000000000000000000 P bbd34c4935164b99889130f50a1ac965: Bootstrap starting.
I0227 17:24:24.692880 36160 fs_manager.cc:602] Generated new instance metadata in path /tmp/kudutest-4282/master_failover-itest.1.HmsConfigurations_MasterFailoverTest.TestDeleteTableSync_1.1551317010817988-115671/minicluster-data/ts-0/data/instance: uuid: "abb7bc57957e4f9c8a5779ebe08a05c7" format_stamp: "Formatted at 2019-02-28 01:24:24 on ve0518.halxg.cloudera.com"
I0227 17:24:24.694697 35579 tablet_bootstrap.cc:593] T 00000000000000000000000000000000 P bbd34c4935164b99889130f50a1ac965: No blocks or log segments found. Creating new log.
I0227 17:24:24.696097 36160 fs_manager.cc:602] Generated new instance metadata in path /tmp/kudutest-4282/master_failover-itest.1.HmsConfigurations_MasterFailoverTest.TestDeleteTableSync_1.1551317010817988-115671/minicluster-data/ts-0/wal/instance: uuid: "abb7bc57957e4f9c8a5779ebe08a05c7" format_stamp: "Formatted at 2019-02-28 01:24:24 on ve0518.halxg.cloudera.com"
I0227 17:24:24.697018 35579 log.cc:525] T 00000000000000000000000000000000 P bbd34c4935164b99889130f50a1ac965: Log is configured to *not* fsync() on all Append() calls
I0227 17:24:24.707962 35579 tablet_bootstrap.cc:439] T 00000000000000000000000000000000 P bbd34c4935164b99889130f50a1ac965: No bootstrap required, opened a new log
I0227 17:24:24.711750 35579 raft_consensus.cc:340] T 00000000000000000000000000000000 P bbd34c4935164b99889130f50a1ac965 [term 0 FOLLOWER]: Replica starting. Triggering 0 pending transactions. Active config: opid_index: -1 OBSOLETE_local: false peers { permanent_uuid: "45d749848fc844e1af0e5b15b810994f" member_type: VOTER last_known_addr { host: "127.112.245.254" port: 39035 } } peers { permanent_uuid: "bbd34c4935164b99889130f50a1ac965" member_type: VOTER last_known_addr { host: "127.112.245.253" port: 41272 } } peers { permanent_uuid: "eaae685ab2234943bccdfa4e9d6b87e1" member_type: VOTER last_known_addr { host: "127.112.245.252" port: 34480 } }
I0227 17:24:24.711841 35579 raft_consensus.cc:366] T 00000000000000000000000000000000 P bbd34c4935164b99889130f50a1ac965 [term 0 FOLLOWER]: Consensus starting up: Expiring failure detector timer to make a prompt election more likely
I0227 17:24:24.711896 35579 raft_consensus.cc:705] T 00000000000000000000000000000000 P bbd34c4935164b99889130f50a1ac965 [term 0 FOLLOWER]: Becoming Follower/Learner. State: Replica: bbd34c4935164b99889130f50a1ac965, State: Initialized, Role: FOLLOWER
I0227 17:24:24.712404 35579 consensus_queue.cc:229] T 00000000000000000000000000000000 P bbd34c4935164b99889130f50a1ac965 [NON_LEADER]: Queue going to NON_LEADER mode. State: All replicated index: 0, Majority replicated index: 0, Committed index: 0, Last appended: 0.0, Last appended by leader: 0, Current term: 0, Majority size: -1, State: 0, Mode: NON_LEADER, active raft config: opid_index: -1 OBSOLETE_local: false peers { permanent_uuid: "45d749848fc844e1af0e5b15b810994f" member_type: VOTER last_known_addr { host: "127.112.245.254" port: 39035 } } peers { permanent_uuid: "bbd34c4935164b99889130f50a1ac965" member_type: VOTER last_known_addr { host: "127.112.245.253" port: 41272 } } peers { permanent_uuid: "eaae685ab2234943bccdfa4e9d6b87e1" member_type: VOTER last_known_addr { host: "127.112.245.252" port: 34480 } }
I0227 17:24:24.712821 35579 sys_catalog.cc:337] T 00000000000000000000000000000000 P bbd34c4935164b99889130f50a1ac965 [sys.catalog]: SysCatalogTable state changed. Reason: Started TabletReplica. Latest consensus state: current_term: 0 committed_config { opid_index: -1 OBSOLETE_local: false peers { permanent_uuid: "45d749848fc844e1af0e5b15b810994f" member_type: VOTER last_known_addr { host: "127.112.245.254" port: 39035 } } peers { permanent_uuid: "bbd34c4935164b99889130f50a1ac965" member_type: VOTER last_known_addr { host: "127.112.245.253" port: 41272 } } peers { permanent_uuid: "eaae685ab2234943bccdfa4e9d6b87e1" member_type: VOTER last_known_addr { host: "127.112.245.252" port: 34480 } } }
I0227 17:24:24.712858 35579 sys_catalog.cc:340] T 00000000000000000000000000000000 P bbd34c4935164b99889130f50a1ac965 [sys.catalog]: This master's current role is: FOLLOWER
I0227 17:24:24.713919 35579 sys_catalog.cc:424] T 00000000000000000000000000000000 P bbd34c4935164b99889130f50a1ac965 [sys.catalog]: configured and running, proceeding with master startup.
I0227 17:24:24.716506 35155 master_main.cc:86] Master server successfully started.
W0227 17:24:24.717855 35109 tablet.cc:1786] T 00000000000000000000000000000000 P 45d749848fc844e1af0e5b15b810994f: Can't schedule compaction. Clean time has not been advanced past its initial value.
W0227 17:24:24.723374 36223 catalog_manager.cc:1104] T 00000000000000000000000000000000 P bbd34c4935164b99889130f50a1ac965: acquiring CA information for follower catalog manager: Not found: root CA entry not found
W0227 17:24:24.723418 36223 catalog_manager.cc:587] Not found: root CA entry not found: failed to prepare follower catalog manager, will retry
I0227 17:24:24.727249 36219 sys_catalog.cc:337] T 00000000000000000000000000000000 P bbd34c4935164b99889130f50a1ac965 [sys.catalog]: SysCatalogTable state changed. Reason: RaftConsensus started. Latest consensus state: current_term: 0 committed_config { opid_index: -1 OBSOLETE_local: false peers { permanent_uuid: "45d749848fc844e1af0e5b15b810994f" member_type: VOTER last_known_addr { host: "127.112.245.254" port: 39035 } } peers { permanent_uuid: "bbd34c4935164b99889130f50a1ac965" member_type: VOTER last_known_addr { host: "127.112.245.253" port: 41272 } } peers { permanent_uuid: "eaae685ab2234943bccdfa4e9d6b87e1" member_type: VOTER last_known_addr { host: "127.112.245.252" port: 34480 } } }
I0227 17:24:24.727325 36219 sys_catalog.cc:340] T 00000000000000000000000000000000 P bbd34c4935164b99889130f50a1ac965 [sys.catalog]: This master's current role is: FOLLOWER
I0227 17:24:24.730886 36160 fs_manager.cc:503] Time spent creating directory manager: real 0.034s user 0.005s sys 0.001s
I0227 17:24:24.731762 36160 env_posix.cc:1676] Not raising this process' open files per process limit of 32768; it is already as high as it can go
I0227 17:24:24.732286 36160 file_cache.cc:466] Constructed file cache lbm with capacity 13107
I0227 17:24:24.734206 36222 hms_notification_log_listener.cc:226] Skipping Hive Metastore notification log poll: Illegal state: Not the leader. Local UUID: bbd34c4935164b99889130f50a1ac965, Raft Consensus state: current_term: 0 committed_config { opid_index: -1 OBSOLETE_local: false peers { permanent_uuid: "45d749848fc844e1af0e5b15b810994f" member_type: VOTER last_known_addr { host: "127.112.245.254" port: 39035 } } peers { permanent_uuid: "bbd34c4935164b99889130f50a1ac965" member_type: VOTER last_known_addr { host: "127.112.245.253" port: 41272 } } peers { permanent_uuid: "eaae685ab2234943bccdfa4e9d6b87e1" member_type: VOTER last_known_addr { host: "127.112.245.252" port: 34480 } } }
I0227 17:24:24.735251 36160 log_block_manager.cc:1950] Data dir /tmp/kudutest-4282/master_failover-itest.1.HmsConfigurations_MasterFailoverTest.TestDeleteTableSync_1.1551317010817988-115671/minicluster-data/ts-0/data/data is on an ext4 filesystem vulnerable to KUDU-1508 with block size 4096
I0227 17:24:24.735816 36160 log_block_manager.cc:1960] Limiting containers on data directory /tmp/kudutest-4282/master_failover-itest.1.HmsConfigurations_MasterFailoverTest.TestDeleteTableSync_1.1551317010817988-115671/minicluster-data/ts-0/data/data to 2721 blocks
I0227 17:24:24.736191 36190 raft_consensus.cc:472] T 00000000000000000000000000000000 P eaae685ab2234943bccdfa4e9d6b87e1 [term 0 FOLLOWER]: Starting pre-election (no leader contacted us within the election timeout)
I0227 17:24:24.736364 36190 raft_consensus.cc:494] T 00000000000000000000000000000000 P eaae685ab2234943bccdfa4e9d6b87e1 [term 0 FOLLOWER]: Starting pre-election with config: opid_index: -1 OBSOLETE_local: false peers { permanent_uuid: "45d749848fc844e1af0e5b15b810994f" member_type: VOTER last_known_addr { host: "127.112.245.254" port: 39035 } } peers { permanent_uuid: "bbd34c4935164b99889130f50a1ac965" member_type: VOTER last_known_addr { host: "127.112.245.253" port: 41272 } } peers { permanent_uuid: "eaae685ab2234943bccdfa4e9d6b87e1" member_type: VOTER last_known_addr { host: "127.112.245.252" port: 34480 } }
I0227 17:24:24.737601 36190 leader_election.cc:292] T 00000000000000000000000000000000 P eaae685ab2234943bccdfa4e9d6b87e1 [CANDIDATE]: Term 1 pre-election: Requested pre-vote from peers 45d749848fc844e1af0e5b15b810994f (127.112.245.254:39035), bbd34c4935164b99889130f50a1ac965 (127.112.245.253:41272)
I0227 17:24:24.737649 36160 fs_manager.cc:419] Time spent opening block manager: real 0.003s user 0.000s sys 0.001s
I0227 17:24:24.737758 36160 fs_manager.cc:436] Opened local filesystem: /tmp/kudutest-4282/master_failover-itest.1.HmsConfigurations_MasterFailoverTest.TestDeleteTableSync_1.1551317010817988-115671/minicluster-data/ts-0/data,/tmp/kudutest-4282/master_failover-itest.1.HmsConfigurations_MasterFailoverTest.TestDeleteTableSync_1.1551317010817988-115671/minicluster-data/ts-0/wal uuid: "abb7bc57957e4f9c8a5779ebe08a05c7" format_stamp: "Formatted at 2019-02-28 01:24:24 on ve0518.halxg.cloudera.com"
I0227 17:24:24.738121 36160 fs_report.cc:352] FS layout report -------------------- wal directory: /tmp/kudutest-4282/master_failover-itest.1.HmsConfigurations_MasterFailoverTest.TestDeleteTableSync_1.1551317010817988-115671/minicluster-data/ts-0/wal metadata directory: /tmp/kudutest-4282/master_failover-itest.1.HmsConfigurations_MasterFailoverTest.TestDeleteTableSync_1.1551317010817988-115671/minicluster-data/ts-0/wal 1 data directories: /tmp/kudutest-4282/master_failover-itest.1.HmsConfigurations_MasterFailoverTest.TestDeleteTableSync_1.1551317010817988-115671/minicluster-data/ts-0/data/data Total live blocks: 0 Total live bytes: 0 Total live bytes (after alignment): 0 Total number of LBM containers: 0 (0 full) Did not check for missing blocks Did not check for orphaned blocks Total full LBM containers with extra space: 0 (0 repaired) Total full LBM container extra space in bytes: 0 (0 repaired) Total incomplete LBM containers: 0 (0 repaired) Total LBM partial records: 0 (0 repaired)
I0227 17:24:24.738171 35555 tablet_service.cc:1010] Received RequestConsensusVote() RPC: tablet_id: "00000000000000000000000000000000" candidate_uuid: "eaae685ab2234943bccdfa4e9d6b87e1" candidate_term: 1 candidate_status { last_received { term: 0 index: 0 } } ignore_live_leader: false dest_uuid: "bbd34c4935164b99889130f50a1ac965" is_pre_election: true
I0227 17:24:24.738371 35555 raft_consensus.cc:2346] T 00000000000000000000000000000000 P bbd34c4935164b99889130f50a1ac965 [term 0 FOLLOWER]: Leader pre-election vote request: Granting yes vote for candidate eaae685ab2234943bccdfa4e9d6b87e1 in term 0.
I0227 17:24:24.738504 35126 tablet_service.cc:1010] Received RequestConsensusVote() RPC: tablet_id: "00000000000000000000000000000000" candidate_uuid: "eaae685ab2234943bccdfa4e9d6b87e1" candidate_term: 1 candidate_status { last_received { term: 0 index: 0 } } ignore_live_leader: false dest_uuid: "45d749848fc844e1af0e5b15b810994f" is_pre_election: true
I0227 17:24:24.738759 35126 raft_consensus.cc:2346] T 00000000000000000000000000000000 P 45d749848fc844e1af0e5b15b810994f [term 0 FOLLOWER]: Leader pre-election vote request: Granting yes vote for candidate eaae685ab2234943bccdfa4e9d6b87e1 in term 0.
I0227 17:24:24.738883 35936 leader_election.cc:306] T 00000000000000000000000000000000 P eaae685ab2234943bccdfa4e9d6b87e1 [CANDIDATE]: Term 1 pre-election: Election decided. Result: candidate won. Election summary: received 2 responses out of 3 voters: 2 yes votes; 0 no votes. yes voters: bbd34c4935164b99889130f50a1ac965, eaae685ab2234943bccdfa4e9d6b87e1; no voters:
I0227 17:24:24.739179 36190 raft_consensus.cc:2640] T 00000000000000000000000000000000 P eaae685ab2234943bccdfa4e9d6b87e1 [term 0 FOLLOWER]: Leader pre-election won for term 1
I0227 17:24:24.739226 36190 raft_consensus.cc:472] T 00000000000000000000000000000000 P eaae685ab2234943bccdfa4e9d6b87e1 [term 0 FOLLOWER]: Starting leader election (no leader contacted us within the election timeout)
I0227 17:24:24.739255 36190 raft_consensus.cc:2886] T 00000000000000000000000000000000 P eaae685ab2234943bccdfa4e9d6b87e1 [term 0 FOLLOWER]: Advancing to term 1
I0227 17:24:24.749752 36190 raft_consensus.cc:494] T 00000000000000000000000000000000 P eaae685ab2234943bccdfa4e9d6b87e1 [term 1 FOLLOWER]: Starting leader election with config: opid_index: -1 OBSOLETE_local: false peers { permanent_uuid: "45d749848fc844e1af0e5b15b810994f" member_type: VOTER last_known_addr { host: "127.112.245.254" port: 39035 } } peers { permanent_uuid: "bbd34c4935164b99889130f50a1ac965" member_type: VOTER last_known_addr { host: "127.112.245.253" port: 41272 } } peers { permanent_uuid: "eaae685ab2234943bccdfa4e9d6b87e1" member_type: VOTER last_known_addr { host: "127.112.245.252" port: 34480 } }
I0227 17:24:24.750339 36190 leader_election.cc:292] T 00000000000000000000000000000000 P eaae685ab2234943bccdfa4e9d6b87e1 [CANDIDATE]: Term 1 election: Requested vote from peers 45d749848fc844e1af0e5b15b810994f (127.112.245.254:39035), bbd34c4935164b99889130f50a1ac965 (127.112.245.253:41272)
I0227 17:24:24.751096 35126 tablet_service.cc:1010] Received RequestConsensusVote() RPC: tablet_id: "00000000000000000000000000000000" candidate_uuid: "eaae685ab2234943bccdfa4e9d6b87e1" candidate_term: 1 candidate_status { last_received { term: 0 index: 0 } } ignore_live_leader: false dest_uuid: "45d749848fc844e1af0e5b15b810994f"
I0227 17:24:24.751204 35126 raft_consensus.cc:2886] T 00000000000000000000000000000000 P 45d749848fc844e1af0e5b15b810994f [term 0 FOLLOWER]: Advancing to term 1
I0227 17:24:24.752588 35126 raft_consensus.cc:2346] T 00000000000000000000000000000000 P 45d749848fc844e1af0e5b15b810994f [term 1 FOLLOWER]: Leader election vote request: Granting yes vote for candidate eaae685ab2234943bccdfa4e9d6b87e1 in term 1.
I0227 17:24:24.753206 35937 leader_election.cc:306] T 00000000000000000000000000000000 P eaae685ab2234943bccdfa4e9d6b87e1 [CANDIDATE]: Term 1 election: Election decided. Result: candidate won. Election summary: received 2 responses out of 3 voters: 2 yes votes; 0 no votes. yes voters: 45d749848fc844e1af0e5b15b810994f, eaae685ab2234943bccdfa4e9d6b87e1; no voters:
I0227 17:24:24.753370 36190 raft_consensus.cc:2640] T 00000000000000000000000000000000 P eaae685ab2234943bccdfa4e9d6b87e1 [term 1 FOLLOWER]: Leader election won for term 1
I0227 17:24:24.753605 36190 raft_consensus.cc:667] T 00000000000000000000000000000000 P eaae685ab2234943bccdfa4e9d6b87e1 [term 1 LEADER]: Becoming Leader. State: Replica: eaae685ab2234943bccdfa4e9d6b87e1, State: Running, Role: LEADER
I0227 17:24:24.754034 36190 consensus_queue.cc:206] T 00000000000000000000000000000000 P eaae685ab2234943bccdfa4e9d6b87e1 [LEADER]: Queue going to LEADER mode. State: All replicated index: 0, Majority replicated index: 0, Committed index: 0, Last appended: 0.0, Last appended by leader: 0, Current term: 1, Majority size: 2, State: 0, Mode: LEADER, active raft config: opid_index: -1 OBSOLETE_local: false peers { permanent_uuid: "45d749848fc844e1af0e5b15b810994f" member_type: VOTER last_known_addr { host: "127.112.245.254" port: 39035 } } peers { permanent_uuid: "bbd34c4935164b99889130f50a1ac965" member_type: VOTER last_known_addr { host: "127.112.245.253" port: 41272 } } peers { permanent_uuid: "eaae685ab2234943bccdfa4e9d6b87e1" member_type: VOTER last_known_addr { host: "127.112.245.252" port: 34480 } }
I0227 17:24:24.754406 35555 tablet_service.cc:1010] Received RequestConsensusVote() RPC: tablet_id: "00000000000000000000000000000000" candidate_uuid: "eaae685ab2234943bccdfa4e9d6b87e1" candidate_term: 1 candidate_status { last_received { term: 0 index: 0 } } ignore_live_leader: false dest_uuid: "bbd34c4935164b99889130f50a1ac965"
I0227 17:24:24.754482 35555 raft_consensus.cc:2886] T 00000000000000000000000000000000 P bbd34c4935164b99889130f50a1ac965 [term 0 FOLLOWER]: Advancing to term 1
I0227 17:24:24.755647 35555 raft_consensus.cc:2346] T 00000000000000000000000000000000 P bbd34c4935164b99889130f50a1ac965 [term 1 FOLLOWER]: Leader election vote request: Granting yes vote for candidate eaae685ab2234943bccdfa4e9d6b87e1 in term 1.
I0227 17:24:24.755709 36190 sys_catalog.cc:337] T 00000000000000000000000000000000 P eaae685ab2234943bccdfa4e9d6b87e1 [sys.catalog]: SysCatalogTable state changed. Reason: New leader eaae685ab2234943bccdfa4e9d6b87e1. Latest consensus state: current_term: 1 leader_uuid: "eaae685ab2234943bccdfa4e9d6b87e1" committed_config { opid_index: -1 OBSOLETE_local: false peers { permanent_uuid: "45d749848fc844e1af0e5b15b810994f" member_type: VOTER last_known_addr { host: "127.112.245.254" port: 39035 } } peers { permanent_uuid: "bbd34c4935164b99889130f50a1ac965" member_type: VOTER last_known_addr { host: "127.112.245.253" port: 41272 } } peers { permanent_uuid: "eaae685ab2234943bccdfa4e9d6b87e1" member_type: VOTER last_known_addr { host: "127.112.245.252" port: 34480 } } }
I0227 17:24:24.755738 36190 sys_catalog.cc:340] T 00000000000000000000000000000000 P eaae685ab2234943bccdfa4e9d6b87e1 [sys.catalog]: This master's current role is: LEADER
I0227 17:24:24.767554 36239 catalog_manager.cc:1046] Loading table and tablet metadata into memory...
I0227 17:24:24.770604 36239 catalog_manager.cc:1057] Initializing Kudu internal certificate authority...
I0227 17:24:24.794126 36160 env_posix.cc:1671] Raising this process' running threads per effective uid limit from 32768 to 65536
I0227 17:24:24.797881 36160 ts_tablet_manager.cc:356] Loaded tablet metadata (0 live tablets)
I0227 17:24:24.798105 36160 tablet_server_main.cc:90] Starting tablet server...
I0227 17:24:24.820649 36160 rpc_server.cc:205] RPC server started. Bound to: 127.112.245.193:36713
I0227 17:24:24.821007 36160 webserver.cc:175] Starting webserver on 127.112.245.193:0
I0227 17:24:24.821032 36160 webserver.cc:186] Document root disabled
I0227 17:24:24.821662 36160 webserver.cc:313] Webserver started. Bound to: http://127.112.245.193:54821/
I0227 17:24:24.822211 36160 server_base.cc:607] Dumped server information to /tmp/kudutest-4282/master_failover-itest.1.HmsConfigurations_MasterFailoverTest.TestDeleteTableSync_1.1551317010817988-115671/minicluster-data/ts-0/data/info.pb
I0227 17:24:24.823202 36160 tablet_server_main.cc:93] Tablet server successfully started.
I0227 17:24:24.828130 115671 external_mini_cluster.cc:995] Started /data/1/adar/apache-kudu-1.9.0/build/debug/bin/kudu-tserver as pid 36160
I0227 17:24:24.828749 115671 external_mini_cluster.cc:933] Running /data/1/adar/apache-kudu-1.9.0/build/debug/bin/kudu-tserver /data/1/adar/apache-kudu-1.9.0/build/debug/bin/kudu-tserver --fs_wal_dir=/tmp/kudutest-4282/master_failover-itest.1.HmsConfigurations_MasterFailoverTest.TestDeleteTableSync_1.1551317010817988-115671/minicluster-data/ts-1/wal --fs_data_dirs=/tmp/kudutest-4282/master_failover-itest.1.HmsConfigurations_MasterFailoverTest.TestDeleteTableSync_1.1551317010817988-115671/minicluster-data/ts-1/data --block_manager=log --rpc_bind_addresses=127.112.245.194:0 --local_ip_for_outbound_sockets=127.112.245.194 --webserver_interface=127.112.245.194 --webserver_port=0 --tserver_master_addrs=127.112.245.254:39035,127.112.245.253:41272,127.112.245.252:34480 --never_fsync --ipki_server_key_size=1024 --enable_minidumps=false --redact=none --metrics_log_interval_ms=1000 --logtostderr --logbuflevel=-1 --log_dir=/tmp/kudutest-4282/master_failover-itest.1.HmsConfigurations_MasterFailoverTest.TestDeleteTableSync_1.1551317010817988-115671/minicluster-data/ts-1/logs --server_dump_info_path=/tmp/kudutest-4282/master_failover-itest.1.HmsConfigurations_MasterFailoverTest.TestDeleteTableSync_1.1551317010817988-115671/minicluster-data/ts-1/data/info.pb --server_dump_info_format=pb --rpc_server_allow_ephemeral_ports --unlock_experimental_flags --unlock_unsafe_flags --heartbeat_rpc_timeout_ms=1000 --heartbeat_max_failures_before_backoff=1 --heartbeat_interval_ms=500 with env {}
I0227 17:24:24.845727 35555 raft_consensus.cc:1181] T 00000000000000000000000000000000 P bbd34c4935164b99889130f50a1ac965 [term 1 FOLLOWER]: Refusing update from remote peer eaae685ab2234943bccdfa4e9d6b87e1: Log matching property violated. Preceding OpId in replica: term: 0 index: 0. Preceding OpId from leader: term: 1 index: 2. (index mismatch)
I0227 17:24:24.846475 36237 consensus_queue.cc:984] T 00000000000000000000000000000000 P eaae685ab2234943bccdfa4e9d6b87e1 [LEADER]: Connected to new peer: Peer: permanent_uuid: "bbd34c4935164b99889130f50a1ac965" member_type: VOTER last_known_addr { host: "127.112.245.253" port: 41272 }, Status: LMP_MISMATCH, Last received: 0.0, Next index: 1, Last known committed idx: 0, Time since last communication: 0.000s
I0227 17:24:24.847200 35126 raft_consensus.cc:1181] T 00000000000000000000000000000000 P 45d749848fc844e1af0e5b15b810994f [term 1 FOLLOWER]: Refusing update from remote peer eaae685ab2234943bccdfa4e9d6b87e1: Log matching property violated. Preceding OpId in replica: term: 0 index: 0. Preceding OpId from leader: term: 1 index: 2. (index mismatch)
I0227 17:24:24.847829 36237 consensus_queue.cc:984] T 00000000000000000000000000000000 P eaae685ab2234943bccdfa4e9d6b87e1 [LEADER]: Connected to new peer: Peer: permanent_uuid: "45d749848fc844e1af0e5b15b810994f" member_type: VOTER last_known_addr { host: "127.112.245.254" port: 39035 }, Status: LMP_MISMATCH, Last received: 0.0, Next index: 1, Last known committed idx: 0, Time since last communication: 0.000s
I0227 17:24:24.849858 36219 sys_catalog.cc:337] T 00000000000000000000000000000000 P bbd34c4935164b99889130f50a1ac965 [sys.catalog]: SysCatalogTable state changed. Reason: New leader eaae685ab2234943bccdfa4e9d6b87e1. Latest consensus state: current_term: 1 leader_uuid: "eaae685ab2234943bccdfa4e9d6b87e1" committed_config { opid_index: -1 OBSOLETE_local: false peers { permanent_uuid: "45d749848fc844e1af0e5b15b810994f" member_type: VOTER last_known_addr { host: "127.112.245.254" port: 39035 } } peers { permanent_uuid: "bbd34c4935164b99889130f50a1ac965" member_type: VOTER last_known_addr { host: "127.112.245.253" port: 41272 } } peers { permanent_uuid: "eaae685ab2234943bccdfa4e9d6b87e1" member_type: VOTER last_known_addr { host: "127.112.245.252" port: 34480 } } }
I0227 17:24:24.849889 36219 sys_catalog.cc:340] T 00000000000000000000000000000000 P bbd34c4935164b99889130f50a1ac965 [sys.catalog]: This master's current role is: FOLLOWER
I0227 17:24:24.856771 36409 heartbeater.cc:345] Connected to a master server at 127.112.245.254:39035
I0227 17:24:24.856771 36407 heartbeater.cc:345] Connected to a master server at 127.112.245.252:34480
I0227 17:24:24.856936 36409 heartbeater.cc:425] Registering TS with master...
I0227 17:24:24.856936 36407 heartbeater.cc:425] Registering TS with master...
I0227 17:24:24.857440 36407 heartbeater.cc:474] Master 127.112.245.252:34480 requested a full tablet report, sending...
I0227 17:24:24.857439 36409 heartbeater.cc:474] Master 127.112.245.254:39035 requested a full tablet report, sending...
I0227 17:24:24.858758 36091 ts_manager.cc:98] Registered new tserver with Master: abb7bc57957e4f9c8a5779ebe08a05c7 (127.112.245.193:36713)
I0227 17:24:24.860060 35117 ts_manager.cc:98] Registered new tserver with Master: abb7bc57957e4f9c8a5779ebe08a05c7 (127.112.245.193:36713)
I0227 17:24:24.860065 36191 sys_catalog.cc:337] T 00000000000000000000000000000000 P 45d749848fc844e1af0e5b15b810994f [sys.catalog]: SysCatalogTable state changed. Reason: New leader eaae685ab2234943bccdfa4e9d6b87e1. Latest consensus state: current_term: 1 leader_uuid: "eaae685ab2234943bccdfa4e9d6b87e1" committed_config { opid_index: -1 OBSOLETE_local: false peers { permanent_uuid: "45d749848fc844e1af0e5b15b810994f" member_type: VOTER last_known_addr { host: "127.112.245.254" port: 39035 } } peers { permanent_uuid: "bbd34c4935164b99889130f50a1ac965" member_type: VOTER last_known_addr { host: "127.112.245.253" port: 41272 } } peers { permanent_uuid: "eaae685ab2234943bccdfa4e9d6b87e1" member_type: VOTER last_known_addr { host: "127.112.245.252" port: 34480 } } }
