I0227 17:25:59.075491 124209 tablet_service.cc:1010] Received RequestConsensusVote() RPC: tablet_id: "00000000000000000000000000000000" candidate_uuid: "6cd5de61888340e681a3e5cd19fad418" candidate_term: 5 candidate_status { last_received { term: 4 index: 16 } } ignore_live_leader: false dest_uuid: "2e3d7e621b864672aaa91ea2d0bbd1b9" is_pre_election: true
I0227 17:25:59.075604 124208 tablet_service.cc:1010] Received RequestConsensusVote() RPC: tablet_id: "00000000000000000000000000000000" candidate_uuid: "6cd5de61888340e681a3e5cd19fad418" candidate_term: 5 candidate_status { last_received { term: 4 index: 20 } } ignore_live_leader: false dest_uuid: "2e3d7e621b864672aaa91ea2d0bbd1b9" is_pre_election: true
I0227 17:25:59.075857 124216 raft_consensus.cc:1181] T 00000000000000000000000000000000 P 2e3d7e621b864672aaa91ea2d0bbd1b9 [term 4 FOLLOWER]: Refusing update from remote peer c31e774156b64c02922906e3e2985c89: Log matching property violated. Preceding OpId in replica: term: 3 index: 15. Preceding OpId from leader: term: 4 index: 16. (index mismatch)
I0227 17:25:59.075983 124215 raft_consensus.cc:2321] T 00000000000000000000000000000000 P 2e3d7e621b864672aaa91ea2d0bbd1b9 [term 4 FOLLOWER]: Leader pre-election vote request: Denying vote to candidate 6cd5de61888340e681a3e5cd19fad418 for term 5 because replica is already servicing an update from a current leader or another vote.
I0227 17:25:59.076050 124213 raft_consensus.cc:2321] T 00000000000000000000000000000000 P 2e3d7e621b864672aaa91ea2d0bbd1b9 [term 4 FOLLOWER]: Leader election vote request: Denying vote to candidate c31e774156b64c02922906e3e2985c89 for term 4 because replica is already servicing an update from a current leader or another vote.
I0227 17:25:59.076123 124212 raft_consensus.cc:2321] T 00000000000000000000000000000000 P 2e3d7e621b864672aaa91ea2d0bbd1b9 [term 4 FOLLOWER]: Leader pre-election vote request: Denying vote to candidate 6cd5de61888340e681a3e5cd19fad418 for term 5 because replica is already servicing an update from a current leader or another vote.
I0227 17:25:59.076200 124217 raft_consensus.cc:2321] T 00000000000000000000000000000000 P 2e3d7e621b864672aaa91ea2d0bbd1b9 [term 4 FOLLOWER]: Leader pre-election vote request: Denying vote to candidate 6cd5de61888340e681a3e5cd19fad418 for term 5 because replica is already servicing an update from a current leader or another vote.
I0227 17:25:59.076330 124211 raft_consensus.cc:2321] T 00000000000000000000000000000000 P 2e3d7e621b864672aaa91ea2d0bbd1b9 [term 4 FOLLOWER]: Leader pre-election vote request: Denying vote to candidate 6cd5de61888340e681a3e5cd19fad418 for term 5 because replica is already servicing an update from a current leader or another vote.
I0227 17:25:59.076421 124210 raft_consensus.cc:2321] T 00000000000000000000000000000000 P 2e3d7e621b864672aaa91ea2d0bbd1b9 [term 4 FOLLOWER]: Leader pre-election vote request: Denying vote to candidate 6cd5de61888340e681a3e5cd19fad418 for term 5 because replica is already servicing an update from a current leader or another vote.
I0227 17:25:59.076488 124209 raft_consensus.cc:2321] T 00000000000000000000000000000000 P 2e3d7e621b864672aaa91ea2d0bbd1b9 [term 4 FOLLOWER]: Leader pre-election vote request: Denying vote to candidate 6cd5de61888340e681a3e5cd19fad418 for term 5 because replica is already servicing an update from a current leader or another vote.
I0227 17:25:59.076493 137298 consensus_queue.cc:984] T 00000000000000000000000000000000 P c31e774156b64c02922906e3e2985c89 [LEADER]: Connected to new peer: Peer: permanent_uuid: "2e3d7e621b864672aaa91ea2d0bbd1b9" member_type: VOTER last_known_addr { host: "127.112.245.252" port: 58453 }, Status: LMP_MISMATCH, Last received: 0.0, Next index: 16, Last known committed idx: 15, Time since last communication: 0.000s
I0227 17:25:59.076545 124208 raft_consensus.cc:2321] T 00000000000000000000000000000000 P 2e3d7e621b864672aaa91ea2d0bbd1b9 [term 4 FOLLOWER]: Leader pre-election vote request: Denying vote to candidate 6cd5de61888340e681a3e5cd19fad418 for term 5 because replica is already servicing an update from a current leader or another vote.
I0227 17:25:59.076735 124214 raft_consensus.cc:2321] T 00000000000000000000000000000000 P 2e3d7e621b864672aaa91ea2d0bbd1b9 [term 4 FOLLOWER]: Leader pre-election vote request: Denying vote to candidate 6cd5de61888340e681a3e5cd19fad418 for term 4 because replica is already servicing an update from a current leader or another vote.
I0227 17:25:59.076990 125382 heartbeater.cc:345] Connected to a master server at 127.112.245.252:58453
I0227 17:25:59.077376 125068 heartbeater.cc:345] Connected to a master server at 127.112.245.252:58453
I0227 17:25:59.077666 124855 heartbeater.cc:345] Connected to a master server at 127.112.245.252:58453
I0227 17:25:59.078791 137307 sys_catalog.cc:337] T 00000000000000000000000000000000 P 2e3d7e621b864672aaa91ea2d0bbd1b9 [sys.catalog]: SysCatalogTable state changed. Reason: Replicated consensus-only round. Latest consensus state: current_term: 4 leader_uuid: "c31e774156b64c02922906e3e2985c89" committed_config { opid_index: -1 OBSOLETE_local: false peers { permanent_uuid: "c31e774156b64c02922906e3e2985c89" member_type: VOTER last_known_addr { host: "127.112.245.254" port: 35995 } } peers { permanent_uuid: "6cd5de61888340e681a3e5cd19fad418" member_type: VOTER last_known_addr { host: "127.112.245.253" port: 50732 } } peers { permanent_uuid: "2e3d7e621b864672aaa91ea2d0bbd1b9" member_type: VOTER last_known_addr { host: "127.112.245.252" port: 58453 } } }
I0227 17:25:59.078840 137307 sys_catalog.cc:340] T 00000000000000000000000000000000 P 2e3d7e621b864672aaa91ea2d0bbd1b9 [sys.catalog]: This master's current role is: FOLLOWER
W0227 17:25:59.078804 124302 hms_notification_log_listener.cc:130] Hive Metastore notification log listener poll failed: Service unavailable: lost leadership while handling Hive Metastore notification log events
I0227 17:25:59.079005 137305 sys_catalog.cc:337] T 00000000000000000000000000000000 P 2e3d7e621b864672aaa91ea2d0bbd1b9 [sys.catalog]: SysCatalogTable state changed. Reason: New leader c31e774156b64c02922906e3e2985c89. Latest consensus state: current_term: 4 leader_uuid: "c31e774156b64c02922906e3e2985c89" committed_config { opid_index: -1 OBSOLETE_local: false peers { permanent_uuid: "c31e774156b64c02922906e3e2985c89" member_type: VOTER last_known_addr { host: "127.112.245.254" port: 35995 } } peers { permanent_uuid: "6cd5de61888340e681a3e5cd19fad418" member_type: VOTER last_known_addr { host: "127.112.245.253" port: 50732 } } peers { permanent_uuid: "2e3d7e621b864672aaa91ea2d0bbd1b9" member_type: VOTER last_known_addr { host: "127.112.245.252" port: 58453 } } }
I0227 17:25:59.079030 137305 sys_catalog.cc:340] T 00000000000000000000000000000000 P 2e3d7e621b864672aaa91ea2d0bbd1b9 [sys.catalog]: This master's current role is: FOLLOWER
I0227 17:25:59.079234 137308 mvcc.cc:203] Tried to move safe_time back from 6354195081045950464 to 6354195042511794176. Current Snapshot: MvccSnapshot[committed={T|T < 6354195081045950464}]
W0227 17:25:59.098624 124106 connection.cc:647] server connection from 127.112.245.252:49513 recv error: Network error: recv error from 0.0.0.0:0: Transport endpoint is not connected (error 107)
W0227 17:25:59.098700 124742 connection.cc:647] client connection to 127.112.245.253:50732 recv error: Network error: failed to read from TLS socket (remote: 127.112.245.253:50732): Connection reset by peer (error 104)
W0227 17:25:59.098742 124931 connection.cc:647] client connection to 127.112.245.253:50732 recv error: Network error: failed to read from TLS socket (remote: 127.112.245.253:50732): Connection reset by peer (error 104)
W0227 17:25:59.098763 125258 connection.cc:647] client connection to 127.112.245.253:50732 recv error: Network error: failed to read from TLS socket (remote: 127.112.245.253:50732): Connection reset by peer (error 104)
I0227 17:25:59.219110 137313 fs_manager.cc:263] Metadata directory not provided
I0227 17:25:59.219288 137313 fs_manager.cc:269] Using write-ahead log directory (fs_wal_dir) as metadata directory
W0227 17:25:59.221233 137313 data_dirs.cc:617] IO error: Could not lock block_manager_instance file. Make sure that Kudu is not already running and you are not trying to run Kudu with a different user than before: lock /tmp/kudutest-4282/master_failover-itest.1.HmsConfigurations_MasterFailoverTest.TestMasterPermanentFailure_1.1551317010817988-115671/minicluster-data/master-2/data/data/block_manager_instance: Resource temporarily unavailable (error 11)
W0227 17:25:59.221253 137313 data_dirs.cc:618] Proceeding without lock
I0227 17:25:59.225402 137313 fs_manager.cc:399] Time spent opening directory manager: real 0.005s user 0.002s sys 0.002s
I0227 17:25:59.225913 137313 env_posix.cc:1676] Not raising this process' open files per process limit of 32768; it is already as high as it can go
I0227 17:25:59.226611 137313 file_cache.cc:466] Constructed file cache lbm with capacity 13107
I0227 17:25:59.229496 137313 log_block_manager.cc:1950] Data dir /tmp/kudutest-4282/master_failover-itest.1.HmsConfigurations_MasterFailoverTest.TestMasterPermanentFailure_1.1551317010817988-115671/minicluster-data/master-2/data/data is on an ext4 filesystem vulnerable to KUDU-1508 with block size 4096
I0227 17:25:59.229626 137313 log_block_manager.cc:1960] Limiting containers on data directory /tmp/kudutest-4282/master_failover-itest.1.HmsConfigurations_MasterFailoverTest.TestMasterPermanentFailure_1.1551317010817988-115671/minicluster-data/master-2/data/data to 2721 blocks
I0227 17:25:59.230442 137322 log_block_manager.cc:2649] Read-only block manager, skipping repair
I0227 17:25:59.231266 137313 fs_report.cc:352] FS layout report -------------------- wal directory: metadata directory: 1 data directories: /tmp/kudutest-4282/master_failover-itest.1.HmsConfigurations_MasterFailoverTest.TestMasterPermanentFailure_1.1551317010817988-115671/minicluster-data/master-2/data/data Total live blocks: 0 Total live bytes: 0 Total live bytes (after alignment): 0 Total number of LBM containers: 0 (0 full) Did not check for missing blocks Did not check for orphaned blocks Total full LBM containers with extra space: 0 (0 repaired) Total full LBM container extra space in bytes: 0 (0 repaired) Total incomplete LBM containers: 0 (0 repaired) Total LBM partial records: 0 (0 repaired)
I0227 17:25:59.231328 137313 fs_manager.cc:419] Time spent opening block manager: real 0.002s user 0.001s sys 0.000s
I0227 17:25:59.231778 137313 fs_manager.cc:436] Opened local filesystem: /tmp/kudutest-4282/master_failover-itest.1.HmsConfigurations_MasterFailoverTest.TestMasterPermanentFailure_1.1551317010817988-115671/minicluster-data/master-2/data,/tmp/kudutest-4282/master_failover-itest.1.HmsConfigurations_MasterFailoverTest.TestMasterPermanentFailure_1.1551317010817988-115671/minicluster-data/master-2/wal uuid: "2e3d7e621b864672aaa91ea2d0bbd1b9" format_stamp: "Formatted at 2019-02-28 01:25:40 on ve0518.halxg.cloudera.com"
I0227 17:25:59.246165 115671 master_failover-itest.cc:410] UUIDS: c31e774156b64c02922906e3e2985c89 6cd5de61888340e681a3e5cd19fad418 2e3d7e621b864672aaa91ea2d0bbd1b9
I0227 17:25:59.356539 137325 fs_manager.cc:263] Metadata directory not provided
I0227 17:25:59.356719 137325 fs_manager.cc:269] Using write-ahead log directory (fs_wal_dir) as metadata directory
W0227 17:25:59.396376 126593 consensus_peers.cc:457] T 00000000000000000000000000000000 P c31e774156b64c02922906e3e2985c89 -> Peer 6cd5de61888340e681a3e5cd19fad418 (127.112.245.253:50732): Couldn't send request to peer 6cd5de61888340e681a3e5cd19fad418. Status: Network error: Client connection negotiation failed: client connection to 127.112.245.253:50732: connect: Connection refused (error 111). This is attempt 1: this message will repeat every 5th retry.
I0227 17:25:59.554656 137298 sys_catalog.cc:337] T 00000000000000000000000000000000 P c31e774156b64c02922906e3e2985c89 [sys.catalog]: SysCatalogTable state changed. Reason: Peer health change. Latest consensus state: current_term: 4 leader_uuid: "c31e774156b64c02922906e3e2985c89" committed_config { opid_index: -1 OBSOLETE_local: false peers { permanent_uuid: "c31e774156b64c02922906e3e2985c89" member_type: VOTER last_known_addr { host: "127.112.245.254" port: 35995 } } peers { permanent_uuid: "6cd5de61888340e681a3e5cd19fad418" member_type: VOTER last_known_addr { host: "127.112.245.253" port: 50732 } } peers { permanent_uuid: "2e3d7e621b864672aaa91ea2d0bbd1b9" member_type: VOTER last_known_addr { host: "127.112.245.252" port: 58453 } } }
I0227 17:25:59.554697 137298 sys_catalog.cc:340] T 00000000000000000000000000000000 P c31e774156b64c02922906e3e2985c89 [sys.catalog]: This master's current role is: LEADER
I0227 17:25:59.570453 137325 fs_manager.cc:602] Generated new instance metadata in path /tmp/kudutest-4282/master_failover-itest.1.HmsConfigurations_MasterFailoverTest.TestMasterPermanentFailure_1.1551317010817988-115671/minicluster-data/master-1/data/instance: uuid: "6cd5de61888340e681a3e5cd19fad418" format_stamp: "Formatted at 2019-02-28 01:25:59 on ve0518.halxg.cloudera.com"
I0227 17:25:59.581316 137325 fs_manager.cc:602] Generated new instance metadata in path /tmp/kudutest-4282/master_failover-itest.1.HmsConfigurations_MasterFailoverTest.TestMasterPermanentFailure_1.1551317010817988-115671/minicluster-data/master-1/wal/instance: uuid: "6cd5de61888340e681a3e5cd19fad418" format_stamp: "Formatted at 2019-02-28 01:25:59 on ve0518.halxg.cloudera.com"
I0227 17:25:59.602596 137325 fs_manager.cc:503] Time spent creating directory manager: real 0.021s user 0.005s sys 0.004s
I0227 17:25:59.801546 137349 fs_manager.cc:263] Metadata directory not provided
I0227 17:25:59.801775 137349 fs_manager.cc:269] Using write-ahead log directory (fs_wal_dir) as metadata directory
I0227 17:25:59.809697 137349 fs_manager.cc:399] Time spent opening directory manager: real 0.006s user 0.004s sys 0.001s
I0227 17:25:59.810729 137349 env_posix.cc:1676] Not raising this process' open files per process limit of 32768; it is already as high as it can go
I0227 17:25:59.811719 137349 file_cache.cc:466] Constructed file cache lbm with capacity 13107
I0227 17:25:59.814558 137349 log_block_manager.cc:1950] Data dir /tmp/kudutest-4282/master_failover-itest.1.HmsConfigurations_MasterFailoverTest.TestMasterPermanentFailure_1.1551317010817988-115671/minicluster-data/master-1/data/data is on an ext4 filesystem vulnerable to KUDU-1508 with block size 4096
I0227 17:25:59.814674 137349 log_block_manager.cc:1960] Limiting containers on data directory /tmp/kudutest-4282/master_failover-itest.1.HmsConfigurations_MasterFailoverTest.TestMasterPermanentFailure_1.1551317010817988-115671/minicluster-data/master-1/data/data to 2721 blocks
I0227 17:25:59.816501 137349 fs_report.cc:352] FS layout report -------------------- wal directory: metadata directory: 1 data directories: /tmp/kudutest-4282/master_failover-itest.1.HmsConfigurations_MasterFailoverTest.TestMasterPermanentFailure_1.1551317010817988-115671/minicluster-data/master-1/data/data Total live blocks: 0 Total live bytes: 0 Total live bytes (after alignment): 0 Total number of LBM containers: 0 (0 full) Did not check for missing blocks Did not check for orphaned blocks Total full LBM containers with extra space: 0 (0 repaired) Total full LBM container extra space in bytes: 0 (0 repaired) Total incomplete LBM containers: 0 (0 repaired) Total LBM partial records: 0 (0 repaired)
I0227 17:25:59.816664 137349 fs_manager.cc:419] Time spent opening block manager: real 0.002s user 0.001s sys 0.001s
I0227 17:25:59.817329 137349 fs_manager.cc:436] Opened local filesystem: /tmp/kudutest-4282/master_failover-itest.1.HmsConfigurations_MasterFailoverTest.TestMasterPermanentFailure_1.1551317010817988-115671/minicluster-data/master-1/data,/tmp/kudutest-4282/master_failover-itest.1.HmsConfigurations_MasterFailoverTest.TestMasterPermanentFailure_1.1551317010817988-115671/minicluster-data/master-1/wal uuid: "6cd5de61888340e681a3e5cd19fad418" format_stamp: "Formatted at 2019-02-28 01:25:59 on ve0518.halxg.cloudera.com"
I0227 17:25:59.827847 137342 sys_catalog.cc:337] T 00000000000000000000000000000000 P c31e774156b64c02922906e3e2985c89 [sys.catalog]: SysCatalogTable state changed. Reason: Peer health change. Latest consensus state: current_term: 4 leader_uuid: "c31e774156b64c02922906e3e2985c89" committed_config { opid_index: -1 OBSOLETE_local: false peers { permanent_uuid: "c31e774156b64c02922906e3e2985c89" member_type: VOTER last_known_addr { host: "127.112.245.254" port: 35995 } } peers { permanent_uuid: "6cd5de61888340e681a3e5cd19fad418" member_type: VOTER last_known_addr { host: "127.112.245.253" port: 50732 } } peers { permanent_uuid: "2e3d7e621b864672aaa91ea2d0bbd1b9" member_type: VOTER last_known_addr { host: "127.112.245.252" port: 58453 } } }
I0227 17:25:59.827889 137342 sys_catalog.cc:340] T 00000000000000000000000000000000 P c31e774156b64c02922906e3e2985c89 [sys.catalog]: This master's current role is: LEADER
I0227 17:25:59.832731 137349 tablet_copy_client.cc:240] T 00000000000000000000000000000000 P 6cd5de61888340e681a3e5cd19fad418: tablet copy: Beginning tablet copy session from remote peer at address 127.112.245.252:58453
I0227 17:25:59.850190 124222 tablet_copy_service.cc:135] P 2e3d7e621b864672aaa91ea2d0bbd1b9: Received BeginTabletCopySession request for tablet 00000000000000000000000000000000 from peer 6cd5de61888340e681a3e5cd19fad418 ({username='adar'} at 127.112.245.252:50299)
I0227 17:25:59.850265 124222 tablet_copy_service.cc:156] P 2e3d7e621b864672aaa91ea2d0bbd1b9: Beginning new tablet copy session on tablet 00000000000000000000000000000000 from peer 6cd5de61888340e681a3e5cd19fad418 at {username='adar'} at 127.112.245.252:50299: session id = 6cd5de61888340e681a3e5cd19fad418-00000000000000000000000000000000
I0227 17:25:59.851320 124222 tablet_copy_source_session.cc:202] T 00000000000000000000000000000000 P 2e3d7e621b864672aaa91ea2d0bbd1b9: Tablet Copy: opened 0 blocks and 1 log segments
I0227 17:25:59.857396 137349 data_dirs.cc:938] Could only allocate 1 dirs of requested 3 for tablet 00000000000000000000000000000000. 1 dirs total
I0227 17:25:59.870151 137349 tablet_copy_client.cc:575] T 00000000000000000000000000000000 P 6cd5de61888340e681a3e5cd19fad418: tablet copy: Starting download of 0 data blocks...
I0227 17:25:59.871331 137349 tablet_copy_client.cc:538] T 00000000000000000000000000000000 P 6cd5de61888340e681a3e5cd19fad418: tablet copy: Starting download of 1 WAL segments...
I0227 17:25:59.880936 137349 tablet_copy_client.cc:414] T 00000000000000000000000000000000 P 6cd5de61888340e681a3e5cd19fad418: tablet copy: Tablet Copy complete. Replacing tablet superblock.
I0227 17:25:59.888783 124222 tablet_copy_service.cc:325] P 2e3d7e621b864672aaa91ea2d0bbd1b9: Request end of tablet copy session 6cd5de61888340e681a3e5cd19fad418-00000000000000000000000000000000 received from {username='adar'} at 127.112.245.252:50299
I0227 17:25:59.888851 124222 tablet_copy_service.cc:413] P 2e3d7e621b864672aaa91ea2d0bbd1b9: ending tablet copy session 6cd5de61888340e681a3e5cd19fad418-00000000000000000000000000000000 on tablet 00000000000000000000000000000000 with peer 6cd5de61888340e681a3e5cd19fad418
I0227 17:25:59.907250 115671 external_mini_cluster.cc:933] Running /data/1/adar/apache-kudu-1.9.0/build/debug/bin/kudu-master /data/1/adar/apache-kudu-1.9.0/build/debug/bin/kudu-master --fs_wal_dir=/tmp/kudutest-4282/master_failover-itest.1.HmsConfigurations_MasterFailoverTest.TestMasterPermanentFailure_1.1551317010817988-115671/minicluster-data/master-1/wal --fs_data_dirs=/tmp/kudutest-4282/master_failover-itest.1.HmsConfigurations_MasterFailoverTest.TestMasterPermanentFailure_1.1551317010817988-115671/minicluster-data/master-1/data --block_manager=log --webserver_interface=localhost --ipki_ca_key_size=1024 --tsk_num_rsa_bits=512 --rpc_bind_addresses=127.112.245.253:50732 --webserver_interface=127.112.245.253 --webserver_port=0 --never_fsync --ipki_server_key_size=1024 --enable_minidumps=false --redact=none --metrics_log_interval_ms=1000 --logtostderr --logbuflevel=-1 --log_dir=/tmp/kudutest-4282/master_failover-itest.1.HmsConfigurations_MasterFailoverTest.TestMasterPermanentFailure_1.1551317010817988-115671/minicluster-data/master-1/logs --server_dump_info_path=/tmp/kudutest-4282/master_failover-itest.1.HmsConfigurations_MasterFailoverTest.TestMasterPermanentFailure_1.1551317010817988-115671/minicluster-data/master-1/data/info.pb --server_dump_info_format=pb --rpc_server_allow_ephemeral_ports --unlock_experimental_flags --unlock_unsafe_flags --leader_failure_max_missed_heartbeat_periods=1.0 --rpc_reuseport=true --master_addresses=127.112.245.254:35995,127.112.245.253:50732,127.112.245.252:58453 --hive_metastore_uris=thrift://127.0.0.1:54702 with env {} WARNING: Logging before InitGoogleLogging() is written to STDERR
W0227 17:26:00.006393 137406 flags.cc:406] Enabled unsafe flag: --rpc_server_allow_ephemeral_ports=true
W0227 17:26:00.006669 137406 flags.cc:406] Enabled unsafe flag: --never_fsync=true
W0227 17:26:00.007884 137406 flags.cc:406] Enabled experimental flag: --hive_metastore_uris=thrift://127.0.0.1:54702
W0227 17:26:00.007910 137406 flags.cc:406] Enabled experimental flag: --ipki_ca_key_size=1024
W0227 17:26:00.007927 137406 flags.cc:406] Enabled experimental flag: --ipki_server_key_size=1024
W0227 17:26:00.007938 137406 flags.cc:406] Enabled experimental flag: --tsk_num_rsa_bits=512
W0227 17:26:00.007959 137406 flags.cc:406] Enabled experimental flag: --rpc_reuseport=true
I0227 17:26:00.010530 137406 master_main.cc:73] Master server non-default flags: --leader_failure_max_missed_heartbeat_periods=1 --fs_data_dirs=/tmp/kudutest-4282/master_failover-itest.1.HmsConfigurations_MasterFailoverTest.TestMasterPermanentFailure_1.1551317010817988-115671/minicluster-data/master-1/data --fs_wal_dir=/tmp/kudutest-4282/master_failover-itest.1.HmsConfigurations_MasterFailoverTest.TestMasterPermanentFailure_1.1551317010817988-115671/minicluster-data/master-1/wal --hive_metastore_uris=thrift://127.0.0.1:54702 --ipki_ca_key_size=1024 --master_addresses=127.112.245.254:35995,127.112.245.253:50732,127.112.245.252:58453 --ipki_server_key_size=1024 --tsk_num_rsa_bits=512 --rpc_bind_addresses=127.112.245.253:50732 --rpc_reuseport=true --rpc_server_allow_ephemeral_ports=true --metrics_log_interval_ms=1000 --server_dump_info_format=pb --server_dump_info_path=/tmp/kudutest-4282/master_failover-itest.1.HmsConfigurations_MasterFailoverTest.TestMasterPermanentFailure_1.1551317010817988-115671/minicluster-data/master-1/data/info.pb --webserver_interface=127.112.245.253 --webserver_port=0 --never_fsync=true --heap_profile_path=/tmp/kudu-master.137406 --redact=none --unlock_experimental_flags=true --unlock_unsafe_flags=true --enable_minidumps=false --log_dir=/tmp/kudutest-4282/master_failover-itest.1.HmsConfigurations_MasterFailoverTest.TestMasterPermanentFailure_1.1551317010817988-115671/minicluster-data/master-1/logs --logbuflevel=-1 --logtostderr=true Master server version: kudu 1.9.0 revision non-git-build build type DEBUG built by adar at 27 Feb 2019 17:20:38 PST on ve0518.halxg.cloudera.com
I0227 17:26:00.020407 137406 master_main.cc:80] Initializing master server...
I0227 17:26:00.021237 137406 system_ntp.cc:199] NTP initialized. Skew: 500ppm Current error: 231275us
I0227 17:26:00.022807 137406 fs_manager.cc:263] Metadata directory not provided
I0227 17:26:00.022861 137406 fs_manager.cc:269] Using write-ahead log directory (fs_wal_dir) as metadata directory
I0227 17:26:00.028700 137406 fs_manager.cc:399] Time spent opening directory manager: real 0.004s user 0.003s sys 0.001s
I0227 17:26:00.029243 137406 env_posix.cc:1676] Not raising this process' open files per process limit of 32768; it is already as high as it can go
I0227 17:26:00.029759 137406 file_cache.cc:466] Constructed file cache lbm with capacity 13107
I0227 17:26:00.032946 137406 log_block_manager.cc:1950] Data dir /tmp/kudutest-4282/master_failover-itest.1.HmsConfigurations_MasterFailoverTest.TestMasterPermanentFailure_1.1551317010817988-115671/minicluster-data/master-1/data/data is on an ext4 filesystem vulnerable to KUDU-1508 with block size 4096
I0227 17:26:00.033071 137406 log_block_manager.cc:1960] Limiting containers on data directory /tmp/kudutest-4282/master_failover-itest.1.HmsConfigurations_MasterFailoverTest.TestMasterPermanentFailure_1.1551317010817988-115671/minicluster-data/master-1/data/data to 2721 blocks
I0227 17:26:00.036178 137406 fs_manager.cc:419] Time spent opening block manager: real 0.003s user 0.001s sys 0.000s
I0227 17:26:00.036924 137406 fs_manager.cc:436] Opened local filesystem: /tmp/kudutest-4282/master_failover-itest.1.HmsConfigurations_MasterFailoverTest.TestMasterPermanentFailure_1.1551317010817988-115671/minicluster-data/master-1/data,/tmp/kudutest-4282/master_failover-itest.1.HmsConfigurations_MasterFailoverTest.TestMasterPermanentFailure_1.1551317010817988-115671/minicluster-data/master-1/wal uuid: "6cd5de61888340e681a3e5cd19fad418" format_stamp: "Formatted at 2019-02-28 01:25:59 on ve0518.halxg.cloudera.com"
I0227 17:26:00.037060 137406 fs_report.cc:352] FS layout report -------------------- wal directory: /tmp/kudutest-4282/master_failover-itest.1.HmsConfigurations_MasterFailoverTest.TestMasterPermanentFailure_1.1551317010817988-115671/minicluster-data/master-1/wal metadata directory: /tmp/kudutest-4282/master_failover-itest.1.HmsConfigurations_MasterFailoverTest.TestMasterPermanentFailure_1.1551317010817988-115671/minicluster-data/master-1/wal 1 data directories: /tmp/kudutest-4282/master_failover-itest.1.HmsConfigurations_MasterFailoverTest.TestMasterPermanentFailure_1.1551317010817988-115671/minicluster-data/master-1/data/data Total live blocks: 0 Total live bytes: 0 Total live bytes (after alignment): 0 Total number of LBM containers: 0 (0 full) Did not check for missing blocks Did not check for orphaned blocks Total full LBM containers with extra space: 0 (0 repaired) Total full LBM container extra space in bytes: 0 (0 repaired) Total incomplete LBM containers: 0 (0 repaired) Total LBM partial records: 0 (0 repaired)
I0227 17:26:00.056344 137435 raft_consensus.cc:472] T 00000000000000000000000000000000 P 2e3d7e621b864672aaa91ea2d0bbd1b9 [term 4 FOLLOWER]: Starting pre-election (detected failure of leader c31e774156b64c02922906e3e2985c89)
I0227 17:26:00.056463 137435 raft_consensus.cc:494] T 00000000000000000000000000000000 P 2e3d7e621b864672aaa91ea2d0bbd1b9 [term 4 FOLLOWER]: Starting pre-election with config: opid_index: -1 OBSOLETE_local: false peers { permanent_uuid: "c31e774156b64c02922906e3e2985c89" member_type: VOTER last_known_addr { host: "127.112.245.254" port: 35995 } } peers { permanent_uuid: "6cd5de61888340e681a3e5cd19fad418" member_type: VOTER last_known_addr { host: "127.112.245.253" port: 50732 } } peers { permanent_uuid: "2e3d7e621b864672aaa91ea2d0bbd1b9" member_type: VOTER last_known_addr { host: "127.112.245.252" port: 58453 } }
I0227 17:26:00.056943 137435 leader_election.cc:292] T 00000000000000000000000000000000 P 2e3d7e621b864672aaa91ea2d0bbd1b9 [CANDIDATE]: Term 5 pre-election: Requested pre-vote from peers c31e774156b64c02922906e3e2985c89 (127.112.245.254:35995), 6cd5de61888340e681a3e5cd19fad418 (127.112.245.253:50732)
I0227 17:26:00.057384 126660 tablet_service.cc:1010] Received RequestConsensusVote() RPC: tablet_id: "00000000000000000000000000000000" candidate_uuid: "2e3d7e621b864672aaa91ea2d0bbd1b9" candidate_term: 5 candidate_status { last_received { term: 4 index: 20 } } ignore_live_leader: false dest_uuid: "c31e774156b64c02922906e3e2985c89" is_pre_election: true
I0227 17:26:00.057471 126660 raft_consensus.cc:2307] T 00000000000000000000000000000000 P c31e774156b64c02922906e3e2985c89 [term 4 LEADER]: Leader pre-election vote request: Denying vote to candidate 2e3d7e621b864672aaa91ea2d0bbd1b9 for term 5 because replica is either leader or believes a valid leader to be alive.
W0227 17:26:00.057507 124105 leader_election.cc:337] T 00000000000000000000000000000000 P 2e3d7e621b864672aaa91ea2d0bbd1b9 [CANDIDATE]: Term 5 pre-election: RPC error from VoteRequest() call to peer 6cd5de61888340e681a3e5cd19fad418 (127.112.245.253:50732): Network error: Client connection negotiation failed: client connection to 127.112.245.253:50732: connect: Connection refused (error 111)
I0227 17:26:00.057809 124104 leader_election.cc:306] T 00000000000000000000000000000000 P 2e3d7e621b864672aaa91ea2d0bbd1b9 [CANDIDATE]: Term 5 pre-election: Election decided. Result: candidate lost. Election summary: received 3 responses out of 3 voters: 1 yes votes; 2 no votes. yes voters: 2e3d7e621b864672aaa91ea2d0bbd1b9; no voters: 6cd5de61888340e681a3e5cd19fad418, c31e774156b64c02922906e3e2985c89
I0227 17:26:00.057926 137435 raft_consensus.cc:2588] T 00000000000000000000000000000000 P 2e3d7e621b864672aaa91ea2d0bbd1b9 [term 4 FOLLOWER]: Leader pre-election lost for term 5. Reason: could not achieve majority
I0227 17:26:00.097865 137406 env_posix.cc:1671] Raising this process' running threads per effective uid limit from 32768 to 65536
I0227 17:26:00.098759 137406 master_main.cc:83] Starting Master server...
I0227 17:26:00.105643 137406 rpc_server.cc:205] RPC server started. Bound to: 127.112.245.253:50732
I0227 17:26:00.106071 137406 webserver.cc:175] Starting webserver on 127.112.245.253:0
I0227 17:26:00.106091 137406 webserver.cc:186] Document root disabled
I0227 17:26:00.106709 137406 webserver.cc:313] Webserver started. Bound to: http://127.112.245.253:56818/
I0227 17:26:00.107461 137406 server_base.cc:607] Dumped server information to /tmp/kudutest-4282/master_failover-itest.1.HmsConfigurations_MasterFailoverTest.TestMasterPermanentFailure_1.1551317010817988-115671/minicluster-data/master-1/data/info.pb
I0227 17:26:00.111148 137487 sys_catalog.cc:188] Verifying existing consensus state
I0227 17:26:00.111526 115671 external_mini_cluster.cc:995] Started /data/1/adar/apache-kudu-1.9.0/build/debug/bin/kudu-master as pid 137406
I0227 17:26:00.112854 137487 tablet_bootstrap.cc:439] T 00000000000000000000000000000000 P 6cd5de61888340e681a3e5cd19fad418: Bootstrap starting.
I0227 17:26:00.118758 137487 log.cc:525] T 00000000000000000000000000000000 P 6cd5de61888340e681a3e5cd19fad418: Log is configured to *not* fsync() on all Append() calls
I0227 17:26:00.120198 126651 catalog_manager.cc:1386] Servicing CreateTable request from {username='adar'} at 127.112.245.254:47010: name: "default.table_1" schema { columns { name: "key" type: INT32 is_key: true is_nullable: false encoding: AUTO_ENCODING compression: DEFAULT_COMPRESSION cfile_block_size: 0 } columns { name: "int_val" type: INT32 is_key: false is_nullable: false encoding: AUTO_ENCODING compression: DEFAULT_COMPRESSION cfile_block_size: 0 } columns { name: "string_val" type: STRING is_key: false is_nullable: false encoding: AUTO_ENCODING compression: DEFAULT_COMPRESSION cfile_block_size: 0 } } split_rows_range_bounds { } partition_schema { range_schema { columns { name: "key" } } }
W0227 17:26:00.120549 126651 catalog_manager.cc:1537] The number of live tablet servers is not enough to re-replicate a tablet replica of the newly created table default.table_1 in case of a server failure: 4 tablet servers would be needed, 3 are available. Consider bringing up more tablet servers.
I0227 17:26:00.134371 137487 tablet_bootstrap.cc:439] T 00000000000000000000000000000000 P 6cd5de61888340e681a3e5cd19fad418: Bootstrap replayed 1/1 log segments. Stats: ops{read=20 overwritten=0 applied=20 ignored=0} inserts{seen=13 ignored=0} mutations{seen=8 ignored=0} orphaned_commits=0. Pending: 0 replicates
I0227 17:26:00.134670 137487 tablet_bootstrap.cc:439] T 00000000000000000000000000000000 P 6cd5de61888340e681a3e5cd19fad418: Bootstrap complete.
I0227 17:26:00.138664 137487 raft_consensus.cc:340] T 00000000000000000000000000000000 P 6cd5de61888340e681a3e5cd19fad418 [term 4 FOLLOWER]: Replica starting. Triggering 0 pending transactions. Active config: opid_index: -1 OBSOLETE_local: false peers { permanent_uuid: "c31e774156b64c02922906e3e2985c89" member_type: VOTER last_known_addr { host: "127.112.245.254" port: 35995 } } peers { permanent_uuid: "6cd5de61888340e681a3e5cd19fad418" member_type: VOTER last_known_addr { host: "127.112.245.253" port: 50732 } } peers { permanent_uuid: "2e3d7e621b864672aaa91ea2d0bbd1b9" member_type: VOTER last_known_addr { host: "127.112.245.252" port: 58453 } }
I0227 17:26:00.138748 137487 raft_consensus.cc:705] T 00000000000000000000000000000000 P 6cd5de61888340e681a3e5cd19fad418 [term 4 FOLLOWER]: Becoming Follower/Learner. State: Replica: 6cd5de61888340e681a3e5cd19fad418, State: Initialized, Role: FOLLOWER
I0227 17:26:00.139235 137487 consensus_queue.cc:229] T 00000000000000000000000000000000 P 6cd5de61888340e681a3e5cd19fad418 [NON_LEADER]: Queue going to NON_LEADER mode. State: All replicated index: 0, Majority replicated index: 0, Committed index: 20, Last appended: 4.20, Last appended by leader: 20, Current term: 0, Majority size: -1, State: 0, Mode: NON_LEADER, active raft config: opid_index: -1 OBSOLETE_local: false peers { permanent_uuid: "c31e774156b64c02922906e3e2985c89" member_type: VOTER last_known_addr { host: "127.112.245.254" port: 35995 } } peers { permanent_uuid: "6cd5de61888340e681a3e5cd19fad418" member_type: VOTER last_known_addr { host: "127.112.245.253" port: 50732 } } peers { permanent_uuid: "2e3d7e621b864672aaa91ea2d0bbd1b9" member_type: VOTER last_known_addr { host: "127.112.245.252" port: 58453 } }
I0227 17:26:00.139562 137487 sys_catalog.cc:337] T 00000000000000000000000000000000 P 6cd5de61888340e681a3e5cd19fad418 [sys.catalog]: SysCatalogTable state changed. Reason: Started TabletReplica. Latest consensus state: current_term: 4 committed_config { opid_index: -1 OBSOLETE_local: false peers { permanent_uuid: "c31e774156b64c02922906e3e2985c89" member_type: VOTER last_known_addr { host: "127.112.245.254" port: 35995 } } peers { permanent_uuid: "6cd5de61888340e681a3e5cd19fad418" member_type: VOTER last_known_addr { host: "127.112.245.253" port: 50732 } } peers { permanent_uuid: "2e3d7e621b864672aaa91ea2d0bbd1b9" member_type: VOTER last_known_addr { host: "127.112.245.252" port: 58453 } } }
I0227 17:26:00.139595 137487 sys_catalog.cc:340] T 00000000000000000000000000000000 P 6cd5de61888340e681a3e5cd19fad418 [sys.catalog]: This master's current role is: FOLLOWER
I0227 17:26:00.139722 137501 sys_catalog.cc:337] T 00000000000000000000000000000000 P 6cd5de61888340e681a3e5cd19fad418 [sys.catalog]: SysCatalogTable state changed. Reason: RaftConsensus started. Latest consensus state: current_term: 4 committed_config { opid_index: -1 OBSOLETE_local: false peers { permanent_uuid: "c31e774156b64c02922906e3e2985c89" member_type: VOTER last_known_addr { host: "127.112.245.254" port: 35995 } } peers { permanent_uuid: "6cd5de61888340e681a3e5cd19fad418" member_type: VOTER last_known_addr { host: "127.112.245.253" port: 50732 } } peers { permanent_uuid: "2e3d7e621b864672aaa91ea2d0bbd1b9" member_type: VOTER last_known_addr { host: "127.112.245.252" port: 58453 } } }
I0227 17:26:00.139767 137501 sys_catalog.cc:340] T 00000000000000000000000000000000 P 6cd5de61888340e681a3e5cd19fad418 [sys.catalog]: This master's current role is: FOLLOWER
I0227 17:26:00.140370 137487 sys_catalog.cc:424] T 00000000000000000000000000000000 P 6cd5de61888340e681a3e5cd19fad418 [sys.catalog]: configured and running, proceeding with master startup.
I0227 17:26:00.141079 137503 hms_notification_log_listener.cc:226] Skipping Hive Metastore notification log poll: Service unavailable: Catalog manager is not initialized. State: Starting
I0227 17:26:00.141371 137406 master_main.cc:86] Master server successfully started.
I0227 17:26:00.159492 137504 catalog_manager.cc:1102] T 00000000000000000000000000000000 P 6cd5de61888340e681a3e5cd19fad418: acquiring CA information for follower catalog manager: success
I0227 17:26:00.161116 137504 catalog_manager.cc:1130] T 00000000000000000000000000000000 P 6cd5de61888340e681a3e5cd19fad418: importing token verification keys for follower catalog manager: success; most recent TSK sequence number 0
I0227 17:26:00.204298 124778 tablet_service.cc:774] Processing CreateTablet for tablet dd3249f630b848c8b1efd3a68065de81 (table=default.table_1 [id=7189818660584405852c5a4249b8601d]), partition=RANGE (key) PARTITION UNBOUNDED
I0227 17:26:00.204331 125316 tablet_service.cc:774] Processing CreateTablet for tablet dd3249f630b848c8b1efd3a68065de81 (table=default.table_1 [id=7189818660584405852c5a4249b8601d]), partition=RANGE (key) PARTITION UNBOUNDED
I0227 17:26:00.204354 124988 tablet_service.cc:774] Processing CreateTablet for tablet dd3249f630b848c8b1efd3a68065de81 (table=default.table_1 [id=7189818660584405852c5a4249b8601d]), partition=RANGE (key) PARTITION UNBOUNDED
I0227 17:26:00.204550 125316 data_dirs.cc:938] Could only allocate 1 dirs of requested 3 for tablet dd3249f630b848c8b1efd3a68065de81. 1 dirs total, 0 dirs full, 0 dirs failed
I0227 17:26:00.204550 124988 data_dirs.cc:938] Could only allocate 1 dirs of requested 3 for tablet dd3249f630b848c8b1efd3a68065de81. 1 dirs total, 0 dirs full, 0 dirs failed
I0227 17:26:00.204553 124778 data_dirs.cc:938] Could only allocate 1 dirs of requested 3 for tablet dd3249f630b848c8b1efd3a68065de81. 1 dirs total, 0 dirs full, 0 dirs failed
I0227 17:26:00.206277 124988 ts_tablet_manager.cc:1175] T dd3249f630b848c8b1efd3a68065de81 P 39144add463f4fe89dc1ea42c778d8cf: Registered tablet (data state: TABLET_DATA_READY)
I0227 17:26:00.206393 124778 ts_tablet_manager.cc:1175] T dd3249f630b848c8b1efd3a68065de81 P 9f6459ebb80643b98e01844aa2fd6338: Registered tablet (data state: TABLET_DATA_READY)
I0227 17:26:00.206611 137536 ts_tablet_manager.cc:1030] T dd3249f630b848c8b1efd3a68065de81 P 9f6459ebb80643b98e01844aa2fd6338: Bootstrapping tablet
I0227 17:26:00.206665 137535 ts_tablet_manager.cc:1030] T dd3249f630b848c8b1efd3a68065de81 P 39144add463f4fe89dc1ea42c778d8cf: Bootstrapping tablet
I0227 17:26:00.206748 137536 tablet_bootstrap.cc:439] T dd3249f630b848c8b1efd3a68065de81 P 9f6459ebb80643b98e01844aa2fd6338: Bootstrap starting.
I0227 17:26:00.207574 137535 tablet_bootstrap.cc:439] T dd3249f630b848c8b1efd3a68065de81 P 39144add463f4fe89dc1ea42c778d8cf: Bootstrap starting.
I0227 17:26:00.208887 137536 tablet_bootstrap.cc:593] T dd3249f630b848c8b1efd3a68065de81 P 9f6459ebb80643b98e01844aa2fd6338: No blocks or log segments found. Creating new log.
I0227 17:26:00.208894 137535 tablet_bootstrap.cc:593] T dd3249f630b848c8b1efd3a68065de81 P 39144add463f4fe89dc1ea42c778d8cf: No blocks or log segments found. Creating new log.
I0227 17:26:00.209547 125316 ts_tablet_manager.cc:1175] T dd3249f630b848c8b1efd3a68065de81 P 9a4f55686db84876a066f455f6a41180: Registered tablet (data state: TABLET_DATA_READY)
I0227 17:26:00.209898 137535 tablet_bootstrap.cc:439] T dd3249f630b848c8b1efd3a68065de81 P 39144add463f4fe89dc1ea42c778d8cf: No bootstrap required, opened a new log
I0227 17:26:00.210168 137536 tablet_bootstrap.cc:439] T dd3249f630b848c8b1efd3a68065de81 P 9f6459ebb80643b98e01844aa2fd6338: No bootstrap required, opened a new log
I0227 17:26:00.210176 137542 ts_tablet_manager.cc:1030] T dd3249f630b848c8b1efd3a68065de81 P 9a4f55686db84876a066f455f6a41180: Bootstrapping tablet
I0227 17:26:00.210238 137536 ts_tablet_manager.cc:1047] T dd3249f630b848c8b1efd3a68065de81 P 9f6459ebb80643b98e01844aa2fd6338: Time spent bootstrapping tablet: real 0.004s user 0.001s sys 0.001s
I0227 17:26:00.210253 137535 ts_tablet_manager.cc:1047] T dd3249f630b848c8b1efd3a68065de81 P 39144add463f4fe89dc1ea42c778d8cf: Time spent bootstrapping tablet: real 0.003s user 0.001s sys 0.000s
I0227 17:26:00.210260 137542 tablet_bootstrap.cc:439] T dd3249f630b848c8b1efd3a68065de81 P 9a4f55686db84876a066f455f6a41180: Bootstrap starting.
I0227 17:26:00.210808 137536 raft_consensus.cc:340] T dd3249f630b848c8b1efd3a68065de81 P 9f6459ebb80643b98e01844aa2fd6338 [term 0 FOLLOWER]: Replica starting. Triggering 0 pending transactions. Active config: opid_index: -1 OBSOLETE_local: false peers { permanent_uuid: "9f6459ebb80643b98e01844aa2fd6338" member_type: VOTER last_known_addr { host: "127.112.245.193" port: 55806 } } peers { permanent_uuid: "9a4f55686db84876a066f455f6a41180" member_type: VOTER last_known_addr { host: "127.112.245.195" port: 45942 } } peers { permanent_uuid: "39144add463f4fe89dc1ea42c778d8cf" member_type: VOTER last_known_addr { host: "127.112.245.194" port: 55958 } }
I0227 17:26:00.210839 137536 raft_consensus.cc:366] T dd3249f630b848c8b1efd3a68065de81 P 9f6459ebb80643b98e01844aa2fd6338 [term 0 FOLLOWER]: Consensus starting up: Expiring failure detector timer to make a prompt election more likely
I0227 17:26:00.210856 137536 raft_consensus.cc:705] T dd3249f630b848c8b1efd3a68065de81 P 9f6459ebb80643b98e01844aa2fd6338 [term 0 FOLLOWER]: Becoming Follower/Learner. State: Replica: 9f6459ebb80643b98e01844aa2fd6338, State: Initialized, Role: FOLLOWER
I0227 17:26:00.210985 137536 consensus_queue.cc:229] T dd3249f630b848c8b1efd3a68065de81 P 9f6459ebb80643b98e01844aa2fd6338 [NON_LEADER]: Queue going to NON_LEADER mode. State: All replicated index: 0, Majority replicated index: 0, Committed index: 0, Last appended: 0.0, Last appended by leader: 0, Current term: 0, Majority size: -1, State: 0, Mode: NON_LEADER, active raft config: opid_index: -1 OBSOLETE_local: false peers { permanent_uuid: "9f6459ebb80643b98e01844aa2fd6338" member_type: VOTER last_known_addr { host: "127.112.245.193" port: 55806 } } peers { permanent_uuid: "9a4f55686db84876a066f455f6a41180" member_type: VOTER last_known_addr { host: "127.112.245.195" port: 45942 } } peers { permanent_uuid: "39144add463f4fe89dc1ea42c778d8cf" member_type: VOTER last_known_addr { host: "127.112.245.194" port: 55958 } }
I0227 17:26:00.211197 137542 tablet_bootstrap.cc:593] T dd3249f630b848c8b1efd3a68065de81 P 9a4f55686db84876a066f455f6a41180: No blocks or log segments found. Creating new log.
I0227 17:26:00.211279 137536 ts_tablet_manager.cc:1075] T dd3249f630b848c8b1efd3a68065de81 P 9f6459ebb80643b98e01844aa2fd6338: Time spent starting tablet: real 0.001s user 0.000s sys 0.001s
I0227 17:26:00.211601 137535 raft_consensus.cc:340] T dd3249f630b848c8b1efd3a68065de81 P 39144add463f4fe89dc1ea42c778d8cf [term 0 FOLLOWER]: Replica starting. Triggering 0 pending transactions. Active config: opid_index: -1 OBSOLETE_local: false peers { permanent_uuid: "9f6459ebb80643b98e01844aa2fd6338" member_type: VOTER last_known_addr { host: "127.112.245.193" port: 55806 } } peers { permanent_uuid: "9a4f55686db84876a066f455f6a41180" member_type: VOTER last_known_addr { host: "127.112.245.195" port: 45942 } } peers { permanent_uuid: "39144add463f4fe89dc1ea42c778d8cf" member_type: VOTER last_known_addr { host: "127.112.245.194" port: 55958 } }
I0227 17:26:00.211675 137535 raft_consensus.cc:366] T dd3249f630b848c8b1efd3a68065de81 P 39144add463f4fe89dc1ea42c778d8cf [term 0 FOLLOWER]: Consensus starting up: Expiring failure detector timer to make a prompt election more likely
I0227 17:26:00.211736 137535 raft_consensus.cc:705] T dd3249f630b848c8b1efd3a68065de81 P 39144add463f4fe89dc1ea42c778d8cf [term 0 FOLLOWER]: Becoming Follower/Learner. State: Replica: 39144add463f4fe89dc1ea42c778d8cf, State: Initialized, Role: FOLLOWER
I0227 17:26:00.212306 137535 consensus_queue.cc:229] T dd3249f630b848c8b1efd3a68065de81 P 39144add463f4fe89dc1ea42c778d8cf [NON_LEADER]: Queue going to NON_LEADER mode. State: All replicated index: 0, Majority replicated index: 0, Committed index: 0, Last appended: 0.0, Last appended by leader: 0, Current term: 0, Majority size: -1, State: 0, Mode: NON_LEADER, active raft config: opid_index: -1 OBSOLETE_local: false peers { permanent_uuid: "9f6459ebb80643b98e01844aa2fd6338" member_type: VOTER last_known_addr { host: "127.112.245.193" port: 55806 } } peers { permanent_uuid: "9a4f55686db84876a066f455f6a41180" member_type: VOTER last_known_addr { host: "127.112.245.195" port: 45942 } } peers { permanent_uuid: "39144add463f4fe89dc1ea42c778d8cf" member_type: VOTER last_known_addr { host: "127.112.245.194" port: 55958 } }
I0227 17:26:00.212596 137535 ts_tablet_manager.cc:1075] T dd3249f630b848c8b1efd3a68065de81 P 39144add463f4fe89dc1ea42c778d8cf: Time spent starting tablet: real 0.002s user 0.001s sys 0.000s
I0227 17:26:00.213824 137542 tablet_bootstrap.cc:439] T dd3249f630b848c8b1efd3a68065de81 P 9a4f55686db84876a066f455f6a41180: No bootstrap required, opened a new log
I0227 17:26:00.213955 137542 ts_tablet_manager.cc:1047] T dd3249f630b848c8b1efd3a68065de81 P 9a4f55686db84876a066f455f6a41180: Time spent bootstrapping tablet: real 0.004s user 0.000s sys 0.001s
I0227 17:26:00.214515 137542 raft_consensus.cc:340] T dd3249f630b848c8b1efd3a68065de81 P 9a4f55686db84876a066f455f6a41180 [term 0 FOLLOWER]: Replica starting. Triggering 0 pending transactions. Active config: opid_index: -1 OBSOLETE_local: false peers { permanent_uuid: "9f6459ebb80643b98e01844aa2fd6338" member_type: VOTER last_known_addr { host: "127.112.245.193" port: 55806 } } peers { permanent_uuid: "9a4f55686db84876a066f455f6a41180" member_type: VOTER last_known_addr { host: "127.112.245.195" port: 45942 } } peers { permanent_uuid: "39144add463f4fe89dc1ea42c778d8cf" member_type: VOTER last_known_addr { host: "127.112.245.194" port: 55958 } }
I0227 17:26:00.214728 137542 raft_consensus.cc:366] T dd3249f630b848c8b1efd3a68065de81 P 9a4f55686db84876a066f455f6a41180 [term 0 FOLLOWER]: Consensus starting up: Expiring failure detector timer to make a prompt election more likely
I0227 17:26:00.214803 137542 raft_consensus.cc:705] T dd3249f630b848c8b1efd3a68065de81 P 9a4f55686db84876a066f455f6a41180 [term 0 FOLLOWER]: Becoming Follower/Learner. State: Replica: 9a4f55686db84876a066f455f6a41180, State: Initialized, Role: FOLLOWER
I0227 17:26:00.214982 137542 consensus_queue.cc:229] T dd3249f630b848c8b1efd3a68065de81 P 9a4f55686db84876a066f455f6a41180 [NON_LEADER]: Queue going to NON_LEADER mode. State: All replicated index: 0, Majority replicated index: 0, Committed index: 0, Last appended: 0.0, Last appended by leader: 0, Current term: 0, Majority size: -1, State: 0, Mode: NON_LEADER, active raft config: opid_index: -1 OBSOLETE_local: false peers { permanent_uuid: "9f6459ebb80643b98e01844aa2fd6338" member_type: VOTER last_known_addr { host: "127.112.245.193" port: 55806 } } peers { permanent_uuid: "9a4f55686db84876a066f455f6a41180" member_type: VOTER last_known_addr { host: "127.112.245.195" port: 45942 } } peers { permanent_uuid: "39144add463f4fe89dc1ea42c778d8cf" member_type: VOTER last_known_addr { host: "127.112.245.194" port: 55958 } }
I0227 17:26:00.215358 137542 ts_tablet_manager.cc:1075] T dd3249f630b848c8b1efd3a68065de81 P 9a4f55686db84876a066f455f6a41180: Time spent starting tablet: real 0.001s user 0.001s sys 0.000s
I0227 17:26:00.220468 124856 heartbeater.cc:345] Connected to a master server at 127.112.245.253:50732
I0227 17:26:00.220605 125069 heartbeater.cc:345] Connected to a master server at 127.112.245.253:50732
I0227 17:26:00.221773 137453 master_service.cc:219] Got heartbeat from unknown tserver (permanent_uuid: "9f6459ebb80643b98e01844aa2fd6338" instance_seqno: 1551317141335050) as {username='adar'} at 127.112.245.193:56476; Asking this server to re-register.
I0227 17:26:00.221773 137454 master_service.cc:219] Got heartbeat from unknown tserver (permanent_uuid: "39144add463f4fe89dc1ea42c778d8cf" instance_seqno: 1551317141580643) as {username='adar'} at 127.112.245.194:34489; Asking this server to re-register.
I0227 17:26:00.222327 124856 heartbeater.cc:425] Registering TS with master...
I0227 17:26:00.222476 125069 heartbeater.cc:425] Registering TS with master...
I0227 17:26:00.223244 137454 ts_manager.cc:98] Registered new tserver with Master: 9f6459ebb80643b98e01844aa2fd6338 (127.112.245.193:55806)
I0227 17:26:00.224553 137454 ts_manager.cc:98] Registered new tserver with Master: 39144add463f4fe89dc1ea42c778d8cf (127.112.245.194:55958)
I0227 17:26:00.224647 125383 heartbeater.cc:345] Connected to a master server at 127.112.245.253:50732
I0227 17:26:00.225584 137454 master_service.cc:219] Got heartbeat from unknown tserver (permanent_uuid: "9a4f55686db84876a066f455f6a41180" instance_seqno: 1551317141855821) as {username='adar'} at 127.112.245.195:51016; Asking this server to re-register.
I0227 17:26:00.226074 125383 heartbeater.cc:425] Registering TS with master...
I0227 17:26:00.226697 137454 ts_manager.cc:98] Registered new tserver with Master: 9a4f55686db84876a066f455f6a41180 (127.112.245.195:45942)
I0227 17:26:00.364411 137501 sys_catalog.cc:337] T 00000000000000000000000000000000 P 6cd5de61888340e681a3e5cd19fad418 [sys.catalog]: SysCatalogTable state changed. Reason: New leader c31e774156b64c02922906e3e2985c89. Latest consensus state: current_term: 4 leader_uuid: "c31e774156b64c02922906e3e2985c89" committed_config { opid_index: -1 OBSOLETE_local: false peers { permanent_uuid: "c31e774156b64c02922906e3e2985c89" member_type: VOTER last_known_addr { host: "127.112.245.254" port: 35995 } } peers { permanent_uuid: "6cd5de61888340e681a3e5cd19fad418" member_type: VOTER last_known_addr { host: "127.112.245.253" port: 50732 } } peers { permanent_uuid: "2e3d7e621b864672aaa91ea2d0bbd1b9" member_type: VOTER last_known_addr { host: "127.112.245.252" port: 58453 } } }
I0227 17:26:00.364454 137501 sys_catalog.cc:340] T 00000000000000000000000000000000 P 6cd5de61888340e681a3e5cd19fad418 [sys.catalog]: This master's current role is: FOLLOWER
I0227 17:26:00.569988 129996 raft_consensus.cc:472] T dd3249f630b848c8b1efd3a68065de81 P 9a4f55686db84876a066f455f6a41180 [term 0 FOLLOWER]: Starting pre-election (no leader contacted us within the election timeout)
