I0227 17:24:24.860601 36191 sys_catalog.cc:340] T 00000000000000000000000000000000 P 45d749848fc844e1af0e5b15b810994f [sys.catalog]: This master's current role is: FOLLOWER
I0227 17:24:24.862828 36408 heartbeater.cc:345] Connected to a master server at 127.112.245.253:41272
I0227 17:24:24.862879 36408 heartbeater.cc:425] Registering TS with master...
I0227 17:24:24.863061 36408 heartbeater.cc:474] Master 127.112.245.253:41272 requested a full tablet report, sending...
I0227 17:24:24.864204 35537 ts_manager.cc:98] Registered new tserver with Master: abb7bc57957e4f9c8a5779ebe08a05c7 (127.112.245.193:36713)
I0227 17:24:24.864785 36237 sys_catalog.cc:337] T 00000000000000000000000000000000 P eaae685ab2234943bccdfa4e9d6b87e1 [sys.catalog]: SysCatalogTable state changed. Reason: Peer health change. Latest consensus state: current_term: 1 leader_uuid: "eaae685ab2234943bccdfa4e9d6b87e1" committed_config { opid_index: -1 OBSOLETE_local: false peers { permanent_uuid: "45d749848fc844e1af0e5b15b810994f" member_type: VOTER last_known_addr { host: "127.112.245.254" port: 39035 } } peers { permanent_uuid: "bbd34c4935164b99889130f50a1ac965" member_type: VOTER last_known_addr { host: "127.112.245.253" port: 41272 } } peers { permanent_uuid: "eaae685ab2234943bccdfa4e9d6b87e1" member_type: VOTER last_known_addr { host: "127.112.245.252" port: 34480 } } }
I0227 17:24:24.864818 36237 sys_catalog.cc:340] T 00000000000000000000000000000000 P eaae685ab2234943bccdfa4e9d6b87e1 [sys.catalog]: This master's current role is: LEADER
I0227 17:24:24.865309 36237 sys_catalog.cc:337] T 00000000000000000000000000000000 P eaae685ab2234943bccdfa4e9d6b87e1 [sys.catalog]: SysCatalogTable state changed. Reason: Peer health change. Latest consensus state: current_term: 1 leader_uuid: "eaae685ab2234943bccdfa4e9d6b87e1" committed_config { opid_index: -1 OBSOLETE_local: false peers { permanent_uuid: "45d749848fc844e1af0e5b15b810994f" member_type: VOTER last_known_addr { host: "127.112.245.254" port: 39035 } } peers { permanent_uuid: "bbd34c4935164b99889130f50a1ac965" member_type: VOTER last_known_addr { host: "127.112.245.253" port: 41272 } } peers { permanent_uuid: "eaae685ab2234943bccdfa4e9d6b87e1" member_type: VOTER last_known_addr { host: "127.112.245.252" port: 34480 } } }
I0227 17:24:24.865334 36237 sys_catalog.cc:340] T 00000000000000000000000000000000 P eaae685ab2234943bccdfa4e9d6b87e1 [sys.catalog]: This master's current role is: LEADER
I0227 17:24:24.866240 36191 sys_catalog.cc:337] T 00000000000000000000000000000000 P 45d749848fc844e1af0e5b15b810994f [sys.catalog]: SysCatalogTable state changed. Reason: Replicated consensus-only round. Latest consensus state: current_term: 1 leader_uuid: "eaae685ab2234943bccdfa4e9d6b87e1" committed_config { opid_index: -1 OBSOLETE_local: false peers { permanent_uuid: "45d749848fc844e1af0e5b15b810994f" member_type: VOTER last_known_addr { host: "127.112.245.254" port: 39035 } } peers { permanent_uuid: "bbd34c4935164b99889130f50a1ac965" member_type: VOTER last_known_addr { host: "127.112.245.253" port: 41272 } } peers { permanent_uuid: "eaae685ab2234943bccdfa4e9d6b87e1" member_type: VOTER last_known_addr { host: "127.112.245.252" port: 34480 } } }
I0227 17:24:24.866271 36191 sys_catalog.cc:340] T 00000000000000000000000000000000 P 45d749848fc844e1af0e5b15b810994f [sys.catalog]: This master's current role is: FOLLOWER
I0227 17:24:24.866329 36219 sys_catalog.cc:337] T 00000000000000000000000000000000 P bbd34c4935164b99889130f50a1ac965 [sys.catalog]: SysCatalogTable state changed. Reason: Replicated consensus-only round. Latest consensus state: current_term: 1 leader_uuid: "eaae685ab2234943bccdfa4e9d6b87e1" committed_config { opid_index: -1 OBSOLETE_local: false peers { permanent_uuid: "45d749848fc844e1af0e5b15b810994f" member_type: VOTER last_known_addr { host: "127.112.245.254" port: 39035 } } peers { permanent_uuid: "bbd34c4935164b99889130f50a1ac965" member_type: VOTER last_known_addr { host: "127.112.245.253" port: 41272 } } peers { permanent_uuid: "eaae685ab2234943bccdfa4e9d6b87e1" member_type: VOTER last_known_addr { host: "127.112.245.252" port: 34480 } } }
I0227 17:24:24.866356 36219 sys_catalog.cc:340] T 00000000000000000000000000000000 P bbd34c4935164b99889130f50a1ac965 [sys.catalog]: This master's current role is: FOLLOWER
I0227 17:24:24.874339 36239 catalog_manager.cc:941] Generated new certificate authority record
I0227 17:24:24.875815 36239 catalog_manager.cc:1066] Loading token signing keys...
I0227 17:24:24.889490 36239 catalog_manager.cc:4095] T 00000000000000000000000000000000 P eaae685ab2234943bccdfa4e9d6b87e1: Generated new TSK 0
I0227 17:24:24.890120 36239 catalog_manager.cc:1077] Loading latest processed Hive Metastore notification log event ID... WARNING: Logging before InitGoogleLogging() is written to STDERR
W0227 17:24:24.978957 36413 flags.cc:406] Enabled unsafe flag: --rpc_server_allow_ephemeral_ports=true
W0227 17:24:24.979385 36413 flags.cc:406] Enabled unsafe flag: --never_fsync=true
W0227 17:24:24.980551 36413 flags.cc:406] Enabled experimental flag: --ipki_server_key_size=1024
W0227 17:24:24.980705 36413 flags.cc:406] Enabled experimental flag: --local_ip_for_outbound_sockets=127.112.245.194
I0227 17:24:24.982949 36413 tablet_server_main.cc:78] Tablet server non-default flags: --fs_data_dirs=/tmp/kudutest-4282/master_failover-itest.1.HmsConfigurations_MasterFailoverTest.TestDeleteTableSync_1.1551317010817988-115671/minicluster-data/ts-1/data --fs_wal_dir=/tmp/kudutest-4282/master_failover-itest.1.HmsConfigurations_MasterFailoverTest.TestDeleteTableSync_1.1551317010817988-115671/minicluster-data/ts-1/wal --ipki_server_key_size=1024 --rpc_bind_addresses=127.112.245.194:0 --rpc_server_allow_ephemeral_ports=true --metrics_log_interval_ms=1000 --server_dump_info_format=pb --server_dump_info_path=/tmp/kudutest-4282/master_failover-itest.1.HmsConfigurations_MasterFailoverTest.TestDeleteTableSync_1.1551317010817988-115671/minicluster-data/ts-1/data/info.pb --webserver_interface=127.112.245.194 --webserver_port=0 --heartbeat_interval_ms=500 --heartbeat_max_failures_before_backoff=1 --heartbeat_rpc_timeout_ms=1000 --tserver_master_addrs=127.112.245.254:39035,127.112.245.253:41272,127.112.245.252:34480 --never_fsync=true --heap_profile_path=/tmp/kudu-tserver.36413 --redact=none --unlock_experimental_flags=true --unlock_unsafe_flags=true --enable_minidumps=false --local_ip_for_outbound_sockets=127.112.245.194 --log_dir=/tmp/kudutest-4282/master_failover-itest.1.HmsConfigurations_MasterFailoverTest.TestDeleteTableSync_1.1551317010817988-115671/minicluster-data/ts-1/logs --logbuflevel=-1 --logtostderr=true Tablet server version: kudu 1.9.0 revision non-git-build build type DEBUG built by adar at 27 Feb 2019 17:20:38 PST on ve0518.halxg.cloudera.com
I0227 17:24:24.993484 36413 tablet_server_main.cc:85] Initializing tablet server...
I0227 17:24:24.995474 36413 system_ntp.cc:199] NTP initialized. Skew: 500ppm Current error: 183275us
I0227 17:24:24.996330 36413 fs_manager.cc:263] Metadata directory not provided
I0227 17:24:24.996446 36413 fs_manager.cc:269] Using write-ahead log directory (fs_wal_dir) as metadata directory
I0227 17:24:24.996786 36413 server_base.cc:432] Could not load existing FS layout: Not found: could not find a healthy instance file
I0227 17:24:24.996870 36413 server_base.cc:433] Attempting to create new FS layout instead
I0227 17:24:25.000355 36413 fs_manager.cc:602] Generated new instance metadata in path /tmp/kudutest-4282/master_failover-itest.1.HmsConfigurations_MasterFailoverTest.TestDeleteTableSync_1.1551317010817988-115671/minicluster-data/ts-1/data/instance: uuid: "6f41fa4ee2ac472298b75a76a919e961" format_stamp: "Formatted at 2019-02-28 01:24:24 on ve0518.halxg.cloudera.com"
I0227 17:24:25.001427 36413 fs_manager.cc:602] Generated new instance metadata in path /tmp/kudutest-4282/master_failover-itest.1.HmsConfigurations_MasterFailoverTest.TestDeleteTableSync_1.1551317010817988-115671/minicluster-data/ts-1/wal/instance: uuid: "6f41fa4ee2ac472298b75a76a919e961" format_stamp: "Formatted at 2019-02-28 01:24:24 on ve0518.halxg.cloudera.com"
I0227 17:24:25.025794 36413 fs_manager.cc:503] Time spent creating directory manager: real 0.024s user 0.007s sys 0.001s
I0227 17:24:25.027104 36413 env_posix.cc:1676] Not raising this process' open files per process limit of 32768; it is already as high as it can go
I0227 17:24:25.027707 36413 file_cache.cc:466] Constructed file cache lbm with capacity 13107
I0227 17:24:25.033392 36413 log_block_manager.cc:1950] Data dir /tmp/kudutest-4282/master_failover-itest.1.HmsConfigurations_MasterFailoverTest.TestDeleteTableSync_1.1551317010817988-115671/minicluster-data/ts-1/data/data is on an ext4 filesystem vulnerable to KUDU-1508 with block size 4096
I0227 17:24:25.033601 36413 log_block_manager.cc:1960] Limiting containers on data directory /tmp/kudutest-4282/master_failover-itest.1.HmsConfigurations_MasterFailoverTest.TestDeleteTableSync_1.1551317010817988-115671/minicluster-data/ts-1/data/data to 2721 blocks
I0227 17:24:25.036615 36413 fs_manager.cc:419] Time spent opening block manager: real 0.003s user 0.000s sys 0.000s
I0227 17:24:25.036746 36413 fs_manager.cc:436] Opened local filesystem: /tmp/kudutest-4282/master_failover-itest.1.HmsConfigurations_MasterFailoverTest.TestDeleteTableSync_1.1551317010817988-115671/minicluster-data/ts-1/data,/tmp/kudutest-4282/master_failover-itest.1.HmsConfigurations_MasterFailoverTest.TestDeleteTableSync_1.1551317010817988-115671/minicluster-data/ts-1/wal uuid: "6f41fa4ee2ac472298b75a76a919e961" format_stamp: "Formatted at 2019-02-28 01:24:24 on ve0518.halxg.cloudera.com"
I0227 17:24:25.036875 36413 fs_report.cc:352] FS layout report -------------------- wal directory: /tmp/kudutest-4282/master_failover-itest.1.HmsConfigurations_MasterFailoverTest.TestDeleteTableSync_1.1551317010817988-115671/minicluster-data/ts-1/wal metadata directory: /tmp/kudutest-4282/master_failover-itest.1.HmsConfigurations_MasterFailoverTest.TestDeleteTableSync_1.1551317010817988-115671/minicluster-data/ts-1/wal 1 data directories: /tmp/kudutest-4282/master_failover-itest.1.HmsConfigurations_MasterFailoverTest.TestDeleteTableSync_1.1551317010817988-115671/minicluster-data/ts-1/data/data Total live blocks: 0 Total live bytes: 0 Total live bytes (after alignment): 0 Total number of LBM containers: 0 (0 full) Did not check for missing blocks Did not check for orphaned blocks Total full LBM containers with extra space: 0 (0 repaired) Total full LBM container extra space in bytes: 0 (0 repaired) Total incomplete LBM containers: 0 (0 repaired) Total LBM partial records: 0 (0 repaired)
I0227 17:24:25.081418 36413 env_posix.cc:1671] Raising this process' running threads per effective uid limit from 32768 to 65536
I0227 17:24:25.082995 36413 ts_tablet_manager.cc:356] Loaded tablet metadata (0 live tablets)
I0227 17:24:25.083218 36413 tablet_server_main.cc:90] Starting tablet server...
I0227 17:24:25.102512 36413 rpc_server.cc:205] RPC server started. Bound to: 127.112.245.194:47937
I0227 17:24:25.102885 36413 webserver.cc:175] Starting webserver on 127.112.245.194:0
I0227 17:24:25.102898 36413 webserver.cc:186] Document root disabled
I0227 17:24:25.105163 36413 webserver.cc:313] Webserver started. Bound to: http://127.112.245.194:37074/
I0227 17:24:25.105705 36413 server_base.cc:607] Dumped server information to /tmp/kudutest-4282/master_failover-itest.1.HmsConfigurations_MasterFailoverTest.TestDeleteTableSync_1.1551317010817988-115671/minicluster-data/ts-1/data/info.pb
I0227 17:24:25.108463 36413 tablet_server_main.cc:93] Tablet server successfully started.
I0227 17:24:25.111639 115671 external_mini_cluster.cc:995] Started /data/1/adar/apache-kudu-1.9.0/build/debug/bin/kudu-tserver as pid 36413
I0227 17:24:25.112310 115671 external_mini_cluster.cc:933] Running /data/1/adar/apache-kudu-1.9.0/build/debug/bin/kudu-tserver /data/1/adar/apache-kudu-1.9.0/build/debug/bin/kudu-tserver --fs_wal_dir=/tmp/kudutest-4282/master_failover-itest.1.HmsConfigurations_MasterFailoverTest.TestDeleteTableSync_1.1551317010817988-115671/minicluster-data/ts-2/wal --fs_data_dirs=/tmp/kudutest-4282/master_failover-itest.1.HmsConfigurations_MasterFailoverTest.TestDeleteTableSync_1.1551317010817988-115671/minicluster-data/ts-2/data --block_manager=log --rpc_bind_addresses=127.112.245.195:0 --local_ip_for_outbound_sockets=127.112.245.195 --webserver_interface=127.112.245.195 --webserver_port=0 --tserver_master_addrs=127.112.245.254:39035,127.112.245.253:41272,127.112.245.252:34480 --never_fsync --ipki_server_key_size=1024 --enable_minidumps=false --redact=none --metrics_log_interval_ms=1000 --logtostderr --logbuflevel=-1 --log_dir=/tmp/kudutest-4282/master_failover-itest.1.HmsConfigurations_MasterFailoverTest.TestDeleteTableSync_1.1551317010817988-115671/minicluster-data/ts-2/logs --server_dump_info_path=/tmp/kudutest-4282/master_failover-itest.1.HmsConfigurations_MasterFailoverTest.TestDeleteTableSync_1.1551317010817988-115671/minicluster-data/ts-2/data/info.pb --server_dump_info_format=pb --rpc_server_allow_ephemeral_ports --unlock_experimental_flags --unlock_unsafe_flags --heartbeat_rpc_timeout_ms=1000 --heartbeat_max_failures_before_backoff=1 --heartbeat_interval_ms=500 with env {}
I0227 17:24:25.137828 36745 heartbeater.cc:345] Connected to a master server at 127.112.245.252:34480
I0227 17:24:25.137961 36745 heartbeater.cc:425] Registering TS with master...
I0227 17:24:25.141636 36747 heartbeater.cc:345] Connected to a master server at 127.112.245.254:39035
I0227 17:24:25.141693 36747 heartbeater.cc:425] Registering TS with master...
I0227 17:24:25.142204 36747 heartbeater.cc:474] Master 127.112.245.254:39035 requested a full tablet report, sending...
I0227 17:24:25.142885 36745 heartbeater.cc:474] Master 127.112.245.252:34480 requested a full tablet report, sending...
I0227 17:24:25.143296 35117 ts_manager.cc:98] Registered new tserver with Master: 6f41fa4ee2ac472298b75a76a919e961 (127.112.245.194:47937)
I0227 17:24:25.142933 36746 heartbeater.cc:345] Connected to a master server at 127.112.245.253:41272
I0227 17:24:25.146215 36746 heartbeater.cc:425] Registering TS with master...
I0227 17:24:25.146385 36746 heartbeater.cc:474] Master 127.112.245.253:41272 requested a full tablet report, sending...
I0227 17:24:25.146628 36091 ts_manager.cc:98] Registered new tserver with Master: 6f41fa4ee2ac472298b75a76a919e961 (127.112.245.194:47937)
I0227 17:24:25.147233 35537 ts_manager.cc:98] Registered new tserver with Master: 6f41fa4ee2ac472298b75a76a919e961 (127.112.245.194:47937)
I0227 17:24:25.148423 36091 master_service.cc:263] Signed X509 certificate for tserver {username='adar'} at 127.112.245.194:47912 WARNING: Logging before InitGoogleLogging() is written to STDERR
W0227 17:24:25.334384 36758 flags.cc:406] Enabled unsafe flag: --rpc_server_allow_ephemeral_ports=true
W0227 17:24:25.334695 36758 flags.cc:406] Enabled unsafe flag: --never_fsync=true
W0227 17:24:25.335772 36758 flags.cc:406] Enabled experimental flag: --ipki_server_key_size=1024
W0227 17:24:25.339258 36758 flags.cc:406] Enabled experimental flag: --local_ip_for_outbound_sockets=127.112.245.195
I0227 17:24:25.341665 36758 tablet_server_main.cc:78] Tablet server non-default flags: --fs_data_dirs=/tmp/kudutest-4282/master_failover-itest.1.HmsConfigurations_MasterFailoverTest.TestDeleteTableSync_1.1551317010817988-115671/minicluster-data/ts-2/data --fs_wal_dir=/tmp/kudutest-4282/master_failover-itest.1.HmsConfigurations_MasterFailoverTest.TestDeleteTableSync_1.1551317010817988-115671/minicluster-data/ts-2/wal --ipki_server_key_size=1024 --rpc_bind_addresses=127.112.245.195:0 --rpc_server_allow_ephemeral_ports=true --metrics_log_interval_ms=1000 --server_dump_info_format=pb --server_dump_info_path=/tmp/kudutest-4282/master_failover-itest.1.HmsConfigurations_MasterFailoverTest.TestDeleteTableSync_1.1551317010817988-115671/minicluster-data/ts-2/data/info.pb --webserver_interface=127.112.245.195 --webserver_port=0 --heartbeat_interval_ms=500 --heartbeat_max_failures_before_backoff=1 --heartbeat_rpc_timeout_ms=1000 --tserver_master_addrs=127.112.245.254:39035,127.112.245.253:41272,127.112.245.252:34480 --never_fsync=true --heap_profile_path=/tmp/kudu-tserver.36758 --redact=none --unlock_experimental_flags=true --unlock_unsafe_flags=true --enable_minidumps=false --local_ip_for_outbound_sockets=127.112.245.195 --log_dir=/tmp/kudutest-4282/master_failover-itest.1.HmsConfigurations_MasterFailoverTest.TestDeleteTableSync_1.1551317010817988-115671/minicluster-data/ts-2/logs --logbuflevel=-1 --logtostderr=true Tablet server version: kudu 1.9.0 revision non-git-build build type DEBUG built by adar at 27 Feb 2019 17:20:38 PST on ve0518.halxg.cloudera.com
I0227 17:24:25.361601 36091 master_service.cc:263] Signed X509 certificate for tserver {username='adar'} at 127.112.245.193:41840
I0227 17:24:25.364621 36758 tablet_server_main.cc:85] Initializing tablet server...
I0227 17:24:25.368099 36758 system_ntp.cc:199] NTP initialized. Skew: 500ppm Current error: 183775us
I0227 17:24:25.370419 36758 fs_manager.cc:263] Metadata directory not provided
I0227 17:24:25.370579 36758 fs_manager.cc:269] Using write-ahead log directory (fs_wal_dir) as metadata directory
I0227 17:24:25.370937 36758 server_base.cc:432] Could not load existing FS layout: Not found: could not find a healthy instance file
I0227 17:24:25.371021 36758 server_base.cc:433] Attempting to create new FS layout instead
I0227 17:24:25.378561 36758 fs_manager.cc:602] Generated new instance metadata in path /tmp/kudutest-4282/master_failover-itest.1.HmsConfigurations_MasterFailoverTest.TestDeleteTableSync_1.1551317010817988-115671/minicluster-data/ts-2/data/instance: uuid: "a9929d795dd545d6ad6ba5918488ad2f" format_stamp: "Formatted at 2019-02-28 01:24:25 on ve0518.halxg.cloudera.com"
I0227 17:24:25.386570 36758 fs_manager.cc:602] Generated new instance metadata in path /tmp/kudutest-4282/master_failover-itest.1.HmsConfigurations_MasterFailoverTest.TestDeleteTableSync_1.1551317010817988-115671/minicluster-data/ts-2/wal/instance: uuid: "a9929d795dd545d6ad6ba5918488ad2f" format_stamp: "Formatted at 2019-02-28 01:24:25 on ve0518.halxg.cloudera.com"
I0227 17:24:25.396404 36903 raft_consensus.cc:472] T 00000000000000000000000000000000 P bbd34c4935164b99889130f50a1ac965 [term 1 FOLLOWER]: Starting pre-election (detected failure of leader eaae685ab2234943bccdfa4e9d6b87e1)
I0227 17:24:25.396536 36903 raft_consensus.cc:494] T 00000000000000000000000000000000 P bbd34c4935164b99889130f50a1ac965 [term 1 FOLLOWER]: Starting pre-election with config: opid_index: -1 OBSOLETE_local: false peers { permanent_uuid: "45d749848fc844e1af0e5b15b810994f" member_type: VOTER last_known_addr { host: "127.112.245.254" port: 39035 } } peers { permanent_uuid: "bbd34c4935164b99889130f50a1ac965" member_type: VOTER last_known_addr { host: "127.112.245.253" port: 41272 } } peers { permanent_uuid: "eaae685ab2234943bccdfa4e9d6b87e1" member_type: VOTER last_known_addr { host: "127.112.245.252" port: 34480 } }
I0227 17:24:25.399035 36903 leader_election.cc:292] T 00000000000000000000000000000000 P bbd34c4935164b99889130f50a1ac965 [CANDIDATE]: Term 2 pre-election: Requested pre-vote from peers 45d749848fc844e1af0e5b15b810994f (127.112.245.254:39035), eaae685ab2234943bccdfa4e9d6b87e1 (127.112.245.252:34480)
I0227 17:24:25.399368 35126 tablet_service.cc:1010] Received RequestConsensusVote() RPC: tablet_id: "00000000000000000000000000000000" candidate_uuid: "bbd34c4935164b99889130f50a1ac965" candidate_term: 2 candidate_status { last_received { term: 1 index: 3 } } ignore_live_leader: false dest_uuid: "45d749848fc844e1af0e5b15b810994f" is_pre_election: true
I0227 17:24:25.399453 35126 raft_consensus.cc:2346] T 00000000000000000000000000000000 P 45d749848fc844e1af0e5b15b810994f [term 1 FOLLOWER]: Leader pre-election vote request: Granting yes vote for candidate bbd34c4935164b99889130f50a1ac965 in term 1.
I0227 17:24:25.399583 36096 tablet_service.cc:1010] Received RequestConsensusVote() RPC: tablet_id: "00000000000000000000000000000000" candidate_uuid: "bbd34c4935164b99889130f50a1ac965" candidate_term: 2 candidate_status { last_received { term: 1 index: 3 } } ignore_live_leader: false dest_uuid: "eaae685ab2234943bccdfa4e9d6b87e1" is_pre_election: true
I0227 17:24:25.399749 36096 raft_consensus.cc:2307] T 00000000000000000000000000000000 P eaae685ab2234943bccdfa4e9d6b87e1 [term 1 LEADER]: Leader pre-election vote request: Denying vote to candidate bbd34c4935164b99889130f50a1ac965 for term 2 because replica is either leader or believes a valid leader to be alive.
I0227 17:24:25.399838 35507 leader_election.cc:306] T 00000000000000000000000000000000 P bbd34c4935164b99889130f50a1ac965 [CANDIDATE]: Term 2 pre-election: Election decided. Result: candidate won. Election summary: received 2 responses out of 3 voters: 2 yes votes; 0 no votes. yes voters: 45d749848fc844e1af0e5b15b810994f, bbd34c4935164b99889130f50a1ac965; no voters:
I0227 17:24:25.400182 36903 raft_consensus.cc:2640] T 00000000000000000000000000000000 P bbd34c4935164b99889130f50a1ac965 [term 1 FOLLOWER]: Leader pre-election won for term 2
I0227 17:24:25.400240 36903 raft_consensus.cc:472] T 00000000000000000000000000000000 P bbd34c4935164b99889130f50a1ac965 [term 1 FOLLOWER]: Starting leader election (detected failure of leader eaae685ab2234943bccdfa4e9d6b87e1)
I0227 17:24:25.400300 36903 raft_consensus.cc:2886] T 00000000000000000000000000000000 P bbd34c4935164b99889130f50a1ac965 [term 1 FOLLOWER]: Advancing to term 2
I0227 17:24:25.401520 36903 raft_consensus.cc:494] T 00000000000000000000000000000000 P bbd34c4935164b99889130f50a1ac965 [term 2 FOLLOWER]: Starting leader election with config: opid_index: -1 OBSOLETE_local: false peers { permanent_uuid: "45d749848fc844e1af0e5b15b810994f" member_type: VOTER last_known_addr { host: "127.112.245.254" port: 39035 } } peers { permanent_uuid: "bbd34c4935164b99889130f50a1ac965" member_type: VOTER last_known_addr { host: "127.112.245.253" port: 41272 } } peers { permanent_uuid: "eaae685ab2234943bccdfa4e9d6b87e1" member_type: VOTER last_known_addr { host: "127.112.245.252" port: 34480 } }
I0227 17:24:25.405943 36903 leader_election.cc:292] T 00000000000000000000000000000000 P bbd34c4935164b99889130f50a1ac965 [CANDIDATE]: Term 2 election: Requested vote from peers 45d749848fc844e1af0e5b15b810994f (127.112.245.254:39035), eaae685ab2234943bccdfa4e9d6b87e1 (127.112.245.252:34480)
I0227 17:24:25.406119 35126 tablet_service.cc:1010] Received RequestConsensusVote() RPC: tablet_id: "00000000000000000000000000000000" candidate_uuid: "bbd34c4935164b99889130f50a1ac965" candidate_term: 2 candidate_status { last_received { term: 1 index: 3 } } ignore_live_leader: false dest_uuid: "45d749848fc844e1af0e5b15b810994f"
I0227 17:24:25.406185 35126 raft_consensus.cc:2886] T 00000000000000000000000000000000 P 45d749848fc844e1af0e5b15b810994f [term 1 FOLLOWER]: Advancing to term 2
I0227 17:24:25.407212 35126 raft_consensus.cc:2346] T 00000000000000000000000000000000 P 45d749848fc844e1af0e5b15b810994f [term 2 FOLLOWER]: Leader election vote request: Granting yes vote for candidate bbd34c4935164b99889130f50a1ac965 in term 2.
I0227 17:24:25.407549 35507 leader_election.cc:306] T 00000000000000000000000000000000 P bbd34c4935164b99889130f50a1ac965 [CANDIDATE]: Term 2 election: Election decided. Result: candidate won. Election summary: received 2 responses out of 3 voters: 2 yes votes; 0 no votes. yes voters: 45d749848fc844e1af0e5b15b810994f, bbd34c4935164b99889130f50a1ac965; no voters:
I0227 17:24:25.407753 36903 raft_consensus.cc:2640] T 00000000000000000000000000000000 P bbd34c4935164b99889130f50a1ac965 [term 2 FOLLOWER]: Leader election won for term 2
I0227 17:24:25.407791 36758 fs_manager.cc:503] Time spent creating directory manager: real 0.021s user 0.005s sys 0.002s
I0227 17:24:25.407891 36096 tablet_service.cc:1010] Received RequestConsensusVote() RPC: tablet_id: "00000000000000000000000000000000" candidate_uuid: "bbd34c4935164b99889130f50a1ac965" candidate_term: 2 candidate_status { last_received { term: 1 index: 3 } } ignore_live_leader: false dest_uuid: "eaae685ab2234943bccdfa4e9d6b87e1"
I0227 17:24:25.407968 36096 raft_consensus.cc:2307] T 00000000000000000000000000000000 P eaae685ab2234943bccdfa4e9d6b87e1 [term 1 LEADER]: Leader election vote request: Denying vote to candidate bbd34c4935164b99889130f50a1ac965 for term 2 because replica is either leader or believes a valid leader to be alive.
I0227 17:24:25.408118 36903 raft_consensus.cc:667] T 00000000000000000000000000000000 P bbd34c4935164b99889130f50a1ac965 [term 2 LEADER]: Becoming Leader. State: Replica: bbd34c4935164b99889130f50a1ac965, State: Running, Role: LEADER
I0227 17:24:25.408541 36903 consensus_queue.cc:206] T 00000000000000000000000000000000 P bbd34c4935164b99889130f50a1ac965 [LEADER]: Queue going to LEADER mode. State: All replicated index: 0, Majority replicated index: 3, Committed index: 3, Last appended: 1.3, Last appended by leader: 3, Current term: 2, Majority size: 2, State: 0, Mode: LEADER, active raft config: opid_index: -1 OBSOLETE_local: false peers { permanent_uuid: "45d749848fc844e1af0e5b15b810994f" member_type: VOTER last_known_addr { host: "127.112.245.254" port: 39035 } } peers { permanent_uuid: "bbd34c4935164b99889130f50a1ac965" member_type: VOTER last_known_addr { host: "127.112.245.253" port: 41272 } } peers { permanent_uuid: "eaae685ab2234943bccdfa4e9d6b87e1" member_type: VOTER last_known_addr { host: "127.112.245.252" port: 34480 } }
I0227 17:24:25.408679 36758 env_posix.cc:1676] Not raising this process' open files per process limit of 32768; it is already as high as it can go
I0227 17:24:25.409204 36758 file_cache.cc:466] Constructed file cache lbm with capacity 13107
I0227 17:24:25.409516 36903 sys_catalog.cc:337] T 00000000000000000000000000000000 P bbd34c4935164b99889130f50a1ac965 [sys.catalog]: SysCatalogTable state changed. Reason: New leader bbd34c4935164b99889130f50a1ac965. Latest consensus state: current_term: 2 leader_uuid: "bbd34c4935164b99889130f50a1ac965" committed_config { opid_index: -1 OBSOLETE_local: false peers { permanent_uuid: "45d749848fc844e1af0e5b15b810994f" member_type: VOTER last_known_addr { host: "127.112.245.254" port: 39035 } } peers { permanent_uuid: "bbd34c4935164b99889130f50a1ac965" member_type: VOTER last_known_addr { host: "127.112.245.253" port: 41272 } } peers { permanent_uuid: "eaae685ab2234943bccdfa4e9d6b87e1" member_type: VOTER last_known_addr { host: "127.112.245.252" port: 34480 } } }
I0227 17:24:25.409541 36903 sys_catalog.cc:340] T 00000000000000000000000000000000 P bbd34c4935164b99889130f50a1ac965 [sys.catalog]: This master's current role is: LEADER
I0227 17:24:25.412792 36758 log_block_manager.cc:1950] Data dir /tmp/kudutest-4282/master_failover-itest.1.HmsConfigurations_MasterFailoverTest.TestDeleteTableSync_1.1551317010817988-115671/minicluster-data/ts-2/data/data is on an ext4 filesystem vulnerable to KUDU-1508 with block size 4096
I0227 17:24:25.412884 36758 log_block_manager.cc:1960] Limiting containers on data directory /tmp/kudutest-4282/master_failover-itest.1.HmsConfigurations_MasterFailoverTest.TestDeleteTableSync_1.1551317010817988-115671/minicluster-data/ts-2/data/data to 2721 blocks
I0227 17:24:25.413627 36904 raft_consensus.cc:472] T 00000000000000000000000000000000 P 45d749848fc844e1af0e5b15b810994f [term 2 FOLLOWER]: Starting pre-election (no leader contacted us within the election timeout)
I0227 17:24:25.413795 36904 raft_consensus.cc:494] T 00000000000000000000000000000000 P 45d749848fc844e1af0e5b15b810994f [term 2 FOLLOWER]: Starting pre-election with config: opid_index: -1 OBSOLETE_local: false peers { permanent_uuid: "45d749848fc844e1af0e5b15b810994f" member_type: VOTER last_known_addr { host: "127.112.245.254" port: 39035 } } peers { permanent_uuid: "bbd34c4935164b99889130f50a1ac965" member_type: VOTER last_known_addr { host: "127.112.245.253" port: 41272 } } peers { permanent_uuid: "eaae685ab2234943bccdfa4e9d6b87e1" member_type: VOTER last_known_addr { host: "127.112.245.252" port: 34480 } }
I0227 17:24:25.414638 36758 fs_manager.cc:419] Time spent opening block manager: real 0.002s user 0.001s sys 0.000s
I0227 17:24:25.414757 36758 fs_manager.cc:436] Opened local filesystem: /tmp/kudutest-4282/master_failover-itest.1.HmsConfigurations_MasterFailoverTest.TestDeleteTableSync_1.1551317010817988-115671/minicluster-data/ts-2/data,/tmp/kudutest-4282/master_failover-itest.1.HmsConfigurations_MasterFailoverTest.TestDeleteTableSync_1.1551317010817988-115671/minicluster-data/ts-2/wal uuid: "a9929d795dd545d6ad6ba5918488ad2f" format_stamp: "Formatted at 2019-02-28 01:24:25 on ve0518.halxg.cloudera.com"
I0227 17:24:25.414878 36758 fs_report.cc:352] FS layout report -------------------- wal directory: /tmp/kudutest-4282/master_failover-itest.1.HmsConfigurations_MasterFailoverTest.TestDeleteTableSync_1.1551317010817988-115671/minicluster-data/ts-2/wal metadata directory: /tmp/kudutest-4282/master_failover-itest.1.HmsConfigurations_MasterFailoverTest.TestDeleteTableSync_1.1551317010817988-115671/minicluster-data/ts-2/wal 1 data directories: /tmp/kudutest-4282/master_failover-itest.1.HmsConfigurations_MasterFailoverTest.TestDeleteTableSync_1.1551317010817988-115671/minicluster-data/ts-2/data/data Total live blocks: 0 Total live bytes: 0 Total live bytes (after alignment): 0 Total number of LBM containers: 0 (0 full) Did not check for missing blocks Did not check for orphaned blocks Total full LBM containers with extra space: 0 (0 repaired) Total full LBM container extra space in bytes: 0 (0 repaired) Total incomplete LBM containers: 0 (0 repaired) Total LBM partial records: 0 (0 repaired)
I0227 17:24:25.415354 36904 leader_election.cc:292] T 00000000000000000000000000000000 P 45d749848fc844e1af0e5b15b810994f [CANDIDATE]: Term 3 pre-election: Requested pre-vote from peers bbd34c4935164b99889130f50a1ac965 (127.112.245.253:41272), eaae685ab2234943bccdfa4e9d6b87e1 (127.112.245.252:34480)
I0227 17:24:25.415652 36096 tablet_service.cc:1010] Received RequestConsensusVote() RPC: tablet_id: "00000000000000000000000000000000" candidate_uuid: "45d749848fc844e1af0e5b15b810994f" candidate_term: 3 candidate_status { last_received { term: 1 index: 3 } } ignore_live_leader: false dest_uuid: "eaae685ab2234943bccdfa4e9d6b87e1" is_pre_election: true
I0227 17:24:25.415737 36096 raft_consensus.cc:2307] T 00000000000000000000000000000000 P eaae685ab2234943bccdfa4e9d6b87e1 [term 1 LEADER]: Leader pre-election vote request: Denying vote to candidate 45d749848fc844e1af0e5b15b810994f for term 3 because replica is either leader or believes a valid leader to be alive.
I0227 17:24:25.416465 35555 tablet_service.cc:1010] Received RequestConsensusVote() RPC: tablet_id: "00000000000000000000000000000000" candidate_uuid: "45d749848fc844e1af0e5b15b810994f" candidate_term: 3 candidate_status { last_received { term: 1 index: 3 } } ignore_live_leader: false dest_uuid: "bbd34c4935164b99889130f50a1ac965" is_pre_election: true
I0227 17:24:25.416537 35555 raft_consensus.cc:2307] T 00000000000000000000000000000000 P bbd34c4935164b99889130f50a1ac965 [term 2 LEADER]: Leader pre-election vote request: Denying vote to candidate 45d749848fc844e1af0e5b15b810994f for term 3 because replica is either leader or believes a valid leader to be alive.
I0227 17:24:25.417850 36914 catalog_manager.cc:1046] Loading table and tablet metadata into memory...
I0227 17:24:25.418375 35095 leader_election.cc:306] T 00000000000000000000000000000000 P 45d749848fc844e1af0e5b15b810994f [CANDIDATE]: Term 3 pre-election: Election decided. Result: candidate lost. Election summary: received 3 responses out of 3 voters: 1 yes votes; 2 no votes. yes voters: 45d749848fc844e1af0e5b15b810994f; no voters: bbd34c4935164b99889130f50a1ac965, eaae685ab2234943bccdfa4e9d6b87e1
I0227 17:24:25.419612 36914 catalog_manager.cc:1057] Initializing Kudu internal certificate authority...
I0227 17:24:25.424427 36904 raft_consensus.cc:2588] T 00000000000000000000000000000000 P 45d749848fc844e1af0e5b15b810994f [term 2 FOLLOWER]: Leader pre-election lost for term 3. Reason: could not achieve majority
I0227 17:24:25.426095 36914 catalog_manager.cc:1066] Loading token signing keys...
I0227 17:24:25.426842 36914 catalog_manager.cc:4106] T 00000000000000000000000000000000 P bbd34c4935164b99889130f50a1ac965: Loaded TSK: 0
I0227 17:24:25.427826 36914 catalog_manager.cc:1077] Loading latest processed Hive Metastore notification log event ID...
I0227 17:24:25.451867 35126 raft_consensus.cc:1149] T 00000000000000000000000000000000 P 45d749848fc844e1af0e5b15b810994f [term 2 FOLLOWER]: Rejecting Update request from peer eaae685ab2234943bccdfa4e9d6b87e1 for earlier term 1. Current term is 2. Ops: []
I0227 17:24:25.453303 37034 consensus_queue.cc:995] T 00000000000000000000000000000000 P eaae685ab2234943bccdfa4e9d6b87e1 [LEADER]: Peer responded invalid term: Peer: permanent_uuid: "45d749848fc844e1af0e5b15b810994f" member_type: VOTER last_known_addr { host: "127.112.245.254" port: 39035 }, Status: INVALID_TERM, Last received: 1.3, Next index: 4, Last known committed idx: 3, Time since last communication: 0.000s
I0227 17:24:25.453496 37034 raft_consensus.cc:2881] T 00000000000000000000000000000000 P eaae685ab2234943bccdfa4e9d6b87e1 [term 1 LEADER]: Stepping down as leader of term 1
I0227 17:24:25.453585 37034 raft_consensus.cc:705] T 00000000000000000000000000000000 P eaae685ab2234943bccdfa4e9d6b87e1 [term 1 LEADER]: Becoming Follower/Learner. State: Replica: eaae685ab2234943bccdfa4e9d6b87e1, State: Running, Role: LEADER
I0227 17:24:25.453894 37034 consensus_queue.cc:229] T 00000000000000000000000000000000 P eaae685ab2234943bccdfa4e9d6b87e1 [NON_LEADER]: Queue going to NON_LEADER mode. State: All replicated index: 0, Majority replicated index: 3, Committed index: 3, Last appended: 1.3, Last appended by leader: 3, Current term: 1, Majority size: -1, State: 0, Mode: NON_LEADER, active raft config: opid_index: -1 OBSOLETE_local: false peers { permanent_uuid: "45d749848fc844e1af0e5b15b810994f" member_type: VOTER last_known_addr { host: "127.112.245.254" port: 39035 } } peers { permanent_uuid: "bbd34c4935164b99889130f50a1ac965" member_type: VOTER last_known_addr { host: "127.112.245.253" port: 41272 } } peers { permanent_uuid: "eaae685ab2234943bccdfa4e9d6b87e1" member_type: VOTER last_known_addr { host: "127.112.245.252" port: 34480 } }
I0227 17:24:25.453982 37034 consensus_peers.cc:482] T 00000000000000000000000000000000 P eaae685ab2234943bccdfa4e9d6b87e1 -> Peer bbd34c4935164b99889130f50a1ac965 (127.112.245.253:41272): Closing peer: bbd34c4935164b99889130f50a1ac965
I0227 17:24:25.454063 37034 consensus_peers.cc:482] T 00000000000000000000000000000000 P eaae685ab2234943bccdfa4e9d6b87e1 -> Peer 45d749848fc844e1af0e5b15b810994f (127.112.245.254:39035): Closing peer: 45d749848fc844e1af0e5b15b810994f
I0227 17:24:25.454341 37034 raft_consensus.cc:2886] T 00000000000000000000000000000000 P eaae685ab2234943bccdfa4e9d6b87e1 [term 1 FOLLOWER]: Advancing to term 2
I0227 17:24:25.497522 36758 env_posix.cc:1671] Raising this process' running threads per effective uid limit from 32768 to 65536
I0227 17:24:25.502734 36758 ts_tablet_manager.cc:356] Loaded tablet metadata (0 live tablets)
I0227 17:24:25.502962 36758 tablet_server_main.cc:90] Starting tablet server...
I0227 17:24:25.532219 36758 rpc_server.cc:205] RPC server started. Bound to: 127.112.245.195:51972
I0227 17:24:25.532709 36758 webserver.cc:175] Starting webserver on 127.112.245.195:0
I0227 17:24:25.532759 36758 webserver.cc:186] Document root disabled
I0227 17:24:25.533454 36758 webserver.cc:313] Webserver started. Bound to: http://127.112.245.195:46551/
I0227 17:24:25.534090 36758 server_base.cc:607] Dumped server information to /tmp/kudutest-4282/master_failover-itest.1.HmsConfigurations_MasterFailoverTest.TestDeleteTableSync_1.1551317010817988-115671/minicluster-data/ts-2/data/info.pb
I0227 17:24:25.538988 115671 external_mini_cluster.cc:995] Started /data/1/adar/apache-kudu-1.9.0/build/debug/bin/kudu-tserver as pid 36758
I0227 17:24:25.541460 36758 tablet_server_main.cc:93] Tablet server successfully started.
I0227 17:24:25.567466 37278 heartbeater.cc:345] Connected to a master server at 127.112.245.253:41272
I0227 17:24:25.567596 37278 heartbeater.cc:425] Registering TS with master...
I0227 17:24:25.567982 37278 heartbeater.cc:474] Master 127.112.245.253:41272 requested a full tablet report, sending...
I0227 17:24:25.568852 35537 ts_manager.cc:98] Registered new tserver with Master: a9929d795dd545d6ad6ba5918488ad2f (127.112.245.195:51972)
I0227 17:24:25.570622 35537 master_service.cc:263] Signed X509 certificate for tserver {username='adar'} at 127.112.245.195:51370
I0227 17:24:25.570652 37276 heartbeater.cc:345] Connected to a master server at 127.112.245.252:34480
I0227 17:24:25.570696 37276 heartbeater.cc:425] Registering TS with master...
I0227 17:24:25.570837 37276 heartbeater.cc:474] Master 127.112.245.252:34480 requested a full tablet report, sending...
I0227 17:24:25.571579 36091 ts_manager.cc:98] Registered new tserver with Master: a9929d795dd545d6ad6ba5918488ad2f (127.112.245.195:51972)
I0227 17:24:25.580404 37279 heartbeater.cc:345] Connected to a master server at 127.112.245.254:39035
I0227 17:24:25.580466 37279 heartbeater.cc:425] Registering TS with master...
I0227 17:24:25.580657 37279 heartbeater.cc:474] Master 127.112.245.254:39035 requested a full tablet report, sending...
I0227 17:24:25.581359 35117 ts_manager.cc:98] Registered new tserver with Master: a9929d795dd545d6ad6ba5918488ad2f (127.112.245.195:51972)
I0227 17:24:25.588266 115671 external_mini_cluster.cc:623] 3 TS(s) registered with all masters
I0227 17:24:25.605850 36197 catalog_manager.cc:1130] T 00000000000000000000000000000000 P eaae685ab2234943bccdfa4e9d6b87e1: importing token verification keys for follower catalog manager: success; most recent TSK sequence number 0
I0227 17:24:25.614015 36196 catalog_manager.cc:1102] T 00000000000000000000000000000000 P 45d749848fc844e1af0e5b15b810994f: acquiring CA information for follower catalog manager: success
I0227 17:24:25.615330 36196 catalog_manager.cc:1130] T 00000000000000000000000000000000 P 45d749848fc844e1af0e5b15b810994f: importing token verification keys for follower catalog manager: success; most recent TSK sequence number 0
I0227 17:24:25.652611 36745 heartbeater.cc:466] Master 127.112.245.252:34480 was elected leader, sending a full tablet report...
I0227 17:24:25.863317 36407 heartbeater.cc:466] Master 127.112.245.252:34480 was elected leader, sending a full tablet report...
I0227 17:24:25.938491 36096 raft_consensus.cc:1181] T 00000000000000000000000000000000 P eaae685ab2234943bccdfa4e9d6b87e1 [term 2 FOLLOWER]: Refusing update from remote peer bbd34c4935164b99889130f50a1ac965: Log matching property violated. Preceding OpId in replica: term: 1 index: 3. Preceding OpId from leader: term: 2 index: 4. (index mismatch)
I0227 17:24:25.939419 37567 consensus_queue.cc:984] T 00000000000000000000000000000000 P bbd34c4935164b99889130f50a1ac965 [LEADER]: Connected to new peer: Peer: permanent_uuid: "eaae685ab2234943bccdfa4e9d6b87e1" member_type: VOTER last_known_addr { host: "127.112.245.252" port: 34480 }, Status: LMP_MISMATCH, Last received: 0.0, Next index: 4, Last known committed idx: 3, Time since last communication: 0.000s
I0227 17:24:25.940785 37035 sys_catalog.cc:337] T 00000000000000000000000000000000 P eaae685ab2234943bccdfa4e9d6b87e1 [sys.catalog]: SysCatalogTable state changed. Reason: New leader bbd34c4935164b99889130f50a1ac965. Latest consensus state: current_term: 2 leader_uuid: "bbd34c4935164b99889130f50a1ac965" committed_config { opid_index: -1 OBSOLETE_local: false peers { permanent_uuid: "45d749848fc844e1af0e5b15b810994f" member_type: VOTER last_known_addr { host: "127.112.245.254" port: 39035 } } peers { permanent_uuid: "bbd34c4935164b99889130f50a1ac965" member_type: VOTER last_known_addr { host: "127.112.245.253" port: 41272 } } peers { permanent_uuid: "eaae685ab2234943bccdfa4e9d6b87e1" member_type: VOTER last_known_addr { host: "127.112.245.252" port: 34480 } } }
I0227 17:24:25.940822 37035 sys_catalog.cc:340] T 00000000000000000000000000000000 P eaae685ab2234943bccdfa4e9d6b87e1 [sys.catalog]: This master's current role is: FOLLOWER
I0227 17:24:25.952409 37567 sys_catalog.cc:337] T 00000000000000000000000000000000 P bbd34c4935164b99889130f50a1ac965 [sys.catalog]: SysCatalogTable state changed. Reason: Peer health change. Latest consensus state: current_term: 2 leader_uuid: "bbd34c4935164b99889130f50a1ac965" committed_config { opid_index: -1 OBSOLETE_local: false peers { permanent_uuid: "45d749848fc844e1af0e5b15b810994f" member_type: VOTER last_known_addr { host: "127.112.245.254" port: 39035 } } peers { permanent_uuid: "bbd34c4935164b99889130f50a1ac965" member_type: VOTER last_known_addr { host: "127.112.245.253" port: 41272 } } peers { permanent_uuid: "eaae685ab2234943bccdfa4e9d6b87e1" member_type: VOTER last_known_addr { host: "127.112.245.252" port: 34480 } } }
I0227 17:24:25.952452 37567 sys_catalog.cc:340] T 00000000000000000000000000000000 P bbd34c4935164b99889130f50a1ac965 [sys.catalog]: This master's current role is: LEADER
I0227 17:24:25.953330 35126 raft_consensus.cc:1181] T 00000000000000000000000000000000 P 45d749848fc844e1af0e5b15b810994f [term 2 FOLLOWER]: Refusing update from remote peer bbd34c4935164b99889130f50a1ac965: Log matching property violated. Preceding OpId in replica: term: 1 index: 3. Preceding OpId from leader: term: 2 index: 4. (index mismatch)
I0227 17:24:25.953817 37567 consensus_queue.cc:984] T 00000000000000000000000000000000 P bbd34c4935164b99889130f50a1ac965 [LEADER]: Connected to new peer: Peer: permanent_uuid: "45d749848fc844e1af0e5b15b810994f" member_type: VOTER last_known_addr { host: "127.112.245.254" port: 39035 }, Status: LMP_MISMATCH, Last received: 0.0, Next index: 4, Last known committed idx: 3, Time since last communication: 0.000s
I0227 17:24:25.953899 37035 sys_catalog.cc:337] T 00000000000000000000000000000000 P eaae685ab2234943bccdfa4e9d6b87e1 [sys.catalog]: SysCatalogTable state changed. Reason: Replicated consensus-only round. Latest consensus state: current_term: 2 leader_uuid: "bbd34c4935164b99889130f50a1ac965" committed_config { opid_index: -1 OBSOLETE_local: false peers { permanent_uuid: "45d749848fc844e1af0e5b15b810994f" member_type: VOTER last_known_addr { host: "127.112.245.254" port: 39035 } } peers { permanent_uuid: "bbd34c4935164b99889130f50a1ac965" member_type: VOTER last_known_addr { host: "127.112.245.253" port: 41272 } } peers { permanent_uuid: "eaae685ab2234943bccdfa4e9d6b87e1" member_type: VOTER last_known_addr { host: "127.112.245.252" port: 34480 } } }
I0227 17:24:25.953930 37035 sys_catalog.cc:340] T 00000000000000000000000000000000 P eaae685ab2234943bccdfa4e9d6b87e1 [sys.catalog]: This master's current role is: FOLLOWER
I0227 17:24:25.959530 37605 sys_catalog.cc:337] T 00000000000000000000000000000000 P 45d749848fc844e1af0e5b15b810994f [sys.catalog]: SysCatalogTable state changed. Reason: New leader bbd34c4935164b99889130f50a1ac965. Latest consensus state: current_term: 2 leader_uuid: "bbd34c4935164b99889130f50a1ac965" committed_config { opid_index: -1 OBSOLETE_local: false peers { permanent_uuid: "45d749848fc844e1af0e5b15b810994f" member_type: VOTER last_known_addr { host: "127.112.245.254" port: 39035 } } peers { permanent_uuid: "bbd34c4935164b99889130f50a1ac965" member_type: VOTER last_known_addr { host: "127.112.245.253" port: 41272 } } peers { permanent_uuid: "eaae685ab2234943bccdfa4e9d6b87e1" member_type: VOTER last_known_addr { host: "127.112.245.252" port: 34480 } } }
I0227 17:24:25.959571 37605 sys_catalog.cc:340] T 00000000000000000000000000000000 P 45d749848fc844e1af0e5b15b810994f [sys.catalog]: This master's current role is: FOLLOWER
I0227 17:24:25.959686 37605 sys_catalog.cc:337] T 00000000000000000000000000000000 P 45d749848fc844e1af0e5b15b810994f [sys.catalog]: SysCatalogTable state changed. Reason: Replicated consensus-only round. Latest consensus state: current_term: 2 leader_uuid: "bbd34c4935164b99889130f50a1ac965" committed_config { opid_index: -1 OBSOLETE_local: false peers { permanent_uuid: "45d749848fc844e1af0e5b15b810994f" member_type: VOTER last_known_addr { host: "127.112.245.254" port: 39035 } } peers { permanent_uuid: "bbd34c4935164b99889130f50a1ac965" member_type: VOTER last_known_addr { host: "127.112.245.253" port: 41272 } } peers { permanent_uuid: "eaae685ab2234943bccdfa4e9d6b87e1" member_type: VOTER last_known_addr { host: "127.112.245.252" port: 34480 } } }
I0227 17:24:25.959712 37605 sys_catalog.cc:340] T 00000000000000000000000000000000 P 45d749848fc844e1af0e5b15b810994f [sys.catalog]: This master's current role is: FOLLOWER
I0227 17:24:25.971742 35537 catalog_manager.cc:1386] Servicing CreateTable request from {username='adar'} at 127.112.245.253:34721: name: "default.test_delete_table_sync" schema { columns { name: "key" type: INT32 is_key: true is_nullable: false encoding: AUTO_ENCODING compression: DEFAULT_COMPRESSION cfile_block_size: 0 } columns { name: "int_val" type: INT32 is_key: false is_nullable: false encoding: AUTO_ENCODING compression: DEFAULT_COMPRESSION cfile_block_size: 0 } columns { name: "string_val" type: STRING is_key: false is_nullable: false encoding: AUTO_ENCODING compression: DEFAULT_COMPRESSION cfile_block_size: 0 } } split_rows_range_bounds { } partition_schema { range_schema { columns { name: "key" } } }
W0227 17:24:25.972930 35537 catalog_manager.cc:1537] The number of live tablet servers is not enough to re-replicate a tablet replica of the newly created table default.test_delete_table_sync in case of a server failure: 4 tablet servers would be needed, 3 are available. Consider bringing up more tablet servers.
I0227 17:24:26.072459 37278 heartbeater.cc:466] Master 127.112.245.253:41272 was elected leader, sending a full tablet report...
I0227 17:24:26.149296 36746 heartbeater.cc:466] Master 127.112.245.253:41272 was elected leader, sending a full tablet report...
I0227 17:24:26.368415 36408 heartbeater.cc:466] Master 127.112.245.253:41272 was elected leader, sending a full tablet report...
I0227 17:24:26.457064 37609 raft_consensus.cc:472] T 00000000000000000000000000000000 P 45d749848fc844e1af0e5b15b810994f [term 2 FOLLOWER]: Starting pre-election (detected failure of leader bbd34c4935164b99889130f50a1ac965)
I0227 17:24:26.457204 37609 raft_consensus.cc:494] T 00000000000000000000000000000000 P 45d749848fc844e1af0e5b15b810994f [term 2 FOLLOWER]: Starting pre-election with config: opid_index: -1 OBSOLETE_local: false peers { permanent_uuid: "45d749848fc844e1af0e5b15b810994f" member_type: VOTER last_known_addr { host: "127.112.245.254" port: 39035 } } peers { permanent_uuid: "bbd34c4935164b99889130f50a1ac965" member_type: VOTER last_known_addr { host: "127.112.245.253" port: 41272 } } peers { permanent_uuid: "eaae685ab2234943bccdfa4e9d6b87e1" member_type: VOTER last_known_addr { host: "127.112.245.252" port: 34480 } }
I0227 17:24:26.457754 37609 leader_election.cc:292] T 00000000000000000000000000000000 P 45d749848fc844e1af0e5b15b810994f [CANDIDATE]: Term 3 pre-election: Requested pre-vote from peers bbd34c4935164b99889130f50a1ac965 (127.112.245.253:41272), eaae685ab2234943bccdfa4e9d6b87e1 (127.112.245.252:34480)
I0227 17:24:26.458165 35555 tablet_service.cc:1010] Received RequestConsensusVote() RPC: tablet_id: "00000000000000000000000000000000" candidate_uuid: "45d749848fc844e1af0e5b15b810994f" candidate_term: 3 candidate_status { last_received { term: 2 index: 4 } } ignore_live_leader: false dest_uuid: "bbd34c4935164b99889130f50a1ac965" is_pre_election: true
I0227 17:24:26.458241 35555 raft_consensus.cc:2307] T 00000000000000000000000000000000 P bbd34c4935164b99889130f50a1ac965 [term 2 LEADER]: Leader pre-election vote request: Denying vote to candidate 45d749848fc844e1af0e5b15b810994f for term 3 because replica is either leader or believes a valid leader to be alive.
I0227 17:24:26.458264 36096 tablet_service.cc:1010] Received RequestConsensusVote() RPC: tablet_id: "00000000000000000000000000000000" candidate_uuid: "45d749848fc844e1af0e5b15b810994f" candidate_term: 3 candidate_status { last_received { term: 2 index: 4 } } ignore_live_leader: false dest_uuid: "eaae685ab2234943bccdfa4e9d6b87e1" is_pre_election: true
I0227 17:24:26.458362 36096 raft_consensus.cc:2346] T 00000000000000000000000000000000 P eaae685ab2234943bccdfa4e9d6b87e1 [term 2 FOLLOWER]: Leader pre-election vote request: Granting yes vote for candidate 45d749848fc844e1af0e5b15b810994f in term 2.
I0227 17:24:26.468438 35097 leader_election.cc:306] T 00000000000000000000000000000000 P 45d749848fc844e1af0e5b15b810994f [CANDIDATE]: Term 3 pre-election: Election decided. Result: candidate won. Election summary: received 3 responses out of 3 voters: 2 yes votes; 1 no votes. yes voters: 45d749848fc844e1af0e5b15b810994f, eaae685ab2234943bccdfa4e9d6b87e1; no voters: bbd34c4935164b99889130f50a1ac965
I0227 17:24:26.468739 37609 raft_consensus.cc:2640] T 00000000000000000000000000000000 P 45d749848fc844e1af0e5b15b810994f [term 2 FOLLOWER]: Leader pre-election won for term 3
I0227 17:24:26.468763 37609 raft_consensus.cc:472] T 00000000000000000000000000000000 P 45d749848fc844e1af0e5b15b810994f [term 2 FOLLOWER]: Starting leader election (detected failure of leader bbd34c4935164b99889130f50a1ac965)
I0227 17:24:26.468781 37609 raft_consensus.cc:2886] T 00000000000000000000000000000000 P 45d749848fc844e1af0e5b15b810994f [term 2 FOLLOWER]: Advancing to term 3
