W0227 17:26:33.643440 124754 tablet_service.cc:1915] Rejecting scan request for tablet 7fae960e7b5343338ea18dbb27e5f63a: Uninitialized: safe time has not yet been initialized
W0227 17:26:33.845377 124754 tablet_service.cc:1915] Rejecting scan request for tablet 7fae960e7b5343338ea18dbb27e5f63a: Uninitialized: safe time has not yet been initialized
I0227 17:26:34.098402 125012 raft_consensus.cc:1181] T 7fae960e7b5343338ea18dbb27e5f63a P 39144add463f4fe89dc1ea42c778d8cf [term 1 FOLLOWER]: Refusing update from remote peer 9f6459ebb80643b98e01844aa2fd6338: Log matching property violated. Preceding OpId in replica: term: 0 index: 0. Preceding OpId from leader: term: 1 index: 1. (index mismatch)
I0227 17:26:34.099112 10568 consensus_queue.cc:984] T 7fae960e7b5343338ea18dbb27e5f63a P 9f6459ebb80643b98e01844aa2fd6338 [LEADER]: Connected to new peer: Peer: permanent_uuid: "39144add463f4fe89dc1ea42c778d8cf" member_type: VOTER last_known_addr { host: "127.112.245.194" port: 55958 }, Status: LMP_MISMATCH, Last received: 0.0, Next index: 1, Last known committed idx: 0, Time since last communication: 0.000s
I0227 17:26:34.112283 125339 raft_consensus.cc:1181] T 7fae960e7b5343338ea18dbb27e5f63a P 9a4f55686db84876a066f455f6a41180 [term 1 FOLLOWER]: Refusing update from remote peer 9f6459ebb80643b98e01844aa2fd6338: Log matching property violated. Preceding OpId in replica: term: 0 index: 0. Preceding OpId from leader: term: 1 index: 1. (index mismatch)
I0227 17:26:34.113469 9007 consensus_queue.cc:984] T 7fae960e7b5343338ea18dbb27e5f63a P 9f6459ebb80643b98e01844aa2fd6338 [LEADER]: Connected to new peer: Peer: permanent_uuid: "9a4f55686db84876a066f455f6a41180" member_type: VOTER last_known_addr { host: "127.112.245.195" port: 45942 }, Status: LMP_MISMATCH, Last received: 0.0, Next index: 1, Last known committed idx: 0, Time since last communication: 0.000s
I0227 17:26:34.129050 10990 raft_consensus.cc:472] T 00000000000000000000000000000000 P 6cd5de61888340e681a3e5cd19fad418 [term 7 FOLLOWER]: Starting pre-election (detected failure of leader c31e774156b64c02922906e3e2985c89)
I0227 17:26:34.130528 10990 raft_consensus.cc:494] T 00000000000000000000000000000000 P 6cd5de61888340e681a3e5cd19fad418 [term 7 FOLLOWER]: Starting pre-election with config: opid_index: -1 OBSOLETE_local: false peers { permanent_uuid: "c31e774156b64c02922906e3e2985c89" member_type: VOTER last_known_addr { host: "127.112.245.254" port: 35995 } } peers { permanent_uuid: "6cd5de61888340e681a3e5cd19fad418" member_type: VOTER last_known_addr { host: "127.112.245.253" port: 50732 } } peers { permanent_uuid: "2e3d7e621b864672aaa91ea2d0bbd1b9" member_type: VOTER last_known_addr { host: "127.112.245.252" port: 58453 } }
I0227 17:26:34.133713 10990 leader_election.cc:292] T 00000000000000000000000000000000 P 6cd5de61888340e681a3e5cd19fad418 [CANDIDATE]: Term 8 pre-election: Requested pre-vote from peers c31e774156b64c02922906e3e2985c89 (127.112.245.254:35995), 2e3d7e621b864672aaa91ea2d0bbd1b9 (127.112.245.252:58453)
I0227 17:26:34.134191 126662 tablet_service.cc:1010] Received RequestConsensusVote() RPC: tablet_id: "00000000000000000000000000000000" candidate_uuid: "6cd5de61888340e681a3e5cd19fad418" candidate_term: 8 candidate_status { last_received { term: 7 index: 39 } } ignore_live_leader: false dest_uuid: "c31e774156b64c02922906e3e2985c89" is_pre_election: true
I0227 17:26:34.134284 126662 raft_consensus.cc:2307] T 00000000000000000000000000000000 P c31e774156b64c02922906e3e2985c89 [term 7 LEADER]: Leader pre-election vote request: Denying vote to candidate 6cd5de61888340e681a3e5cd19fad418 for term 8 because replica is either leader or believes a valid leader to be alive.
I0227 17:26:34.248967 115671 external_mini_cluster.cc:1131] Killing /data/1/adar/apache-kudu-1.9.0/build/debug/bin/kudu-master with pid 123923
W0227 17:26:34.264843 137432 connection.cc:647] client connection to 127.112.245.252:58453 recv error: Network error: recv error from 0.0.0.0:0: Transport endpoint is not connected (error 107)
W0227 17:26:34.264927 126592 connection.cc:647] client connection to 127.112.245.252:58453 recv error: Network error: recv error from 0.0.0.0:0: Transport endpoint is not connected (error 107)
W0227 17:26:34.265014 137432 leader_election.cc:337] T 00000000000000000000000000000000 P 6cd5de61888340e681a3e5cd19fad418 [CANDIDATE]: Term 8 pre-election: RPC error from VoteRequest() call to peer 2e3d7e621b864672aaa91ea2d0bbd1b9 (127.112.245.252:58453): Network error: recv error from 0.0.0.0:0: Transport endpoint is not connected (error 107)
W0227 17:26:34.265054 126592 consensus_peers.cc:457] T 00000000000000000000000000000000 P c31e774156b64c02922906e3e2985c89 -> Peer 2e3d7e621b864672aaa91ea2d0bbd1b9 (127.112.245.252:58453): Couldn't send request to peer 2e3d7e621b864672aaa91ea2d0bbd1b9. Status: Network error: recv error from 0.0.0.0:0: Transport endpoint is not connected (error 107). This is attempt 1: this message will repeat every 5th retry.
W0227 17:26:34.265092 124741 connection.cc:647] client connection to 127.112.245.252:58453 recv error: Network error: failed to read from TLS socket (remote: 0.0.0.0:0): Connection reset by peer (error 104)
I0227 17:26:34.265100 137432 leader_election.cc:306] T 00000000000000000000000000000000 P 6cd5de61888340e681a3e5cd19fad418 [CANDIDATE]: Term 8 pre-election: Election decided. Result: candidate lost. Election summary: received 3 responses out of 3 voters: 1 yes votes; 2 no votes. yes voters: 6cd5de61888340e681a3e5cd19fad418; no voters: 2e3d7e621b864672aaa91ea2d0bbd1b9, c31e774156b64c02922906e3e2985c89
I0227 17:26:34.265326 10990 raft_consensus.cc:2588] T 00000000000000000000000000000000 P 6cd5de61888340e681a3e5cd19fad418 [term 7 FOLLOWER]: Leader pre-election lost for term 8. Reason: could not achieve majority
W0227 17:26:34.265364 124741 connection.cc:320] Error closing socket: Network error: TlsSocket::Close: Broken pipe
W0227 17:26:34.265563 124930 connection.cc:647] client connection to 127.112.245.252:58453 recv error: Network error: failed to read from TLS socket (remote: 0.0.0.0:0): Connection reset by peer (error 104)
W0227 17:26:34.265632 125257 connection.cc:647] client connection to 127.112.245.252:58453 recv error: Network error: failed to read from TLS socket (remote: 0.0.0.0:0): Connection reset by peer (error 104)
W0227 17:26:34.265803 124930 connection.cc:320] Error closing socket: Network error: TlsSocket::Close: Broken pipe
W0227 17:26:34.265895 125257 connection.cc:320] Error closing socket: Network error: TlsSocket::Close: Broken pipe
W0227 17:26:34.271654 137430 connection.cc:647] server connection from 127.112.245.253:35450 recv error: Network error: recv error from 0.0.0.0:0: Transport endpoint is not connected (error 107)
I0227 17:26:34.529531 11119 fs_manager.cc:263] Metadata directory not provided
I0227 17:26:34.529829 11119 fs_manager.cc:269] Using write-ahead log directory (fs_wal_dir) as metadata directory
W0227 17:26:34.532821 11119 data_dirs.cc:617] IO error: Could not lock block_manager_instance file. Make sure that Kudu is not already running and you are not trying to run Kudu with a different user than before: lock /tmp/kudutest-4282/master_failover-itest.1.HmsConfigurations_MasterFailoverTest.TestMasterPermanentFailure_1.1551317010817988-115671/minicluster-data/master-1/data/data/block_manager_instance: Resource temporarily unavailable (error 11)
W0227 17:26:34.532948 11119 data_dirs.cc:618] Proceeding without lock
I0227 17:26:34.551347 11119 fs_manager.cc:399] Time spent opening directory manager: real 0.020s user 0.006s sys 0.000s
I0227 17:26:34.552088 11119 env_posix.cc:1676] Not raising this process' open files per process limit of 32768; it is already as high as it can go
I0227 17:26:34.552907 11119 file_cache.cc:466] Constructed file cache lbm with capacity 13107
I0227 17:26:34.556313 11119 log_block_manager.cc:1950] Data dir /tmp/kudutest-4282/master_failover-itest.1.HmsConfigurations_MasterFailoverTest.TestMasterPermanentFailure_1.1551317010817988-115671/minicluster-data/master-1/data/data is on an ext4 filesystem vulnerable to KUDU-1508 with block size 4096
I0227 17:26:34.556505 11119 log_block_manager.cc:1960] Limiting containers on data directory /tmp/kudutest-4282/master_failover-itest.1.HmsConfigurations_MasterFailoverTest.TestMasterPermanentFailure_1.1551317010817988-115671/minicluster-data/master-1/data/data to 2721 blocks
I0227 17:26:34.557524 11528 log_block_manager.cc:2649] Read-only block manager, skipping repair
I0227 17:26:34.558431 11119 fs_report.cc:352] FS layout report -------------------- wal directory: metadata directory: 1 data directories: /tmp/kudutest-4282/master_failover-itest.1.HmsConfigurations_MasterFailoverTest.TestMasterPermanentFailure_1.1551317010817988-115671/minicluster-data/master-1/data/data Total live blocks: 0 Total live bytes: 0 Total live bytes (after alignment): 0 Total number of LBM containers: 0 (0 full) Did not check for missing blocks Did not check for orphaned blocks Total full LBM containers with extra space: 0 (0 repaired) Total full LBM container extra space in bytes: 0 (0 repaired) Total incomplete LBM containers: 0 (0 repaired) Total LBM partial records: 0 (0 repaired)
I0227 17:26:34.558614 11119 fs_manager.cc:419] Time spent opening block manager: real 0.003s user 0.001s sys 0.000s
I0227 17:26:34.559144 11119 fs_manager.cc:436] Opened local filesystem: /tmp/kudutest-4282/master_failover-itest.1.HmsConfigurations_MasterFailoverTest.TestMasterPermanentFailure_1.1551317010817988-115671/minicluster-data/master-1/data,/tmp/kudutest-4282/master_failover-itest.1.HmsConfigurations_MasterFailoverTest.TestMasterPermanentFailure_1.1551317010817988-115671/minicluster-data/master-1/wal uuid: "6cd5de61888340e681a3e5cd19fad418" format_stamp: "Formatted at 2019-02-28 01:25:59 on ve0518.halxg.cloudera.com"
I0227 17:26:34.580358 115671 master_failover-itest.cc:410] UUIDS: c31e774156b64c02922906e3e2985c89 6cd5de61888340e681a3e5cd19fad418 2e3d7e621b864672aaa91ea2d0bbd1b9
I0227 17:26:34.842216 11550 fs_manager.cc:263] Metadata directory not provided
I0227 17:26:34.852756 11550 fs_manager.cc:269] Using write-ahead log directory (fs_wal_dir) as metadata directory
I0227 17:26:34.874415 11550 fs_manager.cc:602] Generated new instance metadata in path /tmp/kudutest-4282/master_failover-itest.1.HmsConfigurations_MasterFailoverTest.TestMasterPermanentFailure_1.1551317010817988-115671/minicluster-data/master-2/data/instance: uuid: "2e3d7e621b864672aaa91ea2d0bbd1b9" format_stamp: "Formatted at 2019-02-28 01:26:34 on ve0518.halxg.cloudera.com"
I0227 17:26:34.885232 11550 fs_manager.cc:602] Generated new instance metadata in path /tmp/kudutest-4282/master_failover-itest.1.HmsConfigurations_MasterFailoverTest.TestMasterPermanentFailure_1.1551317010817988-115671/minicluster-data/master-2/wal/instance: uuid: "2e3d7e621b864672aaa91ea2d0bbd1b9" format_stamp: "Formatted at 2019-02-28 01:26:34 on ve0518.halxg.cloudera.com"
I0227 17:26:34.927845 11550 fs_manager.cc:503] Time spent creating directory manager: real 0.042s user 0.010s sys 0.001s
I0227 17:26:35.150192 12240 raft_consensus.cc:472] T 00000000000000000000000000000000 P 6cd5de61888340e681a3e5cd19fad418 [term 7 FOLLOWER]: Starting pre-election (detected failure of leader c31e774156b64c02922906e3e2985c89)
I0227 17:26:35.150446 12240 raft_consensus.cc:494] T 00000000000000000000000000000000 P 6cd5de61888340e681a3e5cd19fad418 [term 7 FOLLOWER]: Starting pre-election with config: opid_index: -1 OBSOLETE_local: false peers { permanent_uuid: "c31e774156b64c02922906e3e2985c89" member_type: VOTER last_known_addr { host: "127.112.245.254" port: 35995 } } peers { permanent_uuid: "6cd5de61888340e681a3e5cd19fad418" member_type: VOTER last_known_addr { host: "127.112.245.253" port: 50732 } } peers { permanent_uuid: "2e3d7e621b864672aaa91ea2d0bbd1b9" member_type: VOTER last_known_addr { host: "127.112.245.252" port: 58453 } }
I0227 17:26:35.151124 12240 leader_election.cc:292] T 00000000000000000000000000000000 P 6cd5de61888340e681a3e5cd19fad418 [CANDIDATE]: Term 8 pre-election: Requested pre-vote from peers c31e774156b64c02922906e3e2985c89 (127.112.245.254:35995), 2e3d7e621b864672aaa91ea2d0bbd1b9 (127.112.245.252:58453)
I0227 17:26:35.151965 126662 tablet_service.cc:1010] Received RequestConsensusVote() RPC: tablet_id: "00000000000000000000000000000000" candidate_uuid: "6cd5de61888340e681a3e5cd19fad418" candidate_term: 8 candidate_status { last_received { term: 7 index: 39 } } ignore_live_leader: false dest_uuid: "c31e774156b64c02922906e3e2985c89" is_pre_election: true
I0227 17:26:35.152070 126662 raft_consensus.cc:2307] T 00000000000000000000000000000000 P c31e774156b64c02922906e3e2985c89 [term 7 LEADER]: Leader pre-election vote request: Denying vote to candidate 6cd5de61888340e681a3e5cd19fad418 for term 8 because replica is either leader or believes a valid leader to be alive.
W0227 17:26:35.159162 137432 leader_election.cc:337] T 00000000000000000000000000000000 P 6cd5de61888340e681a3e5cd19fad418 [CANDIDATE]: Term 8 pre-election: RPC error from VoteRequest() call to peer 2e3d7e621b864672aaa91ea2d0bbd1b9 (127.112.245.252:58453): Network error: Client connection negotiation failed: client connection to 127.112.245.252:58453: connect: Connection refused (error 111)
I0227 17:26:35.159248 137432 leader_election.cc:306] T 00000000000000000000000000000000 P 6cd5de61888340e681a3e5cd19fad418 [CANDIDATE]: Term 8 pre-election: Election decided. Result: candidate lost. Election summary: received 3 responses out of 3 voters: 1 yes votes; 2 no votes. yes voters: 6cd5de61888340e681a3e5cd19fad418; no voters: 2e3d7e621b864672aaa91ea2d0bbd1b9, c31e774156b64c02922906e3e2985c89
I0227 17:26:35.159446 12240 raft_consensus.cc:2588] T 00000000000000000000000000000000 P 6cd5de61888340e681a3e5cd19fad418 [term 7 FOLLOWER]: Leader pre-election lost for term 8. Reason: could not achieve majority
I0227 17:26:35.183254 12033 fs_manager.cc:263] Metadata directory not provided
I0227 17:26:35.183601 12033 fs_manager.cc:269] Using write-ahead log directory (fs_wal_dir) as metadata directory
I0227 17:26:35.204895 12033 fs_manager.cc:399] Time spent opening directory manager: real 0.019s user 0.002s sys 0.003s
I0227 17:26:35.205865 12033 env_posix.cc:1676] Not raising this process' open files per process limit of 32768; it is already as high as it can go
I0227 17:26:35.206715 12033 file_cache.cc:466] Constructed file cache lbm with capacity 13107
I0227 17:26:35.209683 12033 log_block_manager.cc:1950] Data dir /tmp/kudutest-4282/master_failover-itest.1.HmsConfigurations_MasterFailoverTest.TestMasterPermanentFailure_1.1551317010817988-115671/minicluster-data/master-2/data/data is on an ext4 filesystem vulnerable to KUDU-1508 with block size 4096
I0227 17:26:35.209849 12033 log_block_manager.cc:1960] Limiting containers on data directory /tmp/kudutest-4282/master_failover-itest.1.HmsConfigurations_MasterFailoverTest.TestMasterPermanentFailure_1.1551317010817988-115671/minicluster-data/master-2/data/data to 2721 blocks
I0227 17:26:35.213428 12033 fs_report.cc:352] FS layout report -------------------- wal directory: metadata directory: 1 data directories: /tmp/kudutest-4282/master_failover-itest.1.HmsConfigurations_MasterFailoverTest.TestMasterPermanentFailure_1.1551317010817988-115671/minicluster-data/master-2/data/data Total live blocks: 0 Total live bytes: 0 Total live bytes (after alignment): 0 Total number of LBM containers: 0 (0 full) Did not check for missing blocks Did not check for orphaned blocks Total full LBM containers with extra space: 0 (0 repaired) Total full LBM container extra space in bytes: 0 (0 repaired) Total incomplete LBM containers: 0 (0 repaired) Total LBM partial records: 0 (0 repaired)
I0227 17:26:35.213620 12033 fs_manager.cc:419] Time spent opening block manager: real 0.004s user 0.001s sys 0.001s
I0227 17:26:35.214182 12033 fs_manager.cc:436] Opened local filesystem: /tmp/kudutest-4282/master_failover-itest.1.HmsConfigurations_MasterFailoverTest.TestMasterPermanentFailure_1.1551317010817988-115671/minicluster-data/master-2/data,/tmp/kudutest-4282/master_failover-itest.1.HmsConfigurations_MasterFailoverTest.TestMasterPermanentFailure_1.1551317010817988-115671/minicluster-data/master-2/wal uuid: "2e3d7e621b864672aaa91ea2d0bbd1b9" format_stamp: "Formatted at 2019-02-28 01:26:34 on ve0518.halxg.cloudera.com"
I0227 17:26:35.234952 12033 tablet_copy_client.cc:240] T 00000000000000000000000000000000 P 2e3d7e621b864672aaa91ea2d0bbd1b9: tablet copy: Beginning tablet copy session from remote peer at address 127.112.245.253:50732
I0227 17:26:35.279134 137474 tablet_copy_service.cc:135] P 6cd5de61888340e681a3e5cd19fad418: Received BeginTabletCopySession request for tablet 00000000000000000000000000000000 from peer 2e3d7e621b864672aaa91ea2d0bbd1b9 ({username='adar'} at 127.112.245.253:36320)
I0227 17:26:35.279219 137474 tablet_copy_service.cc:156] P 6cd5de61888340e681a3e5cd19fad418: Beginning new tablet copy session on tablet 00000000000000000000000000000000 from peer 2e3d7e621b864672aaa91ea2d0bbd1b9 at {username='adar'} at 127.112.245.253:36320: session id = 2e3d7e621b864672aaa91ea2d0bbd1b9-00000000000000000000000000000000
I0227 17:26:35.280452 137474 tablet_copy_source_session.cc:202] T 00000000000000000000000000000000 P 6cd5de61888340e681a3e5cd19fad418: Tablet Copy: opened 0 blocks and 1 log segments
I0227 17:26:35.284880 12033 data_dirs.cc:938] Could only allocate 1 dirs of requested 3 for tablet 00000000000000000000000000000000. 1 dirs total
I0227 17:26:35.404434 12033 tablet_copy_client.cc:575] T 00000000000000000000000000000000 P 2e3d7e621b864672aaa91ea2d0bbd1b9: tablet copy: Starting download of 0 data blocks...
I0227 17:26:35.411152 12033 tablet_copy_client.cc:538] T 00000000000000000000000000000000 P 2e3d7e621b864672aaa91ea2d0bbd1b9: tablet copy: Starting download of 1 WAL segments...
I0227 17:26:35.414502 12033 tablet_copy_client.cc:414] T 00000000000000000000000000000000 P 2e3d7e621b864672aaa91ea2d0bbd1b9: tablet copy: Tablet Copy complete. Replacing tablet superblock.
I0227 17:26:35.418594 137474 tablet_copy_service.cc:325] P 6cd5de61888340e681a3e5cd19fad418: Request end of tablet copy session 2e3d7e621b864672aaa91ea2d0bbd1b9-00000000000000000000000000000000 received from {username='adar'} at 127.112.245.253:36320
I0227 17:26:35.418651 137474 tablet_copy_service.cc:413] P 6cd5de61888340e681a3e5cd19fad418: ending tablet copy session 2e3d7e621b864672aaa91ea2d0bbd1b9-00000000000000000000000000000000 on tablet 00000000000000000000000000000000 with peer 2e3d7e621b864672aaa91ea2d0bbd1b9
I0227 17:26:35.434808 115671 external_mini_cluster.cc:933] Running /data/1/adar/apache-kudu-1.9.0/build/debug/bin/kudu-master /data/1/adar/apache-kudu-1.9.0/build/debug/bin/kudu-master --fs_wal_dir=/tmp/kudutest-4282/master_failover-itest.1.HmsConfigurations_MasterFailoverTest.TestMasterPermanentFailure_1.1551317010817988-115671/minicluster-data/master-2/wal --fs_data_dirs=/tmp/kudutest-4282/master_failover-itest.1.HmsConfigurations_MasterFailoverTest.TestMasterPermanentFailure_1.1551317010817988-115671/minicluster-data/master-2/data --block_manager=log --webserver_interface=localhost --ipki_ca_key_size=1024 --tsk_num_rsa_bits=512 --rpc_bind_addresses=127.112.245.252:58453 --webserver_interface=127.112.245.252 --webserver_port=0 --never_fsync --ipki_server_key_size=1024 --enable_minidumps=false --redact=none --metrics_log_interval_ms=1000 --logtostderr --logbuflevel=-1 --log_dir=/tmp/kudutest-4282/master_failover-itest.1.HmsConfigurations_MasterFailoverTest.TestMasterPermanentFailure_1.1551317010817988-115671/minicluster-data/master-2/logs --server_dump_info_path=/tmp/kudutest-4282/master_failover-itest.1.HmsConfigurations_MasterFailoverTest.TestMasterPermanentFailure_1.1551317010817988-115671/minicluster-data/master-2/data/info.pb --server_dump_info_format=pb --rpc_server_allow_ephemeral_ports --unlock_experimental_flags --unlock_unsafe_flags --leader_failure_max_missed_heartbeat_periods=1.0 --rpc_reuseport=true --master_addresses=127.112.245.254:35995,127.112.245.253:50732,127.112.245.252:58453 --hive_metastore_uris=thrift://127.0.0.1:54702 with env {}
I0227 17:26:35.712608 13155 raft_consensus.cc:472] T 00000000000000000000000000000000 P 6cd5de61888340e681a3e5cd19fad418 [term 7 FOLLOWER]: Starting pre-election (detected failure of leader c31e774156b64c02922906e3e2985c89)
I0227 17:26:35.712743 13155 raft_consensus.cc:494] T 00000000000000000000000000000000 P 6cd5de61888340e681a3e5cd19fad418 [term 7 FOLLOWER]: Starting pre-election with config: opid_index: -1 OBSOLETE_local: false peers { permanent_uuid: "c31e774156b64c02922906e3e2985c89" member_type: VOTER last_known_addr { host: "127.112.245.254" port: 35995 } } peers { permanent_uuid: "6cd5de61888340e681a3e5cd19fad418" member_type: VOTER last_known_addr { host: "127.112.245.253" port: 50732 } } peers { permanent_uuid: "2e3d7e621b864672aaa91ea2d0bbd1b9" member_type: VOTER last_known_addr { host: "127.112.245.252" port: 58453 } }
I0227 17:26:35.713666 126662 tablet_service.cc:1010] Received RequestConsensusVote() RPC: tablet_id: "00000000000000000000000000000000" candidate_uuid: "6cd5de61888340e681a3e5cd19fad418" candidate_term: 8 candidate_status { last_received { term: 7 index: 39 } } ignore_live_leader: false dest_uuid: "c31e774156b64c02922906e3e2985c89" is_pre_election: true
I0227 17:26:35.713757 126662 raft_consensus.cc:2307] T 00000000000000000000000000000000 P c31e774156b64c02922906e3e2985c89 [term 7 LEADER]: Leader pre-election vote request: Denying vote to candidate 6cd5de61888340e681a3e5cd19fad418 for term 8 because replica is either leader or believes a valid leader to be alive.
I0227 17:26:35.714473 13155 leader_election.cc:292] T 00000000000000000000000000000000 P 6cd5de61888340e681a3e5cd19fad418 [CANDIDATE]: Term 8 pre-election: Requested pre-vote from peers c31e774156b64c02922906e3e2985c89 (127.112.245.254:35995), 2e3d7e621b864672aaa91ea2d0bbd1b9 (127.112.245.252:58453)
W0227 17:26:35.719501 137432 leader_election.cc:337] T 00000000000000000000000000000000 P 6cd5de61888340e681a3e5cd19fad418 [CANDIDATE]: Term 8 pre-election: RPC error from VoteRequest() call to peer 2e3d7e621b864672aaa91ea2d0bbd1b9 (127.112.245.252:58453): Network error: Client connection negotiation failed: client connection to 127.112.245.252:58453: connect: Connection refused (error 111)
I0227 17:26:35.719580 137432 leader_election.cc:306] T 00000000000000000000000000000000 P 6cd5de61888340e681a3e5cd19fad418 [CANDIDATE]: Term 8 pre-election: Election decided. Result: candidate lost. Election summary: received 3 responses out of 3 voters: 1 yes votes; 2 no votes. yes voters: 6cd5de61888340e681a3e5cd19fad418; no voters: 2e3d7e621b864672aaa91ea2d0bbd1b9, c31e774156b64c02922906e3e2985c89
I0227 17:26:35.719863 13155 raft_consensus.cc:2588] T 00000000000000000000000000000000 P 6cd5de61888340e681a3e5cd19fad418 [term 7 FOLLOWER]: Leader pre-election lost for term 8. Reason: could not achieve majority WARNING: Logging before InitGoogleLogging() is written to STDERR
W0227 17:26:35.768788 12784 flags.cc:406] Enabled unsafe flag: --rpc_server_allow_ephemeral_ports=true
W0227 17:26:35.769078 12784 flags.cc:406] Enabled unsafe flag: --never_fsync=true
W0227 17:26:35.770489 12784 flags.cc:406] Enabled experimental flag: --hive_metastore_uris=thrift://127.0.0.1:54702
W0227 17:26:35.770717 12784 flags.cc:406] Enabled experimental flag: --ipki_ca_key_size=1024
W0227 17:26:35.770836 12784 flags.cc:406] Enabled experimental flag: --ipki_server_key_size=1024
W0227 17:26:35.770890 12784 flags.cc:406] Enabled experimental flag: --tsk_num_rsa_bits=512
W0227 17:26:35.770941 12784 flags.cc:406] Enabled experimental flag: --rpc_reuseport=true
I0227 17:26:35.773941 12784 master_main.cc:73] Master server non-default flags: --leader_failure_max_missed_heartbeat_periods=1 --fs_data_dirs=/tmp/kudutest-4282/master_failover-itest.1.HmsConfigurations_MasterFailoverTest.TestMasterPermanentFailure_1.1551317010817988-115671/minicluster-data/master-2/data --fs_wal_dir=/tmp/kudutest-4282/master_failover-itest.1.HmsConfigurations_MasterFailoverTest.TestMasterPermanentFailure_1.1551317010817988-115671/minicluster-data/master-2/wal --hive_metastore_uris=thrift://127.0.0.1:54702 --ipki_ca_key_size=1024 --master_addresses=127.112.245.254:35995,127.112.245.253:50732,127.112.245.252:58453 --ipki_server_key_size=1024 --tsk_num_rsa_bits=512 --rpc_bind_addresses=127.112.245.252:58453 --rpc_reuseport=true --rpc_server_allow_ephemeral_ports=true --metrics_log_interval_ms=1000 --server_dump_info_format=pb --server_dump_info_path=/tmp/kudutest-4282/master_failover-itest.1.HmsConfigurations_MasterFailoverTest.TestMasterPermanentFailure_1.1551317010817988-115671/minicluster-data/master-2/data/info.pb --webserver_interface=127.112.245.252 --webserver_port=0 --never_fsync=true --heap_profile_path=/tmp/kudu-master.12784 --redact=none --unlock_experimental_flags=true --unlock_unsafe_flags=true --enable_minidumps=false --log_dir=/tmp/kudutest-4282/master_failover-itest.1.HmsConfigurations_MasterFailoverTest.TestMasterPermanentFailure_1.1551317010817988-115671/minicluster-data/master-2/logs --logbuflevel=-1 --logtostderr=true Master server version: kudu 1.9.0 revision non-git-build build type DEBUG built by adar at 27 Feb 2019 17:20:38 PST on ve0518.halxg.cloudera.com
I0227 17:26:35.784598 12784 master_main.cc:80] Initializing master server...
I0227 17:26:35.786067 12784 system_ntp.cc:199] NTP initialized. Skew: 500ppm Current error: 248775us
I0227 17:26:35.787616 12784 fs_manager.cc:263] Metadata directory not provided
I0227 17:26:35.787729 12784 fs_manager.cc:269] Using write-ahead log directory (fs_wal_dir) as metadata directory
I0227 17:26:35.800107 12784 fs_manager.cc:399] Time spent opening directory manager: real 0.010s user 0.004s sys 0.000s
I0227 17:26:35.802166 12784 env_posix.cc:1676] Not raising this process' open files per process limit of 32768; it is already as high as it can go
I0227 17:26:35.803119 12784 file_cache.cc:466] Constructed file cache lbm with capacity 13107
I0227 17:26:35.808048 12784 log_block_manager.cc:1950] Data dir /tmp/kudutest-4282/master_failover-itest.1.HmsConfigurations_MasterFailoverTest.TestMasterPermanentFailure_1.1551317010817988-115671/minicluster-data/master-2/data/data is on an ext4 filesystem vulnerable to KUDU-1508 with block size 4096
I0227 17:26:35.808279 12784 log_block_manager.cc:1960] Limiting containers on data directory /tmp/kudutest-4282/master_failover-itest.1.HmsConfigurations_MasterFailoverTest.TestMasterPermanentFailure_1.1551317010817988-115671/minicluster-data/master-2/data/data to 2721 blocks
I0227 17:26:35.821375 12784 fs_manager.cc:419] Time spent opening block manager: real 0.015s user 0.001s sys 0.000s
I0227 17:26:35.824203 12784 fs_manager.cc:436] Opened local filesystem: /tmp/kudutest-4282/master_failover-itest.1.HmsConfigurations_MasterFailoverTest.TestMasterPermanentFailure_1.1551317010817988-115671/minicluster-data/master-2/data,/tmp/kudutest-4282/master_failover-itest.1.HmsConfigurations_MasterFailoverTest.TestMasterPermanentFailure_1.1551317010817988-115671/minicluster-data/master-2/wal uuid: "2e3d7e621b864672aaa91ea2d0bbd1b9" format_stamp: "Formatted at 2019-02-28 01:26:34 on ve0518.halxg.cloudera.com"
I0227 17:26:35.824412 12784 fs_report.cc:352] FS layout report -------------------- wal directory: /tmp/kudutest-4282/master_failover-itest.1.HmsConfigurations_MasterFailoverTest.TestMasterPermanentFailure_1.1551317010817988-115671/minicluster-data/master-2/wal metadata directory: /tmp/kudutest-4282/master_failover-itest.1.HmsConfigurations_MasterFailoverTest.TestMasterPermanentFailure_1.1551317010817988-115671/minicluster-data/master-2/wal 1 data directories: /tmp/kudutest-4282/master_failover-itest.1.HmsConfigurations_MasterFailoverTest.TestMasterPermanentFailure_1.1551317010817988-115671/minicluster-data/master-2/data/data Total live blocks: 0 Total live bytes: 0 Total live bytes (after alignment): 0 Total number of LBM containers: 0 (0 full) Did not check for missing blocks Did not check for orphaned blocks Total full LBM containers with extra space: 0 (0 repaired) Total full LBM container extra space in bytes: 0 (0 repaired) Total incomplete LBM containers: 0 (0 repaired) Total LBM partial records: 0 (0 repaired)
I0227 17:26:35.897506 12784 env_posix.cc:1671] Raising this process' running threads per effective uid limit from 32768 to 65536
I0227 17:26:35.898519 12784 master_main.cc:83] Starting Master server...
I0227 17:26:35.904738 12784 rpc_server.cc:205] RPC server started. Bound to: 127.112.245.252:58453
I0227 17:26:35.916587 12784 webserver.cc:175] Starting webserver on 127.112.245.252:0
I0227 17:26:35.916725 12784 webserver.cc:186] Document root disabled
I0227 17:26:35.917511 12784 webserver.cc:313] Webserver started. Bound to: http://127.112.245.252:41023/
I0227 17:26:35.918390 12784 server_base.cc:607] Dumped server information to /tmp/kudutest-4282/master_failover-itest.1.HmsConfigurations_MasterFailoverTest.TestMasterPermanentFailure_1.1551317010817988-115671/minicluster-data/master-2/data/info.pb
I0227 17:26:35.924890 115671 external_mini_cluster.cc:995] Started /data/1/adar/apache-kudu-1.9.0/build/debug/bin/kudu-master as pid 12784
I0227 17:26:35.936524 13646 sys_catalog.cc:188] Verifying existing consensus state
I0227 17:26:35.941053 13646 tablet_bootstrap.cc:439] T 00000000000000000000000000000000 P 2e3d7e621b864672aaa91ea2d0bbd1b9: Bootstrap starting.
I0227 17:26:35.961371 126644 catalog_manager.cc:1386] Servicing CreateTable request from {username='adar'} at 127.112.245.254:47010: name: "default.table_2" schema { columns { name: "key" type: INT32 is_key: true is_nullable: false encoding: AUTO_ENCODING compression: DEFAULT_COMPRESSION cfile_block_size: 0 } columns { name: "int_val" type: INT32 is_key: false is_nullable: false encoding: AUTO_ENCODING compression: DEFAULT_COMPRESSION cfile_block_size: 0 } columns { name: "string_val" type: STRING is_key: false is_nullable: false encoding: AUTO_ENCODING compression: DEFAULT_COMPRESSION cfile_block_size: 0 } } split_rows_range_bounds { } partition_schema { range_schema { columns { name: "key" } } }
I0227 17:26:35.961503 13646 log.cc:525] T 00000000000000000000000000000000 P 2e3d7e621b864672aaa91ea2d0bbd1b9: Log is configured to *not* fsync() on all Append() calls
W0227 17:26:35.961764 126644 catalog_manager.cc:1537] The number of live tablet servers is not enough to re-replicate a tablet replica of the newly created table default.table_2 in case of a server failure: 4 tablet servers would be needed, 3 are available. Consider bringing up more tablet servers.
I0227 17:26:36.031599 13646 tablet_bootstrap.cc:439] T 00000000000000000000000000000000 P 2e3d7e621b864672aaa91ea2d0bbd1b9: Bootstrap replayed 1/1 log segments. Stats: ops{read=39 overwritten=0 applied=39 ignored=0} inserts{seen=25 ignored=0} mutations{seen=16 ignored=0} orphaned_commits=0. Pending: 0 replicates
I0227 17:26:36.032083 13646 tablet_bootstrap.cc:439] T 00000000000000000000000000000000 P 2e3d7e621b864672aaa91ea2d0bbd1b9: Bootstrap complete.
I0227 17:26:36.041451 13646 raft_consensus.cc:340] T 00000000000000000000000000000000 P 2e3d7e621b864672aaa91ea2d0bbd1b9 [term 7 FOLLOWER]: Replica starting. Triggering 0 pending transactions. Active config: opid_index: -1 OBSOLETE_local: false peers { permanent_uuid: "c31e774156b64c02922906e3e2985c89" member_type: VOTER last_known_addr { host: "127.112.245.254" port: 35995 } } peers { permanent_uuid: "6cd5de61888340e681a3e5cd19fad418" member_type: VOTER last_known_addr { host: "127.112.245.253" port: 50732 } } peers { permanent_uuid: "2e3d7e621b864672aaa91ea2d0bbd1b9" member_type: VOTER last_known_addr { host: "127.112.245.252" port: 58453 } }
I0227 17:26:36.043334 13646 raft_consensus.cc:705] T 00000000000000000000000000000000 P 2e3d7e621b864672aaa91ea2d0bbd1b9 [term 7 FOLLOWER]: Becoming Follower/Learner. State: Replica: 2e3d7e621b864672aaa91ea2d0bbd1b9, State: Initialized, Role: FOLLOWER
I0227 17:26:36.050477 13646 consensus_queue.cc:229] T 00000000000000000000000000000000 P 2e3d7e621b864672aaa91ea2d0bbd1b9 [NON_LEADER]: Queue going to NON_LEADER mode. State: All replicated index: 0, Majority replicated index: 0, Committed index: 39, Last appended: 7.39, Last appended by leader: 39, Current term: 0, Majority size: -1, State: 0, Mode: NON_LEADER, active raft config: opid_index: -1 OBSOLETE_local: false peers { permanent_uuid: "c31e774156b64c02922906e3e2985c89" member_type: VOTER last_known_addr { host: "127.112.245.254" port: 35995 } } peers { permanent_uuid: "6cd5de61888340e681a3e5cd19fad418" member_type: VOTER last_known_addr { host: "127.112.245.253" port: 50732 } } peers { permanent_uuid: "2e3d7e621b864672aaa91ea2d0bbd1b9" member_type: VOTER last_known_addr { host: "127.112.245.252" port: 58453 } }
I0227 17:26:36.051048 13646 sys_catalog.cc:337] T 00000000000000000000000000000000 P 2e3d7e621b864672aaa91ea2d0bbd1b9 [sys.catalog]: SysCatalogTable state changed. Reason: Started TabletReplica. Latest consensus state: current_term: 7 committed_config { opid_index: -1 OBSOLETE_local: false peers { permanent_uuid: "c31e774156b64c02922906e3e2985c89" member_type: VOTER last_known_addr { host: "127.112.245.254" port: 35995 } } peers { permanent_uuid: "6cd5de61888340e681a3e5cd19fad418" member_type: VOTER last_known_addr { host: "127.112.245.253" port: 50732 } } peers { permanent_uuid: "2e3d7e621b864672aaa91ea2d0bbd1b9" member_type: VOTER last_known_addr { host: "127.112.245.252" port: 58453 } } }
I0227 17:26:36.051147 13646 sys_catalog.cc:340] T 00000000000000000000000000000000 P 2e3d7e621b864672aaa91ea2d0bbd1b9 [sys.catalog]: This master's current role is: FOLLOWER
I0227 17:26:36.052417 13646 sys_catalog.cc:424] T 00000000000000000000000000000000 P 2e3d7e621b864672aaa91ea2d0bbd1b9 [sys.catalog]: configured and running, proceeding with master startup.
I0227 17:26:36.053762 13929 sys_catalog.cc:337] T 00000000000000000000000000000000 P 2e3d7e621b864672aaa91ea2d0bbd1b9 [sys.catalog]: SysCatalogTable state changed. Reason: RaftConsensus started. Latest consensus state: current_term: 7 committed_config { opid_index: -1 OBSOLETE_local: false peers { permanent_uuid: "c31e774156b64c02922906e3e2985c89" member_type: VOTER last_known_addr { host: "127.112.245.254" port: 35995 } } peers { permanent_uuid: "6cd5de61888340e681a3e5cd19fad418" member_type: VOTER last_known_addr { host: "127.112.245.253" port: 50732 } } peers { permanent_uuid: "2e3d7e621b864672aaa91ea2d0bbd1b9" member_type: VOTER last_known_addr { host: "127.112.245.252" port: 58453 } } }
I0227 17:26:36.054003 12784 master_main.cc:86] Master server successfully started.
I0227 17:26:36.054023 13929 sys_catalog.cc:340] T 00000000000000000000000000000000 P 2e3d7e621b864672aaa91ea2d0bbd1b9 [sys.catalog]: This master's current role is: FOLLOWER
I0227 17:26:36.054533 13944 hms_notification_log_listener.cc:226] Skipping Hive Metastore notification log poll: Illegal state: Not the leader. Local UUID: 2e3d7e621b864672aaa91ea2d0bbd1b9, Raft Consensus state: current_term: 7 committed_config { opid_index: -1 OBSOLETE_local: false peers { permanent_uuid: "c31e774156b64c02922906e3e2985c89" member_type: VOTER last_known_addr { host: "127.112.245.254" port: 35995 } } peers { permanent_uuid: "6cd5de61888340e681a3e5cd19fad418" member_type: VOTER last_known_addr { host: "127.112.245.253" port: 50732 } } peers { permanent_uuid: "2e3d7e621b864672aaa91ea2d0bbd1b9" member_type: VOTER last_known_addr { host: "127.112.245.252" port: 58453 } } }
I0227 17:26:36.064546 13945 catalog_manager.cc:1102] T 00000000000000000000000000000000 P 2e3d7e621b864672aaa91ea2d0bbd1b9: acquiring CA information for follower catalog manager: success
I0227 17:26:36.068701 13945 catalog_manager.cc:1130] T 00000000000000000000000000000000 P 2e3d7e621b864672aaa91ea2d0bbd1b9: importing token verification keys for follower catalog manager: success; most recent TSK sequence number 0
I0227 17:26:36.074683 125316 tablet_service.cc:774] Processing CreateTablet for tablet 363dd021fd184929bc8b1f461f8fdb16 (table=default.table_2 [id=1386cdb42e004032916576ef12b3f5cd]), partition=RANGE (key) PARTITION UNBOUNDED
I0227 17:26:36.074841 124778 tablet_service.cc:774] Processing CreateTablet for tablet 363dd021fd184929bc8b1f461f8fdb16 (table=default.table_2 [id=1386cdb42e004032916576ef12b3f5cd]), partition=RANGE (key) PARTITION UNBOUNDED
I0227 17:26:36.074950 125316 data_dirs.cc:938] Could only allocate 1 dirs of requested 3 for tablet 363dd021fd184929bc8b1f461f8fdb16. 1 dirs total, 0 dirs full, 0 dirs failed
I0227 17:26:36.075085 124778 data_dirs.cc:938] Could only allocate 1 dirs of requested 3 for tablet 363dd021fd184929bc8b1f461f8fdb16. 1 dirs total, 0 dirs full, 0 dirs failed
I0227 17:26:36.075125 124988 tablet_service.cc:774] Processing CreateTablet for tablet 363dd021fd184929bc8b1f461f8fdb16 (table=default.table_2 [id=1386cdb42e004032916576ef12b3f5cd]), partition=RANGE (key) PARTITION UNBOUNDED
I0227 17:26:36.075325 124988 data_dirs.cc:938] Could only allocate 1 dirs of requested 3 for tablet 363dd021fd184929bc8b1f461f8fdb16. 1 dirs total, 0 dirs full, 0 dirs failed
I0227 17:26:36.076911 125316 ts_tablet_manager.cc:1175] T 363dd021fd184929bc8b1f461f8fdb16 P 9a4f55686db84876a066f455f6a41180: Registered tablet (data state: TABLET_DATA_READY)
I0227 17:26:36.076915 124778 ts_tablet_manager.cc:1175] T 363dd021fd184929bc8b1f461f8fdb16 P 9f6459ebb80643b98e01844aa2fd6338: Registered tablet (data state: TABLET_DATA_READY)
I0227 17:26:36.077117 124988 ts_tablet_manager.cc:1175] T 363dd021fd184929bc8b1f461f8fdb16 P 39144add463f4fe89dc1ea42c778d8cf: Registered tablet (data state: TABLET_DATA_READY)
I0227 17:26:36.083578 13987 ts_tablet_manager.cc:1030] T 363dd021fd184929bc8b1f461f8fdb16 P 9f6459ebb80643b98e01844aa2fd6338: Bootstrapping tablet
I0227 17:26:36.083762 13987 tablet_bootstrap.cc:439] T 363dd021fd184929bc8b1f461f8fdb16 P 9f6459ebb80643b98e01844aa2fd6338: Bootstrap starting.
I0227 17:26:36.084959 13988 ts_tablet_manager.cc:1030] T 363dd021fd184929bc8b1f461f8fdb16 P 9a4f55686db84876a066f455f6a41180: Bootstrapping tablet
I0227 17:26:36.085362 13987 tablet_bootstrap.cc:593] T 363dd021fd184929bc8b1f461f8fdb16 P 9f6459ebb80643b98e01844aa2fd6338: No blocks or log segments found. Creating new log.
I0227 17:26:36.085517 13988 tablet_bootstrap.cc:439] T 363dd021fd184929bc8b1f461f8fdb16 P 9a4f55686db84876a066f455f6a41180: Bootstrap starting.
I0227 17:26:36.086575 13988 tablet_bootstrap.cc:593] T 363dd021fd184929bc8b1f461f8fdb16 P 9a4f55686db84876a066f455f6a41180: No blocks or log segments found. Creating new log.
I0227 17:26:36.086695 13992 ts_tablet_manager.cc:1030] T 363dd021fd184929bc8b1f461f8fdb16 P 39144add463f4fe89dc1ea42c778d8cf: Bootstrapping tablet
I0227 17:26:36.086885 13992 tablet_bootstrap.cc:439] T 363dd021fd184929bc8b1f461f8fdb16 P 39144add463f4fe89dc1ea42c778d8cf: Bootstrap starting.
I0227 17:26:36.088299 13992 tablet_bootstrap.cc:593] T 363dd021fd184929bc8b1f461f8fdb16 P 39144add463f4fe89dc1ea42c778d8cf: No blocks or log segments found. Creating new log.
I0227 17:26:36.091913 13992 tablet_bootstrap.cc:439] T 363dd021fd184929bc8b1f461f8fdb16 P 39144add463f4fe89dc1ea42c778d8cf: No bootstrap required, opened a new log
I0227 17:26:36.092101 13992 ts_tablet_manager.cc:1047] T 363dd021fd184929bc8b1f461f8fdb16 P 39144add463f4fe89dc1ea42c778d8cf: Time spent bootstrapping tablet: real 0.005s user 0.000s sys 0.002s
I0227 17:26:36.092706 13992 raft_consensus.cc:340] T 363dd021fd184929bc8b1f461f8fdb16 P 39144add463f4fe89dc1ea42c778d8cf [term 0 FOLLOWER]: Replica starting. Triggering 0 pending transactions. Active config: opid_index: -1 OBSOLETE_local: false peers { permanent_uuid: "9a4f55686db84876a066f455f6a41180" member_type: VOTER last_known_addr { host: "127.112.245.195" port: 45942 } } peers { permanent_uuid: "9f6459ebb80643b98e01844aa2fd6338" member_type: VOTER last_known_addr { host: "127.112.245.193" port: 55806 } } peers { permanent_uuid: "39144add463f4fe89dc1ea42c778d8cf" member_type: VOTER last_known_addr { host: "127.112.245.194" port: 55958 } }
I0227 17:26:36.092797 13992 raft_consensus.cc:366] T 363dd021fd184929bc8b1f461f8fdb16 P 39144add463f4fe89dc1ea42c778d8cf [term 0 FOLLOWER]: Consensus starting up: Expiring failure detector timer to make a prompt election more likely
I0227 17:26:36.092880 13992 raft_consensus.cc:705] T 363dd021fd184929bc8b1f461f8fdb16 P 39144add463f4fe89dc1ea42c778d8cf [term 0 FOLLOWER]: Becoming Follower/Learner. State: Replica: 39144add463f4fe89dc1ea42c778d8cf, State: Initialized, Role: FOLLOWER
I0227 17:26:36.093140 13992 consensus_queue.cc:229] T 363dd021fd184929bc8b1f461f8fdb16 P 39144add463f4fe89dc1ea42c778d8cf [NON_LEADER]: Queue going to NON_LEADER mode. State: All replicated index: 0, Majority replicated index: 0, Committed index: 0, Last appended: 0.0, Last appended by leader: 0, Current term: 0, Majority size: -1, State: 0, Mode: NON_LEADER, active raft config: opid_index: -1 OBSOLETE_local: false peers { permanent_uuid: "9a4f55686db84876a066f455f6a41180" member_type: VOTER last_known_addr { host: "127.112.245.195" port: 45942 } } peers { permanent_uuid: "9f6459ebb80643b98e01844aa2fd6338" member_type: VOTER last_known_addr { host: "127.112.245.193" port: 55806 } } peers { permanent_uuid: "39144add463f4fe89dc1ea42c778d8cf" member_type: VOTER last_known_addr { host: "127.112.245.194" port: 55958 } }
I0227 17:26:36.093585 13992 ts_tablet_manager.cc:1075] T 363dd021fd184929bc8b1f461f8fdb16 P 39144add463f4fe89dc1ea42c778d8cf: Time spent starting tablet: real 0.001s user 0.001s sys 0.000s
I0227 17:26:36.095401 13987 tablet_bootstrap.cc:439] T 363dd021fd184929bc8b1f461f8fdb16 P 9f6459ebb80643b98e01844aa2fd6338: No bootstrap required, opened a new log
I0227 17:26:36.095510 13987 ts_tablet_manager.cc:1047] T 363dd021fd184929bc8b1f461f8fdb16 P 9f6459ebb80643b98e01844aa2fd6338: Time spent bootstrapping tablet: real 0.012s user 0.001s sys 0.000s
I0227 17:26:36.096119 13987 raft_consensus.cc:340] T 363dd021fd184929bc8b1f461f8fdb16 P 9f6459ebb80643b98e01844aa2fd6338 [term 0 FOLLOWER]: Replica starting. Triggering 0 pending transactions. Active config: opid_index: -1 OBSOLETE_local: false peers { permanent_uuid: "9a4f55686db84876a066f455f6a41180" member_type: VOTER last_known_addr { host: "127.112.245.195" port: 45942 } } peers { permanent_uuid: "9f6459ebb80643b98e01844aa2fd6338" member_type: VOTER last_known_addr { host: "127.112.245.193" port: 55806 } } peers { permanent_uuid: "39144add463f4fe89dc1ea42c778d8cf" member_type: VOTER last_known_addr { host: "127.112.245.194" port: 55958 } }
I0227 17:26:36.096127 13988 tablet_bootstrap.cc:439] T 363dd021fd184929bc8b1f461f8fdb16 P 9a4f55686db84876a066f455f6a41180: No bootstrap required, opened a new log
I0227 17:26:36.096153 13987 raft_consensus.cc:366] T 363dd021fd184929bc8b1f461f8fdb16 P 9f6459ebb80643b98e01844aa2fd6338 [term 0 FOLLOWER]: Consensus starting up: Expiring failure detector timer to make a prompt election more likely
I0227 17:26:36.096176 13987 raft_consensus.cc:705] T 363dd021fd184929bc8b1f461f8fdb16 P 9f6459ebb80643b98e01844aa2fd6338 [term 0 FOLLOWER]: Becoming Follower/Learner. State: Replica: 9f6459ebb80643b98e01844aa2fd6338, State: Initialized, Role: FOLLOWER
I0227 17:26:36.096233 13988 ts_tablet_manager.cc:1047] T 363dd021fd184929bc8b1f461f8fdb16 P 9a4f55686db84876a066f455f6a41180: Time spent bootstrapping tablet: real 0.011s user 0.002s sys 0.000s
I0227 17:26:36.096338 13987 consensus_queue.cc:229] T 363dd021fd184929bc8b1f461f8fdb16 P 9f6459ebb80643b98e01844aa2fd6338 [NON_LEADER]: Queue going to NON_LEADER mode. State: All replicated index: 0, Majority replicated index: 0, Committed index: 0, Last appended: 0.0, Last appended by leader: 0, Current term: 0, Majority size: -1, State: 0, Mode: NON_LEADER, active raft config: opid_index: -1 OBSOLETE_local: false peers { permanent_uuid: "9a4f55686db84876a066f455f6a41180" member_type: VOTER last_known_addr { host: "127.112.245.195" port: 45942 } } peers { permanent_uuid: "9f6459ebb80643b98e01844aa2fd6338" member_type: VOTER last_known_addr { host: "127.112.245.193" port: 55806 } } peers { permanent_uuid: "39144add463f4fe89dc1ea42c778d8cf" member_type: VOTER last_known_addr { host: "127.112.245.194" port: 55958 } }
I0227 17:26:36.096593 13987 ts_tablet_manager.cc:1075] T 363dd021fd184929bc8b1f461f8fdb16 P 9f6459ebb80643b98e01844aa2fd6338: Time spent starting tablet: real 0.001s user 0.002s sys 0.000s
I0227 17:26:36.096897 13988 raft_consensus.cc:340] T 363dd021fd184929bc8b1f461f8fdb16 P 9a4f55686db84876a066f455f6a41180 [term 0 FOLLOWER]: Replica starting. Triggering 0 pending transactions. Active config: opid_index: -1 OBSOLETE_local: false peers { permanent_uuid: "9a4f55686db84876a066f455f6a41180" member_type: VOTER last_known_addr { host: "127.112.245.195" port: 45942 } } peers { permanent_uuid: "9f6459ebb80643b98e01844aa2fd6338" member_type: VOTER last_known_addr { host: "127.112.245.193" port: 55806 } } peers { permanent_uuid: "39144add463f4fe89dc1ea42c778d8cf" member_type: VOTER last_known_addr { host: "127.112.245.194" port: 55958 } }
I0227 17:26:36.096932 13988 raft_consensus.cc:366] T 363dd021fd184929bc8b1f461f8fdb16 P 9a4f55686db84876a066f455f6a41180 [term 0 FOLLOWER]: Consensus starting up: Expiring failure detector timer to make a prompt election more likely
I0227 17:26:36.096956 13988 raft_consensus.cc:705] T 363dd021fd184929bc8b1f461f8fdb16 P 9a4f55686db84876a066f455f6a41180 [term 0 FOLLOWER]: Becoming Follower/Learner. State: Replica: 9a4f55686db84876a066f455f6a41180, State: Initialized, Role: FOLLOWER
I0227 17:26:36.097124 13988 consensus_queue.cc:229] T 363dd021fd184929bc8b1f461f8fdb16 P 9a4f55686db84876a066f455f6a41180 [NON_LEADER]: Queue going to NON_LEADER mode. State: All replicated index: 0, Majority replicated index: 0, Committed index: 0, Last appended: 0.0, Last appended by leader: 0, Current term: 0, Majority size: -1, State: 0, Mode: NON_LEADER, active raft config: opid_index: -1 OBSOLETE_local: false peers { permanent_uuid: "9a4f55686db84876a066f455f6a41180" member_type: VOTER last_known_addr { host: "127.112.245.195" port: 45942 } } peers { permanent_uuid: "9f6459ebb80643b98e01844aa2fd6338" member_type: VOTER last_known_addr { host: "127.112.245.193" port: 55806 } } peers { permanent_uuid: "39144add463f4fe89dc1ea42c778d8cf" member_type: VOTER last_known_addr { host: "127.112.245.194" port: 55958 } }
I0227 17:26:36.097410 13988 ts_tablet_manager.cc:1075] T 363dd021fd184929bc8b1f461f8fdb16 P 9a4f55686db84876a066f455f6a41180: Time spent starting tablet: real 0.001s user 0.001s sys 0.000s
I0227 17:26:36.112632 124855 heartbeater.cc:345] Connected to a master server at 127.112.245.252:58453
I0227 17:26:36.113065 125068 heartbeater.cc:345] Connected to a master server at 127.112.245.252:58453
I0227 17:26:36.114789 13602 master_service.cc:219] Got heartbeat from unknown tserver (permanent_uuid: "39144add463f4fe89dc1ea42c778d8cf" instance_seqno: 1551317141580643) as {username='adar'} at 127.112.245.194:50217; Asking this server to re-register.
I0227 17:26:36.114939 13597 master_service.cc:219] Got heartbeat from unknown tserver (permanent_uuid: "9f6459ebb80643b98e01844aa2fd6338" instance_seqno: 1551317141335050) as {username='adar'} at 127.112.245.193:47215; Asking this server to re-register.
I0227 17:26:36.115324 125068 heartbeater.cc:425] Registering TS with master...
I0227 17:26:36.115422 124855 heartbeater.cc:425] Registering TS with master...
I0227 17:26:36.116309 13597 ts_manager.cc:98] Registered new tserver with Master: 39144add463f4fe89dc1ea42c778d8cf (127.112.245.194:55958)
I0227 17:26:36.117444 13597 ts_manager.cc:98] Registered new tserver with Master: 9f6459ebb80643b98e01844aa2fd6338 (127.112.245.193:55806)
I0227 17:26:36.122052 125382 heartbeater.cc:345] Connected to a master server at 127.112.245.252:58453
I0227 17:26:36.123447 13597 master_service.cc:219] Got heartbeat from unknown tserver (permanent_uuid: "9a4f55686db84876a066f455f6a41180" instance_seqno: 1551317141855821) as {username='adar'} at 127.112.245.195:48937; Asking this server to re-register.
I0227 17:26:36.124002 125382 heartbeater.cc:425] Registering TS with master...
I0227 17:26:36.124855 13597 ts_manager.cc:98] Registered new tserver with Master: 9a4f55686db84876a066f455f6a41180 (127.112.245.195:45942)
I0227 17:26:36.179955 1107 raft_consensus.cc:472] T 363dd021fd184929bc8b1f461f8fdb16 P 39144add463f4fe89dc1ea42c778d8cf [term 0 FOLLOWER]: Starting pre-election (no leader contacted us within the election timeout)
I0227 17:26:36.180096 1107 raft_consensus.cc:494] T 363dd021fd184929bc8b1f461f8fdb16 P 39144add463f4fe89dc1ea42c778d8cf [term 0 FOLLOWER]: Starting pre-election with config: opid_index: -1 OBSOLETE_local: false peers { permanent_uuid: "9a4f55686db84876a066f455f6a41180" member_type: VOTER last_known_addr { host: "127.112.245.195" port: 45942 } } peers { permanent_uuid: "9f6459ebb80643b98e01844aa2fd6338" member_type: VOTER last_known_addr { host: "127.112.245.193" port: 55806 } } peers { permanent_uuid: "39144add463f4fe89dc1ea42c778d8cf" member_type: VOTER last_known_addr { host: "127.112.245.194" port: 55958 } }
I0227 17:26:36.180629 1107 leader_election.cc:292] T 363dd021fd184929bc8b1f461f8fdb16 P 39144add463f4fe89dc1ea42c778d8cf [CANDIDATE]: Term 1 pre-election: Requested pre-vote from peers 9a4f55686db84876a066f455f6a41180 (127.112.245.195:45942), 9f6459ebb80643b98e01844aa2fd6338 (127.112.245.193:55806)
I0227 17:26:36.181188 125339 tablet_service.cc:1010] Received RequestConsensusVote() RPC: tablet_id: "363dd021fd184929bc8b1f461f8fdb16" candidate_uuid: "39144add463f4fe89dc1ea42c778d8cf" candidate_term: 1 candidate_status { last_received { term: 0 index: 0 } } ignore_live_leader: false dest_uuid: "9a4f55686db84876a066f455f6a41180" is_pre_election: true
