I0227 17:25:46.455739 125012 raft_consensus.cc:2346] T 9808ecd2a4be428290fa53bb51dd17d4 P 39144add463f4fe89dc1ea42c778d8cf [term 1 FOLLOWER]: Leader election vote request: Granting yes vote for candidate 9a4f55686db84876a066f455f6a41180 in term 1.
I0227 17:25:46.456209 125257 leader_election.cc:306] T 9808ecd2a4be428290fa53bb51dd17d4 P 9a4f55686db84876a066f455f6a41180 [CANDIDATE]: Term 1 election: Election decided. Result: candidate won. Election summary: received 2 responses out of 3 voters: 2 yes votes; 0 no votes. yes voters: 39144add463f4fe89dc1ea42c778d8cf, 9a4f55686db84876a066f455f6a41180; no voters:
I0227 17:25:46.456351 128547 raft_consensus.cc:2640] T 9808ecd2a4be428290fa53bb51dd17d4 P 9a4f55686db84876a066f455f6a41180 [term 1 FOLLOWER]: Leader election won for term 1
I0227 17:25:46.456543 128547 raft_consensus.cc:667] T 9808ecd2a4be428290fa53bb51dd17d4 P 9a4f55686db84876a066f455f6a41180 [term 1 LEADER]: Becoming Leader. State: Replica: 9a4f55686db84876a066f455f6a41180, State: Running, Role: LEADER
I0227 17:25:46.456861 128547 consensus_queue.cc:206] T 9808ecd2a4be428290fa53bb51dd17d4 P 9a4f55686db84876a066f455f6a41180 [LEADER]: Queue going to LEADER mode. State: All replicated index: 0, Majority replicated index: 0, Committed index: 0, Last appended: 0.0, Last appended by leader: 0, Current term: 1, Majority size: 2, State: 0, Mode: LEADER, active raft config: opid_index: -1 OBSOLETE_local: false peers { permanent_uuid: "39144add463f4fe89dc1ea42c778d8cf" member_type: VOTER last_known_addr { host: "127.112.245.194" port: 55958 } } peers { permanent_uuid: "9f6459ebb80643b98e01844aa2fd6338" member_type: VOTER last_known_addr { host: "127.112.245.193" port: 55806 } } peers { permanent_uuid: "9a4f55686db84876a066f455f6a41180" member_type: VOTER last_known_addr { host: "127.112.245.195" port: 45942 } }
I0227 17:25:46.459252 124199 catalog_manager.cc:3791] T 9808ecd2a4be428290fa53bb51dd17d4 P 9a4f55686db84876a066f455f6a41180 reported cstate change: term changed from 0 to 1, leader changed from to 9a4f55686db84876a066f455f6a41180 (127.112.245.195). New cstate: current_term: 1 leader_uuid: "9a4f55686db84876a066f455f6a41180" committed_config { opid_index: -1 OBSOLETE_local: false peers { permanent_uuid: "39144add463f4fe89dc1ea42c778d8cf" member_type: VOTER last_known_addr { host: "127.112.245.194" port: 55958 } health_report { overall_health: UNKNOWN } } peers { permanent_uuid: "9f6459ebb80643b98e01844aa2fd6338" member_type: VOTER last_known_addr { host: "127.112.245.193" port: 55806 } health_report { overall_health: UNKNOWN } } peers { permanent_uuid: "9a4f55686db84876a066f455f6a41180" member_type: VOTER last_known_addr { host: "127.112.245.195" port: 45942 } health_report { overall_health: HEALTHY } } }
W0227 17:25:46.521956 125299 tablet_service.cc:1915] Rejecting scan request for tablet 9808ecd2a4be428290fa53bb51dd17d4: Uninitialized: safe time has not yet been initialized
W0227 17:25:46.725854 125299 tablet_service.cc:1915] Rejecting scan request for tablet 9808ecd2a4be428290fa53bb51dd17d4: Uninitialized: safe time has not yet been initialized
I0227 17:25:46.944555 125012 raft_consensus.cc:1181] T 9808ecd2a4be428290fa53bb51dd17d4 P 39144add463f4fe89dc1ea42c778d8cf [term 1 FOLLOWER]: Refusing update from remote peer 9a4f55686db84876a066f455f6a41180: Log matching property violated. Preceding OpId in replica: term: 0 index: 0. Preceding OpId from leader: term: 1 index: 1. (index mismatch)
I0227 17:25:46.945300 128625 consensus_queue.cc:984] T 9808ecd2a4be428290fa53bb51dd17d4 P 9a4f55686db84876a066f455f6a41180 [LEADER]: Connected to new peer: Peer: permanent_uuid: "39144add463f4fe89dc1ea42c778d8cf" member_type: VOTER last_known_addr { host: "127.112.245.194" port: 55958 }, Status: LMP_MISMATCH, Last received: 0.0, Next index: 1, Last known committed idx: 0, Time since last communication: 0.000s
I0227 17:25:46.963146 124804 raft_consensus.cc:1181] T 9808ecd2a4be428290fa53bb51dd17d4 P 9f6459ebb80643b98e01844aa2fd6338 [term 1 FOLLOWER]: Refusing update from remote peer 9a4f55686db84876a066f455f6a41180: Log matching property violated. Preceding OpId in replica: term: 0 index: 0. Preceding OpId from leader: term: 1 index: 1. (index mismatch)
I0227 17:25:46.964776 128625 consensus_queue.cc:984] T 9808ecd2a4be428290fa53bb51dd17d4 P 9a4f55686db84876a066f455f6a41180 [LEADER]: Connected to new peer: Peer: permanent_uuid: "9f6459ebb80643b98e01844aa2fd6338" member_type: VOTER last_known_addr { host: "127.112.245.193" port: 55806 }, Status: LMP_MISMATCH, Last received: 0.0, Next index: 1, Last known committed idx: 0, Time since last communication: 0.000s
I0227 17:25:47.135870 128989 raft_consensus.cc:472] T 00000000000000000000000000000000 P c31e774156b64c02922906e3e2985c89 [term 3 FOLLOWER]: Starting pre-election (detected failure of leader 2e3d7e621b864672aaa91ea2d0bbd1b9)
I0227 17:25:47.135972 128989 raft_consensus.cc:494] T 00000000000000000000000000000000 P c31e774156b64c02922906e3e2985c89 [term 3 FOLLOWER]: Starting pre-election with config: opid_index: -1 OBSOLETE_local: false peers { permanent_uuid: "c31e774156b64c02922906e3e2985c89" member_type: VOTER last_known_addr { host: "127.112.245.254" port: 35995 } } peers { permanent_uuid: "6cd5de61888340e681a3e5cd19fad418" member_type: VOTER last_known_addr { host: "127.112.245.253" port: 50732 } } peers { permanent_uuid: "2e3d7e621b864672aaa91ea2d0bbd1b9" member_type: VOTER last_known_addr { host: "127.112.245.252" port: 58453 } }
I0227 17:25:47.140612 128989 leader_election.cc:292] T 00000000000000000000000000000000 P c31e774156b64c02922906e3e2985c89 [CANDIDATE]: Term 4 pre-election: Requested pre-vote from peers 6cd5de61888340e681a3e5cd19fad418 (127.112.245.253:50732), 2e3d7e621b864672aaa91ea2d0bbd1b9 (127.112.245.252:58453)
I0227 17:25:47.141006 124217 tablet_service.cc:1010] Received RequestConsensusVote() RPC: tablet_id: "00000000000000000000000000000000" candidate_uuid: "c31e774156b64c02922906e3e2985c89" candidate_term: 4 candidate_status { last_received { term: 3 index: 8 } } ignore_live_leader: false dest_uuid: "2e3d7e621b864672aaa91ea2d0bbd1b9" is_pre_election: true
I0227 17:25:47.141080 124217 raft_consensus.cc:2307] T 00000000000000000000000000000000 P 2e3d7e621b864672aaa91ea2d0bbd1b9 [term 3 LEADER]: Leader pre-election vote request: Denying vote to candidate c31e774156b64c02922906e3e2985c89 for term 4 because replica is either leader or believes a valid leader to be alive.
I0227 17:25:47.177618 124197 catalog_manager.cc:1386] Servicing CreateTable request from {username='adar'} at 127.112.245.252:49654: name: "default.table_0_1" schema { columns { name: "key" type: INT32 is_key: true is_nullable: false encoding: AUTO_ENCODING compression: DEFAULT_COMPRESSION cfile_block_size: 0 } columns { name: "int_val" type: INT32 is_key: false is_nullable: false encoding: AUTO_ENCODING compression: DEFAULT_COMPRESSION cfile_block_size: 0 } columns { name: "string_val" type: STRING is_key: false is_nullable: false encoding: AUTO_ENCODING compression: DEFAULT_COMPRESSION cfile_block_size: 0 } } split_rows_range_bounds { } partition_schema { range_schema { columns { name: "key" } } }
W0227 17:25:47.178040 124197 catalog_manager.cc:1537] The number of live tablet servers is not enough to re-replicate a tablet replica of the newly created table default.table_0_1 in case of a server failure: 4 tablet servers would be needed, 3 are available. Consider bringing up more tablet servers.
I0227 17:25:47.345654 125316 tablet_service.cc:774] Processing CreateTablet for tablet 8c4950a6e6e54bc59d6e40c00df12fab (table=default.table_0_1 [id=d8ec01a9c6424f27a548a16c9f453c4b]), partition=RANGE (key) PARTITION UNBOUNDED
I0227 17:25:47.345763 124988 tablet_service.cc:774] Processing CreateTablet for tablet 8c4950a6e6e54bc59d6e40c00df12fab (table=default.table_0_1 [id=d8ec01a9c6424f27a548a16c9f453c4b]), partition=RANGE (key) PARTITION UNBOUNDED
I0227 17:25:47.345841 124778 tablet_service.cc:774] Processing CreateTablet for tablet 8c4950a6e6e54bc59d6e40c00df12fab (table=default.table_0_1 [id=d8ec01a9c6424f27a548a16c9f453c4b]), partition=RANGE (key) PARTITION UNBOUNDED
I0227 17:25:47.345894 125316 data_dirs.cc:938] Could only allocate 1 dirs of requested 3 for tablet 8c4950a6e6e54bc59d6e40c00df12fab. 1 dirs total, 0 dirs full, 0 dirs failed
I0227 17:25:47.346012 124988 data_dirs.cc:938] Could only allocate 1 dirs of requested 3 for tablet 8c4950a6e6e54bc59d6e40c00df12fab. 1 dirs total, 0 dirs full, 0 dirs failed
I0227 17:25:47.346065 124778 data_dirs.cc:938] Could only allocate 1 dirs of requested 3 for tablet 8c4950a6e6e54bc59d6e40c00df12fab. 1 dirs total, 0 dirs full, 0 dirs failed
I0227 17:25:47.347774 125316 ts_tablet_manager.cc:1175] T 8c4950a6e6e54bc59d6e40c00df12fab P 9a4f55686db84876a066f455f6a41180: Registered tablet (data state: TABLET_DATA_READY)
I0227 17:25:47.347928 124778 ts_tablet_manager.cc:1175] T 8c4950a6e6e54bc59d6e40c00df12fab P 9f6459ebb80643b98e01844aa2fd6338: Registered tablet (data state: TABLET_DATA_READY)
I0227 17:25:47.347930 124988 ts_tablet_manager.cc:1175] T 8c4950a6e6e54bc59d6e40c00df12fab P 39144add463f4fe89dc1ea42c778d8cf: Registered tablet (data state: TABLET_DATA_READY)
I0227 17:25:47.355747 129084 ts_tablet_manager.cc:1030] T 8c4950a6e6e54bc59d6e40c00df12fab P 39144add463f4fe89dc1ea42c778d8cf: Bootstrapping tablet
I0227 17:25:47.355917 129084 tablet_bootstrap.cc:439] T 8c4950a6e6e54bc59d6e40c00df12fab P 39144add463f4fe89dc1ea42c778d8cf: Bootstrap starting.
I0227 17:25:47.356993 129084 tablet_bootstrap.cc:593] T 8c4950a6e6e54bc59d6e40c00df12fab P 39144add463f4fe89dc1ea42c778d8cf: No blocks or log segments found. Creating new log.
I0227 17:25:47.359000 129085 ts_tablet_manager.cc:1030] T 8c4950a6e6e54bc59d6e40c00df12fab P 9f6459ebb80643b98e01844aa2fd6338: Bootstrapping tablet
I0227 17:25:47.359151 129085 tablet_bootstrap.cc:439] T 8c4950a6e6e54bc59d6e40c00df12fab P 9f6459ebb80643b98e01844aa2fd6338: Bootstrap starting.
I0227 17:25:47.360154 129083 ts_tablet_manager.cc:1030] T 8c4950a6e6e54bc59d6e40c00df12fab P 9a4f55686db84876a066f455f6a41180: Bootstrapping tablet
I0227 17:25:47.360275 129083 tablet_bootstrap.cc:439] T 8c4950a6e6e54bc59d6e40c00df12fab P 9a4f55686db84876a066f455f6a41180: Bootstrap starting.
I0227 17:25:47.360445 129085 tablet_bootstrap.cc:593] T 8c4950a6e6e54bc59d6e40c00df12fab P 9f6459ebb80643b98e01844aa2fd6338: No blocks or log segments found. Creating new log.
I0227 17:25:47.362872 129083 tablet_bootstrap.cc:593] T 8c4950a6e6e54bc59d6e40c00df12fab P 9a4f55686db84876a066f455f6a41180: No blocks or log segments found. Creating new log.
I0227 17:25:47.370787 129084 tablet_bootstrap.cc:439] T 8c4950a6e6e54bc59d6e40c00df12fab P 39144add463f4fe89dc1ea42c778d8cf: No bootstrap required, opened a new log
I0227 17:25:47.370894 129084 ts_tablet_manager.cc:1047] T 8c4950a6e6e54bc59d6e40c00df12fab P 39144add463f4fe89dc1ea42c778d8cf: Time spent bootstrapping tablet: real 0.015s user 0.001s sys 0.000s
I0227 17:25:47.371471 129084 raft_consensus.cc:340] T 8c4950a6e6e54bc59d6e40c00df12fab P 39144add463f4fe89dc1ea42c778d8cf [term 0 FOLLOWER]: Replica starting. Triggering 0 pending transactions. Active config: opid_index: -1 OBSOLETE_local: false peers { permanent_uuid: "9f6459ebb80643b98e01844aa2fd6338" member_type: VOTER last_known_addr { host: "127.112.245.193" port: 55806 } } peers { permanent_uuid: "39144add463f4fe89dc1ea42c778d8cf" member_type: VOTER last_known_addr { host: "127.112.245.194" port: 55958 } } peers { permanent_uuid: "9a4f55686db84876a066f455f6a41180" member_type: VOTER last_known_addr { host: "127.112.245.195" port: 45942 } }
I0227 17:25:47.371505 129084 raft_consensus.cc:366] T 8c4950a6e6e54bc59d6e40c00df12fab P 39144add463f4fe89dc1ea42c778d8cf [term 0 FOLLOWER]: Consensus starting up: Expiring failure detector timer to make a prompt election more likely
I0227 17:25:47.371528 129084 raft_consensus.cc:705] T 8c4950a6e6e54bc59d6e40c00df12fab P 39144add463f4fe89dc1ea42c778d8cf [term 0 FOLLOWER]: Becoming Follower/Learner. State: Replica: 39144add463f4fe89dc1ea42c778d8cf, State: Initialized, Role: FOLLOWER
I0227 17:25:47.371682 129084 consensus_queue.cc:229] T 8c4950a6e6e54bc59d6e40c00df12fab P 39144add463f4fe89dc1ea42c778d8cf [NON_LEADER]: Queue going to NON_LEADER mode. State: All replicated index: 0, Majority replicated index: 0, Committed index: 0, Last appended: 0.0, Last appended by leader: 0, Current term: 0, Majority size: -1, State: 0, Mode: NON_LEADER, active raft config: opid_index: -1 OBSOLETE_local: false peers { permanent_uuid: "9f6459ebb80643b98e01844aa2fd6338" member_type: VOTER last_known_addr { host: "127.112.245.193" port: 55806 } } peers { permanent_uuid: "39144add463f4fe89dc1ea42c778d8cf" member_type: VOTER last_known_addr { host: "127.112.245.194" port: 55958 } } peers { permanent_uuid: "9a4f55686db84876a066f455f6a41180" member_type: VOTER last_known_addr { host: "127.112.245.195" port: 45942 } }
I0227 17:25:47.371942 129084 ts_tablet_manager.cc:1075] T 8c4950a6e6e54bc59d6e40c00df12fab P 39144add463f4fe89dc1ea42c778d8cf: Time spent starting tablet: real 0.001s user 0.002s sys 0.000s
I0227 17:25:47.372386 129085 tablet_bootstrap.cc:439] T 8c4950a6e6e54bc59d6e40c00df12fab P 9f6459ebb80643b98e01844aa2fd6338: No bootstrap required, opened a new log
I0227 17:25:47.372483 129085 ts_tablet_manager.cc:1047] T 8c4950a6e6e54bc59d6e40c00df12fab P 9f6459ebb80643b98e01844aa2fd6338: Time spent bootstrapping tablet: real 0.013s user 0.002s sys 0.000s
I0227 17:25:47.373131 129085 raft_consensus.cc:340] T 8c4950a6e6e54bc59d6e40c00df12fab P 9f6459ebb80643b98e01844aa2fd6338 [term 0 FOLLOWER]: Replica starting. Triggering 0 pending transactions. Active config: opid_index: -1 OBSOLETE_local: false peers { permanent_uuid: "9f6459ebb80643b98e01844aa2fd6338" member_type: VOTER last_known_addr { host: "127.112.245.193" port: 55806 } } peers { permanent_uuid: "39144add463f4fe89dc1ea42c778d8cf" member_type: VOTER last_known_addr { host: "127.112.245.194" port: 55958 } } peers { permanent_uuid: "9a4f55686db84876a066f455f6a41180" member_type: VOTER last_known_addr { host: "127.112.245.195" port: 45942 } }
I0227 17:25:47.373163 129085 raft_consensus.cc:366] T 8c4950a6e6e54bc59d6e40c00df12fab P 9f6459ebb80643b98e01844aa2fd6338 [term 0 FOLLOWER]: Consensus starting up: Expiring failure detector timer to make a prompt election more likely
I0227 17:25:47.373186 129085 raft_consensus.cc:705] T 8c4950a6e6e54bc59d6e40c00df12fab P 9f6459ebb80643b98e01844aa2fd6338 [term 0 FOLLOWER]: Becoming Follower/Learner. State: Replica: 9f6459ebb80643b98e01844aa2fd6338, State: Initialized, Role: FOLLOWER
I0227 17:25:47.373332 129085 consensus_queue.cc:229] T 8c4950a6e6e54bc59d6e40c00df12fab P 9f6459ebb80643b98e01844aa2fd6338 [NON_LEADER]: Queue going to NON_LEADER mode. State: All replicated index: 0, Majority replicated index: 0, Committed index: 0, Last appended: 0.0, Last appended by leader: 0, Current term: 0, Majority size: -1, State: 0, Mode: NON_LEADER, active raft config: opid_index: -1 OBSOLETE_local: false peers { permanent_uuid: "9f6459ebb80643b98e01844aa2fd6338" member_type: VOTER last_known_addr { host: "127.112.245.193" port: 55806 } } peers { permanent_uuid: "39144add463f4fe89dc1ea42c778d8cf" member_type: VOTER last_known_addr { host: "127.112.245.194" port: 55958 } } peers { permanent_uuid: "9a4f55686db84876a066f455f6a41180" member_type: VOTER last_known_addr { host: "127.112.245.195" port: 45942 } }
I0227 17:25:47.373442 129083 tablet_bootstrap.cc:439] T 8c4950a6e6e54bc59d6e40c00df12fab P 9a4f55686db84876a066f455f6a41180: No bootstrap required, opened a new log
I0227 17:25:47.373530 129083 ts_tablet_manager.cc:1047] T 8c4950a6e6e54bc59d6e40c00df12fab P 9a4f55686db84876a066f455f6a41180: Time spent bootstrapping tablet: real 0.013s user 0.002s sys 0.000s
I0227 17:25:47.373587 129085 ts_tablet_manager.cc:1075] T 8c4950a6e6e54bc59d6e40c00df12fab P 9f6459ebb80643b98e01844aa2fd6338: Time spent starting tablet: real 0.001s user 0.001s sys 0.000s
I0227 17:25:47.374068 129083 raft_consensus.cc:340] T 8c4950a6e6e54bc59d6e40c00df12fab P 9a4f55686db84876a066f455f6a41180 [term 0 FOLLOWER]: Replica starting. Triggering 0 pending transactions. Active config: opid_index: -1 OBSOLETE_local: false peers { permanent_uuid: "9f6459ebb80643b98e01844aa2fd6338" member_type: VOTER last_known_addr { host: "127.112.245.193" port: 55806 } } peers { permanent_uuid: "39144add463f4fe89dc1ea42c778d8cf" member_type: VOTER last_known_addr { host: "127.112.245.194" port: 55958 } } peers { permanent_uuid: "9a4f55686db84876a066f455f6a41180" member_type: VOTER last_known_addr { host: "127.112.245.195" port: 45942 } }
I0227 17:25:47.374092 129083 raft_consensus.cc:366] T 8c4950a6e6e54bc59d6e40c00df12fab P 9a4f55686db84876a066f455f6a41180 [term 0 FOLLOWER]: Consensus starting up: Expiring failure detector timer to make a prompt election more likely
I0227 17:25:47.374111 129083 raft_consensus.cc:705] T 8c4950a6e6e54bc59d6e40c00df12fab P 9a4f55686db84876a066f455f6a41180 [term 0 FOLLOWER]: Becoming Follower/Learner. State: Replica: 9a4f55686db84876a066f455f6a41180, State: Initialized, Role: FOLLOWER
I0227 17:25:47.374250 129083 consensus_queue.cc:229] T 8c4950a6e6e54bc59d6e40c00df12fab P 9a4f55686db84876a066f455f6a41180 [NON_LEADER]: Queue going to NON_LEADER mode. State: All replicated index: 0, Majority replicated index: 0, Committed index: 0, Last appended: 0.0, Last appended by leader: 0, Current term: 0, Majority size: -1, State: 0, Mode: NON_LEADER, active raft config: opid_index: -1 OBSOLETE_local: false peers { permanent_uuid: "9f6459ebb80643b98e01844aa2fd6338" member_type: VOTER last_known_addr { host: "127.112.245.193" port: 55806 } } peers { permanent_uuid: "39144add463f4fe89dc1ea42c778d8cf" member_type: VOTER last_known_addr { host: "127.112.245.194" port: 55958 } } peers { permanent_uuid: "9a4f55686db84876a066f455f6a41180" member_type: VOTER last_known_addr { host: "127.112.245.195" port: 45942 } }
I0227 17:25:47.374502 129083 ts_tablet_manager.cc:1075] T 8c4950a6e6e54bc59d6e40c00df12fab P 9a4f55686db84876a066f455f6a41180: Time spent starting tablet: real 0.001s user 0.000s sys 0.000s
I0227 17:25:47.560992 129094 raft_consensus.cc:472] T 8c4950a6e6e54bc59d6e40c00df12fab P 9a4f55686db84876a066f455f6a41180 [term 0 FOLLOWER]: Starting pre-election (no leader contacted us within the election timeout)
I0227 17:25:47.561198 129094 raft_consensus.cc:494] T 8c4950a6e6e54bc59d6e40c00df12fab P 9a4f55686db84876a066f455f6a41180 [term 0 FOLLOWER]: Starting pre-election with config: opid_index: -1 OBSOLETE_local: false peers { permanent_uuid: "9f6459ebb80643b98e01844aa2fd6338" member_type: VOTER last_known_addr { host: "127.112.245.193" port: 55806 } } peers { permanent_uuid: "39144add463f4fe89dc1ea42c778d8cf" member_type: VOTER last_known_addr { host: "127.112.245.194" port: 55958 } } peers { permanent_uuid: "9a4f55686db84876a066f455f6a41180" member_type: VOTER last_known_addr { host: "127.112.245.195" port: 45942 } }
I0227 17:25:47.561717 129094 leader_election.cc:292] T 8c4950a6e6e54bc59d6e40c00df12fab P 9a4f55686db84876a066f455f6a41180 [CANDIDATE]: Term 1 pre-election: Requested pre-vote from peers 9f6459ebb80643b98e01844aa2fd6338 (127.112.245.193:55806), 39144add463f4fe89dc1ea42c778d8cf (127.112.245.194:55958)
I0227 17:25:47.562474 124804 tablet_service.cc:1010] Received RequestConsensusVote() RPC: tablet_id: "8c4950a6e6e54bc59d6e40c00df12fab" candidate_uuid: "9a4f55686db84876a066f455f6a41180" candidate_term: 1 candidate_status { last_received { term: 0 index: 0 } } ignore_live_leader: false dest_uuid: "9f6459ebb80643b98e01844aa2fd6338" is_pre_election: true
I0227 17:25:47.562577 124804 raft_consensus.cc:2346] T 8c4950a6e6e54bc59d6e40c00df12fab P 9f6459ebb80643b98e01844aa2fd6338 [term 0 FOLLOWER]: Leader pre-election vote request: Granting yes vote for candidate 9a4f55686db84876a066f455f6a41180 in term 0.
I0227 17:25:47.563041 125257 leader_election.cc:306] T 8c4950a6e6e54bc59d6e40c00df12fab P 9a4f55686db84876a066f455f6a41180 [CANDIDATE]: Term 1 pre-election: Election decided. Result: candidate won. Election summary: received 2 responses out of 3 voters: 2 yes votes; 0 no votes. yes voters: 9a4f55686db84876a066f455f6a41180, 9f6459ebb80643b98e01844aa2fd6338; no voters:
I0227 17:25:47.563192 129094 raft_consensus.cc:2640] T 8c4950a6e6e54bc59d6e40c00df12fab P 9a4f55686db84876a066f455f6a41180 [term 0 FOLLOWER]: Leader pre-election won for term 1
I0227 17:25:47.563222 129094 raft_consensus.cc:472] T 8c4950a6e6e54bc59d6e40c00df12fab P 9a4f55686db84876a066f455f6a41180 [term 0 FOLLOWER]: Starting leader election (no leader contacted us within the election timeout)
I0227 17:25:47.563238 129094 raft_consensus.cc:2886] T 8c4950a6e6e54bc59d6e40c00df12fab P 9a4f55686db84876a066f455f6a41180 [term 0 FOLLOWER]: Advancing to term 1
I0227 17:25:47.564429 129094 raft_consensus.cc:494] T 8c4950a6e6e54bc59d6e40c00df12fab P 9a4f55686db84876a066f455f6a41180 [term 1 FOLLOWER]: Starting leader election with config: opid_index: -1 OBSOLETE_local: false peers { permanent_uuid: "9f6459ebb80643b98e01844aa2fd6338" member_type: VOTER last_known_addr { host: "127.112.245.193" port: 55806 } } peers { permanent_uuid: "39144add463f4fe89dc1ea42c778d8cf" member_type: VOTER last_known_addr { host: "127.112.245.194" port: 55958 } } peers { permanent_uuid: "9a4f55686db84876a066f455f6a41180" member_type: VOTER last_known_addr { host: "127.112.245.195" port: 45942 } }
I0227 17:25:47.564826 129094 leader_election.cc:292] T 8c4950a6e6e54bc59d6e40c00df12fab P 9a4f55686db84876a066f455f6a41180 [CANDIDATE]: Term 1 election: Requested vote from peers 9f6459ebb80643b98e01844aa2fd6338 (127.112.245.193:55806), 39144add463f4fe89dc1ea42c778d8cf (127.112.245.194:55958)
I0227 17:25:47.565321 124804 tablet_service.cc:1010] Received RequestConsensusVote() RPC: tablet_id: "8c4950a6e6e54bc59d6e40c00df12fab" candidate_uuid: "9a4f55686db84876a066f455f6a41180" candidate_term: 1 candidate_status { last_received { term: 0 index: 0 } } ignore_live_leader: false dest_uuid: "9f6459ebb80643b98e01844aa2fd6338"
I0227 17:25:47.565387 124804 raft_consensus.cc:2886] T 8c4950a6e6e54bc59d6e40c00df12fab P 9f6459ebb80643b98e01844aa2fd6338 [term 0 FOLLOWER]: Advancing to term 1
I0227 17:25:47.566447 125012 tablet_service.cc:1010] Received RequestConsensusVote() RPC: tablet_id: "8c4950a6e6e54bc59d6e40c00df12fab" candidate_uuid: "9a4f55686db84876a066f455f6a41180" candidate_term: 1 candidate_status { last_received { term: 0 index: 0 } } ignore_live_leader: false dest_uuid: "39144add463f4fe89dc1ea42c778d8cf" is_pre_election: true
I0227 17:25:47.566527 125012 raft_consensus.cc:2346] T 8c4950a6e6e54bc59d6e40c00df12fab P 39144add463f4fe89dc1ea42c778d8cf [term 0 FOLLOWER]: Leader pre-election vote request: Granting yes vote for candidate 9a4f55686db84876a066f455f6a41180 in term 0.
I0227 17:25:47.566597 125000 tablet_service.cc:1010] Received RequestConsensusVote() RPC: tablet_id: "8c4950a6e6e54bc59d6e40c00df12fab" candidate_uuid: "9a4f55686db84876a066f455f6a41180" candidate_term: 1 candidate_status { last_received { term: 0 index: 0 } } ignore_live_leader: false dest_uuid: "39144add463f4fe89dc1ea42c778d8cf"
I0227 17:25:47.566602 124804 raft_consensus.cc:2346] T 8c4950a6e6e54bc59d6e40c00df12fab P 9f6459ebb80643b98e01844aa2fd6338 [term 1 FOLLOWER]: Leader election vote request: Granting yes vote for candidate 9a4f55686db84876a066f455f6a41180 in term 1.
I0227 17:25:47.566644 125000 raft_consensus.cc:2886] T 8c4950a6e6e54bc59d6e40c00df12fab P 39144add463f4fe89dc1ea42c778d8cf [term 0 FOLLOWER]: Advancing to term 1
I0227 17:25:47.567095 125257 leader_election.cc:306] T 8c4950a6e6e54bc59d6e40c00df12fab P 9a4f55686db84876a066f455f6a41180 [CANDIDATE]: Term 1 election: Election decided. Result: candidate won. Election summary: received 2 responses out of 3 voters: 2 yes votes; 0 no votes. yes voters: 9a4f55686db84876a066f455f6a41180, 9f6459ebb80643b98e01844aa2fd6338; no voters:
I0227 17:25:47.567234 129094 raft_consensus.cc:2640] T 8c4950a6e6e54bc59d6e40c00df12fab P 9a4f55686db84876a066f455f6a41180 [term 1 FOLLOWER]: Leader election won for term 1
I0227 17:25:47.567301 129094 raft_consensus.cc:667] T 8c4950a6e6e54bc59d6e40c00df12fab P 9a4f55686db84876a066f455f6a41180 [term 1 LEADER]: Becoming Leader. State: Replica: 9a4f55686db84876a066f455f6a41180, State: Running, Role: LEADER
I0227 17:25:47.567461 129094 consensus_queue.cc:206] T 8c4950a6e6e54bc59d6e40c00df12fab P 9a4f55686db84876a066f455f6a41180 [LEADER]: Queue going to LEADER mode. State: All replicated index: 0, Majority replicated index: 0, Committed index: 0, Last appended: 0.0, Last appended by leader: 0, Current term: 1, Majority size: 2, State: 0, Mode: LEADER, active raft config: opid_index: -1 OBSOLETE_local: false peers { permanent_uuid: "9f6459ebb80643b98e01844aa2fd6338" member_type: VOTER last_known_addr { host: "127.112.245.193" port: 55806 } } peers { permanent_uuid: "39144add463f4fe89dc1ea42c778d8cf" member_type: VOTER last_known_addr { host: "127.112.245.194" port: 55958 } } peers { permanent_uuid: "9a4f55686db84876a066f455f6a41180" member_type: VOTER last_known_addr { host: "127.112.245.195" port: 45942 } }
I0227 17:25:47.567663 125000 raft_consensus.cc:2346] T 8c4950a6e6e54bc59d6e40c00df12fab P 39144add463f4fe89dc1ea42c778d8cf [term 1 FOLLOWER]: Leader election vote request: Granting yes vote for candidate 9a4f55686db84876a066f455f6a41180 in term 1.
I0227 17:25:47.569317 124199 catalog_manager.cc:3791] T 8c4950a6e6e54bc59d6e40c00df12fab P 9a4f55686db84876a066f455f6a41180 reported cstate change: term changed from 0 to 1, leader changed from to 9a4f55686db84876a066f455f6a41180 (127.112.245.195). New cstate: current_term: 1 leader_uuid: "9a4f55686db84876a066f455f6a41180" committed_config { opid_index: -1 OBSOLETE_local: false peers { permanent_uuid: "9f6459ebb80643b98e01844aa2fd6338" member_type: VOTER last_known_addr { host: "127.112.245.193" port: 55806 } health_report { overall_health: UNKNOWN } } peers { permanent_uuid: "39144add463f4fe89dc1ea42c778d8cf" member_type: VOTER last_known_addr { host: "127.112.245.194" port: 55958 } health_report { overall_health: UNKNOWN } } peers { permanent_uuid: "9a4f55686db84876a066f455f6a41180" member_type: VOTER last_known_addr { host: "127.112.245.195" port: 45942 } health_report { overall_health: HEALTHY } } }
W0227 17:25:47.582511 125299 tablet_service.cc:1915] Rejecting scan request for tablet 8c4950a6e6e54bc59d6e40c00df12fab: Uninitialized: safe time has not yet been initialized
W0227 17:25:47.663321 126593 leader_election.cc:337] T 00000000000000000000000000000000 P c31e774156b64c02922906e3e2985c89 [CANDIDATE]: Term 4 pre-election: RPC error from VoteRequest() call to peer 6cd5de61888340e681a3e5cd19fad418 (127.112.245.253:50732): Timed out: RequestConsensusVote RPC to 127.112.245.253:50732 timed out after 0.522s (SENT)
I0227 17:25:47.663414 126593 leader_election.cc:306] T 00000000000000000000000000000000 P c31e774156b64c02922906e3e2985c89 [CANDIDATE]: Term 4 pre-election: Election decided. Result: candidate lost. Election summary: received 3 responses out of 3 voters: 1 yes votes; 2 no votes. yes voters: c31e774156b64c02922906e3e2985c89; no voters: 2e3d7e621b864672aaa91ea2d0bbd1b9, 6cd5de61888340e681a3e5cd19fad418
I0227 17:25:47.674139 129200 raft_consensus.cc:2588] T 00000000000000000000000000000000 P c31e774156b64c02922906e3e2985c89 [term 3 FOLLOWER]: Leader pre-election lost for term 4. Reason: could not achieve majority
W0227 17:25:47.784273 125299 tablet_service.cc:1915] Rejecting scan request for tablet 8c4950a6e6e54bc59d6e40c00df12fab: Uninitialized: safe time has not yet been initialized
I0227 17:25:48.017416 125000 raft_consensus.cc:1181] T 8c4950a6e6e54bc59d6e40c00df12fab P 39144add463f4fe89dc1ea42c778d8cf [term 1 FOLLOWER]: Refusing update from remote peer 9a4f55686db84876a066f455f6a41180: Log matching property violated. Preceding OpId in replica: term: 0 index: 0. Preceding OpId from leader: term: 1 index: 1. (index mismatch)
I0227 17:25:48.017977 129094 consensus_queue.cc:984] T 8c4950a6e6e54bc59d6e40c00df12fab P 9a4f55686db84876a066f455f6a41180 [LEADER]: Connected to new peer: Peer: permanent_uuid: "39144add463f4fe89dc1ea42c778d8cf" member_type: VOTER last_known_addr { host: "127.112.245.194" port: 55958 }, Status: LMP_MISMATCH, Last received: 0.0, Next index: 1, Last known committed idx: 0, Time since last communication: 0.000s
I0227 17:25:48.023000 124804 raft_consensus.cc:1181] T 8c4950a6e6e54bc59d6e40c00df12fab P 9f6459ebb80643b98e01844aa2fd6338 [term 1 FOLLOWER]: Refusing update from remote peer 9a4f55686db84876a066f455f6a41180: Log matching property violated. Preceding OpId in replica: term: 0 index: 0. Preceding OpId from leader: term: 1 index: 1. (index mismatch)
I0227 17:25:48.023725 129094 consensus_queue.cc:984] T 8c4950a6e6e54bc59d6e40c00df12fab P 9a4f55686db84876a066f455f6a41180 [LEADER]: Connected to new peer: Peer: permanent_uuid: "9f6459ebb80643b98e01844aa2fd6338" member_type: VOTER last_known_addr { host: "127.112.245.193" port: 55806 }, Status: LMP_MISMATCH, Last received: 0.0, Next index: 1, Last known committed idx: 0, Time since last communication: 0.000s
I0227 17:25:48.188426 123877 tablet_service.cc:1010] Received RequestConsensusVote() RPC: tablet_id: "00000000000000000000000000000000" candidate_uuid: "c31e774156b64c02922906e3e2985c89" candidate_term: 4 candidate_status { last_received { term: 3 index: 8 } } ignore_live_leader: false dest_uuid: "6cd5de61888340e681a3e5cd19fad418" is_pre_election: true
I0227 17:25:48.188890 123877 raft_consensus.cc:2321] T 00000000000000000000000000000000 P 6cd5de61888340e681a3e5cd19fad418 [term 3 FOLLOWER]: Leader pre-election vote request: Denying vote to candidate c31e774156b64c02922906e3e2985c89 for term 4 because replica is already servicing an update from a current leader or another vote.
I0227 17:25:48.195976 129528 raft_consensus.cc:472] T 00000000000000000000000000000000 P 6cd5de61888340e681a3e5cd19fad418 [term 3 FOLLOWER]: Starting pre-election (detected failure of leader 2e3d7e621b864672aaa91ea2d0bbd1b9)
I0227 17:25:48.196149 129528 raft_consensus.cc:494] T 00000000000000000000000000000000 P 6cd5de61888340e681a3e5cd19fad418 [term 3 FOLLOWER]: Starting pre-election with config: opid_index: -1 OBSOLETE_local: false peers { permanent_uuid: "c31e774156b64c02922906e3e2985c89" member_type: VOTER last_known_addr { host: "127.112.245.254" port: 35995 } } peers { permanent_uuid: "6cd5de61888340e681a3e5cd19fad418" member_type: VOTER last_known_addr { host: "127.112.245.253" port: 50732 } } peers { permanent_uuid: "2e3d7e621b864672aaa91ea2d0bbd1b9" member_type: VOTER last_known_addr { host: "127.112.245.252" port: 58453 } }
I0227 17:25:48.196949 129528 leader_election.cc:292] T 00000000000000000000000000000000 P 6cd5de61888340e681a3e5cd19fad418 [CANDIDATE]: Term 4 pre-election: Requested pre-vote from peers c31e774156b64c02922906e3e2985c89 (127.112.245.254:35995), 2e3d7e621b864672aaa91ea2d0bbd1b9 (127.112.245.252:58453)
I0227 17:25:48.197095 126660 tablet_service.cc:1010] Received RequestConsensusVote() RPC: tablet_id: "00000000000000000000000000000000" candidate_uuid: "6cd5de61888340e681a3e5cd19fad418" candidate_term: 4 candidate_status { last_received { term: 3 index: 12 } } ignore_live_leader: false dest_uuid: "c31e774156b64c02922906e3e2985c89" is_pre_election: true
I0227 17:25:48.197186 126660 raft_consensus.cc:2307] T 00000000000000000000000000000000 P c31e774156b64c02922906e3e2985c89 [term 3 FOLLOWER]: Leader pre-election vote request: Denying vote to candidate 6cd5de61888340e681a3e5cd19fad418 for term 4 because replica is either leader or believes a valid leader to be alive.
I0227 17:25:48.495535 129691 raft_consensus.cc:472] T 00000000000000000000000000000000 P c31e774156b64c02922906e3e2985c89 [term 3 FOLLOWER]: Starting pre-election (detected failure of leader 2e3d7e621b864672aaa91ea2d0bbd1b9)
I0227 17:25:48.495767 129691 raft_consensus.cc:494] T 00000000000000000000000000000000 P c31e774156b64c02922906e3e2985c89 [term 3 FOLLOWER]: Starting pre-election with config: opid_index: -1 OBSOLETE_local: false peers { permanent_uuid: "c31e774156b64c02922906e3e2985c89" member_type: VOTER last_known_addr { host: "127.112.245.254" port: 35995 } } peers { permanent_uuid: "6cd5de61888340e681a3e5cd19fad418" member_type: VOTER last_known_addr { host: "127.112.245.253" port: 50732 } } peers { permanent_uuid: "2e3d7e621b864672aaa91ea2d0bbd1b9" member_type: VOTER last_known_addr { host: "127.112.245.252" port: 58453 } }
I0227 17:25:48.496642 129691 leader_election.cc:292] T 00000000000000000000000000000000 P c31e774156b64c02922906e3e2985c89 [CANDIDATE]: Term 4 pre-election: Requested pre-vote from peers 6cd5de61888340e681a3e5cd19fad418 (127.112.245.253:50732), 2e3d7e621b864672aaa91ea2d0bbd1b9 (127.112.245.252:58453)
I0227 17:25:48.496773 123878 tablet_service.cc:1010] Received RequestConsensusVote() RPC: tablet_id: "00000000000000000000000000000000" candidate_uuid: "c31e774156b64c02922906e3e2985c89" candidate_term: 4 candidate_status { last_received { term: 3 index: 15 } } ignore_live_leader: false dest_uuid: "6cd5de61888340e681a3e5cd19fad418" is_pre_election: true
I0227 17:25:48.496862 123878 raft_consensus.cc:2307] T 00000000000000000000000000000000 P 6cd5de61888340e681a3e5cd19fad418 [term 3 FOLLOWER]: Leader pre-election vote request: Denying vote to candidate c31e774156b64c02922906e3e2985c89 for term 4 because replica is either leader or believes a valid leader to be alive.
W0227 17:25:48.853969 123721 leader_election.cc:337] T 00000000000000000000000000000000 P 6cd5de61888340e681a3e5cd19fad418 [CANDIDATE]: Term 4 pre-election: RPC error from VoteRequest() call to peer 2e3d7e621b864672aaa91ea2d0bbd1b9 (127.112.245.252:58453): Timed out: RequestConsensusVote RPC to 127.112.245.252:58453 timed out after 0.654s (SENT)
I0227 17:25:48.854076 123721 leader_election.cc:306] T 00000000000000000000000000000000 P 6cd5de61888340e681a3e5cd19fad418 [CANDIDATE]: Term 4 pre-election: Election decided. Result: candidate lost. Election summary: received 3 responses out of 3 voters: 1 yes votes; 2 no votes. yes voters: 6cd5de61888340e681a3e5cd19fad418; no voters: 2e3d7e621b864672aaa91ea2d0bbd1b9, c31e774156b64c02922906e3e2985c89
I0227 17:25:48.858952 130078 raft_consensus.cc:472] T 00000000000000000000000000000000 P 6cd5de61888340e681a3e5cd19fad418 [term 3 FOLLOWER]: Starting pre-election (detected failure of leader 2e3d7e621b864672aaa91ea2d0bbd1b9)
I0227 17:25:48.859118 130078 raft_consensus.cc:494] T 00000000000000000000000000000000 P 6cd5de61888340e681a3e5cd19fad418 [term 3 FOLLOWER]: Starting pre-election with config: opid_index: -1 OBSOLETE_local: false peers { permanent_uuid: "c31e774156b64c02922906e3e2985c89" member_type: VOTER last_known_addr { host: "127.112.245.254" port: 35995 } } peers { permanent_uuid: "6cd5de61888340e681a3e5cd19fad418" member_type: VOTER last_known_addr { host: "127.112.245.253" port: 50732 } } peers { permanent_uuid: "2e3d7e621b864672aaa91ea2d0bbd1b9" member_type: VOTER last_known_addr { host: "127.112.245.252" port: 58453 } }
I0227 17:25:48.859874 130078 leader_election.cc:292] T 00000000000000000000000000000000 P 6cd5de61888340e681a3e5cd19fad418 [CANDIDATE]: Term 4 pre-election: Requested pre-vote from peers c31e774156b64c02922906e3e2985c89 (127.112.245.254:35995), 2e3d7e621b864672aaa91ea2d0bbd1b9 (127.112.245.252:58453)
I0227 17:25:48.859997 130078 raft_consensus.cc:2588] T 00000000000000000000000000000000 P 6cd5de61888340e681a3e5cd19fad418 [term 3 FOLLOWER]: Leader pre-election lost for term 4. Reason: could not achieve majority
I0227 17:25:48.860388 126660 tablet_service.cc:1010] Received RequestConsensusVote() RPC: tablet_id: "00000000000000000000000000000000" candidate_uuid: "6cd5de61888340e681a3e5cd19fad418" candidate_term: 4 candidate_status { last_received { term: 3 index: 12 } } ignore_live_leader: false dest_uuid: "c31e774156b64c02922906e3e2985c89" is_pre_election: true
I0227 17:25:48.860510 126660 raft_consensus.cc:2293] T 00000000000000000000000000000000 P c31e774156b64c02922906e3e2985c89 [term 3 FOLLOWER]: Leader pre-election vote request: Denying vote to candidate 6cd5de61888340e681a3e5cd19fad418 for term 4 because replica has last-logged OpId of term: 3 index: 15, which is greater than that of the candidate, which has last-logged OpId of term: 3 index: 12.
W0227 17:25:49.031438 126592 leader_election.cc:337] T 00000000000000000000000000000000 P c31e774156b64c02922906e3e2985c89 [CANDIDATE]: Term 4 pre-election: RPC error from VoteRequest() call to peer 2e3d7e621b864672aaa91ea2d0bbd1b9 (127.112.245.252:58453): Timed out: RequestConsensusVote RPC to 127.112.245.252:58453 timed out after 0.533s (SENT)
I0227 17:25:49.031525 126592 leader_election.cc:306] T 00000000000000000000000000000000 P c31e774156b64c02922906e3e2985c89 [CANDIDATE]: Term 4 pre-election: Election decided. Result: candidate lost. Election summary: received 3 responses out of 3 voters: 1 yes votes; 2 no votes. yes voters: c31e774156b64c02922906e3e2985c89; no voters: 2e3d7e621b864672aaa91ea2d0bbd1b9, 6cd5de61888340e681a3e5cd19fad418
I0227 17:25:49.033428 130164 raft_consensus.cc:472] T 00000000000000000000000000000000 P c31e774156b64c02922906e3e2985c89 [term 3 FOLLOWER]: Starting pre-election (detected failure of leader 2e3d7e621b864672aaa91ea2d0bbd1b9)
I0227 17:25:49.033540 130164 raft_consensus.cc:494] T 00000000000000000000000000000000 P c31e774156b64c02922906e3e2985c89 [term 3 FOLLOWER]: Starting pre-election with config: opid_index: -1 OBSOLETE_local: false peers { permanent_uuid: "c31e774156b64c02922906e3e2985c89" member_type: VOTER last_known_addr { host: "127.112.245.254" port: 35995 } } peers { permanent_uuid: "6cd5de61888340e681a3e5cd19fad418" member_type: VOTER last_known_addr { host: "127.112.245.253" port: 50732 } } peers { permanent_uuid: "2e3d7e621b864672aaa91ea2d0bbd1b9" member_type: VOTER last_known_addr { host: "127.112.245.252" port: 58453 } }
I0227 17:25:49.034015 130164 leader_election.cc:292] T 00000000000000000000000000000000 P c31e774156b64c02922906e3e2985c89 [CANDIDATE]: Term 4 pre-election: Requested pre-vote from peers 6cd5de61888340e681a3e5cd19fad418 (127.112.245.253:50732), 2e3d7e621b864672aaa91ea2d0bbd1b9 (127.112.245.252:58453)
I0227 17:25:49.034420 123878 tablet_service.cc:1010] Received RequestConsensusVote() RPC: tablet_id: "00000000000000000000000000000000" candidate_uuid: "c31e774156b64c02922906e3e2985c89" candidate_term: 4 candidate_status { last_received { term: 3 index: 15 } } ignore_live_leader: false dest_uuid: "6cd5de61888340e681a3e5cd19fad418" is_pre_election: true
I0227 17:25:49.034528 123878 raft_consensus.cc:2346] T 00000000000000000000000000000000 P 6cd5de61888340e681a3e5cd19fad418 [term 3 FOLLOWER]: Leader pre-election vote request: Granting yes vote for candidate c31e774156b64c02922906e3e2985c89 in term 3.
I0227 17:25:49.034847 126593 leader_election.cc:306] T 00000000000000000000000000000000 P c31e774156b64c02922906e3e2985c89 [CANDIDATE]: Term 4 pre-election: Election decided. Result: candidate won. Election summary: received 2 responses out of 3 voters: 2 yes votes; 0 no votes. yes voters: 6cd5de61888340e681a3e5cd19fad418, c31e774156b64c02922906e3e2985c89; no voters:
I0227 17:25:49.037317 130164 raft_consensus.cc:2588] T 00000000000000000000000000000000 P c31e774156b64c02922906e3e2985c89 [term 3 FOLLOWER]: Leader pre-election lost for term 4. Reason: could not achieve majority
I0227 17:25:49.040123 130164 raft_consensus.cc:2640] T 00000000000000000000000000000000 P c31e774156b64c02922906e3e2985c89 [term 3 FOLLOWER]: Leader pre-election won for term 4
I0227 17:25:49.040163 130164 raft_consensus.cc:472] T 00000000000000000000000000000000 P c31e774156b64c02922906e3e2985c89 [term 3 FOLLOWER]: Starting leader election (detected failure of leader 2e3d7e621b864672aaa91ea2d0bbd1b9)
I0227 17:25:49.040196 130164 raft_consensus.cc:2886] T 00000000000000000000000000000000 P c31e774156b64c02922906e3e2985c89 [term 3 FOLLOWER]: Advancing to term 4
I0227 17:25:49.042419 130164 raft_consensus.cc:494] T 00000000000000000000000000000000 P c31e774156b64c02922906e3e2985c89 [term 4 FOLLOWER]: Starting leader election with config: opid_index: -1 OBSOLETE_local: false peers { permanent_uuid: "c31e774156b64c02922906e3e2985c89" member_type: VOTER last_known_addr { host: "127.112.245.254" port: 35995 } } peers { permanent_uuid: "6cd5de61888340e681a3e5cd19fad418" member_type: VOTER last_known_addr { host: "127.112.245.253" port: 50732 } } peers { permanent_uuid: "2e3d7e621b864672aaa91ea2d0bbd1b9" member_type: VOTER last_known_addr { host: "127.112.245.252" port: 58453 } }
I0227 17:25:49.042940 130164 leader_election.cc:292] T 00000000000000000000000000000000 P c31e774156b64c02922906e3e2985c89 [CANDIDATE]: Term 4 election: Requested vote from peers 6cd5de61888340e681a3e5cd19fad418 (127.112.245.253:50732), 2e3d7e621b864672aaa91ea2d0bbd1b9 (127.112.245.252:58453)
I0227 17:25:49.043346 123878 tablet_service.cc:1010] Received RequestConsensusVote() RPC: tablet_id: "00000000000000000000000000000000" candidate_uuid: "c31e774156b64c02922906e3e2985c89" candidate_term: 4 candidate_status { last_received { term: 3 index: 15 } } ignore_live_leader: false dest_uuid: "6cd5de61888340e681a3e5cd19fad418"
I0227 17:25:49.043429 123878 raft_consensus.cc:2886] T 00000000000000000000000000000000 P 6cd5de61888340e681a3e5cd19fad418 [term 3 FOLLOWER]: Advancing to term 4
I0227 17:25:49.044644 123878 raft_consensus.cc:2346] T 00000000000000000000000000000000 P 6cd5de61888340e681a3e5cd19fad418 [term 4 FOLLOWER]: Leader election vote request: Granting yes vote for candidate c31e774156b64c02922906e3e2985c89 in term 4.
I0227 17:25:49.044983 126593 leader_election.cc:306] T 00000000000000000000000000000000 P c31e774156b64c02922906e3e2985c89 [CANDIDATE]: Term 4 election: Election decided. Result: candidate won. Election summary: received 2 responses out of 3 voters: 2 yes votes; 0 no votes. yes voters: 6cd5de61888340e681a3e5cd19fad418, c31e774156b64c02922906e3e2985c89; no voters:
I0227 17:25:49.049404 130164 raft_consensus.cc:2640] T 00000000000000000000000000000000 P c31e774156b64c02922906e3e2985c89 [term 4 FOLLOWER]: Leader election won for term 4
I0227 17:25:49.049513 130164 raft_consensus.cc:667] T 00000000000000000000000000000000 P c31e774156b64c02922906e3e2985c89 [term 4 LEADER]: Becoming Leader. State: Replica: c31e774156b64c02922906e3e2985c89, State: Running, Role: LEADER
I0227 17:25:49.049957 130164 consensus_queue.cc:206] T 00000000000000000000000000000000 P c31e774156b64c02922906e3e2985c89 [LEADER]: Queue going to LEADER mode. State: All replicated index: 0, Majority replicated index: 15, Committed index: 15, Last appended: 3.15, Last appended by leader: 15, Current term: 4, Majority size: 2, State: 0, Mode: LEADER, active raft config: opid_index: -1 OBSOLETE_local: false peers { permanent_uuid: "c31e774156b64c02922906e3e2985c89" member_type: VOTER last_known_addr { host: "127.112.245.254" port: 35995 } } peers { permanent_uuid: "6cd5de61888340e681a3e5cd19fad418" member_type: VOTER last_known_addr { host: "127.112.245.253" port: 50732 } } peers { permanent_uuid: "2e3d7e621b864672aaa91ea2d0bbd1b9" member_type: VOTER last_known_addr { host: "127.112.245.252" port: 58453 } }
I0227 17:25:49.051746 130163 sys_catalog.cc:337] T 00000000000000000000000000000000 P c31e774156b64c02922906e3e2985c89 [sys.catalog]: SysCatalogTable state changed. Reason: New leader c31e774156b64c02922906e3e2985c89. Latest consensus state: current_term: 4 leader_uuid: "c31e774156b64c02922906e3e2985c89" committed_config { opid_index: -1 OBSOLETE_local: false peers { permanent_uuid: "c31e774156b64c02922906e3e2985c89" member_type: VOTER last_known_addr { host: "127.112.245.254" port: 35995 } } peers { permanent_uuid: "6cd5de61888340e681a3e5cd19fad418" member_type: VOTER last_known_addr { host: "127.112.245.253" port: 50732 } } peers { permanent_uuid: "2e3d7e621b864672aaa91ea2d0bbd1b9" member_type: VOTER last_known_addr { host: "127.112.245.252" port: 58453 } } }
I0227 17:25:49.051774 130163 sys_catalog.cc:340] T 00000000000000000000000000000000 P c31e774156b64c02922906e3e2985c89 [sys.catalog]: This master's current role is: LEADER
I0227 17:25:49.059542 130168 catalog_manager.cc:1046] Loading table and tablet metadata into memory...
I0227 17:25:49.062024 130168 catalog_manager.cc:347] Loaded metadata for table default.table_0 [id=bc75674adf8e42de8857bcba6d648867]
I0227 17:25:49.062325 130168 catalog_manager.cc:347] Loaded metadata for table default.table_0_0 [id=d18d4af2ae47433f9af25b21a92b3c31]
I0227 17:25:49.063350 130168 catalog_manager.cc:347] Loaded metadata for table default.table_0_1 [id=d8ec01a9c6424f27a548a16c9f453c4b]
I0227 17:25:49.071107 130168 catalog_manager.cc:401] Loaded metadata for tablet 8c4950a6e6e54bc59d6e40c00df12fab (table default.table_0_1 [id=d8ec01a9c6424f27a548a16c9f453c4b])
I0227 17:25:49.071286 130168 catalog_manager.cc:401] Loaded metadata for tablet 9808ecd2a4be428290fa53bb51dd17d4 (table default.table_0_0 [id=d18d4af2ae47433f9af25b21a92b3c31])
I0227 17:25:49.071442 130168 catalog_manager.cc:401] Loaded metadata for tablet fcd66b3d06b5442b9b1b4d34c6d0667b (table default.table_0 [id=bc75674adf8e42de8857bcba6d648867])
I0227 17:25:49.071550 130168 catalog_manager.cc:1057] Initializing Kudu internal certificate authority...
I0227 17:25:49.072562 130168 catalog_manager.cc:1066] Loading token signing keys...
I0227 17:25:49.073171 130168 catalog_manager.cc:4106] T 00000000000000000000000000000000 P c31e774156b64c02922906e3e2985c89: Loaded TSK: 0
I0227 17:25:49.073807 130168 catalog_manager.cc:1077] Loading latest processed Hive Metastore notification log event ID...
I0227 17:25:49.479619 123878 raft_consensus.cc:1181] T 00000000000000000000000000000000 P 6cd5de61888340e681a3e5cd19fad418 [term 4 FOLLOWER]: Refusing update from remote peer c31e774156b64c02922906e3e2985c89: Log matching property violated. Preceding OpId in replica: term: 3 index: 12. Preceding OpId from leader: term: 4 index: 16. (index mismatch)
I0227 17:25:49.480165 130163 consensus_queue.cc:984] T 00000000000000000000000000000000 P c31e774156b64c02922906e3e2985c89 [LEADER]: Connected to new peer: Peer: permanent_uuid: "6cd5de61888340e681a3e5cd19fad418" member_type: VOTER last_known_addr { host: "127.112.245.253" port: 50732 }, Status: LMP_MISMATCH, Last received: 0.0, Next index: 16, Last known committed idx: 11, Time since last communication: 0.000s
I0227 17:25:49.484690 130505 sys_catalog.cc:337] T 00000000000000000000000000000000 P 6cd5de61888340e681a3e5cd19fad418 [sys.catalog]: SysCatalogTable state changed. Reason: New leader c31e774156b64c02922906e3e2985c89. Latest consensus state: current_term: 4 leader_uuid: "c31e774156b64c02922906e3e2985c89" committed_config { opid_index: -1 OBSOLETE_local: false peers { permanent_uuid: "c31e774156b64c02922906e3e2985c89" member_type: VOTER last_known_addr { host: "127.112.245.254" port: 35995 } } peers { permanent_uuid: "6cd5de61888340e681a3e5cd19fad418" member_type: VOTER last_known_addr { host: "127.112.245.253" port: 50732 } } peers { permanent_uuid: "2e3d7e621b864672aaa91ea2d0bbd1b9" member_type: VOTER last_known_addr { host: "127.112.245.252" port: 58453 } } }
I0227 17:25:49.484813 130505 sys_catalog.cc:340] T 00000000000000000000000000000000 P 6cd5de61888340e681a3e5cd19fad418 [sys.catalog]: This master's current role is: FOLLOWER
I0227 17:25:49.493042 130163 sys_catalog.cc:337] T 00000000000000000000000000000000 P c31e774156b64c02922906e3e2985c89 [sys.catalog]: SysCatalogTable state changed. Reason: Peer health change. Latest consensus state: current_term: 4 leader_uuid: "c31e774156b64c02922906e3e2985c89" committed_config { opid_index: -1 OBSOLETE_local: false peers { permanent_uuid: "c31e774156b64c02922906e3e2985c89" member_type: VOTER last_known_addr { host: "127.112.245.254" port: 35995 } } peers { permanent_uuid: "6cd5de61888340e681a3e5cd19fad418" member_type: VOTER last_known_addr { host: "127.112.245.253" port: 50732 } } peers { permanent_uuid: "2e3d7e621b864672aaa91ea2d0bbd1b9" member_type: VOTER last_known_addr { host: "127.112.245.252" port: 58453 } } }
I0227 17:25:49.493096 130163 sys_catalog.cc:340] T 00000000000000000000000000000000 P c31e774156b64c02922906e3e2985c89 [sys.catalog]: This master's current role is: LEADER
I0227 17:25:49.493767 130505 sys_catalog.cc:337] T 00000000000000000000000000000000 P 6cd5de61888340e681a3e5cd19fad418 [sys.catalog]: SysCatalogTable state changed. Reason: Replicated consensus-only round. Latest consensus state: current_term: 4 leader_uuid: "c31e774156b64c02922906e3e2985c89" committed_config { opid_index: -1 OBSOLETE_local: false peers { permanent_uuid: "c31e774156b64c02922906e3e2985c89" member_type: VOTER last_known_addr { host: "127.112.245.254" port: 35995 } } peers { permanent_uuid: "6cd5de61888340e681a3e5cd19fad418" member_type: VOTER last_known_addr { host: "127.112.245.253" port: 50732 } } peers { permanent_uuid: "2e3d7e621b864672aaa91ea2d0bbd1b9" member_type: VOTER last_known_addr { host: "127.112.245.252" port: 58453 } } }
I0227 17:25:49.493799 130505 sys_catalog.cc:340] T 00000000000000000000000000000000 P 6cd5de61888340e681a3e5cd19fad418 [sys.catalog]: This master's current role is: FOLLOWER
W0227 17:25:49.523389 123721 leader_election.cc:337] T 00000000000000000000000000000000 P 6cd5de61888340e681a3e5cd19fad418 [CANDIDATE]: Term 4 pre-election: RPC error from VoteRequest() call to peer 2e3d7e621b864672aaa91ea2d0bbd1b9 (127.112.245.252:58453): Timed out: RequestConsensusVote RPC to 127.112.245.252:58453 timed out after 0.662s (SENT)
