I0227 17:25:14.621822 84513 fs_manager.cc:503] Time spent creating directory manager: real 0.018s user 0.005s sys 0.002s
I0227 17:25:14.622764 84513 env_posix.cc:1676] Not raising this process' open files per process limit of 32768; it is already as high as it can go
I0227 17:25:14.623330 84513 file_cache.cc:466] Constructed file cache lbm with capacity 13107
I0227 17:25:14.624649 83271 master_service.cc:263] Signed X509 certificate for tserver {username='adar'} at 127.112.245.193:57349
I0227 17:25:14.627037 84513 log_block_manager.cc:1950] Data dir /tmp/kudutest-4282/master_failover-itest.1.HmsConfigurations_MasterFailoverTest.TestKUDU1374_1.1551317010817988-115671/minicluster-data/ts-2/data/data is on an ext4 filesystem vulnerable to KUDU-1508 with block size 4096
I0227 17:25:14.627178 84513 log_block_manager.cc:1960] Limiting containers on data directory /tmp/kudutest-4282/master_failover-itest.1.HmsConfigurations_MasterFailoverTest.TestKUDU1374_1.1551317010817988-115671/minicluster-data/ts-2/data/data to 2721 blocks
I0227 17:25:14.629134 84513 fs_manager.cc:419] Time spent opening block manager: real 0.002s user 0.001s sys 0.000s
I0227 17:25:14.629278 84513 fs_manager.cc:436] Opened local filesystem: /tmp/kudutest-4282/master_failover-itest.1.HmsConfigurations_MasterFailoverTest.TestKUDU1374_1.1551317010817988-115671/minicluster-data/ts-2/data,/tmp/kudutest-4282/master_failover-itest.1.HmsConfigurations_MasterFailoverTest.TestKUDU1374_1.1551317010817988-115671/minicluster-data/ts-2/wal uuid: "cbbfafdf0bc146c58b6459f414490a7a" format_stamp: "Formatted at 2019-02-28 01:25:14 on ve0518.halxg.cloudera.com"
I0227 17:25:14.629434 84513 fs_report.cc:352] FS layout report -------------------- wal directory: /tmp/kudutest-4282/master_failover-itest.1.HmsConfigurations_MasterFailoverTest.TestKUDU1374_1.1551317010817988-115671/minicluster-data/ts-2/wal metadata directory: /tmp/kudutest-4282/master_failover-itest.1.HmsConfigurations_MasterFailoverTest.TestKUDU1374_1.1551317010817988-115671/minicluster-data/ts-2/wal 1 data directories: /tmp/kudutest-4282/master_failover-itest.1.HmsConfigurations_MasterFailoverTest.TestKUDU1374_1.1551317010817988-115671/minicluster-data/ts-2/data/data Total live blocks: 0 Total live bytes: 0 Total live bytes (after alignment): 0 Total number of LBM containers: 0 (0 full) Did not check for missing blocks Did not check for orphaned blocks Total full LBM containers with extra space: 0 (0 repaired) Total full LBM container extra space in bytes: 0 (0 repaired) Total incomplete LBM containers: 0 (0 repaired) Total LBM partial records: 0 (0 repaired)
I0227 17:25:14.692497 84513 env_posix.cc:1671] Raising this process' running threads per effective uid limit from 32768 to 65536
I0227 17:25:14.694144 84513 ts_tablet_manager.cc:356] Loaded tablet metadata (0 live tablets)
I0227 17:25:14.694352 84513 tablet_server_main.cc:90] Starting tablet server...
I0227 17:25:14.719792 84513 rpc_server.cc:205] RPC server started. Bound to: 127.112.245.195:36757
I0227 17:25:14.720191 84513 webserver.cc:175] Starting webserver on 127.112.245.195:0
I0227 17:25:14.720207 84513 webserver.cc:186] Document root disabled
I0227 17:25:14.720860 84513 webserver.cc:313] Webserver started. Bound to: http://127.112.245.195:37047/
I0227 17:25:14.721434 84513 server_base.cc:607] Dumped server information to /tmp/kudutest-4282/master_failover-itest.1.HmsConfigurations_MasterFailoverTest.TestKUDU1374_1.1551317010817988-115671/minicluster-data/ts-2/data/info.pb
I0227 17:25:14.722323 84513 tablet_server_main.cc:93] Tablet server successfully started.
I0227 17:25:14.727591 115671 external_mini_cluster.cc:995] Started /data/1/adar/apache-kudu-1.9.0/build/debug/bin/kudu-tserver as pid 84513
I0227 17:25:14.738843 84861 heartbeater.cc:345] Connected to a master server at 127.112.245.252:54641
I0227 17:25:14.739190 84861 heartbeater.cc:425] Registering TS with master...
I0227 17:25:14.740762 84861 heartbeater.cc:474] Master 127.112.245.252:54641 requested a full tablet report, sending...
I0227 17:25:14.742343 83271 ts_manager.cc:98] Registered new tserver with Master: cbbfafdf0bc146c58b6459f414490a7a (127.112.245.195:36757)
I0227 17:25:14.742902 84862 heartbeater.cc:345] Connected to a master server at 127.112.245.253:56207
I0227 17:25:14.742954 84862 heartbeater.cc:425] Registering TS with master...
I0227 17:25:14.743091 84862 heartbeater.cc:474] Master 127.112.245.253:56207 requested a full tablet report, sending...
I0227 17:25:14.743245 83271 master_service.cc:263] Signed X509 certificate for tserver {username='adar'} at 127.112.245.195:38262
I0227 17:25:14.743890 82575 ts_manager.cc:98] Registered new tserver with Master: cbbfafdf0bc146c58b6459f414490a7a (127.112.245.195:36757)
I0227 17:25:14.746249 84863 heartbeater.cc:345] Connected to a master server at 127.112.245.254:59500
I0227 17:25:14.746304 84863 heartbeater.cc:425] Registering TS with master...
I0227 17:25:14.746424 84863 heartbeater.cc:474] Master 127.112.245.254:59500 requested a full tablet report, sending...
I0227 17:25:14.747854 82302 ts_manager.cc:98] Registered new tserver with Master: cbbfafdf0bc146c58b6459f414490a7a (127.112.245.195:36757)
I0227 17:25:14.756989 115671 external_mini_cluster.cc:623] 3 TS(s) registered with all masters
I0227 17:25:14.844688 83415 catalog_manager.cc:1102] T 00000000000000000000000000000000 P fb391df2cca34c75b7bbcdb28021f859: acquiring CA information for follower catalog manager: success
I0227 17:25:14.846032 83415 catalog_manager.cc:1130] T 00000000000000000000000000000000 P fb391df2cca34c75b7bbcdb28021f859: importing token verification keys for follower catalog manager: success; most recent TSK sequence number 0
I0227 17:25:14.880390 84937 raft_consensus.cc:472] T 00000000000000000000000000000000 P fb391df2cca34c75b7bbcdb28021f859 [term 1 FOLLOWER]: Starting pre-election (detected failure of leader 5f2313af35794c1ab241048f12ffc6a4)
I0227 17:25:14.881058 84937 raft_consensus.cc:494] T 00000000000000000000000000000000 P fb391df2cca34c75b7bbcdb28021f859 [term 1 FOLLOWER]: Starting pre-election with config: opid_index: -1 OBSOLETE_local: false peers { permanent_uuid: "fb391df2cca34c75b7bbcdb28021f859" member_type: VOTER last_known_addr { host: "127.112.245.254" port: 59500 } } peers { permanent_uuid: "085345f98902407db9fdb0edaf1c1438" member_type: VOTER last_known_addr { host: "127.112.245.253" port: 56207 } } peers { permanent_uuid: "5f2313af35794c1ab241048f12ffc6a4" member_type: VOTER last_known_addr { host: "127.112.245.252" port: 54641 } }
I0227 17:25:14.883013 82578 tablet_service.cc:1010] Received RequestConsensusVote() RPC: tablet_id: "00000000000000000000000000000000" candidate_uuid: "fb391df2cca34c75b7bbcdb28021f859" candidate_term: 2 candidate_status { last_received { term: 1 index: 3 } } ignore_live_leader: false dest_uuid: "085345f98902407db9fdb0edaf1c1438" is_pre_election: true
I0227 17:25:14.883124 82578 raft_consensus.cc:2307] T 00000000000000000000000000000000 P 085345f98902407db9fdb0edaf1c1438 [term 1 FOLLOWER]: Leader pre-election vote request: Denying vote to candidate fb391df2cca34c75b7bbcdb28021f859 for term 2 because replica is either leader or believes a valid leader to be alive.
I0227 17:25:14.883237 84937 leader_election.cc:292] T 00000000000000000000000000000000 P fb391df2cca34c75b7bbcdb28021f859 [CANDIDATE]: Term 2 pre-election: Requested pre-vote from peers 085345f98902407db9fdb0edaf1c1438 (127.112.245.253:56207), 5f2313af35794c1ab241048f12ffc6a4 (127.112.245.252:54641)
I0227 17:25:14.883384 83277 tablet_service.cc:1010] Received RequestConsensusVote() RPC: tablet_id: "00000000000000000000000000000000" candidate_uuid: "fb391df2cca34c75b7bbcdb28021f859" candidate_term: 2 candidate_status { last_received { term: 1 index: 3 } } ignore_live_leader: false dest_uuid: "5f2313af35794c1ab241048f12ffc6a4" is_pre_election: true
I0227 17:25:14.883535 83277 raft_consensus.cc:2307] T 00000000000000000000000000000000 P 5f2313af35794c1ab241048f12ffc6a4 [term 1 LEADER]: Leader pre-election vote request: Denying vote to candidate fb391df2cca34c75b7bbcdb28021f859 for term 2 because replica is either leader or believes a valid leader to be alive.
I0227 17:25:14.884243 82275 leader_election.cc:306] T 00000000000000000000000000000000 P fb391df2cca34c75b7bbcdb28021f859 [CANDIDATE]: Term 2 pre-election: Election decided. Result: candidate lost. Election summary: received 3 responses out of 3 voters: 1 yes votes; 2 no votes. yes voters: fb391df2cca34c75b7bbcdb28021f859; no voters: 085345f98902407db9fdb0edaf1c1438, 5f2313af35794c1ab241048f12ffc6a4
I0227 17:25:14.884742 84937 raft_consensus.cc:2588] T 00000000000000000000000000000000 P fb391df2cca34c75b7bbcdb28021f859 [term 1 FOLLOWER]: Leader pre-election lost for term 2. Reason: could not achieve majority
I0227 17:25:14.990244 84507 heartbeater.cc:466] Master 127.112.245.252:54641 was elected leader, sending a full tablet report...
I0227 17:25:15.065382 83865 catalog_manager.cc:1102] T 00000000000000000000000000000000 P 085345f98902407db9fdb0edaf1c1438: acquiring CA information for follower catalog manager: success
I0227 17:25:15.066762 83865 catalog_manager.cc:1130] T 00000000000000000000000000000000 P 085345f98902407db9fdb0edaf1c1438: importing token verification keys for follower catalog manager: success; most recent TSK sequence number 0
I0227 17:25:15.129736 83998 heartbeater.cc:466] Master 127.112.245.252:54641 was elected leader, sending a full tablet report...
I0227 17:25:15.172364 83271 catalog_manager.cc:1386] Servicing CreateTable request from {username='adar'} at 127.112.245.252:39598: name: "default.test_kudu_1374" schema { columns { name: "key" type: INT32 is_key: true is_nullable: false encoding: AUTO_ENCODING compression: DEFAULT_COMPRESSION cfile_block_size: 0 } columns { name: "int_val" type: INT32 is_key: false is_nullable: false encoding: AUTO_ENCODING compression: DEFAULT_COMPRESSION cfile_block_size: 0 } columns { name: "string_val" type: STRING is_key: false is_nullable: false encoding: AUTO_ENCODING compression: DEFAULT_COMPRESSION cfile_block_size: 0 } } split_rows_range_bounds { } partition_schema { range_schema { columns { name: "key" } } }
W0227 17:25:15.173646 83271 catalog_manager.cc:1537] The number of live tablet servers is not enough to re-replicate a tablet replica of the newly created table default.test_kudu_1374 in case of a server failure: 4 tablet servers would be needed, 3 are available. Consider bringing up more tablet servers.
I0227 17:25:15.247216 84861 heartbeater.cc:466] Master 127.112.245.252:54641 was elected leader, sending a full tablet report...
I0227 17:25:15.870209 85494 raft_consensus.cc:472] T 00000000000000000000000000000000 P fb391df2cca34c75b7bbcdb28021f859 [term 1 FOLLOWER]: Starting pre-election (detected failure of leader 5f2313af35794c1ab241048f12ffc6a4)
I0227 17:25:15.870349 85494 raft_consensus.cc:494] T 00000000000000000000000000000000 P fb391df2cca34c75b7bbcdb28021f859 [term 1 FOLLOWER]: Starting pre-election with config: opid_index: -1 OBSOLETE_local: false peers { permanent_uuid: "fb391df2cca34c75b7bbcdb28021f859" member_type: VOTER last_known_addr { host: "127.112.245.254" port: 59500 } } peers { permanent_uuid: "085345f98902407db9fdb0edaf1c1438" member_type: VOTER last_known_addr { host: "127.112.245.253" port: 56207 } } peers { permanent_uuid: "5f2313af35794c1ab241048f12ffc6a4" member_type: VOTER last_known_addr { host: "127.112.245.252" port: 54641 } }
I0227 17:25:15.870890 85494 leader_election.cc:292] T 00000000000000000000000000000000 P fb391df2cca34c75b7bbcdb28021f859 [CANDIDATE]: Term 2 pre-election: Requested pre-vote from peers 085345f98902407db9fdb0edaf1c1438 (127.112.245.253:56207), 5f2313af35794c1ab241048f12ffc6a4 (127.112.245.252:54641)
I0227 17:25:15.871276 82578 tablet_service.cc:1010] Received RequestConsensusVote() RPC: tablet_id: "00000000000000000000000000000000" candidate_uuid: "fb391df2cca34c75b7bbcdb28021f859" candidate_term: 2 candidate_status { last_received { term: 1 index: 3 } } ignore_live_leader: false dest_uuid: "085345f98902407db9fdb0edaf1c1438" is_pre_election: true
I0227 17:25:15.871289 83277 tablet_service.cc:1010] Received RequestConsensusVote() RPC: tablet_id: "00000000000000000000000000000000" candidate_uuid: "fb391df2cca34c75b7bbcdb28021f859" candidate_term: 2 candidate_status { last_received { term: 1 index: 3 } } ignore_live_leader: false dest_uuid: "5f2313af35794c1ab241048f12ffc6a4" is_pre_election: true
I0227 17:25:15.871351 82578 raft_consensus.cc:2307] T 00000000000000000000000000000000 P 085345f98902407db9fdb0edaf1c1438 [term 1 FOLLOWER]: Leader pre-election vote request: Denying vote to candidate fb391df2cca34c75b7bbcdb28021f859 for term 2 because replica is either leader or believes a valid leader to be alive.
I0227 17:25:15.871358 83277 raft_consensus.cc:2307] T 00000000000000000000000000000000 P 5f2313af35794c1ab241048f12ffc6a4 [term 1 LEADER]: Leader pre-election vote request: Denying vote to candidate fb391df2cca34c75b7bbcdb28021f859 for term 2 because replica is either leader or believes a valid leader to be alive.
I0227 17:25:15.871695 82274 leader_election.cc:306] T 00000000000000000000000000000000 P fb391df2cca34c75b7bbcdb28021f859 [CANDIDATE]: Term 2 pre-election: Election decided. Result: candidate lost. Election summary: received 3 responses out of 3 voters: 1 yes votes; 2 no votes. yes voters: fb391df2cca34c75b7bbcdb28021f859; no voters: 085345f98902407db9fdb0edaf1c1438, 5f2313af35794c1ab241048f12ffc6a4
I0227 17:25:15.877920 85494 raft_consensus.cc:2588] T 00000000000000000000000000000000 P fb391df2cca34c75b7bbcdb28021f859 [term 1 FOLLOWER]: Leader pre-election lost for term 2. Reason: could not achieve majority
I0227 17:25:16.117404 85573 raft_consensus.cc:472] T 00000000000000000000000000000000 P 085345f98902407db9fdb0edaf1c1438 [term 1 FOLLOWER]: Starting pre-election (detected failure of leader 5f2313af35794c1ab241048f12ffc6a4)
I0227 17:25:16.117522 85573 raft_consensus.cc:494] T 00000000000000000000000000000000 P 085345f98902407db9fdb0edaf1c1438 [term 1 FOLLOWER]: Starting pre-election with config: opid_index: -1 OBSOLETE_local: false peers { permanent_uuid: "fb391df2cca34c75b7bbcdb28021f859" member_type: VOTER last_known_addr { host: "127.112.245.254" port: 59500 } } peers { permanent_uuid: "085345f98902407db9fdb0edaf1c1438" member_type: VOTER last_known_addr { host: "127.112.245.253" port: 56207 } } peers { permanent_uuid: "5f2313af35794c1ab241048f12ffc6a4" member_type: VOTER last_known_addr { host: "127.112.245.252" port: 54641 } }
I0227 17:25:16.118803 85573 leader_election.cc:292] T 00000000000000000000000000000000 P 085345f98902407db9fdb0edaf1c1438 [CANDIDATE]: Term 2 pre-election: Requested pre-vote from peers fb391df2cca34c75b7bbcdb28021f859 (127.112.245.254:59500), 5f2313af35794c1ab241048f12ffc6a4 (127.112.245.252:54641)
I0227 17:25:16.119151 83277 tablet_service.cc:1010] Received RequestConsensusVote() RPC: tablet_id: "00000000000000000000000000000000" candidate_uuid: "085345f98902407db9fdb0edaf1c1438" candidate_term: 2 candidate_status { last_received { term: 1 index: 3 } } ignore_live_leader: false dest_uuid: "5f2313af35794c1ab241048f12ffc6a4" is_pre_election: true
I0227 17:25:16.119156 82306 tablet_service.cc:1010] Received RequestConsensusVote() RPC: tablet_id: "00000000000000000000000000000000" candidate_uuid: "085345f98902407db9fdb0edaf1c1438" candidate_term: 2 candidate_status { last_received { term: 1 index: 3 } } ignore_live_leader: false dest_uuid: "fb391df2cca34c75b7bbcdb28021f859" is_pre_election: true
I0227 17:25:16.119225 83277 raft_consensus.cc:2307] T 00000000000000000000000000000000 P 5f2313af35794c1ab241048f12ffc6a4 [term 1 LEADER]: Leader pre-election vote request: Denying vote to candidate 085345f98902407db9fdb0edaf1c1438 for term 2 because replica is either leader or believes a valid leader to be alive.
I0227 17:25:16.119238 82306 raft_consensus.cc:2307] T 00000000000000000000000000000000 P fb391df2cca34c75b7bbcdb28021f859 [term 1 FOLLOWER]: Leader pre-election vote request: Denying vote to candidate 085345f98902407db9fdb0edaf1c1438 for term 2 because replica is either leader or believes a valid leader to be alive.
I0227 17:25:16.119699 82527 leader_election.cc:306] T 00000000000000000000000000000000 P 085345f98902407db9fdb0edaf1c1438 [CANDIDATE]: Term 2 pre-election: Election decided. Result: candidate lost. Election summary: received 3 responses out of 3 voters: 1 yes votes; 2 no votes. yes voters: 085345f98902407db9fdb0edaf1c1438; no voters: 5f2313af35794c1ab241048f12ffc6a4, fb391df2cca34c75b7bbcdb28021f859
I0227 17:25:16.120137 85573 raft_consensus.cc:2588] T 00000000000000000000000000000000 P 085345f98902407db9fdb0edaf1c1438 [term 1 FOLLOWER]: Leader pre-election lost for term 2. Reason: could not achieve majority
W0227 17:25:16.381712 83440 hms_client.cc:245] Time spent create HMS table: real 1.207s user 0.000s sys 0.000s
I0227 17:25:16.411314 83271 rpcz_store.cc:269] Call kudu.master.MasterService.CreateTable from 127.112.245.252:39598 (request call id 2) took 1622ms. Request Metrics: {"Hive Metastore.queue_time_us":40,"Hive Metastore.run_cpu_time_us":440,"Hive Metastore.run_wall_time_us":1207188,"child_traces":[["txn",{"apply.queue_time_us":8900,"apply.run_cpu_time_us":471,"apply.run_wall_time_us":1140,"num_ops":2,"prepare.queue_time_us":6865,"prepare.run_cpu_time_us":839,"prepare.run_wall_time_us":1359,"raft.queue_time_us":81,"raft.run_cpu_time_us":415,"raft.run_wall_time_us":433,"replication_time_us":10588,"spinlock_wait_cycles":275584,"thread_start_us":272,"threads_started":3,"wal-append.queue_time_us":10197}]]}
I0227 17:25:16.440017 83924 tablet_service.cc:774] Processing CreateTablet for tablet 4ec4f00807094acead28bf862d918e3d (table=default.test_kudu_1374 [id=590492545c6642e3a9aba7d0131ea9b7]), partition=RANGE (key) PARTITION UNBOUNDED
I0227 17:25:16.440501 83924 data_dirs.cc:938] Could only allocate 1 dirs of requested 3 for tablet 4ec4f00807094acead28bf862d918e3d. 1 dirs total, 0 dirs full, 0 dirs failed
I0227 17:25:16.447891 83924 ts_tablet_manager.cc:1175] T 4ec4f00807094acead28bf862d918e3d P 88ecc5dd132749c8ac37c3e22f2f8205: Registered tablet (data state: TABLET_DATA_READY)
I0227 17:25:16.448256 84783 tablet_service.cc:774] Processing CreateTablet for tablet 4ec4f00807094acead28bf862d918e3d (table=default.test_kudu_1374 [id=590492545c6642e3a9aba7d0131ea9b7]), partition=RANGE (key) PARTITION UNBOUNDED
I0227 17:25:16.448325 84427 tablet_service.cc:774] Processing CreateTablet for tablet 4ec4f00807094acead28bf862d918e3d (table=default.test_kudu_1374 [id=590492545c6642e3a9aba7d0131ea9b7]), partition=RANGE (key) PARTITION UNBOUNDED
I0227 17:25:16.448740 84783 data_dirs.cc:938] Could only allocate 1 dirs of requested 3 for tablet 4ec4f00807094acead28bf862d918e3d. 1 dirs total, 0 dirs full, 0 dirs failed
I0227 17:25:16.448797 84427 data_dirs.cc:938] Could only allocate 1 dirs of requested 3 for tablet 4ec4f00807094acead28bf862d918e3d. 1 dirs total, 0 dirs full, 0 dirs failed
I0227 17:25:16.453987 84783 ts_tablet_manager.cc:1175] T 4ec4f00807094acead28bf862d918e3d P cbbfafdf0bc146c58b6459f414490a7a: Registered tablet (data state: TABLET_DATA_READY)
I0227 17:25:16.457825 85786 ts_tablet_manager.cc:1030] T 4ec4f00807094acead28bf862d918e3d P 88ecc5dd132749c8ac37c3e22f2f8205: Bootstrapping tablet
I0227 17:25:16.458108 85786 tablet_bootstrap.cc:439] T 4ec4f00807094acead28bf862d918e3d P 88ecc5dd132749c8ac37c3e22f2f8205: Bootstrap starting.
I0227 17:25:16.460155 85795 ts_tablet_manager.cc:1030] T 4ec4f00807094acead28bf862d918e3d P cbbfafdf0bc146c58b6459f414490a7a: Bootstrapping tablet
I0227 17:25:16.460371 84427 ts_tablet_manager.cc:1175] T 4ec4f00807094acead28bf862d918e3d P 3c2b9a85798d4983a0a96b9f73ec0ee3: Registered tablet (data state: TABLET_DATA_READY)
I0227 17:25:16.460558 85795 tablet_bootstrap.cc:439] T 4ec4f00807094acead28bf862d918e3d P cbbfafdf0bc146c58b6459f414490a7a: Bootstrap starting.
I0227 17:25:16.465816 85795 tablet_bootstrap.cc:593] T 4ec4f00807094acead28bf862d918e3d P cbbfafdf0bc146c58b6459f414490a7a: No blocks or log segments found. Creating new log.
I0227 17:25:16.469348 85799 ts_tablet_manager.cc:1030] T 4ec4f00807094acead28bf862d918e3d P 3c2b9a85798d4983a0a96b9f73ec0ee3: Bootstrapping tablet
I0227 17:25:16.469717 85799 tablet_bootstrap.cc:439] T 4ec4f00807094acead28bf862d918e3d P 3c2b9a85798d4983a0a96b9f73ec0ee3: Bootstrap starting.
I0227 17:25:16.470144 85786 tablet_bootstrap.cc:593] T 4ec4f00807094acead28bf862d918e3d P 88ecc5dd132749c8ac37c3e22f2f8205: No blocks or log segments found. Creating new log.
I0227 17:25:16.470583 85795 log.cc:525] T 4ec4f00807094acead28bf862d918e3d P cbbfafdf0bc146c58b6459f414490a7a: Log is configured to *not* fsync() on all Append() calls
I0227 17:25:16.471236 85786 log.cc:525] T 4ec4f00807094acead28bf862d918e3d P 88ecc5dd132749c8ac37c3e22f2f8205: Log is configured to *not* fsync() on all Append() calls
I0227 17:25:16.472755 85799 tablet_bootstrap.cc:593] T 4ec4f00807094acead28bf862d918e3d P 3c2b9a85798d4983a0a96b9f73ec0ee3: No blocks or log segments found. Creating new log.
I0227 17:25:16.473754 85799 log.cc:525] T 4ec4f00807094acead28bf862d918e3d P 3c2b9a85798d4983a0a96b9f73ec0ee3: Log is configured to *not* fsync() on all Append() calls
I0227 17:25:16.480585 85795 tablet_bootstrap.cc:439] T 4ec4f00807094acead28bf862d918e3d P cbbfafdf0bc146c58b6459f414490a7a: No bootstrap required, opened a new log
I0227 17:25:16.480793 85795 ts_tablet_manager.cc:1047] T 4ec4f00807094acead28bf862d918e3d P cbbfafdf0bc146c58b6459f414490a7a: Time spent bootstrapping tablet: real 0.020s user 0.002s sys 0.002s
I0227 17:25:16.483928 85795 raft_consensus.cc:340] T 4ec4f00807094acead28bf862d918e3d P cbbfafdf0bc146c58b6459f414490a7a [term 0 FOLLOWER]: Replica starting. Triggering 0 pending transactions. Active config: opid_index: -1 OBSOLETE_local: false peers { permanent_uuid: "88ecc5dd132749c8ac37c3e22f2f8205" member_type: VOTER last_known_addr { host: "127.112.245.193" port: 58465 } } peers { permanent_uuid: "cbbfafdf0bc146c58b6459f414490a7a" member_type: VOTER last_known_addr { host: "127.112.245.195" port: 36757 } } peers { permanent_uuid: "3c2b9a85798d4983a0a96b9f73ec0ee3" member_type: VOTER last_known_addr { host: "127.112.245.194" port: 49996 } }
I0227 17:25:16.484019 85795 raft_consensus.cc:366] T 4ec4f00807094acead28bf862d918e3d P cbbfafdf0bc146c58b6459f414490a7a [term 0 FOLLOWER]: Consensus starting up: Expiring failure detector timer to make a prompt election more likely
I0227 17:25:16.484064 85795 raft_consensus.cc:705] T 4ec4f00807094acead28bf862d918e3d P cbbfafdf0bc146c58b6459f414490a7a [term 0 FOLLOWER]: Becoming Follower/Learner. State: Replica: cbbfafdf0bc146c58b6459f414490a7a, State: Initialized, Role: FOLLOWER
I0227 17:25:16.484463 85795 consensus_queue.cc:229] T 4ec4f00807094acead28bf862d918e3d P cbbfafdf0bc146c58b6459f414490a7a [NON_LEADER]: Queue going to NON_LEADER mode. State: All replicated index: 0, Majority replicated index: 0, Committed index: 0, Last appended: 0.0, Last appended by leader: 0, Current term: 0, Majority size: -1, State: 0, Mode: NON_LEADER, active raft config: opid_index: -1 OBSOLETE_local: false peers { permanent_uuid: "88ecc5dd132749c8ac37c3e22f2f8205" member_type: VOTER last_known_addr { host: "127.112.245.193" port: 58465 } } peers { permanent_uuid: "cbbfafdf0bc146c58b6459f414490a7a" member_type: VOTER last_known_addr { host: "127.112.245.195" port: 36757 } } peers { permanent_uuid: "3c2b9a85798d4983a0a96b9f73ec0ee3" member_type: VOTER last_known_addr { host: "127.112.245.194" port: 49996 } }
I0227 17:25:16.485440 85795 ts_tablet_manager.cc:1075] T 4ec4f00807094acead28bf862d918e3d P cbbfafdf0bc146c58b6459f414490a7a: Time spent starting tablet: real 0.005s user 0.004s sys 0.001s
I0227 17:25:16.490384 85786 tablet_bootstrap.cc:439] T 4ec4f00807094acead28bf862d918e3d P 88ecc5dd132749c8ac37c3e22f2f8205: No bootstrap required, opened a new log
I0227 17:25:16.490587 85786 ts_tablet_manager.cc:1047] T 4ec4f00807094acead28bf862d918e3d P 88ecc5dd132749c8ac37c3e22f2f8205: Time spent bootstrapping tablet: real 0.033s user 0.002s sys 0.002s
I0227 17:25:16.493805 85786 raft_consensus.cc:340] T 4ec4f00807094acead28bf862d918e3d P 88ecc5dd132749c8ac37c3e22f2f8205 [term 0 FOLLOWER]: Replica starting. Triggering 0 pending transactions. Active config: opid_index: -1 OBSOLETE_local: false peers { permanent_uuid: "88ecc5dd132749c8ac37c3e22f2f8205" member_type: VOTER last_known_addr { host: "127.112.245.193" port: 58465 } } peers { permanent_uuid: "cbbfafdf0bc146c58b6459f414490a7a" member_type: VOTER last_known_addr { host: "127.112.245.195" port: 36757 } } peers { permanent_uuid: "3c2b9a85798d4983a0a96b9f73ec0ee3" member_type: VOTER last_known_addr { host: "127.112.245.194" port: 49996 } }
I0227 17:25:16.493901 85786 raft_consensus.cc:366] T 4ec4f00807094acead28bf862d918e3d P 88ecc5dd132749c8ac37c3e22f2f8205 [term 0 FOLLOWER]: Consensus starting up: Expiring failure detector timer to make a prompt election more likely
I0227 17:25:16.493957 85786 raft_consensus.cc:705] T 4ec4f00807094acead28bf862d918e3d P 88ecc5dd132749c8ac37c3e22f2f8205 [term 0 FOLLOWER]: Becoming Follower/Learner. State: Replica: 88ecc5dd132749c8ac37c3e22f2f8205, State: Initialized, Role: FOLLOWER
I0227 17:25:16.495260 85786 consensus_queue.cc:229] T 4ec4f00807094acead28bf862d918e3d P 88ecc5dd132749c8ac37c3e22f2f8205 [NON_LEADER]: Queue going to NON_LEADER mode. State: All replicated index: 0, Majority replicated index: 0, Committed index: 0, Last appended: 0.0, Last appended by leader: 0, Current term: 0, Majority size: -1, State: 0, Mode: NON_LEADER, active raft config: opid_index: -1 OBSOLETE_local: false peers { permanent_uuid: "88ecc5dd132749c8ac37c3e22f2f8205" member_type: VOTER last_known_addr { host: "127.112.245.193" port: 58465 } } peers { permanent_uuid: "cbbfafdf0bc146c58b6459f414490a7a" member_type: VOTER last_known_addr { host: "127.112.245.195" port: 36757 } } peers { permanent_uuid: "3c2b9a85798d4983a0a96b9f73ec0ee3" member_type: VOTER last_known_addr { host: "127.112.245.194" port: 49996 } }
I0227 17:25:16.495436 85799 tablet_bootstrap.cc:439] T 4ec4f00807094acead28bf862d918e3d P 3c2b9a85798d4983a0a96b9f73ec0ee3: No bootstrap required, opened a new log
I0227 17:25:16.495635 85799 ts_tablet_manager.cc:1047] T 4ec4f00807094acead28bf862d918e3d P 3c2b9a85798d4983a0a96b9f73ec0ee3: Time spent bootstrapping tablet: real 0.026s user 0.003s sys 0.001s
I0227 17:25:16.498803 85786 ts_tablet_manager.cc:1075] T 4ec4f00807094acead28bf862d918e3d P 88ecc5dd132749c8ac37c3e22f2f8205: Time spent starting tablet: real 0.008s user 0.003s sys 0.002s
I0227 17:25:16.498895 85799 raft_consensus.cc:340] T 4ec4f00807094acead28bf862d918e3d P 3c2b9a85798d4983a0a96b9f73ec0ee3 [term 0 FOLLOWER]: Replica starting. Triggering 0 pending transactions. Active config: opid_index: -1 OBSOLETE_local: false peers { permanent_uuid: "88ecc5dd132749c8ac37c3e22f2f8205" member_type: VOTER last_known_addr { host: "127.112.245.193" port: 58465 } } peers { permanent_uuid: "cbbfafdf0bc146c58b6459f414490a7a" member_type: VOTER last_known_addr { host: "127.112.245.195" port: 36757 } } peers { permanent_uuid: "3c2b9a85798d4983a0a96b9f73ec0ee3" member_type: VOTER last_known_addr { host: "127.112.245.194" port: 49996 } }
I0227 17:25:16.498991 85799 raft_consensus.cc:366] T 4ec4f00807094acead28bf862d918e3d P 3c2b9a85798d4983a0a96b9f73ec0ee3 [term 0 FOLLOWER]: Consensus starting up: Expiring failure detector timer to make a prompt election more likely
I0227 17:25:16.499047 85799 raft_consensus.cc:705] T 4ec4f00807094acead28bf862d918e3d P 3c2b9a85798d4983a0a96b9f73ec0ee3 [term 0 FOLLOWER]: Becoming Follower/Learner. State: Replica: 3c2b9a85798d4983a0a96b9f73ec0ee3, State: Initialized, Role: FOLLOWER
I0227 17:25:16.499634 85799 consensus_queue.cc:229] T 4ec4f00807094acead28bf862d918e3d P 3c2b9a85798d4983a0a96b9f73ec0ee3 [NON_LEADER]: Queue going to NON_LEADER mode. State: All replicated index: 0, Majority replicated index: 0, Committed index: 0, Last appended: 0.0, Last appended by leader: 0, Current term: 0, Majority size: -1, State: 0, Mode: NON_LEADER, active raft config: opid_index: -1 OBSOLETE_local: false peers { permanent_uuid: "88ecc5dd132749c8ac37c3e22f2f8205" member_type: VOTER last_known_addr { host: "127.112.245.193" port: 58465 } } peers { permanent_uuid: "cbbfafdf0bc146c58b6459f414490a7a" member_type: VOTER last_known_addr { host: "127.112.245.195" port: 36757 } } peers { permanent_uuid: "3c2b9a85798d4983a0a96b9f73ec0ee3" member_type: VOTER last_known_addr { host: "127.112.245.194" port: 49996 } }
I0227 17:25:16.500591 85799 ts_tablet_manager.cc:1075] T 4ec4f00807094acead28bf862d918e3d P 3c2b9a85798d4983a0a96b9f73ec0ee3: Time spent starting tablet: real 0.005s user 0.004s sys 0.001s
W0227 17:25:16.625499 84002 tablet.cc:1786] T 4ec4f00807094acead28bf862d918e3d P 88ecc5dd132749c8ac37c3e22f2f8205: Can't schedule compaction. Clean time has not been advanced past its initial value.
I0227 17:25:16.660027 85814 raft_consensus.cc:472] T 4ec4f00807094acead28bf862d918e3d P cbbfafdf0bc146c58b6459f414490a7a [term 0 FOLLOWER]: Starting pre-election (no leader contacted us within the election timeout)
I0227 17:25:16.660202 85814 raft_consensus.cc:494] T 4ec4f00807094acead28bf862d918e3d P cbbfafdf0bc146c58b6459f414490a7a [term 0 FOLLOWER]: Starting pre-election with config: opid_index: -1 OBSOLETE_local: false peers { permanent_uuid: "88ecc5dd132749c8ac37c3e22f2f8205" member_type: VOTER last_known_addr { host: "127.112.245.193" port: 58465 } } peers { permanent_uuid: "cbbfafdf0bc146c58b6459f414490a7a" member_type: VOTER last_known_addr { host: "127.112.245.195" port: 36757 } } peers { permanent_uuid: "3c2b9a85798d4983a0a96b9f73ec0ee3" member_type: VOTER last_known_addr { host: "127.112.245.194" port: 49996 } }
I0227 17:25:16.661339 85814 leader_election.cc:292] T 4ec4f00807094acead28bf862d918e3d P cbbfafdf0bc146c58b6459f414490a7a [CANDIDATE]: Term 1 pre-election: Requested pre-vote from peers 88ecc5dd132749c8ac37c3e22f2f8205 (127.112.245.193:58465), 3c2b9a85798d4983a0a96b9f73ec0ee3 (127.112.245.194:49996)
I0227 17:25:16.684535 84444 tablet_service.cc:1010] Received RequestConsensusVote() RPC: tablet_id: "4ec4f00807094acead28bf862d918e3d" candidate_uuid: "cbbfafdf0bc146c58b6459f414490a7a" candidate_term: 1 candidate_status { last_received { term: 0 index: 0 } } ignore_live_leader: false dest_uuid: "3c2b9a85798d4983a0a96b9f73ec0ee3" is_pre_election: true
I0227 17:25:16.684725 84444 raft_consensus.cc:2346] T 4ec4f00807094acead28bf862d918e3d P 3c2b9a85798d4983a0a96b9f73ec0ee3 [term 0 FOLLOWER]: Leader pre-election vote request: Granting yes vote for candidate cbbfafdf0bc146c58b6459f414490a7a in term 0.
I0227 17:25:16.684809 83951 tablet_service.cc:1010] Received RequestConsensusVote() RPC: tablet_id: "4ec4f00807094acead28bf862d918e3d" candidate_uuid: "cbbfafdf0bc146c58b6459f414490a7a" candidate_term: 1 candidate_status { last_received { term: 0 index: 0 } } ignore_live_leader: false dest_uuid: "88ecc5dd132749c8ac37c3e22f2f8205" is_pre_election: true
I0227 17:25:16.684964 83951 raft_consensus.cc:2346] T 4ec4f00807094acead28bf862d918e3d P 88ecc5dd132749c8ac37c3e22f2f8205 [term 0 FOLLOWER]: Leader pre-election vote request: Granting yes vote for candidate cbbfafdf0bc146c58b6459f414490a7a in term 0.
I0227 17:25:16.685420 84730 leader_election.cc:306] T 4ec4f00807094acead28bf862d918e3d P cbbfafdf0bc146c58b6459f414490a7a [CANDIDATE]: Term 1 pre-election: Election decided. Result: candidate won. Election summary: received 2 responses out of 3 voters: 2 yes votes; 0 no votes. yes voters: 3c2b9a85798d4983a0a96b9f73ec0ee3, cbbfafdf0bc146c58b6459f414490a7a; no voters:
I0227 17:25:16.685832 85814 raft_consensus.cc:2640] T 4ec4f00807094acead28bf862d918e3d P cbbfafdf0bc146c58b6459f414490a7a [term 0 FOLLOWER]: Leader pre-election won for term 1
I0227 17:25:16.685884 85814 raft_consensus.cc:472] T 4ec4f00807094acead28bf862d918e3d P cbbfafdf0bc146c58b6459f414490a7a [term 0 FOLLOWER]: Starting leader election (no leader contacted us within the election timeout)
I0227 17:25:16.685909 85814 raft_consensus.cc:2886] T 4ec4f00807094acead28bf862d918e3d P cbbfafdf0bc146c58b6459f414490a7a [term 0 FOLLOWER]: Advancing to term 1
I0227 17:25:16.687150 85814 raft_consensus.cc:494] T 4ec4f00807094acead28bf862d918e3d P cbbfafdf0bc146c58b6459f414490a7a [term 1 FOLLOWER]: Starting leader election with config: opid_index: -1 OBSOLETE_local: false peers { permanent_uuid: "88ecc5dd132749c8ac37c3e22f2f8205" member_type: VOTER last_known_addr { host: "127.112.245.193" port: 58465 } } peers { permanent_uuid: "cbbfafdf0bc146c58b6459f414490a7a" member_type: VOTER last_known_addr { host: "127.112.245.195" port: 36757 } } peers { permanent_uuid: "3c2b9a85798d4983a0a96b9f73ec0ee3" member_type: VOTER last_known_addr { host: "127.112.245.194" port: 49996 } }
I0227 17:25:16.687618 85814 leader_election.cc:292] T 4ec4f00807094acead28bf862d918e3d P cbbfafdf0bc146c58b6459f414490a7a [CANDIDATE]: Term 1 election: Requested vote from peers 88ecc5dd132749c8ac37c3e22f2f8205 (127.112.245.193:58465), 3c2b9a85798d4983a0a96b9f73ec0ee3 (127.112.245.194:49996)
I0227 17:25:16.688109 84444 tablet_service.cc:1010] Received RequestConsensusVote() RPC: tablet_id: "4ec4f00807094acead28bf862d918e3d" candidate_uuid: "cbbfafdf0bc146c58b6459f414490a7a" candidate_term: 1 candidate_status { last_received { term: 0 index: 0 } } ignore_live_leader: false dest_uuid: "3c2b9a85798d4983a0a96b9f73ec0ee3"
I0227 17:25:16.688190 84444 raft_consensus.cc:2886] T 4ec4f00807094acead28bf862d918e3d P 3c2b9a85798d4983a0a96b9f73ec0ee3 [term 0 FOLLOWER]: Advancing to term 1
I0227 17:25:16.689457 84444 raft_consensus.cc:2346] T 4ec4f00807094acead28bf862d918e3d P 3c2b9a85798d4983a0a96b9f73ec0ee3 [term 1 FOLLOWER]: Leader election vote request: Granting yes vote for candidate cbbfafdf0bc146c58b6459f414490a7a in term 1.
I0227 17:25:16.689867 84730 leader_election.cc:306] T 4ec4f00807094acead28bf862d918e3d P cbbfafdf0bc146c58b6459f414490a7a [CANDIDATE]: Term 1 election: Election decided. Result: candidate won. Election summary: received 2 responses out of 3 voters: 2 yes votes; 0 no votes. yes voters: 3c2b9a85798d4983a0a96b9f73ec0ee3, cbbfafdf0bc146c58b6459f414490a7a; no voters:
I0227 17:25:16.690500 85814 raft_consensus.cc:2640] T 4ec4f00807094acead28bf862d918e3d P cbbfafdf0bc146c58b6459f414490a7a [term 1 FOLLOWER]: Leader election won for term 1
I0227 17:25:16.690678 85814 raft_consensus.cc:667] T 4ec4f00807094acead28bf862d918e3d P cbbfafdf0bc146c58b6459f414490a7a [term 1 LEADER]: Becoming Leader. State: Replica: cbbfafdf0bc146c58b6459f414490a7a, State: Running, Role: LEADER
I0227 17:25:16.690981 85814 consensus_queue.cc:206] T 4ec4f00807094acead28bf862d918e3d P cbbfafdf0bc146c58b6459f414490a7a [LEADER]: Queue going to LEADER mode. State: All replicated index: 0, Majority replicated index: 0, Committed index: 0, Last appended: 0.0, Last appended by leader: 0, Current term: 1, Majority size: 2, State: 0, Mode: LEADER, active raft config: opid_index: -1 OBSOLETE_local: false peers { permanent_uuid: "88ecc5dd132749c8ac37c3e22f2f8205" member_type: VOTER last_known_addr { host: "127.112.245.193" port: 58465 } } peers { permanent_uuid: "cbbfafdf0bc146c58b6459f414490a7a" member_type: VOTER last_known_addr { host: "127.112.245.195" port: 36757 } } peers { permanent_uuid: "3c2b9a85798d4983a0a96b9f73ec0ee3" member_type: VOTER last_known_addr { host: "127.112.245.194" port: 49996 } }
I0227 17:25:16.693044 83951 tablet_service.cc:1010] Received RequestConsensusVote() RPC: tablet_id: "4ec4f00807094acead28bf862d918e3d" candidate_uuid: "cbbfafdf0bc146c58b6459f414490a7a" candidate_term: 1 candidate_status { last_received { term: 0 index: 0 } } ignore_live_leader: false dest_uuid: "88ecc5dd132749c8ac37c3e22f2f8205"
I0227 17:25:16.693137 83951 raft_consensus.cc:2886] T 4ec4f00807094acead28bf862d918e3d P 88ecc5dd132749c8ac37c3e22f2f8205 [term 0 FOLLOWER]: Advancing to term 1
I0227 17:25:16.694350 83951 raft_consensus.cc:2346] T 4ec4f00807094acead28bf862d918e3d P 88ecc5dd132749c8ac37c3e22f2f8205 [term 1 FOLLOWER]: Leader election vote request: Granting yes vote for candidate cbbfafdf0bc146c58b6459f414490a7a in term 1.
I0227 17:25:16.696537 83271 catalog_manager.cc:3791] T 4ec4f00807094acead28bf862d918e3d P cbbfafdf0bc146c58b6459f414490a7a reported cstate change: term changed from 0 to 1, leader changed from to cbbfafdf0bc146c58b6459f414490a7a (127.112.245.195). New cstate: current_term: 1 leader_uuid: "cbbfafdf0bc146c58b6459f414490a7a" committed_config { opid_index: -1 OBSOLETE_local: false peers { permanent_uuid: "88ecc5dd132749c8ac37c3e22f2f8205" member_type: VOTER last_known_addr { host: "127.112.245.193" port: 58465 } health_report { overall_health: UNKNOWN } } peers { permanent_uuid: "cbbfafdf0bc146c58b6459f414490a7a" member_type: VOTER last_known_addr { host: "127.112.245.195" port: 36757 } health_report { overall_health: HEALTHY } } peers { permanent_uuid: "3c2b9a85798d4983a0a96b9f73ec0ee3" member_type: VOTER last_known_addr { host: "127.112.245.194" port: 49996 } health_report { overall_health: UNKNOWN } } }
W0227 17:25:16.701292 84510 tablet.cc:1786] T 4ec4f00807094acead28bf862d918e3d P 3c2b9a85798d4983a0a96b9f73ec0ee3: Can't schedule compaction. Clean time has not been advanced past its initial value.
W0227 17:25:16.723315 84864 tablet.cc:1786] T 4ec4f00807094acead28bf862d918e3d P cbbfafdf0bc146c58b6459f414490a7a: Can't schedule compaction. Clean time has not been advanced past its initial value.
I0227 17:25:17.098460 83951 raft_consensus.cc:1181] T 4ec4f00807094acead28bf862d918e3d P 88ecc5dd132749c8ac37c3e22f2f8205 [term 1 FOLLOWER]: Refusing update from remote peer cbbfafdf0bc146c58b6459f414490a7a: Log matching property violated. Preceding OpId in replica: term: 0 index: 0. Preceding OpId from leader: term: 1 index: 1. (index mismatch)
I0227 17:25:17.099694 86008 consensus_queue.cc:984] T 4ec4f00807094acead28bf862d918e3d P cbbfafdf0bc146c58b6459f414490a7a [LEADER]: Connected to new peer: Peer: permanent_uuid: "88ecc5dd132749c8ac37c3e22f2f8205" member_type: VOTER last_known_addr { host: "127.112.245.193" port: 58465 }, Status: LMP_MISMATCH, Last received: 0.0, Next index: 1, Last known committed idx: 0, Time since last communication: 0.000s
I0227 17:25:17.113674 84444 raft_consensus.cc:1181] T 4ec4f00807094acead28bf862d918e3d P 3c2b9a85798d4983a0a96b9f73ec0ee3 [term 1 FOLLOWER]: Refusing update from remote peer cbbfafdf0bc146c58b6459f414490a7a: Log matching property violated. Preceding OpId in replica: term: 0 index: 0. Preceding OpId from leader: term: 1 index: 1. (index mismatch)
I0227 17:25:17.114768 86008 consensus_queue.cc:984] T 4ec4f00807094acead28bf862d918e3d P cbbfafdf0bc146c58b6459f414490a7a [LEADER]: Connected to new peer: Peer: permanent_uuid: "3c2b9a85798d4983a0a96b9f73ec0ee3" member_type: VOTER last_known_addr { host: "127.112.245.194" port: 49996 }, Status: LMP_MISMATCH, Last received: 0.0, Next index: 1, Last known committed idx: 0, Time since last communication: 0.000s
I0227 17:25:17.607903 86839 raft_consensus.cc:472] T 00000000000000000000000000000000 P 085345f98902407db9fdb0edaf1c1438 [term 1 FOLLOWER]: Starting pre-election (detected failure of leader 5f2313af35794c1ab241048f12ffc6a4)
I0227 17:25:17.611078 86839 raft_consensus.cc:494] T 00000000000000000000000000000000 P 085345f98902407db9fdb0edaf1c1438 [term 1 FOLLOWER]: Starting pre-election with config: opid_index: -1 OBSOLETE_local: false peers { permanent_uuid: "fb391df2cca34c75b7bbcdb28021f859" member_type: VOTER last_known_addr { host: "127.112.245.254" port: 59500 } } peers { permanent_uuid: "085345f98902407db9fdb0edaf1c1438" member_type: VOTER last_known_addr { host: "127.112.245.253" port: 56207 } } peers { permanent_uuid: "5f2313af35794c1ab241048f12ffc6a4" member_type: VOTER last_known_addr { host: "127.112.245.252" port: 54641 } }
I0227 17:25:17.613868 86839 leader_election.cc:292] T 00000000000000000000000000000000 P 085345f98902407db9fdb0edaf1c1438 [CANDIDATE]: Term 2 pre-election: Requested pre-vote from peers fb391df2cca34c75b7bbcdb28021f859 (127.112.245.254:59500), 5f2313af35794c1ab241048f12ffc6a4 (127.112.245.252:54641)
I0227 17:25:17.614292 83277 tablet_service.cc:1010] Received RequestConsensusVote() RPC: tablet_id: "00000000000000000000000000000000" candidate_uuid: "085345f98902407db9fdb0edaf1c1438" candidate_term: 2 candidate_status { last_received { term: 1 index: 6 } } ignore_live_leader: false dest_uuid: "5f2313af35794c1ab241048f12ffc6a4" is_pre_election: true
I0227 17:25:17.614367 83277 raft_consensus.cc:2307] T 00000000000000000000000000000000 P 5f2313af35794c1ab241048f12ffc6a4 [term 1 LEADER]: Leader pre-election vote request: Denying vote to candidate 085345f98902407db9fdb0edaf1c1438 for term 2 because replica is either leader or believes a valid leader to be alive.
I0227 17:25:17.615339 82306 tablet_service.cc:1010] Received RequestConsensusVote() RPC: tablet_id: "00000000000000000000000000000000" candidate_uuid: "085345f98902407db9fdb0edaf1c1438" candidate_term: 2 candidate_status { last_received { term: 1 index: 6 } } ignore_live_leader: false dest_uuid: "fb391df2cca34c75b7bbcdb28021f859" is_pre_election: true
I0227 17:25:17.615406 82306 raft_consensus.cc:2307] T 00000000000000000000000000000000 P fb391df2cca34c75b7bbcdb28021f859 [term 1 FOLLOWER]: Leader pre-election vote request: Denying vote to candidate 085345f98902407db9fdb0edaf1c1438 for term 2 because replica is either leader or believes a valid leader to be alive.
I0227 17:25:17.617442 82527 leader_election.cc:306] T 00000000000000000000000000000000 P 085345f98902407db9fdb0edaf1c1438 [CANDIDATE]: Term 2 pre-election: Election decided. Result: candidate lost. Election summary: received 3 responses out of 3 voters: 1 yes votes; 2 no votes. yes voters: 085345f98902407db9fdb0edaf1c1438; no voters: 5f2313af35794c1ab241048f12ffc6a4, fb391df2cca34c75b7bbcdb28021f859
I0227 17:25:17.619367 86839 raft_consensus.cc:2588] T 00000000000000000000000000000000 P 085345f98902407db9fdb0edaf1c1438 [term 1 FOLLOWER]: Leader pre-election lost for term 2. Reason: could not achieve majority
I0227 17:25:17.639211 86846 raft_consensus.cc:472] T 00000000000000000000000000000000 P fb391df2cca34c75b7bbcdb28021f859 [term 1 FOLLOWER]: Starting pre-election (detected failure of leader 5f2313af35794c1ab241048f12ffc6a4)
I0227 17:25:17.639323 86846 raft_consensus.cc:494] T 00000000000000000000000000000000 P fb391df2cca34c75b7bbcdb28021f859 [term 1 FOLLOWER]: Starting pre-election with config: opid_index: -1 OBSOLETE_local: false peers { permanent_uuid: "fb391df2cca34c75b7bbcdb28021f859" member_type: VOTER last_known_addr { host: "127.112.245.254" port: 59500 } } peers { permanent_uuid: "085345f98902407db9fdb0edaf1c1438" member_type: VOTER last_known_addr { host: "127.112.245.253" port: 56207 } } peers { permanent_uuid: "5f2313af35794c1ab241048f12ffc6a4" member_type: VOTER last_known_addr { host: "127.112.245.252" port: 54641 } }
I0227 17:25:17.640079 86846 leader_election.cc:292] T 00000000000000000000000000000000 P fb391df2cca34c75b7bbcdb28021f859 [CANDIDATE]: Term 2 pre-election: Requested pre-vote from peers 085345f98902407db9fdb0edaf1c1438 (127.112.245.253:56207), 5f2313af35794c1ab241048f12ffc6a4 (127.112.245.252:54641)
I0227 17:25:17.640143 82578 tablet_service.cc:1010] Received RequestConsensusVote() RPC: tablet_id: "00000000000000000000000000000000" candidate_uuid: "fb391df2cca34c75b7bbcdb28021f859" candidate_term: 2 candidate_status { last_received { term: 1 index: 6 } } ignore_live_leader: false dest_uuid: "085345f98902407db9fdb0edaf1c1438" is_pre_election: true
I0227 17:25:17.640235 82578 raft_consensus.cc:2346] T 00000000000000000000000000000000 P 085345f98902407db9fdb0edaf1c1438 [term 1 FOLLOWER]: Leader pre-election vote request: Granting yes vote for candidate fb391df2cca34c75b7bbcdb28021f859 in term 1.
I0227 17:25:17.640547 82274 leader_election.cc:306] T 00000000000000000000000000000000 P fb391df2cca34c75b7bbcdb28021f859 [CANDIDATE]: Term 2 pre-election: Election decided. Result: candidate won. Election summary: received 2 responses out of 3 voters: 2 yes votes; 0 no votes. yes voters: 085345f98902407db9fdb0edaf1c1438, fb391df2cca34c75b7bbcdb28021f859; no voters:
I0227 17:25:17.640681 86846 raft_consensus.cc:2640] T 00000000000000000000000000000000 P fb391df2cca34c75b7bbcdb28021f859 [term 1 FOLLOWER]: Leader pre-election won for term 2
I0227 17:25:17.640715 86846 raft_consensus.cc:472] T 00000000000000000000000000000000 P fb391df2cca34c75b7bbcdb28021f859 [term 1 FOLLOWER]: Starting leader election (detected failure of leader 5f2313af35794c1ab241048f12ffc6a4)
I0227 17:25:17.640743 86846 raft_consensus.cc:2886] T 00000000000000000000000000000000 P fb391df2cca34c75b7bbcdb28021f859 [term 1 FOLLOWER]: Advancing to term 2
I0227 17:25:17.641963 86846 raft_consensus.cc:494] T 00000000000000000000000000000000 P fb391df2cca34c75b7bbcdb28021f859 [term 2 FOLLOWER]: Starting leader election with config: opid_index: -1 OBSOLETE_local: false peers { permanent_uuid: "fb391df2cca34c75b7bbcdb28021f859" member_type: VOTER last_known_addr { host: "127.112.245.254" port: 59500 } } peers { permanent_uuid: "085345f98902407db9fdb0edaf1c1438" member_type: VOTER last_known_addr { host: "127.112.245.253" port: 56207 } } peers { permanent_uuid: "5f2313af35794c1ab241048f12ffc6a4" member_type: VOTER last_known_addr { host: "127.112.245.252" port: 54641 } }
I0227 17:25:17.642318 83277 tablet_service.cc:1010] Received RequestConsensusVote() RPC: tablet_id: "00000000000000000000000000000000" candidate_uuid: "fb391df2cca34c75b7bbcdb28021f859" candidate_term: 2 candidate_status { last_received { term: 1 index: 6 } } ignore_live_leader: false dest_uuid: "5f2313af35794c1ab241048f12ffc6a4" is_pre_election: true
I0227 17:25:17.642387 83277 raft_consensus.cc:2307] T 00000000000000000000000000000000 P 5f2313af35794c1ab241048f12ffc6a4 [term 1 LEADER]: Leader pre-election vote request: Denying vote to candidate fb391df2cca34c75b7bbcdb28021f859 for term 2 because replica is either leader or believes a valid leader to be alive.
I0227 17:25:17.642395 86846 leader_election.cc:292] T 00000000000000000000000000000000 P fb391df2cca34c75b7bbcdb28021f859 [CANDIDATE]: Term 2 election: Requested vote from peers 085345f98902407db9fdb0edaf1c1438 (127.112.245.253:56207), 5f2313af35794c1ab241048f12ffc6a4 (127.112.245.252:54641)
I0227 17:25:17.642786 82578 tablet_service.cc:1010] Received RequestConsensusVote() RPC: tablet_id: "00000000000000000000000000000000" candidate_uuid: "fb391df2cca34c75b7bbcdb28021f859" candidate_term: 2 candidate_status { last_received { term: 1 index: 6 } } ignore_live_leader: false dest_uuid: "085345f98902407db9fdb0edaf1c1438"
I0227 17:25:17.642846 82578 raft_consensus.cc:2886] T 00000000000000000000000000000000 P 085345f98902407db9fdb0edaf1c1438 [term 1 FOLLOWER]: Advancing to term 2
I0227 17:25:17.644004 82578 raft_consensus.cc:2346] T 00000000000000000000000000000000 P 085345f98902407db9fdb0edaf1c1438 [term 2 FOLLOWER]: Leader election vote request: Granting yes vote for candidate fb391df2cca34c75b7bbcdb28021f859 in term 2.
I0227 17:25:17.644268 82274 leader_election.cc:306] T 00000000000000000000000000000000 P fb391df2cca34c75b7bbcdb28021f859 [CANDIDATE]: Term 2 election: Election decided. Result: candidate won. Election summary: received 2 responses out of 3 voters: 2 yes votes; 0 no votes. yes voters: 085345f98902407db9fdb0edaf1c1438, fb391df2cca34c75b7bbcdb28021f859; no voters:
I0227 17:25:17.644557 86846 raft_consensus.cc:2640] T 00000000000000000000000000000000 P fb391df2cca34c75b7bbcdb28021f859 [term 2 FOLLOWER]: Leader election won for term 2
I0227 17:25:17.644623 83277 tablet_service.cc:1010] Received RequestConsensusVote() RPC: tablet_id: "00000000000000000000000000000000" candidate_uuid: "fb391df2cca34c75b7bbcdb28021f859" candidate_term: 2 candidate_status { last_received { term: 1 index: 6 } } ignore_live_leader: false dest_uuid: "5f2313af35794c1ab241048f12ffc6a4"
I0227 17:25:17.644683 83277 raft_consensus.cc:2307] T 00000000000000000000000000000000 P 5f2313af35794c1ab241048f12ffc6a4 [term 1 LEADER]: Leader election vote request: Denying vote to candidate fb391df2cca34c75b7bbcdb28021f859 for term 2 because replica is either leader or believes a valid leader to be alive.
I0227 17:25:17.645120 86846 raft_consensus.cc:667] T 00000000000000000000000000000000 P fb391df2cca34c75b7bbcdb28021f859 [term 2 LEADER]: Becoming Leader. State: Replica: fb391df2cca34c75b7bbcdb28021f859, State: Running, Role: LEADER
I0227 17:25:17.646255 86846 consensus_queue.cc:206] T 00000000000000000000000000000000 P fb391df2cca34c75b7bbcdb28021f859 [LEADER]: Queue going to LEADER mode. State: All replicated index: 0, Majority replicated index: 6, Committed index: 6, Last appended: 1.6, Last appended by leader: 6, Current term: 2, Majority size: 2, State: 0, Mode: LEADER, active raft config: opid_index: -1 OBSOLETE_local: false peers { permanent_uuid: "fb391df2cca34c75b7bbcdb28021f859" member_type: VOTER last_known_addr { host: "127.112.245.254" port: 59500 } } peers { permanent_uuid: "085345f98902407db9fdb0edaf1c1438" member_type: VOTER last_known_addr { host: "127.112.245.253" port: 56207 } } peers { permanent_uuid: "5f2313af35794c1ab241048f12ffc6a4" member_type: VOTER last_known_addr { host: "127.112.245.252" port: 54641 } }
