I0227 17:25:43.774286 126827 raft_consensus.cc:494] T 00000000000000000000000000000000 P c31e774156b64c02922906e3e2985c89 [term 3 FOLLOWER]: Starting pre-election with config: opid_index: -1 OBSOLETE_local: false peers { permanent_uuid: "c31e774156b64c02922906e3e2985c89" member_type: VOTER last_known_addr { host: "127.112.245.254" port: 35995 } } peers { permanent_uuid: "6cd5de61888340e681a3e5cd19fad418" member_type: VOTER last_known_addr { host: "127.112.245.253" port: 50732 } } peers { permanent_uuid: "2e3d7e621b864672aaa91ea2d0bbd1b9" member_type: VOTER last_known_addr { host: "127.112.245.252" port: 58453 } }
I0227 17:25:43.775773 126827 leader_election.cc:292] T 00000000000000000000000000000000 P c31e774156b64c02922906e3e2985c89 [CANDIDATE]: Term 4 pre-election: Requested pre-vote from peers 6cd5de61888340e681a3e5cd19fad418 (127.112.245.253:50732), 2e3d7e621b864672aaa91ea2d0bbd1b9 (127.112.245.252:58453)
I0227 17:25:43.796139 124217 tablet_service.cc:1010] Received RequestConsensusVote() RPC: tablet_id: "00000000000000000000000000000000" candidate_uuid: "c31e774156b64c02922906e3e2985c89" candidate_term: 4 candidate_status { last_received { term: 3 index: 4 } } ignore_live_leader: false dest_uuid: "2e3d7e621b864672aaa91ea2d0bbd1b9" is_pre_election: true
I0227 17:25:43.796211 124217 raft_consensus.cc:2307] T 00000000000000000000000000000000 P 2e3d7e621b864672aaa91ea2d0bbd1b9 [term 3 LEADER]: Leader pre-election vote request: Denying vote to candidate c31e774156b64c02922906e3e2985c89 for term 4 because replica is either leader or believes a valid leader to be alive.
I0227 17:25:43.800129 123878 tablet_service.cc:1010] Received RequestConsensusVote() RPC: tablet_id: "00000000000000000000000000000000" candidate_uuid: "c31e774156b64c02922906e3e2985c89" candidate_term: 4 candidate_status { last_received { term: 3 index: 4 } } ignore_live_leader: false dest_uuid: "6cd5de61888340e681a3e5cd19fad418" is_pre_election: true
I0227 17:25:43.800207 123878 raft_consensus.cc:2307] T 00000000000000000000000000000000 P 6cd5de61888340e681a3e5cd19fad418 [term 3 FOLLOWER]: Leader pre-election vote request: Denying vote to candidate c31e774156b64c02922906e3e2985c89 for term 4 because replica is either leader or believes a valid leader to be alive.
I0227 17:25:43.800624 126593 leader_election.cc:306] T 00000000000000000000000000000000 P c31e774156b64c02922906e3e2985c89 [CANDIDATE]: Term 4 pre-election: Election decided. Result: candidate lost. Election summary: received 3 responses out of 3 voters: 1 yes votes; 2 no votes. yes voters: c31e774156b64c02922906e3e2985c89; no voters: 2e3d7e621b864672aaa91ea2d0bbd1b9, 6cd5de61888340e681a3e5cd19fad418
I0227 17:25:43.800942 126827 raft_consensus.cc:2588] T 00000000000000000000000000000000 P c31e774156b64c02922906e3e2985c89 [term 3 FOLLOWER]: Leader pre-election lost for term 4. Reason: could not achieve majority
I0227 17:25:43.833357 126586 sys_catalog.cc:337] T 00000000000000000000000000000000 P 2e3d7e621b864672aaa91ea2d0bbd1b9 [sys.catalog]: SysCatalogTable state changed. Reason: Peer health change. Latest consensus state: current_term: 3 leader_uuid: "2e3d7e621b864672aaa91ea2d0bbd1b9" committed_config { opid_index: -1 OBSOLETE_local: false peers { permanent_uuid: "c31e774156b64c02922906e3e2985c89" member_type: VOTER last_known_addr { host: "127.112.245.254" port: 35995 } } peers { permanent_uuid: "6cd5de61888340e681a3e5cd19fad418" member_type: VOTER last_known_addr { host: "127.112.245.253" port: 50732 } } peers { permanent_uuid: "2e3d7e621b864672aaa91ea2d0bbd1b9" member_type: VOTER last_known_addr { host: "127.112.245.252" port: 58453 } } }
I0227 17:25:43.833406 126586 sys_catalog.cc:340] T 00000000000000000000000000000000 P 2e3d7e621b864672aaa91ea2d0bbd1b9 [sys.catalog]: This master's current role is: LEADER
I0227 17:25:44.736014 127918 raft_consensus.cc:472] T 00000000000000000000000000000000 P c31e774156b64c02922906e3e2985c89 [term 3 FOLLOWER]: Starting pre-election (detected failure of leader 2e3d7e621b864672aaa91ea2d0bbd1b9)
I0227 17:25:44.736179 127918 raft_consensus.cc:494] T 00000000000000000000000000000000 P c31e774156b64c02922906e3e2985c89 [term 3 FOLLOWER]: Starting pre-election with config: opid_index: -1 OBSOLETE_local: false peers { permanent_uuid: "c31e774156b64c02922906e3e2985c89" member_type: VOTER last_known_addr { host: "127.112.245.254" port: 35995 } } peers { permanent_uuid: "6cd5de61888340e681a3e5cd19fad418" member_type: VOTER last_known_addr { host: "127.112.245.253" port: 50732 } } peers { permanent_uuid: "2e3d7e621b864672aaa91ea2d0bbd1b9" member_type: VOTER last_known_addr { host: "127.112.245.252" port: 58453 } }
I0227 17:25:44.736750 127918 leader_election.cc:292] T 00000000000000000000000000000000 P c31e774156b64c02922906e3e2985c89 [CANDIDATE]: Term 4 pre-election: Requested pre-vote from peers 6cd5de61888340e681a3e5cd19fad418 (127.112.245.253:50732), 2e3d7e621b864672aaa91ea2d0bbd1b9 (127.112.245.252:58453)
I0227 17:25:44.737181 124217 tablet_service.cc:1010] Received RequestConsensusVote() RPC: tablet_id: "00000000000000000000000000000000" candidate_uuid: "c31e774156b64c02922906e3e2985c89" candidate_term: 4 candidate_status { last_received { term: 3 index: 4 } } ignore_live_leader: false dest_uuid: "2e3d7e621b864672aaa91ea2d0bbd1b9" is_pre_election: true
I0227 17:25:44.737267 124217 raft_consensus.cc:2307] T 00000000000000000000000000000000 P 2e3d7e621b864672aaa91ea2d0bbd1b9 [term 3 LEADER]: Leader pre-election vote request: Denying vote to candidate c31e774156b64c02922906e3e2985c89 for term 4 because replica is either leader or believes a valid leader to be alive.
I0227 17:25:44.739333 123878 tablet_service.cc:1010] Received RequestConsensusVote() RPC: tablet_id: "00000000000000000000000000000000" candidate_uuid: "c31e774156b64c02922906e3e2985c89" candidate_term: 4 candidate_status { last_received { term: 3 index: 4 } } ignore_live_leader: false dest_uuid: "6cd5de61888340e681a3e5cd19fad418" is_pre_election: true
I0227 17:25:44.739413 123878 raft_consensus.cc:2307] T 00000000000000000000000000000000 P 6cd5de61888340e681a3e5cd19fad418 [term 3 FOLLOWER]: Leader pre-election vote request: Denying vote to candidate c31e774156b64c02922906e3e2985c89 for term 4 because replica is either leader or believes a valid leader to be alive.
I0227 17:25:44.739748 126593 leader_election.cc:306] T 00000000000000000000000000000000 P c31e774156b64c02922906e3e2985c89 [CANDIDATE]: Term 4 pre-election: Election decided. Result: candidate lost. Election summary: received 3 responses out of 3 voters: 1 yes votes; 2 no votes. yes voters: c31e774156b64c02922906e3e2985c89; no voters: 2e3d7e621b864672aaa91ea2d0bbd1b9, 6cd5de61888340e681a3e5cd19fad418
I0227 17:25:44.740711 127918 raft_consensus.cc:2588] T 00000000000000000000000000000000 P c31e774156b64c02922906e3e2985c89 [term 3 FOLLOWER]: Leader pre-election lost for term 4. Reason: could not achieve majority
W0227 17:25:45.001847 124301 hms_client.cc:245] Time spent create HMS table: real 1.367s user 0.000s sys 0.000s
I0227 17:25:45.033823 124199 rpcz_store.cc:269] Call kudu.master.MasterService.CreateTable from 127.112.245.252:49654 (request call id 3) took 1869ms. Request Metrics: {"Hive Metastore.queue_time_us":38,"Hive Metastore.run_cpu_time_us":480,"Hive Metastore.run_wall_time_us":1367463,"child_traces":[["txn",{"apply.queue_time_us":4756,"apply.run_cpu_time_us":470,"apply.run_wall_time_us":470,"num_ops":2,"prepare.queue_time_us":8180,"prepare.run_cpu_time_us":932,"prepare.run_wall_time_us":956,"raft.queue_time_us":342,"raft.run_cpu_time_us":358,"raft.run_wall_time_us":357,"replication_time_us":16233,"thread_start_us":337,"threads_started":4,"wal-append.queue_time_us":348}]]}
I0227 17:25:45.058331 124988 tablet_service.cc:774] Processing CreateTablet for tablet fcd66b3d06b5442b9b1b4d34c6d0667b (table=default.table_0 [id=bc75674adf8e42de8857bcba6d648867]), partition=RANGE (key) PARTITION UNBOUNDED
I0227 17:25:45.058802 124988 data_dirs.cc:938] Could only allocate 1 dirs of requested 3 for tablet fcd66b3d06b5442b9b1b4d34c6d0667b. 1 dirs total, 0 dirs full, 0 dirs failed
I0227 17:25:45.058862 125316 tablet_service.cc:774] Processing CreateTablet for tablet fcd66b3d06b5442b9b1b4d34c6d0667b (table=default.table_0 [id=bc75674adf8e42de8857bcba6d648867]), partition=RANGE (key) PARTITION UNBOUNDED
I0227 17:25:45.059332 125316 data_dirs.cc:938] Could only allocate 1 dirs of requested 3 for tablet fcd66b3d06b5442b9b1b4d34c6d0667b. 1 dirs total, 0 dirs full, 0 dirs failed
I0227 17:25:45.063377 124778 tablet_service.cc:774] Processing CreateTablet for tablet fcd66b3d06b5442b9b1b4d34c6d0667b (table=default.table_0 [id=bc75674adf8e42de8857bcba6d648867]), partition=RANGE (key) PARTITION UNBOUNDED
I0227 17:25:45.063796 124778 data_dirs.cc:938] Could only allocate 1 dirs of requested 3 for tablet fcd66b3d06b5442b9b1b4d34c6d0667b. 1 dirs total, 0 dirs full, 0 dirs failed
I0227 17:25:45.064918 125316 ts_tablet_manager.cc:1175] T fcd66b3d06b5442b9b1b4d34c6d0667b P 9a4f55686db84876a066f455f6a41180: Registered tablet (data state: TABLET_DATA_READY)
I0227 17:25:45.065986 124988 ts_tablet_manager.cc:1175] T fcd66b3d06b5442b9b1b4d34c6d0667b P 39144add463f4fe89dc1ea42c778d8cf: Registered tablet (data state: TABLET_DATA_READY)
I0227 17:25:45.068195 124778 ts_tablet_manager.cc:1175] T fcd66b3d06b5442b9b1b4d34c6d0667b P 9f6459ebb80643b98e01844aa2fd6338: Registered tablet (data state: TABLET_DATA_READY)
I0227 17:25:45.079288 128163 ts_tablet_manager.cc:1030] T fcd66b3d06b5442b9b1b4d34c6d0667b P 9a4f55686db84876a066f455f6a41180: Bootstrapping tablet
I0227 17:25:45.079685 128163 tablet_bootstrap.cc:439] T fcd66b3d06b5442b9b1b4d34c6d0667b P 9a4f55686db84876a066f455f6a41180: Bootstrap starting.
I0227 17:25:45.080204 128167 ts_tablet_manager.cc:1030] T fcd66b3d06b5442b9b1b4d34c6d0667b P 39144add463f4fe89dc1ea42c778d8cf: Bootstrapping tablet
I0227 17:25:45.080533 128167 tablet_bootstrap.cc:439] T fcd66b3d06b5442b9b1b4d34c6d0667b P 39144add463f4fe89dc1ea42c778d8cf: Bootstrap starting.
I0227 17:25:45.082074 128163 tablet_bootstrap.cc:593] T fcd66b3d06b5442b9b1b4d34c6d0667b P 9a4f55686db84876a066f455f6a41180: No blocks or log segments found. Creating new log.
I0227 17:25:45.082507 128167 tablet_bootstrap.cc:593] T fcd66b3d06b5442b9b1b4d34c6d0667b P 39144add463f4fe89dc1ea42c778d8cf: No blocks or log segments found. Creating new log.
I0227 17:25:45.083112 128163 log.cc:525] T fcd66b3d06b5442b9b1b4d34c6d0667b P 9a4f55686db84876a066f455f6a41180: Log is configured to *not* fsync() on all Append() calls
I0227 17:25:45.083482 128167 log.cc:525] T fcd66b3d06b5442b9b1b4d34c6d0667b P 39144add463f4fe89dc1ea42c778d8cf: Log is configured to *not* fsync() on all Append() calls
I0227 17:25:45.088153 128168 ts_tablet_manager.cc:1030] T fcd66b3d06b5442b9b1b4d34c6d0667b P 9f6459ebb80643b98e01844aa2fd6338: Bootstrapping tablet
I0227 17:25:45.088490 128168 tablet_bootstrap.cc:439] T fcd66b3d06b5442b9b1b4d34c6d0667b P 9f6459ebb80643b98e01844aa2fd6338: Bootstrap starting.
I0227 17:25:45.091972 128163 tablet_bootstrap.cc:439] T fcd66b3d06b5442b9b1b4d34c6d0667b P 9a4f55686db84876a066f455f6a41180: No bootstrap required, opened a new log
I0227 17:25:45.092206 128163 ts_tablet_manager.cc:1047] T fcd66b3d06b5442b9b1b4d34c6d0667b P 9a4f55686db84876a066f455f6a41180: Time spent bootstrapping tablet: real 0.013s user 0.003s sys 0.001s
I0227 17:25:45.095566 128163 raft_consensus.cc:340] T fcd66b3d06b5442b9b1b4d34c6d0667b P 9a4f55686db84876a066f455f6a41180 [term 0 FOLLOWER]: Replica starting. Triggering 0 pending transactions. Active config: opid_index: -1 OBSOLETE_local: false peers { permanent_uuid: "9a4f55686db84876a066f455f6a41180" member_type: VOTER last_known_addr { host: "127.112.245.195" port: 45942 } } peers { permanent_uuid: "39144add463f4fe89dc1ea42c778d8cf" member_type: VOTER last_known_addr { host: "127.112.245.194" port: 55958 } } peers { permanent_uuid: "9f6459ebb80643b98e01844aa2fd6338" member_type: VOTER last_known_addr { host: "127.112.245.193" port: 55806 } }
I0227 17:25:45.095645 128163 raft_consensus.cc:366] T fcd66b3d06b5442b9b1b4d34c6d0667b P 9a4f55686db84876a066f455f6a41180 [term 0 FOLLOWER]: Consensus starting up: Expiring failure detector timer to make a prompt election more likely
I0227 17:25:45.095686 128163 raft_consensus.cc:705] T fcd66b3d06b5442b9b1b4d34c6d0667b P 9a4f55686db84876a066f455f6a41180 [term 0 FOLLOWER]: Becoming Follower/Learner. State: Replica: 9a4f55686db84876a066f455f6a41180, State: Initialized, Role: FOLLOWER
I0227 17:25:45.096098 128163 consensus_queue.cc:229] T fcd66b3d06b5442b9b1b4d34c6d0667b P 9a4f55686db84876a066f455f6a41180 [NON_LEADER]: Queue going to NON_LEADER mode. State: All replicated index: 0, Majority replicated index: 0, Committed index: 0, Last appended: 0.0, Last appended by leader: 0, Current term: 0, Majority size: -1, State: 0, Mode: NON_LEADER, active raft config: opid_index: -1 OBSOLETE_local: false peers { permanent_uuid: "9a4f55686db84876a066f455f6a41180" member_type: VOTER last_known_addr { host: "127.112.245.195" port: 45942 } } peers { permanent_uuid: "39144add463f4fe89dc1ea42c778d8cf" member_type: VOTER last_known_addr { host: "127.112.245.194" port: 55958 } } peers { permanent_uuid: "9f6459ebb80643b98e01844aa2fd6338" member_type: VOTER last_known_addr { host: "127.112.245.193" port: 55806 } }
I0227 17:25:45.096920 128163 ts_tablet_manager.cc:1075] T fcd66b3d06b5442b9b1b4d34c6d0667b P 9a4f55686db84876a066f455f6a41180: Time spent starting tablet: real 0.005s user 0.003s sys 0.002s
I0227 17:25:45.100244 128168 tablet_bootstrap.cc:593] T fcd66b3d06b5442b9b1b4d34c6d0667b P 9f6459ebb80643b98e01844aa2fd6338: No blocks or log segments found. Creating new log.
I0227 17:25:45.100436 128167 tablet_bootstrap.cc:439] T fcd66b3d06b5442b9b1b4d34c6d0667b P 39144add463f4fe89dc1ea42c778d8cf: No bootstrap required, opened a new log
I0227 17:25:45.100646 128167 ts_tablet_manager.cc:1047] T fcd66b3d06b5442b9b1b4d34c6d0667b P 39144add463f4fe89dc1ea42c778d8cf: Time spent bootstrapping tablet: real 0.020s user 0.003s sys 0.000s
I0227 17:25:45.101290 128168 log.cc:525] T fcd66b3d06b5442b9b1b4d34c6d0667b P 9f6459ebb80643b98e01844aa2fd6338: Log is configured to *not* fsync() on all Append() calls
I0227 17:25:45.103736 128167 raft_consensus.cc:340] T fcd66b3d06b5442b9b1b4d34c6d0667b P 39144add463f4fe89dc1ea42c778d8cf [term 0 FOLLOWER]: Replica starting. Triggering 0 pending transactions. Active config: opid_index: -1 OBSOLETE_local: false peers { permanent_uuid: "9a4f55686db84876a066f455f6a41180" member_type: VOTER last_known_addr { host: "127.112.245.195" port: 45942 } } peers { permanent_uuid: "39144add463f4fe89dc1ea42c778d8cf" member_type: VOTER last_known_addr { host: "127.112.245.194" port: 55958 } } peers { permanent_uuid: "9f6459ebb80643b98e01844aa2fd6338" member_type: VOTER last_known_addr { host: "127.112.245.193" port: 55806 } }
I0227 17:25:45.103822 128167 raft_consensus.cc:366] T fcd66b3d06b5442b9b1b4d34c6d0667b P 39144add463f4fe89dc1ea42c778d8cf [term 0 FOLLOWER]: Consensus starting up: Expiring failure detector timer to make a prompt election more likely
I0227 17:25:45.103868 128167 raft_consensus.cc:705] T fcd66b3d06b5442b9b1b4d34c6d0667b P 39144add463f4fe89dc1ea42c778d8cf [term 0 FOLLOWER]: Becoming Follower/Learner. State: Replica: 39144add463f4fe89dc1ea42c778d8cf, State: Initialized, Role: FOLLOWER
I0227 17:25:45.104269 128167 consensus_queue.cc:229] T fcd66b3d06b5442b9b1b4d34c6d0667b P 39144add463f4fe89dc1ea42c778d8cf [NON_LEADER]: Queue going to NON_LEADER mode. State: All replicated index: 0, Majority replicated index: 0, Committed index: 0, Last appended: 0.0, Last appended by leader: 0, Current term: 0, Majority size: -1, State: 0, Mode: NON_LEADER, active raft config: opid_index: -1 OBSOLETE_local: false peers { permanent_uuid: "9a4f55686db84876a066f455f6a41180" member_type: VOTER last_known_addr { host: "127.112.245.195" port: 45942 } } peers { permanent_uuid: "39144add463f4fe89dc1ea42c778d8cf" member_type: VOTER last_known_addr { host: "127.112.245.194" port: 55958 } } peers { permanent_uuid: "9f6459ebb80643b98e01844aa2fd6338" member_type: VOTER last_known_addr { host: "127.112.245.193" port: 55806 } }
I0227 17:25:45.105072 128167 ts_tablet_manager.cc:1075] T fcd66b3d06b5442b9b1b4d34c6d0667b P 39144add463f4fe89dc1ea42c778d8cf: Time spent starting tablet: real 0.004s user 0.005s sys 0.000s
I0227 17:25:45.114174 128168 tablet_bootstrap.cc:439] T fcd66b3d06b5442b9b1b4d34c6d0667b P 9f6459ebb80643b98e01844aa2fd6338: No bootstrap required, opened a new log
I0227 17:25:45.114388 128168 ts_tablet_manager.cc:1047] T fcd66b3d06b5442b9b1b4d34c6d0667b P 9f6459ebb80643b98e01844aa2fd6338: Time spent bootstrapping tablet: real 0.026s user 0.003s sys 0.001s
I0227 17:25:45.117779 128168 raft_consensus.cc:340] T fcd66b3d06b5442b9b1b4d34c6d0667b P 9f6459ebb80643b98e01844aa2fd6338 [term 0 FOLLOWER]: Replica starting. Triggering 0 pending transactions. Active config: opid_index: -1 OBSOLETE_local: false peers { permanent_uuid: "9a4f55686db84876a066f455f6a41180" member_type: VOTER last_known_addr { host: "127.112.245.195" port: 45942 } } peers { permanent_uuid: "39144add463f4fe89dc1ea42c778d8cf" member_type: VOTER last_known_addr { host: "127.112.245.194" port: 55958 } } peers { permanent_uuid: "9f6459ebb80643b98e01844aa2fd6338" member_type: VOTER last_known_addr { host: "127.112.245.193" port: 55806 } }
I0227 17:25:45.117875 128168 raft_consensus.cc:366] T fcd66b3d06b5442b9b1b4d34c6d0667b P 9f6459ebb80643b98e01844aa2fd6338 [term 0 FOLLOWER]: Consensus starting up: Expiring failure detector timer to make a prompt election more likely
I0227 17:25:45.117974 128168 raft_consensus.cc:705] T fcd66b3d06b5442b9b1b4d34c6d0667b P 9f6459ebb80643b98e01844aa2fd6338 [term 0 FOLLOWER]: Becoming Follower/Learner. State: Replica: 9f6459ebb80643b98e01844aa2fd6338, State: Initialized, Role: FOLLOWER
I0227 17:25:45.118577 128168 consensus_queue.cc:229] T fcd66b3d06b5442b9b1b4d34c6d0667b P 9f6459ebb80643b98e01844aa2fd6338 [NON_LEADER]: Queue going to NON_LEADER mode. State: All replicated index: 0, Majority replicated index: 0, Committed index: 0, Last appended: 0.0, Last appended by leader: 0, Current term: 0, Majority size: -1, State: 0, Mode: NON_LEADER, active raft config: opid_index: -1 OBSOLETE_local: false peers { permanent_uuid: "9a4f55686db84876a066f455f6a41180" member_type: VOTER last_known_addr { host: "127.112.245.195" port: 45942 } } peers { permanent_uuid: "39144add463f4fe89dc1ea42c778d8cf" member_type: VOTER last_known_addr { host: "127.112.245.194" port: 55958 } } peers { permanent_uuid: "9f6459ebb80643b98e01844aa2fd6338" member_type: VOTER last_known_addr { host: "127.112.245.193" port: 55806 } }
I0227 17:25:45.119397 128168 ts_tablet_manager.cc:1075] T fcd66b3d06b5442b9b1b4d34c6d0667b P 9f6459ebb80643b98e01844aa2fd6338: Time spent starting tablet: real 0.005s user 0.004s sys 0.001s
W0227 17:25:45.121935 125385 tablet.cc:1786] T fcd66b3d06b5442b9b1b4d34c6d0667b P 9a4f55686db84876a066f455f6a41180: Can't schedule compaction. Clean time has not been advanced past its initial value.
W0227 17:25:45.351511 125071 tablet.cc:1786] T fcd66b3d06b5442b9b1b4d34c6d0667b P 39144add463f4fe89dc1ea42c778d8cf: Can't schedule compaction. Clean time has not been advanced past its initial value.
W0227 17:25:45.360224 124858 tablet.cc:1786] T fcd66b3d06b5442b9b1b4d34c6d0667b P 9f6459ebb80643b98e01844aa2fd6338: Can't schedule compaction. Clean time has not been advanced past its initial value.
I0227 17:25:45.434473 128181 raft_consensus.cc:472] T fcd66b3d06b5442b9b1b4d34c6d0667b P 39144add463f4fe89dc1ea42c778d8cf [term 0 FOLLOWER]: Starting pre-election (no leader contacted us within the election timeout)
I0227 17:25:45.434659 128181 raft_consensus.cc:494] T fcd66b3d06b5442b9b1b4d34c6d0667b P 39144add463f4fe89dc1ea42c778d8cf [term 0 FOLLOWER]: Starting pre-election with config: opid_index: -1 OBSOLETE_local: false peers { permanent_uuid: "9a4f55686db84876a066f455f6a41180" member_type: VOTER last_known_addr { host: "127.112.245.195" port: 45942 } } peers { permanent_uuid: "39144add463f4fe89dc1ea42c778d8cf" member_type: VOTER last_known_addr { host: "127.112.245.194" port: 55958 } } peers { permanent_uuid: "9f6459ebb80643b98e01844aa2fd6338" member_type: VOTER last_known_addr { host: "127.112.245.193" port: 55806 } }
I0227 17:25:45.435791 128181 leader_election.cc:292] T fcd66b3d06b5442b9b1b4d34c6d0667b P 39144add463f4fe89dc1ea42c778d8cf [CANDIDATE]: Term 1 pre-election: Requested pre-vote from peers 9a4f55686db84876a066f455f6a41180 (127.112.245.195:45942), 9f6459ebb80643b98e01844aa2fd6338 (127.112.245.193:55806)
I0227 17:25:45.455413 124804 tablet_service.cc:1010] Received RequestConsensusVote() RPC: tablet_id: "fcd66b3d06b5442b9b1b4d34c6d0667b" candidate_uuid: "39144add463f4fe89dc1ea42c778d8cf" candidate_term: 1 candidate_status { last_received { term: 0 index: 0 } } ignore_live_leader: false dest_uuid: "9f6459ebb80643b98e01844aa2fd6338" is_pre_election: true
I0227 17:25:45.455606 124804 raft_consensus.cc:2346] T fcd66b3d06b5442b9b1b4d34c6d0667b P 9f6459ebb80643b98e01844aa2fd6338 [term 0 FOLLOWER]: Leader pre-election vote request: Granting yes vote for candidate 39144add463f4fe89dc1ea42c778d8cf in term 0.
I0227 17:25:45.456208 124930 leader_election.cc:306] T fcd66b3d06b5442b9b1b4d34c6d0667b P 39144add463f4fe89dc1ea42c778d8cf [CANDIDATE]: Term 1 pre-election: Election decided. Result: candidate won. Election summary: received 2 responses out of 3 voters: 2 yes votes; 0 no votes. yes voters: 39144add463f4fe89dc1ea42c778d8cf, 9f6459ebb80643b98e01844aa2fd6338; no voters:
I0227 17:25:45.456539 128181 raft_consensus.cc:2640] T fcd66b3d06b5442b9b1b4d34c6d0667b P 39144add463f4fe89dc1ea42c778d8cf [term 0 FOLLOWER]: Leader pre-election won for term 1
I0227 17:25:45.456584 128181 raft_consensus.cc:472] T fcd66b3d06b5442b9b1b4d34c6d0667b P 39144add463f4fe89dc1ea42c778d8cf [term 0 FOLLOWER]: Starting leader election (no leader contacted us within the election timeout)
I0227 17:25:45.456614 128181 raft_consensus.cc:2886] T fcd66b3d06b5442b9b1b4d34c6d0667b P 39144add463f4fe89dc1ea42c778d8cf [term 0 FOLLOWER]: Advancing to term 1
I0227 17:25:45.457943 128181 raft_consensus.cc:494] T fcd66b3d06b5442b9b1b4d34c6d0667b P 39144add463f4fe89dc1ea42c778d8cf [term 1 FOLLOWER]: Starting leader election with config: opid_index: -1 OBSOLETE_local: false peers { permanent_uuid: "9a4f55686db84876a066f455f6a41180" member_type: VOTER last_known_addr { host: "127.112.245.195" port: 45942 } } peers { permanent_uuid: "39144add463f4fe89dc1ea42c778d8cf" member_type: VOTER last_known_addr { host: "127.112.245.194" port: 55958 } } peers { permanent_uuid: "9f6459ebb80643b98e01844aa2fd6338" member_type: VOTER last_known_addr { host: "127.112.245.193" port: 55806 } }
I0227 17:25:45.458441 128181 leader_election.cc:292] T fcd66b3d06b5442b9b1b4d34c6d0667b P 39144add463f4fe89dc1ea42c778d8cf [CANDIDATE]: Term 1 election: Requested vote from peers 9a4f55686db84876a066f455f6a41180 (127.112.245.195:45942), 9f6459ebb80643b98e01844aa2fd6338 (127.112.245.193:55806)
I0227 17:25:45.458560 125337 tablet_service.cc:1010] Received RequestConsensusVote() RPC: tablet_id: "fcd66b3d06b5442b9b1b4d34c6d0667b" candidate_uuid: "39144add463f4fe89dc1ea42c778d8cf" candidate_term: 1 candidate_status { last_received { term: 0 index: 0 } } ignore_live_leader: false dest_uuid: "9a4f55686db84876a066f455f6a41180" is_pre_election: true
I0227 17:25:45.458736 125337 raft_consensus.cc:2346] T fcd66b3d06b5442b9b1b4d34c6d0667b P 9a4f55686db84876a066f455f6a41180 [term 0 FOLLOWER]: Leader pre-election vote request: Granting yes vote for candidate 39144add463f4fe89dc1ea42c778d8cf in term 0.
I0227 17:25:45.459121 124804 tablet_service.cc:1010] Received RequestConsensusVote() RPC: tablet_id: "fcd66b3d06b5442b9b1b4d34c6d0667b" candidate_uuid: "39144add463f4fe89dc1ea42c778d8cf" candidate_term: 1 candidate_status { last_received { term: 0 index: 0 } } ignore_live_leader: false dest_uuid: "9f6459ebb80643b98e01844aa2fd6338"
I0227 17:25:45.459184 124804 raft_consensus.cc:2886] T fcd66b3d06b5442b9b1b4d34c6d0667b P 9f6459ebb80643b98e01844aa2fd6338 [term 0 FOLLOWER]: Advancing to term 1
I0227 17:25:45.460310 124804 raft_consensus.cc:2346] T fcd66b3d06b5442b9b1b4d34c6d0667b P 9f6459ebb80643b98e01844aa2fd6338 [term 1 FOLLOWER]: Leader election vote request: Granting yes vote for candidate 39144add463f4fe89dc1ea42c778d8cf in term 1.
I0227 17:25:45.460717 124930 leader_election.cc:306] T fcd66b3d06b5442b9b1b4d34c6d0667b P 39144add463f4fe89dc1ea42c778d8cf [CANDIDATE]: Term 1 election: Election decided. Result: candidate won. Election summary: received 2 responses out of 3 voters: 2 yes votes; 0 no votes. yes voters: 39144add463f4fe89dc1ea42c778d8cf, 9f6459ebb80643b98e01844aa2fd6338; no voters:
I0227 17:25:45.460940 128181 raft_consensus.cc:2640] T fcd66b3d06b5442b9b1b4d34c6d0667b P 39144add463f4fe89dc1ea42c778d8cf [term 1 FOLLOWER]: Leader election won for term 1
I0227 17:25:45.461120 128181 raft_consensus.cc:667] T fcd66b3d06b5442b9b1b4d34c6d0667b P 39144add463f4fe89dc1ea42c778d8cf [term 1 LEADER]: Becoming Leader. State: Replica: 39144add463f4fe89dc1ea42c778d8cf, State: Running, Role: LEADER
I0227 17:25:45.461426 128181 consensus_queue.cc:206] T fcd66b3d06b5442b9b1b4d34c6d0667b P 39144add463f4fe89dc1ea42c778d8cf [LEADER]: Queue going to LEADER mode. State: All replicated index: 0, Majority replicated index: 0, Committed index: 0, Last appended: 0.0, Last appended by leader: 0, Current term: 1, Majority size: 2, State: 0, Mode: LEADER, active raft config: opid_index: -1 OBSOLETE_local: false peers { permanent_uuid: "9a4f55686db84876a066f455f6a41180" member_type: VOTER last_known_addr { host: "127.112.245.195" port: 45942 } } peers { permanent_uuid: "39144add463f4fe89dc1ea42c778d8cf" member_type: VOTER last_known_addr { host: "127.112.245.194" port: 55958 } } peers { permanent_uuid: "9f6459ebb80643b98e01844aa2fd6338" member_type: VOTER last_known_addr { host: "127.112.245.193" port: 55806 } }
I0227 17:25:45.464397 124199 catalog_manager.cc:3791] T fcd66b3d06b5442b9b1b4d34c6d0667b P 39144add463f4fe89dc1ea42c778d8cf reported cstate change: term changed from 0 to 1, leader changed from to 39144add463f4fe89dc1ea42c778d8cf (127.112.245.194). New cstate: current_term: 1 leader_uuid: "39144add463f4fe89dc1ea42c778d8cf" committed_config { opid_index: -1 OBSOLETE_local: false peers { permanent_uuid: "9a4f55686db84876a066f455f6a41180" member_type: VOTER last_known_addr { host: "127.112.245.195" port: 45942 } health_report { overall_health: UNKNOWN } } peers { permanent_uuid: "39144add463f4fe89dc1ea42c778d8cf" member_type: VOTER last_known_addr { host: "127.112.245.194" port: 55958 } health_report { overall_health: HEALTHY } } peers { permanent_uuid: "9f6459ebb80643b98e01844aa2fd6338" member_type: VOTER last_known_addr { host: "127.112.245.193" port: 55806 } health_report { overall_health: UNKNOWN } } }
I0227 17:25:45.466488 125337 tablet_service.cc:1010] Received RequestConsensusVote() RPC: tablet_id: "fcd66b3d06b5442b9b1b4d34c6d0667b" candidate_uuid: "39144add463f4fe89dc1ea42c778d8cf" candidate_term: 1 candidate_status { last_received { term: 0 index: 0 } } ignore_live_leader: false dest_uuid: "9a4f55686db84876a066f455f6a41180"
I0227 17:25:45.466580 125337 raft_consensus.cc:2886] T fcd66b3d06b5442b9b1b4d34c6d0667b P 9a4f55686db84876a066f455f6a41180 [term 0 FOLLOWER]: Advancing to term 1
I0227 17:25:45.467911 125337 raft_consensus.cc:2346] T fcd66b3d06b5442b9b1b4d34c6d0667b P 9a4f55686db84876a066f455f6a41180 [term 1 FOLLOWER]: Leader election vote request: Granting yes vote for candidate 39144add463f4fe89dc1ea42c778d8cf in term 1.
W0227 17:25:45.535221 124966 tablet_service.cc:1915] Rejecting scan request for tablet fcd66b3d06b5442b9b1b4d34c6d0667b: Uninitialized: safe time has not yet been initialized
W0227 17:25:45.737212 124966 tablet_service.cc:1915] Rejecting scan request for tablet fcd66b3d06b5442b9b1b4d34c6d0667b: Uninitialized: safe time has not yet been initialized
I0227 17:25:45.954882 125337 raft_consensus.cc:1181] T fcd66b3d06b5442b9b1b4d34c6d0667b P 9a4f55686db84876a066f455f6a41180 [term 1 FOLLOWER]: Refusing update from remote peer 39144add463f4fe89dc1ea42c778d8cf: Log matching property violated. Preceding OpId in replica: term: 0 index: 0. Preceding OpId from leader: term: 1 index: 1. (index mismatch)
I0227 17:25:45.962908 128274 consensus_queue.cc:984] T fcd66b3d06b5442b9b1b4d34c6d0667b P 39144add463f4fe89dc1ea42c778d8cf [LEADER]: Connected to new peer: Peer: permanent_uuid: "9a4f55686db84876a066f455f6a41180" member_type: VOTER last_known_addr { host: "127.112.245.195" port: 45942 }, Status: LMP_MISMATCH, Last received: 0.0, Next index: 1, Last known committed idx: 0, Time since last communication: 0.000s
I0227 17:25:45.969584 128545 raft_consensus.cc:472] T 00000000000000000000000000000000 P 6cd5de61888340e681a3e5cd19fad418 [term 3 FOLLOWER]: Starting pre-election (detected failure of leader 2e3d7e621b864672aaa91ea2d0bbd1b9)
I0227 17:25:45.969820 128545 raft_consensus.cc:494] T 00000000000000000000000000000000 P 6cd5de61888340e681a3e5cd19fad418 [term 3 FOLLOWER]: Starting pre-election with config: opid_index: -1 OBSOLETE_local: false peers { permanent_uuid: "c31e774156b64c02922906e3e2985c89" member_type: VOTER last_known_addr { host: "127.112.245.254" port: 35995 } } peers { permanent_uuid: "6cd5de61888340e681a3e5cd19fad418" member_type: VOTER last_known_addr { host: "127.112.245.253" port: 50732 } } peers { permanent_uuid: "2e3d7e621b864672aaa91ea2d0bbd1b9" member_type: VOTER last_known_addr { host: "127.112.245.252" port: 58453 } }
I0227 17:25:45.970713 128545 leader_election.cc:292] T 00000000000000000000000000000000 P 6cd5de61888340e681a3e5cd19fad418 [CANDIDATE]: Term 4 pre-election: Requested pre-vote from peers c31e774156b64c02922906e3e2985c89 (127.112.245.254:35995), 2e3d7e621b864672aaa91ea2d0bbd1b9 (127.112.245.252:58453)
I0227 17:25:45.970829 126660 tablet_service.cc:1010] Received RequestConsensusVote() RPC: tablet_id: "00000000000000000000000000000000" candidate_uuid: "6cd5de61888340e681a3e5cd19fad418" candidate_term: 4 candidate_status { last_received { term: 3 index: 7 } } ignore_live_leader: false dest_uuid: "c31e774156b64c02922906e3e2985c89" is_pre_election: true
I0227 17:25:45.970882 124217 tablet_service.cc:1010] Received RequestConsensusVote() RPC: tablet_id: "00000000000000000000000000000000" candidate_uuid: "6cd5de61888340e681a3e5cd19fad418" candidate_term: 4 candidate_status { last_received { term: 3 index: 7 } } ignore_live_leader: false dest_uuid: "2e3d7e621b864672aaa91ea2d0bbd1b9" is_pre_election: true
I0227 17:25:45.970906 126660 raft_consensus.cc:2307] T 00000000000000000000000000000000 P c31e774156b64c02922906e3e2985c89 [term 3 FOLLOWER]: Leader pre-election vote request: Denying vote to candidate 6cd5de61888340e681a3e5cd19fad418 for term 4 because replica is either leader or believes a valid leader to be alive.
I0227 17:25:45.970949 124217 raft_consensus.cc:2307] T 00000000000000000000000000000000 P 2e3d7e621b864672aaa91ea2d0bbd1b9 [term 3 LEADER]: Leader pre-election vote request: Denying vote to candidate 6cd5de61888340e681a3e5cd19fad418 for term 4 because replica is either leader or believes a valid leader to be alive.
I0227 17:25:45.971284 123721 leader_election.cc:306] T 00000000000000000000000000000000 P 6cd5de61888340e681a3e5cd19fad418 [CANDIDATE]: Term 4 pre-election: Election decided. Result: candidate lost. Election summary: received 3 responses out of 3 voters: 1 yes votes; 2 no votes. yes voters: 6cd5de61888340e681a3e5cd19fad418; no voters: 2e3d7e621b864672aaa91ea2d0bbd1b9, c31e774156b64c02922906e3e2985c89
I0227 17:25:45.971518 128545 raft_consensus.cc:2588] T 00000000000000000000000000000000 P 6cd5de61888340e681a3e5cd19fad418 [term 3 FOLLOWER]: Leader pre-election lost for term 4. Reason: could not achieve majority
I0227 17:25:45.979499 124804 raft_consensus.cc:1181] T fcd66b3d06b5442b9b1b4d34c6d0667b P 9f6459ebb80643b98e01844aa2fd6338 [term 1 FOLLOWER]: Refusing update from remote peer 39144add463f4fe89dc1ea42c778d8cf: Log matching property violated. Preceding OpId in replica: term: 0 index: 0. Preceding OpId from leader: term: 1 index: 1. (index mismatch)
I0227 17:25:45.982050 128549 consensus_queue.cc:984] T fcd66b3d06b5442b9b1b4d34c6d0667b P 39144add463f4fe89dc1ea42c778d8cf [LEADER]: Connected to new peer: Peer: permanent_uuid: "9f6459ebb80643b98e01844aa2fd6338" member_type: VOTER last_known_addr { host: "127.112.245.193" port: 55806 }, Status: LMP_MISMATCH, Last received: 0.0, Next index: 1, Last known committed idx: 0, Time since last communication: 0.000s
I0227 17:25:46.185931 124199 catalog_manager.cc:1386] Servicing CreateTable request from {username='adar'} at 127.112.245.252:49654: name: "default.table_0_0" schema { columns { name: "key" type: INT32 is_key: true is_nullable: false encoding: AUTO_ENCODING compression: DEFAULT_COMPRESSION cfile_block_size: 0 } columns { name: "int_val" type: INT32 is_key: false is_nullable: false encoding: AUTO_ENCODING compression: DEFAULT_COMPRESSION cfile_block_size: 0 } columns { name: "string_val" type: STRING is_key: false is_nullable: false encoding: AUTO_ENCODING compression: DEFAULT_COMPRESSION cfile_block_size: 0 } } split_rows_range_bounds { } partition_schema { range_schema { columns { name: "key" } } }
W0227 17:25:46.186295 124199 catalog_manager.cc:1537] The number of live tablet servers is not enough to re-replicate a tablet replica of the newly created table default.table_0_0 in case of a server failure: 4 tablet servers would be needed, 3 are available. Consider bringing up more tablet servers.
I0227 17:25:46.396658 124988 tablet_service.cc:774] Processing CreateTablet for tablet 9808ecd2a4be428290fa53bb51dd17d4 (table=default.table_0_0 [id=d18d4af2ae47433f9af25b21a92b3c31]), partition=RANGE (key) PARTITION UNBOUNDED
I0227 17:25:46.396900 124988 data_dirs.cc:938] Could only allocate 1 dirs of requested 3 for tablet 9808ecd2a4be428290fa53bb51dd17d4. 1 dirs total, 0 dirs full, 0 dirs failed
I0227 17:25:46.397436 125316 tablet_service.cc:774] Processing CreateTablet for tablet 9808ecd2a4be428290fa53bb51dd17d4 (table=default.table_0_0 [id=d18d4af2ae47433f9af25b21a92b3c31]), partition=RANGE (key) PARTITION UNBOUNDED
I0227 17:25:46.397658 125316 data_dirs.cc:938] Could only allocate 1 dirs of requested 3 for tablet 9808ecd2a4be428290fa53bb51dd17d4. 1 dirs total, 0 dirs full, 0 dirs failed
I0227 17:25:46.398851 124988 ts_tablet_manager.cc:1175] T 9808ecd2a4be428290fa53bb51dd17d4 P 39144add463f4fe89dc1ea42c778d8cf: Registered tablet (data state: TABLET_DATA_READY)
I0227 17:25:46.399159 124778 tablet_service.cc:774] Processing CreateTablet for tablet 9808ecd2a4be428290fa53bb51dd17d4 (table=default.table_0_0 [id=d18d4af2ae47433f9af25b21a92b3c31]), partition=RANGE (key) PARTITION UNBOUNDED
I0227 17:25:46.399390 124778 data_dirs.cc:938] Could only allocate 1 dirs of requested 3 for tablet 9808ecd2a4be428290fa53bb51dd17d4. 1 dirs total, 0 dirs full, 0 dirs failed
I0227 17:25:46.399519 125316 ts_tablet_manager.cc:1175] T 9808ecd2a4be428290fa53bb51dd17d4 P 9a4f55686db84876a066f455f6a41180: Registered tablet (data state: TABLET_DATA_READY)
I0227 17:25:46.401242 124778 ts_tablet_manager.cc:1175] T 9808ecd2a4be428290fa53bb51dd17d4 P 9f6459ebb80643b98e01844aa2fd6338: Registered tablet (data state: TABLET_DATA_READY)
I0227 17:25:46.403381 128609 ts_tablet_manager.cc:1030] T 9808ecd2a4be428290fa53bb51dd17d4 P 9f6459ebb80643b98e01844aa2fd6338: Bootstrapping tablet
I0227 17:25:46.403703 128609 tablet_bootstrap.cc:439] T 9808ecd2a4be428290fa53bb51dd17d4 P 9f6459ebb80643b98e01844aa2fd6338: Bootstrap starting.
I0227 17:25:46.406325 128609 tablet_bootstrap.cc:593] T 9808ecd2a4be428290fa53bb51dd17d4 P 9f6459ebb80643b98e01844aa2fd6338: No blocks or log segments found. Creating new log.
I0227 17:25:46.408337 128607 ts_tablet_manager.cc:1030] T 9808ecd2a4be428290fa53bb51dd17d4 P 39144add463f4fe89dc1ea42c778d8cf: Bootstrapping tablet
I0227 17:25:46.409322 128607 tablet_bootstrap.cc:439] T 9808ecd2a4be428290fa53bb51dd17d4 P 39144add463f4fe89dc1ea42c778d8cf: Bootstrap starting.
I0227 17:25:46.410164 128608 ts_tablet_manager.cc:1030] T 9808ecd2a4be428290fa53bb51dd17d4 P 9a4f55686db84876a066f455f6a41180: Bootstrapping tablet
I0227 17:25:46.410326 128608 tablet_bootstrap.cc:439] T 9808ecd2a4be428290fa53bb51dd17d4 P 9a4f55686db84876a066f455f6a41180: Bootstrap starting.
I0227 17:25:46.410557 128607 tablet_bootstrap.cc:593] T 9808ecd2a4be428290fa53bb51dd17d4 P 39144add463f4fe89dc1ea42c778d8cf: No blocks or log segments found. Creating new log.
I0227 17:25:46.411402 128608 tablet_bootstrap.cc:593] T 9808ecd2a4be428290fa53bb51dd17d4 P 9a4f55686db84876a066f455f6a41180: No blocks or log segments found. Creating new log.
I0227 17:25:46.419831 128608 tablet_bootstrap.cc:439] T 9808ecd2a4be428290fa53bb51dd17d4 P 9a4f55686db84876a066f455f6a41180: No bootstrap required, opened a new log
I0227 17:25:46.419931 128608 ts_tablet_manager.cc:1047] T 9808ecd2a4be428290fa53bb51dd17d4 P 9a4f55686db84876a066f455f6a41180: Time spent bootstrapping tablet: real 0.010s user 0.001s sys 0.001s
I0227 17:25:46.420675 128608 raft_consensus.cc:340] T 9808ecd2a4be428290fa53bb51dd17d4 P 9a4f55686db84876a066f455f6a41180 [term 0 FOLLOWER]: Replica starting. Triggering 0 pending transactions. Active config: opid_index: -1 OBSOLETE_local: false peers { permanent_uuid: "39144add463f4fe89dc1ea42c778d8cf" member_type: VOTER last_known_addr { host: "127.112.245.194" port: 55958 } } peers { permanent_uuid: "9f6459ebb80643b98e01844aa2fd6338" member_type: VOTER last_known_addr { host: "127.112.245.193" port: 55806 } } peers { permanent_uuid: "9a4f55686db84876a066f455f6a41180" member_type: VOTER last_known_addr { host: "127.112.245.195" port: 45942 } }
I0227 17:25:46.420708 128608 raft_consensus.cc:366] T 9808ecd2a4be428290fa53bb51dd17d4 P 9a4f55686db84876a066f455f6a41180 [term 0 FOLLOWER]: Consensus starting up: Expiring failure detector timer to make a prompt election more likely
I0227 17:25:46.420729 128608 raft_consensus.cc:705] T 9808ecd2a4be428290fa53bb51dd17d4 P 9a4f55686db84876a066f455f6a41180 [term 0 FOLLOWER]: Becoming Follower/Learner. State: Replica: 9a4f55686db84876a066f455f6a41180, State: Initialized, Role: FOLLOWER
I0227 17:25:46.420871 128608 consensus_queue.cc:229] T 9808ecd2a4be428290fa53bb51dd17d4 P 9a4f55686db84876a066f455f6a41180 [NON_LEADER]: Queue going to NON_LEADER mode. State: All replicated index: 0, Majority replicated index: 0, Committed index: 0, Last appended: 0.0, Last appended by leader: 0, Current term: 0, Majority size: -1, State: 0, Mode: NON_LEADER, active raft config: opid_index: -1 OBSOLETE_local: false peers { permanent_uuid: "39144add463f4fe89dc1ea42c778d8cf" member_type: VOTER last_known_addr { host: "127.112.245.194" port: 55958 } } peers { permanent_uuid: "9f6459ebb80643b98e01844aa2fd6338" member_type: VOTER last_known_addr { host: "127.112.245.193" port: 55806 } } peers { permanent_uuid: "9a4f55686db84876a066f455f6a41180" member_type: VOTER last_known_addr { host: "127.112.245.195" port: 45942 } }
I0227 17:25:46.421136 128608 ts_tablet_manager.cc:1075] T 9808ecd2a4be428290fa53bb51dd17d4 P 9a4f55686db84876a066f455f6a41180: Time spent starting tablet: real 0.001s user 0.001s sys 0.000s
I0227 17:25:46.424892 128609 tablet_bootstrap.cc:439] T 9808ecd2a4be428290fa53bb51dd17d4 P 9f6459ebb80643b98e01844aa2fd6338: No bootstrap required, opened a new log
I0227 17:25:46.425016 128609 ts_tablet_manager.cc:1047] T 9808ecd2a4be428290fa53bb51dd17d4 P 9f6459ebb80643b98e01844aa2fd6338: Time spent bootstrapping tablet: real 0.021s user 0.001s sys 0.001s
I0227 17:25:46.426766 128609 raft_consensus.cc:340] T 9808ecd2a4be428290fa53bb51dd17d4 P 9f6459ebb80643b98e01844aa2fd6338 [term 0 FOLLOWER]: Replica starting. Triggering 0 pending transactions. Active config: opid_index: -1 OBSOLETE_local: false peers { permanent_uuid: "39144add463f4fe89dc1ea42c778d8cf" member_type: VOTER last_known_addr { host: "127.112.245.194" port: 55958 } } peers { permanent_uuid: "9f6459ebb80643b98e01844aa2fd6338" member_type: VOTER last_known_addr { host: "127.112.245.193" port: 55806 } } peers { permanent_uuid: "9a4f55686db84876a066f455f6a41180" member_type: VOTER last_known_addr { host: "127.112.245.195" port: 45942 } }
I0227 17:25:46.427641 128609 raft_consensus.cc:366] T 9808ecd2a4be428290fa53bb51dd17d4 P 9f6459ebb80643b98e01844aa2fd6338 [term 0 FOLLOWER]: Consensus starting up: Expiring failure detector timer to make a prompt election more likely
I0227 17:25:46.427738 128609 raft_consensus.cc:705] T 9808ecd2a4be428290fa53bb51dd17d4 P 9f6459ebb80643b98e01844aa2fd6338 [term 0 FOLLOWER]: Becoming Follower/Learner. State: Replica: 9f6459ebb80643b98e01844aa2fd6338, State: Initialized, Role: FOLLOWER
I0227 17:25:46.428009 128609 consensus_queue.cc:229] T 9808ecd2a4be428290fa53bb51dd17d4 P 9f6459ebb80643b98e01844aa2fd6338 [NON_LEADER]: Queue going to NON_LEADER mode. State: All replicated index: 0, Majority replicated index: 0, Committed index: 0, Last appended: 0.0, Last appended by leader: 0, Current term: 0, Majority size: -1, State: 0, Mode: NON_LEADER, active raft config: opid_index: -1 OBSOLETE_local: false peers { permanent_uuid: "39144add463f4fe89dc1ea42c778d8cf" member_type: VOTER last_known_addr { host: "127.112.245.194" port: 55958 } } peers { permanent_uuid: "9f6459ebb80643b98e01844aa2fd6338" member_type: VOTER last_known_addr { host: "127.112.245.193" port: 55806 } } peers { permanent_uuid: "9a4f55686db84876a066f455f6a41180" member_type: VOTER last_known_addr { host: "127.112.245.195" port: 45942 } }
I0227 17:25:46.429903 128547 raft_consensus.cc:472] T 9808ecd2a4be428290fa53bb51dd17d4 P 9a4f55686db84876a066f455f6a41180 [term 0 FOLLOWER]: Starting pre-election (no leader contacted us within the election timeout)
I0227 17:25:46.430028 128547 raft_consensus.cc:494] T 9808ecd2a4be428290fa53bb51dd17d4 P 9a4f55686db84876a066f455f6a41180 [term 0 FOLLOWER]: Starting pre-election with config: opid_index: -1 OBSOLETE_local: false peers { permanent_uuid: "39144add463f4fe89dc1ea42c778d8cf" member_type: VOTER last_known_addr { host: "127.112.245.194" port: 55958 } } peers { permanent_uuid: "9f6459ebb80643b98e01844aa2fd6338" member_type: VOTER last_known_addr { host: "127.112.245.193" port: 55806 } } peers { permanent_uuid: "9a4f55686db84876a066f455f6a41180" member_type: VOTER last_known_addr { host: "127.112.245.195" port: 45942 } }
I0227 17:25:46.430871 128607 tablet_bootstrap.cc:439] T 9808ecd2a4be428290fa53bb51dd17d4 P 39144add463f4fe89dc1ea42c778d8cf: No bootstrap required, opened a new log
I0227 17:25:46.430992 128607 ts_tablet_manager.cc:1047] T 9808ecd2a4be428290fa53bb51dd17d4 P 39144add463f4fe89dc1ea42c778d8cf: Time spent bootstrapping tablet: real 0.022s user 0.001s sys 0.001s
I0227 17:25:46.431180 128547 leader_election.cc:292] T 9808ecd2a4be428290fa53bb51dd17d4 P 9a4f55686db84876a066f455f6a41180 [CANDIDATE]: Term 1 pre-election: Requested pre-vote from peers 39144add463f4fe89dc1ea42c778d8cf (127.112.245.194:55958), 9f6459ebb80643b98e01844aa2fd6338 (127.112.245.193:55806)
I0227 17:25:46.431787 128607 raft_consensus.cc:340] T 9808ecd2a4be428290fa53bb51dd17d4 P 39144add463f4fe89dc1ea42c778d8cf [term 0 FOLLOWER]: Replica starting. Triggering 0 pending transactions. Active config: opid_index: -1 OBSOLETE_local: false peers { permanent_uuid: "39144add463f4fe89dc1ea42c778d8cf" member_type: VOTER last_known_addr { host: "127.112.245.194" port: 55958 } } peers { permanent_uuid: "9f6459ebb80643b98e01844aa2fd6338" member_type: VOTER last_known_addr { host: "127.112.245.193" port: 55806 } } peers { permanent_uuid: "9a4f55686db84876a066f455f6a41180" member_type: VOTER last_known_addr { host: "127.112.245.195" port: 45942 } }
I0227 17:25:46.431864 128607 raft_consensus.cc:366] T 9808ecd2a4be428290fa53bb51dd17d4 P 39144add463f4fe89dc1ea42c778d8cf [term 0 FOLLOWER]: Consensus starting up: Expiring failure detector timer to make a prompt election more likely
I0227 17:25:46.431910 128607 raft_consensus.cc:705] T 9808ecd2a4be428290fa53bb51dd17d4 P 39144add463f4fe89dc1ea42c778d8cf [term 0 FOLLOWER]: Becoming Follower/Learner. State: Replica: 39144add463f4fe89dc1ea42c778d8cf, State: Initialized, Role: FOLLOWER
I0227 17:25:46.432081 128607 consensus_queue.cc:229] T 9808ecd2a4be428290fa53bb51dd17d4 P 39144add463f4fe89dc1ea42c778d8cf [NON_LEADER]: Queue going to NON_LEADER mode. State: All replicated index: 0, Majority replicated index: 0, Committed index: 0, Last appended: 0.0, Last appended by leader: 0, Current term: 0, Majority size: -1, State: 0, Mode: NON_LEADER, active raft config: opid_index: -1 OBSOLETE_local: false peers { permanent_uuid: "39144add463f4fe89dc1ea42c778d8cf" member_type: VOTER last_known_addr { host: "127.112.245.194" port: 55958 } } peers { permanent_uuid: "9f6459ebb80643b98e01844aa2fd6338" member_type: VOTER last_known_addr { host: "127.112.245.193" port: 55806 } } peers { permanent_uuid: "9a4f55686db84876a066f455f6a41180" member_type: VOTER last_known_addr { host: "127.112.245.195" port: 45942 } }
I0227 17:25:46.432634 128607 ts_tablet_manager.cc:1075] T 9808ecd2a4be428290fa53bb51dd17d4 P 39144add463f4fe89dc1ea42c778d8cf: Time spent starting tablet: real 0.002s user 0.001s sys 0.000s
I0227 17:25:46.434334 128609 ts_tablet_manager.cc:1075] T 9808ecd2a4be428290fa53bb51dd17d4 P 9f6459ebb80643b98e01844aa2fd6338: Time spent starting tablet: real 0.008s user 0.002s sys 0.000s
I0227 17:25:46.451215 124804 tablet_service.cc:1010] Received RequestConsensusVote() RPC: tablet_id: "9808ecd2a4be428290fa53bb51dd17d4" candidate_uuid: "9a4f55686db84876a066f455f6a41180" candidate_term: 1 candidate_status { last_received { term: 0 index: 0 } } ignore_live_leader: false dest_uuid: "9f6459ebb80643b98e01844aa2fd6338" is_pre_election: true
I0227 17:25:46.451318 124804 raft_consensus.cc:2346] T 9808ecd2a4be428290fa53bb51dd17d4 P 9f6459ebb80643b98e01844aa2fd6338 [term 0 FOLLOWER]: Leader pre-election vote request: Granting yes vote for candidate 9a4f55686db84876a066f455f6a41180 in term 0.
I0227 17:25:46.451858 125257 leader_election.cc:306] T 9808ecd2a4be428290fa53bb51dd17d4 P 9a4f55686db84876a066f455f6a41180 [CANDIDATE]: Term 1 pre-election: Election decided. Result: candidate won. Election summary: received 2 responses out of 3 voters: 2 yes votes; 0 no votes. yes voters: 9a4f55686db84876a066f455f6a41180, 9f6459ebb80643b98e01844aa2fd6338; no voters:
I0227 17:25:46.452172 128547 raft_consensus.cc:2640] T 9808ecd2a4be428290fa53bb51dd17d4 P 9a4f55686db84876a066f455f6a41180 [term 0 FOLLOWER]: Leader pre-election won for term 1
I0227 17:25:46.452201 128547 raft_consensus.cc:472] T 9808ecd2a4be428290fa53bb51dd17d4 P 9a4f55686db84876a066f455f6a41180 [term 0 FOLLOWER]: Starting leader election (no leader contacted us within the election timeout)
I0227 17:25:46.452229 128547 raft_consensus.cc:2886] T 9808ecd2a4be428290fa53bb51dd17d4 P 9a4f55686db84876a066f455f6a41180 [term 0 FOLLOWER]: Advancing to term 1
I0227 17:25:46.453470 128547 raft_consensus.cc:494] T 9808ecd2a4be428290fa53bb51dd17d4 P 9a4f55686db84876a066f455f6a41180 [term 1 FOLLOWER]: Starting leader election with config: opid_index: -1 OBSOLETE_local: false peers { permanent_uuid: "39144add463f4fe89dc1ea42c778d8cf" member_type: VOTER last_known_addr { host: "127.112.245.194" port: 55958 } } peers { permanent_uuid: "9f6459ebb80643b98e01844aa2fd6338" member_type: VOTER last_known_addr { host: "127.112.245.193" port: 55806 } } peers { permanent_uuid: "9a4f55686db84876a066f455f6a41180" member_type: VOTER last_known_addr { host: "127.112.245.195" port: 45942 } }
I0227 17:25:46.453981 128547 leader_election.cc:292] T 9808ecd2a4be428290fa53bb51dd17d4 P 9a4f55686db84876a066f455f6a41180 [CANDIDATE]: Term 1 election: Requested vote from peers 39144add463f4fe89dc1ea42c778d8cf (127.112.245.194:55958), 9f6459ebb80643b98e01844aa2fd6338 (127.112.245.193:55806)
I0227 17:25:46.454164 125012 tablet_service.cc:1010] Received RequestConsensusVote() RPC: tablet_id: "9808ecd2a4be428290fa53bb51dd17d4" candidate_uuid: "9a4f55686db84876a066f455f6a41180" candidate_term: 1 candidate_status { last_received { term: 0 index: 0 } } ignore_live_leader: false dest_uuid: "39144add463f4fe89dc1ea42c778d8cf" is_pre_election: true
I0227 17:25:46.454295 125012 raft_consensus.cc:2346] T 9808ecd2a4be428290fa53bb51dd17d4 P 39144add463f4fe89dc1ea42c778d8cf [term 0 FOLLOWER]: Leader pre-election vote request: Granting yes vote for candidate 9a4f55686db84876a066f455f6a41180 in term 0.
I0227 17:25:46.454566 125012 tablet_service.cc:1010] Received RequestConsensusVote() RPC: tablet_id: "9808ecd2a4be428290fa53bb51dd17d4" candidate_uuid: "9a4f55686db84876a066f455f6a41180" candidate_term: 1 candidate_status { last_received { term: 0 index: 0 } } ignore_live_leader: false dest_uuid: "39144add463f4fe89dc1ea42c778d8cf"
I0227 17:25:46.454571 124804 tablet_service.cc:1010] Received RequestConsensusVote() RPC: tablet_id: "9808ecd2a4be428290fa53bb51dd17d4" candidate_uuid: "9a4f55686db84876a066f455f6a41180" candidate_term: 1 candidate_status { last_received { term: 0 index: 0 } } ignore_live_leader: false dest_uuid: "9f6459ebb80643b98e01844aa2fd6338"
I0227 17:25:46.454607 125012 raft_consensus.cc:2886] T 9808ecd2a4be428290fa53bb51dd17d4 P 39144add463f4fe89dc1ea42c778d8cf [term 0 FOLLOWER]: Advancing to term 1
I0227 17:25:46.454630 124804 raft_consensus.cc:2886] T 9808ecd2a4be428290fa53bb51dd17d4 P 9f6459ebb80643b98e01844aa2fd6338 [term 0 FOLLOWER]: Advancing to term 1
I0227 17:25:46.455708 124804 raft_consensus.cc:2346] T 9808ecd2a4be428290fa53bb51dd17d4 P 9f6459ebb80643b98e01844aa2fd6338 [term 1 FOLLOWER]: Leader election vote request: Granting yes vote for candidate 9a4f55686db84876a066f455f6a41180 in term 1.
