E0125 01:01:45.362665 4327 mvcc.cc:184] Tried to move safe_time back from 2387 to 2366. Current Snapshot: MvccSnapshot[committed={T|T < 2260 or (T in {2261,2262,2263,2264,2265,2266,2268,2267,2269,2271,2273,2274,2275,2276,2277,2279,2278,2280,2282,2281,2283,2284,2285,2286,2287,2289,2290,2291,2292,2293,2294,2296,2297,2288,2270,2299,2298,2300,2301,2302,2303,2304,2305,2307,2308,2309,2310,2311,2312,2313,2314,2316,2317,2320,2318,2319,2321,2323,2322,2295,2325,2326,2324,2328,2327,2329,2331,2332,2334,2333,2335,2272,2336,2339,2342,2341,2330,2345,2344,2343,2338,2347,2349,2350,2337,2351,2352,2354,2353,2355,2356,2357,2315,2359,2362,2363,2361,2365,2360,2364,2346,2367,2368,2358,2369,2348,2373,2376,2377,2378,2379,2374,2375,2340,2380,2306,2385,2386,2382,2387})}]
E0125 01:01:45.364984 4333 mvcc.cc:184] Tried to move safe_time back from 2417 to 2411. Current Snapshot: MvccSnapshot[committed={T|T < 2371 or (T in {2373,2376,2377,2378,2379,2374,2375,2380,2385,2386,2382,2387,2381,2384,2390,2391,2394,2395,2396,2397,2398,2399,2400,2388,2401,2393,2402,2404,2407,2409,2410,2403,2412,2408,2405,2413,2416,2417})}]
I0125 01:01:45.365756 4312 tablet.cc:1153] T test_tablet_id P f72801c799214bbaad7da403139a675d: Flush: entering stage 1 (old memrowset already frozen for inserts)
I0125 01:01:45.365775 4312 compaction.cc:914] Selected 1 rowsets to compact:
I0125 01:01:45.365782 4312 compaction.cc:917] memrowset(current size on disk: ~0 bytes)
I0125 01:01:45.365789 4312 tablet.cc:1155] T test_tablet_id P f72801c799214bbaad7da403139a675d: Memstore in-memory size: 15703 bytes
I0125 01:01:45.365811 4312 tablet.cc:1444] T test_tablet_id P f72801c799214bbaad7da403139a675d: Flush: entering phase 1 (flushing snapshot). Phase 1 snapshot: MvccSnapshot[committed={T|T < 2371 or (T in {2373,2376,2377,2378,2379,2374,2375,2380,2385,2386,2382,2387,2381,2384,2390,2391,2394,2395,2396,2397,2398,2399,2400,2388,2401,2393,2402,2404,2407,2409,2410,2403,2412,2408,2405,2413,2416,2417,2411,2418,2414,2420,2415,2422,2424,2419,2406})}]
I0125 01:01:45.366247 4312 multi_column_writer.cc:98] Opened CFile writers for 3 column(s)
E0125 01:01:45.368238 4333 mvcc.cc:184] Tried to move safe_time back from 2446 to 2441. Current Snapshot: MvccSnapshot[committed={T|T < 2371 or (T in {2373,2376,2377,2378,2379,2374,2375,2380,2385,2386,2382,2387,2381,2384,2390,2391,2394,2395,2396,2397,2398,2399,2400,2388,2401,2393,2402,2404,2407,2409,2410,2403,2412,2408,2405,2413,2416,2417,2411,2418,2414,2420,2415,2422,2424,2419,2406,2425,2427,2423,2428,2430,2431,2426,2432,2434,2435,2429,2436,2438,2433,2439,2440,2442,2437,2443,2445,2446})}]
I0125 01:01:45.369593 4312 tablet.cc:1529] T test_tablet_id P f72801c799214bbaad7da403139a675d: Flush: entering phase 2 (starting to duplicate updates in new rowsets)
E0125 01:01:45.371093 4321 mvcc.cc:184] Tried to move safe_time back from 2459 to 2458. Current Snapshot: MvccSnapshot[committed={T|T < 2372 or (T in {2373,2376,2377,2378,2379,2374,2375,2380,2385,2386,2382,2387,2381,2384,2390,2391,2394,2395,2396,2397,2398,2399,2400,2388,2401,2393,2402,2404,2407,2409,2410,2403,2412,2408,2405,2413,2416,2417,2411,2418,2414,2420,2415,2422,2424,2419,2406,2425,2427,2423,2428,2430,2431,2426,2432,2434,2435,2429,2436,2438,2433,2439,2440,2442,2437,2443,2445,2446,2441,2447,2449,2444,2450,2452,2453,2448,2454,2456,2451,2457,2459,2383,2455,2421,2392,2389})}]
I0125 01:01:45.371706 4313 tablet.cc:1529] T test_tablet_id P f72801c799214bbaad7da403139a675d: Compaction: entering phase 2 (starting to duplicate updates in new rowsets)
I0125 01:01:45.372076 4312 tablet.cc:1584] T test_tablet_id P f72801c799214bbaad7da403139a675d: Flush Phase 2: carrying over any updates which arrived during Phase 1
I0125 01:01:45.372102 4312 tablet.cc:1586] T test_tablet_id P f72801c799214bbaad7da403139a675d: Phase 2 snapshot: MvccSnapshot[committed={T|T < 2459 or (T in {2459})}]
I0125 01:01:45.372725 4312 delta_tracker.cc:722] T test_tablet_id P f72801c799214bbaad7da403139a675d: Flushing 27 deltas (1759 bytes in memory) from DMS 1
I0125 01:01:45.373314 4312 delta_tracker.cc:663] T test_tablet_id P f72801c799214bbaad7da403139a675d: Flushed delta block 4217819249980551201 (416 bytes on disk) stats: ts range=[2371, 2459], delete_count=[0], reinsert_count=[0], update_counts_by_col_id=[12:27]
I0125 01:01:45.374981 4312 tablet.cc:1634] T test_tablet_id P f72801c799214bbaad7da403139a675d: Flush successful on 10 rows (4695 bytes)
I0125 01:01:45.375093 4312 delta_tracker.cc:722] T test_tablet_id P f72801c799214bbaad7da403139a675d: Flushing 1 deltas (763 bytes in memory) from DMS 2
I0125 01:01:45.375649 4312 delta_tracker.cc:663] T test_tablet_id P f72801c799214bbaad7da403139a675d: Flushed delta block 4217819249980551202 (151 bytes on disk) stats: ts range=[2465, 2465], delete_count=[1], reinsert_count=[0], update_counts_by_col_id=[]
E0125 01:01:45.379163 4328 mvcc.cc:184] Tried to move safe_time back from 2499 to 2496. Current Snapshot: MvccSnapshot[committed={T|T < 2461 or (T in {2468,2469,2465,2470,2471,2472,2473,2474,2475,2476,2462,2479,2477,2480,2481,2482,2483,2484,2485,2486,2489,2467,2490,2491,2492,2493,2466,2495,2488,2498,2499,2463})}]
E0125 01:01:45.386502 4325 mvcc.cc:184] Tried to move safe_time back from 2535 to 2528. Current Snapshot: MvccSnapshot[committed={T|T < 2464 or (T in {2468,2469,2465,2470,2471,2472,2473,2474,2475,2476,2479,2477,2480,2481,2482,2483,2484,2485,2486,2489,2467,2490,2491,2492,2493,2466,2495,2488,2498,2499,2496,2497,2500,2494,2487,2478,2503,2501,2502,2504,2505,2506,2507,2508,2509,2510,2513,2511,2512,2514,2515,2516,2517,2518,2519,2520,2521,2522,2523,2524,2525,2526,2531,2533,2534,2535})}]
E0125 01:01:45.389199 4319 mvcc.cc:184] Tried to move safe_time back from 2561 to 2556. Current Snapshot: MvccSnapshot[committed={T|T < 2464 or (T in {2468,2469,2465,2470,2471,2472,2473,2474,2475,2476,2479,2477,2480,2481,2482,2483,2484,2485,2486,2489,2467,2490,2491,2492,2493,2466,2495,2488,2498,2499,2496,2497,2500,2494,2487,2478,2503,2501,2502,2504,2505,2506,2507,2508,2509,2510,2513,2511,2512,2514,2515,2516,2517,2518,2519,2520,2521,2522,2523,2524,2525,2526,2531,2533,2534,2535,2528,2529,2536,2540,2541,2537,2542,2544,2545,2539,2538,2546,2549,2550,2551,2530,2552,2554,2547,2555,2548,2557,2559,2560,2553,2561})}]
I0125 01:01:45.390544 4313 tablet.cc:1584] T test_tablet_id P f72801c799214bbaad7da403139a675d: Compaction Phase 2: carrying over any updates which arrived during Phase 1
I0125 01:01:45.390655 4313 tablet.cc:1586] T test_tablet_id P f72801c799214bbaad7da403139a675d: Phase 2 snapshot: MvccSnapshot[committed={T|T < 2460 or (T in {2468,2469,2465,2470,2471,2472,2473,2474,2475,2476,2479,2462,2477})}]
I0125 01:01:45.391685 4316 delta_tracker.cc:177] T test_tablet_id P f72801c799214bbaad7da403139a675d: Preparing to minor compact delta file: 4217819249980551200 (ts range=[2260, 2370], delete_count=[6], reinsert_count=[0], update_counts_by_col_id=[])
I0125 01:01:45.391721 4316 delta_tracker.cc:177] T test_tablet_id P f72801c799214bbaad7da403139a675d: Preparing to minor compact delta file: 4217819249980551201 (ts range=[2371, 2459], delete_count=[0], reinsert_count=[0], update_counts_by_col_id=[12:27])
I0125 01:01:45.391738 4316 delta_tracker.cc:177] T test_tablet_id P f72801c799214bbaad7da403139a675d: Preparing to minor compact delta file: 4217819249980551202 (ts range=[2465, 2465], delete_count=[1], reinsert_count=[0], update_counts_by_col_id=[])
I0125 01:01:45.391765 4316 delta_tracker.cc:529] T test_tablet_id P f72801c799214bbaad7da403139a675d: Compacting 3 delta files.
I0125 01:01:45.392549 4316 delta_tracker.cc:536] T test_tablet_id P f72801c799214bbaad7da403139a675d: Succesfully compacted the specified delta files.
I0125 01:01:45.392585 4316 delta_tracker.cc:399] T test_tablet_id P f72801c799214bbaad7da403139a675d: Flushing compaction of redo delta blocks { 4217819249980551200 4217819249980551201 4217819249980551202 } into block 4217819249980551203
I0125 01:01:45.394302 4315 delta_tracker.cc:722] T test_tablet_id P f72801c799214bbaad7da403139a675d: Flushing 4 deltas (763 bytes in memory) from DMS 3
I0125 01:01:45.394742 4315 delta_tracker.cc:663] T test_tablet_id P f72801c799214bbaad7da403139a675d: Flushed delta block 4217819249980551204 (178 bytes on disk) stats: ts range=[2460, 2537], delete_count=[3], reinsert_count=[0], update_counts_by_col_id=[12:1]
I0125 01:01:45.395362 4312 tablet.cc:1153] T test_tablet_id P f72801c799214bbaad7da403139a675d: Flush: entering stage 1 (old memrowset already frozen for inserts)
I0125 01:01:45.395373 4312 compaction.cc:914] Selected 1 rowsets to compact:
I0125 01:01:45.395380 4312 compaction.cc:917] memrowset(current size on disk: ~0 bytes)
I0125 01:01:45.395386 4312 tablet.cc:1155] T test_tablet_id P f72801c799214bbaad7da403139a675d: Memstore in-memory size: 3751 bytes
I0125 01:01:45.395408 4312 tablet.cc:1444] T test_tablet_id P f72801c799214bbaad7da403139a675d: Flush: entering phase 1 (flushing snapshot). Phase 1 snapshot: MvccSnapshot[committed={T|T < 2543 or (T in {2544,2545,2546,2549,2550,2551,2552,2554,2547,2555,2548,2557,2559,2560,2553,2561,2556,2563,2564,2562,2566,2568,2569,2570,2571,2565,2572,2574,2575,2576,2578,2580,2573,2579,2581,2582,2584,2583,2567,2585})}]
I0125 01:01:45.396200 4312 multi_column_writer.cc:98] Opened CFile writers for 3 column(s)
E0125 01:01:45.396651 4324 mvcc.cc:184] Tried to move safe_time back from 2586 to 2543. Current Snapshot: MvccSnapshot[committed={T|T < 2543 or (T in {2544,2545,2546,2549,2550,2551,2552,2554,2547,2555,2548,2557,2559,2560,2553,2561,2556,2563,2564,2562,2566,2568,2569,2570,2571,2565,2572,2574,2575,2576,2578,2580,2573,2579,2581,2582,2584,2583,2567,2585,2577,2586})}]
I0125 01:01:45.397025 4313 tablet.cc:1634] T test_tablet_id P f72801c799214bbaad7da403139a675d: Compaction successful on 10 rows (4695 bytes)
I0125 01:01:45.398705 4312 tablet.cc:1529] T test_tablet_id P f72801c799214bbaad7da403139a675d: Flush: entering phase 2 (starting to duplicate updates in new rowsets)
I0125 01:01:45.402572 4317 diskrowset.cc:560] T test_tablet_id P f72801c799214bbaad7da403139a675d: RowSet(10): Major compacting REDO delta stores (cols: 12)
I0125 01:01:45.402674 4317 delta_compaction.cc:294] Starting major delta compaction for columns val[int32 NOT NULL]
I0125 01:01:45.402719 4317 delta_compaction.cc:298] Preparing to major compact delta file: 4217819249980551203 (ts range=[2260, 2465], delete_count=[7], reinsert_count=[0], update_counts_by_col_id=[12:27])
I0125 01:01:45.402743 4317 delta_compaction.cc:298] Preparing to major compact delta file: 4217819249980551204 (ts range=[2460, 2537], delete_count=[3], reinsert_count=[0], update_counts_by_col_id=[12:1])
I0125 01:01:45.402848 4317 multi_column_writer.cc:98] Opened CFile writers for 1 column(s)
I0125 01:01:45.404383 4317 delta_compaction.cc:304] Finished major delta compaction of columns val[int32 NOT NULL]
E0125 01:01:45.404556 4329 mvcc.cc:184] Tried to move safe_time back from 2631 to 2630. Current Snapshot: MvccSnapshot[committed={T|T < 2587 or (T in {2592,2588,2591,2589,2594,2597,2596,2598,2599,2600,2601,2602,2604,2605,2606,2607,2590,2608,2609,2611,2614,2612,2615,2613,2616,2618,2619,2620,2621,2622,2623,2624,2625,2627,2626,2628,2629,2631})}]
E0125 01:01:45.408116 4337 mvcc.cc:184] Tried to move safe_time back from 2656 to 2593. Current Snapshot: MvccSnapshot[committed={T|T < 2587 or (T in {2592,2588,2591,2589,2594,2597,2596,2598,2599,2600,2601,2602,2604,2605,2606,2607,2590,2608,2609,2611,2614,2612,2615,2613,2616,2618,2619,2620,2621,2622,2623,2624,2625,2627,2626,2628,2629,2631,2630,2603,2610,2636,2634,2637,2638,2640,2639,2617,2642,2635,2643,2644,2646,2647,2595,2650,2648,2649,2651,2652,2654,2655,2656})}]
E0125 01:01:45.416607 4326 mvcc.cc:184] Tried to move safe_time back from 2732 to 2731. Current Snapshot: MvccSnapshot[committed={T|T < 2587 or (T in {2592,2588,2591,2589,2594,2597,2596,2598,2599,2600,2601,2602,2604,2605,2606,2607,2590,2608,2609,2611,2614,2612,2615,2613,2616,2618,2619,2620,2621,2622,2623,2624,2625,2627,2626,2628,2629,2631,2630,2603,2610,2636,2634,2637,2638,2640,2639,2617,2642,2635,2643,2644,2646,2647,2595,2650,2648,2649,2651,2652,2654,2655,2656,2593,2657,2658,2659,2661,2660,2662,2663,2664,2665,2666,2667,2668,2669,2670,2671,2672,2673,2675,2633,2676,2677,2678,2679,2680,2681,2682,2683,2684,2685,2686,2688,2687,2690,2689,2691,2692,2693,2694,2696,2674,2697,2698,2699,2645,2701,2702,2703,2704,2705,2706,2695,2641,2709,2710,2711,2712,2713,2714,2715,2716,2717,2718,2719,2721,2707,2722,2723,2724,2725,2726,2727,2728,2729,2730,2732})}]
E0125 01:01:45.420011 4323 mvcc.cc:184] Tried to move safe_time back from 2757 to 2587. Current Snapshot: MvccSnapshot[committed={T|T < 2587 or (T in {2592,2588,2591,2589,2594,2597,2596,2598,2599,2600,2601,2602,2604,2605,2606,2607,2590,2608,2609,2611,2614,2612,2615,2613,2616,2618,2619,2620,2621,2622,2623,2624,2625,2627,2626,2628,2629,2631,2630,2603,2610,2636,2634,2637,2638,2640,2639,2617,2642,2635,2643,2644,2646,2647,2595,2650,2648,2649,2651,2652,2654,2655,2656,2593,2657,2658,2659,2661,2660,2662,2663,2664,2665,2666,2667,2668,2669,2670,2671,2672,2673,2675,2633,2676,2677,2678,2679,2680,2681,2682,2683,2684,2685,2686,2688,2687,2690,2689,2691,2692,2693,2694,2696,2674,2697,2698,2699,2645,2701,2702,2703,2704,2705,2706,2695,2641,2709,2710,2711,2712,2713,2714,2715,2716,2717,2718,2719,2721,2707,2722,2723,2724,2725,2726,2727,2728,2729,2730,2732,2731,2632,2708,2735,2736,2737,2653,2738,2739,2740,2743,2720,2745,2744,2746,2747,2733,2749,2700,2751,2748,2753,2755,2754,2756,2757})}]
I0125 01:01:45.420212 4312 tablet.cc:1584] T test_tablet_id P f72801c799214bbaad7da403139a675d: Flush Phase 2: carrying over any updates which arrived during Phase 1
I0125 01:01:45.420259 4312 tablet.cc:1586] T test_tablet_id P f72801c799214bbaad7da403139a675d: Phase 2 snapshot: MvccSnapshot[committed={T|T < 2558 or (T in {2559,2560,2561,2563,2564,2562,2566,2568,2569,2570,2571,2565,2572,2574,2575,2576,2578,2580,2573,2579,2581,2582,2584,2583,2567,2585,2577,2586,2592,2588,2590,2589,2591,2558,2587})}]
I0125 01:01:45.420596 4312 delta_tracker.cc:722] T test_tablet_id P f72801c799214bbaad7da403139a675d: Flushing 4 deltas (763 bytes in memory) from DMS 1
I0125 01:01:45.421048 4312 delta_tracker.cc:663] T test_tablet_id P f72801c799214bbaad7da403139a675d: Flushed delta block 4217819249980551214 (178 bytes on disk) stats: ts range=[2586, 2660], delete_count=[3], reinsert_count=[0], update_counts_by_col_id=[12:1]
I0125 01:01:45.423102 4312 tablet.cc:1634] T test_tablet_id P f72801c799214bbaad7da403139a675d: Flush successful on 8 rows (4599 bytes)
E0125 01:01:45.425366 4337 mvcc.cc:184] Tried to move safe_time back from 2777 to 2763. Current Snapshot: MvccSnapshot[committed={T|T < 2734 or (T in {2735,2736,2737,2738,2739,2740,2743,2745,2744,2746,2747,2749,2751,2748,2753,2755,2754,2756,2757,2750,2761,2752,2742,2762,2759,2760,2758,2741,2767,2765,2764,2768,2769,2770,2771,2772,2773,2774,2776,2777})}]
E0125 01:01:45.427772 4319 mvcc.cc:184] Tried to move safe_time back from 2811 to 2778. Current Snapshot: MvccSnapshot[committed={T|T < 2775 or (T in {2776,2777,2779,2780,2786,2782,2781,2787,2788,2790,2791,2792,2793,2794,2789,2795,2797,2798,2800,2801,2784,2802,2804,2805,2806,2807,2799,2808,2809,2803,2783,2811})}]
E0125 01:01:45.433568 4338 mvcc.cc:184] Tried to move safe_time back from 2855 to 2853. Current Snapshot: MvccSnapshot[committed={T|T < 2775 or (T in {2776,2777,2779,2780,2786,2782,2781,2787,2788,2790,2791,2792,2793,2794,2789,2795,2797,2798,2800,2801,2784,2802,2804,2805,2806,2807,2799,2808,2809,2803,2783,2811,2778,2816,2813,2812,2815,2817,2818,2819,2820,2821,2822,2823,2824,2825,2826,2827,2828,2796,2830,2831,2833,2832,2834,2835,2829,2837,2838,2839,2840,2841,2842,2836,2843,2845,2847,2846,2848,2849,2850,2851,2852,2855,2854})}]
I0125 01:01:45.433928 4312 tablet.cc:1153] T test_tablet_id P f72801c799214bbaad7da403139a675d: Flush: entering stage 1 (old memrowset already frozen for inserts)
I0125 01:01:45.433943 4312 compaction.cc:914] Selected 1 rowsets to compact:
I0125 01:01:45.433948 4312 compaction.cc:917] memrowset(current size on disk: ~0 bytes)
I0125 01:01:45.433956 4312 tablet.cc:1155] T test_tablet_id P f72801c799214bbaad7da403139a675d: Memstore in-memory size: 7735 bytes
I0125 01:01:45.433980 4312 tablet.cc:1444] T test_tablet_id P f72801c799214bbaad7da403139a675d: Flush: entering phase 1 (flushing snapshot). Phase 1 snapshot: MvccSnapshot[committed={T|T < 2785 or (T in {2786,2787,2788,2790,2791,2792,2793,2794,2789,2795,2797,2798,2800,2801,2802,2804,2805,2806,2807,2799,2808,2809,2803,2811,2816,2813,2812,2815,2817,2818,2819,2820,2821,2822,2823,2824,2825,2826,2827,2828,2796,2830,2831,2833,2832,2834,2835,2829,2837,2838,2839,2840,2841,2842,2836,2843,2845,2847,2846,2848,2849,2850,2851,2852,2855,2854,2853})}]
I0125 01:01:45.434415 4312 multi_column_writer.cc:98] Opened CFile writers for 3 column(s)
I0125 01:01:45.437714 4312 tablet.cc:1529] T test_tablet_id P f72801c799214bbaad7da403139a675d: Flush: entering phase 2 (starting to duplicate updates in new rowsets)
E0125 01:01:45.440903 4335 mvcc.cc:184] Tried to move safe_time back from 2897 to 2894. Current Snapshot: MvccSnapshot[committed={T|T < 2810 or (T in {2811,2816,2813,2812,2815,2817,2818,2819,2820,2821,2822,2823,2824,2825,2826,2827,2828,2830,2831,2833,2832,2834,2835,2829,2837,2838,2839,2840,2841,2842,2836,2843,2845,2847,2846,2848,2849,2850,2851,2852,2855,2854,2853,2857,2858,2859,2860,2861,2863,2862,2864,2865,2866,2868,2844,2869,2870,2871,2873,2874,2872,2875,2876,2856,2879,2880,2881,2882,2883,2884,2885,2886,2887,2888,2889,2891,2890,2893,2814,2892,2895,2897})}]
E0125 01:01:45.446439 4337 mvcc.cc:184] Tried to move safe_time back from 2938 to 2935. Current Snapshot: MvccSnapshot[committed={T|T < 2877 or (T in {2879,2880,2881,2882,2883,2884,2885,2886,2887,2888,2889,2891,2890,2893,2892,2895,2897,2898,2900,2899,2901,2894,2904,2902,2905,2906,2907,2908,2909,2910,2911,2912,2913,2914,2915,2917,2916,2918,2920,2919,2921,2923,2922,2924,2925,2926,2927,2928,2929,2930,2931,2932,2903,2938,2937})}]
E0125 01:01:45.454042 4327 mvcc.cc:184] Tried to move safe_time back from 2988 to 2960. Current Snapshot: MvccSnapshot[committed={T|T < 2877 or (T in {2879,2880,2881,2882,2883,2884,2885,2886,2887,2888,2889,2891,2890,2893,2892,2895,2897,2898,2900,2899,2901,2894,2904,2902,2905,2906,2907,2908,2909,2910,2911,2912,2913,2914,2915,2917,2916,2918,2920,2919,2921,2923,2922,2924,2925,2926,2927,2928,2929,2930,2931,2932,2903,2938,2937,2935,2934,2939,2940,2936,2941,2942,2943,2944,2946,2947,2949,2948,2950,2951,2952,2953,2954,2955,2956,2957,2958,2959,2962,2963,2961,2964,2965,2967,2966,2968,2970,2896,2971,2972,2973,2975,2969,2976,2977,2978,2974,2980,2981,2982,2984,2983,2985,2986,2987,2988})}]
E0125 01:01:45.462013 4328 mvcc.cc:184] Tried to move safe_time back from 3046 to 2878. Current Snapshot: MvccSnapshot[committed={T|T < 2878 or (T in {2879,2880,2881,2882,2883,2884,2885,2886,2887,2888,2889,2891,2890,2893,2892,2895,2897,2898,2900,2899,2901,2894,2904,2902,2905,2906,2907,2908,2909,2910,2911,2912,2913,2914,2915,2917,2916,2918,2920,2919,2921,2923,2922,2924,2925,2926,2927,2928,2929,2930,2931,2932,2903,2938,2937,2935,2934,2939,2940,2936,2941,2942,2943,2944,2946,2947,2949,2948,2950,2951,2952,2953,2954,2955,2956,2957,2958,2959,2962,2963,2961,2964,2965,2967,2966,2968,2970,2896,2971,2972,2973,2975,2969,2976,2977,2978,2974,2980,2981,2982,2984,2983,2985,2986,2987,2988,2960,2991,2990,2992,2995,2994,2993,2996,2999,2997,2998,3000,3001,3002,3003,3004,3005,3006,3007,3008,3009,3010,3011,3012,3014,3013,3015,3016,3018,3019,3020,3021,3022,3023,3024,3025,3026,3027,3028,3030,3029,3031,3032,3033,3034,3035,3036,3037,3038,3039,3040,3042,3041,3043,3044,3045,3046})}]
I0125 01:01:45.462548 4312 tablet.cc:1584] T test_tablet_id P f72801c799214bbaad7da403139a675d: Flush Phase 2: carrying over any updates which arrived during Phase 1
I0125 01:01:45.462584 4312 tablet.cc:1586] T test_tablet_id P f72801c799214bbaad7da403139a675d: Phase 2 snapshot: MvccSnapshot[committed={T|T < 2785 or (T in {2786,2787,2788,2790,2791,2792,2793,2794,2789,2795,2797,2798,2800,2801,2802,2804,2805,2806,2807,2799,2808,2809,2803,2811,2816,2813,2812,2815,2817,2818,2819,2820,2821,2822,2823,2824,2825,2826,2827,2828,2796,2830,2831,2833,2832,2834,2835,2829,2837,2838,2839,2840,2841,2842,2836,2843,2845,2847,2846,2848,2849,2850,2851,2852,2855,2854,2853,2857,2858,2859,2860,2861,2863,2862,2864,2865,2866,2868,2844,2869,2870,2871,2873,2874,2872,2875,2876,2856,2879,2877,2878,2867,2880,2814,2810,2785})}]
I0125 01:01:45.463009 4312 delta_tracker.cc:722] T test_tablet_id P f72801c799214bbaad7da403139a675d: Flushing 15 deltas (1759 bytes in memory) from DMS 1
I0125 01:01:45.463726 4312 delta_tracker.cc:663] T test_tablet_id P f72801c799214bbaad7da403139a675d: Flushed delta block 4217819249980551221 (288 bytes on disk) stats: ts range=[2810, 2983], delete_count=[3], reinsert_count=[0], update_counts_by_col_id=[12:12]
I0125 01:01:45.464989 4312 tablet.cc:1634] T test_tablet_id P f72801c799214bbaad7da403139a675d: Flush successful on 10 rows (4695 bytes)
E0125 01:01:45.470042 4327 mvcc.cc:184] Tried to move safe_time back from 3082 to 3078. Current Snapshot: MvccSnapshot[committed={T|T < 2933 or (T in {2938,2937,2935,2934,2939,2940,2936,2941,2942,2943,2944,2946,2947,2949,2948,2950,2951,2952,2953,2954,2955,2956,2957,2958,2959,2962,2963,2961,2964,2965,2967,2966,2968,2970,2971,2972,2973,2975,2969,2976,2977,2978,2974,2980,2981,2982,2984,2983,2985,2986,2987,2988,2960,2991,2990,2992,2995,2994,2993,2996,2999,2997,2998,3000,3001,3002,3003,3004,3005,3006,3007,3008,3009,3010,3011,3012,3014,3013,3015,3016,3018,3019,3020,3021,3022,3023,3024,3025,3026,3027,3028,3030,3029,3031,3032,3033,3034,3035,3036,3037,3038,3039,3040,3042,3041,3043,3044,3045,3046,3017,3047,2979,3049,3051,3052,3054,3053,3055,3056,3058,2945,3059,3060,3061,3062,3063,3064,3066,2989,3065,3070,3072,3071,3074,3073,3075,3069,3076,3077,3079,3080,3081,3082})}]
E0125 01:01:45.472723 4325 mvcc.cc:184] Tried to move safe_time back from 3105 to 3093. Current Snapshot: MvccSnapshot[committed={T|T < 3067 or (T in {3070,3072,3071,3074,3073,3075,3069,3076,3077,3079,3080,3081,3082,3078,3084,3083,3086,3088,3085,3089,3068,3087,3092,3094,3100,3099,3101,3102,3103,3104,3097,3105})}]
I0125 01:01:45.472882 4312 tablet.cc:1153] T test_tablet_id P f72801c799214bbaad7da403139a675d: Flush: entering stage 1 (old memrowset already frozen for inserts)
I0125 01:01:45.472892 4312 compaction.cc:914] Selected 1 rowsets to compact:
I0125 01:01:45.472898 4312 compaction.cc:917] memrowset(current size on disk: ~0 bytes)
I0125 01:01:45.472903 4312 tablet.cc:1155] T test_tablet_id P f72801c799214bbaad7da403139a675d: Memstore in-memory size: 7735 bytes
I0125 01:01:45.473172 4312 tablet.cc:1444] T test_tablet_id P f72801c799214bbaad7da403139a675d: Flush: entering phase 1 (flushing snapshot). Phase 1 snapshot: MvccSnapshot[committed={T|T < 3090 or (T in {3092,3094,3100,3099,3101,3102,3103,3104,3097,3105,3093,3106,3108,3095})}]
I0125 01:01:45.473561 4312 multi_column_writer.cc:98] Opened CFile writers for 3 column(s)
E0125 01:01:45.476476 4319 mvcc.cc:184] Tried to move safe_time back from 3129 to 3127. Current Snapshot: MvccSnapshot[committed={T|T < 3091 or (T in {3092,3094,3100,3099,3101,3102,3103,3104,3097,3105,3093,3106,3108,3095,3110,3112,3111,3113,3116,3118,3115,3119,3121,3122,3117,3123,3125,3120,3126,3114,3124,3129})}]
I0125 01:01:45.476816 4312 tablet.cc:1529] T test_tablet_id P f72801c799214bbaad7da403139a675d: Flush: entering phase 2 (starting to duplicate updates in new rowsets)
I0125 01:01:45.477607 4312 tablet.cc:1584] T test_tablet_id P f72801c799214bbaad7da403139a675d: Flush Phase 2: carrying over any updates which arrived during Phase 1
I0125 01:01:45.477710 4312 tablet.cc:1586] T test_tablet_id P f72801c799214bbaad7da403139a675d: Phase 2 snapshot: MvccSnapshot[committed={T|T < 3091 or (T in {3092,3094,3100,3099,3101,3102,3103,3104,3097,3105,3093,3106,3108,3095,3110,3112,3111,3113,3116,3118,3115,3119,3121,3122,3117,3123,3125,3120,3126,3114,3124,3129,3127,3130,3131,3132,3128,3107,3133})}]
I0125 01:01:45.478169 4312 delta_tracker.cc:722] T test_tablet_id P f72801c799214bbaad7da403139a675d: Flushing 10 deltas (763 bytes in memory) from DMS 1
I0125 01:01:45.478682 4312 delta_tracker.cc:663] T test_tablet_id P f72801c799214bbaad7da403139a675d: Flushed delta block 4217819249980551228 (247 bytes on disk) stats: ts range=[3110, 3128], delete_count=[1], reinsert_count=[0], update_counts_by_col_id=[12:9]
I0125 01:01:45.482878 4312 tablet.cc:1634] T test_tablet_id P f72801c799214bbaad7da403139a675d: Flush successful on 10 rows (4686 bytes)
I0125 01:01:45.485900 4312 delta_tracker.cc:722] T test_tablet_id P f72801c799214bbaad7da403139a675d: Flushing 1 deltas (763 bytes in memory) from DMS 2
E0125 01:01:45.485962 4334 mvcc.cc:184] Tried to move safe_time back from 3162 to 3135. Current Snapshot: MvccSnapshot[committed={T|T < 3135 or (T in {3140,3141,3142,3144,3143,3145,3146,3147,3148,3149,3151,3152,3154,3155,3156,3157,3158,3153,3159,3160,3161,3150,3162})}]
I0125 01:01:45.486394 4312 delta_tracker.cc:663] T test_tablet_id P f72801c799214bbaad7da403139a675d: Flushed delta block 4217819249980551229 (151 bytes on disk) stats: ts range=[3098, 3098], delete_count=[1], reinsert_count=[0], update_counts_by_col_id=[]
E0125 01:01:45.491961 4335 mvcc.cc:184] Tried to move safe_time back from 3191 to 3190. Current Snapshot: MvccSnapshot[committed={T|T < 3136 or (T in {3140,3141,3142,3144,3143,3145,3146,3147,3148,3149,3151,3152,3154,3155,3156,3157,3158,3153,3159,3160,3161,3150,3162,3163,3167,3169,3168,3170,3172,3171,3173,3174,3176,3175,3178,3177,3181,3180,3182,3179,3138,3185,3166,3137,3186,3189,3191})}]
I0125 01:01:45.494240 4316 delta_tracker.cc:177] T test_tablet_id P f72801c799214bbaad7da403139a675d: Preparing to minor compact delta file: 4217819249980551227 (ts range=[2877, 3095], delete_count=[6], reinsert_count=[0], update_counts_by_col_id=[])
I0125 01:01:45.494274 4316 delta_tracker.cc:177] T test_tablet_id P f72801c799214bbaad7da403139a675d: Preparing to minor compact delta file: 4217819249980551228 (ts range=[3110, 3128], delete_count=[1], reinsert_count=[0], update_counts_by_col_id=[12:9])
I0125 01:01:45.494292 4316 delta_tracker.cc:177] T test_tablet_id P f72801c799214bbaad7da403139a675d: Preparing to minor compact delta file: 4217819249980551229 (ts range=[3098, 3098], delete_count=[1], reinsert_count=[0], update_counts_by_col_id=[])
I0125 01:01:45.494323 4316 delta_tracker.cc:529] T test_tablet_id P f72801c799214bbaad7da403139a675d: Compacting 3 delta files.
I0125 01:01:45.498891 4313 tablet.cc:1664] T test_tablet_id P f72801c799214bbaad7da403139a675d: Compaction: stage 1 complete, picked 5 rowsets to compact or flush
I0125 01:01:45.498911 4313 compaction.cc:914] Selected 5 rowsets to compact:
I0125 01:01:45.498919 4313 compaction.cc:917] RowSet(9)(current size on disk: ~7018 bytes)
I0125 01:01:45.498922 4313 compaction.cc:917] RowSet(10)(current size on disk: ~7630 bytes)
I0125 01:01:45.498934 4313 compaction.cc:917] RowSet(8)(current size on disk: ~17191 bytes)
I0125 01:01:45.498937 4313 compaction.cc:917] RowSet(11)(current size on disk: ~5954 bytes)
I0125 01:01:45.498941 4313 compaction.cc:917] RowSet(12)(current size on disk: ~7185 bytes)
I0125 01:01:45.498967 4313 tablet.cc:1444] T test_tablet_id P f72801c799214bbaad7da403139a675d: Compaction: entering phase 1 (flushing snapshot). Phase 1 snapshot: MvccSnapshot[committed={T|T < 3164 or (T in {3167,3169,3168,3170,3172,3171,3173,3174,3176,3175,3178,3177,3181,3180,3182,3179,3185,3166,3186,3189,3191,3190,3188,3187,3192,3194,3195,3193,3196,3197,3198,3202,3204,3206,3207,3184,3208,3210,3211,3212,3213,3214,3215,3216,3217,3218,3219,3220,3221,3222,3223,3224,3225,3226,3227,3228,3229,3230,3231,3232,3233,3234,3235,3236,3237,3238,3239,3240,3241,3242,3243,3244,3245,3246,3247,3248,3249,3250,3251,3252,3253})}]
E0125 01:01:45.507033 4329 mvcc.cc:184] Tried to move safe_time back from 3314 to 3205. Current Snapshot: MvccSnapshot[committed={T|T < 3164 or (T in {3167,3169,3168,3170,3172,3171,3173,3174,3176,3175,3178,3177,3181,3180,3182,3179,3185,3166,3186,3189,3191,3190,3188,3187,3192,3194,3195,3193,3196,3197,3198,3202,3204,3206,3207,3184,3208,3210,3211,3212,3213,3214,3215,3216,3217,3218,3219,3220,3221,3222,3223,3224,3225,3226,3227,3228,3229,3230,3231,3232,3233,3234,3235,3236,3237,3238,3239,3240,3241,3242,3243,3244,3245,3246,3247,3248,3249,3250,3251,3252,3253,3254,3255,3256,3257,3258,3259,3260,3261,3262,3263,3264,3265,3266,3267,3268,3269,3270,3271,3272,3273,3274,3275,3276,3277,3278,3279,3280,3281,3282,3283,3284,3285,3286,3287,3288,3289,3290,3291,3292,3293,3294,3295,3296,3297,3298,3299,3300,3301,3302,3303,3304,3305,3306,3307,3308,3309,3310,3311,3312,3313,3314,3165,3199,3201})}]
I0125 01:01:45.507053 4316 delta_tracker.cc:536] T test_tablet_id P f72801c799214bbaad7da403139a675d: Succesfully compacted the specified delta files.
I0125 01:01:45.507105 4316 delta_tracker.cc:399] T test_tablet_id P f72801c799214bbaad7da403139a675d: Flushing compaction of redo delta blocks { 4217819249980551227 4217819249980551228 4217819249980551229 } into block 4217819249980551230
I0125 01:01:45.508430 4313 multi_column_writer.cc:98] Opened CFile writers for 3 column(s)
I0125 01:01:45.508474 4312 tablet.cc:1153] T test_tablet_id P f72801c799214bbaad7da403139a675d: Flush: entering stage 1 (old memrowset already frozen for inserts)
I0125 01:01:45.508484 4312 compaction.cc:914] Selected 1 rowsets to compact:
I0125 01:01:45.508491 4312 compaction.cc:917] memrowset(current size on disk: ~0 bytes)
I0125 01:01:45.508497 4312 tablet.cc:1155] T test_tablet_id P f72801c799214bbaad7da403139a675d: Memstore in-memory size: 7735 bytes
I0125 01:01:45.508528 4312 tablet.cc:1444] T test_tablet_id P f72801c799214bbaad7da403139a675d: Flush: entering phase 1 (flushing snapshot). Phase 1 snapshot: MvccSnapshot[committed={T|T < 3183 or (T in {3185,3186,3189,3191,3190,3188,3187,3192,3194,3195,3193,3196,3197,3198,3202,3204,3206,3207,3184,3208,3210,3211,3212,3213,3214,3215,3216,3217,3218,3219,3220,3221,3222,3223,3224,3225,3226,3227,3228,3229,3230,3231,3232,3233,3234,3235,3236,3237,3238,3239,3240,3241,3242,3243,3244,3245,3246,3247,3248,3249,3250,3251,3252,3253,3254,3255,3256,3257,3258,3259,3260,3261,3262,3263,3264,3265,3266,3267,3268,3269,3270,3271,3272,3273,3274,3275,3276,3277,3278,3279,3280,3281,3282,3283,3284,3285,3286,3287,3288,3289,3290,3291,3292,3293,3294,3295,3296,3297,3298,3299,3300,3301,3302,3303,3304,3305,3306,3307,3308,3309,3310,3311,3312,3313,3314,3199,3201,3205})}]
I0125 01:01:45.508921 4312 multi_column_writer.cc:98] Opened CFile writers for 3 column(s)
I0125 01:01:45.511276 4315 delta_tracker.cc:722] T test_tablet_id P f72801c799214bbaad7da403139a675d: Flushing 4 deltas (763 bytes in memory) from DMS 3
I0125 01:01:45.511714 4315 delta_tracker.cc:663] T test_tablet_id P f72801c799214bbaad7da403139a675d: Flushed delta block 4217819249980551243 (184 bytes on disk) stats: ts range=[3135, 3187], delete_count=[2], reinsert_count=[0], update_counts_by_col_id=[12:2]
I0125 01:01:45.511895 4312 tablet.cc:1529] T test_tablet_id P f72801c799214bbaad7da403139a675d: Flush: entering phase 2 (starting to duplicate updates in new rowsets)
E0125 01:01:45.521805 4327 mvcc.cc:184] Tried to move safe_time back from 3360 to 3326. Current Snapshot: MvccSnapshot[committed={T|T < 3183 or (T in {3185,3186,3189,3191,3190,3188,3187,3192,3194,3195,3193,3196,3197,3198,3202,3204,3206,3207,3184,3208,3210,3211,3212,3213,3214,3215,3216,3217,3218,3219,3220,3221,3222,3223,3224,3225,3226,3227,3228,3229,3230,3231,3232,3233,3234,3235,3236,3237,3238,3239,3240,3241,3242,3243,3244,3245,3246,3247,3248,3249,3250,3251,3252,3253,3254,3255,3256,3257,3258,3259,3260,3261,3262,3263,3264,3265,3266,3267,3268,3269,3270,3271,3272,3273,3274,3275,3276,3277,3278,3279,3280,3281,3282,3283,3284,3285,3286,3287,3288,3289,3290,3291,3292,3293,3294,3295,3296,3297,3298,3299,3300,3301,3302,3303,3304,3305,3306,3307,3308,3309,3310,3311,3312,3313,3314,3199,3201,3205,3316,3315,3321,3322,3323,3324,3203,3327,3319,3325,3328,3329,3330,3331,3332,3333,3334,3335,3336,3337,3338,3340,3339,3341,3342,3343,3318,3345,3344,3347,3348,3349,3351,3350,3352,3354,3353,3355,3356,3357,3358,3359,3360})}]
I0125 01:01:45.525588 4313 tablet.cc:1529] T test_tablet_id P f72801c799214bbaad7da403139a675d: Compaction: entering phase 2 (starting to duplicate updates in new rowsets)
E0125 01:01:45.530586 4336 mvcc.cc:184] Tried to move safe_time back from 3402 to 3401. Current Snapshot: MvccSnapshot[committed={T|T < 3320 or (T in {3321,3322,3323,3324,3327,3325,3328,3329,3330,3331,3332,3333,3334,3335,3336,3337,3338,3340,3339,3341,3342,3343,3345,3344,3347,3348,3349,3351,3350,3352,3354,3353,3355,3356,3357,3358,3359,3360,3326,3362,3364,3365,3366,3367,3368,3369,3370,3372,3373,3361,3374,3376,3375,3377,3378,3379,3380,3381,3382,3383,3384,3386,3389,3390,3388,3391,3393,3394,3392,3395,3396,3398,3397,3399,3400,3402})}]
E0125 01:01:45.538480 4321 mvcc.cc:184] Tried to move safe_time back from 3440 to 3363. Current Snapshot: MvccSnapshot[committed={T|T < 3320 or (T in {3321,3322,3323,3324,3327,3325,3328,3329,3330,3331,3332,3333,3334,3335,3336,3337,3338,3340,3339,3341,3342,3343,3345,3344,3347,3348,3349,3351,3350,3352,3354,3353,3355,3356,3357,3358,3359,3360,3326,3362,3364,3365,3366,3367,3368,3369,3370,3372,3373,3361,3374,3376,3375,3377,3378,3379,3380,3381,3382,3383,3384,3386,3389,3390,3388,3391,3393,3394,3392,3395,3396,3398,3397,3399,3400,3402,3401,3404,3387,3385,3406,3407,3409,3408,3411,3412,3410,3413,3414,3415,3417,3403,3418,3405,3371,3421,3422,3423,3424,3425,3426,3427,3429,3428,3430,3431,3432,3433,3434,3435,3436,3437,3416,3440})}]
E0125 01:01:45.543344 4329 mvcc.cc:184] Tried to move safe_time back from 3467 to 3466. Current Snapshot: MvccSnapshot[committed={T|T < 3320 or (T in {3321,3322,3323,3324,3327,3325,3328,3329,3330,3331,3332,3333,3334,3335,3336,3337,3338,3340,3339,3341,3342,3343,3345,3344,3347,3348,3349,3351,3350,3352,3354,3353,3355,3356,3357,3358,3359,3360,3326,3362,3364,3365,3366,3367,3368,3369,3370,3372,3373,3361,3374,3376,3375,3377,3378,3379,3380,3381,3382,3383,3384,3386,3389,3390,3388,3391,3393,3394,3392,3395,3396,3398,3397,3399,3400,3402,3401,3404,3387,3385,3406,3407,3409,3408,3411,3412,3410,3413,3414,3415,3417,3403,3418,3405,3371,3421,3422,3423,3424,3425,3426,3427,3429,3428,3430,3431,3432,3433,3434,3435,3436,3437,3416,3440,3363,3438,3441,3443,3420,3446,3445,3448,3447,3449,3450,3451,3452,3453,3454,3455,3456,3442,3457,3439,3444,3458,3463,3461,3464,3467,3459})}]
I0125 01:01:45.546960 4312 tablet.cc:1584] T test_tablet_id P f72801c799214bbaad7da403139a675d: Flush Phase 2: carrying over any updates which arrived during Phase 1
I0125 01:01:45.547003 4312 tablet.cc:1586] T test_tablet_id P f72801c799214bbaad7da403139a675d: Phase 2 snapshot: MvccSnapshot[committed={T|T < 3183 or (T in {3185,3186,3189,3191,3190,3188,3187,3192,3194,3195,3193,3196,3197,3198,3202,3204,3206,3207,3184,3208,3210,3211,3212,3213,3214,3215,3216,3217,3218,3219,3220,3221,3222,3223,3224,3225,3226,3227,3228,3229,3230,3231,3232,3233,3234,3235,3236,3237,3238,3239,3240,3241,3242,3243,3244,3245,3246,3247,3248,3249,3250,3251,3252,3253,3254,3255,3256,3257,3258,3259,3260,3261,3262,3263,3264,3265,3266,3267,3268,3269,3270,3271,3272,3273,3274,3275,3276,3277,3278,3279,3280,3281,3282,3283,3284,3285,3286,3287,3288,3289,3290,3291,3292,3293,3294,3295,3296,3297,3298,3299,3300,3301,3302,3303,3304,3305,3306,3307,3308,3309,3310,3311,3312,3313,3314,3199,3201,3205,3316,3315,3321,3322,3323,3320,3317,3324,3203,3200,3319,3209,3318,3183})}]
I0125 01:01:45.548348 4312 tablet.cc:1634] T test_tablet_id P f72801c799214bbaad7da403139a675d: Flush successful on 8 rows (4599 bytes)
E0125 01:01:45.549522 4331 mvcc.cc:184] Tried to move safe_time back from 3488 to 3485. Current Snapshot: MvccSnapshot[committed={T|T < 3346 or (T in {3347,3348,3349,3351,3350,3352,3354,3353,3355,3356,3357,3358,3359,3360,3362,3364,3365,3366,3367,3368,3369,3370,3372,3373,3361,3374,3376,3375,3377,3378,3379,3380,3381,3382,3383,3384,3386,3389,3390,3388,3391,3393,3394,3392,3395,3396,3398,3397,3399,3400,3402,3401,3404,3387,3385,3406,3407,3409,3408,3411,3412,3410,3413,3414,3415,3417,3403,3418,3405,3371,3421,3422,3423,3424,3425,3426,3427,3429,3428,3430,3431,3432,3433,3434,3435,3436,3437,3416,3440,3363,3438,3441,3443,3420,3446,3445,3448,3447,3449,3450,3451,3452,3453,3454,3455,3456,3442,3457,3439,3444,3458,3463,3461,3464,3467,3459,3466,3468,3470,3469,3471,3472,3473,3462,3477,3476,3465,3478,3480,3481,3479,3482,3484,3488,3487,3474,3486})}]
E0125 01:01:45.555100 4327 mvcc.cc:184] Tried to move safe_time back from 3523 to 3518. Current Snapshot: MvccSnapshot[committed={T|T < 3346 or (T in {3347,3348,3349,3351,3350,3352,3354,3353,3355,3356,3357,3358,3359,3360,3362,3364,3365,3366,3367,3368,3369,3370,3372,3373,3361,3374,3376,3375,3377,3378,3379,3380,3381,3382,3383,3384,3386,3389,3390,3388,3391,3393,3394,3392,3395,3396,3398,3397,3399,3400,3402,3401,3404,3387,3385,3406,3407,3409,3408,3411,3412,3410,3413,3414,3415,3417,3403,3418,3405,3371,3421,3422,3423,3424,3425,3426,3427,3429,3428,3430,3431,3432,3433,3434,3435,3436,3437,3416,3440,3363,3438,3441,3443,3420,3446,3445,3448,3447,3449,3450,3451,3452,3453,3454,3455,3456,3442,3457,3439,3444,3458,3463,3461,3464,3467,3459,3466,3468,3470,3469,3471,3472,3473,3462,3477,3476,3465,3478,3480,3481,3479,3482,3484,3488,3487,3474,3486,3485,3475,3494,3491,3490,3492,3495,3496,3497,3498,3499,3500,3501,3502,3503,3504,3505,3506,3507,3508,3489,3493,3514,3513,3516,3509,3517,3519,3520,3521,3522,3515,3523})}]
E0125 01:01:45.557857 4332 mvcc.cc:184] Tried to move safe_time back from 3544 to 3483. Current Snapshot: MvccSnapshot[committed={T|T < 3346 or (T in {3347,3348,3349,3351,3350,3352,3354,3353,3355,3356,3357,3358,3359,3360,3362,3364,3365,3366,3367,3368,3369,3370,3372,3373,3361,3374,3376,3375,3377,3378,3379,3380,3381,3382,3383,3384,3386,3389,3390,3388,3391,3393,3394,3392,3395,3396,3398,3397,3399,3400,3402,3401,3404,3387,3385,3406,3407,3409,3408,3411,3412,3410,3413,3414,3415,3417,3403,3418,3405,3371,3421,3422,3423,3424,3425,3426,3427,3429,3428,3430,3431,3432,3433,3434,3435,3436,3437,3416,3440,3363,3438,3441,3443,3420,3446,3445,3448,3447,3449,3450,3451,3452,3453,3454,3455,3456,3442,3457,3439,3444,3458,3463,3461,3464,3467,3459,3466,3468,3470,3469,3471,3472,3473,3462,3477,3476,3465,3478,3480,3481,3479,3482,3484,3488,3487,3474,3486,3485,3475,3494,3491,3490,3492,3495,3496,3497,3498,3499,3500,3501,3502,3503,3504,3505,3506,3507,3508,3489,3493,3514,3513,3516,3509,3517,3519,3520,3521,3522,3515,3523,3518,3510,3460,3511,3525,3527,3524,3528,3531,3529,3532,3530,3537,3538,3539,3533,3540,3536,3542,3535,3544})}]
I0125 01:01:45.563469 4313 tablet.cc:1584] T test_tablet_id P f72801c799214bbaad7da403139a675d: Compaction Phase 2: carrying over any updates which arrived during Phase 1
I0125 01:01:45.563563 4313 tablet.cc:1586] T test_tablet_id P f72801c799214bbaad7da403139a675d: Phase 2 snapshot: MvccSnapshot[committed={T|T < 3320 or (T in {3321,3322,3323,3324,3327,3325,3328,3329,3330,3331,3332,3333,3334,3335,3336,3337,3338,3340,3339,3341,3342,3343,3345,3344,3347,3348,3349,3351,3350,3352,3354,3353,3355,3356,3357,3358,3359,3360,3326,3362,3364,3365,3366,3367,3368,3369,3370,3372,3373,3361,3374,3376,3375,3377,3378,3379,3380,3381,3382,3383,3384,3386,3389,3390,3388,3391,3393,3394,3392,3395,3396,3398,3397,3399,3400,3402,3401,3404,3387,3385,3406,3407,3409,3408,3411,3412,3410,3413,3414,3415,3417,3403,3418,3405,3371,3421,3422,3423,3424,3425,3426,3427,3429,3428,3430,3431,3432,3433,3434,3435,3436,3437,3416,3440,3363,3443,3439,3442,3420,3438,3346,3441,3419,3320})}]
I0125 01:01:45.568583 4313 tablet.cc:1634] T test_tablet_id P f72801c799214bbaad7da403139a675d: Compaction successful on 10 rows (4677 bytes)
I0125 01:01:45.568763 4312 tablet.cc:1153] T test_tablet_id P f72801c799214bbaad7da403139a675d: Flush: entering stage 1 (old memrowset already frozen for inserts)
I0125 01:01:45.568778 4312 compaction.cc:914] Selected 1 rowsets to compact:
I0125 01:01:45.568783 4312 compaction.cc:917] memrowset(current size on disk: ~0 bytes)
I0125 01:01:45.568791 4312 tablet.cc:1155] T test_tablet_id P f72801c799214bbaad7da403139a675d: Memstore in-memory size: 7735 bytes
I0125 01:01:45.568810 4312 tablet.cc:1444] T test_tablet_id P f72801c799214bbaad7da403139a675d: Flush: entering phase 1 (flushing snapshot). Phase 1 snapshot: MvccSnapshot[committed={T|T < 3546 or (T in {3547,3548,3549,3550,3551,3552,3553,3556,3555,3557,3558,3560,3561,3563,3564,3565,3568})}]
E0125 01:01:45.569175 4326 mvcc.cc:184] Tried to move safe_time back from 3568 to 3562. Current Snapshot: MvccSnapshot[committed={T|T < 3546 or (T in {3547,3548,3549,3550,3551,3552,3553,3556,3555,3557,3558,3560,3561,3563,3564,3565,3568})}]
I0125 01:01:45.569356 4312 multi_column_writer.cc:98] Opened CFile writers for 3 column(s)
I0125 01:01:45.572557 4312 tablet.cc:1529] T test_tablet_id P f72801c799214bbaad7da403139a675d: Flush: entering phase 2 (starting to duplicate updates in new rowsets)
E0125 01:01:45.576293 4323 mvcc.cc:184] Tried to move safe_time back from 3621 to 3569. Current Snapshot: MvccSnapshot[committed={T|T < 3554 or (T in {3556,3555,3557,3558,3560,3561,3563,3564,3565,3568,3562,3572,3559,3571,3573,3575,3576,3577,3578,3579,3580,3581,3582,3583,3584,3585,3587,3586,3588,3589,3590,3591,3592,3593,3594,3595,3570,3596,3599,3574,3600,3601,3602,3603,3604,3605,3606,3607,3610,3608,3609,3611,3612,3613,3615,3614,3616,3617,3618,3619,3620,3621})}]
E0125 01:01:45.579035 4332 mvcc.cc:184] Tried to move safe_time back from 3645 to 3554. Current Snapshot: MvccSnapshot[committed={T|T < 3554 or (T in {3556,3555,3557,3558,3560,3561,3563,3564,3565,3568,3562,3572,3559,3571,3573,3575,3576,3577,3578,3579,3580,3581,3582,3583,3584,3585,3587,3586,3588,3589,3590,3591,3592,3593,3594,3595,3570,3596,3599,3574,3600,3601,3602,3603,3604,3605,3606,3607,3610,3608,3609,3611,3612,3613,3615,3614,3616,3617,3618,3619,3620,3621,3624,3569,3623,3625,3626,3628,3566,3630,3629,3632,3631,3633,3634,3636,3597,3567,3635,3640,3642,3639,3643,3645,3644})}]
I0125 01:01:45.579284 4312 tablet.cc:1584] T test_tablet_id P f72801c799214bbaad7da403139a675d: Flush Phase 2: carrying over any updates which arrived during Phase 1
I0125 01:01:45.579311 4312 tablet.cc:1586] T test_tablet_id P f72801c799214bbaad7da403139a675d: Phase 2 snapshot: MvccSnapshot[committed={T|T < 3546 or (T in {3547,3548,3549,3550,3551,3552,3553,3556,3555,3557,3558,3560,3561,3563,3564,3565,3568,3562,3572,3559,3571,3573,3575,3576,3577,3578,3579,3580,3581,3582,3583,3584,3585,3587,3586,3588,3589,3590,3591,3592,3595,3594,3593,3574,3569,3567,3554,3546,3570,3566})}]
I0125 01:01:45.580415 4312 tablet.cc:1634] T test_tablet_id P f72801c799214bbaad7da403139a675d: Flush successful on 10 rows (4686 bytes)
E0125 01:01:45.585284 4334 mvcc.cc:184] Tried to move safe_time back from 3683 to 3678. Current Snapshot: MvccSnapshot[committed={T|T < 3641 or (T in {3642,3643,3645,3644,3646,3647,3648,3655,3656,3657,3651,3658,3659,3660,3661,3662,3663,3665,3664,3666,3668,3667,3669,3670,3671,3672,3673,3674,3675,3676,3677,3679,3653,3683})}]
I0125 01:01:45.585422 4311 test_graph.cc:97] metrics: { "scope": "MultiThreadedTabletTest/3", "time": 0.500}
E0125 01:01:45.588539 4329 mvcc.cc:184] Tried to move safe_time back from 3710 to 3706. Current Snapshot: MvccSnapshot[committed={T|T < 3649 or (T in {3655,3656,3657,3651,3658,3659,3660,3661,3662,3663,3665,3664,3666,3668,3667,3669,3670,3671,3672,3673,3674,3675,3676,3677,3679,3653,3683,3678,3680,3681,3685,3688,3689,3684,3687,3691,3690,3692,3693,3694,3695,3696,3697,3699,3700,3701,3698,3703,3652,3704,3707,3709,3705,3710})}]
E0125 01:01:45.590544 4336 mvcc.cc:184] Tried to move safe_time back from 3732 to 3729. Current Snapshot: MvccSnapshot[committed={T|T < 3650 or (T in {3655,3656,3657,3651,3658,3659,3660,3661,3662,3663,3665,3664,3666,3668,3667,3669,3670,3671,3672,3673,3674,3675,3676,3677,3679,3653,3683,3678,3680,3681,3685,3688,3689,3684,3687,3691,3690,3692,3693,3694,3695,3696,3697,3699,3700,3701,3698,3703,3652,3704,3707,3709,3705,3710,3706,3712,3714,3715,3711,3716,3713,3718,3708,3720,3717,3719,3724,3726,3722,3723,3727,3725,3730,3732})}]
E0125 01:01:45.592000 4320 mvcc.cc:184] Tried to move safe_time back from 3749 to 3650. Current Snapshot: MvccSnapshot[committed={T|T < 3650 or (T in {3655,3656,3657,3651,3658,3659,3660,3661,3662,3663,3665,3664,3666,3668,3667,3669,3670,3671,3672,3673,3674,3675,3676,3677,3679,3653,3683,3678,3680,3681,3685,3688,3689,3684,3687,3691,3690,3692,3693,3694,3695,3696,3697,3699,3700,3701,3698,3703,3652,3704,3707,3709,3705,3710,3706,3712,3714,3715,3711,3716,3713,3718,3708,3720,3717,3719,3724,3726,3722,3723,3727,3725,3730,3732,3729,3733,3731,3735,3682,3721,3739,3734,3740,3738,3736,3742,3728,3746,3741,3747,3749,3744})}]
I0125 01:01:45.593421 4312 tablet.cc:1153] T test_tablet_id P f72801c799214bbaad7da403139a675d: Flush: entering stage 1 (old memrowset already frozen for inserts)
I0125 01:01:45.593456 4312 compaction.cc:914] Selected 1 rowsets to compact:
I0125 01:01:45.593499 4312 compaction.cc:917] memrowset(current size on disk: ~0 bytes)
I0125 01:01:45.593533 4312 tablet.cc:1155] T test_tablet_id P f72801c799214bbaad7da403139a675d: Memstore in-memory size: 7735 bytes
I0125 01:01:45.594578 4312 tablet.cc:1444] T test_tablet_id P f72801c799214bbaad7da403139a675d: Flush: entering phase 1 (flushing snapshot). Phase 1 snapshot: MvccSnapshot[committed={T|T < 3686 or (T in {3688,3689,3687,3691,3690,3692,3693,3694,3695,3696,3697,3699,3700,3701,3698,3703,3704,3707,3709,3705,3710,3706,3712,3714,3715,3711,3716,3713,3718,3708,3720,3717,3719,3724,3726,3722,3723,3727,3725,3730,3732,3729,3733,3731,3735,3721,3739,3734,3740,3738,3736,3742,3728,3746,3741,3747,3749,3744,3748,3702,3751,3752,3753,3754,3755,3737,3760,3757,3759,3762,3743,3763,3745})}]
I0125 01:01:45.595085 4312 multi_column_writer.cc:98] Opened CFile writers for 3 column(s)
E0125 01:01:45.595590 4323 mvcc.cc:184] Tried to move safe_time back from 3772 to 3771. Current Snapshot: MvccSnapshot[committed={T|T < 3686 or (T in {3688,3689,3687,3691,3690,3692,3693,3694,3695,3696,3697,3699,3700,3701,3698,3703,3704,3707,3709,3705,3710,3706,3712,3714,3715,3711,3716,3713,3718,3708,3720,3717,3719,3724,3726,3722,3723,3727,3725,3730,3732,3729,3733,3731,3735,3721,3739,3734,3740,3738,3736,3742,3728,3746,3741,3747,3749,3744,3748,3702,3751,3752,3753,3754,3755,3737,3760,3757,3759,3762,3743,3763,3745,3764,3765,3767,3769,3768,3770,3772})}]
I0125 01:01:45.598140 4312 tablet.cc:1529] T test_tablet_id P f72801c799214bbaad7da403139a675d: Flush: entering phase 2 (starting to duplicate updates in new rowsets)
E0125 01:01:45.601644 4334 mvcc.cc:184] Tried to move safe_time back from 3813 to 3812. Current Snapshot: MvccSnapshot[committed={T|T < 3761 or (T in {3762,3763,3764,3765,3767,3769,3768,3770,3772,3771,3773,3774,3775,3776,3777,3778,3779,3780,3782,3781,3783,3784,3785,3786,3787,3788,3766,3794,3795,3789,3793,3796,3798,3799,3800,3801,3802,3804,3805,3806,3808,3807,3809,3810,3813})}]
I0125 01:01:45.605386 4312 tablet.cc:1584] T test_tablet_id P f72801c799214bbaad7da403139a675d: Flush Phase 2: carrying over any updates which arrived during Phase 1
I0125 01:01:45.605453 4312 tablet.cc:1586] T test_tablet_id P f72801c799214bbaad7da403139a675d: Phase 2 snapshot: MvccSnapshot[committed={T|T < 3686 or (T in {3688,3689,3687,3691,3690,3692,3693,3694,3695,3696,3697,3699,3700,3701,3698,3703,3704,3707,3709,3705,3710,3706,3712,3714,3715,3711,3716,3713,3718,3708,3720,3717,3719,3724,3726,3722,3723,3727,3725,3730,3732,3729,3733,3731,3735,3721,3739,3734,3740,3738,3736,3742,3728,3746,3741,3747,3749,3744,3748,3702,3751,3752,3753,3754,3755,3737,3760,3757,3759,3762,3743,3763,3745,3764,3765,3767,3769,3768,3770,3772,3771,3773,3774,3775,3776,3777,3778,3779,3780,3782,3781,3783,3784,3758,3785,3786,3756,3787,3750,3788,3766,3686})}]
I0125 01:01:45.605886 4312 delta_tracker.cc:722] T test_tablet_id P f72801c799214bbaad7da403139a675d: Flushing 5 deltas (763 bytes in memory) from DMS 1
I0125 01:01:45.606438 4317 diskrowset.cc:560] T test_tablet_id P f72801c799214bbaad7da403139a675d: RowSet(13): Major compacting REDO delta stores (cols: 12)
I0125 01:01:45.606690 4312 delta_tracker.cc:663] T test_tablet_id P f72801c799214bbaad7da403139a675d: Flushed delta block 4217819249980551256 (206 bytes on disk) stats: ts range=[3750, 3819], delete_count=[1], reinsert_count=[0], update_counts_by_col_id=[12:4]
I0125 01:01:45.607482 4317 delta_compaction.cc:294] Starting major delta compaction for columns val[int32 NOT NULL]
I0125 01:01:45.607538 4317 delta_compaction.cc:298] Preparing to major compact delta file: 4217819249980551230 (ts range=[2877, 3128], delete_count=[8], reinsert_count=[0], update_counts_by_col_id=[12:9])
I0125 01:01:45.607563 4317 delta_compaction.cc:298] Preparing to major compact delta file: 4217819249980551243 (ts range=[3135, 3187], delete_count=[2], reinsert_count=[0], update_counts_by_col_id=[12:2])
I0125 01:01:45.607683 4317 multi_column_writer.cc:98] Opened CFile writers for 1 column(s)
E0125 01:01:45.607720 4328 mvcc.cc:184] Tried to move safe_time back from 3847 to 3841. Current Snapshot: MvccSnapshot[committed={T|T < 3790 or (T in {3794,3795,3793,3796,3798,3799,3800,3801,3802,3804,3805,3806,3808,3807,3809,3810,3813,3812,3811,3791,3817,3816,3818,3819,3822,3820,3823,3825,3824,3826,3827,3828,3829,3830,3831,3832,3833,3834,3836,3835,3837,3838,3839,3840,3797,3842,3843,3844,3846,3845,3821,3847})}]
I0125 01:01:45.609171 4317 delta_compaction.cc:304] Finished major delta compaction of columns val[int32 NOT NULL]
I0125 01:01:45.609362 4312 tablet.cc:1634] T test_tablet_id P f72801c799214bbaad7da403139a675d: Flush successful on 9 rows (4697 bytes)
I0125 01:01:45.609490 4312 delta_tracker.cc:722] T test_tablet_id P f72801c799214bbaad7da403139a675d: Flushing 2 deltas (763 bytes in memory) from DMS 2
