I0125 01:01:46.813771 4312 tablet.cc:1586] T test_tablet_id P f72801c799214bbaad7da403139a675d: Phase 2 snapshot: MvccSnapshot[committed={T|T < 10635 or (T in {10636,10637,10639,10641,10642,10643,10638,10644,10640,10646,10648,10649,10650,10645,10651,10647,10653,10655,10656,10657,10652,10658,10654,10660,10662,10663,10664,10659,10665,10661,10667,10668,10671,10672,10673,10666,10675,10677,10670,10674,10676,10679,10680,10681,10682,10683,10684,10685,10686,10687,10678,10692,10694,10695,10689,10696,10690,10693,10688,10698,10702,10697,10700,10703,10701,10704,10706,10705,10707,10709,10708,10710,10712,10711,10715,10669,10714,10691,10699,10713,10635})}]
I0125 01:01:46.815196 4312 tablet.cc:1634] T test_tablet_id P f72801c799214bbaad7da403139a675d: Flush successful on 10 rows (4660 bytes)
E0125 01:01:46.817625 4334 mvcc.cc:184] Tried to move safe_time back from 10872 to 10870. Current Snapshot: MvccSnapshot[committed={T|T < 10757 or (T in {10758,10760,10759,10761,10762,10763,10765,10764,10766,10767,10768,10769,10770,10771,10772,10773,10776,10775,10778,10777,10779,10780,10781,10782,10783,10784,10785,10786,10787,10788,10789,10790,10791,10792,10793,10794,10795,10796,10797,10798,10801,10799,10800,10802,10805,10804,10774,10807,10806,10808,10809,10810,10813,10811,10812,10814,10816,10815,10817,10819,10818,10820,10822,10821,10823,10825,10824,10826,10828,10827,10829,10830,10832,10833,10834,10835,10836,10837,10839,10838,10841,10840,10842,10843,10844,10845,10846,10847,10848,10851,10853,10854,10856,10855,10857,10858,10831,10859,10861,10862,10863,10864,10865,10868,10869,10871,10872})}]
I0125 01:01:46.818780 4313 tablet.cc:1584] T test_tablet_id P f72801c799214bbaad7da403139a675d: Compaction Phase 2: carrying over any updates which arrived during Phase 1
I0125 01:01:46.818814 4313 tablet.cc:1586] T test_tablet_id P f72801c799214bbaad7da403139a675d: Phase 2 snapshot: MvccSnapshot[committed={T|T < 10713 or (T in {10715,10714,10716,10717,10722,10724,10725,10726,10727,10730,10729,10728,10731,10733,10732,10734,10735,10736,10737,10740,10739,10738,10741,10743,10742,10745,10746,10747,10748,10749,10751,10750,10752,10753,10754,10755,10756,10758,10720,10760,10759,10761,10762,10763,10765,10764,10766,10767,10768,10769,10770,10771,10772,10773,10719,10776,10775,10778,10777,10779,10780,10781,10782,10783,10784,10785,10786,10787,10788,10789,10744,10790,10791,10792,10793,10794,10795,10796,10797,10799,10798,10774,10757,10713,10800})}]
E0125 01:01:46.820408 4323 mvcc.cc:184] Tried to move safe_time back from 10906 to 10901. Current Snapshot: MvccSnapshot[committed={T|T < 10860 or (T in {10861,10862,10863,10864,10865,10868,10869,10871,10872,10870,10873,10875,10876,10877,10878,10879,10880,10881,10874,10882,10883,10885,10886,10887,10889,10890,10892,10893,10895,10896,10897,10898,10884,10899,10902,10903,10894,10904,10906})}]
E0125 01:01:46.823711 4335 mvcc.cc:184] Tried to move safe_time back from 10938 to 10934. Current Snapshot: MvccSnapshot[committed={T|T < 10860 or (T in {10861,10862,10863,10864,10865,10868,10869,10871,10872,10870,10873,10875,10876,10877,10878,10879,10880,10881,10874,10882,10883,10885,10886,10887,10889,10890,10892,10893,10895,10896,10897,10898,10884,10899,10902,10903,10894,10904,10906,10901,10907,10909,10900,10911,10866,10905,10913,10915,10916,10917,10918,10914,10919,10912,10921,10923,10924,10925,10920,10926,10928,10929,10922,10930,10932,10927,10933,10935,10936,10937,10938,10931})}]
E0125 01:01:46.828104 4327 mvcc.cc:184] Tried to move safe_time back from 10976 to 10964. Current Snapshot: MvccSnapshot[committed={T|T < 10860 or (T in {10861,10862,10863,10864,10865,10868,10869,10871,10872,10870,10873,10875,10876,10877,10878,10879,10880,10881,10874,10882,10883,10885,10886,10887,10889,10890,10892,10893,10895,10896,10897,10898,10884,10899,10902,10903,10894,10904,10906,10901,10907,10909,10900,10911,10866,10905,10913,10915,10916,10917,10918,10914,10919,10912,10921,10923,10924,10925,10920,10926,10928,10929,10922,10930,10932,10927,10933,10935,10936,10937,10938,10931,10934,10910,10891,10908,10939,10942,10943,10944,10945,10946,10867,10947,10941,10948,10940,10952,10954,10955,10949,10956,10957,10888,10959,10960,10961,10953,10962,10963,10950,10966,10967,10968,10969,10970,10971,10972,10973,10974,10975,10976})}]
I0125 01:01:46.830322 4313 delta_tracker.cc:722] T test_tablet_id P f72801c799214bbaad7da403139a675d: Flushing 1 deltas (763 bytes in memory) from DMS 1
I0125 01:01:46.830950 4313 delta_tracker.cc:663] T test_tablet_id P f72801c799214bbaad7da403139a675d: Flushed delta block 4217819249980551547 (151 bytes on disk) stats: ts range=[10549, 10549], delete_count=[1], reinsert_count=[0], update_counts_by_col_id=[]
I0125 01:01:46.833130 4313 tablet.cc:1634] T test_tablet_id P f72801c799214bbaad7da403139a675d: Compaction successful on 10 rows (4698 bytes)
I0125 01:01:46.833830 4312 tablet.cc:1153] T test_tablet_id P f72801c799214bbaad7da403139a675d: Flush: entering stage 1 (old memrowset already frozen for inserts)
I0125 01:01:46.833843 4312 compaction.cc:914] Selected 1 rowsets to compact:
I0125 01:01:46.833848 4312 compaction.cc:917] memrowset(current size on disk: ~0 bytes)
I0125 01:01:46.833856 4312 tablet.cc:1155] T test_tablet_id P f72801c799214bbaad7da403139a675d: Memstore in-memory size: 15703 bytes
I0125 01:01:46.833876 4312 tablet.cc:1444] T test_tablet_id P f72801c799214bbaad7da403139a675d: Flush: entering phase 1 (flushing snapshot). Phase 1 snapshot: MvccSnapshot[committed={T|T < 10965 or (T in {10966,10967,10968,10969,10970,10971,10972,10973,10974,10975,10976,10978,10980,10981,10983,10979,10984,10986,10987,10982,10988,10985,10990,10989,10992,10993,10994,10995,10997,10996,10998,10999,11001,11000,11002,11003,11004,11005})}]
E0125 01:01:46.834239 4334 mvcc.cc:184] Tried to move safe_time back from 11011 to 10991. Current Snapshot: MvccSnapshot[committed={T|T < 10965 or (T in {10966,10967,10968,10969,10970,10971,10972,10973,10974,10975,10976,10978,10980,10981,10983,10979,10984,10986,10987,10982,10988,10985,10990,10989,10992,10993,10994,10995,10997,10996,10998,10999,11001,11000,11002,11003,11004,11005,11008,11010,11011})}]
I0125 01:01:46.834249 4312 multi_column_writer.cc:98] Opened CFile writers for 3 column(s)
E0125 01:01:46.837070 4327 mvcc.cc:184] Tried to move safe_time back from 11041 to 11038. Current Snapshot: MvccSnapshot[committed={T|T < 10965 or (T in {10966,10967,10968,10969,10970,10971,10972,10973,10974,10975,10976,10978,10980,10981,10983,10979,10984,10986,10987,10982,10988,10985,10990,10989,10992,10993,10994,10995,10997,10996,10998,10999,11001,11000,11002,11003,11004,11005,11008,11010,11011,10991,11012,11009,11014,11013,11016,11015,11018,11017,11019,11020,11021,11022,11023,10977,11025,11030,11031,11028,11029,11032,11035,11036,11033,11034,11037,11040,11041})}]
I0125 01:01:46.837527 4312 tablet.cc:1529] T test_tablet_id P f72801c799214bbaad7da403139a675d: Flush: entering phase 2 (starting to duplicate updates in new rowsets)
I0125 01:01:46.837586 4311 test_graph.cc:97] metrics: { "scope": "MultiThreadedTabletTest/3", "time": 1.752}
E0125 01:01:46.841362 4320 mvcc.cc:184] Tried to move safe_time back from 11080 to 11027. Current Snapshot: MvccSnapshot[committed={T|T < 11007 or (T in {11008,11010,11011,11012,11009,11014,11013,11016,11015,11018,11017,11019,11020,11021,11022,11023,11025,11030,11031,11028,11029,11032,11035,11036,11033,11034,11037,11040,11041,11039,11024,11038,11044,11045,11026,11046,11048,11049,11050,11051,11052,11054,11053,11055,11056,11057,11058,11059,11061,11060,11062,11063,11064,11066,11067,11065,11069,11070,11071,11068,11072,11073,11074,11075,11076,11078,11080})}]
E0125 01:01:46.845466 4328 mvcc.cc:184] Tried to move safe_time back from 11120 to 11119. Current Snapshot: MvccSnapshot[committed={T|T < 11007 or (T in {11008,11010,11011,11012,11009,11014,11013,11016,11015,11018,11017,11019,11020,11021,11022,11023,11025,11030,11031,11028,11029,11032,11035,11036,11033,11034,11037,11040,11041,11039,11024,11038,11044,11045,11026,11046,11048,11049,11050,11051,11052,11054,11053,11055,11056,11057,11058,11059,11061,11060,11062,11063,11064,11066,11067,11065,11069,11070,11071,11068,11072,11073,11074,11075,11076,11078,11080,11027,11081,11043,11084,11077,11085,11086,11087,11079,11088,11089,11091,11092,11083,11093,11094,11095,11096,11097,11099,11082,11100,11101,11103,11104,11105,11047,11106,11107,11109,11108,11110,11111,11112,11113,11114,11116,11115,11118,11117})}]
I0125 01:01:46.846887 4316 delta_tracker.cc:177] T test_tablet_id P f72801c799214bbaad7da403139a675d: Preparing to minor compact delta file: 4217819249980551540 (ts range=[10150, 10510], delete_count=[9], reinsert_count=[0], update_counts_by_col_id=[])
I0125 01:01:46.846918 4316 delta_tracker.cc:177] T test_tablet_id P f72801c799214bbaad7da403139a675d: Preparing to minor compact delta file: 4217819249980551547 (ts range=[10549, 10549], delete_count=[1], reinsert_count=[0], update_counts_by_col_id=[])
I0125 01:01:46.846947 4316 delta_tracker.cc:529] T test_tablet_id P f72801c799214bbaad7da403139a675d: Compacting 2 delta files.
I0125 01:01:46.847470 4316 delta_tracker.cc:536] T test_tablet_id P f72801c799214bbaad7da403139a675d: Succesfully compacted the specified delta files.
I0125 01:01:46.847520 4316 delta_tracker.cc:399] T test_tablet_id P f72801c799214bbaad7da403139a675d: Flushing compaction of redo delta blocks { 4217819249980551540 4217819249980551547 } into block 4217819249980551554
E0125 01:01:46.849696 4323 mvcc.cc:184] Tried to move safe_time back from 11158 to 11155. Current Snapshot: MvccSnapshot[committed={T|T < 11007 or (T in {11008,11010,11011,11012,11009,11014,11013,11016,11015,11018,11017,11019,11020,11021,11022,11023,11025,11030,11031,11028,11029,11032,11035,11036,11033,11034,11037,11040,11041,11039,11024,11038,11044,11045,11026,11046,11048,11049,11050,11051,11052,11054,11053,11055,11056,11057,11058,11059,11061,11060,11062,11063,11064,11066,11067,11065,11069,11070,11071,11068,11072,11073,11074,11075,11076,11078,11080,11027,11081,11043,11084,11077,11085,11086,11087,11079,11088,11089,11091,11092,11083,11093,11094,11095,11096,11097,11099,11082,11100,11101,11103,11104,11105,11047,11106,11107,11109,11108,11110,11111,11112,11113,11114,11116,11115,11118,11117,11119,11122,11121,11090,11124,11123,11125,11126,11127,11128,11129,11130,11131,11133,11102,11135,11134,11138,11137,11139,11140,11141,11098,11143,11145,11146,11147,11149,11136,11151,11150,11132,11153,11154,11152,11156,11157,11158})}]
E0125 01:01:46.853271 4333 mvcc.cc:184] Tried to move safe_time back from 11197 to 11196. Current Snapshot: MvccSnapshot[committed={T|T < 11007 or (T in {11008,11010,11011,11012,11009,11014,11013,11016,11015,11018,11017,11019,11020,11021,11022,11023,11025,11030,11031,11028,11029,11032,11035,11036,11033,11034,11037,11040,11041,11039,11024,11038,11044,11045,11026,11046,11048,11049,11050,11051,11052,11054,11053,11055,11056,11057,11058,11059,11061,11060,11062,11063,11064,11066,11067,11065,11069,11070,11071,11068,11072,11073,11074,11075,11076,11078,11080,11027,11081,11043,11084,11077,11085,11086,11087,11079,11088,11089,11091,11092,11083,11093,11094,11095,11096,11097,11099,11082,11100,11101,11103,11104,11105,11047,11106,11107,11109,11108,11110,11111,11112,11113,11114,11116,11115,11118,11117,11119,11122,11121,11090,11124,11123,11125,11126,11127,11128,11129,11130,11131,11133,11102,11135,11134,11138,11137,11139,11140,11141,11098,11143,11145,11146,11147,11149,11136,11151,11150,11132,11153,11154,11152,11156,11157,11158,11155,11144,11160,11042,11161,11162,11164,11165,11163,11166,11167,11168,11169,11170,11171,11173,11172,11174,11176,11177,11159,11178,11179,11180,11181,11182,11184,11183,11185,11186,11188,11148,11189,11190,11187,11193,11191,11194,11195,11197})}]
I0125 01:01:46.853674 4312 tablet.cc:1584] T test_tablet_id P f72801c799214bbaad7da403139a675d: Flush Phase 2: carrying over any updates which arrived during Phase 1
I0125 01:01:46.853698 4312 tablet.cc:1586] T test_tablet_id P f72801c799214bbaad7da403139a675d: Phase 2 snapshot: MvccSnapshot[committed={T|T < 11007 or (T in {11008,11010,11011,11012,11009,11014,11013,11016,11015,11018,11017,11019,11020,11021,11022,11023,11025,11030,11031,11028,11029,11032,11035,11036,11033,11034,11037,11040,11041,11039,11024,11038,11044,11043,11027,11026,11007})}]
I0125 01:01:46.854166 4312 delta_tracker.cc:722] T test_tablet_id P f72801c799214bbaad7da403139a675d: Flushing 21 deltas (1759 bytes in memory) from DMS 1
I0125 01:01:46.854609 4312 delta_tracker.cc:663] T test_tablet_id P f72801c799214bbaad7da403139a675d: Flushed delta block 4217819249980551555 (351 bytes on disk) stats: ts range=[10965, 11163], delete_count=[3], reinsert_count=[0], update_counts_by_col_id=[12:18]
I0125 01:01:46.855387 4312 tablet.cc:1634] T test_tablet_id P f72801c799214bbaad7da403139a675d: Flush successful on 9 rows (4658 bytes)
E0125 01:01:46.857372 4325 mvcc.cc:184] Tried to move safe_time back from 11219 to 11215. Current Snapshot: MvccSnapshot[committed={T|T < 11142 or (T in {11143,11145,11146,11147,11149,11151,11150,11153,11154,11152,11156,11157,11158,11155,11144,11160,11161,11162,11164,11165,11163,11166,11167,11168,11169,11170,11171,11173,11172,11174,11176,11177,11159,11178,11179,11180,11181,11182,11184,11183,11185,11186,11188,11148,11189,11190,11187,11193,11191,11194,11195,11197,11196,11199,11192,11200,11175,11205,11202,11207,11206,11208,11212,11201,11209,11211,11213,11216,11217,11214,11219})}]
E0125 01:01:46.858973 4324 mvcc.cc:184] Tried to move safe_time back from 11238 to 11236. Current Snapshot: MvccSnapshot[committed={T|T < 11198 or (T in {11199,11200,11205,11202,11207,11206,11208,11212,11201,11209,11211,11213,11216,11217,11214,11219,11215,11221,11218,11224,11226,11222,11227,11229,11225,11231,11232,11228,11233,11230,11235,11237,11234,11238})}]
E0125 01:01:46.861336 4324 mvcc.cc:184] Tried to move safe_time back from 11266 to 11265. Current Snapshot: MvccSnapshot[committed={T|T < 11198 or (T in {11199,11200,11205,11202,11207,11206,11208,11212,11201,11209,11211,11213,11216,11217,11214,11219,11215,11221,11218,11224,11226,11222,11227,11229,11225,11231,11232,11228,11233,11230,11235,11237,11234,11238,11236,11240,11239,11243,11210,11245,11241,11242,11247,11244,11246,11248,11250,11251,11252,11253,11254,11249,11255,11256,11259,11223,11262,11257,11203,11261,11263,11266})}]
I0125 01:01:46.861588 4317 diskrowset.cc:560] T test_tablet_id P f72801c799214bbaad7da403139a675d: RowSet(53): Major compacting REDO delta stores (cols: 12)
E0125 01:01:46.864588 4322 mvcc.cc:184] Tried to move safe_time back from 11300 to 11298. Current Snapshot: MvccSnapshot[committed={T|T < 11204 or (T in {11205,11207,11206,11208,11212,11209,11211,11213,11216,11217,11214,11219,11215,11221,11218,11224,11226,11222,11227,11229,11225,11231,11232,11228,11233,11230,11235,11237,11234,11238,11236,11240,11239,11243,11210,11245,11241,11242,11247,11244,11246,11248,11250,11251,11252,11253,11254,11249,11255,11256,11259,11223,11262,11257,11261,11263,11266,11265,11269,11267,11268,11271,11220,11264,11275,11276,11274,11277,11278,11280,11281,11279,11282,11284,11285,11283,11286,11288,11289,11290,11291,11292,11293,11295,11296,11297,11287,11299,11300})}]
I0125 01:01:46.866307 4312 tablet.cc:1153] T test_tablet_id P f72801c799214bbaad7da403139a675d: Flush: entering stage 1 (old memrowset already frozen for inserts)
I0125 01:01:46.866322 4312 compaction.cc:914] Selected 1 rowsets to compact:
I0125 01:01:46.866327 4312 compaction.cc:917] memrowset(current size on disk: ~0 bytes)
I0125 01:01:46.866331 4317 delta_compaction.cc:294] Starting major delta compaction for columns val[int32 NOT NULL]
I0125 01:01:46.866386 4317 delta_compaction.cc:298] Preparing to major compact delta file: 4217819249980551553 (ts range=[10661, 10990], delete_count=[6], reinsert_count=[0], update_counts_by_col_id=[])
I0125 01:01:46.866408 4317 delta_compaction.cc:298] Preparing to major compact delta file: 4217819249980551555 (ts range=[10965, 11163], delete_count=[3], reinsert_count=[0], update_counts_by_col_id=[12:18])
I0125 01:01:46.866597 4317 multi_column_writer.cc:98] Opened CFile writers for 1 column(s)
I0125 01:01:46.868206 4317 delta_compaction.cc:304] Finished major delta compaction of columns val[int32 NOT NULL]
I0125 01:01:46.866334 4312 tablet.cc:1155] T test_tablet_id P f72801c799214bbaad7da403139a675d: Memstore in-memory size: 7735 bytes
I0125 01:01:46.868567 4312 tablet.cc:1444] T test_tablet_id P f72801c799214bbaad7da403139a675d: Flush: entering phase 1 (flushing snapshot). Phase 1 snapshot: MvccSnapshot[committed={T|T < 11258 or (T in {11259,11262,11261,11263,11266,11265,11269,11267,11268,11271,11264,11275,11276,11274,11277,11278,11280,11281,11279,11282,11284,11285,11283,11286,11288,11289,11290,11291,11292,11293,11295,11296,11297,11287,11299,11300,11298,11301,11303,11302,11304,11306,11307,11305,11308,11310,11311,11309,11312,11313,11315,11316,11260,11317,11318,11320,11319,11321,11322,11323,11324,11325,11326,11328,11327,11314,11329})}]
I0125 01:01:46.868908 4312 multi_column_writer.cc:98] Opened CFile writers for 3 column(s)
I0125 01:01:46.871728 4312 tablet.cc:1529] T test_tablet_id P f72801c799214bbaad7da403139a675d: Flush: entering phase 2 (starting to duplicate updates in new rowsets)
E0125 01:01:46.872056 4335 mvcc.cc:184] Tried to move safe_time back from 11342 to 11270. Current Snapshot: MvccSnapshot[committed={T|T < 11270 or (T in {11271,11275,11276,11274,11277,11278,11280,11281,11279,11282,11284,11285,11283,11286,11288,11289,11290,11291,11292,11293,11295,11296,11297,11287,11299,11300,11298,11301,11303,11302,11304,11306,11307,11305,11308,11310,11311,11309,11312,11313,11315,11316,11317,11318,11320,11319,11321,11322,11323,11324,11325,11326,11328,11327,11314,11329,11335,11336,11337,11338,11339,11340,11341,11342})}]
I0125 01:01:46.875072 4312 tablet.cc:1584] T test_tablet_id P f72801c799214bbaad7da403139a675d: Flush Phase 2: carrying over any updates which arrived during Phase 1
I0125 01:01:46.875125 4312 tablet.cc:1586] T test_tablet_id P f72801c799214bbaad7da403139a675d: Phase 2 snapshot: MvccSnapshot[committed={T|T < 11333 or (T in {11335,11336,11337,11338,11339,11340,11341,11342,11334,11333,11343})}]
I0125 01:01:46.875573 4312 delta_tracker.cc:722] T test_tablet_id P f72801c799214bbaad7da403139a675d: Flushing 8 deltas (763 bytes in memory) from DMS 1
I0125 01:01:46.875946 4312 delta_tracker.cc:663] T test_tablet_id P f72801c799214bbaad7da403139a675d: Flushed delta block 4217819249980551565 (221 bytes on disk) stats: ts range=[11335, 11342], delete_count=[1], reinsert_count=[0], update_counts_by_col_id=[12:7]
E0125 01:01:46.876744 4336 mvcc.cc:184] Tried to move safe_time back from 11352 to 11346. Current Snapshot: MvccSnapshot[committed={T|T < 11344 or (T in {11350,11351,11352})}]
I0125 01:01:46.877805 4312 tablet.cc:1634] T test_tablet_id P f72801c799214bbaad7da403139a675d: Flush successful on 10 rows (4661 bytes)
E0125 01:01:46.881085 4326 mvcc.cc:184] Tried to move safe_time back from 11373 to 11371. Current Snapshot: MvccSnapshot[committed={T|T < 11355 or (T in {11361,11358,11359,11364,11365,11366,11368,11369,11360,11370,11367,11373})}]
E0125 01:01:46.884601 4338 mvcc.cc:184] Tried to move safe_time back from 11395 to 11394. Current Snapshot: MvccSnapshot[committed={T|T < 11355 or (T in {11361,11358,11359,11364,11365,11366,11368,11369,11360,11370,11367,11373,11371,11372,11374,11378,11379,11377,11380,11362,11384,11385,11382,11386,11388,11383,11357,11387,11390,11389,11363,11395})}]
E0125 01:01:46.886736 4318 mvcc.cc:184] Tried to move safe_time back from 11412 to 11410. Current Snapshot: MvccSnapshot[committed={T|T < 11355 or (T in {11361,11358,11359,11364,11365,11366,11368,11369,11360,11370,11367,11373,11371,11372,11374,11378,11379,11377,11380,11362,11384,11385,11382,11386,11388,11383,11357,11387,11390,11389,11363,11395,11394,11393,11376,11396,11381,11391,11392,11398,11399,11404,11405,11401,11402,11403,11406,11409,11411,11407,11412})}]
E0125 01:01:46.892416 4329 mvcc.cc:184] Tried to move safe_time back from 11447 to 11356. Current Snapshot: MvccSnapshot[committed={T|T < 11355 or (T in {11361,11358,11359,11364,11365,11366,11368,11369,11360,11370,11367,11373,11371,11372,11374,11378,11379,11377,11380,11362,11384,11385,11382,11386,11388,11383,11357,11387,11390,11389,11363,11395,11394,11393,11376,11396,11381,11391,11392,11398,11399,11404,11405,11401,11402,11403,11406,11409,11411,11407,11412,11410,11413,11415,11397,11417,11414,11375,11416,11419,11420,11421,11422,11423,11424,11425,11426,11428,11429,11408,11430,11432,11433,11434,11435,11436,11438,11437,11439,11441,11440,11442,11443,11427,11444,11431,11445,11447})}]
I0125 01:01:46.893332 4312 tablet.cc:1153] T test_tablet_id P f72801c799214bbaad7da403139a675d: Flush: entering stage 1 (old memrowset already frozen for inserts)
I0125 01:01:46.893657 4312 compaction.cc:914] Selected 1 rowsets to compact:
I0125 01:01:46.893698 4312 compaction.cc:917] memrowset(current size on disk: ~0 bytes)
I0125 01:01:46.893759 4312 tablet.cc:1155] T test_tablet_id P f72801c799214bbaad7da403139a675d: Memstore in-memory size: 3751 bytes
I0125 01:01:46.893997 4312 tablet.cc:1444] T test_tablet_id P f72801c799214bbaad7da403139a675d: Flush: entering phase 1 (flushing snapshot). Phase 1 snapshot: MvccSnapshot[committed={T|T < 11450}]
I0125 01:01:46.894498 4312 multi_column_writer.cc:98] Opened CFile writers for 3 column(s)
I0125 01:01:46.897187 4312 tablet.cc:1529] T test_tablet_id P f72801c799214bbaad7da403139a675d: Flush: entering phase 2 (starting to duplicate updates in new rowsets)
E0125 01:01:46.898154 4321 mvcc.cc:184] Tried to move safe_time back from 11464 to 11450. Current Snapshot: MvccSnapshot[committed={T|T < 11450 or (T in {11452,11453,11455,11456,11461,11458,11462,11454,11460})}]
I0125 01:01:46.901769 4312 tablet.cc:1584] T test_tablet_id P f72801c799214bbaad7da403139a675d: Flush Phase 2: carrying over any updates which arrived during Phase 1
I0125 01:01:46.901854 4312 tablet.cc:1586] T test_tablet_id P f72801c799214bbaad7da403139a675d: Phase 2 snapshot: MvccSnapshot[committed={T|T < 11450 or (T in {11452,11453,11455,11456,11461,11458,11462,11463,11460,11459,11457,11451,11450,11454})}]
I0125 01:01:46.902272 4312 delta_tracker.cc:722] T test_tablet_id P f72801c799214bbaad7da403139a675d: Flushing 2 deltas (763 bytes in memory) from DMS 1
I0125 01:01:46.902832 4312 delta_tracker.cc:663] T test_tablet_id P f72801c799214bbaad7da403139a675d: Flushed delta block 4217819249980551572 (156 bytes on disk) stats: ts range=[11450, 11460], delete_count=[2], reinsert_count=[0], update_counts_by_col_id=[]
I0125 01:01:46.904199 4312 tablet.cc:1634] T test_tablet_id P f72801c799214bbaad7da403139a675d: Flush successful on 10 rows (4653 bytes)
E0125 01:01:46.904317 4320 mvcc.cc:184] Tried to move safe_time back from 11507 to 11506. Current Snapshot: MvccSnapshot[committed={T|T < 11471 or (T in {11473,11472,11474,11475,11476,11477,11478,11479,11480,11481,11482,11484,11483,11485,11486,11489,11487,11491,11493,11494,11496,11495,11497,11498,11499,11500,11501,11503,11502,11504,11507})}]
I0125 01:01:46.907651 4312 tablet.cc:1153] T test_tablet_id P f72801c799214bbaad7da403139a675d: Flush: entering stage 1 (old memrowset already frozen for inserts)
I0125 01:01:46.907734 4312 compaction.cc:914] Selected 1 rowsets to compact:
I0125 01:01:46.907781 4312 compaction.cc:917] memrowset(current size on disk: ~0 bytes)
I0125 01:01:46.907820 4312 tablet.cc:1155] T test_tablet_id P f72801c799214bbaad7da403139a675d: Memstore in-memory size: 3751 bytes
E0125 01:01:46.907866 4318 mvcc.cc:184] Tried to move safe_time back from 11524 to 11523. Current Snapshot: MvccSnapshot[committed={T|T < 11515 or (T in {11524,11520})}]
I0125 01:01:46.911767 4312 tablet.cc:1444] T test_tablet_id P f72801c799214bbaad7da403139a675d: Flush: entering phase 1 (flushing snapshot). Phase 1 snapshot: MvccSnapshot[committed={T|T < 11515 or (T in {11524,11520,11523,11526,11525,11527,11528,11529,11530,11531,11532,11533,11534,11535,11536,11537,11540,11539,11538,11541,11543,11521})}]
I0125 01:01:46.912251 4312 multi_column_writer.cc:98] Opened CFile writers for 3 column(s)
I0125 01:01:46.914750 4312 tablet.cc:1529] T test_tablet_id P f72801c799214bbaad7da403139a675d: Flush: entering phase 2 (starting to duplicate updates in new rowsets)
E0125 01:01:46.914999 4335 mvcc.cc:184] Tried to move safe_time back from 11563 to 11558. Current Snapshot: MvccSnapshot[committed={T|T < 11515 or (T in {11524,11520,11523,11526,11525,11527,11528,11529,11530,11531,11532,11533,11534,11535,11536,11537,11540,11539,11538,11541,11543,11521,11544,11545,11546,11547,11548,11549,11551,11516,11554,11555,11556,11553,11557,11519,11559,11561,11562,11563,11560,11542})}]
E0125 01:01:46.924108 4325 mvcc.cc:184] Tried to move safe_time back from 11619 to 11618. Current Snapshot: MvccSnapshot[committed={T|T < 11550 or (T in {11551,11554,11555,11556,11553,11557,11559,11561,11562,11563,11560,11558,11565,11566,11567,11569,11570,11568,11571,11572,11574,11575,11576,11577,11573,11578,11581,11579,11582,11583,11584,11585,11586,11587,11588,11589,11590,11592,11591,11593,11594,11596,11595,11597,11599,11600,11601,11602,11603,11604,11605,11607,11608,11609,11610,11611,11612,11613,11614,11615,11616,11617})}]
E0125 01:01:46.929888 4331 mvcc.cc:184] Tried to move safe_time back from 11651 to 11550. Current Snapshot: MvccSnapshot[committed={T|T < 11550 or (T in {11551,11554,11555,11556,11553,11557,11559,11561,11562,11563,11560,11558,11565,11566,11567,11569,11570,11568,11571,11572,11574,11575,11576,11577,11573,11578,11581,11579,11582,11583,11584,11585,11586,11587,11588,11589,11590,11592,11591,11593,11594,11596,11595,11597,11599,11600,11601,11602,11603,11604,11605,11607,11608,11609,11610,11611,11612,11613,11614,11615,11616,11617,11619,11618,11621,11620,11623,11624,11625,11626,11564,11628,11552,11629,11606,11631,11633,11632,11634,11635,11637,11636,11638,11639,11640,11641,11642,11643,11646,11644,11645,11647,11648,11649,11650,11651,11627})}]
I0125 01:01:46.929968 4312 tablet.cc:1584] T test_tablet_id P f72801c799214bbaad7da403139a675d: Flush Phase 2: carrying over any updates which arrived during Phase 1
I0125 01:01:46.929994 4312 tablet.cc:1586] T test_tablet_id P f72801c799214bbaad7da403139a675d: Phase 2 snapshot: MvccSnapshot[committed={T|T < 11515 or (T in {11524,11520,11523,11526,11525,11527,11528,11529,11530,11531,11532,11533,11534,11535,11536,11537,11540,11539,11538,11541,11543,11521,11544,11545,11546,11547,11548,11549,11551,11516,11554,11555,11556,11553,11557,11519,11559,11561,11562,11563,11560,11558,11542,11518,11550,11552})}]
I0125 01:01:46.930392 4312 delta_tracker.cc:722] T test_tablet_id P f72801c799214bbaad7da403139a675d: Flushing 12 deltas (763 bytes in memory) from DMS 1
I0125 01:01:46.930915 4312 delta_tracker.cc:663] T test_tablet_id P f72801c799214bbaad7da403139a675d: Flushed delta block 4217819249980551579 (263 bytes on disk) stats: ts range=[11516, 11564], delete_count=[2], reinsert_count=[0], update_counts_by_col_id=[12:10]
I0125 01:01:46.933989 4312 tablet.cc:1634] T test_tablet_id P f72801c799214bbaad7da403139a675d: Flush successful on 9 rows (4663 bytes)
I0125 01:01:46.934260 4313 tablet.cc:1664] T test_tablet_id P f72801c799214bbaad7da403139a675d: Compaction: stage 1 complete, picked 6 rowsets to compact or flush
I0125 01:01:46.934276 4313 compaction.cc:914] Selected 6 rowsets to compact:
I0125 01:01:46.934286 4313 compaction.cc:917] RowSet(52)(current size on disk: ~6905 bytes)
I0125 01:01:46.934293 4313 compaction.cc:917] RowSet(51)(current size on disk: ~77143 bytes)
I0125 01:01:46.934300 4313 compaction.cc:917] RowSet(53)(current size on disk: ~7580 bytes)
I0125 01:01:46.934307 4313 compaction.cc:917] RowSet(54)(current size on disk: ~7169 bytes)
I0125 01:01:46.934314 4313 compaction.cc:917] RowSet(55)(current size on disk: ~6003 bytes)
I0125 01:01:46.934319 4313 compaction.cc:917] RowSet(56)(current size on disk: ~5852 bytes)
I0125 01:01:46.934334 4313 tablet.cc:1444] T test_tablet_id P f72801c799214bbaad7da403139a675d: Compaction: entering phase 1 (flushing snapshot). Phase 1 snapshot: MvccSnapshot[committed={T|T < 11653 or (T in {11654,11656,11655})}]
I0125 01:01:46.935109 4313 multi_column_writer.cc:98] Opened CFile writers for 3 column(s)
E0125 01:01:46.938352 4332 mvcc.cc:184] Tried to move safe_time back from 11680 to 11660. Current Snapshot: MvccSnapshot[committed={T|T < 11657 or (T in {11659,11665,11666,11667,11668,11669,11670,11672,11673,11662,11674,11675,11677,11676,11679,11680})}]
I0125 01:01:46.945909 4312 delta_tracker.cc:722] T test_tablet_id P f72801c799214bbaad7da403139a675d: Flushing 1 deltas (763 bytes in memory) from DMS 2
I0125 01:01:46.946553 4312 delta_tracker.cc:663] T test_tablet_id P f72801c799214bbaad7da403139a675d: Flushed delta block 4217819249980551586 (163 bytes on disk) stats: ts range=[11630, 11630], delete_count=[0], reinsert_count=[0], update_counts_by_col_id=[12:1]
E0125 01:01:46.948467 4325 mvcc.cc:184] Tried to move safe_time back from 11729 to 11705. Current Snapshot: MvccSnapshot[committed={T|T < 11657 or (T in {11659,11665,11666,11667,11668,11669,11670,11672,11673,11662,11674,11675,11677,11676,11679,11680,11660,11681,11682,11683,11684,11685,11686,11687,11688,11689,11690,11691,11692,11678,11671,11693,11696,11664,11697,11698,11699,11700,11701,11703,11702,11704,11706,11707,11694,11708,11709,11710,11711,11713,11712,11714,11715,11716,11718,11719,11720,11722,11721,11723,11658,11724,11726,11725,11727,11729})}]
E0125 01:01:46.962281 4329 mvcc.cc:184] Tried to move safe_time back from 11790 to 11734. Current Snapshot: MvccSnapshot[committed={T|T < 11657 or (T in {11659,11665,11666,11667,11668,11669,11670,11672,11673,11662,11674,11675,11677,11676,11679,11680,11660,11681,11682,11683,11684,11685,11686,11687,11688,11689,11690,11691,11692,11678,11671,11693,11696,11664,11697,11698,11699,11700,11701,11703,11702,11704,11706,11707,11694,11708,11709,11710,11711,11713,11712,11714,11715,11716,11718,11719,11720,11722,11721,11723,11658,11724,11726,11725,11727,11729,11705,11728,11695,11730,11733,11735,11736,11737,11738,11739,11740,11741,11742,11743,11744,11745,11746,11747,11748,11749,11750,11751,11753,11717,11754,11755,11756,11663,11757,11758,11759,11760,11761,11762,11763,11764,11731,11765,11767,11768,11769,11770,11772,11771,11774,11773,11775,11776,11777,11778,11779,11780,11781,11782,11783,11784,11785,11787,11786,11788,11789,11732,11790})}]
I0125 01:01:46.965951 4312 tablet.cc:1153] T test_tablet_id P f72801c799214bbaad7da403139a675d: Flush: entering stage 1 (old memrowset already frozen for inserts)
I0125 01:01:46.966053 4312 compaction.cc:914] Selected 1 rowsets to compact:
I0125 01:01:46.966094 4312 compaction.cc:917] memrowset(current size on disk: ~0 bytes)
I0125 01:01:46.966135 4312 tablet.cc:1155] T test_tablet_id P f72801c799214bbaad7da403139a675d: Memstore in-memory size: 7735 bytes
I0125 01:01:46.966198 4312 tablet.cc:1444] T test_tablet_id P f72801c799214bbaad7da403139a675d: Flush: entering phase 1 (flushing snapshot). Phase 1 snapshot: MvccSnapshot[committed={T|T < 11657 or (T in {11659,11665,11666,11667,11668,11669,11670,11672,11673,11662,11674,11675,11677,11676,11679,11680,11660,11681,11682,11683,11684,11685,11686,11687,11688,11689,11690,11691,11692,11678,11671,11693,11696,11664,11697,11698,11699,11700,11701,11703,11702,11704,11706,11707,11694,11708,11709,11710,11711,11713,11712,11714,11715,11716,11718,11719,11720,11722,11721,11723,11658,11724,11726,11725,11727,11729,11705,11728,11695,11730,11733,11735,11736,11737,11738,11739,11740,11741,11742,11743,11744,11745,11746,11747,11748,11749,11750,11751,11753,11717,11754,11755,11756,11663,11757,11758,11759,11760,11761,11762,11763,11764,11731,11765,11767,11768,11769,11770,11772,11771,11774,11773,11775,11776,11777,11778,11779,11780,11781,11782,11783,11784,11785,11787,11786,11788,11789,11732,11790,11734,11791,11661,11766,11752})}]
I0125 01:01:46.966709 4312 multi_column_writer.cc:98] Opened CFile writers for 3 column(s)
I0125 01:01:46.969802 4312 tablet.cc:1529] T test_tablet_id P f72801c799214bbaad7da403139a675d: Flush: entering phase 2 (starting to duplicate updates in new rowsets)
I0125 01:01:46.971300 4312 tablet.cc:1584] T test_tablet_id P f72801c799214bbaad7da403139a675d: Flush Phase 2: carrying over any updates which arrived during Phase 1
I0125 01:01:46.971328 4312 tablet.cc:1586] T test_tablet_id P f72801c799214bbaad7da403139a675d: Phase 2 snapshot: MvccSnapshot[committed={T|T < 11793 or (T in {11795,11801,11802,11803,11804,11805,11806,11807,11808,11809,11810,11811,11812,11797,11799,11813,11814,11816,11815})}]
I0125 01:01:46.971835 4312 delta_tracker.cc:722] T test_tablet_id P f72801c799214bbaad7da403139a675d: Flushing 2 deltas (763 bytes in memory) from DMS 1
I0125 01:01:46.972398 4312 delta_tracker.cc:663] T test_tablet_id P f72801c799214bbaad7da403139a675d: Flushed delta block 4217819249980551593 (168 bytes on disk) stats: ts range=[11797, 11799], delete_count=[1], reinsert_count=[0], update_counts_by_col_id=[12:1]
I0125 01:01:46.973652 4312 tablet.cc:1634] T test_tablet_id P f72801c799214bbaad7da403139a675d: Flush successful on 8 rows (4600 bytes)
I0125 01:01:46.975410 4317 diskrowset.cc:560] T test_tablet_id P f72801c799214bbaad7da403139a675d: RowSet(58): Major compacting REDO delta stores (cols: 12)
I0125 01:01:46.977830 4317 delta_compaction.cc:294] Starting major delta compaction for columns val[int32 NOT NULL]
I0125 01:01:46.977875 4317 delta_compaction.cc:298] Preparing to major compact delta file: 4217819249980551592 (ts range=[11705, 11732], delete_count=[3], reinsert_count=[0], update_counts_by_col_id=[])
I0125 01:01:46.977891 4317 delta_compaction.cc:298] Preparing to major compact delta file: 4217819249980551593 (ts range=[11797, 11799], delete_count=[1], reinsert_count=[0], update_counts_by_col_id=[12:1])
I0125 01:01:46.978008 4317 multi_column_writer.cc:98] Opened CFile writers for 1 column(s)
E0125 01:01:46.979213 4331 mvcc.cc:184] Tried to move safe_time back from 11833 to 11829. Current Snapshot: MvccSnapshot[committed={T|T < 11793 or (T in {11795,11801,11802,11803,11804,11805,11806,11807,11808,11809,11810,11811,11812,11797,11799,11813,11814,11816,11815,11818,11821,11822,11823,11824,11825,11826,11827,11828,11830,11820,11831,11833,11832})}]
I0125 01:01:46.979923 4317 delta_compaction.cc:304] Finished major delta compaction of columns val[int32 NOT NULL]
I0125 01:01:46.982985 4312 delta_tracker.cc:722] T test_tablet_id P f72801c799214bbaad7da403139a675d: Flushing 1 deltas (763 bytes in memory) from DMS 3
I0125 01:01:46.983466 4312 delta_tracker.cc:663] T test_tablet_id P f72801c799214bbaad7da403139a675d: Flushed delta block 4217819249980551597 (151 bytes on disk) stats: ts range=[11663, 11663], delete_count=[1], reinsert_count=[0], update_counts_by_col_id=[]
E0125 01:01:46.988116 4326 mvcc.cc:184] Tried to move safe_time back from 11847 to 11794. Current Snapshot: MvccSnapshot[committed={T|T < 11794 or (T in {11795,11801,11802,11803,11804,11805,11806,11807,11808,11809,11810,11811,11812,11797,11799,11813,11814,11816,11815,11818,11821,11822,11823,11824,11825,11826,11827,11828,11830,11820,11831,11833,11832,11829,11834,11837,11838,11836,11835,11817,11840,11819,11843,11841,11845,11844,11842,11800,11847})}]
E0125 01:01:46.993710 4327 mvcc.cc:184] Tried to move safe_time back from 11891 to 11886. Current Snapshot: MvccSnapshot[committed={T|T < 11846 or (T in {11847,11848,11853,11854,11855,11856,11857,11858,11859,11860,11861,11862,11863,11849,11865,11864,11867,11869,11870,11872,11873,11874,11875,11876,11871,11868,11879,11850,11880,11882,11883,11884,11877,11885,11888,11889,11890,11891})}]
E0125 01:01:47.000594 4332 mvcc.cc:184] Tried to move safe_time back from 11930 to 11924. Current Snapshot: MvccSnapshot[committed={T|T < 11846 or (T in {11847,11848,11853,11854,11855,11856,11857,11858,11859,11860,11861,11862,11863,11849,11865,11864,11867,11869,11870,11872,11873,11874,11875,11876,11871,11868,11879,11850,11880,11882,11883,11884,11877,11885,11888,11889,11890,11891,11886,11881,11878,11892,11893,11895,11894,11896,11897,11898,11899,11900,11901,11902,11851,11905,11908,11909,11910,11911,11912,11906,11913,11907,11915,11917,11918,11919,11920,11921,11914,11916,11922,11925,11926,11927,11928,11929,11930,11923})}]
I0125 01:01:47.002853 4312 tablet.cc:1153] T test_tablet_id P f72801c799214bbaad7da403139a675d: Flush: entering stage 1 (old memrowset already frozen for inserts)
I0125 01:01:47.002872 4312 compaction.cc:914] Selected 1 rowsets to compact:
I0125 01:01:47.002878 4312 compaction.cc:917] memrowset(current size on disk: ~0 bytes)
I0125 01:01:47.002887 4312 tablet.cc:1155] T test_tablet_id P f72801c799214bbaad7da403139a675d: Memstore in-memory size: 3751 bytes
I0125 01:01:47.002912 4312 tablet.cc:1444] T test_tablet_id P f72801c799214bbaad7da403139a675d: Flush: entering phase 1 (flushing snapshot). Phase 1 snapshot: MvccSnapshot[committed={T|T < 11866 or (T in {11867,11869,11870,11872,11873,11874,11875,11876,11871,11868,11879,11880,11882,11883,11884,11877,11885,11888,11889,11890,11891,11886,11881,11878,11892,11893,11895,11894,11896,11897,11898,11899,11900,11901,11902,11905,11908,11909,11910,11911,11912,11906,11913,11907,11915,11917,11918,11919,11920,11921,11914,11916,11922,11925,11926,11927,11928,11929,11930,11923,11924,11887,11931})}]
I0125 01:01:47.003340 4312 multi_column_writer.cc:98] Opened CFile writers for 3 column(s)
I0125 01:01:47.005606 4312 tablet.cc:1529] T test_tablet_id P f72801c799214bbaad7da403139a675d: Flush: entering phase 2 (starting to duplicate updates in new rowsets)
I0125 01:01:47.009011 4313 tablet.cc:1529] T test_tablet_id P f72801c799214bbaad7da403139a675d: Compaction: entering phase 2 (starting to duplicate updates in new rowsets)
E0125 01:01:47.010072 4335 mvcc.cc:184] Tried to move safe_time back from 11952 to 11944. Current Snapshot: MvccSnapshot[committed={T|T < 11903 or (T in {11905,11908,11909,11910,11911,11912,11906,11913,11907,11915,11917,11918,11919,11920,11921,11914,11916,11922,11925,11926,11927,11928,11929,11930,11923,11924,11931,11935,11937,11938,11939,11940,11941,11934,11942,11933,11932,11946,11947,11936,11950,11949,11951,11952})}]
I0125 01:01:47.014191 4312 tablet.cc:1584] T test_tablet_id P f72801c799214bbaad7da403139a675d: Flush Phase 2: carrying over any updates which arrived during Phase 1
I0125 01:01:47.014246 4312 tablet.cc:1586] T test_tablet_id P f72801c799214bbaad7da403139a675d: Phase 2 snapshot: MvccSnapshot[committed={T|T < 11903 or (T in {11905,11908,11909,11910,11911,11912,11906,11913,11907,11915,11917,11918,11919,11920,11921,11914,11916,11922,11925,11926,11927,11928,11929,11930,11923,11924,11931,11935,11937,11938,11939,11940,11941,11934,11942,11933,11904,11936,11903,11932})}]
I0125 01:01:47.014614 4312 delta_tracker.cc:722] T test_tablet_id P f72801c799214bbaad7da403139a675d: Flushing 3 deltas (763 bytes in memory) from DMS 1
I0125 01:01:47.015264 4312 delta_tracker.cc:663] T test_tablet_id P f72801c799214bbaad7da403139a675d: Flushed delta block 4217819249980551604 (185 bytes on disk) stats: ts range=[11936, 11952], delete_count=[0], reinsert_count=[0], update_counts_by_col_id=[12:3]
I0125 01:01:47.016573 4312 tablet.cc:1634] T test_tablet_id P f72801c799214bbaad7da403139a675d: Flush successful on 6 rows (4606 bytes)
I0125 01:01:47.016963 4312 delta_tracker.cc:722] T test_tablet_id P f72801c799214bbaad7da403139a675d: Flushing 16 deltas (1759 bytes in memory) from DMS 2
I0125 01:01:47.017509 4312 delta_tracker.cc:663] T test_tablet_id P f72801c799214bbaad7da403139a675d: Flushed delta block 4217819249980551605 (296 bytes on disk) stats: ts range=[11793, 11955], delete_count=[4], reinsert_count=[0], update_counts_by_col_id=[12:12]
E0125 01:01:47.018453 4320 mvcc.cc:184] Tried to move safe_time back from 11985 to 11943. Current Snapshot: MvccSnapshot[committed={T|T < 11943 or (T in {11946,11947,11950,11949,11951,11952,11944,11955,11945,11948,11956,11957,11958,11959,11961,11960,11962,11963,11964,11965,11966,11968,11969,11970,11967,11971,11972,11974,11978,11979,11980,11981,11982,11985,11984,11975,11973})}]
I0125 01:01:47.021775 4313 tablet.cc:1584] T test_tablet_id P f72801c799214bbaad7da403139a675d: Compaction Phase 2: carrying over any updates which arrived during Phase 1
I0125 01:01:47.021873 4313 tablet.cc:1586] T test_tablet_id P f72801c799214bbaad7da403139a675d: Phase 2 snapshot: MvccSnapshot[committed={T|T < 11903 or (T in {11905,11908,11909,11910,11911,11912,11906,11913,11907,11915,11917,11918,11919,11920,11921,11914,11916,11922,11925,11926,11927,11928,11929,11930,11923,11924,11931,11935,11937,11938,11939,11940,11941,11934,11942,11933,11932,11946,11947,11936,11950,11949,11952,11951,11948,11904,11903})}]
E0125 01:01:47.030478 4338 mvcc.cc:184] Tried to move safe_time back from 12058 to 12002. Current Snapshot: MvccSnapshot[committed={T|T < 11954 or (T in {11955,11956,11957,11958,11959,11961,11960,11962,11963,11964,11965,11966,11968,11969,11970,11967,11971,11972,11974,11978,11979,11980,11981,11982,11985,11984,11975,11973,11988,11989,11990,11992,11991,11994,11993,11996,11997,11999,11998,11986,12003,12004,12005,12006,12007,12008,12009,12010,12011,12012,12013,12014,12015,12016,12017,12018,12019,12020,12021,12022,12023,12024,12025,12026,12027,12028,12029,12030,12031,12032,12033,12034,11995,12035,12036,12038,12039,12040,12041,12042,12043,12044,12037,12045,12047,12048,12049,12050,12051,12052,12053,12046,12054,12056,12057,12058,11977})}]
I0125 01:01:47.032454 4315 delta_tracker.cc:722] T test_tablet_id P f72801c799214bbaad7da403139a675d: Flushing 1 deltas (763 bytes in memory) from DMS 2
I0125 01:01:47.033063 4315 delta_tracker.cc:663] T test_tablet_id P f72801c799214bbaad7da403139a675d: Flushed delta block 4217819249980551606 (163 bytes on disk) stats: ts range=[11954, 11954], delete_count=[0], reinsert_count=[0], update_counts_by_col_id=[12:1]
E0125 01:01:47.041363 4334 mvcc.cc:184] Tried to move safe_time back from 12094 to 12055. Current Snapshot: MvccSnapshot[committed={T|T < 11983 or (T in {11985,11984,11988,11989,11990,11992,11991,11994,11993,11996,11997,11999,11998,11986,12003,12004,12005,12006,12007,12008,12009,12010,12011,12012,12013,12014,12015,12016,12017,12018,12019,12020,12021,12022,12023,12024,12025,12026,12027,12028,12029,12030,12031,12032,12033,12034,11995,12035,12036,12038,12039,12040,12041,12042,12043,12044,12037,12045,12047,12048,12049,12050,12051,12052,12053,12046,12054,12056,12057,12058,12002,12059,12061,12060,12062,12001,12063,12065,12064,12066,12067,12069,12070,12071,12073,12074,12075,12076,12077,12078,12081,11987,12080,12000,12083,12084,12085,12087,12086,12088,12089,12090,12092,12093,12094})}]
I0125 01:01:47.041846 4312 tablet.cc:1153] T test_tablet_id P f72801c799214bbaad7da403139a675d: Flush: entering stage 1 (old memrowset already frozen for inserts)
I0125 01:01:47.041929 4312 compaction.cc:914] Selected 1 rowsets to compact:
I0125 01:01:47.041972 4312 compaction.cc:917] memrowset(current size on disk: ~0 bytes)
I0125 01:01:47.042012 4312 tablet.cc:1155] T test_tablet_id P f72801c799214bbaad7da403139a675d: Memstore in-memory size: 7735 bytes
I0125 01:01:47.043143 4312 tablet.cc:1444] T test_tablet_id P f72801c799214bbaad7da403139a675d: Flush: entering phase 1 (flushing snapshot). Phase 1 snapshot: MvccSnapshot[committed={T|T < 12068 or (T in {12069,12070,12071,12073,12074,12075,12076,12077,12078,12081,12080,12083,12084,12085,12087,12086,12088,12089,12090,12092,12093,12094,12095,12096,12079,12099,12102})}]
I0125 01:01:47.043663 4312 multi_column_writer.cc:98] Opened CFile writers for 3 column(s)
I0125 01:01:47.046463 4312 tablet.cc:1529] T test_tablet_id P f72801c799214bbaad7da403139a675d: Flush: entering phase 2 (starting to duplicate updates in new rowsets)
I0125 01:01:47.048987 4316 delta_tracker.cc:177] T test_tablet_id P f72801c799214bbaad7da403139a675d: Preparing to minor compact delta file: 4217819249980551603 (ts range=[11846, 11869], delete_count=[5], reinsert_count=[0], update_counts_by_col_id=[])
I0125 01:01:47.049042 4316 delta_tracker.cc:177] T test_tablet_id P f72801c799214bbaad7da403139a675d: Preparing to minor compact delta file: 4217819249980551604 (ts range=[11936, 11952], delete_count=[0], reinsert_count=[0], update_counts_by_col_id=[12:3])
I0125 01:01:47.049063 4316 delta_tracker.cc:177] T test_tablet_id P f72801c799214bbaad7da403139a675d: Preparing to minor compact delta file: 4217819249980551606 (ts range=[11954, 11954], delete_count=[0], reinsert_count=[0], update_counts_by_col_id=[12:1])
I0125 01:01:47.049094 4316 delta_tracker.cc:529] T test_tablet_id P f72801c799214bbaad7da403139a675d: Compacting 3 delta files.
E0125 01:01:47.049129 4331 mvcc.cc:184] Tried to move safe_time back from 12124 to 12106. Current Snapshot: MvccSnapshot[committed={T|T < 12082 or (T in {12083,12084,12085,12087,12086,12088,12089,12090,12092,12093,12094,12095,12096,12099,12102,12101,12103,12105,12104,12107,12108,12109,12111,12112,12113,12097,12114,12115,12116,12117,12118,12119,12121,12120,12122,12123,12124})}]
I0125 01:01:47.049942 4316 delta_tracker.cc:536] T test_tablet_id P f72801c799214bbaad7da403139a675d: Succesfully compacted the specified delta files.
I0125 01:01:47.049983 4316 delta_tracker.cc:399] T test_tablet_id P f72801c799214bbaad7da403139a675d: Flushing compaction of redo delta blocks { 4217819249980551603 4217819249980551604 4217819249980551606 } into block 4217819249980551613
E0125 01:01:47.057937 4325 mvcc.cc:184] Tried to move safe_time back from 12156 to 12091. Current Snapshot: MvccSnapshot[committed={T|T < 12082 or (T in {12083,12084,12085,12087,12086,12088,12089,12090,12092,12093,12094,12095,12096,12099,12102,12101,12103,12105,12104,12107,12108,12109,12111,12112,12113,12097,12114,12115,12116,12117,12118,12119,12121,12120,12122,12123,12124,12106,12125,12128,12098,12131,12132,12133,12127,12135,12134,12136,12137,12138,12139,12129,12140,12141,12142,12144,12143,12147,12145,12146,12148,12149,12151,12150,12110,12153,12154,12155,12156,12100})}]
I0125 01:01:47.067790 4312 tablet.cc:1584] T test_tablet_id P f72801c799214bbaad7da403139a675d: Flush Phase 2: carrying over any updates which arrived during Phase 1
I0125 01:01:47.067890 4312 tablet.cc:1586] T test_tablet_id P f72801c799214bbaad7da403139a675d: Phase 2 snapshot: MvccSnapshot[committed={T|T < 12082 or (T in {12083,12084,12085,12087,12086,12088,12089,12090,12092,12093,12094,12095,12096,12099,12102,12101,12103,12105,12104,12107,12108,12109,12111,12112,12113,12114,12110,12106,12100,12098,12097,12091,12115,12082})}]
I0125 01:01:47.069331 4312 tablet.cc:1634] T test_tablet_id P f72801c799214bbaad7da403139a675d: Flush successful on 8 rows (4601 bytes)
I0125 01:01:47.069453 4312 delta_tracker.cc:722] T test_tablet_id P f72801c799214bbaad7da403139a675d: Flushing 1 deltas (763 bytes in memory) from DMS 3
I0125 01:01:47.069963 4312 delta_tracker.cc:663] T test_tablet_id P f72801c799214bbaad7da403139a675d: Flushed delta block 4217819249980551614 (151 bytes on disk) stats: ts range=[12070, 12070], delete_count=[1], reinsert_count=[0], update_counts_by_col_id=[]
E0125 01:01:47.073771 4324 mvcc.cc:184] Tried to move safe_time back from 12208 to 12130. Current Snapshot: MvccSnapshot[committed={T|T < 12130 or (T in {12131,12132,12133,12135,12134,12136,12137,12138,12139,12140,12141,12142,12144,12143,12147,12145,12146,12148,12149,12151,12150,12153,12154,12155,12156,12158,12160,12161,12162,12163,12164,12165,12166,12168,12167,12169,12170,12171,12172,12173,12174,12175,12157,12179,12180,12177,12178,12181,12182,12184,12183,12152,12185,12187,12188,12189,12190,12191,12193,12194,12195,12197,12198,12199,12200,12201,12203,12204,12205,12206,12208,12207})}]
I0125 01:01:47.074301 4313 delta_tracker.cc:722] T test_tablet_id P f72801c799214bbaad7da403139a675d: Flushing 1 deltas (763 bytes in memory) from DMS 1
I0125 01:01:47.074793 4313 delta_tracker.cc:663] T test_tablet_id P f72801c799214bbaad7da403139a675d: Flushed delta block 4217819249980551615 (151 bytes on disk) stats: ts range=[11663, 11663], delete_count=[1], reinsert_count=[0], update_counts_by_col_id=[]
I0125 01:01:47.076735 4313 tablet.cc:1634] T test_tablet_id P f72801c799214bbaad7da403139a675d: Compaction successful on 10 rows (4711 bytes)
E0125 01:01:47.078825 4321 mvcc.cc:184] Tried to move safe_time back from 12240 to 12237. Current Snapshot: MvccSnapshot[committed={T|T < 12186 or (T in {12187,12188,12189,12190,12191,12193,12194,12195,12197,12198,12199,12200,12201,12203,12204,12205,12206,12208,12207,12209,12212,12214,12215,12216,12217,12218,12219,12220,12221,12202,12224,12222,12226,12228,12225,12229,12231,12227,12232,12234,12230,12192,12235,12233,12238,12240})}]
E0125 01:01:47.080895 4321 mvcc.cc:184] Tried to move safe_time back from 12268 to 12265. Current Snapshot: MvccSnapshot[committed={T|T < 12186 or (T in {12187,12188,12189,12190,12191,12193,12194,12195,12197,12198,12199,12200,12201,12203,12204,12205,12206,12208,12207,12209,12212,12214,12215,12216,12217,12218,12219,12220,12221,12202,12224,12222,12226,12228,12225,12229,12231,12227,12232,12234,12230,12192,12235,12233,12238,12240,12237,12236,12241,12239,12244,12246,12242,12247,12245,12196,12249,12251,12252,12248,12253,12254,12250,12256,12257,12259,12260,12261,12262,12255,12263,12258,12264})}]
E0125 01:01:47.082268 4325 mvcc.cc:184] Tried to move safe_time back from 12283 to 12278. Current Snapshot: MvccSnapshot[committed={T|T < 12186 or (T in {12187,12188,12189,12190,12191,12193,12194,12195,12197,12198,12199,12200,12201,12203,12204,12205,12206,12208,12207,12209,12212,12214,12215,12216,12217,12218,12219,12220,12221,12202,12224,12222,12226,12228,12225,12229,12231,12227,12232,12234,12230,12192,12235,12233,12238,12240,12237,12236,12241,12239,12244,12246,12242,12247,12245,12196,12249,12251,12252,12248,12253,12254,12250,12256,12257,12259,12260,12261,12262,12255,12263,12258,12264,12265,12266,12267,12213,12223,12273,12270,12271,12274,12243,12277,12272,12268,12280,12281,12282,12283,12279})}]
