E0125 01:01:43.607257 4288 mvcc.cc:184] Tried to move safe_time back from 6638 to 6634. Current Snapshot: MvccSnapshot[committed={T|T < 6484 or (T in {6485,6488,6490,6489,6493,6494,6487,6496,6495,6500,6501,6502,6503,6504,6499,6486,6505,6508,6509,6510,6511,6512,6506,6513,6515,6516,6517,6518,6491,6514,6507,6520,6522,6521,6492,6524,6525,6526,6527,6528,6529,6530,6531,6532,6533,6534,6535,6498,6536,6539,6541,6542,6537,6543,6545,6546,6547,6548,6540,6549,6550,6552,6553,6554,6555,6556,6558,6559,6560,6561,6562,6551,6563,6564,6566,6567,6568,6557,6569,6570,6572,6573,6574,6575,6565,6576,6577,6579,6580,6581,6497,6582,6583,6585,6586,6587,6588,6589,6578,6590,6591,6593,6594,6595,6584,6596,6597,6599,6600,6601,6602,6592,6603,6604,6598,6523,6605,6607,6608,6609,6610,6611,6519,6613,6616,6544,6614,6617,6618,6619,6620,6621,6622,6623,6624,6615,6629,6625,6630,6632,6626,6633,6628,6635,6637,6631,6638})}]
I0125 01:01:43.612257 4282 tablet.cc:1153] T test_tablet_id P 81dae3cc875a4d08b49b5f2ba0e9bc58: Flush: entering stage 1 (old memrowset already frozen for inserts)
I0125 01:01:43.612280 4282 compaction.cc:914] Selected 1 rowsets to compact:
I0125 01:01:43.612287 4282 compaction.cc:917] memrowset(current size on disk: ~0 bytes)
I0125 01:01:43.612294 4282 tablet.cc:1155] T test_tablet_id P 81dae3cc875a4d08b49b5f2ba0e9bc58: Memstore in-memory size: 15703 bytes
I0125 01:01:43.612316 4282 tablet.cc:1444] T test_tablet_id P 81dae3cc875a4d08b49b5f2ba0e9bc58: Flush: entering phase 1 (flushing snapshot). Phase 1 snapshot: MvccSnapshot[committed={T|T < 6606 or (T in {6607,6608,6609,6610,6611,6613,6616,6614,6617,6618,6619,6620,6621,6622,6623,6624,6615,6629,6625,6630,6632,6626,6633,6628,6635,6637,6631,6638,6634,6636,6639,6641,6642,6643,6644,6645,6646,6647,6648,6649,6650,6652,6653,6654,6655,6656,6657,6658,6659,6660,6612,6640})}]
I0125 01:01:43.612802 4282 multi_column_writer.cc:98] Opened CFile writers for 3 column(s)
I0125 01:01:43.612268 4283 tablet.cc:1584] T test_tablet_id P 81dae3cc875a4d08b49b5f2ba0e9bc58: Compaction Phase 2: carrying over any updates which arrived during Phase 1
I0125 01:01:43.613797 4283 tablet.cc:1586] T test_tablet_id P 81dae3cc875a4d08b49b5f2ba0e9bc58: Phase 2 snapshot: MvccSnapshot[committed={T|T < 6451 or (T in {6453,6454,6455,6457,6458,6459,6460,6461,6462,6463,6464,6465,6466,6467,6468,6469,6470,6471,6472,6473,6474,6475,6476,6480,6477,6479,6456,6452,6482,6485,6488,6490,6489,6481,6493,6494,6487,6483,6496,6495,6500,6501,6502,6503,6504,6499,6486,6505,6508,6509,6510,6511,6512,6506,6513,6515,6516,6517,6518,6491,6514,6507,6520,6522,6521,6492,6524,6525,6526,6527,6528,6529,6530,6531,6532,6533,6534,6535,6537,6536,6523,6498,6519,6497,6451,6478})}]
I0125 01:01:43.616955 4282 tablet.cc:1529] T test_tablet_id P 81dae3cc875a4d08b49b5f2ba0e9bc58: Flush: entering phase 2 (starting to duplicate updates in new rowsets)
E0125 01:01:43.617154 4296 mvcc.cc:184] Tried to move safe_time back from 6672 to 6670. Current Snapshot: MvccSnapshot[committed={T|T < 6606 or (T in {6607,6608,6609,6610,6611,6613,6616,6614,6617,6618,6619,6620,6621,6622,6623,6624,6615,6629,6625,6630,6632,6626,6633,6628,6635,6637,6631,6638,6634,6636,6639,6641,6642,6643,6644,6645,6646,6647,6648,6649,6650,6652,6653,6654,6655,6656,6657,6658,6659,6660,6612,6640,6663,6662,6667,6668,6669,6666,6671,6665,6672})}]
I0125 01:01:43.621811 4282 tablet.cc:1584] T test_tablet_id P 81dae3cc875a4d08b49b5f2ba0e9bc58: Flush Phase 2: carrying over any updates which arrived during Phase 1
I0125 01:01:43.621863 4282 tablet.cc:1586] T test_tablet_id P 81dae3cc875a4d08b49b5f2ba0e9bc58: Phase 2 snapshot: MvccSnapshot[committed={T|T < 6676 or (T in {6676})}]
I0125 01:01:43.622264 4282 delta_tracker.cc:722] T test_tablet_id P 81dae3cc875a4d08b49b5f2ba0e9bc58: Flushing 1 deltas (763 bytes in memory) from DMS 1
I0125 01:01:43.622743 4282 delta_tracker.cc:663] T test_tablet_id P 81dae3cc875a4d08b49b5f2ba0e9bc58: Flushed delta block 7810596730635071788 (151 bytes on disk) stats: ts range=[6667, 6667], delete_count=[1], reinsert_count=[0], update_counts_by_col_id=[]
I0125 01:01:43.623942 4282 tablet.cc:1634] T test_tablet_id P 81dae3cc875a4d08b49b5f2ba0e9bc58: Flush successful on 9 rows (4639 bytes)
E0125 01:01:43.626576 4301 mvcc.cc:184] Tried to move safe_time back from 6698 to 6682. Current Snapshot: MvccSnapshot[committed={T|T < 6677 or (T in {6683,6686,6685,6687,6688,6689,6691,6692,6684,6693,6694,6695,6698})}]
I0125 01:01:43.628885 4283 tablet.cc:1634] T test_tablet_id P 81dae3cc875a4d08b49b5f2ba0e9bc58: Compaction successful on 10 rows (4694 bytes)
E0125 01:01:43.630017 4294 mvcc.cc:184] Tried to move safe_time back from 6712 to 6709. Current Snapshot: MvccSnapshot[committed={T|T < 6696 or (T in {6698,6699,6702,6708,6700,6706,6701,6712})}]
E0125 01:01:43.634145 4292 mvcc.cc:184] Tried to move safe_time back from 6740 to 6697. Current Snapshot: MvccSnapshot[committed={T|T < 6697 or (T in {6698,6699,6702,6708,6700,6706,6701,6712,6709,6705,6707,6715,6714,6716,6717,6718,6719,6721,6722,6713,6723,6725,6704,6710,6726,6727,6720,6729,6730,6732,6733,6734,6735,6736,6737,6738,6739,6740,6711})}]
I0125 01:01:43.634655 4282 tablet.cc:1153] T test_tablet_id P 81dae3cc875a4d08b49b5f2ba0e9bc58: Flush: entering stage 1 (old memrowset already frozen for inserts)
I0125 01:01:43.634667 4282 compaction.cc:914] Selected 1 rowsets to compact:
I0125 01:01:43.634673 4282 compaction.cc:917] memrowset(current size on disk: ~0 bytes)
I0125 01:01:43.634680 4282 tablet.cc:1155] T test_tablet_id P 81dae3cc875a4d08b49b5f2ba0e9bc58: Memstore in-memory size: 7735 bytes
I0125 01:01:43.634694 4282 tablet.cc:1444] T test_tablet_id P 81dae3cc875a4d08b49b5f2ba0e9bc58: Flush: entering phase 1 (flushing snapshot). Phase 1 snapshot: MvccSnapshot[committed={T|T < 6724 or (T in {6725,6726,6727,6729,6730,6732,6733,6734,6735,6736,6737,6738,6739,6740})}]
I0125 01:01:43.635177 4282 multi_column_writer.cc:98] Opened CFile writers for 3 column(s)
I0125 01:01:43.637833 4282 tablet.cc:1529] T test_tablet_id P 81dae3cc875a4d08b49b5f2ba0e9bc58: Flush: entering phase 2 (starting to duplicate updates in new rowsets)
E0125 01:01:43.639276 4301 mvcc.cc:184] Tried to move safe_time back from 6771 to 6743. Current Snapshot: MvccSnapshot[committed={T|T < 6724 or (T in {6725,6726,6727,6729,6730,6732,6733,6734,6735,6736,6737,6738,6739,6740,6744,6746,6748,6728,6747,6749,6750,6745,6751,6752,6754,6755,6753,6756,6731,6759,6758,6761,6762,6760,6764,6766,6767,6768,6765,6769,6770,6771})}]
I0125 01:01:43.640019 4286 delta_tracker.cc:177] T test_tablet_id P 81dae3cc875a4d08b49b5f2ba0e9bc58: Preparing to minor compact delta file: 7810596730635071787 (ts range=[6358, 6604], delete_count=[8], reinsert_count=[0], update_counts_by_col_id=[])
I0125 01:01:43.640050 4286 delta_tracker.cc:177] T test_tablet_id P 81dae3cc875a4d08b49b5f2ba0e9bc58: Preparing to minor compact delta file: 7810596730635071788 (ts range=[6667, 6667], delete_count=[1], reinsert_count=[0], update_counts_by_col_id=[])
I0125 01:01:43.640079 4286 delta_tracker.cc:529] T test_tablet_id P 81dae3cc875a4d08b49b5f2ba0e9bc58: Compacting 2 delta files.
I0125 01:01:43.640571 4286 delta_tracker.cc:536] T test_tablet_id P 81dae3cc875a4d08b49b5f2ba0e9bc58: Succesfully compacted the specified delta files.
I0125 01:01:43.640607 4286 delta_tracker.cc:399] T test_tablet_id P 81dae3cc875a4d08b49b5f2ba0e9bc58: Flushing compaction of redo delta blocks { 7810596730635071787 7810596730635071788 } into block 7810596730635071795
E0125 01:01:43.646270 4300 mvcc.cc:184] Tried to move safe_time back from 6823 to 6822. Current Snapshot: MvccSnapshot[committed={T|T < 6742 or (T in {6744,6746,6748,6747,6749,6750,6745,6751,6752,6754,6755,6753,6756,6759,6758,6761,6762,6760,6764,6766,6767,6768,6765,6769,6770,6771,6743,6773,6774,6763,6776,6777,6778,6779,6780,6781,6782,6783,6784,6786,6785,6788,6789,6790,6791,6793,6792,6794,6795,6796,6797,6798,6799,6800,6801,6802,6803,6775,6806,6807,6808,6809,6810,6811,6812,6813,6814,6772,6816,6817,6819,6804,6787,6821})}]
I0125 01:01:43.650358 4282 tablet.cc:1584] T test_tablet_id P 81dae3cc875a4d08b49b5f2ba0e9bc58: Flush Phase 2: carrying over any updates which arrived during Phase 1
I0125 01:01:43.650384 4282 tablet.cc:1586] T test_tablet_id P 81dae3cc875a4d08b49b5f2ba0e9bc58: Phase 2 snapshot: MvccSnapshot[committed={T|T < 6724 or (T in {6725,6726,6727,6729,6730,6732,6733,6734,6735,6736,6737,6738,6739,6740,6744,6746,6748,6728,6747,6749,6750,6745,6751,6752,6754,6755,6753,6756,6731,6759,6758,6761,6762,6760,6765,6743,6764,6742,6757,6724,6763,6741})}]
I0125 01:01:43.651357 4282 tablet.cc:1634] T test_tablet_id P 81dae3cc875a4d08b49b5f2ba0e9bc58: Flush successful on 10 rows (4619 bytes)
E0125 01:01:43.652937 4302 mvcc.cc:184] Tried to move safe_time back from 6864 to 6860. Current Snapshot: MvccSnapshot[committed={T|T < 6818 or (T in {6819,6821,6822,6824,6825,6826,6827,6828,6829,6830,6831,6832,6833,6834,6835,6836,6837,6840,6838,6839,6841,6842,6843,6844,6845,6846,6847,6848,6850,6849,6851,6823,6853,6854,6852,6855,6820,6856,6857,6862,6863,6864})}]
I0125 01:01:43.658227 4282 tablet.cc:1153] T test_tablet_id P 81dae3cc875a4d08b49b5f2ba0e9bc58: Flush: entering stage 1 (old memrowset already frozen for inserts)
I0125 01:01:43.658247 4282 compaction.cc:914] Selected 1 rowsets to compact:
I0125 01:01:43.658252 4282 compaction.cc:917] memrowset(current size on disk: ~0 bytes)
I0125 01:01:43.658259 4282 tablet.cc:1155] T test_tablet_id P 81dae3cc875a4d08b49b5f2ba0e9bc58: Memstore in-memory size: 7735 bytes
I0125 01:01:43.658386 4282 tablet.cc:1444] T test_tablet_id P 81dae3cc875a4d08b49b5f2ba0e9bc58: Flush: entering phase 1 (flushing snapshot). Phase 1 snapshot: MvccSnapshot[committed={T|T < 6871 or (T in {6874,6872,6873,6875,6876,6877,6878,6879,6880,6881,6882,6883,6884,6885,6886,6887,6888,6890,6891,6892,6893,6894,6895,6896,6897,6898,6903,6904})}]
E0125 01:01:43.658455 4292 mvcc.cc:184] Tried to move safe_time back from 6904 to 6901. Current Snapshot: MvccSnapshot[committed={T|T < 6871 or (T in {6874,6872,6873,6875,6876,6877,6878,6879,6880,6881,6882,6883,6884,6885,6886,6887,6888,6890,6891,6892,6893,6894,6895,6896,6897,6898,6903,6904})}]
I0125 01:01:43.658751 4282 multi_column_writer.cc:98] Opened CFile writers for 3 column(s)
I0125 01:01:43.661419 4282 tablet.cc:1529] T test_tablet_id P 81dae3cc875a4d08b49b5f2ba0e9bc58: Flush: entering phase 2 (starting to duplicate updates in new rowsets)
E0125 01:01:43.663591 4305 mvcc.cc:184] Tried to move safe_time back from 6936 to 6925. Current Snapshot: MvccSnapshot[committed={T|T < 6900 or (T in {6903,6904,6901,6905,6907,6909,6910,6908,6911,6913,6915,6919,6916,6920,6922,6923,6918,6924,6921,6902,6914,6927,6928,6930,6931,6929,6932,6934,6935,6936})}]
E0125 01:01:43.670555 4300 mvcc.cc:184] Tried to move safe_time back from 6985 to 6983. Current Snapshot: MvccSnapshot[committed={T|T < 6900 or (T in {6903,6904,6901,6905,6907,6909,6910,6908,6911,6913,6915,6919,6916,6920,6922,6923,6918,6924,6921,6902,6914,6927,6928,6930,6931,6929,6932,6934,6935,6936,6925,6937,6939,6941,6940,6942,6912,6943,6944,6947,6945,6946,6948,6949,6950,6917,6953,6906,6954,6955,6956,6957,6958,6959,6960,6961,6962,6964,6963,6965,6966,6967,6968,6970,6969,6971,6972,6973,6974,6975,6951,6977,6978,6979,6980,6981,6982,6985})}]
E0125 01:01:43.675580 4291 mvcc.cc:184] Tried to move safe_time back from 7013 to 6984. Current Snapshot: MvccSnapshot[committed={T|T < 6900 or (T in {6903,6904,6901,6905,6907,6909,6910,6908,6911,6913,6915,6919,6916,6920,6922,6923,6918,6924,6921,6902,6914,6927,6928,6930,6931,6929,6932,6934,6935,6936,6925,6937,6939,6941,6940,6942,6912,6943,6944,6947,6945,6946,6948,6949,6950,6917,6953,6906,6954,6955,6956,6957,6958,6959,6960,6961,6962,6964,6963,6965,6966,6967,6968,6970,6969,6971,6972,6973,6974,6975,6951,6977,6978,6979,6980,6981,6982,6985,6983,6986,6987,6988,6989,6990,6992,6991,6994,6993,6995,6996,6997,6999,6998,7001,7000,7002,7003,6933,6938,7006,7007,7005,7009,7008,7010,7012,7011,7013})}]
I0125 01:01:43.678177 4282 tablet.cc:1584] T test_tablet_id P 81dae3cc875a4d08b49b5f2ba0e9bc58: Flush Phase 2: carrying over any updates which arrived during Phase 1
I0125 01:01:43.678212 4282 tablet.cc:1586] T test_tablet_id P 81dae3cc875a4d08b49b5f2ba0e9bc58: Phase 2 snapshot: MvccSnapshot[committed={T|T < 6900 or (T in {6903,6904,6901,6905,6907,6909,6910,6908,6911,6913,6915,6919,6916,6920,6922,6923,6918,6924,6921,6925,6914,6912,6917,6902,6900})}]
I0125 01:01:43.678575 4282 delta_tracker.cc:722] T test_tablet_id P 81dae3cc875a4d08b49b5f2ba0e9bc58: Flushing 11 deltas (763 bytes in memory) from DMS 1
I0125 01:01:43.679121 4282 delta_tracker.cc:663] T test_tablet_id P 81dae3cc875a4d08b49b5f2ba0e9bc58: Flushed delta block 7810596730635071802 (258 bytes on disk) stats: ts range=[6905, 7029], delete_count=[1], reinsert_count=[0], update_counts_by_col_id=[12:10]
I0125 01:01:43.680037 4282 tablet.cc:1634] T test_tablet_id P 81dae3cc875a4d08b49b5f2ba0e9bc58: Flush successful on 9 rows (4639 bytes)
E0125 01:01:43.681658 4288 mvcc.cc:184] Tried to move safe_time back from 7038 to 7034. Current Snapshot: MvccSnapshot[committed={T|T < 6952 or (T in {6953,6954,6955,6956,6957,6958,6959,6960,6961,6962,6964,6963,6965,6966,6967,6968,6970,6969,6971,6972,6973,6974,6975,6977,6978,6979,6980,6981,6982,6985,6983,6986,6987,6988,6989,6990,6992,6991,6994,6993,6995,6996,6997,6999,6998,7001,7000,7002,7003,7006,7007,7005,7009,7008,7010,7012,7011,7013,6984,7014,7017,7018,7019,7021,7020,7022,7023,7024,7025,7026,7027,7028,7015,7029,7032,7030,6976,7016,7004,7038,7033})}]
E0125 01:01:43.686312 4293 mvcc.cc:184] Tried to move safe_time back from 7064 to 7053. Current Snapshot: MvccSnapshot[committed={T|T < 6952 or (T in {6953,6954,6955,6956,6957,6958,6959,6960,6961,6962,6964,6963,6965,6966,6967,6968,6970,6969,6971,6972,6973,6974,6975,6977,6978,6979,6980,6981,6982,6985,6983,6986,6987,6988,6989,6990,6992,6991,6994,6993,6995,6996,6997,6999,6998,7001,7000,7002,7003,7006,7007,7005,7009,7008,7010,7012,7011,7013,6984,7014,7017,7018,7019,7021,7020,7022,7023,7024,7025,7026,7027,7028,7015,7029,7032,7030,6976,7016,7004,7038,7033,7034,7041,7036,7039,7042,7045,7044,7047,7048,7035,7049,7046,7050,7031,7052,7051,7054,7055,7056,7058,7057,7059,7060,7037,7061,7064})}]
E0125 01:01:43.691306 4290 mvcc.cc:184] Tried to move safe_time back from 7104 to 7098. Current Snapshot: MvccSnapshot[committed={T|T < 7040 or (T in {7041,7042,7045,7044,7047,7048,7049,7046,7050,7052,7051,7054,7055,7056,7058,7057,7059,7060,7061,7064,7053,7066,7065,7067,7068,7069,7071,7070,7072,7074,7073,7075,7076,7077,7078,7079,7080,7081,7082,7083,7084,7085,7062,7089,7091,7086,7092,7095,7096,7090,7097,7093,7099,7094,7101,7103,7104})}]
I0125 01:01:43.692818 4282 tablet.cc:1153] T test_tablet_id P 81dae3cc875a4d08b49b5f2ba0e9bc58: Flush: entering stage 1 (old memrowset already frozen for inserts)
I0125 01:01:43.692838 4282 compaction.cc:914] Selected 1 rowsets to compact:
I0125 01:01:43.692843 4282 compaction.cc:917] memrowset(current size on disk: ~0 bytes)
I0125 01:01:43.692852 4282 tablet.cc:1155] T test_tablet_id P 81dae3cc875a4d08b49b5f2ba0e9bc58: Memstore in-memory size: 7735 bytes
I0125 01:01:43.693145 4282 tablet.cc:1444] T test_tablet_id P 81dae3cc875a4d08b49b5f2ba0e9bc58: Flush: entering phase 1 (flushing snapshot). Phase 1 snapshot: MvccSnapshot[committed={T|T < 7063 or (T in {7064,7066,7065,7067,7068,7069,7071,7070,7072,7074,7073,7075,7076,7077,7078,7079,7080,7081,7082,7083,7084,7085,7089,7091,7086,7092,7095,7096,7090,7097,7093,7099,7094,7101,7103,7104,7098,7105,7100,7107,7109,7102,7110,7112,7106,7113,7108,7115,7117,7118,7111,7114,7088,7119})}]
I0125 01:01:43.693545 4282 multi_column_writer.cc:98] Opened CFile writers for 3 column(s)
E0125 01:01:43.694416 4293 mvcc.cc:184] Tried to move safe_time back from 7125 to 7124. Current Snapshot: MvccSnapshot[committed={T|T < 7063 or (T in {7064,7066,7065,7067,7068,7069,7071,7070,7072,7074,7073,7075,7076,7077,7078,7079,7080,7081,7082,7083,7084,7085,7089,7091,7086,7092,7095,7096,7090,7097,7093,7099,7094,7101,7103,7104,7098,7105,7100,7107,7109,7102,7110,7112,7106,7113,7108,7115,7117,7118,7111,7114,7088,7119,7087,7120,7123,7125})}]
I0125 01:01:43.696442 4282 tablet.cc:1529] T test_tablet_id P 81dae3cc875a4d08b49b5f2ba0e9bc58: Flush: entering phase 2 (starting to duplicate updates in new rowsets)
E0125 01:01:43.703033 4297 mvcc.cc:184] Tried to move safe_time back from 7169 to 7168. Current Snapshot: MvccSnapshot[committed={T|T < 7063 or (T in {7064,7066,7065,7067,7068,7069,7071,7070,7072,7074,7073,7075,7076,7077,7078,7079,7080,7081,7082,7083,7084,7085,7089,7091,7086,7092,7095,7096,7090,7097,7093,7099,7094,7101,7103,7104,7098,7105,7100,7107,7109,7102,7110,7112,7106,7113,7108,7115,7117,7118,7111,7114,7088,7119,7087,7120,7123,7125,7124,7127,7126,7128,7129,7130,7131,7132,7133,7134,7116,7135,7138,7137,7140,7141,7136,7142,7143,7145,7146,7121,7147,7148,7149,7150,7151,7152,7153,7154,7155,7156,7157,7159,7162,7122,7139,7165,7164,7163,7166})}]
I0125 01:01:43.706065 4282 tablet.cc:1584] T test_tablet_id P 81dae3cc875a4d08b49b5f2ba0e9bc58: Flush Phase 2: carrying over any updates which arrived during Phase 1
I0125 01:01:43.706104 4282 tablet.cc:1586] T test_tablet_id P 81dae3cc875a4d08b49b5f2ba0e9bc58: Phase 2 snapshot: MvccSnapshot[committed={T|T < 7063 or (T in {7064,7066,7065,7067,7068,7069,7071,7070,7072,7074,7073,7075,7076,7077,7078,7079,7080,7081,7082,7083,7084,7085,7089,7091,7086,7092,7095,7096,7090,7097,7093,7099,7094,7101,7103,7104,7098,7105,7100,7107,7109,7102,7110,7112,7106,7113,7108,7115,7117,7118,7111,7114,7088,7119,7087,7120,7123,7125,7124,7127,7126,7128,7129,7130,7131,7132,7133,7135,7134,7122,7121,7116,7063})}]
I0125 01:01:43.707121 4282 tablet.cc:1634] T test_tablet_id P 81dae3cc875a4d08b49b5f2ba0e9bc58: Flush successful on 8 rows (4588 bytes)
I0125 01:01:43.707226 4282 delta_tracker.cc:722] T test_tablet_id P 81dae3cc875a4d08b49b5f2ba0e9bc58: Flushing 1 deltas (763 bytes in memory) from DMS 2
I0125 01:01:43.707566 4282 delta_tracker.cc:663] T test_tablet_id P 81dae3cc875a4d08b49b5f2ba0e9bc58: Flushed delta block 7810596730635071809 (151 bytes on disk) stats: ts range=[7033, 7033], delete_count=[1], reinsert_count=[0], update_counts_by_col_id=[]
E0125 01:01:43.709326 4288 mvcc.cc:184] Tried to move safe_time back from 7190 to 7186. Current Snapshot: MvccSnapshot[committed={T|T < 7144 or (T in {7145,7146,7147,7148,7149,7150,7151,7152,7153,7154,7155,7156,7157,7159,7162,7165,7164,7163,7166,7167,7168,7158,7160,7170,7172,7171,7173,7174,7175,7176,7177,7178,7179,7180,7181,7169,7184,7190,7187,7161,7185})}]
E0125 01:01:43.711935 4296 mvcc.cc:184] Tried to move safe_time back from 7223 to 7203. Current Snapshot: MvccSnapshot[committed={T|T < 7182 or (T in {7184,7190,7187,7185,7183,7195,7197,7198,7192,7200,7201,7194,7193,7202,7196,7205,7206,7207,7208,7209,7199,7210,7211,7213,7214,7215,7204,7216,7219,7220,7212,7221,7223})}]
E0125 01:01:43.713826 4290 mvcc.cc:184] Tried to move safe_time back from 7243 to 7188. Current Snapshot: MvccSnapshot[committed={T|T < 7186 or (T in {7190,7187,7195,7197,7198,7192,7200,7201,7194,7193,7202,7196,7205,7206,7207,7208,7209,7199,7210,7211,7213,7214,7215,7204,7216,7219,7220,7212,7221,7223,7203,7218,7224,7217,7228,7230,7222,7231,7233,7191,7234,7235,7236,7229,7238,7232,7240,7242,7237,7243,7227})}]
I0125 01:01:43.714257 4281 test_graph.cc:97] metrics: { "scope": "MultiThreadedTabletTest/1", "time": 1.002}
E0125 01:01:43.717238 4304 mvcc.cc:184] Tried to move safe_time back from 7279 to 7225. Current Snapshot: MvccSnapshot[committed={T|T < 7186 or (T in {7190,7187,7195,7197,7198,7192,7200,7201,7194,7193,7202,7196,7205,7206,7207,7208,7209,7199,7210,7211,7213,7214,7215,7204,7216,7219,7220,7212,7221,7223,7203,7218,7224,7217,7228,7230,7222,7231,7233,7191,7234,7235,7236,7229,7238,7232,7240,7242,7237,7243,7227,7188,7246,7247,7241,7248,7249,7251,7252,7253,7254,7255,7226,7256,7257,7259,7260,7261,7262,7250,7265,7266,7267,7258,7244,7264,7268,7269,7270,7273,7271,7275,7277,7278,7274,7279,7263})}]
E0125 01:01:43.719514 4302 mvcc.cc:184] Tried to move safe_time back from 7304 to 7297. Current Snapshot: MvccSnapshot[committed={T|T < 7189 or (T in {7190,7195,7197,7198,7192,7200,7201,7194,7193,7202,7196,7205,7206,7207,7208,7209,7199,7210,7211,7213,7214,7215,7204,7216,7219,7220,7212,7221,7223,7203,7218,7224,7217,7228,7230,7222,7231,7233,7191,7234,7235,7236,7229,7238,7232,7240,7242,7237,7243,7227,7246,7247,7241,7248,7249,7251,7252,7253,7254,7255,7226,7256,7257,7259,7260,7261,7262,7250,7265,7266,7267,7258,7244,7264,7268,7269,7270,7273,7271,7275,7277,7278,7274,7279,7263,7225,7272,7283,7276,7287,7288,7282,7281,7285,7290,7293,7294,7295,7291,7296,7292,7298,7289,7300,7280,7302,7304})}]
I0125 01:01:43.720240 4282 tablet.cc:1153] T test_tablet_id P 81dae3cc875a4d08b49b5f2ba0e9bc58: Flush: entering stage 1 (old memrowset already frozen for inserts)
I0125 01:01:43.720257 4282 compaction.cc:914] Selected 1 rowsets to compact:
I0125 01:01:43.720263 4282 compaction.cc:917] memrowset(current size on disk: ~0 bytes)
I0125 01:01:43.720268 4282 tablet.cc:1155] T test_tablet_id P 81dae3cc875a4d08b49b5f2ba0e9bc58: Memstore in-memory size: 7735 bytes
I0125 01:01:43.720398 4282 tablet.cc:1444] T test_tablet_id P 81dae3cc875a4d08b49b5f2ba0e9bc58: Flush: entering phase 1 (flushing snapshot). Phase 1 snapshot: MvccSnapshot[committed={T|T < 7239 or (T in {7240,7242,7243,7246,7247,7241,7248,7249,7251,7252,7253,7254,7255,7256,7257,7259,7260,7261,7262,7250,7265,7266,7267,7258,7244,7264,7268,7269,7270,7273,7271,7275,7277,7278,7274,7279,7263,7272,7283,7276,7287,7288,7282,7281,7285,7290,7293,7294,7295,7291,7296,7292,7298,7289,7300,7280,7302,7304,7297,7305,7299,7306,7286,7309,7310,7301,7311,7312,7313})}]
I0125 01:01:43.720777 4282 multi_column_writer.cc:98] Opened CFile writers for 3 column(s)
I0125 01:01:43.722841 4282 tablet.cc:1529] T test_tablet_id P 81dae3cc875a4d08b49b5f2ba0e9bc58: Flush: entering phase 2 (starting to duplicate updates in new rowsets)
I0125 01:01:43.725365 4285 delta_tracker.cc:722] T test_tablet_id P 81dae3cc875a4d08b49b5f2ba0e9bc58: Flushing 7 deltas (763 bytes in memory) from DMS 1
I0125 01:01:43.725913 4285 delta_tracker.cc:663] T test_tablet_id P 81dae3cc875a4d08b49b5f2ba0e9bc58: Flushed delta block 7810596730635071816 (222 bytes on disk) stats: ts range=[7137, 7185], delete_count=[2], reinsert_count=[0], update_counts_by_col_id=[12:5]
E0125 01:01:43.727572 4298 mvcc.cc:184] Tried to move safe_time back from 7332 to 7326. Current Snapshot: MvccSnapshot[committed={T|T < 7239 or (T in {7240,7242,7243,7246,7247,7241,7248,7249,7251,7252,7253,7254,7255,7256,7257,7259,7260,7261,7262,7250,7265,7266,7267,7258,7244,7264,7268,7269,7270,7273,7271,7275,7277,7278,7274,7279,7263,7272,7283,7276,7287,7288,7282,7281,7285,7290,7293,7294,7295,7291,7296,7292,7298,7289,7300,7280,7302,7304,7297,7305,7299,7306,7286,7309,7310,7301,7311,7312,7313,7308,7245,7307,7314,7284,7315,7317,7316,7319,7320,7321,7322,7323,7324,7325,7303,7329,7330,7331,7332})}]
I0125 01:01:43.729355 4283 tablet.cc:1664] T test_tablet_id P 81dae3cc875a4d08b49b5f2ba0e9bc58: Compaction: stage 1 complete, picked 7 rowsets to compact or flush
I0125 01:01:43.729372 4283 compaction.cc:914] Selected 7 rowsets to compact:
I0125 01:01:43.729382 4283 compaction.cc:917] RowSet(22)(current size on disk: ~6265 bytes)
I0125 01:01:43.729389 4283 compaction.cc:917] RowSet(25)(current size on disk: ~6114 bytes)
I0125 01:01:43.729395 4283 compaction.cc:917] RowSet(26)(current size on disk: ~8011 bytes)
I0125 01:01:43.729401 4283 compaction.cc:917] RowSet(24)(current size on disk: ~46866 bytes)
I0125 01:01:43.729408 4283 compaction.cc:917] RowSet(27)(current size on disk: ~5948 bytes)
I0125 01:01:43.729413 4283 compaction.cc:917] RowSet(28)(current size on disk: ~6368 bytes)
I0125 01:01:43.729420 4283 compaction.cc:917] RowSet(29)(current size on disk: ~6212 bytes)
I0125 01:01:43.729454 4283 tablet.cc:1444] T test_tablet_id P 81dae3cc875a4d08b49b5f2ba0e9bc58: Compaction: entering phase 1 (flushing snapshot). Phase 1 snapshot: MvccSnapshot[committed={T|T < 7239 or (T in {7240,7242,7243,7246,7247,7241,7248,7249,7251,7252,7253,7254,7255,7256,7257,7259,7260,7261,7262,7250,7265,7266,7267,7258,7244,7264,7268,7269,7270,7273,7271,7275,7277,7278,7274,7279,7263,7272,7283,7276,7287,7288,7282,7281,7285,7290,7293,7294,7295,7291,7296,7292,7298,7289,7300,7280,7302,7304,7297,7305,7299,7306,7286,7309,7310,7301,7311,7312,7313,7308,7245,7307,7314,7284,7315,7317,7316,7319,7320,7321,7322,7323,7324,7325,7303,7329,7330,7331,7332,7326,7334,7335,7336,7333,7337,7339})}]
I0125 01:01:43.730180 4282 tablet.cc:1584] T test_tablet_id P 81dae3cc875a4d08b49b5f2ba0e9bc58: Flush Phase 2: carrying over any updates which arrived during Phase 1
I0125 01:01:43.730222 4282 tablet.cc:1586] T test_tablet_id P 81dae3cc875a4d08b49b5f2ba0e9bc58: Phase 2 snapshot: MvccSnapshot[committed={T|T < 7239 or (T in {7240,7242,7243,7246,7247,7241,7248,7249,7251,7252,7253,7254,7255,7256,7257,7259,7260,7261,7262,7250,7265,7266,7267,7258,7244,7264,7268,7269,7270,7273,7271,7275,7277,7278,7274,7279,7263,7272,7283,7276,7287,7288,7282,7281,7285,7290,7293,7294,7295,7291,7296,7292,7298,7289,7300,7280,7302,7304,7297,7305,7299,7306,7286,7309,7310,7301,7311,7312,7313,7308,7245,7307,7314,7284,7303,7239})}]
I0125 01:01:43.730623 4282 delta_tracker.cc:722] T test_tablet_id P 81dae3cc875a4d08b49b5f2ba0e9bc58: Flushing 14 deltas (763 bytes in memory) from DMS 1
I0125 01:01:43.731101 4282 delta_tracker.cc:663] T test_tablet_id P 81dae3cc875a4d08b49b5f2ba0e9bc58: Flushed delta block 7810596730635071817 (290 bytes on disk) stats: ts range=[7245, 7342], delete_count=[2], reinsert_count=[0], update_counts_by_col_id=[12:12]
I0125 01:01:43.731667 4283 multi_column_writer.cc:98] Opened CFile writers for 3 column(s)
I0125 01:01:43.732034 4282 tablet.cc:1634] T test_tablet_id P 81dae3cc875a4d08b49b5f2ba0e9bc58: Flush successful on 9 rows (4639 bytes)
I0125 01:01:43.732141 4282 delta_tracker.cc:722] T test_tablet_id P 81dae3cc875a4d08b49b5f2ba0e9bc58: Flushing 1 deltas (763 bytes in memory) from DMS 2
I0125 01:01:43.732488 4282 delta_tracker.cc:663] T test_tablet_id P 81dae3cc875a4d08b49b5f2ba0e9bc58: Flushed delta block 7810596730635071824 (163 bytes on disk) stats: ts range=[7343, 7343], delete_count=[0], reinsert_count=[0], update_counts_by_col_id=[12:1]
E0125 01:01:43.737785 4297 mvcc.cc:184] Tried to move safe_time back from 7357 to 7338. Current Snapshot: MvccSnapshot[committed={T|T < 7327 or (T in {7329,7330,7331,7332,7334,7335,7336,7333,7337,7339,7340,7342,7341,7345,7343,7328,7347,7350,7348,7349,7351,7352,7353,7354,7355,7356,7357})}]
I0125 01:01:43.741840 4286 delta_tracker.cc:177] T test_tablet_id P 81dae3cc875a4d08b49b5f2ba0e9bc58: Preparing to minor compact delta file: 7810596730635071815 (ts range=[7161, 7235], delete_count=[5], reinsert_count=[0], update_counts_by_col_id=[])
I0125 01:01:43.741886 4286 delta_tracker.cc:177] T test_tablet_id P 81dae3cc875a4d08b49b5f2ba0e9bc58: Preparing to minor compact delta file: 7810596730635071817 (ts range=[7245, 7342], delete_count=[2], reinsert_count=[0], update_counts_by_col_id=[12:12])
I0125 01:01:43.741906 4286 delta_tracker.cc:177] T test_tablet_id P 81dae3cc875a4d08b49b5f2ba0e9bc58: Preparing to minor compact delta file: 7810596730635071824 (ts range=[7343, 7343], delete_count=[0], reinsert_count=[0], update_counts_by_col_id=[12:1])
I0125 01:01:43.741936 4286 delta_tracker.cc:529] T test_tablet_id P 81dae3cc875a4d08b49b5f2ba0e9bc58: Compacting 3 delta files.
I0125 01:01:43.742581 4286 delta_tracker.cc:536] T test_tablet_id P 81dae3cc875a4d08b49b5f2ba0e9bc58: Succesfully compacted the specified delta files.
I0125 01:01:43.742617 4286 delta_tracker.cc:399] T test_tablet_id P 81dae3cc875a4d08b49b5f2ba0e9bc58: Flushing compaction of redo delta blocks { 7810596730635071815 7810596730635071817 7810596730635071824 } into block 7810596730635071825
E0125 01:01:43.747295 4293 mvcc.cc:184] Tried to move safe_time back from 7400 to 7375. Current Snapshot: MvccSnapshot[committed={T|T < 7346 or (T in {7347,7350,7348,7349,7351,7352,7353,7354,7355,7356,7357,7360,7359,7361,7362,7364,7363,7365,7366,7367,7369,7368,7370,7371,7372,7373,7376,7379,7377,7378,7380,7381,7382,7383,7384,7385,7386,7387,7388,7393,7394,7395,7396,7390,7398,7392,7397,7400})}]
I0125 01:01:43.754542 4282 tablet.cc:1153] T test_tablet_id P 81dae3cc875a4d08b49b5f2ba0e9bc58: Flush: entering stage 1 (old memrowset already frozen for inserts)
I0125 01:01:43.754565 4282 compaction.cc:914] Selected 1 rowsets to compact:
I0125 01:01:43.754570 4282 compaction.cc:917] memrowset(current size on disk: ~0 bytes)
I0125 01:01:43.754578 4282 tablet.cc:1155] T test_tablet_id P 81dae3cc875a4d08b49b5f2ba0e9bc58: Memstore in-memory size: 3751 bytes
I0125 01:01:43.754602 4282 tablet.cc:1444] T test_tablet_id P 81dae3cc875a4d08b49b5f2ba0e9bc58: Flush: entering phase 1 (flushing snapshot). Phase 1 snapshot: MvccSnapshot[committed={T|T < 7358 or (T in {7360,7359,7361,7362,7364,7363,7365,7366,7367,7369,7368,7370,7371,7372,7373,7376,7379,7377,7378,7380,7381,7382,7383,7384,7385,7386,7387,7388,7393,7394,7395,7396,7390,7398,7392,7397,7400,7375,7401,7374,7402,7403,7404,7405,7406,7407,7391,7408,7409,7411,7410,7412,7413,7414,7415,7416,7417,7418,7419,7420,7421,7422,7423,7426,7425})}]
I0125 01:01:43.755026 4282 multi_column_writer.cc:98] Opened CFile writers for 3 column(s)
I0125 01:01:43.757311 4282 tablet.cc:1529] T test_tablet_id P 81dae3cc875a4d08b49b5f2ba0e9bc58: Flush: entering phase 2 (starting to duplicate updates in new rowsets)
I0125 01:01:43.758167 4287 diskrowset.cc:560] T test_tablet_id P 81dae3cc875a4d08b49b5f2ba0e9bc58: RowSet(30): Major compacting REDO delta stores (cols: 12)
I0125 01:01:43.758246 4287 delta_compaction.cc:294] Starting major delta compaction for columns val[int32 NOT NULL]
I0125 01:01:43.758293 4287 delta_compaction.cc:298] Preparing to major compact delta file: 7810596730635071825 (ts range=[7161, 7343], delete_count=[7], reinsert_count=[0], update_counts_by_col_id=[12:13])
I0125 01:01:43.758410 4287 multi_column_writer.cc:98] Opened CFile writers for 1 column(s)
I0125 01:01:43.759778 4287 delta_compaction.cc:304] Finished major delta compaction of columns val[int32 NOT NULL]
E0125 01:01:43.761569 4306 mvcc.cc:184] Tried to move safe_time back from 7451 to 7450. Current Snapshot: MvccSnapshot[committed={T|T < 7389 or (T in {7393,7394,7395,7396,7390,7398,7392,7397,7400,7401,7402,7403,7404,7405,7406,7407,7391,7408,7409,7411,7410,7412,7413,7414,7415,7416,7417,7418,7419,7420,7421,7422,7423,7426,7425,7429,7430,7433,7432,7434,7435,7436,7437,7438,7439,7440,7442,7444,7443,7445,7446,7399,7448,7449,7451})}]
E0125 01:01:43.773353 4298 mvcc.cc:184] Tried to move safe_time back from 7501 to 7500. Current Snapshot: MvccSnapshot[committed={T|T < 7424 or (T in {7426,7425,7429,7430,7433,7432,7434,7435,7436,7437,7438,7439,7440,7442,7444,7443,7445,7446,7448,7449,7451,7450,7452,7441,7428,7453,7431,7456,7457,7458,7459,7460,7461,7463,7465,7464,7466,7427,7468,7455,7469,7470,7471,7472,7473,7474,7475,7476,7477,7478,7479,7480,7481,7483,7462,7484,7486,7487,7488,7489,7490,7491,7492,7493,7494,7495,7497,7496,7498})}]
I0125 01:01:43.773792 4282 tablet.cc:1584] T test_tablet_id P 81dae3cc875a4d08b49b5f2ba0e9bc58: Flush Phase 2: carrying over any updates which arrived during Phase 1
I0125 01:01:43.773823 4282 tablet.cc:1586] T test_tablet_id P 81dae3cc875a4d08b49b5f2ba0e9bc58: Phase 2 snapshot: MvccSnapshot[committed={T|T < 7389 or (T in {7393,7394,7395,7396,7390,7398,7392,7397,7400,7401,7402,7403,7404,7405,7406,7407,7391,7408,7409,7411,7410,7412,7413,7414,7415,7416,7417,7418,7419,7420,7421,7422,7423,7426,7425,7429,7430,7433,7432,7434,7435,7436,7437,7439,7428,7438,7427,7399,7389,7424})}]
I0125 01:01:43.774135 4282 delta_tracker.cc:722] T test_tablet_id P 81dae3cc875a4d08b49b5f2ba0e9bc58: Flushing 2 deltas (763 bytes in memory) from DMS 1
I0125 01:01:43.774709 4282 delta_tracker.cc:663] T test_tablet_id P 81dae3cc875a4d08b49b5f2ba0e9bc58: Flushed delta block 7810596730635071835 (174 bytes on disk) stats: ts range=[7399, 7450], delete_count=[0], reinsert_count=[0], update_counts_by_col_id=[12:2]
I0125 01:01:43.775862 4282 tablet.cc:1634] T test_tablet_id P 81dae3cc875a4d08b49b5f2ba0e9bc58: Flush successful on 8 rows (4588 bytes)
I0125 01:01:43.775971 4282 delta_tracker.cc:722] T test_tablet_id P 81dae3cc875a4d08b49b5f2ba0e9bc58: Flushing 7 deltas (763 bytes in memory) from DMS 3
I0125 01:01:43.776409 4282 delta_tracker.cc:663] T test_tablet_id P 81dae3cc875a4d08b49b5f2ba0e9bc58: Flushed delta block 7810596730635071836 (222 bytes on disk) stats: ts range=[7348, 7459], delete_count=[2], reinsert_count=[0], update_counts_by_col_id=[12:5]
E0125 01:01:43.782200 4304 mvcc.cc:184] Tried to move safe_time back from 7519 to 7516. Current Snapshot: MvccSnapshot[committed={T|T < 7512 or (T in {7513,7514,7515,7519})}]
I0125 01:01:43.786031 4282 tablet.cc:1153] T test_tablet_id P 81dae3cc875a4d08b49b5f2ba0e9bc58: Flush: entering stage 1 (old memrowset already frozen for inserts)
I0125 01:01:43.786053 4282 compaction.cc:914] Selected 1 rowsets to compact:
I0125 01:01:43.786058 4282 compaction.cc:917] memrowset(current size on disk: ~0 bytes)
I0125 01:01:43.786072 4282 tablet.cc:1155] T test_tablet_id P 81dae3cc875a4d08b49b5f2ba0e9bc58: Memstore in-memory size: 7735 bytes
I0125 01:01:43.786195 4282 tablet.cc:1444] T test_tablet_id P 81dae3cc875a4d08b49b5f2ba0e9bc58: Flush: entering phase 1 (flushing snapshot). Phase 1 snapshot: MvccSnapshot[committed={T|T < 7521 or (T in {7524,7525,7526,7527,7528,7529,7530,7531,7535,7536,7532})}]
I0125 01:01:43.786564 4282 multi_column_writer.cc:98] Opened CFile writers for 3 column(s)
I0125 01:01:43.787441 4283 tablet.cc:1529] T test_tablet_id P 81dae3cc875a4d08b49b5f2ba0e9bc58: Compaction: entering phase 2 (starting to duplicate updates in new rowsets)
I0125 01:01:43.788770 4282 tablet.cc:1529] T test_tablet_id P 81dae3cc875a4d08b49b5f2ba0e9bc58: Flush: entering phase 2 (starting to duplicate updates in new rowsets)
E0125 01:01:43.790467 4296 mvcc.cc:184] Tried to move safe_time back from 7542 to 7523. Current Snapshot: MvccSnapshot[committed={T|T < 7522 or (T in {7524,7525,7526,7527,7528,7529,7530,7531,7535,7536,7532,7538,7537,7534,7533,7541,7542,7540})}]
I0125 01:01:43.793839 4283 tablet.cc:1584] T test_tablet_id P 81dae3cc875a4d08b49b5f2ba0e9bc58: Compaction Phase 2: carrying over any updates which arrived during Phase 1
I0125 01:01:43.793916 4283 tablet.cc:1586] T test_tablet_id P 81dae3cc875a4d08b49b5f2ba0e9bc58: Phase 2 snapshot: MvccSnapshot[committed={T|T < 7521 or (T in {7524,7525,7526,7527,7528,7529,7530,7531,7535,7536,7532,7538,7537,7534,7533,7522,7521,7523})}]
I0125 01:01:43.794503 4282 tablet.cc:1584] T test_tablet_id P 81dae3cc875a4d08b49b5f2ba0e9bc58: Flush Phase 2: carrying over any updates which arrived during Phase 1
I0125 01:01:43.794536 4282 tablet.cc:1586] T test_tablet_id P 81dae3cc875a4d08b49b5f2ba0e9bc58: Phase 2 snapshot: MvccSnapshot[committed={T|T < 7522 or (T in {7524,7525,7526,7527,7528,7529,7530,7531,7535,7536,7532,7538,7537,7534,7533,7522,7523})}]
I0125 01:01:43.794811 4282 delta_tracker.cc:722] T test_tablet_id P 81dae3cc875a4d08b49b5f2ba0e9bc58: Flushing 4 deltas (763 bytes in memory) from DMS 1
I0125 01:01:43.795187 4282 delta_tracker.cc:663] T test_tablet_id P 81dae3cc875a4d08b49b5f2ba0e9bc58: Flushed delta block 7810596730635071843 (190 bytes on disk) stats: ts range=[7521, 7540], delete_count=[1], reinsert_count=[0], update_counts_by_col_id=[12:3]
I0125 01:01:43.796173 4282 tablet.cc:1634] T test_tablet_id P 81dae3cc875a4d08b49b5f2ba0e9bc58: Flush successful on 9 rows (4641 bytes)
I0125 01:01:43.796279 4282 delta_tracker.cc:722] T test_tablet_id P 81dae3cc875a4d08b49b5f2ba0e9bc58: Flushing 2 deltas (763 bytes in memory) from DMS 2
I0125 01:01:43.796643 4282 delta_tracker.cc:663] T test_tablet_id P 81dae3cc875a4d08b49b5f2ba0e9bc58: Flushed delta block 7810596730635071844 (168 bytes on disk) stats: ts range=[7454, 7523], delete_count=[1], reinsert_count=[0], update_counts_by_col_id=[12:1]
E0125 01:01:43.806123 4307 mvcc.cc:184] Tried to move safe_time back from 7584 to 7570. Current Snapshot: MvccSnapshot[committed={T|T < 7561 or (T in {7562,7565,7568,7573,7574,7567,7564,7572,7576,7578,7577,7579,7580,7581,7582,7583,7584})}]
E0125 01:01:43.816287 4294 mvcc.cc:184] Tried to move safe_time back from 7621 to 7620. Current Snapshot: MvccSnapshot[committed={T|T < 7566 or (T in {7568,7573,7574,7567,7572,7576,7578,7577,7579,7580,7581,7582,7583,7584,7570,7575,7586,7587,7588,7589,7590,7592,7591,7593,7594,7595,7596,7597,7598,7599,7602,7603,7604,7605,7606,7607,7608,7610,7611,7609,7612,7571,7614,7613,7619,7618,7617,7621})}]
I0125 01:01:43.824045 4283 tablet.cc:1634] T test_tablet_id P 81dae3cc875a4d08b49b5f2ba0e9bc58: Compaction successful on 10 rows (4612 bytes)
E0125 01:01:43.826725 4292 mvcc.cc:184] Tried to move safe_time back from 7659 to 7658. Current Snapshot: MvccSnapshot[committed={T|T < 7566 or (T in {7568,7573,7574,7567,7572,7576,7578,7577,7579,7580,7581,7582,7583,7584,7570,7575,7586,7587,7588,7589,7590,7592,7591,7593,7594,7595,7596,7597,7598,7599,7602,7603,7604,7605,7606,7607,7608,7610,7611,7609,7612,7571,7614,7613,7619,7618,7617,7621,7620,7622,7623,7624,7625,7601,7627,7616,7628,7629,7630,7631,7632,7633,7634,7635,7637,7639,7638,7640,7642,7643,7641,7644,7645,7646,7636,7648,7626,7650,7569,7652,7651,7654,7653,7655,7656,7657,7659})}]
I0125 01:01:43.827046 4285 delta_tracker.cc:722] T test_tablet_id P 81dae3cc875a4d08b49b5f2ba0e9bc58: Flushing 4 deltas (763 bytes in memory) from DMS 2
I0125 01:01:43.827621 4285 delta_tracker.cc:663] T test_tablet_id P 81dae3cc875a4d08b49b5f2ba0e9bc58: Flushed delta block 7810596730635071845 (178 bytes on disk) stats: ts range=[7561, 7603], delete_count=[3], reinsert_count=[0], update_counts_by_col_id=[12:1]
I0125 01:01:43.830468 4282 tablet.cc:1153] T test_tablet_id P 81dae3cc875a4d08b49b5f2ba0e9bc58: Flush: entering stage 1 (old memrowset already frozen for inserts)
I0125 01:01:43.830482 4282 compaction.cc:914] Selected 1 rowsets to compact:
I0125 01:01:43.830487 4282 compaction.cc:917] memrowset(current size on disk: ~0 bytes)
I0125 01:01:43.830495 4282 tablet.cc:1155] T test_tablet_id P 81dae3cc875a4d08b49b5f2ba0e9bc58: Memstore in-memory size: 1759 bytes
I0125 01:01:43.830523 4282 tablet.cc:1444] T test_tablet_id P 81dae3cc875a4d08b49b5f2ba0e9bc58: Flush: entering phase 1 (flushing snapshot). Phase 1 snapshot: MvccSnapshot[committed={T|T < 7585 or (T in {7586,7587,7588,7589,7590,7592,7591,7593,7594,7595,7596,7597,7598,7599,7602,7603,7604,7605,7606,7607,7608,7610,7611,7609,7612,7614,7613,7619,7618,7617,7621,7620,7622,7623,7624,7625,7601,7627,7616,7628,7629,7630,7631,7632,7633,7634,7635,7637,7639,7638,7640,7642,7643,7641,7644,7645,7646,7636,7648,7626,7650,7652,7651,7654,7653,7655,7656,7657,7659,7658,7600,7660,7647,7662,7663,7664,7665,7666,7667,7668,7671,7661,7669,7672,7670,7673,7675,7676,7678,7682,7681,7679})}]
I0125 01:01:43.830925 4282 multi_column_writer.cc:98] Opened CFile writers for 3 column(s)
E0125 01:01:43.833087 4292 mvcc.cc:184] Tried to move safe_time back from 7696 to 7695. Current Snapshot: MvccSnapshot[committed={T|T < 7585 or (T in {7586,7587,7588,7589,7590,7592,7591,7593,7594,7595,7596,7597,7598,7599,7602,7603,7604,7605,7606,7607,7608,7610,7611,7609,7612,7614,7613,7619,7618,7617,7621,7620,7622,7623,7624,7625,7601,7627,7616,7628,7629,7630,7631,7632,7633,7634,7635,7637,7639,7638,7640,7642,7643,7641,7644,7645,7646,7636,7648,7626,7650,7652,7651,7654,7653,7655,7656,7657,7659,7658,7600,7660,7647,7662,7663,7664,7665,7666,7667,7668,7671,7661,7669,7672,7670,7673,7675,7676,7678,7682,7681,7679,7684,7685,7686,7687,7688,7689,7690,7692,7680,7693,7694,7696})}]
I0125 01:01:43.833185 4282 tablet.cc:1529] T test_tablet_id P 81dae3cc875a4d08b49b5f2ba0e9bc58: Flush: entering phase 2 (starting to duplicate updates in new rowsets)
E0125 01:01:43.838361 4289 mvcc.cc:184] Tried to move safe_time back from 7734 to 7733. Current Snapshot: MvccSnapshot[committed={T|T < 7585 or (T in {7586,7587,7588,7589,7590,7592,7591,7593,7594,7595,7596,7597,7598,7599,7602,7603,7604,7605,7606,7607,7608,7610,7611,7609,7612,7614,7613,7619,7618,7617,7621,7620,7622,7623,7624,7625,7601,7627,7616,7628,7629,7630,7631,7632,7633,7634,7635,7637,7639,7638,7640,7642,7643,7641,7644,7645,7646,7636,7648,7626,7650,7652,7651,7654,7653,7655,7656,7657,7659,7658,7600,7660,7647,7662,7663,7664,7665,7666,7667,7668,7671,7661,7669,7672,7670,7673,7675,7676,7678,7682,7681,7679,7684,7685,7686,7687,7688,7689,7690,7692,7680,7693,7694,7696,7695,7697,7698,7683,7699,7702,7700,7701,7703,7704,7705,7706,7708,7707,7709,7710,7711,7712,7713,7715,7714,7717,7718,7716,7719,7720,7721,7723,7691,7724,7725,7726,7728,7727,7729,7731,7730,7732,7734})}]
E0125 01:01:43.842969 4288 mvcc.cc:184] Tried to move safe_time back from 7770 to 7769. Current Snapshot: MvccSnapshot[committed={T|T < 7585 or (T in {7586,7587,7588,7589,7590,7592,7591,7593,7594,7595,7596,7597,7598,7599,7602,7603,7604,7605,7606,7607,7608,7610,7611,7609,7612,7614,7613,7619,7618,7617,7621,7620,7622,7623,7624,7625,7601,7627,7616,7628,7629,7630,7631,7632,7633,7634,7635,7637,7639,7638,7640,7642,7643,7641,7644,7645,7646,7636,7648,7626,7650,7652,7651,7654,7653,7655,7656,7657,7659,7658,7600,7660,7647,7662,7663,7664,7665,7666,7667,7668,7671,7661,7669,7672,7670,7673,7675,7676,7678,7682,7681,7679,7684,7685,7686,7687,7688,7689,7690,7692,7680,7693,7694,7696,7695,7697,7698,7683,7699,7702,7700,7701,7703,7704,7705,7706,7708,7707,7709,7710,7711,7712,7713,7715,7714,7717,7718,7716,7719,7720,7721,7723,7691,7724,7725,7726,7728,7727,7729,7731,7730,7732,7734,7733,7735,7737,7736,7738,7739,7740,7741,7742,7744,7743,7747,7745,7748,7749,7674,7750,7751,7752,7753,7722,7756,7755,7757,7759,7758,7760,7761,7762,7764,7763,7765,7766,7768,7767,7770})}]
I0125 01:01:43.844036 4286 delta_tracker.cc:177] T test_tablet_id P 81dae3cc875a4d08b49b5f2ba0e9bc58: Preparing to minor compact delta file: 7810596730635071831 (ts range=[7244, 7379], delete_count=[7], reinsert_count=[0], update_counts_by_col_id=[])
I0125 01:01:43.844080 4286 delta_tracker.cc:177] T test_tablet_id P 81dae3cc875a4d08b49b5f2ba0e9bc58: Preparing to minor compact delta file: 7810596730635071835 (ts range=[7399, 7450], delete_count=[0], reinsert_count=[0], update_counts_by_col_id=[12:2])
I0125 01:01:43.844099 4286 delta_tracker.cc:177] T test_tablet_id P 81dae3cc875a4d08b49b5f2ba0e9bc58: Preparing to minor compact delta file: 7810596730635071844 (ts range=[7454, 7523], delete_count=[1], reinsert_count=[0], update_counts_by_col_id=[12:1])
I0125 01:01:43.844126 4286 delta_tracker.cc:529] T test_tablet_id P 81dae3cc875a4d08b49b5f2ba0e9bc58: Compacting 3 delta files.
I0125 01:01:43.844785 4286 delta_tracker.cc:536] T test_tablet_id P 81dae3cc875a4d08b49b5f2ba0e9bc58: Succesfully compacted the specified delta files.
I0125 01:01:43.844839 4286 delta_tracker.cc:399] T test_tablet_id P 81dae3cc875a4d08b49b5f2ba0e9bc58: Flushing compaction of redo delta blocks { 7810596730635071831 7810596730635071835 7810596730635071844 } into block 7810596730635071852
E0125 01:01:43.847705 4302 mvcc.cc:184] Tried to move safe_time back from 7797 to 7795. Current Snapshot: MvccSnapshot[committed={T|T < 7585 or (T in {7586,7587,7588,7589,7590,7592,7591,7593,7594,7595,7596,7597,7598,7599,7602,7603,7604,7605,7606,7607,7608,7610,7611,7609,7612,7614,7613,7619,7618,7617,7621,7620,7622,7623,7624,7625,7601,7627,7616,7628,7629,7630,7631,7632,7633,7634,7635,7637,7639,7638,7640,7642,7643,7641,7644,7645,7646,7636,7648,7626,7650,7652,7651,7654,7653,7655,7656,7657,7659,7658,7600,7660,7647,7662,7663,7664,7665,7666,7667,7668,7671,7661,7669,7672,7670,7673,7675,7676,7678,7682,7681,7679,7684,7685,7686,7687,7688,7689,7690,7692,7680,7693,7694,7696,7695,7697,7698,7683,7699,7702,7700,7701,7703,7704,7705,7706,7708,7707,7709,7710,7711,7712,7713,7715,7714,7717,7718,7716,7719,7720,7721,7723,7691,7724,7725,7726,7728,7727,7729,7731,7730,7732,7734,7733,7735,7737,7736,7738,7739,7740,7741,7742,7744,7743,7747,7745,7748,7749,7674,7750,7751,7752,7753,7722,7756,7755,7757,7759,7758,7760,7761,7762,7764,7763,7765,7766,7768,7767,7770,7769,7771,7774,7772,7776,7775,7777,7779,7778,7780,7781,7782,7615,7783,7785,7754,7788,7649,7790,7677,7792,7786,7794,7793,7797})}]
E0125 01:01:43.852044 4304 mvcc.cc:184] Tried to move safe_time back from 7822 to 7784. Current Snapshot: MvccSnapshot[committed={T|T < 7585 or (T in {7586,7587,7588,7589,7590,7592,7591,7593,7594,7595,7596,7597,7598,7599,7602,7603,7604,7605,7606,7607,7608,7610,7611,7609,7612,7614,7613,7619,7618,7617,7621,7620,7622,7623,7624,7625,7601,7627,7616,7628,7629,7630,7631,7632,7633,7634,7635,7637,7639,7638,7640,7642,7643,7641,7644,7645,7646,7636,7648,7626,7650,7652,7651,7654,7653,7655,7656,7657,7659,7658,7600,7660,7647,7662,7663,7664,7665,7666,7667,7668,7671,7661,7669,7672,7670,7673,7675,7676,7678,7682,7681,7679,7684,7685,7686,7687,7688,7689,7690,7692,7680,7693,7694,7696,7695,7697,7698,7683,7699,7702,7700,7701,7703,7704,7705,7706,7708,7707,7709,7710,7711,7712,7713,7715,7714,7717,7718,7716,7719,7720,7721,7723,7691,7724,7725,7726,7728,7727,7729,7731,7730,7732,7734,7733,7735,7737,7736,7738,7739,7740,7741,7742,7744,7743,7747,7745,7748,7749,7674,7750,7751,7752,7753,7722,7756,7755,7757,7759,7758,7760,7761,7762,7764,7763,7765,7766,7768,7767,7770,7769,7771,7774,7772,7776,7775,7777,7779,7778,7780,7781,7782,7615,7783,7785,7754,7788,7649,7790,7677,7792,7786,7794,7793,7797,7795,7796,7798,7799,7800,7801,7802,7803,7804,7805,7806,7808,7809,7807,7812,7791,7811,7789,7813,7814,7817,7815,7816,7819,7818,7821,7820,7822})}]
E0125 01:01:43.856144 4301 mvcc.cc:184] Tried to move safe_time back from 7856 to 7854. Current Snapshot: MvccSnapshot[committed={T|T < 7585 or (T in {7586,7587,7588,7589,7590,7592,7591,7593,7594,7595,7596,7597,7598,7599,7602,7603,7604,7605,7606,7607,7608,7610,7611,7609,7612,7614,7613,7619,7618,7617,7621,7620,7622,7623,7624,7625,7601,7627,7616,7628,7629,7630,7631,7632,7633,7634,7635,7637,7639,7638,7640,7642,7643,7641,7644,7645,7646,7636,7648,7626,7650,7652,7651,7654,7653,7655,7656,7657,7659,7658,7600,7660,7647,7662,7663,7664,7665,7666,7667,7668,7671,7661,7669,7672,7670,7673,7675,7676,7678,7682,7681,7679,7684,7685,7686,7687,7688,7689,7690,7692,7680,7693,7694,7696,7695,7697,7698,7683,7699,7702,7700,7701,7703,7704,7705,7706,7708,7707,7709,7710,7711,7712,7713,7715,7714,7717,7718,7716,7719,7720,7721,7723,7691,7724,7725,7726,7728,7727,7729,7731,7730,7732,7734,7733,7735,7737,7736,7738,7739,7740,7741,7742,7744,7743,7747,7745,7748,7749,7674,7750,7751,7752,7753,7722,7756,7755,7757,7759,7758,7760,7761,7762,7764,7763,7765,7766,7768,7767,7770,7769,7771,7774,7772,7776,7775,7777,7779,7778,7780,7781,7782,7615,7783,7785,7754,7788,7649,7790,7677,7792,7786,7794,7793,7797,7795,7796,7798,7799,7800,7801,7802,7803,7804,7805,7806,7808,7809,7807,7812,7791,7811,7789,7813,7814,7817,7815,7816,7819,7818,7821,7820,7822,7784,7823,7825,7826,7828,7827,7830,7829,7833,7832,7824,7834,7835,7746,7839,7831,7787,7838,7841,7842,7843,7844,7845,7837,7847,7848,7849,7850,7851,7852})}]
E0125 01:01:43.860376 4304 mvcc.cc:184] Tried to move safe_time back from 7881 to 7879. Current Snapshot: MvccSnapshot[committed={T|T < 7585 or (T in {7586,7587,7588,7589,7590,7592,7591,7593,7594,7595,7596,7597,7598,7599,7602,7603,7604,7605,7606,7607,7608,7610,7611,7609,7612,7614,7613,7619,7618,7617,7621,7620,7622,7623,7624,7625,7601,7627,7616,7628,7629,7630,7631,7632,7633,7634,7635,7637,7639,7638,7640,7642,7643,7641,7644,7645,7646,7636,7648,7626,7650,7652,7651,7654,7653,7655,7656,7657,7659,7658,7600,7660,7647,7662,7663,7664,7665,7666,7667,7668,7671,7661,7669,7672,7670,7673,7675,7676,7678,7682,7681,7679,7684,7685,7686,7687,7688,7689,7690,7692,7680,7693,7694,7696,7695,7697,7698,7683,7699,7702,7700,7701,7703,7704,7705,7706,7708,7707,7709,7710,7711,7712,7713,7715,7714,7717,7718,7716,7719,7720,7721,7723,7691,7724,7725,7726,7728,7727,7729,7731,7730,7732,7734,7733,7735,7737,7736,7738,7739,7740,7741,7742,7744,7743,7747,7745,7748,7749,7674,7750,7751,7752,7753,7722,7756,7755,7757,7759,7758,7760,7761,7762,7764,7763,7765,7766,7768,7767,7770,7769,7771,7774,7772,7776,7775,7777,7779,7778,7780,7781,7782,7615,7783,7785,7754,7788,7649,7790,7677,7792,7786,7794,7793,7797,7795,7796,7798,7799,7800,7801,7802,7803,7804,7805,7806,7808,7809,7807,7812,7791,7811,7789,7813,7814,7817,7815,7816,7819,7818,7821,7820,7822,7784,7823,7825,7826,7828,7827,7830,7829,7833,7832,7824,7834,7835,7746,7839,7831,7787,7838,7841,7842,7843,7844,7845,7837,7847,7848,7849,7850,7851,7852,7854,7855,7856,7859,7857,7858,7860,7861,7862,7863,7865,7836,7867,7810,7840,7868,7869,7870,7871,7872,7873,7875,7846,7876,7864,7874,7881})}]
I0125 01:01:43.861820 4287 diskrowset.cc:560] T test_tablet_id P 81dae3cc875a4d08b49b5f2ba0e9bc58: RowSet(33): Major compacting REDO delta stores (cols: 12)
I0125 01:01:43.862565 4287 delta_compaction.cc:294] Starting major delta compaction for columns val[int32 NOT NULL]
I0125 01:01:43.862584 4282 tablet.cc:1584] T test_tablet_id P 81dae3cc875a4d08b49b5f2ba0e9bc58: Flush Phase 2: carrying over any updates which arrived during Phase 1
I0125 01:01:43.862618 4287 delta_compaction.cc:298] Preparing to major compact delta file: 7810596730635071842 (ts range=[7391, 7536], delete_count=[4], reinsert_count=[0], update_counts_by_col_id=[])
I0125 01:01:43.862644 4287 delta_compaction.cc:298] Preparing to major compact delta file: 7810596730635071843 (ts range=[7521, 7540], delete_count=[1], reinsert_count=[0], update_counts_by_col_id=[12:3])
I0125 01:01:43.862656 4287 delta_compaction.cc:298] Preparing to major compact delta file: 7810596730635071845 (ts range=[7561, 7603], delete_count=[3], reinsert_count=[0], update_counts_by_col_id=[12:1])
I0125 01:01:43.862819 4287 multi_column_writer.cc:98] Opened CFile writers for 1 column(s)
I0125 01:01:43.864277 4287 delta_compaction.cc:304] Finished major delta compaction of columns val[int32 NOT NULL]
