I0103 06:27:05.365819 2413 mvcc.cc:203] Tried to move safe_time back from 4048 to 4020. Current Snapshot: MvccSnapshot[committed={T|T < 3928 or (T in {3930,3929,3932,3933,3934,3935,3936,3937,3938,3940,3942,3941,3943,3931,3946,3945,3948,3949,3950,3951,3952,3953,3954,3955,3956,3958,3939,3947,3959,3960,3961,3962,3963,3964,3966,3967,3968,3969,3970,3971,3972,3974,3944,3976,3979,3981,3980,3982,3983,3984,3985,3986,3987,3988,3977,3978,3992,3994,3995,3996,3997,3998,3999,4000,4001,3993,4002,4003,3989,4005,4007,4008,4006,4009,3991,4011,4012,4013,4014,4015,4010,3957,4018,4019,4021,3990,4023,4022,4024,4025,4026,4027,4028,4029,4030,4031,4032,4033,4034,4035,4037,4036,4038,4039,4040,4041,4042,4043,4044,4046,4045,4047,4048})}]
I0103 06:27:05.390802 2394 tablet.cc:1669] T test_tablet_id P 3132a47bfcab457d848d1dc0d8c7cf67: Flush Phase 2: carrying over any updates which arrived during Phase 1
I0103 06:27:05.390843 2394 tablet.cc:1671] T test_tablet_id P 3132a47bfcab457d848d1dc0d8c7cf67: Phase 2 snapshot: MvccSnapshot[committed={T|T < 3928 or (T in {3930,3929,3932,3933,3934,3935,3936,3937,3938,3940,3942,3941,3943,3931,3946,3945,3948,3949,3950,3951,3952,3953,3954,3955,3956,3958,3939,3947,3959,3960,3961,3962,3963,3964,3966,3967,3968,3969,3970,3971,3972,3974,3944,3976,3979,3981,3980,3982,3983,3984,3985,3986,3987,3988,3977,3978,3992,3994,3995,3996,3997,3998,3999,4000,4001,3993,3991,3989,3973,3965,3990,3957,3975})}]
I0103 06:27:05.392454 2394 tablet.cc:1719] T test_tablet_id P 3132a47bfcab457d848d1dc0d8c7cf67: Flush successful on 9 rows (1 rowsets, 4763 bytes)
I0103 06:27:05.393036 2419 mvcc.cc:203] Tried to move safe_time back from 4137 to 4049. Current Snapshot: MvccSnapshot[committed={T|T < 4049 or (T in {4051,4052,4053,4054,4055,4056,4058,4059,4061,4060,4062,4063,4064,4065,4066,4067,4068,4069,4070,4071,4073,4074,4075,4076,4077,4078,4079,4080,4081,4082,4083,4084,4085,4086,4087,4088,4089,4090,4091,4092,4093,4094,4096,4097,4098,4099,4100,4101,4057,4104,4105,4106,4107,4108,4109,4110,4111,4112,4113,4114,4115,4116,4118,4119,4120,4121,4122,4123,4124,4125,4126,4127,4128,4129,4130,4132,4134,4135,4136,4137,4133})}]
I0103 06:27:05.397797 2393 test_graph.cc:97] metrics: { "scope": "MultiThreadedTabletTest/0", "time": 0.752}
I0103 06:27:05.401819 2417 mvcc.cc:203] Tried to move safe_time back from 4160 to 4151. Current Snapshot: MvccSnapshot[committed={T|T < 4131 or (T in {4132,4134,4135,4136,4137,4133,4143,4144,4147,4148,4149,4139,4152,4146,4145,4154,4155,4156,4157,4158,4159,4160})}]
I0103 06:27:05.406546 2417 mvcc.cc:203] Tried to move safe_time back from 4180 to 4165. Current Snapshot: MvccSnapshot[committed={T|T < 4131 or (T in {4132,4134,4135,4136,4137,4133,4143,4144,4147,4148,4149,4139,4152,4146,4145,4154,4155,4156,4157,4158,4159,4160,4151,4162,4153,4164,4138,4163,4142,4140,4169,4168,4170,4167,4173,4174,4175,4171,4176,4178,4179,4180,4177})}]
I0103 06:27:05.412044 2405 mvcc.cc:203] Tried to move safe_time back from 4213 to 4185. Current Snapshot: MvccSnapshot[committed={T|T < 4131 or (T in {4132,4134,4135,4136,4137,4133,4143,4144,4147,4148,4149,4139,4152,4146,4145,4154,4155,4156,4157,4158,4159,4160,4151,4162,4153,4164,4138,4163,4142,4140,4169,4168,4170,4167,4173,4174,4175,4171,4176,4178,4179,4180,4177,4165,4141,4181,4150,4161,4166,4182,4183,4186,4184,4189,4190,4191,4187,4192,4195,4196,4197,4194,4198,4200,4201,4202,4203,4199,4204,4206,4207,4208,4210,4211,4212,4213})}]
I0103 06:27:05.418810 2409 mvcc.cc:203] Tried to move safe_time back from 4251 to 4249. Current Snapshot: MvccSnapshot[committed={T|T < 4131 or (T in {4132,4134,4135,4136,4137,4133,4143,4144,4147,4148,4149,4139,4152,4146,4145,4154,4155,4156,4157,4158,4159,4160,4151,4162,4153,4164,4138,4163,4142,4140,4169,4168,4170,4167,4173,4174,4175,4171,4176,4178,4179,4180,4177,4165,4141,4181,4150,4161,4166,4182,4183,4186,4184,4189,4190,4191,4187,4192,4195,4196,4197,4194,4198,4200,4201,4202,4203,4199,4204,4206,4207,4208,4210,4211,4212,4213,4185,4214,4209,4217,4218,4219,4205,4220,4221,4172,4216,4225,4226,4227,4228,4230,4231,4232,4215,4234,4222,4237,4238,4239,4240,4224,4223,4243,4244,4245,4246,4229,4247,4236,4250})}]
I0103 06:27:05.425738 2394 tablet.cc:1215] T test_tablet_id P 3132a47bfcab457d848d1dc0d8c7cf67: Flush: entering stage 1 (old memrowset already frozen for inserts)
I0103 06:27:05.425789 2394 compaction.cc:922] Selected 1 rowsets to compact:
I0103 06:27:05.425796 2394 compaction.cc:925] memrowset(current size on disk: ~0 bytes)
I0103 06:27:05.425801 2394 tablet.cc:1217] T test_tablet_id P 3132a47bfcab457d848d1dc0d8c7cf67: Memstore in-memory size: 15703 bytes
I0103 06:27:05.425902 2394 tablet.cc:1528] T test_tablet_id P 3132a47bfcab457d848d1dc0d8c7cf67: Flush: entering phase 1 (flushing snapshot). Phase 1 snapshot: MvccSnapshot[committed={T|T < 4193 or (T in {4195,4196,4197,4194,4198,4200,4201,4202,4203,4199,4204,4206,4207,4208,4210,4211,4212,4213,4214,4209,4217,4218,4219,4205,4220,4221,4216,4225,4226,4227,4228,4230,4231,4232,4215,4234,4222,4237,4238,4239,4240,4224,4223,4243,4244,4245,4246,4229,4247,4236,4250,4251,4249,4253,4254,4255,4256,4235,4257,4259,4260,4261,4262,4258,4263,4265,4266,4252,4268,4269,4271,4272,4273,4274,4275,4276,4277})}]
I0103 06:27:05.426359 2394 multi_column_writer.cc:98] Opened CFile writers for 3 column(s)
I0103 06:27:05.432067 2394 tablet.cc:1614] T test_tablet_id P 3132a47bfcab457d848d1dc0d8c7cf67: Flush: entering phase 2 (starting to duplicate updates in new rowsets)
I0103 06:27:05.432288 2406 mvcc.cc:203] Tried to move safe_time back from 4294 to 4233. Current Snapshot: MvccSnapshot[committed={T|T < 4233 or (T in {4234,4237,4238,4239,4240,4243,4244,4245,4246,4247,4236,4250,4251,4249,4253,4254,4255,4256,4235,4257,4259,4260,4261,4262,4258,4263,4265,4266,4252,4268,4269,4271,4272,4273,4274,4275,4276,4277,4279,4280,4281,4282,4283,4285,4286,4287,4288,4264,4289,4291,4292,4293,4294,4290,4284})}]
I0103 06:27:05.436836 2417 mvcc.cc:203] Tried to move safe_time back from 4304 to 4303. Current Snapshot: MvccSnapshot[committed={T|T < 4267 or (T in {4268,4269,4271,4272,4273,4274,4275,4276,4277,4279,4280,4281,4282,4283,4285,4286,4287,4288,4289,4291,4292,4293,4294,4290,4284,4299,4297,4300,4301,4270,4296,4295,4278,4298,4302,4304})}]
I0103 06:27:05.450879 2394 tablet.cc:1669] T test_tablet_id P 3132a47bfcab457d848d1dc0d8c7cf67: Flush Phase 2: carrying over any updates which arrived during Phase 1
I0103 06:27:05.450912 2394 tablet.cc:1671] T test_tablet_id P 3132a47bfcab457d848d1dc0d8c7cf67: Phase 2 snapshot: MvccSnapshot[committed={T|T < 4233 or (T in {4234,4237,4238,4239,4240,4243,4244,4245,4246,4247,4236,4250,4251,4249,4253,4254,4255,4256,4235,4257,4259,4260,4261,4262,4258,4263,4265,4266,4252,4268,4269,4271,4272,4273,4274,4275,4276,4277,4279,4280,4281,4282,4283,4285,4286,4287,4288,4264,4289,4291,4292,4293,4294,4290,4284,4295,4278,4267,4242,4233,4270,4248,4296,4241})}]
I0103 06:27:05.451478 2394 delta_tracker.cc:737] T test_tablet_id P 3132a47bfcab457d848d1dc0d8c7cf67: Flushing 20 deltas (1759 bytes in memory) from DMS 1
I0103 06:27:05.452155 2394 delta_tracker.cc:677] T test_tablet_id P 3132a47bfcab457d848d1dc0d8c7cf67: Flushed delta block 3806468625905760310 (350 bytes on disk) stats: ts range=[4242, 4346], delete_count=[0], reinsert_count=[0], update_counts_by_col_id=[12:20]
I0103 06:27:05.453481 2394 tablet.cc:1719] T test_tablet_id P 3132a47bfcab457d848d1dc0d8c7cf67: Flush successful on 10 rows (1 rowsets, 4765 bytes)
I0103 06:27:05.456866 2397 delta_tracker.cc:737] T test_tablet_id P 3132a47bfcab457d848d1dc0d8c7cf67: Flushing 1 deltas (763 bytes in memory) from DMS 2
I0103 06:27:05.457283 2397 delta_tracker.cc:677] T test_tablet_id P 3132a47bfcab457d848d1dc0d8c7cf67: Flushed delta block 3806468625905760311 (151 bytes on disk) stats: ts range=[4354, 4354], delete_count=[1], reinsert_count=[0], update_counts_by_col_id=[]
I0103 06:27:05.458612 2411 mvcc.cc:203] Tried to move safe_time back from 4362 to 4357. Current Snapshot: MvccSnapshot[committed={T|T < 4315 or (T in {4316,4317,4318,4319,4322,4321,4323,4324,4325,4326,4327,4329,4328,4330,4331,4332,4333,4334,4336,4338,4340,4339,4341,4342,4343,4344,4345,4346,4347,4335,4337,4350,4352,4354,4355,4320,4359,4356,4361,4362})}]
I0103 06:27:05.458650 2399 diskrowset.cc:578] T test_tablet_id P 3132a47bfcab457d848d1dc0d8c7cf67: RowSet(12): Major compacting REDO delta stores (cols: 12)
I0103 06:27:05.458763 2399 delta_compaction.cc:318] Starting major delta compaction for columns val INT32 NOT NULL
I0103 06:27:05.458899 2399 multi_column_writer.cc:98] Opened CFile writers for 1 column(s)
I0103 06:27:05.460538 2399 delta_compaction.cc:331] Finished major delta compaction of columns val INT32 NOT NULL. Compacted 3 delta files. Overall stats: delete_count=8, reinsert_count=0, update_count=20
I0103 06:27:05.471316 2414 mvcc.cc:203] Tried to move safe_time back from 4402 to 4348. Current Snapshot: MvccSnapshot[committed={T|T < 4315 or (T in {4316,4317,4318,4319,4322,4321,4323,4324,4325,4326,4327,4329,4328,4330,4331,4332,4333,4334,4336,4338,4340,4339,4341,4342,4343,4344,4345,4346,4347,4335,4337,4350,4352,4354,4355,4320,4359,4356,4361,4362,4357,4364,4365,4358,4353,4368,4351,4370,4369,4372,4373,4371,4375,4376,4377,4378,4379,4374,4363,4381,4382,4383,4384,4385,4386,4387,4388,4389,4390,4391,4349,4394,4395,4396,4360,4397,4399,4400,4401,4402})}]
I0103 06:27:05.477802 2394 tablet.cc:1215] T test_tablet_id P 3132a47bfcab457d848d1dc0d8c7cf67: Flush: entering stage 1 (old memrowset already frozen for inserts)
I0103 06:27:05.477851 2394 compaction.cc:922] Selected 1 rowsets to compact:
I0103 06:27:05.477876 2394 compaction.cc:925] memrowset(current size on disk: ~0 bytes)
I0103 06:27:05.477902 2394 tablet.cc:1217] T test_tablet_id P 3132a47bfcab457d848d1dc0d8c7cf67: Memstore in-memory size: 7735 bytes
I0103 06:27:05.477937 2394 tablet.cc:1528] T test_tablet_id P 3132a47bfcab457d848d1dc0d8c7cf67: Flush: entering phase 1 (flushing snapshot). Phase 1 snapshot: MvccSnapshot[committed={T|T < 4366 or (T in {4368,4370,4369,4372,4373,4371,4375,4376,4377,4378,4379,4374,4381,4382,4383,4384,4385,4386,4387,4388,4389,4390,4391,4394,4395,4396,4397,4399,4400,4401,4402,4403,4405,4406,4407,4408,4409,4404,4410,4412,4413,4414,4415,4411,4416,4418,4419,4420,4421,4422,4417,4423,4425,4426,4427,4428,4424,4429,4431,4432,4433,4434,4430,4435,4437,4367,4439,4380,4442,4443,4444,4445,4441,4446,4448,4449})}]
I0103 06:27:05.478355 2405 mvcc.cc:203] Tried to move safe_time back from 4449 to 4447. Current Snapshot: MvccSnapshot[committed={T|T < 4366 or (T in {4368,4370,4369,4372,4373,4371,4375,4376,4377,4378,4379,4374,4381,4382,4383,4384,4385,4386,4387,4388,4389,4390,4391,4394,4395,4396,4397,4399,4400,4401,4402,4403,4405,4406,4407,4408,4409,4404,4410,4412,4413,4414,4415,4411,4416,4418,4419,4420,4421,4422,4417,4423,4425,4426,4427,4428,4424,4429,4431,4432,4433,4434,4430,4435,4437,4367,4439,4380,4442,4443,4444,4445,4441,4446,4448,4449})}]
I0103 06:27:05.478453 2394 multi_column_writer.cc:98] Opened CFile writers for 3 column(s)
I0103 06:27:05.483705 2394 tablet.cc:1614] T test_tablet_id P 3132a47bfcab457d848d1dc0d8c7cf67: Flush: entering phase 2 (starting to duplicate updates in new rowsets)
I0103 06:27:05.484153 2395 tablet.cc:1614] T test_tablet_id P 3132a47bfcab457d848d1dc0d8c7cf67: Compaction: entering phase 2 (starting to duplicate updates in new rowsets)
I0103 06:27:05.490120 2418 mvcc.cc:203] Tried to move safe_time back from 4478 to 4467. Current Snapshot: MvccSnapshot[committed={T|T < 4392 or (T in {4394,4395,4396,4397,4399,4400,4401,4402,4403,4405,4406,4407,4408,4409,4404,4410,4412,4413,4414,4415,4411,4416,4418,4419,4420,4421,4422,4417,4423,4425,4426,4427,4428,4424,4429,4431,4432,4433,4434,4430,4435,4437,4439,4442,4443,4444,4445,4441,4446,4448,4449,4447,4451,4452,4453,4450,4455,4456,4457,4454,4458,4459,4460,4462,4438,4463,4465,4466,4461,4468,4398,4469,4470,4471,4393,4440,4473,4476,4475,4477,4478})}]
I0103 06:27:05.501885 2401 mvcc.cc:203] Tried to move safe_time back from 4519 to 4518. Current Snapshot: MvccSnapshot[committed={T|T < 4392 or (T in {4394,4395,4396,4397,4399,4400,4401,4402,4403,4405,4406,4407,4408,4409,4404,4410,4412,4413,4414,4415,4411,4416,4418,4419,4420,4421,4422,4417,4423,4425,4426,4427,4428,4424,4429,4431,4432,4433,4434,4430,4435,4437,4439,4442,4443,4444,4445,4441,4446,4448,4449,4447,4451,4452,4453,4450,4455,4456,4457,4454,4458,4459,4460,4462,4438,4463,4465,4466,4461,4468,4398,4469,4470,4471,4393,4440,4473,4476,4475,4477,4478,4467,4481,4482,4484,4483,4485,4486,4487,4489,4488,4490,4492,4491,4493,4495,4496,4474,4497,4498,4499,4500,4501,4502,4503,4504,4464,4506,4507,4508,4472,4479,4511,4513,4512,4514,4516,4515,4517,4519})}]
I0103 06:27:05.520757 2406 mvcc.cc:203] Tried to move safe_time back from 4571 to 4560. Current Snapshot: MvccSnapshot[committed={T|T < 4392 or (T in {4394,4395,4396,4397,4399,4400,4401,4402,4403,4405,4406,4407,4408,4409,4404,4410,4412,4413,4414,4415,4411,4416,4418,4419,4420,4421,4422,4417,4423,4425,4426,4427,4428,4424,4429,4431,4432,4433,4434,4430,4435,4437,4439,4442,4443,4444,4445,4441,4446,4448,4449,4447,4451,4452,4453,4450,4455,4456,4457,4454,4458,4459,4460,4462,4438,4463,4465,4466,4461,4468,4398,4469,4470,4471,4393,4440,4473,4476,4475,4477,4478,4467,4481,4482,4484,4483,4485,4486,4487,4489,4488,4490,4492,4491,4493,4495,4496,4474,4497,4498,4499,4500,4501,4502,4503,4504,4464,4506,4507,4508,4472,4479,4511,4513,4512,4514,4516,4515,4517,4519,4518,4520,4521,4522,4523,4524,4525,4526,4528,4527,4529,4530,4532,4533,4534,4436,4536,4537,4539,4494,4509,4541,4480,4510,4544,4545,4546,4547,4548,4549,4550,4551,4552,4543,4554,4555,4556,4557,4558,4559,4531,4561,4562,4535,4563,4565,4566,4567,4568,4569,4570,4571})}]
I0103 06:27:05.524968 2395 tablet.cc:1669] T test_tablet_id P 3132a47bfcab457d848d1dc0d8c7cf67: Compaction Phase 2: carrying over any updates which arrived during Phase 1
I0103 06:27:05.525002 2395 tablet.cc:1671] T test_tablet_id P 3132a47bfcab457d848d1dc0d8c7cf67: Phase 2 snapshot: MvccSnapshot[committed={T|T < 4366 or (T in {4368,4370,4369,4372,4373,4371,4375,4376,4377,4378,4379,4374,4381,4382,4383,4384,4385,4386,4387,4388,4389,4390,4391,4394,4395,4396,4397,4399,4400,4401,4402,4403,4405,4406,4407,4408,4409,4404,4410,4412,4413,4414,4415,4411,4416,4418,4419,4420,4421,4422,4417,4423,4425,4426,4427,4428,4424,4429,4431,4432,4433,4434,4430,4435,4437,4367,4439,4380,4442,4443,4444,4445,4441,4446,4448,4449,4447,4451,4452,4453,4450,4455,4456,4457,4454,4458,4459,4460,4462,4438,4463,4465,4466,4461,4468,4440,4464,4398,4366,4393,4436,4392})}]
I0103 06:27:05.526566 2394 tablet.cc:1669] T test_tablet_id P 3132a47bfcab457d848d1dc0d8c7cf67: Flush Phase 2: carrying over any updates which arrived during Phase 1
I0103 06:27:05.526602 2394 tablet.cc:1671] T test_tablet_id P 3132a47bfcab457d848d1dc0d8c7cf67: Phase 2 snapshot: MvccSnapshot[committed={T|T < 4366 or (T in {4368,4370,4369,4372,4373,4371,4375,4376,4377,4378,4379,4374,4381,4382,4383,4384,4385,4386,4387,4388,4389,4390,4391,4394,4395,4396,4397,4399,4400,4401,4402,4403,4405,4406,4407,4408,4409,4404,4410,4412,4413,4414,4415,4411,4416,4418,4419,4420,4421,4422,4417,4423,4425,4426,4427,4428,4424,4429,4431,4432,4433,4434,4430,4435,4437,4367,4439,4380,4442,4443,4444,4445,4441,4446,4448,4449,4447,4451,4452,4453,4450,4455,4456,4457,4454,4458,4459,4460,4462,4438,4463,4465,4466,4461,4440,4464,4398,4366,4393,4436,4392})}]
I0103 06:27:05.527175 2394 delta_tracker.cc:737] T test_tablet_id P 3132a47bfcab457d848d1dc0d8c7cf67: Flushing 33 deltas (1759 bytes in memory) from DMS 1
I0103 06:27:05.527835 2394 delta_tracker.cc:677] T test_tablet_id P 3132a47bfcab457d848d1dc0d8c7cf67: Flushed delta block 3806468625905760321 (470 bytes on disk) stats: ts range=[4438, 4544], delete_count=[4], reinsert_count=[0], update_counts_by_col_id=[12:29]
I0103 06:27:05.529076 2394 tablet.cc:1719] T test_tablet_id P 3132a47bfcab457d848d1dc0d8c7cf67: Flush successful on 8 rows (1 rowsets, 4692 bytes)
I0103 06:27:05.529188 2394 delta_tracker.cc:737] T test_tablet_id P 3132a47bfcab457d848d1dc0d8c7cf67: Flushing 4 deltas (763 bytes in memory) from DMS 3
I0103 06:27:05.529613 2394 delta_tracker.cc:677] T test_tablet_id P 3132a47bfcab457d848d1dc0d8c7cf67: Flushed delta block 3806468625905760322 (184 bytes on disk) stats: ts range=[4348, 4404], delete_count=[2], reinsert_count=[0], update_counts_by_col_id=[12:2]
I0103 06:27:05.538089 2417 mvcc.cc:203] Tried to move safe_time back from 4595 to 4583. Current Snapshot: MvccSnapshot[committed={T|T < 4505 or (T in {4506,4507,4508,4511,4513,4512,4514,4516,4515,4517,4519,4518,4520,4521,4522,4523,4524,4525,4526,4528,4527,4529,4530,4532,4533,4534,4536,4537,4539,4509,4541,4510,4544,4545,4546,4547,4548,4549,4550,4551,4552,4543,4554,4555,4556,4557,4558,4559,4531,4561,4562,4535,4563,4565,4566,4567,4568,4569,4570,4571,4560,4573,4574,4575,4576,4577,4580,4579,4581,4582,4538,4572,4542,4564,4578,4585,4584,4591,4592,4593,4594,4595,4590})}]
I0103 06:27:05.553326 2398 delta_tracker.cc:182] T test_tablet_id P 3132a47bfcab457d848d1dc0d8c7cf67: Preparing to minor compact delta file: 3806468625905760314 (ts range=[4102, 4354], delete_count=[8], reinsert_count=[0], update_counts_by_col_id=[])
I0103 06:27:05.553388 2398 delta_tracker.cc:182] T test_tablet_id P 3132a47bfcab457d848d1dc0d8c7cf67: Preparing to minor compact delta file: 3806468625905760322 (ts range=[4348, 4404], delete_count=[2], reinsert_count=[0], update_counts_by_col_id=[12:2])
I0103 06:27:05.553438 2398 delta_tracker.cc:544] T test_tablet_id P 3132a47bfcab457d848d1dc0d8c7cf67: Compacting 2 delta files.
I0103 06:27:05.554181 2398 delta_tracker.cc:551] T test_tablet_id P 3132a47bfcab457d848d1dc0d8c7cf67: Succesfully compacted the specified delta files.
I0103 06:27:05.554236 2398 delta_tracker.cc:407] T test_tablet_id P 3132a47bfcab457d848d1dc0d8c7cf67: Flushing compaction of 2 redo delta blocks { 3806468625905760314,3806468625905760322 } into block 3806468625905760323
I0103 06:27:05.555860 2415 mvcc.cc:203] Tried to move safe_time back from 4628 to 4625. Current Snapshot: MvccSnapshot[committed={T|T < 4540 or (T in {4541,4544,4545,4546,4547,4548,4549,4550,4551,4552,4543,4554,4555,4556,4557,4558,4559,4561,4562,4563,4565,4566,4567,4568,4569,4570,4571,4560,4573,4574,4575,4576,4577,4580,4579,4581,4582,4572,4542,4564,4578,4585,4584,4591,4592,4593,4594,4595,4590,4583,4589,4598,4600,4601,4603,4602,4604,4606,4605,4607,4608,4599,4553,4611,4596,4614,4613,4615,4616,4617,4618,4619,4620,4621,4622,4623,4624,4626,4587,4628})}]
I0103 06:27:05.563856 2399 diskrowset.cc:578] T test_tablet_id P 3132a47bfcab457d848d1dc0d8c7cf67: RowSet(13): Major compacting REDO delta stores (cols: 12)
I0103 06:27:05.565855 2395 delta_tracker.cc:737] T test_tablet_id P 3132a47bfcab457d848d1dc0d8c7cf67: Flushing 2 deltas (763 bytes in memory) from DMS 1
I0103 06:27:05.566435 2395 delta_tracker.cc:677] T test_tablet_id P 3132a47bfcab457d848d1dc0d8c7cf67: Flushed delta block 3806468625905760324 (168 bytes on disk) stats: ts range=[3744, 3976], delete_count=[1], reinsert_count=[0], update_counts_by_col_id=[12:1]
I0103 06:27:05.568401 2395 tablet.cc:1719] T test_tablet_id P 3132a47bfcab457d848d1dc0d8c7cf67: Compaction successful on 10 rows (1 rowsets, 4779 bytes)
I0103 06:27:05.569099 2399 delta_compaction.cc:318] Starting major delta compaction for columns val INT32 NOT NULL
I0103 06:27:05.571312 2399 multi_column_writer.cc:98] Opened CFile writers for 1 column(s)
I0103 06:27:05.572841 2399 delta_compaction.cc:331] Finished major delta compaction of columns val INT32 NOT NULL. Compacted 2 delta files. Overall stats: delete_count=8, reinsert_count=0, update_count=29
I0103 06:27:05.570816 2410 mvcc.cc:203] Tried to move safe_time back from 4656 to 4655. Current Snapshot: MvccSnapshot[committed={T|T < 4609 or (T in {4611,4614,4613,4615,4616,4617,4618,4619,4620,4621,4622,4623,4624,4626,4628,4625,4629,4630,4631,4627,4634,4635,4636,4637,4638,4639,4633,4642,4643,4644,4645,4648,4650,4640,4651,4649,4646,4654,4656})}]
I0103 06:27:05.582271 2403 mvcc.cc:203] Tried to move safe_time back from 4696 to 4669. Current Snapshot: MvccSnapshot[committed={T|T < 4610 or (T in {4611,4614,4613,4615,4616,4617,4618,4619,4620,4621,4622,4623,4624,4626,4628,4625,4629,4630,4631,4627,4634,4635,4636,4637,4638,4639,4633,4642,4643,4644,4645,4648,4650,4640,4651,4649,4646,4654,4656,4655,4647,4657,4658,4660,4652,4662,4664,4665,4666,4659,4667,4668,4661,4670,4671,4673,4674,4675,4672,4612,4678,4677,4679,4681,4663,4682,4684,4685,4686,4683,4687,4688,4689,4690,4691,4692,4693,4694,4695,4696})}]
I0103 06:27:05.588970 2409 mvcc.cc:203] Tried to move safe_time back from 4729 to 4726. Current Snapshot: MvccSnapshot[committed={T|T < 4610 or (T in {4611,4614,4613,4615,4616,4617,4618,4619,4620,4621,4622,4623,4624,4626,4628,4625,4629,4630,4631,4627,4634,4635,4636,4637,4638,4639,4633,4642,4643,4644,4645,4648,4650,4640,4651,4649,4646,4654,4656,4655,4647,4657,4658,4660,4652,4662,4664,4665,4666,4659,4667,4668,4661,4670,4671,4673,4674,4675,4672,4612,4678,4677,4679,4681,4663,4682,4684,4685,4686,4683,4687,4688,4689,4690,4691,4692,4693,4694,4695,4696,4669,4699,4653,4701,4702,4676,4705,4706,4707,4704,4708,4710,4711,4712,4709,4632,4715,4680,4716,4717,4700,4718,4719,4720,4721,4722,4725,4724,4713,4728,4729})}]
I0103 06:27:05.596722 2407 mvcc.cc:203] Tried to move safe_time back from 4760 to 4703. Current Snapshot: MvccSnapshot[committed={T|T < 4610 or (T in {4611,4614,4613,4615,4616,4617,4618,4619,4620,4621,4622,4623,4624,4626,4628,4625,4629,4630,4631,4627,4634,4635,4636,4637,4638,4639,4633,4642,4643,4644,4645,4648,4650,4640,4651,4649,4646,4654,4656,4655,4647,4657,4658,4660,4652,4662,4664,4665,4666,4659,4667,4668,4661,4670,4671,4673,4674,4675,4672,4612,4678,4677,4679,4681,4663,4682,4684,4685,4686,4683,4687,4688,4689,4690,4691,4692,4693,4694,4695,4696,4669,4699,4653,4701,4702,4676,4705,4706,4707,4704,4708,4710,4711,4712,4709,4632,4715,4680,4716,4717,4700,4718,4719,4720,4721,4722,4725,4724,4713,4728,4729,4726,4730,4732,4733,4731,4734,4641,4736,4735,4738,4737,4698,4739,4741,4742,4743,4744,4745,4746,4749,4750,4714,4751,4752,4754,4755,4740,4753,4727,4758,4759,4760})}]
I0103 06:27:05.603601 2404 mvcc.cc:203] Tried to move safe_time back from 4791 to 4788. Current Snapshot: MvccSnapshot[committed={T|T < 4610 or (T in {4611,4614,4613,4615,4616,4617,4618,4619,4620,4621,4622,4623,4624,4626,4628,4625,4629,4630,4631,4627,4634,4635,4636,4637,4638,4639,4633,4642,4643,4644,4645,4648,4650,4640,4651,4649,4646,4654,4656,4655,4647,4657,4658,4660,4652,4662,4664,4665,4666,4659,4667,4668,4661,4670,4671,4673,4674,4675,4672,4612,4678,4677,4679,4681,4663,4682,4684,4685,4686,4683,4687,4688,4689,4690,4691,4692,4693,4694,4695,4696,4669,4699,4653,4701,4702,4676,4705,4706,4707,4704,4708,4710,4711,4712,4709,4632,4715,4680,4716,4717,4700,4718,4719,4720,4721,4722,4725,4724,4713,4728,4729,4726,4730,4732,4733,4731,4734,4641,4736,4735,4738,4737,4698,4739,4741,4742,4743,4744,4745,4746,4749,4750,4714,4751,4752,4754,4755,4740,4753,4727,4758,4759,4760,4703,4762,4763,4764,4697,4766,4767,4768,4769,4761,4757,4723,4772,4774,4775,4776,4777,4778,4770,4765,4782,4781,4756,4785,4786,4784,4787,4789,4790})}]
I0103 06:27:05.609889 2394 tablet.cc:1215] T test_tablet_id P 3132a47bfcab457d848d1dc0d8c7cf67: Flush: entering stage 1 (old memrowset already frozen for inserts)
I0103 06:27:05.609942 2394 compaction.cc:922] Selected 1 rowsets to compact:
I0103 06:27:05.609969 2394 compaction.cc:925] memrowset(current size on disk: ~0 bytes)
I0103 06:27:05.609992 2394 tablet.cc:1217] T test_tablet_id P 3132a47bfcab457d848d1dc0d8c7cf67: Memstore in-memory size: 15703 bytes
I0103 06:27:05.612767 2411 mvcc.cc:203] Tried to move safe_time back from 4832 to 4821. Current Snapshot: MvccSnapshot[committed={T|T < 4773 or (T in {4774,4775,4776,4777,4778,4782,4781,4785,4786,4784,4787,4789,4790,4788,4783,4792,4793,4794,4796,4797,4799,4798,4800,4801,4802,4803,4804,4805,4807,4808,4809,4812,4813,4814,4815,4817,4818,4819,4820,4816,4822,4795,4823,4825,4826,4824,4827,4828,4830,4831,4832})}]
I0103 06:27:05.612959 2394 tablet.cc:1528] T test_tablet_id P 3132a47bfcab457d848d1dc0d8c7cf67: Flush: entering phase 1 (flushing snapshot). Phase 1 snapshot: MvccSnapshot[committed={T|T < 4773 or (T in {4774,4775,4776,4777,4778,4782,4781,4785,4786,4784,4787,4789,4790,4788,4783,4792,4793,4794,4796,4797,4799,4798,4800,4801,4802,4803,4804,4805,4807,4808,4809,4812,4813,4814,4815,4817,4818,4819,4820,4816,4822,4795,4823,4825,4826,4824,4827,4828,4830,4831,4832,4821})}]
I0103 06:27:05.613500 2394 multi_column_writer.cc:98] Opened CFile writers for 3 column(s)
I0103 06:27:05.624969 2394 tablet.cc:1614] T test_tablet_id P 3132a47bfcab457d848d1dc0d8c7cf67: Flush: entering phase 2 (starting to duplicate updates in new rowsets)
I0103 06:27:05.629240 2411 mvcc.cc:203] Tried to move safe_time back from 4900 to 4899. Current Snapshot: MvccSnapshot[committed={T|T < 4779 or (T in {4782,4781,4785,4786,4784,4787,4789,4790,4788,4783,4792,4793,4794,4796,4797,4799,4798,4800,4801,4802,4803,4804,4805,4807,4808,4809,4812,4813,4814,4815,4817,4818,4819,4820,4816,4822,4795,4823,4825,4826,4824,4827,4828,4830,4831,4832,4821,4833,4835,4836,4837,4838,4839,4840,4841,4829,4842,4844,4845,4843,4846,4848,4849,4850,4847,4851,4853,4854,4855,4852,4856,4858,4859,4857,4860,4862,4863,4864,4865,4834,4867,4868,4869,4870,4871,4873,4872,4874,4875,4876,4877,4878,4880,4881,4882,4883,4884,4885,4886,4879,4887,4888,4889,4890,4891,4892,4893,4894,4895,4896,4897,4898,4900})}]
I0103 06:27:05.644263 2418 mvcc.cc:203] Tried to move safe_time back from 4948 to 4947. Current Snapshot: MvccSnapshot[committed={T|T < 4902 or (T in {4903,4904,4905,4906,4907,4908,4909,4910,4911,4912,4913,4914,4915,4916,4919,4920,4921,4922,4923,4924,4925,4927,4928,4930,4929,4931,4932,4933,4934,4935,4936,4937,4938,4939,4943,4942,4944,4945,4948})}]
I0103 06:27:05.645813 2394 tablet.cc:1669] T test_tablet_id P 3132a47bfcab457d848d1dc0d8c7cf67: Flush Phase 2: carrying over any updates which arrived during Phase 1
I0103 06:27:05.645869 2394 tablet.cc:1671] T test_tablet_id P 3132a47bfcab457d848d1dc0d8c7cf67: Phase 2 snapshot: MvccSnapshot[committed={T|T < 4779 or (T in {4782,4781,4785,4786,4784,4787,4789,4790,4788,4783,4792,4793,4794,4796,4797,4799,4798,4800,4801,4802,4803,4804,4805,4807,4808,4809,4812,4813,4814,4815,4817,4818,4819,4820,4816,4822,4795,4823,4825,4826,4824,4827,4828,4830,4831,4832,4821,4833,4835,4836,4837,4838,4839,4840,4841,4829,4842,4844,4845,4843,4846,4848,4849,4850,4847,4851,4853,4854,4855,4852,4856,4858,4859,4857,4860,4862,4863,4864,4865,4834,4867,4868,4869,4870,4871,4873,4872,4874,4875,4876,4877,4878,4880,4881,4882,4883,4884,4885,4886,4866,4811,4810,4779,4861,4806,4879,4791,4780})}]
I0103 06:27:05.646517 2394 delta_tracker.cc:737] T test_tablet_id P 3132a47bfcab457d848d1dc0d8c7cf67: Flushing 29 deltas (1759 bytes in memory) from DMS 1
I0103 06:27:05.647241 2394 delta_tracker.cc:677] T test_tablet_id P 3132a47bfcab457d848d1dc0d8c7cf67: Flushed delta block 3806468625905760334 (437 bytes on disk) stats: ts range=[4791, 4952], delete_count=[1], reinsert_count=[0], update_counts_by_col_id=[12:28]
I0103 06:27:05.647908 2393 test_graph.cc:97] metrics: { "scope": "MultiThreadedTabletTest/0", "time": 1.002}
I0103 06:27:05.648586 2394 tablet.cc:1719] T test_tablet_id P 3132a47bfcab457d848d1dc0d8c7cf67: Flush successful on 10 rows (1 rowsets, 4763 bytes)
I0103 06:27:05.655655 2398 delta_tracker.cc:182] T test_tablet_id P 3132a47bfcab457d848d1dc0d8c7cf67: Preparing to minor compact delta file: 3806468625905760296 (ts range=[3288, 3647], delete_count=[9], reinsert_count=[0], update_counts_by_col_id=[])
I0103 06:27:05.655694 2398 delta_tracker.cc:182] T test_tablet_id P 3132a47bfcab457d848d1dc0d8c7cf67: Preparing to minor compact delta file: 3806468625905760324 (ts range=[3744, 3976], delete_count=[1], reinsert_count=[0], update_counts_by_col_id=[12:1])
I0103 06:27:05.655741 2398 delta_tracker.cc:544] T test_tablet_id P 3132a47bfcab457d848d1dc0d8c7cf67: Compacting 2 delta files.
I0103 06:27:05.656316 2398 delta_tracker.cc:551] T test_tablet_id P 3132a47bfcab457d848d1dc0d8c7cf67: Succesfully compacted the specified delta files.
I0103 06:27:05.656369 2398 delta_tracker.cc:407] T test_tablet_id P 3132a47bfcab457d848d1dc0d8c7cf67: Flushing compaction of 2 redo delta blocks { 3806468625905760296,3806468625905760324 } into block 3806468625905760335
I0103 06:27:05.656545 2401 mvcc.cc:203] Tried to move safe_time back from 4975 to 4962. Current Snapshot: MvccSnapshot[committed={T|T < 4926 or (T in {4927,4928,4930,4929,4931,4932,4933,4934,4935,4936,4937,4938,4939,4943,4942,4944,4945,4948,4947,4949,4950,4952,4954,4955,4956,4951,4958,4946,4957,4963,4959,4965,4966,4967,4968,4969,4971,4964,4973,4960,4975})}]
I0103 06:27:05.659734 2397 delta_tracker.cc:737] T test_tablet_id P 3132a47bfcab457d848d1dc0d8c7cf67: Flushing 1 deltas (763 bytes in memory) from DMS 2
I0103 06:27:05.660193 2397 delta_tracker.cc:677] T test_tablet_id P 3132a47bfcab457d848d1dc0d8c7cf67: Flushed delta block 3806468625905760336 (163 bytes on disk) stats: ts range=[4953, 4953], delete_count=[0], reinsert_count=[0], update_counts_by_col_id=[12:1]
I0103 06:27:05.665953 2405 mvcc.cc:203] Tried to move safe_time back from 4994 to 4974. Current Snapshot: MvccSnapshot[committed={T|T < 4940 or (T in {4943,4942,4944,4945,4948,4947,4949,4950,4952,4954,4955,4956,4951,4958,4946,4957,4963,4959,4965,4966,4967,4968,4969,4971,4964,4973,4960,4975,4962,4961,4970,4976,4981,4982,4979,4977,4980,4985,4986,4987,4988,4953,4989,4992,4991,4994,4993})}]
I0103 06:27:05.674810 2399 diskrowset.cc:578] T test_tablet_id P 3132a47bfcab457d848d1dc0d8c7cf67: RowSet(14): Major compacting REDO delta stores (cols: 12)
I0103 06:27:05.674917 2399 delta_compaction.cc:318] Starting major delta compaction for columns val INT32 NOT NULL
I0103 06:27:05.675081 2399 multi_column_writer.cc:98] Opened CFile writers for 1 column(s)
I0103 06:27:05.676729 2399 delta_compaction.cc:331] Finished major delta compaction of columns val INT32 NOT NULL. Compacted 3 delta files. Overall stats: delete_count=9, reinsert_count=0, update_count=29
I0103 06:27:05.679399 2408 mvcc.cc:203] Tried to move safe_time back from 5025 to 5005. Current Snapshot: MvccSnapshot[committed={T|T < 4972 or (T in {4973,4975,4976,4981,4982,4979,4977,4980,4985,4986,4987,4988,4989,4992,4991,4994,4993,4974,4996,4995,4998,5000,4984,5001,5002,5003,5004,4997,5007,5008,5009,5010,5011,5012,5014,4978,5016,5015,5017,4999,5019,5020,5021,5023,5024,5025,5013})}]
I0103 06:27:05.679975 2394 tablet.cc:1215] T test_tablet_id P 3132a47bfcab457d848d1dc0d8c7cf67: Flush: entering stage 1 (old memrowset already frozen for inserts)
I0103 06:27:05.680019 2394 compaction.cc:922] Selected 1 rowsets to compact:
I0103 06:27:05.680047 2394 compaction.cc:925] memrowset(current size on disk: ~0 bytes)
I0103 06:27:05.680074 2394 tablet.cc:1217] T test_tablet_id P 3132a47bfcab457d848d1dc0d8c7cf67: Memstore in-memory size: 7735 bytes
I0103 06:27:05.680223 2394 tablet.cc:1528] T test_tablet_id P 3132a47bfcab457d848d1dc0d8c7cf67: Flush: entering phase 1 (flushing snapshot). Phase 1 snapshot: MvccSnapshot[committed={T|T < 4983 or (T in {4985,4986,4987,4988,4989,4992,4991,4994,4993,4996,4995,4998,5000,4984,5001,5002,5003,5004,4997,5007,5008,5009,5010,5011,5012,5014,5016,5015,5017,4999,5019,5020,5021,5023,5024,5025,5013,5005})}]
I0103 06:27:05.680635 2394 multi_column_writer.cc:98] Opened CFile writers for 3 column(s)
I0103 06:27:05.683468 2394 tablet.cc:1614] T test_tablet_id P 3132a47bfcab457d848d1dc0d8c7cf67: Flush: entering phase 2 (starting to duplicate updates in new rowsets)
I0103 06:27:05.696969 2395 tablet.cc:1752] T test_tablet_id P 3132a47bfcab457d848d1dc0d8c7cf67: Compaction: stage 1 complete, picked 5 rowsets to compact or flush
I0103 06:27:05.696992 2395 compaction.cc:922] Selected 5 rowsets to compact:
I0103 06:27:05.696997 2395 compaction.cc:925] RowSet(11)(current size on disk: ~6620 bytes)
I0103 06:27:05.697008 2395 compaction.cc:925] RowSet(12)(current size on disk: ~8962 bytes)
I0103 06:27:05.697016 2395 compaction.cc:925] RowSet(13)(current size on disk: ~6861 bytes)
I0103 06:27:05.697022 2395 compaction.cc:925] RowSet(10)(current size on disk: ~26840 bytes)
I0103 06:27:05.697029 2395 compaction.cc:925] RowSet(14)(current size on disk: ~7732 bytes)
I0103 06:27:05.697039 2395 tablet.cc:1528] T test_tablet_id P 3132a47bfcab457d848d1dc0d8c7cf67: Compaction: entering phase 1 (flushing snapshot). Phase 1 snapshot: MvccSnapshot[committed={T|T < 5018 or (T in {5019,5020,5021,5023,5024,5025,5027,5030,5031,5032,5033,5036,5035,5037,5038,5039,5041,5022,5042,5043,5044,5045,5046,5047,5048,5049,5050,5052,5053,5054,5055,5057,5029,5058,5059,5060,5061,5034,5064,5065,5066,5067,5068,5069})}]
I0103 06:27:05.697639 2403 mvcc.cc:203] Tried to move safe_time back from 5071 to 5056. Current Snapshot: MvccSnapshot[committed={T|T < 5018 or (T in {5019,5020,5021,5023,5024,5025,5027,5030,5031,5032,5033,5036,5035,5037,5038,5039,5041,5022,5042,5043,5044,5045,5046,5047,5048,5049,5050,5052,5053,5054,5055,5057,5029,5058,5059,5060,5061,5034,5064,5065,5066,5067,5068,5069,5071,5040})}]
I0103 06:27:05.704874 2395 multi_column_writer.cc:98] Opened CFile writers for 3 column(s)
I0103 06:27:05.714264 2418 mvcc.cc:203] Tried to move safe_time back from 5101 to 5092. Current Snapshot: MvccSnapshot[committed={T|T < 5018 or (T in {5019,5020,5021,5023,5024,5025,5027,5030,5031,5032,5033,5036,5035,5037,5038,5039,5041,5022,5042,5043,5044,5045,5046,5047,5048,5049,5050,5052,5053,5054,5055,5057,5029,5058,5059,5060,5061,5034,5064,5065,5066,5067,5068,5069,5071,5040,5056,5026,5070,5028,5077,5078,5062,5079,5081,5082,5083,5063,5085,5073,5087,5086,5089,5090,5091,5088,5074,5093,5094,5095,5096,5097,5098,5099,5101})}]
I0103 06:27:05.730136 2394 tablet.cc:1669] T test_tablet_id P 3132a47bfcab457d848d1dc0d8c7cf67: Flush Phase 2: carrying over any updates which arrived during Phase 1
I0103 06:27:05.730163 2394 tablet.cc:1671] T test_tablet_id P 3132a47bfcab457d848d1dc0d8c7cf67: Phase 2 snapshot: MvccSnapshot[committed={T|T < 4983 or (T in {4985,4986,4987,4988,4989,4992,4991,4994,4993,4996,4995,4998,5000,4984,5001,5002,5003,5004,4997,5007,5008,5009,5010,5011,5012,5014,5016,5015,5017,4999,5019,5020,5021,5023,5024,5025,5013,5005,5027,5030,5031,5032,5033,5026,5022,4990,4983,5029,5018,5028,5006})}]
I0103 06:27:05.731715 2394 tablet.cc:1719] T test_tablet_id P 3132a47bfcab457d848d1dc0d8c7cf67: Flush successful on 9 rows (1 rowsets, 4809 bytes)
I0103 06:27:05.731849 2394 delta_tracker.cc:737] T test_tablet_id P 3132a47bfcab457d848d1dc0d8c7cf67: Flushing 1 deltas (763 bytes in memory) from DMS 3
I0103 06:27:05.732311 2394 delta_tracker.cc:677] T test_tablet_id P 3132a47bfcab457d848d1dc0d8c7cf67: Flushed delta block 3806468625905760352 (151 bytes on disk) stats: ts range=[4991, 4991], delete_count=[1], reinsert_count=[0], update_counts_by_col_id=[]
I0103 06:27:05.733358 2417 mvcc.cc:203] Tried to move safe_time back from 5141 to 5084. Current Snapshot: MvccSnapshot[committed={T|T < 5072 or (T in {5077,5078,5079,5081,5082,5083,5085,5073,5087,5086,5089,5090,5091,5088,5074,5093,5094,5095,5096,5097,5098,5099,5101,5092,5103,5104,5105,5106,5107,5100,5109,5108,5110,5111,5112,5113,5114,5115,5116,5117,5118,5076,5120,5121,5122,5123,5124,5126,5125,5127,5128,5130,5131,5119,5133,5134,5135,5136,5137,5138,5132,5140,5141,5139})}]
I0103 06:27:05.746039 2406 mvcc.cc:203] Tried to move safe_time back from 5184 to 5142. Current Snapshot: MvccSnapshot[committed={T|T < 5102 or (T in {5103,5104,5105,5106,5107,5109,5108,5110,5111,5112,5113,5114,5115,5116,5117,5118,5120,5121,5122,5123,5124,5126,5125,5127,5128,5130,5131,5119,5133,5134,5135,5136,5137,5138,5132,5140,5141,5139,5143,5144,5145,5146,5150,5151,5152,5153,5149,5154,5148,5156,5157,5158,5160,5161,5162,5163,5155,5164,5167,5166,5168,5169,5170,5172,5159,5171,5173,5175,5176,5177,5178,5179,5180,5181,5184})}]
I0103 06:27:05.761204 2397 delta_tracker.cc:737] T test_tablet_id P 3132a47bfcab457d848d1dc0d8c7cf67: Flushing 9 deltas (763 bytes in memory) from DMS 1
I0103 06:27:05.761663 2397 delta_tracker.cc:677] T test_tablet_id P 3132a47bfcab457d848d1dc0d8c7cf67: Flushed delta block 3806468625905760353 (235 bytes on disk) stats: ts range=[5035, 5108], delete_count=[1], reinsert_count=[0], update_counts_by_col_id=[12:8]
I0103 06:27:05.762826 2395 tablet.cc:1614] T test_tablet_id P 3132a47bfcab457d848d1dc0d8c7cf67: Compaction: entering phase 2 (starting to duplicate updates in new rowsets)
I0103 06:27:05.769791 2415 mvcc.cc:203] Tried to move safe_time back from 5242 to 5165. Current Snapshot: MvccSnapshot[committed={T|T < 5129 or (T in {5130,5131,5133,5134,5135,5136,5137,5138,5132,5140,5141,5139,5143,5144,5145,5146,5150,5151,5152,5153,5149,5154,5148,5156,5157,5158,5160,5161,5162,5163,5155,5164,5167,5166,5168,5169,5170,5172,5159,5171,5173,5175,5176,5177,5178,5179,5180,5181,5184,5142,5186,5187,5188,5189,5190,5185,5191,5193,5194,5195,5196,5197,5192,5198,5174,5200,5201,5202,5204,5205,5206,5207,5199,5208,5209,5211,5212,5213,5214,5210,5215,5216,5217,5218,5219,5220,5221,5222,5223,5224,5203,5225,5226,5228,5229,5230,5182,5231,5232,5233,5234,5235,5236,5237,5238,5239,5240,5241,5242})}]
I0103 06:27:05.769913 2394 tablet.cc:1215] T test_tablet_id P 3132a47bfcab457d848d1dc0d8c7cf67: Flush: entering stage 1 (old memrowset already frozen for inserts)
I0103 06:27:05.769933 2394 compaction.cc:922] Selected 1 rowsets to compact:
I0103 06:27:05.769937 2394 compaction.cc:925] memrowset(current size on disk: ~0 bytes)
I0103 06:27:05.769943 2394 tablet.cc:1217] T test_tablet_id P 3132a47bfcab457d848d1dc0d8c7cf67: Memstore in-memory size: 7735 bytes
I0103 06:27:05.770040 2394 tablet.cc:1528] T test_tablet_id P 3132a47bfcab457d848d1dc0d8c7cf67: Flush: entering phase 1 (flushing snapshot). Phase 1 snapshot: MvccSnapshot[committed={T|T < 5147 or (T in {5150,5151,5152,5153,5149,5154,5148,5156,5157,5158,5160,5161,5162,5163,5155,5164,5167,5166,5168,5169,5170,5172,5159,5171,5173,5175,5176,5177,5178,5179,5180,5181,5184,5186,5187,5188,5189,5190,5185,5191,5193,5194,5195,5196,5197,5192,5198,5174,5200,5201,5202,5204,5205,5206,5207,5199,5208,5209,5211,5212,5213,5214,5210,5215,5216,5217,5218,5219,5220,5221,5222,5223,5224,5203,5225,5226,5228,5229,5230,5182,5231,5232,5233,5234,5235,5236,5237,5238,5239,5240,5241,5242})}]
I0103 06:27:05.770530 2394 multi_column_writer.cc:98] Opened CFile writers for 3 column(s)
I0103 06:27:05.773484 2394 tablet.cc:1614] T test_tablet_id P 3132a47bfcab457d848d1dc0d8c7cf67: Flush: entering phase 2 (starting to duplicate updates in new rowsets)
I0103 06:27:05.778947 2399 diskrowset.cc:578] T test_tablet_id P 3132a47bfcab457d848d1dc0d8c7cf67: RowSet(15): Major compacting REDO delta stores (cols: 12)
I0103 06:27:05.779038 2399 delta_compaction.cc:318] Starting major delta compaction for columns val INT32 NOT NULL
I0103 06:27:05.779184 2399 multi_column_writer.cc:98] Opened CFile writers for 1 column(s)
I0103 06:27:05.780542 2399 delta_compaction.cc:331] Finished major delta compaction of columns val INT32 NOT NULL. Compacted 2 delta files. Overall stats: delete_count=9, reinsert_count=0, update_count=8
I0103 06:27:05.794147 2406 mvcc.cc:203] Tried to move safe_time back from 5291 to 5268. Current Snapshot: MvccSnapshot[committed={T|T < 5227 or (T in {5228,5229,5230,5231,5232,5233,5234,5235,5236,5237,5238,5239,5240,5241,5242,5245,5246,5247,5252,5249,5253,5254,5256,5255,5257,5259,5260,5262,5263,5264,5261,5251,5266,5267,5269,5248,5270,5271,5274,5250,5275,5276,5277,5278,5279,5280,5258,5282,5283,5284,5285,5286,5287,5288,5289,5291})}]
I0103 06:27:05.801811 2395 tablet.cc:1669] T test_tablet_id P 3132a47bfcab457d848d1dc0d8c7cf67: Compaction Phase 2: carrying over any updates which arrived during Phase 1
I0103 06:27:05.801846 2395 tablet.cc:1671] T test_tablet_id P 3132a47bfcab457d848d1dc0d8c7cf67: Phase 2 snapshot: MvccSnapshot[committed={T|T < 5129 or (T in {5130,5131,5133,5134,5135,5136,5137,5138,5132,5140,5141,5139,5143,5144,5145,5146,5150,5151,5152,5153,5149,5154,5148,5156,5157,5158,5160,5161,5162,5163,5155,5164,5167,5166,5168,5169,5170,5172,5159,5171,5173,5175,5176,5177,5178,5179,5180,5181,5184,5142,5186,5187,5188,5189,5190,5185,5191,5193,5194,5195,5196,5197,5192,5198,5174,5200,5201,5202,5204,5205,5206,5207,5199,5208,5209,5211,5212,5213,5214,5210,5215,5216,5217,5218,5219,5220,5221,5222,5223,5224,5203,5225,5226,5228,5229,5227,5183,5182,5165,5147,5129})}]
I0103 06:27:05.806998 2394 tablet.cc:1669] T test_tablet_id P 3132a47bfcab457d848d1dc0d8c7cf67: Flush Phase 2: carrying over any updates which arrived during Phase 1
I0103 06:27:05.807016 2394 tablet.cc:1671] T test_tablet_id P 3132a47bfcab457d848d1dc0d8c7cf67: Phase 2 snapshot: MvccSnapshot[committed={T|T < 5147 or (T in {5150,5151,5152,5153,5149,5154,5148,5156,5157,5158,5160,5161,5162,5163,5155,5164,5167,5166,5168,5169,5170,5172,5159,5171,5173,5175,5176,5177,5178,5179,5180,5181,5184,5186,5187,5188,5189,5190,5185,5191,5193,5194,5195,5196,5197,5192,5198,5174,5200,5201,5202,5204,5205,5206,5207,5199,5208,5209,5211,5212,5213,5214,5210,5215,5216,5217,5218,5219,5220,5221,5222,5223,5224,5203,5225,5226,5228,5229,5230,5182,5231,5232,5233,5234,5235,5236,5237,5238,5239,5240,5241,5242,5183,5245,5246,5247,5165,5248,5244,5243,5227,5147})}]
I0103 06:27:05.807377 2394 delta_tracker.cc:737] T test_tablet_id P 3132a47bfcab457d848d1dc0d8c7cf67: Flushing 13 deltas (763 bytes in memory) from DMS 1
I0103 06:27:05.807865 2394 delta_tracker.cc:677] T test_tablet_id P 3132a47bfcab457d848d1dc0d8c7cf67: Flushed delta block 3806468625905760363 (272 bytes on disk) stats: ts range=[5165, 5283], delete_count=[4], reinsert_count=[0], update_counts_by_col_id=[12:9]
I0103 06:27:05.809145 2402 mvcc.cc:203] Tried to move safe_time back from 5315 to 5273. Current Snapshot: MvccSnapshot[committed={T|T < 5265 or (T in {5266,5267,5269,5270,5271,5274,5275,5276,5277,5278,5279,5280,5282,5283,5284,5285,5286,5287,5288,5289,5291,5268,5292,5293,5295,5272,5296,5297,5298,5299,5303,5302,5305,5304,5306,5307,5308,5309,5311,5312,5313,5314,5315,5290,5301})}]
I0103 06:27:05.812036 2394 tablet.cc:1719] T test_tablet_id P 3132a47bfcab457d848d1dc0d8c7cf67: Flush successful on 9 rows (1 rowsets, 4762 bytes)
I0103 06:27:05.827364 2418 mvcc.cc:203] Tried to move safe_time back from 5351 to 5350. Current Snapshot: MvccSnapshot[committed={T|T < 5300 or (T in {5303,5302,5305,5304,5306,5307,5308,5309,5311,5312,5313,5314,5315,5301,5317,5319,5323,5324,5325,5326,5327,5328,5329,5330,5331,5322,5320,5335,5334,5336,5337,5338,5339,5321,5342,5343,5344,5345,5346,5347,5349,5333,5351})}]
I0103 06:27:05.838251 2415 mvcc.cc:203] Tried to move safe_time back from 5398 to 5392. Current Snapshot: MvccSnapshot[committed={T|T < 5300 or (T in {5303,5302,5305,5304,5306,5307,5308,5309,5311,5312,5313,5314,5315,5301,5317,5319,5323,5324,5325,5326,5327,5328,5329,5330,5331,5322,5320,5335,5334,5336,5337,5338,5339,5321,5342,5343,5344,5345,5346,5347,5349,5333,5351,5348,5318,5354,5353,5355,5352,5356,5358,5359,5360,5361,5362,5363,5364,5340,5366,5367,5368,5369,5370,5357,5371,5373,5374,5375,5376,5377,5378,5372,5379,5380,5332,5382,5384,5385,5386,5387,5388,5389,5383,5391,5393,5394,5395,5396,5397,5398})}]
I0103 06:27:05.849074 2416 mvcc.cc:203] Tried to move safe_time back from 5467 to 5461. Current Snapshot: MvccSnapshot[committed={T|T < 5310 or (T in {5311,5312,5313,5314,5315,5317,5319,5323,5324,5325,5326,5327,5328,5329,5330,5331,5322,5320,5335,5334,5336,5337,5338,5339,5321,5342,5343,5344,5345,5346,5347,5349,5333,5351,5348,5318,5354,5353,5355,5352,5356,5358,5359,5360,5361,5362,5363,5364,5340,5366,5367,5368,5369,5370,5357,5371,5373,5374,5375,5376,5377,5378,5372,5379,5380,5332,5382,5384,5385,5386,5387,5388,5389,5383,5391,5393,5394,5395,5396,5397,5398,5392,5399,5401,5402,5403,5404,5405,5406,5400,5316,5409,5410,5411,5412,5413,5415,5416,5417,5418,5419,5420,5421,5422,5414,5423,5425,5426,5427,5428,5429,5424,5430,5432,5433,5434,5435,5436,5431,5437,5439,5440,5441,5442,5443,5438,5407,5446,5447,5448,5449,5450,5451,5390,5452,5454,5455,5456,5457,5458,5459,5453,5460,5462,5463,5464,5465,5466})}]
I0103 06:27:05.856961 2394 tablet.cc:1215] T test_tablet_id P 3132a47bfcab457d848d1dc0d8c7cf67: Flush: entering stage 1 (old memrowset already frozen for inserts)
I0103 06:27:05.857014 2394 compaction.cc:922] Selected 1 rowsets to compact:
I0103 06:27:05.857038 2394 compaction.cc:925] memrowset(current size on disk: ~0 bytes)
I0103 06:27:05.857061 2394 tablet.cc:1217] T test_tablet_id P 3132a47bfcab457d848d1dc0d8c7cf67: Memstore in-memory size: 7735 bytes
I0103 06:27:05.859292 2398 delta_tracker.cc:182] T test_tablet_id P 3132a47bfcab457d848d1dc0d8c7cf67: Preparing to minor compact delta file: 3806468625905760359 (ts range=[5102, 5214], delete_count=[5], reinsert_count=[0], update_counts_by_col_id=[])
I0103 06:27:05.859347 2398 delta_tracker.cc:182] T test_tablet_id P 3132a47bfcab457d848d1dc0d8c7cf67: Preparing to minor compact delta file: 3806468625905760363 (ts range=[5165, 5283], delete_count=[4], reinsert_count=[0], update_counts_by_col_id=[12:9])
I0103 06:27:05.859398 2398 delta_tracker.cc:544] T test_tablet_id P 3132a47bfcab457d848d1dc0d8c7cf67: Compacting 2 delta files.
I0103 06:27:05.860106 2398 delta_tracker.cc:551] T test_tablet_id P 3132a47bfcab457d848d1dc0d8c7cf67: Succesfully compacted the specified delta files.
I0103 06:27:05.860158 2398 delta_tracker.cc:407] T test_tablet_id P 3132a47bfcab457d848d1dc0d8c7cf67: Flushing compaction of 2 redo delta blocks { 3806468625905760359,3806468625905760363 } into block 3806468625905760364
I0103 06:27:05.865934 2415 mvcc.cc:203] Tried to move safe_time back from 5501 to 5408. Current Snapshot: MvccSnapshot[committed={T|T < 5350 or (T in {5351,5354,5353,5355,5352,5356,5358,5359,5360,5361,5362,5363,5364,5366,5367,5368,5369,5370,5357,5371,5373,5374,5375,5376,5377,5378,5372,5379,5380,5382,5384,5385,5386,5387,5388,5389,5383,5391,5393,5394,5395,5396,5397,5398,5392,5399,5401,5402,5403,5404,5405,5406,5400,5409,5410,5411,5412,5413,5415,5416,5417,5418,5419,5420,5421,5422,5414,5423,5425,5426,5427,5428,5429,5424,5430,5432,5433,5434,5435,5436,5431,5437,5439,5440,5441,5442,5443,5438,5407,5446,5447,5448,5449,5450,5451,5390,5452,5454,5455,5456,5457,5458,5459,5453,5460,5462,5463,5464,5465,5466,5461,5467,5469,5470,5471,5472,5473,5468,5474,5477,5478,5479,5480,5481,5476,5482,5444,5486,5487,5488,5381,5485,5489,5490,5492,5491,5484,5494,5495,5496,5497,5498,5499,5500,5501,5483})}]
I0103 06:27:05.866031 2394 tablet.cc:1528] T test_tablet_id P 3132a47bfcab457d848d1dc0d8c7cf67: Flush: entering phase 1 (flushing snapshot). Phase 1 snapshot: MvccSnapshot[committed={T|T < 5350 or (T in {5351,5354,5353,5355,5352,5356,5358,5359,5360,5361,5362,5363,5364,5366,5367,5368,5369,5370,5357,5371,5373,5374,5375,5376,5377,5378,5372,5379,5380,5382,5384,5385,5386,5387,5388,5389,5383,5391,5393,5394,5395,5396,5397,5398,5392,5399,5401,5402,5403,5404,5405,5406,5400,5409,5410,5411,5412,5413,5415,5416,5417,5418,5419,5420,5421,5422,5414,5423,5425,5426,5427,5428,5429,5424,5430,5432,5433,5434,5435,5436,5431,5437,5439,5440,5441,5442,5443,5438,5407,5446,5447,5448,5449,5450,5451,5390,5452,5454,5455,5456,5457,5458,5459,5453,5460,5462,5463,5464,5465,5466,5461,5467,5469,5470,5471,5472,5473,5468,5474,5477,5478,5479,5480,5481,5476,5482,5444,5486,5487,5488,5381,5485,5489,5490,5492,5491,5484,5494,5495,5496,5497,5498,5499,5500,5501,5483})}]
I0103 06:27:05.866503 2394 multi_column_writer.cc:98] Opened CFile writers for 3 column(s)
I0103 06:27:05.870911 2394 tablet.cc:1614] T test_tablet_id P 3132a47bfcab457d848d1dc0d8c7cf67: Flush: entering phase 2 (starting to duplicate updates in new rowsets)
I0103 06:27:05.879216 2395 tablet.cc:1719] T test_tablet_id P 3132a47bfcab457d848d1dc0d8c7cf67: Compaction successful on 10 rows (1 rowsets, 4771 bytes)
I0103 06:27:05.884503 2409 mvcc.cc:203] Tried to move safe_time back from 5557 to 5532. Current Snapshot: MvccSnapshot[committed={T|T < 5475 or (T in {5477,5478,5479,5480,5481,5476,5482,5486,5487,5488,5485,5489,5490,5492,5491,5484,5494,5495,5496,5497,5498,5499,5500,5501,5483,5504,5505,5506,5507,5508,5509,5510,5511,5512,5513,5514,5515,5516,5517,5518,5519,5520,5521,5522,5524,5525,5526,5527,5528,5493,5531,5533,5534,5536,5535,5538,5537,5523,5502,5540,5539,5544,5546,5541,5547,5548,5549,5550,5551,5552,5553,5554,5555,5556,5557})}]
I0103 06:27:05.884759 2399 diskrowset.cc:578] T test_tablet_id P 3132a47bfcab457d848d1dc0d8c7cf67: RowSet(17): Major compacting REDO delta stores (cols: 12)
I0103 06:27:05.884846 2399 delta_compaction.cc:318] Starting major delta compaction for columns val INT32 NOT NULL
I0103 06:27:05.884996 2399 multi_column_writer.cc:98] Opened CFile writers for 1 column(s)
I0103 06:27:05.886528 2399 delta_compaction.cc:331] Finished major delta compaction of columns val INT32 NOT NULL. Compacted 1 delta files. Overall stats: delete_count=9, reinsert_count=0, update_count=9
I0103 06:27:05.893815 2401 mvcc.cc:203] Tried to move safe_time back from 5584 to 5572. Current Snapshot: MvccSnapshot[committed={T|T < 5475 or (T in {5477,5478,5479,5480,5481,5476,5482,5486,5487,5488,5485,5489,5490,5492,5491,5484,5494,5495,5496,5497,5498,5499,5500,5501,5483,5504,5505,5506,5507,5508,5509,5510,5511,5512,5513,5514,5515,5516,5517,5518,5519,5520,5521,5522,5524,5525,5526,5527,5528,5493,5531,5533,5534,5536,5535,5538,5537,5523,5502,5540,5539,5544,5546,5541,5547,5548,5549,5550,5551,5552,5553,5554,5555,5556,5557,5532,5559,5561,5562,5545,5564,5565,5530,5567,5568,5569,5542,5570,5560,5503,5573,5571,5558,5576,5577,5578,5579,5580,5581,5583,5566,5584,5582})}]
I0103 06:27:05.898015 2393 test_graph.cc:97] metrics: { "scope": "MultiThreadedTabletTest/0", "time": 1.253}
I0103 06:27:05.908095 2394 tablet.cc:1669] T test_tablet_id P 3132a47bfcab457d848d1dc0d8c7cf67: Flush Phase 2: carrying over any updates which arrived during Phase 1
