I0103 06:27:08.252967 2424 tablet.cc:1528] T test_tablet_id P 88c31c74c8164af4be640a4f8f03aa25: Flush: entering phase 1 (flushing snapshot). Phase 1 snapshot: MvccSnapshot[committed={T|T < 5926 or (T in {5926})}]
I0103 06:27:08.253296 2424 multi_column_writer.cc:98] Opened CFile writers for 3 column(s)
I0103 06:27:08.254601 2429 diskrowset.cc:578] T test_tablet_id P 88c31c74c8164af4be640a4f8f03aa25: RowSet(19): Major compacting REDO delta stores (cols: 12)
I0103 06:27:08.254696 2429 delta_compaction.cc:318] Starting major delta compaction for columns val INT32 NOT NULL
I0103 06:27:08.255208 2429 multi_column_writer.cc:98] Opened CFile writers for 1 column(s)
I0103 06:27:08.257129 2429 delta_compaction.cc:331] Finished major delta compaction of columns val INT32 NOT NULL. Compacted 2 delta files. Overall stats: delete_count=7, reinsert_count=0, update_count=1
I0103 06:27:08.258242 2443 mvcc.cc:203] Tried to move safe_time back from 5938 to 5928. Current Snapshot: MvccSnapshot[committed={T|T < 5928 or (T in {5929,5930,5931,5932,5933,5934,5935,5936,5937,5938})}]
I0103 06:27:08.267809 2435 mvcc.cc:203] Tried to move safe_time back from 6020 to 5984. Current Snapshot: MvccSnapshot[committed={T|T < 5940 or (T in {5941,5942,5943,5944,5945,5946,5947,5948,5949,5950,5951,5952,5958,5962,5963,5964,5954,5965,5967,5968,5969,5970,5966,5971,5973,5974,5975,5976,5972,5977,5979,5980,5981,5982,5978,5983,5985,5986,5987,5955,5988,5989,5990,5991,5992,5993,5995,5996,5997,5998,5999,5956,6000,6002,6003,6004,6005,6006,6001,6007,5994,6009,6010,6011,6012,6013,6014,6015,6016,6017,6018,6019,6020})}]
I0103 06:27:08.272177 2424 tablet.cc:1614] T test_tablet_id P 88c31c74c8164af4be640a4f8f03aa25: Flush: entering phase 2 (starting to duplicate updates in new rowsets)
I0103 06:27:08.274639 2442 mvcc.cc:203] Tried to move safe_time back from 6062 to 6021. Current Snapshot: MvccSnapshot[committed={T|T < 5953 or (T in {5958,5962,5963,5964,5954,5965,5967,5968,5969,5970,5966,5971,5973,5974,5975,5976,5972,5977,5979,5980,5981,5982,5978,5983,5985,5986,5987,5955,5988,5989,5990,5991,5992,5993,5995,5996,5997,5998,5999,5956,6000,6002,6003,6004,6005,6006,6001,6007,5994,6009,6010,6011,6012,6013,6014,6015,6016,6017,6018,6019,6020,5984,6022,6023,5960,6025,6026,6027,6028,6030,6031,6032,6033,6034,6008,6035,6037,6038,6039,6040,6036,6041,6043,6044,6045,6042,6046,6048,6049,6050,6051,6047,6052,6054,6055,6056,6057,6053,6024,5957,6060,6062})}]
I0103 06:27:08.286229 2448 mvcc.cc:203] Tried to move safe_time back from 6107 to 6100. Current Snapshot: MvccSnapshot[committed={T|T < 6059 or (T in {6060,6062,6064,6065,6067,6063,6069,6068,6070,6071,6072,6073,6074,6075,6066,6077,6081,6080,6082,6083,6084,6085,6086,6087,6088,6089,6090,6091,6092,6093,6094,6095,6096,6097,6101,6102,6103,6104,6105,6061,6107})}]
I0103 06:27:08.297813 2424 tablet.cc:1669] T test_tablet_id P 88c31c74c8164af4be640a4f8f03aa25: Flush Phase 2: carrying over any updates which arrived during Phase 1
I0103 06:27:08.297847 2424 tablet.cc:1671] T test_tablet_id P 88c31c74c8164af4be640a4f8f03aa25: Phase 2 snapshot: MvccSnapshot[committed={T|T < 5940 or (T in {5941,5942,5943,5944,5945,5946,5947,5948,5949,5950,5951,5952,5958,5962,5963,5964,5954,5965,5967,5968,5969,5970,5966,5971,5973,5974,5975,5976,5972,5977,5979,5980,5981,5982,5978,5983,5985,5986,5987,5955,5988,5989,5990,5991,5992,5993,5995,5996,5997,5998,5999,5956,6000,6002,6003,6004,6005,6006,6001,6007,5994,6009,6010,6011,6012,6013,6014,6015,6016,6017,6018,6019,6020,5984,6022,6023,5960,6025,6026,6027,6028,6030,6031,6032,6033,6034,6008,6035,6037,6038,6039,6040,6036,6041,6043,6044,6045,6042,6046,6048,6049,6050,6051,6047,6052,6054,6055,6056,6057,6053,6024,6029,6021,5961,6058,5959,5957,5953,5940})}]
I0103 06:27:08.298840 2424 delta_tracker.cc:737] T test_tablet_id P 88c31c74c8164af4be640a4f8f03aa25: Flushing 100 deltas (7735 bytes in memory) from DMS 1
I0103 06:27:08.299644 2424 delta_tracker.cc:677] T test_tablet_id P 88c31c74c8164af4be640a4f8f03aa25: Flushed delta block 5259313720060173948 (1146 bytes on disk) stats: ts range=[5955, 6096], delete_count=[0], reinsert_count=[0], update_counts_by_col_id=[12:100]
I0103 06:27:08.300819 2424 tablet.cc:1719] T test_tablet_id P 88c31c74c8164af4be640a4f8f03aa25: Flush successful on 8 rows (1 rowsets, 4599 bytes)
I0103 06:27:08.301467 2441 mvcc.cc:203] Tried to move safe_time back from 6155 to 6154. Current Snapshot: MvccSnapshot[committed={T|T < 6098 or (T in {6101,6102,6103,6104,6105,6107,6100,6109,6110,6112,6111,6113,6114,6115,6117,6118,6119,6120,6121,6123,6122,6124,6125,6126,6127,6128,6129,6130,6131,6133,6134,6135,6108,6136,6138,6139,6140,6141,6142,6144,6143,6145,6146,6147,6148,6149,6151,6152,6153,6137,6155})}]
I0103 06:27:08.312738 2438 mvcc.cc:203] Tried to move safe_time back from 6187 to 6184. Current Snapshot: MvccSnapshot[committed={T|T < 6099 or (T in {6101,6102,6103,6104,6105,6107,6100,6109,6110,6112,6111,6113,6114,6115,6117,6118,6119,6120,6121,6123,6122,6124,6125,6126,6127,6128,6129,6130,6131,6133,6134,6135,6108,6136,6138,6139,6140,6141,6142,6144,6143,6145,6146,6147,6148,6149,6151,6152,6153,6137,6155,6154,6106,6132,6158,6162,6164,6159,6165,6166,6167,6168,6169,6163,6157,6172,6173,6174,6175,6176,6177,6178,6179,6180,6181,6116,6156,6185,6182,6187})}]
I0103 06:27:08.330425 2427 delta_tracker.cc:737] T test_tablet_id P 88c31c74c8164af4be640a4f8f03aa25: Flushing 13 deltas (763 bytes in memory) from DMS 2
I0103 06:27:08.330931 2427 delta_tracker.cc:677] T test_tablet_id P 88c31c74c8164af4be640a4f8f03aa25: Flushed delta block 5259313720060173949 (277 bytes on disk) stats: ts range=[6078, 6231], delete_count=[3], reinsert_count=[0], update_counts_by_col_id=[12:10]
I0103 06:27:08.333386 2425 tablet.cc:1614] T test_tablet_id P 88c31c74c8164af4be640a4f8f03aa25: Compaction: entering phase 2 (starting to duplicate updates in new rowsets)
I0103 06:27:08.333695 2437 mvcc.cc:203] Tried to move safe_time back from 6247 to 6242. Current Snapshot: MvccSnapshot[committed={T|T < 6150 or (T in {6151,6152,6153,6155,6154,6158,6162,6164,6159,6165,6166,6167,6168,6169,6163,6157,6172,6173,6174,6175,6176,6177,6178,6179,6180,6181,6156,6185,6182,6187,6184,6188,6189,6171,6191,6192,6193,6170,6194,6195,6196,6197,6198,6199,6200,6201,6202,6186,6205,6206,6207,6208,6209,6210,6211,6212,6213,6214,6215,6161,6217,6218,6219,6220,6221,6222,6223,6224,6225,6226,6227,6160,6183,6230,6216,6231,6232,6233,6234,6235,6236,6237,6238,6239,6228,6243,6244,6245,6246,6247})}]
I0103 06:27:08.337955 2428 delta_tracker.cc:182] T test_tablet_id P 88c31c74c8164af4be640a4f8f03aa25: Preparing to minor compact delta file: 5259313720060173944 (ts range=[5659, 5926], delete_count=[5], reinsert_count=[0], update_counts_by_col_id=[])
I0103 06:27:08.337993 2428 delta_tracker.cc:182] T test_tablet_id P 88c31c74c8164af4be640a4f8f03aa25: Preparing to minor compact delta file: 5259313720060173948 (ts range=[5955, 6096], delete_count=[0], reinsert_count=[0], update_counts_by_col_id=[12:100])
I0103 06:27:08.338011 2428 delta_tracker.cc:182] T test_tablet_id P 88c31c74c8164af4be640a4f8f03aa25: Preparing to minor compact delta file: 5259313720060173949 (ts range=[6078, 6231], delete_count=[3], reinsert_count=[0], update_counts_by_col_id=[12:10])
I0103 06:27:08.338042 2424 tablet.cc:1215] T test_tablet_id P 88c31c74c8164af4be640a4f8f03aa25: Flush: entering stage 1 (old memrowset already frozen for inserts)
I0103 06:27:08.338057 2428 delta_tracker.cc:544] T test_tablet_id P 88c31c74c8164af4be640a4f8f03aa25: Compacting 3 delta files.
I0103 06:27:08.338062 2424 compaction.cc:922] Selected 1 rowsets to compact:
I0103 06:27:08.338066 2424 compaction.cc:925] memrowset(current size on disk: ~0 bytes)
I0103 06:27:08.338071 2424 tablet.cc:1217] T test_tablet_id P 88c31c74c8164af4be640a4f8f03aa25: Memstore in-memory size: 7735 bytes
I0103 06:27:08.338080 2424 tablet.cc:1528] T test_tablet_id P 88c31c74c8164af4be640a4f8f03aa25: Flush: entering phase 1 (flushing snapshot). Phase 1 snapshot: MvccSnapshot[committed={T|T < 6190 or (T in {6191,6192,6193,6194,6195,6196,6197,6198,6199,6200,6201,6202,6205,6206,6207,6208,6209,6210,6211,6212,6213,6214,6215,6217,6218,6219,6220,6221,6222,6223,6224,6225,6226,6227,6230,6216,6231,6232,6233,6234,6235,6236,6237,6238,6239,6228,6243,6244,6245,6246,6247,6242,6241,6204,6240,6203,6248,6249,6252,6251,6253,6254,6255})}]
I0103 06:27:08.338430 2424 multi_column_writer.cc:98] Opened CFile writers for 3 column(s)
I0103 06:27:08.339439 2428 delta_tracker.cc:551] T test_tablet_id P 88c31c74c8164af4be640a4f8f03aa25: Succesfully compacted the specified delta files.
I0103 06:27:08.339490 2428 delta_tracker.cc:407] T test_tablet_id P 88c31c74c8164af4be640a4f8f03aa25: Flushing compaction of 3 redo delta blocks { 5259313720060173944,5259313720060173948,5259313720060173949 } into block 5259313720060173950
I0103 06:27:08.340392 2424 tablet.cc:1614] T test_tablet_id P 88c31c74c8164af4be640a4f8f03aa25: Flush: entering phase 2 (starting to duplicate updates in new rowsets)
I0103 06:27:08.344698 2446 mvcc.cc:203] Tried to move safe_time back from 6269 to 6268. Current Snapshot: MvccSnapshot[committed={T|T < 6229 or (T in {6230,6231,6232,6233,6234,6235,6236,6237,6238,6239,6243,6244,6245,6246,6247,6242,6241,6240,6248,6249,6252,6251,6253,6254,6255,6250,6259,6257,6262,6263,6264,6265,6266,6267,6269})}]
I0103 06:27:08.349799 2425 tablet.cc:1669] T test_tablet_id P 88c31c74c8164af4be640a4f8f03aa25: Compaction Phase 2: carrying over any updates which arrived during Phase 1
I0103 06:27:08.349848 2425 tablet.cc:1671] T test_tablet_id P 88c31c74c8164af4be640a4f8f03aa25: Phase 2 snapshot: MvccSnapshot[committed={T|T < 6150 or (T in {6151,6152,6153,6155,6154,6158,6162,6164,6159,6165,6166,6167,6168,6169,6163,6157,6172,6173,6174,6175,6176,6177,6178,6179,6180,6181,6156,6185,6182,6187,6184,6188,6189,6171,6191,6192,6193,6170,6194,6195,6196,6197,6198,6199,6200,6201,6202,6186,6205,6206,6207,6208,6209,6210,6211,6212,6213,6214,6215,6161,6217,6218,6219,6220,6221,6222,6223,6224,6225,6226,6227,6160,6183,6230,6216,6231,6232,6233,6234,6235,6236,6237,6238,6239,6228,6243,6244,6245,6246,6247,6242,6241,6240,6229,6203,6190,6204,6150})}]
I0103 06:27:08.354804 2424 tablet.cc:1669] T test_tablet_id P 88c31c74c8164af4be640a4f8f03aa25: Flush Phase 2: carrying over any updates which arrived during Phase 1
I0103 06:27:08.354826 2424 tablet.cc:1671] T test_tablet_id P 88c31c74c8164af4be640a4f8f03aa25: Phase 2 snapshot: MvccSnapshot[committed={T|T < 6190 or (T in {6191,6192,6193,6194,6195,6196,6197,6198,6199,6200,6201,6202,6205,6206,6207,6208,6209,6210,6211,6212,6213,6214,6215,6217,6218,6219,6220,6221,6222,6223,6224,6225,6226,6227,6230,6216,6231,6232,6233,6234,6235,6236,6237,6238,6239,6228,6243,6244,6245,6246,6247,6242,6241,6204,6240,6203,6248,6249,6252,6251,6253,6254,6255,6258,6257,6250,6229,6256,6190})}]
I0103 06:27:08.357993 2443 mvcc.cc:203] Tried to move safe_time back from 6302 to 6287. Current Snapshot: MvccSnapshot[committed={T|T < 6273 or (T in {6274,6276,6277,6278,6279,6280,6281,6282,6283,6275,6288,6291,6293,6294,6284,6296,6298,6292,6300,6301,6302})}]
I0103 06:27:08.362291 2429 diskrowset.cc:578] T test_tablet_id P 88c31c74c8164af4be640a4f8f03aa25: RowSet(21): Major compacting REDO delta stores (cols: 12)
I0103 06:27:08.362556 2429 delta_compaction.cc:318] Starting major delta compaction for columns val INT32 NOT NULL
I0103 06:27:08.362759 2429 multi_column_writer.cc:98] Opened CFile writers for 1 column(s)
I0103 06:27:08.364538 2429 delta_compaction.cc:331] Finished major delta compaction of columns val INT32 NOT NULL. Compacted 1 delta files. Overall stats: delete_count=8, reinsert_count=0, update_count=110
I0103 06:27:08.365797 2423 test_graph.cc:97] metrics: { "scope": "MultiThreadedTabletTest/2", "time": 1.252}
I0103 06:27:08.378057 2444 mvcc.cc:203] Tried to move safe_time back from 6349 to 6295. Current Snapshot: MvccSnapshot[committed={T|T < 6290 or (T in {6291,6293,6294,6296,6298,6292,6300,6301,6302,6304,6305,6306,6307,6308,6309,6310,6311,6312,6299,6316,6318,6317,6319,6320,6321,6322,6323,6324,6325,6315,6328,6329,6330,6331,6332,6333,6334,6335,6336,6337,6303,6338,6340,6341,6342,6343,6344,6345,6346,6348,6327,6349})}]
I0103 06:27:08.388154 2425 tablet.cc:1719] T test_tablet_id P 88c31c74c8164af4be640a4f8f03aa25: Compaction successful on 10 rows (1 rowsets, 4644 bytes)
I0103 06:27:08.392251 2446 mvcc.cc:203] Tried to move safe_time back from 6407 to 6406. Current Snapshot: MvccSnapshot[committed={T|T < 6290 or (T in {6291,6293,6294,6296,6298,6292,6300,6301,6302,6304,6305,6306,6307,6308,6309,6310,6311,6312,6299,6316,6318,6317,6319,6320,6321,6322,6323,6324,6325,6315,6328,6329,6330,6331,6332,6333,6334,6335,6336,6337,6303,6338,6340,6341,6342,6343,6344,6345,6346,6348,6327,6349,6295,6313,6351,6352,6353,6354,6347,6355,6356,6357,6358,6359,6350,6362,6363,6364,6365,6366,6367,6368,6369,6370,6371,6372,6373,6361,6376,6377,6378,6379,6380,6381,6360,6382,6385,6384,6375,6386,6387,6388,6389,6390,6391,6297,6392,6393,6394,6396,6395,6397,6398,6399,6400,6401,6402,6403,6404,6405,6407})}]
I0103 06:27:08.397069 2424 tablet.cc:1719] T test_tablet_id P 88c31c74c8164af4be640a4f8f03aa25: Flush successful on 8 rows (1 rowsets, 4599 bytes)
I0103 06:27:08.401876 2436 mvcc.cc:203] Tried to move safe_time back from 6465 to 6419. Current Snapshot: MvccSnapshot[committed={T|T < 6326 or (T in {6328,6329,6330,6331,6332,6333,6334,6335,6336,6337,6338,6340,6341,6342,6343,6344,6345,6346,6348,6327,6349,6351,6352,6353,6354,6347,6355,6356,6357,6358,6359,6350,6362,6363,6364,6365,6366,6367,6368,6369,6370,6371,6372,6373,6361,6376,6377,6378,6379,6380,6381,6360,6382,6385,6384,6375,6386,6387,6388,6389,6390,6391,6392,6393,6394,6396,6395,6397,6398,6399,6400,6401,6402,6403,6404,6405,6407,6406,6408,6409,6410,6411,6412,6413,6414,6415,6416,6418,6417,6420,6421,6422,6423,6425,6424,6426,6427,6428,6429,6430,6432,6433,6434,6435,6436,6437,6438,6439,6383,6440,6443,6442,6445,6444,6446,6447,6448,6449,6450,6451,6453,6455,6454,6456,6457,6458,6459,6460,6462,6461,6463,6464,6465})}]
I0103 06:27:08.407199 2440 mvcc.cc:203] Tried to move safe_time back from 6500 to 6495. Current Snapshot: MvccSnapshot[committed={T|T < 6374 or (T in {6376,6377,6378,6379,6380,6381,6382,6385,6384,6375,6386,6387,6388,6389,6390,6391,6392,6393,6394,6396,6395,6397,6398,6399,6400,6401,6402,6403,6404,6405,6407,6406,6408,6409,6410,6411,6412,6413,6414,6415,6416,6418,6417,6420,6421,6422,6423,6425,6424,6426,6427,6428,6429,6430,6432,6433,6434,6435,6436,6437,6438,6439,6383,6440,6443,6442,6445,6444,6446,6447,6448,6449,6450,6451,6453,6455,6454,6456,6457,6458,6459,6460,6462,6461,6463,6464,6465,6419,6441,6468,6469,6470,6471,6473,6472,6431,6466,6474,6476,6475,6478,6479,6480,6481,6482,6483,6484,6485,6488,6487,6489,6491,6492,6490,6493,6496,6497,6498,6499,6500})}]
I0103 06:27:08.410876 2440 mvcc.cc:203] Tried to move safe_time back from 6533 to 6530. Current Snapshot: MvccSnapshot[committed={T|T < 6374 or (T in {6376,6377,6378,6379,6380,6381,6382,6385,6384,6375,6386,6387,6388,6389,6390,6391,6392,6393,6394,6396,6395,6397,6398,6399,6400,6401,6402,6403,6404,6405,6407,6406,6408,6409,6410,6411,6412,6413,6414,6415,6416,6418,6417,6420,6421,6422,6423,6425,6424,6426,6427,6428,6429,6430,6432,6433,6434,6435,6436,6437,6438,6439,6383,6440,6443,6442,6445,6444,6446,6447,6448,6449,6450,6451,6453,6455,6454,6456,6457,6458,6459,6460,6462,6461,6463,6464,6465,6419,6441,6468,6469,6470,6471,6473,6472,6431,6466,6474,6476,6475,6478,6479,6480,6481,6482,6483,6484,6485,6488,6487,6489,6491,6492,6490,6493,6496,6497,6498,6499,6500,6495,6501,6502,6504,6505,6506,6507,6509,6503,6510,6477,6452,6514,6513,6511,6515,6517,6518,6512,6508,6519,6521,6522,6524,6525,6528,6523,6529,6527,6531,6533})}]
I0103 06:27:08.418638 2448 mvcc.cc:203] Tried to move safe_time back from 6572 to 6570. Current Snapshot: MvccSnapshot[committed={T|T < 6374 or (T in {6376,6377,6378,6379,6380,6381,6382,6385,6384,6375,6386,6387,6388,6389,6390,6391,6392,6393,6394,6396,6395,6397,6398,6399,6400,6401,6402,6403,6404,6405,6407,6406,6408,6409,6410,6411,6412,6413,6414,6415,6416,6418,6417,6420,6421,6422,6423,6425,6424,6426,6427,6428,6429,6430,6432,6433,6434,6435,6436,6437,6438,6439,6383,6440,6443,6442,6445,6444,6446,6447,6448,6449,6450,6451,6453,6455,6454,6456,6457,6458,6459,6460,6462,6461,6463,6464,6465,6419,6441,6468,6469,6470,6471,6473,6472,6431,6466,6474,6476,6475,6478,6479,6480,6481,6482,6483,6484,6485,6488,6487,6489,6491,6492,6490,6493,6496,6497,6498,6499,6500,6495,6501,6502,6504,6505,6506,6507,6509,6503,6510,6477,6452,6514,6513,6511,6515,6517,6518,6512,6508,6519,6521,6522,6524,6525,6528,6523,6529,6527,6531,6533,6530,6534,6532,6536,6538,6535,6537,6539,6467,6542,6540,6543,6544,6545,6546,6548,6549,6550,6551,6552,6520,6494,6554,6555,6556,6557,6558,6559,6560,6561,6562,6563,6564,6565,6566,6516,6541,6571,6572})}]
I0103 06:27:08.422659 2449 mvcc.cc:203] Tried to move safe_time back from 6595 to 6583. Current Snapshot: MvccSnapshot[committed={T|T < 6486 or (T in {6488,6487,6489,6491,6492,6490,6493,6496,6497,6498,6499,6500,6495,6501,6502,6504,6505,6506,6507,6509,6503,6510,6514,6513,6511,6515,6517,6518,6512,6508,6519,6521,6522,6524,6525,6528,6523,6529,6527,6531,6533,6530,6534,6532,6536,6538,6535,6537,6539,6542,6540,6543,6544,6545,6546,6548,6549,6550,6551,6552,6520,6494,6554,6555,6556,6557,6558,6559,6560,6561,6562,6563,6564,6565,6566,6516,6541,6571,6572,6570,6573,6575,6576,6574,6577,6579,6580,6581,6578,6582,6584,6585,6568,6587,6589,6586,6567,6590,6526,6594,6592,6593,6595})}]
I0103 06:27:08.425009 2434 mvcc.cc:203] Tried to move safe_time back from 6626 to 6623. Current Snapshot: MvccSnapshot[committed={T|T < 6486 or (T in {6488,6487,6489,6491,6492,6490,6493,6496,6497,6498,6499,6500,6495,6501,6502,6504,6505,6506,6507,6509,6503,6510,6514,6513,6511,6515,6517,6518,6512,6508,6519,6521,6522,6524,6525,6528,6523,6529,6527,6531,6533,6530,6534,6532,6536,6538,6535,6537,6539,6542,6540,6543,6544,6545,6546,6548,6549,6550,6551,6552,6520,6494,6554,6555,6556,6557,6558,6559,6560,6561,6562,6563,6564,6565,6566,6516,6541,6571,6572,6570,6573,6575,6576,6574,6577,6579,6580,6581,6578,6582,6584,6585,6568,6587,6589,6586,6567,6590,6526,6594,6592,6593,6595,6583,6598,6600,6596,6601,6602,6597,6604,6605,6603,6607,6608,6588,6606,6610,6613,6614,6615,6612,6611,6616,6619,6620,6621,6617,6618,6622,6624,6626})}]
I0103 06:27:08.428014 2449 mvcc.cc:203] Tried to move safe_time back from 6644 to 6642. Current Snapshot: MvccSnapshot[committed={T|T < 6547 or (T in {6548,6549,6550,6551,6552,6554,6555,6556,6557,6558,6559,6560,6561,6562,6563,6564,6565,6566,6571,6572,6570,6573,6575,6576,6574,6577,6579,6580,6581,6578,6582,6584,6585,6568,6587,6589,6586,6567,6590,6594,6592,6593,6595,6583,6598,6600,6596,6601,6602,6597,6604,6605,6603,6607,6608,6588,6606,6610,6613,6614,6615,6612,6611,6616,6619,6620,6621,6617,6618,6622,6624,6626,6623,6609,6627,6628,6599,6569,6630,6591,6634,6631,6635,6638,6639,6637,6640,6633,6625,6643,6644})}]
I0103 06:27:08.433209 2441 mvcc.cc:203] Tried to move safe_time back from 6675 to 6674. Current Snapshot: MvccSnapshot[committed={T|T < 6629 or (T in {6630,6634,6631,6635,6638,6639,6637,6640,6633,6643,6644,6642,6647,6648,6649,6646,6650,6652,6653,6654,6651,6656,6657,6658,6641,6659,6660,6655,6662,6663,6665,6664,6667,6666,6669,6671,6670,6672,6673,6675})}]
I0103 06:27:08.437780 2424 tablet.cc:1215] T test_tablet_id P 88c31c74c8164af4be640a4f8f03aa25: Flush: entering stage 1 (old memrowset already frozen for inserts)
I0103 06:27:08.437829 2424 compaction.cc:922] Selected 1 rowsets to compact:
I0103 06:27:08.437862 2424 compaction.cc:925] memrowset(current size on disk: ~0 bytes)
I0103 06:27:08.437886 2424 tablet.cc:1217] T test_tablet_id P 88c31c74c8164af4be640a4f8f03aa25: Memstore in-memory size: 15703 bytes
I0103 06:27:08.438838 2443 mvcc.cc:203] Tried to move safe_time back from 6704 to 6703. Current Snapshot: MvccSnapshot[committed={T|T < 6632 or (T in {6634,6635,6638,6639,6637,6640,6633,6643,6644,6642,6647,6648,6649,6646,6650,6652,6653,6654,6651,6656,6657,6658,6641,6659,6660,6655,6662,6663,6665,6664,6667,6666,6669,6671,6670,6672,6673,6675,6674,6676,6677,6679,6661,6680,6681,6682,6683,6684,6687,6686,6685,6691,6688,6692,6690,6668,6695,6696,6697,6698,6699,6700,6701,6689,6645,6704})}]
I0103 06:27:08.441836 2424 tablet.cc:1528] T test_tablet_id P 88c31c74c8164af4be640a4f8f03aa25: Flush: entering phase 1 (flushing snapshot). Phase 1 snapshot: MvccSnapshot[committed={T|T < 6632 or (T in {6634,6635,6638,6639,6637,6640,6633,6643,6644,6642,6647,6648,6649,6646,6650,6652,6653,6654,6651,6656,6657,6658,6641,6659,6660,6655,6662,6663,6665,6664,6667,6666,6669,6671,6670,6672,6673,6675,6674,6676,6677,6679,6661,6680,6681,6682,6683,6684,6687,6686,6685,6691,6688,6692,6690,6668,6695,6696,6697,6698,6699,6700,6701,6689,6645,6704,6703,6705,6706,6707,6709,6708,6710,6711,6712,6714,6713,6716,6702,6717,6718,6719,6721,6720})}]
I0103 06:27:08.442265 2424 multi_column_writer.cc:98] Opened CFile writers for 3 column(s)
I0103 06:27:08.445298 2424 tablet.cc:1614] T test_tablet_id P 88c31c74c8164af4be640a4f8f03aa25: Flush: entering phase 2 (starting to duplicate updates in new rowsets)
I0103 06:27:08.446136 2440 mvcc.cc:203] Tried to move safe_time back from 6739 to 6735. Current Snapshot: MvccSnapshot[committed={T|T < 6694 or (T in {6695,6696,6697,6698,6699,6700,6701,6704,6703,6705,6706,6707,6709,6708,6710,6711,6712,6714,6713,6716,6702,6717,6718,6719,6721,6720,6724,6725,6726,6727,6728,6729,6730,6731,6722,6734,6736,6737,6739})}]
I0103 06:27:08.462947 2445 mvcc.cc:203] Tried to move safe_time back from 6763 to 6761. Current Snapshot: MvccSnapshot[committed={T|T < 6723 or (T in {6724,6725,6726,6727,6728,6729,6730,6731,6734,6736,6737,6739,6742,6735,6745,6744,6746,6747,6748,6749,6750,6751,6752,6740,6753,6755,6756,6738,6743,6759,6760,6763})}]
I0103 06:27:08.470618 2438 mvcc.cc:203] Tried to move safe_time back from 6813 to 6809. Current Snapshot: MvccSnapshot[committed={T|T < 6723 or (T in {6724,6725,6726,6727,6728,6729,6730,6731,6734,6736,6737,6739,6742,6735,6745,6744,6746,6747,6748,6749,6750,6751,6752,6740,6753,6755,6756,6738,6743,6759,6760,6763,6762,6761,6764,6766,6765,6767,6768,6769,6733,6771,6772,6773,6774,6775,6776,6777,6778,6779,6757,6781,6782,6770,6783,6785,6786,6788,6787,6789,6790,6792,6791,6793,6794,6795,6796,6797,6784,6798,6754,6800,6801,6802,6803,6804,6805,6806,6807,6808,6799,6810,6811,6813})}]
I0103 06:27:08.479084 2444 mvcc.cc:203] Tried to move safe_time back from 6857 to 6741. Current Snapshot: MvccSnapshot[committed={T|T < 6732 or (T in {6734,6736,6737,6739,6742,6735,6745,6744,6746,6747,6748,6749,6750,6751,6752,6740,6753,6755,6756,6738,6743,6759,6760,6763,6762,6761,6764,6766,6765,6767,6768,6769,6733,6771,6772,6773,6774,6775,6776,6777,6778,6779,6757,6781,6782,6770,6783,6785,6786,6788,6787,6789,6790,6792,6791,6793,6794,6795,6796,6797,6784,6798,6754,6800,6801,6802,6803,6804,6805,6806,6807,6808,6799,6810,6811,6813,6809,6814,6815,6816,6817,6818,6819,6821,6780,6822,6823,6824,6825,6826,6827,6829,6812,6831,6830,6832,6834,6758,6836,6837,6839,6838,6841,6828,6842,6843,6844,6845,6846,6847,6848,6849,6835,6833,6852,6851,6853,6854,6855,6856,6857})}]
I0103 06:27:08.488579 2436 mvcc.cc:203] Tried to move safe_time back from 6899 to 6898. Current Snapshot: MvccSnapshot[committed={T|T < 6732 or (T in {6734,6736,6737,6739,6742,6735,6745,6744,6746,6747,6748,6749,6750,6751,6752,6740,6753,6755,6756,6738,6743,6759,6760,6763,6762,6761,6764,6766,6765,6767,6768,6769,6733,6771,6772,6773,6774,6775,6776,6777,6778,6779,6757,6781,6782,6770,6783,6785,6786,6788,6787,6789,6790,6792,6791,6793,6794,6795,6796,6797,6784,6798,6754,6800,6801,6802,6803,6804,6805,6806,6807,6808,6799,6810,6811,6813,6809,6814,6815,6816,6817,6818,6819,6821,6780,6822,6823,6824,6825,6826,6827,6829,6812,6831,6830,6832,6834,6758,6836,6837,6839,6838,6841,6828,6842,6843,6844,6845,6846,6847,6848,6849,6835,6833,6852,6851,6853,6854,6855,6856,6857,6820,6741,6862,6861,6840,6866,6865,6867,6868,6869,6860,6871,6872,6873,6874,6864,6875,6877,6878,6879,6880,6850,6881,6882,6883,6884,6885,6886,6870,6863,6887,6889,6891,6892,6893,6894,6895,6896,6897})}]
I0103 06:27:08.489046 2425 tablet.cc:1752] T test_tablet_id P 88c31c74c8164af4be640a4f8f03aa25: Compaction: stage 1 complete, picked 4 rowsets to compact or flush
I0103 06:27:08.489069 2425 compaction.cc:922] Selected 4 rowsets to compact:
I0103 06:27:08.489073 2425 compaction.cc:925] RowSet(19)(current size on disk: ~7585 bytes)
I0103 06:27:08.489081 2425 compaction.cc:925] RowSet(21)(current size on disk: ~8154 bytes)
I0103 06:27:08.489087 2425 compaction.cc:925] RowSet(20)(current size on disk: ~39740 bytes)
I0103 06:27:08.489092 2425 compaction.cc:925] RowSet(22)(current size on disk: ~6059 bytes)
I0103 06:27:08.489101 2425 tablet.cc:1528] T test_tablet_id P 88c31c74c8164af4be640a4f8f03aa25: Compaction: entering phase 1 (flushing snapshot). Phase 1 snapshot: MvccSnapshot[committed={T|T < 6732 or (T in {6734,6736,6737,6739,6742,6735,6745,6744,6746,6747,6748,6749,6750,6751,6752,6740,6753,6755,6756,6738,6743,6759,6760,6763,6762,6761,6764,6766,6765,6767,6768,6769,6733,6771,6772,6773,6774,6775,6776,6777,6778,6779,6757,6781,6782,6770,6783,6785,6786,6788,6787,6789,6790,6792,6791,6793,6794,6795,6796,6797,6784,6798,6754,6800,6801,6802,6803,6804,6805,6806,6807,6808,6799,6810,6811,6813,6809,6814,6815,6816,6817,6818,6819,6821,6780,6822,6823,6824,6825,6826,6827,6829,6812,6831,6830,6832,6834,6758,6836,6837,6839,6838,6841,6828,6842,6843,6844,6845,6846,6847,6848,6849,6835,6833,6852,6851,6853,6854,6855,6856,6857,6820,6741,6862,6861,6840,6866,6865,6867,6868,6869,6860,6871,6872,6873,6874,6864,6875,6877,6878,6879,6880,6850,6881,6882,6883,6884,6885,6886,6870,6863,6887,6889,6891,6892,6893,6894,6895,6896,6897,6898,6890})}]
I0103 06:27:08.489347 2424 tablet.cc:1669] T test_tablet_id P 88c31c74c8164af4be640a4f8f03aa25: Flush Phase 2: carrying over any updates which arrived during Phase 1
I0103 06:27:08.489365 2424 tablet.cc:1671] T test_tablet_id P 88c31c74c8164af4be640a4f8f03aa25: Phase 2 snapshot: MvccSnapshot[committed={T|T < 6694 or (T in {6695,6696,6697,6698,6699,6700,6701,6704,6703,6705,6706,6707,6709,6708,6710,6711,6712,6714,6713,6716,6702,6717,6718,6719,6721,6720,6724,6725,6726,6727,6728,6729,6730,6731,6722,6734,6736,6737,6739,6742,6741,6740,6735,6732,6723,6738,6694,6715,6733})}]
I0103 06:27:08.490175 2424 delta_tracker.cc:737] T test_tablet_id P 88c31c74c8164af4be640a4f8f03aa25: Flushing 10 deltas (763 bytes in memory) from DMS 1
I0103 06:27:08.490845 2424 delta_tracker.cc:677] T test_tablet_id P 88c31c74c8164af4be640a4f8f03aa25: Flushed delta block 5259313720060173966 (244 bytes on disk) stats: ts range=[6694, 6785], delete_count=[1], reinsert_count=[0], update_counts_by_col_id=[12:9]
I0103 06:27:08.492071 2424 tablet.cc:1719] T test_tablet_id P 88c31c74c8164af4be640a4f8f03aa25: Flush successful on 10 rows (1 rowsets, 4666 bytes)
I0103 06:27:08.494668 2425 multi_column_writer.cc:98] Opened CFile writers for 3 column(s)
I0103 06:27:08.498745 2433 mvcc.cc:203] Tried to move safe_time back from 6916 to 6915. Current Snapshot: MvccSnapshot[committed={T|T < 6902 or (T in {6910,6908,6912,6913,6904,6911,6916})}]
I0103 06:27:08.514237 2444 mvcc.cc:203] Tried to move safe_time back from 6967 to 6909. Current Snapshot: MvccSnapshot[committed={T|T < 6903 or (T in {6910,6908,6912,6913,6904,6911,6916,6915,6914,6918,6919,6920,6921,6922,6924,6917,6926,6927,6928,6929,6930,6932,6933,6934,6936,6925,6937,6938,6939,6940,6941,6942,6943,6944,6945,6931,6947,6905,6949,6951,6952,6953,6954,6955,6950,6956,6958,6959,6960,6961,6957,6962,6964,6965,6966,6967,6963})}]
I0103 06:27:08.521847 2440 mvcc.cc:203] Tried to move safe_time back from 7005 to 6981. Current Snapshot: MvccSnapshot[committed={T|T < 6906 or (T in {6910,6908,6912,6913,6911,6916,6915,6914,6918,6919,6920,6921,6922,6924,6917,6926,6927,6928,6929,6930,6932,6933,6934,6936,6925,6937,6938,6939,6940,6941,6942,6943,6944,6945,6931,6947,6949,6951,6952,6953,6954,6955,6950,6956,6958,6959,6960,6961,6957,6962,6964,6965,6966,6967,6963,6909,6969,6970,6973,6971,6974,6976,6977,6978,6979,6975,6980,6948,6982,6983,6984,6972,6935,6987,6988,6990,6907,6991,6993,6994,6995,6992,6996,6997,6998,6999,7000,7001,7002,6923,7003,7005})}]
I0103 06:27:08.534096 2431 mvcc.cc:203] Tried to move safe_time back from 7046 to 7044. Current Snapshot: MvccSnapshot[committed={T|T < 6906 or (T in {6910,6908,6912,6913,6911,6916,6915,6914,6918,6919,6920,6921,6922,6924,6917,6926,6927,6928,6929,6930,6932,6933,6934,6936,6925,6937,6938,6939,6940,6941,6942,6943,6944,6945,6931,6947,6949,6951,6952,6953,6954,6955,6950,6956,6958,6959,6960,6961,6957,6962,6964,6965,6966,6967,6963,6909,6969,6970,6973,6971,6974,6976,6977,6978,6979,6975,6980,6948,6982,6983,6984,6972,6935,6987,6988,6990,6907,6991,6993,6994,6995,6992,6996,6997,6998,6999,7000,7001,7002,6923,7003,7005,6981,7008,7009,7007,7010,7012,7013,7014,7015,7011,7016,7018,7019,7020,7021,7017,7022,7023,7025,7026,7027,7028,7029,7030,6968,7032,7033,7031,6985,7035,7036,7038,7037,7039,6986,7041,7042,7043,7034,7046})}]
I0103 06:27:08.540868 2428 delta_tracker.cc:182] T test_tablet_id P 88c31c74c8164af4be640a4f8f03aa25: Preparing to minor compact delta file: 5259313720060173965 (ts range=[6339, 6659], delete_count=[9], reinsert_count=[0], update_counts_by_col_id=[])
I0103 06:27:08.540922 2428 delta_tracker.cc:182] T test_tablet_id P 88c31c74c8164af4be640a4f8f03aa25: Preparing to minor compact delta file: 5259313720060173966 (ts range=[6694, 6785], delete_count=[1], reinsert_count=[0], update_counts_by_col_id=[12:9])
I0103 06:27:08.540973 2428 delta_tracker.cc:544] T test_tablet_id P 88c31c74c8164af4be640a4f8f03aa25: Compacting 2 delta files.
I0103 06:27:08.541740 2428 delta_tracker.cc:551] T test_tablet_id P 88c31c74c8164af4be640a4f8f03aa25: Succesfully compacted the specified delta files.
I0103 06:27:08.541823 2433 mvcc.cc:203] Tried to move safe_time back from 7087 to 6946. Current Snapshot: MvccSnapshot[committed={T|T < 6906 or (T in {6910,6908,6912,6913,6911,6916,6915,6914,6918,6919,6920,6921,6922,6924,6917,6926,6927,6928,6929,6930,6932,6933,6934,6936,6925,6937,6938,6939,6940,6941,6942,6943,6944,6945,6931,6947,6949,6951,6952,6953,6954,6955,6950,6956,6958,6959,6960,6961,6957,6962,6964,6965,6966,6967,6963,6909,6969,6970,6973,6971,6974,6976,6977,6978,6979,6975,6980,6948,6982,6983,6984,6972,6935,6987,6988,6990,6907,6991,6993,6994,6995,6992,6996,6997,6998,6999,7000,7001,7002,6923,7003,7005,6981,7008,7009,7007,7010,7012,7013,7014,7015,7011,7016,7018,7019,7020,7021,7017,7022,7023,7025,7026,7027,7028,7029,7030,6968,7032,7033,7031,6985,7035,7036,7038,7037,7039,6986,7041,7042,7043,7034,7046,7044,7047,7049,7050,7051,7052,7048,7053,7055,7056,7057,7054,7058,7060,7061,7062,7063,7059,7064,7066,7067,7068,7069,7065,7070,7072,7073,7074,7004,7075,6989,7078,7079,7080,7077,7076,7040,7083,7084,7085,7087})}]
I0103 06:27:08.541863 2428 delta_tracker.cc:407] T test_tablet_id P 88c31c74c8164af4be640a4f8f03aa25: Flushing compaction of 2 redo delta blocks { 5259313720060173965,5259313720060173966 } into block 5259313720060173973
I0103 06:27:08.554029 2424 tablet.cc:1215] T test_tablet_id P 88c31c74c8164af4be640a4f8f03aa25: Flush: entering stage 1 (old memrowset already frozen for inserts)
I0103 06:27:08.554059 2424 compaction.cc:922] Selected 1 rowsets to compact:
I0103 06:27:08.554064 2424 compaction.cc:925] memrowset(current size on disk: ~0 bytes)
I0103 06:27:08.554069 2424 tablet.cc:1217] T test_tablet_id P 88c31c74c8164af4be640a4f8f03aa25: Memstore in-memory size: 15703 bytes
I0103 06:27:08.554167 2424 tablet.cc:1528] T test_tablet_id P 88c31c74c8164af4be640a4f8f03aa25: Flush: entering phase 1 (flushing snapshot). Phase 1 snapshot: MvccSnapshot[committed={T|T < 7045 or (T in {7046,7047,7049,7050,7051,7052,7048,7053,7055,7056,7057,7054,7058,7060,7061,7062,7063,7059,7064,7066,7067,7068,7069,7065,7070,7072,7073,7074,7075,7078,7079,7080,7077,7076,7083,7084,7085,7087,7082,7081,7091,7092,7093,7094,7095,7096,7097,7098,7099,7100,7101,7102,7103,7104,7105,7106,7107,7108,7109,7110,7111,7112,7113,7114,7115,7116,7117,7118,7119,7120,7121,7122,7123,7124,7125,7126,7127,7128,7129,7130,7131,7132,7133,7134,7135,7136,7137,7139,7141,7142,7090,7143,7144,7145,7146,7147,7148})}]
I0103 06:27:08.554643 2424 multi_column_writer.cc:98] Opened CFile writers for 3 column(s)
I0103 06:27:08.558900 2424 tablet.cc:1614] T test_tablet_id P 88c31c74c8164af4be640a4f8f03aa25: Flush: entering phase 2 (starting to duplicate updates in new rowsets)
I0103 06:27:08.563376 2449 mvcc.cc:203] Tried to move safe_time back from 7170 to 7169. Current Snapshot: MvccSnapshot[committed={T|T < 7045 or (T in {7046,7047,7049,7050,7051,7052,7048,7053,7055,7056,7057,7054,7058,7060,7061,7062,7063,7059,7064,7066,7067,7068,7069,7065,7070,7072,7073,7074,7075,7078,7079,7080,7077,7076,7083,7084,7085,7087,7082,7081,7091,7092,7093,7094,7095,7096,7097,7098,7099,7100,7101,7102,7103,7104,7105,7106,7107,7108,7109,7110,7111,7112,7113,7114,7115,7116,7117,7118,7119,7120,7121,7122,7123,7124,7125,7126,7127,7128,7129,7130,7131,7132,7133,7134,7135,7136,7137,7139,7141,7142,7090,7143,7144,7145,7146,7147,7148,7150,7151,7152,7153,7154,7155,7156,7157,7071,7160,7159,7161,7162,7086,7164,7165,7166,7167,7168})}]
I0103 06:27:08.566529 2429 diskrowset.cc:578] T test_tablet_id P 88c31c74c8164af4be640a4f8f03aa25: RowSet(23): Major compacting REDO delta stores (cols: 12)
I0103 06:27:08.568858 2429 delta_compaction.cc:318] Starting major delta compaction for columns val INT32 NOT NULL
I0103 06:27:08.569025 2429 multi_column_writer.cc:98] Opened CFile writers for 1 column(s)
I0103 06:27:08.570560 2429 delta_compaction.cc:331] Finished major delta compaction of columns val INT32 NOT NULL. Compacted 1 delta files. Overall stats: delete_count=10, reinsert_count=0, update_count=9
I0103 06:27:08.572221 2434 mvcc.cc:203] Tried to move safe_time back from 7184 to 7140. Current Snapshot: MvccSnapshot[committed={T|T < 7045 or (T in {7046,7047,7049,7050,7051,7052,7048,7053,7055,7056,7057,7054,7058,7060,7061,7062,7063,7059,7064,7066,7067,7068,7069,7065,7070,7072,7073,7074,7075,7078,7079,7080,7077,7076,7083,7084,7085,7087,7082,7081,7091,7092,7093,7094,7095,7096,7097,7098,7099,7100,7101,7102,7103,7104,7105,7106,7107,7108,7109,7110,7111,7112,7113,7114,7115,7116,7117,7118,7119,7120,7121,7122,7123,7124,7125,7126,7127,7128,7129,7130,7131,7132,7133,7134,7135,7136,7137,7139,7141,7142,7090,7143,7144,7145,7146,7147,7148,7150,7151,7152,7153,7154,7155,7156,7157,7071,7160,7159,7161,7162,7086,7164,7165,7166,7167,7168,7170,7169,7172,7171,7173,7158,7175,7163,7177,7178,7174,7138,7182,7179,7184,7180,7089,7181})}]
I0103 06:27:08.584976 2449 mvcc.cc:203] Tried to move safe_time back from 7223 to 7214. Current Snapshot: MvccSnapshot[committed={T|T < 7149 or (T in {7150,7151,7152,7153,7154,7155,7156,7157,7160,7159,7161,7162,7164,7165,7166,7167,7168,7170,7169,7172,7171,7173,7158,7175,7163,7177,7178,7174,7182,7179,7184,7180,7181,7183,7176,7193,7194,7191,7195,7196,7197,7198,7199,7200,7201,7202,7204,7185,7205,7206,7207,7188,7208,7210,7211,7212,7213,7203,7186,7216,7217,7218,7219,7220,7221,7222,7223})}]
I0103 06:27:08.598054 2424 tablet.cc:1669] T test_tablet_id P 88c31c74c8164af4be640a4f8f03aa25: Flush Phase 2: carrying over any updates which arrived during Phase 1
I0103 06:27:08.598086 2424 tablet.cc:1671] T test_tablet_id P 88c31c74c8164af4be640a4f8f03aa25: Phase 2 snapshot: MvccSnapshot[committed={T|T < 7045 or (T in {7046,7047,7049,7050,7051,7052,7048,7053,7055,7056,7057,7054,7058,7060,7061,7062,7063,7059,7064,7066,7067,7068,7069,7065,7070,7072,7073,7074,7075,7078,7079,7080,7077,7076,7083,7084,7085,7087,7082,7081,7091,7092,7093,7094,7095,7096,7097,7098,7099,7100,7101,7102,7103,7104,7105,7106,7107,7108,7109,7110,7111,7112,7113,7114,7115,7116,7117,7118,7119,7120,7121,7122,7123,7124,7125,7126,7127,7128,7129,7130,7131,7132,7133,7134,7135,7136,7137,7139,7141,7142,7090,7143,7144,7145,7146,7147,7148,7150,7151,7152,7153,7154,7155,7156,7157,7158,7140,7088,7086,7149,7138,7089,7045,7071})}]
I0103 06:27:08.598578 2424 delta_tracker.cc:737] T test_tablet_id P 88c31c74c8164af4be640a4f8f03aa25: Flushing 3 deltas (763 bytes in memory) from DMS 1
I0103 06:27:08.599059 2424 delta_tracker.cc:677] T test_tablet_id P 88c31c74c8164af4be640a4f8f03aa25: Flushed delta block 5259313720060173983 (173 bytes on disk) stats: ts range=[7138, 7182], delete_count=[2], reinsert_count=[0], update_counts_by_col_id=[12:1]
I0103 06:27:08.600044 2424 tablet.cc:1719] T test_tablet_id P 88c31c74c8164af4be640a4f8f03aa25: Flush successful on 10 rows (1 rowsets, 4646 bytes)
I0103 06:27:08.600260 2437 mvcc.cc:203] Tried to move safe_time back from 7260 to 7225. Current Snapshot: MvccSnapshot[committed={T|T < 7190 or (T in {7193,7194,7191,7195,7196,7197,7198,7199,7200,7201,7202,7204,7205,7206,7207,7208,7210,7211,7212,7213,7203,7216,7217,7218,7219,7220,7221,7222,7223,7214,7226,7228,7229,7230,7231,7232,7233,7234,7235,7236,7224,7227,7239,7240,7241,7242,7244,7243,7245,7246,7247,7248,7249,7250,7192,7209,7253,7254,7255,7256,7257,7252,7260})}]
I0103 06:27:08.613798 2448 mvcc.cc:203] Tried to move safe_time back from 7314 to 7258. Current Snapshot: MvccSnapshot[committed={T|T < 7215 or (T in {7216,7217,7218,7219,7220,7221,7222,7223,7226,7228,7229,7230,7231,7232,7233,7234,7235,7236,7224,7227,7239,7240,7241,7242,7244,7243,7245,7246,7247,7248,7249,7250,7253,7254,7255,7256,7257,7252,7260,7225,7262,7263,7264,7265,7266,7268,7269,7270,7271,7267,7272,7274,7275,7276,7273,7277,7279,7280,7281,7282,7278,7283,7285,7261,7287,7288,7289,7290,7291,7286,7292,7237,7295,7296,7297,7298,7299,7301,7300,7302,7303,7304,7305,7294,7307,7308,7309,7310,7311,7312,7313,7314})}]
I0103 06:27:08.615907 2423 test_graph.cc:97] metrics: { "scope": "MultiThreadedTabletTest/2", "time": 1.502}
I0103 06:27:08.629868 2449 mvcc.cc:203] Tried to move safe_time back from 7374 to 7373. Current Snapshot: MvccSnapshot[committed={T|T < 7238 or (T in {7239,7240,7241,7242,7244,7243,7245,7246,7247,7248,7249,7250,7253,7254,7255,7256,7257,7252,7260,7262,7263,7264,7265,7266,7268,7269,7270,7271,7267,7272,7274,7275,7276,7273,7277,7279,7280,7281,7282,7278,7283,7285,7261,7287,7288,7289,7290,7291,7286,7292,7295,7296,7297,7298,7299,7301,7300,7302,7303,7304,7305,7294,7307,7308,7309,7310,7311,7312,7313,7314,7258,7317,7315,7318,7319,7320,7322,7293,7323,7324,7325,7326,7327,7328,7329,7330,7331,7332,7335,7336,7337,7321,7338,7340,7341,7342,7343,7344,7339,7345,7347,7348,7349,7350,7351,7346,7352,7354,7355,7356,7357,7358,7353,7284,7360,7361,7362,7363,7364,7365,7367,7366,7368,7369,7370,7371,7372,7374})}]
I0103 06:27:08.646155 2433 mvcc.cc:203] Tried to move safe_time back from 7412 to 7238. Current Snapshot: MvccSnapshot[committed={T|T < 7238 or (T in {7239,7240,7241,7242,7244,7243,7245,7246,7247,7248,7249,7250,7253,7254,7255,7256,7257,7252,7260,7262,7263,7264,7265,7266,7268,7269,7270,7271,7267,7272,7274,7275,7276,7273,7277,7279,7280,7281,7282,7278,7283,7285,7261,7287,7288,7289,7290,7291,7286,7292,7295,7296,7297,7298,7299,7301,7300,7302,7303,7304,7305,7294,7307,7308,7309,7310,7311,7312,7313,7314,7258,7317,7315,7318,7319,7320,7322,7293,7323,7324,7325,7326,7327,7328,7329,7330,7331,7332,7335,7336,7337,7321,7338,7340,7341,7342,7343,7344,7339,7345,7347,7348,7349,7350,7351,7346,7352,7354,7355,7356,7357,7358,7353,7284,7360,7361,7362,7363,7364,7365,7367,7366,7368,7369,7370,7371,7372,7374,7334,7375,7359,7333,7377,7379,7380,7381,7382,7376,7384,7385,7386,7378,7259,7390,7389,7391,7392,7393,7394,7395,7397,7396,7399,7398,7373,7400,7402,7403,7404,7405,7406,7408,7409,7410,7411,7412})}]
I0103 06:27:08.651914 2428 delta_tracker.cc:182] T test_tablet_id P 88c31c74c8164af4be640a4f8f03aa25: Preparing to minor compact delta file: 5259313720060173979 (ts range=[6863, 7139], delete_count=[8], reinsert_count=[0], update_counts_by_col_id=[])
I0103 06:27:08.651968 2428 delta_tracker.cc:182] T test_tablet_id P 88c31c74c8164af4be640a4f8f03aa25: Preparing to minor compact delta file: 5259313720060173983 (ts range=[7138, 7182], delete_count=[2], reinsert_count=[0], update_counts_by_col_id=[12:1])
I0103 06:27:08.652019 2428 delta_tracker.cc:544] T test_tablet_id P 88c31c74c8164af4be640a4f8f03aa25: Compacting 2 delta files.
I0103 06:27:08.652745 2428 delta_tracker.cc:551] T test_tablet_id P 88c31c74c8164af4be640a4f8f03aa25: Succesfully compacted the specified delta files.
I0103 06:27:08.652789 2428 delta_tracker.cc:407] T test_tablet_id P 88c31c74c8164af4be640a4f8f03aa25: Flushing compaction of 2 redo delta blocks { 5259313720060173979,5259313720060173983 } into block 5259313720060173984
I0103 06:27:08.654506 2443 mvcc.cc:203] Tried to move safe_time back from 7466 to 7450. Current Snapshot: MvccSnapshot[committed={T|T < 7251 or (T in {7253,7254,7255,7256,7257,7252,7260,7262,7263,7264,7265,7266,7268,7269,7270,7271,7267,7272,7274,7275,7276,7273,7277,7279,7280,7281,7282,7278,7283,7285,7261,7287,7288,7289,7290,7291,7286,7292,7295,7296,7297,7298,7299,7301,7300,7302,7303,7304,7305,7294,7307,7308,7309,7310,7311,7312,7313,7314,7258,7317,7315,7318,7319,7320,7322,7293,7323,7324,7325,7326,7327,7328,7329,7330,7331,7332,7335,7336,7337,7321,7338,7340,7341,7342,7343,7344,7339,7345,7347,7348,7349,7350,7351,7346,7352,7354,7355,7356,7357,7358,7353,7284,7360,7361,7362,7363,7364,7365,7367,7366,7368,7369,7370,7371,7372,7374,7334,7375,7359,7333,7377,7379,7380,7381,7382,7376,7384,7385,7386,7378,7259,7390,7389,7391,7392,7393,7394,7395,7397,7396,7399,7398,7373,7400,7402,7403,7404,7405,7406,7408,7409,7410,7411,7412,7414,7415,7416,7417,7418,7413,7419,7421,7422,7423,7424,7425,7401,7427,7428,7429,7430,7431,7426,7388,7434,7435,7436,7437,7433,7432,7440,7441,7442,7443,7439,7444,7446,7447,7448,7449,7445,7438,7452,7453,7454,7455,7456,7457,7458,7459,7460,7461,7462,7463,7464,7465,7466})}]
I0103 06:27:08.658999 2424 tablet.cc:1215] T test_tablet_id P 88c31c74c8164af4be640a4f8f03aa25: Flush: entering stage 1 (old memrowset already frozen for inserts)
I0103 06:27:08.659037 2424 compaction.cc:922] Selected 1 rowsets to compact:
I0103 06:27:08.659042 2424 compaction.cc:925] memrowset(current size on disk: ~0 bytes)
I0103 06:27:08.659049 2424 tablet.cc:1217] T test_tablet_id P 88c31c74c8164af4be640a4f8f03aa25: Memstore in-memory size: 15703 bytes
I0103 06:27:08.659060 2424 tablet.cc:1528] T test_tablet_id P 88c31c74c8164af4be640a4f8f03aa25: Flush: entering phase 1 (flushing snapshot). Phase 1 snapshot: MvccSnapshot[committed={T|T < 7306 or (T in {7307,7308,7309,7310,7311,7312,7313,7314,7317,7315,7318,7319,7320,7322,7323,7324,7325,7326,7327,7328,7329,7330,7331,7332,7335,7336,7337,7321,7338,7340,7341,7342,7343,7344,7339,7345,7347,7348,7349,7350,7351,7346,7352,7354,7355,7356,7357,7358,7353,7360,7361,7362,7363,7364,7365,7367,7366,7368,7369,7370,7371,7372,7374,7334,7375,7359,7333,7377,7379,7380,7381,7382,7376,7384,7385,7386,7378,7390,7389,7391,7392,7393,7394,7395,7397,7396,7399,7398,7373,7400,7402,7403,7404,7405,7406,7408,7409,7410,7411,7412,7414,7415,7416,7417,7418,7413,7419,7421,7422,7423,7424,7425,7401,7427,7428,7429,7430,7431,7426,7388,7434,7435,7436,7437,7433,7432,7440,7441,7442,7443,7439,7444,7446,7447,7448,7449,7445,7438,7452,7453,7454,7455,7456,7457,7458,7459,7460,7461,7462,7463,7464,7465,7466,7450,7468,7469,7470,7471,7472,7473,7474,7475,7476,7477,7478,7479,7480,7481,7482,7483,7484,7485,7486,7487,7488,7489})}]
I0103 06:27:08.659524 2424 multi_column_writer.cc:98] Opened CFile writers for 3 column(s)
I0103 06:27:08.664661 2424 tablet.cc:1614] T test_tablet_id P 88c31c74c8164af4be640a4f8f03aa25: Flush: entering phase 2 (starting to duplicate updates in new rowsets)
I0103 06:27:08.668393 2449 mvcc.cc:203] Tried to move safe_time back from 7508 to 7507. Current Snapshot: MvccSnapshot[committed={T|T < 7316 or (T in {7317,7318,7319,7320,7322,7323,7324,7325,7326,7327,7328,7329,7330,7331,7332,7335,7336,7337,7321,7338,7340,7341,7342,7343,7344,7339,7345,7347,7348,7349,7350,7351,7346,7352,7354,7355,7356,7357,7358,7353,7360,7361,7362,7363,7364,7365,7367,7366,7368,7369,7370,7371,7372,7374,7334,7375,7359,7333,7377,7379,7380,7381,7382,7376,7384,7385,7386,7378,7390,7389,7391,7392,7393,7394,7395,7397,7396,7399,7398,7373,7400,7402,7403,7404,7405,7406,7408,7409,7410,7411,7412,7414,7415,7416,7417,7418,7413,7419,7421,7422,7423,7424,7425,7401,7427,7428,7429,7430,7431,7426,7388,7434,7435,7436,7437,7433,7432,7440,7441,7442,7443,7439,7444,7446,7447,7448,7449,7445,7438,7452,7453,7454,7455,7456,7457,7458,7459,7460,7461,7462,7463,7464,7465,7466,7450,7468,7469,7470,7471,7472,7473,7474,7475,7476,7477,7478,7479,7480,7481,7482,7483,7484,7485,7486,7487,7488,7489,7387,7383,7493,7494,7495,7467,7451,7497,7490,7420,7407,7501,7502,7503,7504,7505,7506,7508})}]
I0103 06:27:08.675822 2429 diskrowset.cc:578] T test_tablet_id P 88c31c74c8164af4be640a4f8f03aa25: RowSet(25): Major compacting REDO delta stores (cols: 12)
I0103 06:27:08.675952 2429 delta_compaction.cc:318] Starting major delta compaction for columns val INT32 NOT NULL
I0103 06:27:08.676141 2429 multi_column_writer.cc:98] Opened CFile writers for 1 column(s)
I0103 06:27:08.677536 2429 delta_compaction.cc:331] Finished major delta compaction of columns val INT32 NOT NULL. Compacted 1 delta files. Overall stats: delete_count=10, reinsert_count=0, update_count=1
I0103 06:27:08.679409 2442 mvcc.cc:203] Tried to move safe_time back from 7532 to 7526. Current Snapshot: MvccSnapshot[committed={T|T < 7491 or (T in {7493,7494,7495,7497,7501,7502,7503,7504,7505,7506,7508,7507,7509,7510,7511,7512,7514,7513,7498,7499,7516,7517,7496,7518,7519,7520,7521,7522,7523,7492,7515,7525,7527,7528,7529,7530,7531,7532,7524,7500})}]
I0103 06:27:08.686826 2424 tablet.cc:1669] T test_tablet_id P 88c31c74c8164af4be640a4f8f03aa25: Flush Phase 2: carrying over any updates which arrived during Phase 1
I0103 06:27:08.686892 2424 tablet.cc:1671] T test_tablet_id P 88c31c74c8164af4be640a4f8f03aa25: Phase 2 snapshot: MvccSnapshot[committed={T|T < 7306 or (T in {7307,7308,7309,7310,7311,7312,7313,7314,7317,7315,7318,7319,7320,7322,7323,7324,7325,7326,7327,7328,7329,7330,7331,7332,7335,7336,7337,7321,7338,7340,7341,7342,7343,7344,7339,7345,7347,7348,7349,7350,7351,7346,7352,7354,7355,7356,7357,7358,7353,7360,7361,7362,7363,7364,7365,7367,7366,7368,7369,7370,7371,7372,7374,7334,7375,7359,7333,7377,7379,7380,7381,7382,7376,7384,7385,7386,7378,7390,7389,7391,7392,7393,7394,7395,7397,7396,7399,7398,7373,7400,7402,7403,7404,7405,7406,7408,7409,7410,7411,7412,7414,7415,7416,7417,7418,7413,7419,7421,7422,7423,7424,7425,7401,7427,7428,7429,7430,7431,7426,7388,7434,7435,7436,7437,7433,7432,7440,7441,7442,7443,7439,7444,7446,7447,7448,7449,7445,7438,7452,7453,7454,7455,7456,7457,7458,7459,7460,7461,7462,7463,7464,7465,7466,7450,7468,7469,7470,7471,7472,7473,7474,7475,7476,7477,7478,7479,7480,7481,7482,7483,7484,7485,7486,7487,7488,7489,7387,7383,7493,7494,7495,7496,7491,7490,7467,7451,7407,7420,7492,7316,7306})}]
I0103 06:27:08.690804 2424 tablet.cc:1719] T test_tablet_id P 88c31c74c8164af4be640a4f8f03aa25: Flush successful on 10 rows (1 rowsets, 4666 bytes)
I0103 06:27:08.696087 2441 mvcc.cc:203] Tried to move safe_time back from 7570 to 7540. Current Snapshot: MvccSnapshot[committed={T|T < 7533 or (T in {7542,7541,7543,7538,7544,7545,7546,7547,7548,7549,7551,7552,7553,7555,7554,7550,7557,7556,7535,7559,7560,7561,7562,7537,7565,7567,7566,7568,7569,7570})}]
I0103 06:27:08.703007 2447 mvcc.cc:203] Tried to move safe_time back from 7621 to 7618. Current Snapshot: MvccSnapshot[committed={T|T < 7533 or (T in {7542,7541,7543,7538,7544,7545,7546,7547,7548,7549,7551,7552,7553,7555,7554,7550,7557,7556,7535,7559,7560,7561,7562,7537,7565,7567,7566,7568,7569,7570,7540,7573,7574,7575,7571,7576,7578,7579,7564,7580,7581,7582,7584,7585,7586,7558,7588,7589,7539,7590,7591,7592,7594,7595,7596,7597,7598,7593,7599,7601,7602,7603,7604,7605,7600,7606,7608,7609,7610,7611,7612,7613,7607,7614,7616,7617,7587,7563,7619,7620,7621})}]
I0103 06:27:08.708240 2425 tablet.cc:1614] T test_tablet_id P 88c31c74c8164af4be640a4f8f03aa25: Compaction: entering phase 2 (starting to duplicate updates in new rowsets)
I0103 06:27:08.711444 2435 mvcc.cc:203] Tried to move safe_time back from 7681 to 7533. Current Snapshot: MvccSnapshot[committed={T|T < 7533 or (T in {7542,7541,7543,7538,7544,7545,7546,7547,7548,7549,7551,7552,7553,7555,7554,7550,7557,7556,7535,7559,7560,7561,7562,7537,7565,7567,7566,7568,7569,7570,7540,7573,7574,7575,7571,7576,7578,7579,7564,7580,7581,7582,7584,7585,7586,7558,7588,7589,7539,7590,7591,7592,7594,7595,7596,7597,7598,7593,7599,7601,7602,7603,7604,7605,7600,7606,7608,7609,7610,7611,7612,7613,7607,7614,7616,7617,7587,7563,7619,7620,7621,7618,7622,7623,7625,7626,7627,7536,7629,7630,7631,7632,7628,7633,7634,7636,7637,7639,7640,7641,7642,7643,7644,7645,7646,7647,7572,7648,7650,7651,7652,7653,7649,7654,7656,7657,7658,7659,7660,7635,7661,7663,7664,7665,7662,7666,7667,7669,7670,7671,7672,7638,7673,7675,7676,7677,7678,7679,7674,7680,7681,7668})}]
I0103 06:27:08.718091 2424 tablet.cc:1215] T test_tablet_id P 88c31c74c8164af4be640a4f8f03aa25: Flush: entering stage 1 (old memrowset already frozen for inserts)
I0103 06:27:08.718160 2424 compaction.cc:922] Selected 1 rowsets to compact:
I0103 06:27:08.718190 2424 compaction.cc:925] memrowset(current size on disk: ~0 bytes)
I0103 06:27:08.718219 2424 tablet.cc:1217] T test_tablet_id P 88c31c74c8164af4be640a4f8f03aa25: Memstore in-memory size: 15703 bytes
I0103 06:27:08.718519 2424 tablet.cc:1528] T test_tablet_id P 88c31c74c8164af4be640a4f8f03aa25: Flush: entering phase 1 (flushing snapshot). Phase 1 snapshot: MvccSnapshot[committed={T|T < 7577 or (T in {7578,7579,7580,7581,7582,7584,7585,7586,7588,7589,7590,7591,7592,7594,7595,7596,7597,7598,7593,7599,7601,7602,7603,7604,7605,7600,7606,7608,7609,7610,7611,7612,7613,7607,7614,7616,7617,7587,7619,7620,7621,7618,7622,7623,7625,7626,7627,7629,7630,7631,7632,7628,7633,7634,7636,7637,7639,7640,7641,7642,7643,7644,7645,7646,7647,7648,7650,7651,7652,7653,7649,7654,7656,7657,7658,7659,7660,7635,7661,7663,7664,7665,7662,7666,7667,7669,7670,7671,7672,7638,7673,7675,7676,7677,7678,7679,7674,7680,7681,7668,7682,7684,7685,7686,7687,7688,7691,7690,7692,7693,7694,7695,7696,7697})}]
