I0103 06:27:08.718996 2424 multi_column_writer.cc:98] Opened CFile writers for 3 column(s)
I0103 06:27:08.722383 2424 tablet.cc:1614] T test_tablet_id P 88c31c74c8164af4be640a4f8f03aa25: Flush: entering phase 2 (starting to duplicate updates in new rowsets)
I0103 06:27:08.735569 2448 mvcc.cc:203] Tried to move safe_time back from 7733 to 7577. Current Snapshot: MvccSnapshot[committed={T|T < 7577 or (T in {7578,7579,7580,7581,7582,7584,7585,7586,7588,7589,7590,7591,7592,7594,7595,7596,7597,7598,7593,7599,7601,7602,7603,7604,7605,7600,7606,7608,7609,7610,7611,7612,7613,7607,7614,7616,7617,7587,7619,7620,7621,7618,7622,7623,7625,7626,7627,7629,7630,7631,7632,7628,7633,7634,7636,7637,7639,7640,7641,7642,7643,7644,7645,7646,7647,7648,7650,7651,7652,7653,7649,7654,7656,7657,7658,7659,7660,7635,7661,7663,7664,7665,7662,7666,7667,7669,7670,7671,7672,7638,7673,7675,7676,7677,7678,7679,7674,7680,7681,7668,7682,7684,7685,7686,7687,7688,7691,7690,7692,7693,7694,7695,7696,7697,7655,7700,7701,7702,7703,7704,7705,7706,7707,7708,7709,7710,7712,7711,7713,7714,7715,7716,7717,7718,7719,7720,7721,7722,7699,7724,7725,7726,7728,7727,7729,7730,7732,7583,7733,7723,7683})}]
I0103 06:27:08.760524 2430 mvcc.cc:203] Tried to move safe_time back from 7797 to 7796. Current Snapshot: MvccSnapshot[committed={T|T < 7624 or (T in {7625,7626,7627,7629,7630,7631,7632,7628,7633,7634,7636,7637,7639,7640,7641,7642,7643,7644,7645,7646,7647,7648,7650,7651,7652,7653,7649,7654,7656,7657,7658,7659,7660,7635,7661,7663,7664,7665,7662,7666,7667,7669,7670,7671,7672,7638,7673,7675,7676,7677,7678,7679,7674,7680,7681,7668,7682,7684,7685,7686,7687,7688,7691,7690,7692,7693,7694,7695,7696,7697,7655,7700,7701,7702,7703,7704,7705,7706,7707,7708,7709,7710,7712,7711,7713,7714,7715,7716,7717,7718,7719,7720,7721,7722,7699,7724,7725,7726,7728,7727,7729,7730,7732,7733,7723,7683,7736,7738,7739,7741,7740,7743,7744,7737,7745,7746,7747,7749,7698,7750,7751,7735,7753,7754,7755,7756,7757,7758,7759,7760,7761,7734,7763,7764,7765,7766,7767,7768,7769,7771,7772,7773,7774,7775,7776,7777,7778,7779,7752,7782,7781,7783,7784,7785,7786,7787,7788,7789,7731,7791,7792,7793,7794,7795,7797})}]
I0103 06:27:08.767781 2425 tablet.cc:1669] T test_tablet_id P 88c31c74c8164af4be640a4f8f03aa25: Compaction Phase 2: carrying over any updates which arrived during Phase 1
I0103 06:27:08.767810 2425 tablet.cc:1671] T test_tablet_id P 88c31c74c8164af4be640a4f8f03aa25: Phase 2 snapshot: MvccSnapshot[committed={T|T < 7533 or (T in {7542,7541,7543,7538,7544,7545,7546,7547,7548,7549,7551,7552,7553,7555,7554,7550,7557,7556,7535,7559,7560,7561,7562,7537,7565,7567,7566,7568,7569,7570,7540,7573,7574,7575,7571,7576,7578,7579,7564,7580,7581,7582,7584,7585,7586,7558,7588,7589,7539,7590,7591,7592,7594,7595,7596,7597,7598,7593,7599,7601,7602,7603,7604,7605,7600,7606,7608,7609,7610,7611,7612,7613,7607,7614,7616,7617,7587,7563,7619,7620,7621,7618,7622,7623,7625,7626,7627,7536,7629,7630,7631,7632,7628,7633,7634,7636,7637,7639,7640,7641,7642,7643,7644,7645,7646,7647,7572,7648,7650,7651,7652,7653,7649,7654,7656,7657,7658,7659,7660,7635,7661,7662,7615,7638,7583,7624,7655,7534,7577,7533})}]
I0103 06:27:08.785816 2424 tablet.cc:1669] T test_tablet_id P 88c31c74c8164af4be640a4f8f03aa25: Flush Phase 2: carrying over any updates which arrived during Phase 1
I0103 06:27:08.785899 2424 tablet.cc:1671] T test_tablet_id P 88c31c74c8164af4be640a4f8f03aa25: Phase 2 snapshot: MvccSnapshot[committed={T|T < 7577 or (T in {7578,7579,7580,7581,7582,7584,7585,7586,7588,7589,7590,7591,7592,7594,7595,7596,7597,7598,7593,7599,7601,7602,7603,7604,7605,7600,7606,7608,7609,7610,7611,7612,7613,7607,7614,7616,7617,7587,7619,7620,7621,7618,7622,7623,7625,7626,7627,7629,7630,7631,7632,7628,7633,7634,7636,7637,7639,7640,7641,7642,7643,7644,7645,7646,7647,7648,7650,7651,7652,7653,7649,7654,7656,7657,7658,7659,7660,7635,7661,7663,7664,7665,7662,7666,7667,7669,7670,7671,7672,7638,7673,7675,7676,7677,7678,7679,7674,7680,7681,7668,7682,7684,7685,7686,7687,7688,7691,7690,7692,7693,7694,7695,7696,7697,7655,7700,7701,7702,7703,7689,7683,7615,7704,7583,7624,7699,7698,7577})}]
I0103 06:27:08.786424 2424 delta_tracker.cc:737] T test_tablet_id P 88c31c74c8164af4be640a4f8f03aa25: Flushing 4 deltas (763 bytes in memory) from DMS 1
I0103 06:27:08.787184 2424 delta_tracker.cc:677] T test_tablet_id P 88c31c74c8164af4be640a4f8f03aa25: Flushed delta block 5259313720060174000 (196 bytes on disk) stats: ts range=[7683, 7748], delete_count=[0], reinsert_count=[0], update_counts_by_col_id=[12:4]
I0103 06:27:08.789376 2424 tablet.cc:1719] T test_tablet_id P 88c31c74c8164af4be640a4f8f03aa25: Flush successful on 10 rows (1 rowsets, 4645 bytes)
I0103 06:27:08.789829 2437 mvcc.cc:203] Tried to move safe_time back from 7846 to 7841. Current Snapshot: MvccSnapshot[committed={T|T < 7748 or (T in {7749,7750,7751,7753,7754,7755,7756,7757,7758,7759,7760,7761,7763,7764,7765,7766,7767,7768,7769,7771,7772,7773,7774,7775,7776,7777,7778,7779,7752,7782,7781,7783,7784,7785,7786,7787,7788,7789,7791,7792,7793,7794,7795,7797,7796,7780,7799,7800,7801,7802,7803,7804,7805,7806,7807,7808,7809,7798,7790,7812,7814,7815,7762,7817,7819,7820,7822,7823,7824,7825,7826,7827,7828,7829,7811,7830,7831,7832,7833,7834,7835,7836,7837,7838,7839,7840,7818,7842,7843,7845,7846})}]
I0103 06:27:08.794353 2425 tablet.cc:1719] T test_tablet_id P 88c31c74c8164af4be640a4f8f03aa25: Compaction successful on 10 rows (1 rowsets, 4644 bytes)
I0103 06:27:08.802443 2447 mvcc.cc:203] Tried to move safe_time back from 7876 to 7849. Current Snapshot: MvccSnapshot[committed={T|T < 7844 or (T in {7845,7846,7847,7852,7851,7857,7858,7859,7860,7861,7862,7864,7848,7866,7865,7867,7868,7869,7870,7871,7872,7873,7874,7876})}]
I0103 06:27:08.811017 2442 mvcc.cc:203] Tried to move safe_time back from 7915 to 7855. Current Snapshot: MvccSnapshot[committed={T|T < 7850 or (T in {7852,7851,7857,7858,7859,7860,7861,7862,7864,7866,7865,7867,7868,7869,7870,7871,7872,7873,7874,7876,7878,7879,7880,7881,7877,7882,7884,7885,7886,7883,7875,7887,7890,7891,7892,7889,7893,7894,7853,7896,7897,7898,7900,7902,7903,7904,7905,7901,7906,7908,7909,7910,7911,7907,7899,7912,7914,7915})}]
I0103 06:27:08.826539 2440 mvcc.cc:203] Tried to move safe_time back from 7958 to 7854. Current Snapshot: MvccSnapshot[committed={T|T < 7854 or (T in {7857,7858,7859,7860,7861,7862,7864,7866,7865,7867,7868,7869,7870,7871,7872,7873,7874,7876,7878,7879,7880,7881,7877,7882,7884,7885,7886,7883,7875,7887,7890,7891,7892,7889,7893,7894,7896,7897,7898,7900,7902,7903,7904,7905,7901,7906,7908,7909,7910,7911,7907,7899,7912,7914,7915,7855,7917,7918,7916,7919,7921,7922,7923,7863,7888,7927,7928,7929,7930,7931,7932,7933,7934,7920,7935,7895,7938,7939,7940,7941,7942,7943,7944,7945,7946,7948,7947,7926,7949,7950,7951,7952,7953,7954,7955,7956,7957,7958,7924})}]
I0103 06:27:08.828270 2424 tablet.cc:1215] T test_tablet_id P 88c31c74c8164af4be640a4f8f03aa25: Flush: entering stage 1 (old memrowset already frozen for inserts)
I0103 06:27:08.828303 2424 compaction.cc:922] Selected 1 rowsets to compact:
I0103 06:27:08.828308 2424 compaction.cc:925] memrowset(current size on disk: ~0 bytes)
I0103 06:27:08.828315 2424 tablet.cc:1217] T test_tablet_id P 88c31c74c8164af4be640a4f8f03aa25: Memstore in-memory size: 7735 bytes
I0103 06:27:08.828450 2424 tablet.cc:1528] T test_tablet_id P 88c31c74c8164af4be640a4f8f03aa25: Flush: entering phase 1 (flushing snapshot). Phase 1 snapshot: MvccSnapshot[committed={T|T < 7913 or (T in {7914,7915,7917,7918,7916,7919,7921,7922,7923,7927,7928,7929,7930,7931,7932,7933,7934,7920,7935,7938,7939,7940,7941,7942,7943,7944,7945,7946,7948,7947,7926,7949,7950,7951,7952,7953,7954,7955,7956,7957,7958,7924,7961,7962,7937,7964})}]
I0103 06:27:08.828927 2424 multi_column_writer.cc:98] Opened CFile writers for 3 column(s)
I0103 06:27:08.832113 2424 tablet.cc:1614] T test_tablet_id P 88c31c74c8164af4be640a4f8f03aa25: Flush: entering phase 2 (starting to duplicate updates in new rowsets)
I0103 06:27:08.839473 2427 delta_tracker.cc:737] T test_tablet_id P 88c31c74c8164af4be640a4f8f03aa25: Flushing 1 deltas (763 bytes in memory) from DMS 2
I0103 06:27:08.839898 2427 delta_tracker.cc:677] T test_tablet_id P 88c31c74c8164af4be640a4f8f03aa25: Flushed delta block 5259313720060174007 (151 bytes on disk) stats: ts range=[7852, 7852], delete_count=[1], reinsert_count=[0], update_counts_by_col_id=[]
I0103 06:27:08.841481 2441 mvcc.cc:203] Tried to move safe_time back from 7988 to 7980. Current Snapshot: MvccSnapshot[committed={T|T < 7960 or (T in {7961,7962,7964,7966,7967,7968,7969,7971,7973,7965,7974,7975,7976,7977,7978,7970,7972,7979,7987})}]
I0103 06:27:08.862965 2447 mvcc.cc:203] Tried to move safe_time back from 8044 to 8043. Current Snapshot: MvccSnapshot[committed={T|T < 7960 or (T in {7961,7962,7964,7966,7967,7968,7969,7971,7973,7965,7974,7975,7976,7977,7978,7970,7972,7979,7987,7988,7980,7982,7990,7991,7992,7993,7994,7995,7996,7997,7998,7999,8000,7985,8002,8003,8004,8005,8006,8007,8008,8009,8011,8010,7963,8013,8012,8015,8017,7981,8018,8019,8020,7989,8022,8023,8024,8025,8026,8027,8028,7984,8030,8031,8032,8033,8034,8035,8036,8037,8038,8039,8040,7983,8042,8044})}]
I0103 06:27:08.863404 2428 delta_tracker.cc:182] T test_tablet_id P 88c31c74c8164af4be640a4f8f03aa25: Preparing to minor compact delta file: 5259313720060173999 (ts range=[7306, 7636], delete_count=[9], reinsert_count=[0], update_counts_by_col_id=[])
I0103 06:27:08.863451 2428 delta_tracker.cc:182] T test_tablet_id P 88c31c74c8164af4be640a4f8f03aa25: Preparing to minor compact delta file: 5259313720060174000 (ts range=[7683, 7748], delete_count=[0], reinsert_count=[0], update_counts_by_col_id=[12:4])
I0103 06:27:08.863476 2428 delta_tracker.cc:182] T test_tablet_id P 88c31c74c8164af4be640a4f8f03aa25: Preparing to minor compact delta file: 5259313720060174007 (ts range=[7852, 7852], delete_count=[1], reinsert_count=[0], update_counts_by_col_id=[])
I0103 06:27:08.863523 2428 delta_tracker.cc:544] T test_tablet_id P 88c31c74c8164af4be640a4f8f03aa25: Compacting 3 delta files.
I0103 06:27:08.864248 2428 delta_tracker.cc:551] T test_tablet_id P 88c31c74c8164af4be640a4f8f03aa25: Succesfully compacted the specified delta files.
I0103 06:27:08.864293 2428 delta_tracker.cc:407] T test_tablet_id P 88c31c74c8164af4be640a4f8f03aa25: Flushing compaction of 3 redo delta blocks { 5259313720060173999,5259313720060174000,5259313720060174007 } into block 5259313720060174008
I0103 06:27:08.866019 2423 test_graph.cc:97] metrics: { "scope": "MultiThreadedTabletTest/2", "time": 1.752}
I0103 06:27:08.873031 2424 tablet.cc:1669] T test_tablet_id P 88c31c74c8164af4be640a4f8f03aa25: Flush Phase 2: carrying over any updates which arrived during Phase 1
I0103 06:27:08.873090 2424 tablet.cc:1671] T test_tablet_id P 88c31c74c8164af4be640a4f8f03aa25: Phase 2 snapshot: MvccSnapshot[committed={T|T < 7913 or (T in {7914,7915,7917,7918,7916,7919,7921,7922,7923,7927,7928,7929,7930,7931,7932,7933,7934,7920,7935,7938,7939,7940,7941,7942,7943,7944,7945,7946,7948,7947,7926,7949,7950,7951,7952,7953,7954,7955,7956,7957,7958,7924,7961,7962,7937,7964,7966,7967,7968,7969,7936,7965,7963,7960,7970,7959,7925,7913})}]
I0103 06:27:08.873515 2424 delta_tracker.cc:737] T test_tablet_id P 88c31c74c8164af4be640a4f8f03aa25: Flushing 5 deltas (763 bytes in memory) from DMS 1
I0103 06:27:08.874053 2424 delta_tracker.cc:677] T test_tablet_id P 88c31c74c8164af4be640a4f8f03aa25: Flushed delta block 5259313720060174009 (200 bytes on disk) stats: ts range=[7913, 8046], delete_count=[2], reinsert_count=[0], update_counts_by_col_id=[12:3]
I0103 06:27:08.875027 2424 tablet.cc:1719] T test_tablet_id P 88c31c74c8164af4be640a4f8f03aa25: Flush successful on 10 rows (1 rowsets, 4666 bytes)
I0103 06:27:08.879456 2434 mvcc.cc:203] Tried to move safe_time back from 8075 to 8001. Current Snapshot: MvccSnapshot[committed={T|T < 8001 or (T in {8002,8003,8004,8005,8006,8007,8008,8009,8011,8010,8013,8012,8015,8017,8018,8019,8020,8022,8023,8024,8025,8026,8027,8028,8030,8031,8032,8033,8034,8035,8036,8037,8038,8039,8040,8042,8044,8043,8046,8047,8016,8049,8045,8050,8051,8052,8053,8054,8055,8056,8057,8058,8059,8060,8061,8062,8063,8064,8065,8048,8014,8067,8021,8029,8041,8075})}]
I0103 06:27:08.888415 2429 diskrowset.cc:578] T test_tablet_id P 88c31c74c8164af4be640a4f8f03aa25: RowSet(28): Major compacting REDO delta stores (cols: 12)
I0103 06:27:08.888512 2429 delta_compaction.cc:318] Starting major delta compaction for columns val INT32 NOT NULL
I0103 06:27:08.888697 2429 multi_column_writer.cc:98] Opened CFile writers for 1 column(s)
I0103 06:27:08.890233 2429 delta_compaction.cc:331] Finished major delta compaction of columns val INT32 NOT NULL. Compacted 2 delta files. Overall stats: delete_count=10, reinsert_count=0, update_count=3
I0103 06:27:08.894739 2434 mvcc.cc:203] Tried to move safe_time back from 8110 to 8105. Current Snapshot: MvccSnapshot[committed={T|T < 8070 or (T in {8075,8076,8077,8078,8079,8080,8081,8083,8084,8085,8082,8087,8089,8090,8091,8093,8086,8095,8088,8096,8094,8099,8100,8071,8101,8104,8098,8106,8107,8108,8109,8110})}]
I0103 06:27:08.898036 2425 tablet.cc:1752] T test_tablet_id P 88c31c74c8164af4be640a4f8f03aa25: Compaction: stage 1 complete, picked 6 rowsets to compact or flush
I0103 06:27:08.898056 2425 compaction.cc:922] Selected 6 rowsets to compact:
I0103 06:27:08.898059 2425 compaction.cc:925] RowSet(23)(current size on disk: ~8345 bytes)
I0103 06:27:08.898070 2425 compaction.cc:925] RowSet(25)(current size on disk: ~8880 bytes)
I0103 06:27:08.898077 2425 compaction.cc:925] RowSet(26)(current size on disk: ~7452 bytes)
I0103 06:27:08.898083 2425 compaction.cc:925] RowSet(27)(current size on disk: ~7182 bytes)
I0103 06:27:08.898090 2425 compaction.cc:925] RowSet(24)(current size on disk: ~46368 bytes)
I0103 06:27:08.898097 2425 compaction.cc:925] RowSet(28)(current size on disk: ~6863 bytes)
I0103 06:27:08.898106 2425 tablet.cc:1528] T test_tablet_id P 88c31c74c8164af4be640a4f8f03aa25: Compaction: entering phase 1 (flushing snapshot). Phase 1 snapshot: MvccSnapshot[committed={T|T < 8070 or (T in {8075,8076,8077,8078,8079,8080,8081,8083,8084,8085,8082,8087,8089,8090,8091,8093,8086,8095,8088,8096,8094,8099,8100,8071,8101,8104,8098,8106,8107,8108,8109,8110,8105,8111,8113,8114,8115,8116,8117,8112,8118,8120,8121,8122,8123,8124,8119,8125,8127,8128,8129,8130,8131,8126,8132,8134})}]
I0103 06:27:08.898967 2425 multi_column_writer.cc:98] Opened CFile writers for 3 column(s)
I0103 06:27:08.913856 2431 mvcc.cc:203] Tried to move safe_time back from 8161 to 8102. Current Snapshot: MvccSnapshot[committed={T|T < 8070 or (T in {8075,8076,8077,8078,8079,8080,8081,8083,8084,8085,8082,8087,8089,8090,8091,8093,8086,8095,8088,8096,8094,8099,8100,8071,8101,8104,8098,8106,8107,8108,8109,8110,8105,8111,8113,8114,8115,8116,8117,8112,8118,8120,8121,8122,8123,8124,8119,8125,8127,8128,8129,8130,8131,8126,8132,8134,8103,8135,8136,8137,8139,8133,8140,8141,8142,8143,8145,8146,8147,8148,8149,8150,8151,8092,8138,8154,8097,8155,8156,8157,8158,8159,8160,8161,8074})}]
I0103 06:27:08.934444 2442 mvcc.cc:203] Tried to move safe_time back from 8212 to 8202. Current Snapshot: MvccSnapshot[committed={T|T < 8073 or (T in {8075,8076,8077,8078,8079,8080,8081,8083,8084,8085,8082,8087,8089,8090,8091,8093,8086,8095,8088,8096,8094,8099,8100,8101,8104,8098,8106,8107,8108,8109,8110,8105,8111,8113,8114,8115,8116,8117,8112,8118,8120,8121,8122,8123,8124,8119,8125,8127,8128,8129,8130,8131,8126,8132,8134,8103,8135,8136,8137,8139,8133,8140,8141,8142,8143,8145,8146,8147,8148,8149,8150,8151,8092,8138,8154,8097,8155,8156,8157,8158,8159,8160,8161,8074,8102,8163,8164,8165,8166,8167,8168,8169,8170,8171,8153,8173,8174,8176,8177,8178,8179,8144,8181,8183,8184,8186,8185,8175,8188,8189,8190,8191,8192,8193,8194,8195,8197,8198,8199,8201,8200,8203,8187,8204,8205,8206,8207,8208,8209,8210,8211,8212,8196})}]
I0103 06:27:08.947199 2424 tablet.cc:1215] T test_tablet_id P 88c31c74c8164af4be640a4f8f03aa25: Flush: entering stage 1 (old memrowset already frozen for inserts)
I0103 06:27:08.947278 2424 compaction.cc:922] Selected 1 rowsets to compact:
I0103 06:27:08.947304 2424 compaction.cc:925] memrowset(current size on disk: ~0 bytes)
I0103 06:27:08.947327 2424 tablet.cc:1217] T test_tablet_id P 88c31c74c8164af4be640a4f8f03aa25: Memstore in-memory size: 7735 bytes
I0103 06:27:08.949829 2424 tablet.cc:1528] T test_tablet_id P 88c31c74c8164af4be640a4f8f03aa25: Flush: entering phase 1 (flushing snapshot). Phase 1 snapshot: MvccSnapshot[committed={T|T < 8172 or (T in {8173,8174,8176,8177,8178,8179,8181,8183,8184,8186,8185,8175,8188,8189,8190,8191,8192,8193,8194,8195,8197,8198,8199,8201,8200,8203,8187,8204,8205,8206,8207,8208,8209,8210,8211,8212,8196,8202,8215,8216,8217,8219,8220,8221,8222,8223,8224,8225,8226,8227,8214,8218,8231,8232,8233,8234,8235,8236,8237,8238,8239,8240,8228,8243,8245,8246,8241,8248,8249,8250,8251,8252,8247,8253,8254,8256,8257,8258,8259,8260,8229,8261})}]
I0103 06:27:08.950387 2424 multi_column_writer.cc:98] Opened CFile writers for 3 column(s)
I0103 06:27:08.953399 2424 tablet.cc:1614] T test_tablet_id P 88c31c74c8164af4be640a4f8f03aa25: Flush: entering phase 2 (starting to duplicate updates in new rowsets)
I0103 06:27:08.953495 2434 mvcc.cc:203] Tried to move safe_time back from 8286 to 8244. Current Snapshot: MvccSnapshot[committed={T|T < 8172 or (T in {8173,8174,8176,8177,8178,8179,8181,8183,8184,8186,8185,8175,8188,8189,8190,8191,8192,8193,8194,8195,8197,8198,8199,8201,8200,8203,8187,8204,8205,8206,8207,8208,8209,8210,8211,8212,8196,8202,8215,8216,8217,8219,8220,8221,8222,8223,8224,8225,8226,8227,8214,8218,8231,8232,8233,8234,8235,8236,8237,8238,8239,8240,8228,8243,8245,8246,8241,8248,8249,8250,8251,8252,8247,8253,8254,8256,8257,8258,8259,8260,8229,8261,8263,8264,8265,8266,8267,8268,8269,8270,8271,8272,8273,8274,8275,8276,8277,8278,8279,8280,8281,8282,8283,8284,8285,8286})}]
I0103 06:27:08.968107 2433 mvcc.cc:203] Tried to move safe_time back from 8317 to 8316. Current Snapshot: MvccSnapshot[committed={T|T < 8172 or (T in {8173,8174,8176,8177,8178,8179,8181,8183,8184,8186,8185,8175,8188,8189,8190,8191,8192,8193,8194,8195,8197,8198,8199,8201,8200,8203,8187,8204,8205,8206,8207,8208,8209,8210,8211,8212,8196,8202,8215,8216,8217,8219,8220,8221,8222,8223,8224,8225,8226,8227,8214,8218,8231,8232,8233,8234,8235,8236,8237,8238,8239,8240,8228,8243,8245,8246,8241,8248,8249,8250,8251,8252,8247,8253,8254,8256,8257,8258,8259,8260,8229,8261,8263,8264,8265,8266,8267,8268,8269,8270,8271,8272,8273,8274,8275,8276,8277,8278,8279,8280,8281,8282,8283,8284,8285,8286,8244,8255,8288,8289,8290,8291,8292,8293,8182,8262,8295,8287,8297,8299,8298,8300,8301,8213,8302,8303,8306,8307,8308,8309,8310,8312,8311,8296,8313,8315,8305,8317})}]
I0103 06:27:08.985400 2444 mvcc.cc:203] Tried to move safe_time back from 8358 to 8350. Current Snapshot: MvccSnapshot[committed={T|T < 8230 or (T in {8231,8232,8233,8234,8235,8236,8237,8238,8239,8240,8243,8245,8246,8241,8248,8249,8250,8251,8252,8247,8253,8254,8256,8257,8258,8259,8260,8261,8263,8264,8265,8266,8267,8268,8269,8270,8271,8272,8273,8274,8275,8276,8277,8278,8279,8280,8281,8282,8283,8284,8285,8286,8244,8255,8288,8289,8290,8291,8292,8293,8262,8295,8287,8297,8299,8298,8300,8301,8302,8303,8306,8307,8308,8309,8310,8312,8311,8296,8313,8315,8305,8317,8316,8319,8320,8321,8322,8325,8318,8326,8327,8329,8323,8330,8331,8332,8304,8334,8335,8336,8338,8339,8340,8324,8342,8343,8344,8345,8294,8346,8348,8349,8351,8328,8353,8341,8354,8355,8356,8357,8358})}]
I0103 06:27:09.010200 2424 tablet.cc:1669] T test_tablet_id P 88c31c74c8164af4be640a4f8f03aa25: Flush Phase 2: carrying over any updates which arrived during Phase 1
I0103 06:27:09.010236 2424 tablet.cc:1671] T test_tablet_id P 88c31c74c8164af4be640a4f8f03aa25: Phase 2 snapshot: MvccSnapshot[committed={T|T < 8172 or (T in {8173,8174,8176,8177,8178,8179,8181,8183,8184,8186,8185,8175,8188,8189,8190,8191,8192,8193,8194,8195,8197,8198,8199,8201,8200,8203,8187,8204,8205,8206,8207,8208,8209,8210,8211,8212,8196,8202,8215,8216,8217,8219,8220,8221,8222,8223,8224,8225,8226,8227,8214,8218,8231,8232,8233,8234,8235,8236,8237,8238,8239,8240,8228,8243,8245,8246,8241,8248,8249,8250,8251,8252,8247,8253,8254,8256,8257,8258,8259,8260,8229,8261,8263,8264,8265,8266,8267,8268,8269,8270,8271,8272,8273,8274,8275,8276,8277,8278,8279,8280,8281,8282,8283,8284,8285,8286,8262,8255,8244,8242,8230,8182,8213,8180,8172})}]
I0103 06:27:09.010769 2424 delta_tracker.cc:737] T test_tablet_id P 88c31c74c8164af4be640a4f8f03aa25: Flushing 31 deltas (3751 bytes in memory) from DMS 1
I0103 06:27:09.011292 2424 delta_tracker.cc:677] T test_tablet_id P 88c31c74c8164af4be640a4f8f03aa25: Flushed delta block 5259313720060174025 (452 bytes on disk) stats: ts range=[8263, 8311], delete_count=[0], reinsert_count=[0], update_counts_by_col_id=[12:31]
I0103 06:27:09.012272 2424 tablet.cc:1719] T test_tablet_id P 88c31c74c8164af4be640a4f8f03aa25: Flush successful on 9 rows (1 rowsets, 4650 bytes)
I0103 06:27:09.013628 2431 mvcc.cc:203] Tried to move safe_time back from 8421 to 8347. Current Snapshot: MvccSnapshot[committed={T|T < 8314 or (T in {8315,8317,8316,8319,8320,8321,8322,8325,8318,8326,8327,8329,8323,8330,8331,8332,8334,8335,8336,8338,8339,8340,8324,8342,8343,8344,8345,8346,8348,8349,8351,8328,8353,8341,8354,8355,8356,8357,8358,8350,8359,8361,8362,8363,8364,8365,8366,8367,8368,8370,8352,8337,8372,8373,8374,8375,8376,8377,8378,8379,8380,8381,8382,8383,8384,8385,8386,8387,8388,8389,8390,8392,8393,8394,8395,8396,8397,8398,8399,8401,8360,8371,8403,8404,8405,8406,8407,8408,8409,8410,8412,8333,8413,8414,8415,8416,8417,8418,8419,8420,8421,8400,8402})}]
I0103 06:27:09.022187 2424 tablet.cc:1215] T test_tablet_id P 88c31c74c8164af4be640a4f8f03aa25: Flush: entering stage 1 (old memrowset already frozen for inserts)
I0103 06:27:09.022204 2424 compaction.cc:922] Selected 1 rowsets to compact:
I0103 06:27:09.022208 2424 compaction.cc:925] memrowset(current size on disk: ~0 bytes)
I0103 06:27:09.022213 2424 tablet.cc:1217] T test_tablet_id P 88c31c74c8164af4be640a4f8f03aa25: Memstore in-memory size: 15703 bytes
I0103 06:27:09.022375 2424 tablet.cc:1528] T test_tablet_id P 88c31c74c8164af4be640a4f8f03aa25: Flush: entering phase 1 (flushing snapshot). Phase 1 snapshot: MvccSnapshot[committed={T|T < 8447 or (T in {8447})}]
I0103 06:27:09.022765 2424 multi_column_writer.cc:98] Opened CFile writers for 3 column(s)
I0103 06:27:09.025589 2424 tablet.cc:1614] T test_tablet_id P 88c31c74c8164af4be640a4f8f03aa25: Flush: entering phase 2 (starting to duplicate updates in new rowsets)
I0103 06:27:09.034641 2448 mvcc.cc:203] Tried to move safe_time back from 8461 to 8454. Current Snapshot: MvccSnapshot[committed={T|T < 8448 or (T in {8457,8455,8459,8460,8461})}]
I0103 06:27:09.041298 2427 delta_tracker.cc:737] T test_tablet_id P 88c31c74c8164af4be640a4f8f03aa25: Flushing 2 deltas (763 bytes in memory) from DMS 2
I0103 06:27:09.041893 2427 delta_tracker.cc:677] T test_tablet_id P 88c31c74c8164af4be640a4f8f03aa25: Flushed delta block 5259313720060174032 (168 bytes on disk) stats: ts range=[8314, 8432], delete_count=[1], reinsert_count=[0], update_counts_by_col_id=[12:1]
I0103 06:27:09.045702 2425 tablet.cc:1614] T test_tablet_id P 88c31c74c8164af4be640a4f8f03aa25: Compaction: entering phase 2 (starting to duplicate updates in new rowsets)
I0103 06:27:09.052323 2448 mvcc.cc:203] Tried to move safe_time back from 8492 to 8491. Current Snapshot: MvccSnapshot[committed={T|T < 8448 or (T in {8457,8455,8459,8460,8461,8454,8450,8463,8464,8465,8466,8458,8468,8469,8471,8470,8473,8472,8474,8451,8456,8477,8478,8479,8476,8480,8481,8482,8483,8484,8485,8487,8488,8462,8489,8490,8492,8467})}]
I0103 06:27:09.067078 2446 mvcc.cc:203] Tried to move safe_time back from 8537 to 8535. Current Snapshot: MvccSnapshot[committed={T|T < 8448 or (T in {8457,8455,8459,8460,8461,8454,8450,8463,8464,8465,8466,8458,8468,8469,8471,8470,8473,8472,8474,8451,8456,8477,8478,8479,8476,8480,8481,8482,8483,8484,8485,8487,8488,8462,8489,8490,8492,8467,8491,8494,8495,8496,8497,8498,8499,8501,8493,8502,8503,8504,8506,8505,8508,8507,8509,8510,8511,8513,8515,8500,8516,8518,8517,8519,8521,8520,8522,8524,8523,8525,8449,8527,8528,8529,8530,8532,8533,8512,8534,8536,8537})}]
I0103 06:27:09.067873 2428 delta_tracker.cc:182] T test_tablet_id P 88c31c74c8164af4be640a4f8f03aa25: Preparing to minor compact delta file: 5259313720060174024 (ts range=[8001, 8199], delete_count=[8], reinsert_count=[0], update_counts_by_col_id=[])
I0103 06:27:09.067917 2428 delta_tracker.cc:182] T test_tablet_id P 88c31c74c8164af4be640a4f8f03aa25: Preparing to minor compact delta file: 5259313720060174025 (ts range=[8263, 8311], delete_count=[0], reinsert_count=[0], update_counts_by_col_id=[12:31])
I0103 06:27:09.067953 2428 delta_tracker.cc:182] T test_tablet_id P 88c31c74c8164af4be640a4f8f03aa25: Preparing to minor compact delta file: 5259313720060174032 (ts range=[8314, 8432], delete_count=[1], reinsert_count=[0], update_counts_by_col_id=[12:1])
I0103 06:27:09.068003 2428 delta_tracker.cc:544] T test_tablet_id P 88c31c74c8164af4be640a4f8f03aa25: Compacting 3 delta files.
I0103 06:27:09.068909 2428 delta_tracker.cc:551] T test_tablet_id P 88c31c74c8164af4be640a4f8f03aa25: Succesfully compacted the specified delta files.
I0103 06:27:09.068958 2428 delta_tracker.cc:407] T test_tablet_id P 88c31c74c8164af4be640a4f8f03aa25: Flushing compaction of 3 redo delta blocks { 5259313720060174024,5259313720060174025,5259313720060174032 } into block 5259313720060174033
I0103 06:27:09.082690 2433 mvcc.cc:203] Tried to move safe_time back from 8568 to 8453. Current Snapshot: MvccSnapshot[committed={T|T < 8448 or (T in {8457,8455,8459,8460,8461,8454,8450,8463,8464,8465,8466,8458,8468,8469,8471,8470,8473,8472,8474,8451,8456,8477,8478,8479,8476,8480,8481,8482,8483,8484,8485,8487,8488,8462,8489,8490,8492,8467,8491,8494,8495,8496,8497,8498,8499,8501,8493,8502,8503,8504,8506,8505,8508,8507,8509,8510,8511,8513,8515,8500,8516,8518,8517,8519,8521,8520,8522,8524,8523,8525,8449,8527,8528,8529,8530,8532,8533,8512,8534,8536,8537,8535,8538,8540,8539,8542,8543,8541,8545,8452,8546,8547,8531,8475,8544,8526,8548,8549,8550,8551,8552,8553,8554,8557,8556,8558,8559,8560,8561,8562,8563,8564,8565,8566,8567,8568,8555})}]
I0103 06:27:09.083937 2424 tablet.cc:1669] T test_tablet_id P 88c31c74c8164af4be640a4f8f03aa25: Flush Phase 2: carrying over any updates which arrived during Phase 1
I0103 06:27:09.083958 2424 tablet.cc:1671] T test_tablet_id P 88c31c74c8164af4be640a4f8f03aa25: Phase 2 snapshot: MvccSnapshot[committed={T|T < 8447 or (T in {8447,8448})}]
I0103 06:27:09.084313 2424 delta_tracker.cc:737] T test_tablet_id P 88c31c74c8164af4be640a4f8f03aa25: Flushing 29 deltas (1759 bytes in memory) from DMS 1
I0103 06:27:09.084959 2424 delta_tracker.cc:677] T test_tablet_id P 88c31c74c8164af4be640a4f8f03aa25: Flushed delta block 5259313720060174034 (427 bytes on disk) stats: ts range=[8448, 8545], delete_count=[4], reinsert_count=[0], update_counts_by_col_id=[12:25]
I0103 06:27:09.086020 2424 tablet.cc:1719] T test_tablet_id P 88c31c74c8164af4be640a4f8f03aa25: Flush successful on 9 rows (1 rowsets, 4668 bytes)
I0103 06:27:09.093823 2429 diskrowset.cc:578] T test_tablet_id P 88c31c74c8164af4be640a4f8f03aa25: RowSet(30): Major compacting REDO delta stores (cols: 12)
I0103 06:27:09.093914 2429 delta_compaction.cc:318] Starting major delta compaction for columns val INT32 NOT NULL
I0103 06:27:09.094067 2429 multi_column_writer.cc:98] Opened CFile writers for 1 column(s)
I0103 06:27:09.095633 2429 delta_compaction.cc:331] Finished major delta compaction of columns val INT32 NOT NULL. Compacted 1 delta files. Overall stats: delete_count=9, reinsert_count=0, update_count=32
I0103 06:27:09.101791 2432 mvcc.cc:203] Tried to move safe_time back from 8641 to 8579. Current Snapshot: MvccSnapshot[committed={T|T < 8486 or (T in {8487,8488,8489,8490,8492,8491,8494,8495,8496,8497,8498,8499,8501,8493,8502,8503,8504,8506,8505,8508,8507,8509,8510,8511,8513,8515,8500,8516,8518,8517,8519,8521,8520,8522,8524,8523,8525,8527,8528,8529,8530,8532,8533,8512,8534,8536,8537,8535,8538,8540,8539,8542,8543,8541,8545,8546,8547,8531,8544,8526,8548,8549,8550,8551,8552,8553,8554,8557,8556,8558,8559,8560,8561,8562,8563,8564,8565,8566,8567,8568,8555,8570,8571,8572,8573,8514,8575,8578,8576,8583,8584,8569,8586,8587,8580,8590,8591,8592,8593,8594,8595,8588,8597,8574,8598,8600,8601,8602,8603,8604,8605,8606,8585,8607,8609,8610,8611,8612,8613,8599,8614,8616,8617,8618,8619,8620,8621,8622,8623,8624,8625,8626,8627,8628,8629,8630,8631,8632,8633,8634,8635,8636,8637,8638,8639,8640,8641})}]
I0103 06:27:09.113059 2432 mvcc.cc:203] Tried to move safe_time back from 8707 to 8684. Current Snapshot: MvccSnapshot[committed={T|T < 8486 or (T in {8487,8488,8489,8490,8492,8491,8494,8495,8496,8497,8498,8499,8501,8493,8502,8503,8504,8506,8505,8508,8507,8509,8510,8511,8513,8515,8500,8516,8518,8517,8519,8521,8520,8522,8524,8523,8525,8527,8528,8529,8530,8532,8533,8512,8534,8536,8537,8535,8538,8540,8539,8542,8543,8541,8545,8546,8547,8531,8544,8526,8548,8549,8550,8551,8552,8553,8554,8557,8556,8558,8559,8560,8561,8562,8563,8564,8565,8566,8567,8568,8555,8570,8571,8572,8573,8514,8575,8578,8576,8583,8584,8569,8586,8587,8580,8590,8591,8592,8593,8594,8595,8588,8597,8574,8598,8600,8601,8602,8603,8604,8605,8606,8585,8607,8609,8610,8611,8612,8613,8599,8614,8616,8617,8618,8619,8620,8621,8622,8623,8624,8625,8626,8627,8628,8629,8630,8631,8632,8633,8634,8635,8636,8637,8638,8639,8640,8641,8579,8642,8643,8581,8646,8647,8648,8649,8645,8650,8652,8653,8654,8655,8656,8651,8657,8659,8660,8661,8658,8662,8663,8665,8666,8667,8668,8669,8670,8671,8672,8673,8674,8675,8676,8608,8677,8679,8680,8681,8682,8683,8664,8577,8685,8686,8687,8688,8689,8690,8691,8678,8692,8694,8695,8696,8697,8698,8699,8693,8700,8701,8703,8704,8705,8706,8707})}]
I0103 06:27:09.116143 2423 test_graph.cc:97] metrics: { "scope": "MultiThreadedTabletTest/2", "time": 2.002}
I0103 06:27:09.128159 2441 mvcc.cc:203] Tried to move safe_time back from 8739 to 8589. Current Snapshot: MvccSnapshot[committed={T|T < 8486 or (T in {8487,8488,8489,8490,8492,8491,8494,8495,8496,8497,8498,8499,8501,8493,8502,8503,8504,8506,8505,8508,8507,8509,8510,8511,8513,8515,8500,8516,8518,8517,8519,8521,8520,8522,8524,8523,8525,8527,8528,8529,8530,8532,8533,8512,8534,8536,8537,8535,8538,8540,8539,8542,8543,8541,8545,8546,8547,8531,8544,8526,8548,8549,8550,8551,8552,8553,8554,8557,8556,8558,8559,8560,8561,8562,8563,8564,8565,8566,8567,8568,8555,8570,8571,8572,8573,8514,8575,8578,8576,8583,8584,8569,8586,8587,8580,8590,8591,8592,8593,8594,8595,8588,8597,8574,8598,8600,8601,8602,8603,8604,8605,8606,8585,8607,8609,8610,8611,8612,8613,8599,8614,8616,8617,8618,8619,8620,8621,8622,8623,8624,8625,8626,8627,8628,8629,8630,8631,8632,8633,8634,8635,8636,8637,8638,8639,8640,8641,8579,8642,8643,8581,8646,8647,8648,8649,8645,8650,8652,8653,8654,8655,8656,8651,8657,8659,8660,8661,8658,8662,8663,8665,8666,8667,8668,8669,8670,8671,8672,8673,8674,8675,8676,8608,8677,8679,8680,8681,8682,8683,8664,8577,8685,8686,8687,8688,8689,8690,8691,8678,8692,8694,8695,8696,8697,8698,8699,8693,8700,8701,8703,8704,8705,8706,8707,8684,8582,8615,8710,8711,8712,8713,8714,8715,8716,8709,8644,8596,8720,8721,8722,8724,8708,8726,8727,8728,8729,8730,8702,8725,8731,8732,8733,8736,8719,8737,8738,8739})}]
I0103 06:27:09.137869 2425 tablet.cc:1669] T test_tablet_id P 88c31c74c8164af4be640a4f8f03aa25: Compaction Phase 2: carrying over any updates which arrived during Phase 1
I0103 06:27:09.137905 2425 tablet.cc:1671] T test_tablet_id P 88c31c74c8164af4be640a4f8f03aa25: Phase 2 snapshot: MvccSnapshot[committed={T|T < 8448 or (T in {8457,8455,8459,8460,8461,8454,8450,8463,8464,8465,8466,8458,8468,8469,8471,8470,8473,8472,8474,8451,8456,8477,8478,8479,8476,8480,8481,8482,8483,8484,8485,8487,8488,8462,8489,8490,8492,8491,8467,8486,8475,8449,8448})}]
I0103 06:27:09.138291 2424 tablet.cc:1215] T test_tablet_id P 88c31c74c8164af4be640a4f8f03aa25: Flush: entering stage 1 (old memrowset already frozen for inserts)
I0103 06:27:09.138329 2424 compaction.cc:922] Selected 1 rowsets to compact:
I0103 06:27:09.138345 2424 compaction.cc:925] memrowset(current size on disk: ~0 bytes)
I0103 06:27:09.138351 2424 tablet.cc:1217] T test_tablet_id P 88c31c74c8164af4be640a4f8f03aa25: Memstore in-memory size: 7735 bytes
I0103 06:27:09.138468 2424 tablet.cc:1528] T test_tablet_id P 88c31c74c8164af4be640a4f8f03aa25: Flush: entering phase 1 (flushing snapshot). Phase 1 snapshot: MvccSnapshot[committed={T|T < 8718 or (T in {8720,8721,8722,8724,8726,8727,8728,8729,8730,8725,8731,8732,8733,8736,8719,8737,8738,8739,8735,8742,8743,8744,8745,8746,8747,8748,8749,8750,8751,8753,8755,8754,8756,8758,8759,8760,8761,8723})}]
I0103 06:27:09.138952 2424 multi_column_writer.cc:98] Opened CFile writers for 3 column(s)
I0103 06:27:09.141921 2424 tablet.cc:1614] T test_tablet_id P 88c31c74c8164af4be640a4f8f03aa25: Flush: entering phase 2 (starting to duplicate updates in new rowsets)
I0103 06:27:09.149231 2431 mvcc.cc:203] Tried to move safe_time back from 8778 to 8777. Current Snapshot: MvccSnapshot[committed={T|T < 8718 or (T in {8720,8721,8722,8724,8726,8727,8728,8729,8730,8725,8731,8732,8733,8736,8719,8737,8738,8739,8735,8742,8743,8744,8745,8746,8747,8748,8749,8750,8751,8753,8755,8754,8756,8758,8759,8760,8761,8723,8741,8762,8752,8767,8769,8740,8770,8768,8772,8773,8774,8775,8776,8778})}]
I0103 06:27:09.165822 2445 mvcc.cc:203] Tried to move safe_time back from 8805 to 8784. Current Snapshot: MvccSnapshot[committed={T|T < 8763 or (T in {8767,8769,8770,8768,8772,8773,8774,8775,8776,8778,8777,8764,8783,8780,8765,8785,8786,8787,8788,8782,8789,8790,8791,8792,8793,8795,8798,8794,8766,8800,8801,8802,8803,8804,8805})}]
I0103 06:27:09.178418 2424 tablet.cc:1669] T test_tablet_id P 88c31c74c8164af4be640a4f8f03aa25: Flush Phase 2: carrying over any updates which arrived during Phase 1
I0103 06:27:09.178452 2424 tablet.cc:1671] T test_tablet_id P 88c31c74c8164af4be640a4f8f03aa25: Phase 2 snapshot: MvccSnapshot[committed={T|T < 8718 or (T in {8720,8721,8722,8724,8726,8727,8728,8729,8730,8725,8731,8732,8733,8736,8719,8737,8738,8739,8735,8742,8743,8744,8745,8746,8747,8748,8749,8750,8751,8753,8755,8754,8756,8758,8759,8760,8761,8723,8741,8762,8766,8765,8764,8757,8763,8752,8734,8740,8718})}]
I0103 06:27:09.180080 2424 tablet.cc:1719] T test_tablet_id P 88c31c74c8164af4be640a4f8f03aa25: Flush successful on 7 rows (1 rowsets, 4599 bytes)
I0103 06:27:09.184805 2424 delta_tracker.cc:737] T test_tablet_id P 88c31c74c8164af4be640a4f8f03aa25: Flushing 6 deltas (763 bytes in memory) from DMS 2
I0103 06:27:09.185358 2424 delta_tracker.cc:677] T test_tablet_id P 88c31c74c8164af4be640a4f8f03aa25: Flushed delta block 5259313720060174044 (211 bytes on disk) stats: ts range=[8576, 8742], delete_count=[2], reinsert_count=[0], update_counts_by_col_id=[12:4]
I0103 06:27:09.187136 2434 mvcc.cc:203] Tried to move safe_time back from 8839 to 8836. Current Snapshot: MvccSnapshot[committed={T|T < 8779 or (T in {8783,8780,8785,8786,8787,8788,8782,8789,8790,8791,8792,8793,8795,8798,8794,8800,8801,8802,8803,8804,8805,8784,8808,8809,8810,8811,8812,8813,8814,8796,8781,8817,8818,8819,8820,8821,8822,8824,8799,8797,8825,8826,8827,8828,8829,8830,8832,8816,8823,8835,8837,8838,8839,8807})}]
I0103 06:27:09.212152 2438 mvcc.cc:203] Tried to move safe_time back from 8883 to 8815. Current Snapshot: MvccSnapshot[committed={T|T < 8779 or (T in {8783,8780,8785,8786,8787,8788,8782,8789,8790,8791,8792,8793,8795,8798,8794,8800,8801,8802,8803,8804,8805,8784,8808,8809,8810,8811,8812,8813,8814,8796,8781,8817,8818,8819,8820,8821,8822,8824,8799,8797,8825,8826,8827,8828,8829,8830,8832,8816,8823,8835,8837,8838,8839,8807,8836,8841,8842,8843,8844,8845,8846,8847,8848,8849,8850,8851,8840,8854,8855,8856,8833,8857,8859,8858,8860,8861,8862,8863,8834,8866,8806,8868,8867,8869,8870,8871,8872,8873,8874,8875,8876,8877,8879,8878,8852,8853,8882,8883})}]
I0103 06:27:09.242904 2434 mvcc.cc:203] Tried to move safe_time back from 8943 to 8942. Current Snapshot: MvccSnapshot[committed={T|T < 8865 or (T in {8866,8868,8867,8869,8870,8871,8872,8873,8874,8875,8876,8877,8879,8878,8882,8883,8885,8886,8887,8888,8889,8890,8891,8892,8893,8894,8880,8896,8897,8898,8899,8900,8901,8904,8905,8906,8907,8908,8909,8895,8884,8912,8913,8914,8915,8916,8917,8918,8919,8920,8921,8922,8923,8903,8925,8926,8927,8928,8929,8930,8931,8933,8911,8934,8935,8936,8937,8938,8939,8924,8943})}]
I0103 06:27:09.262195 2445 mvcc.cc:203] Tried to move safe_time back from 8975 to 8964. Current Snapshot: MvccSnapshot[committed={T|T < 8902 or (T in {8904,8905,8906,8907,8908,8909,8912,8913,8914,8915,8916,8917,8918,8919,8920,8921,8922,8923,8903,8925,8926,8927,8928,8929,8930,8931,8933,8911,8934,8935,8936,8937,8938,8939,8924,8943,8942,8944,8945,8946,8947,8949,8950,8951,8932,8953,8954,8941,8957,8958,8959,8960,8961,8962,8955,8952,8965,8966,8968,8967,8969,8970,8956,8973,8974,8975,8940})}]
I0103 06:27:09.293786 2447 mvcc.cc:203] Tried to move safe_time back from 9035 to 9012. Current Snapshot: MvccSnapshot[committed={T|T < 8963 or (T in {8965,8966,8968,8967,8969,8970,8973,8974,8975,8964,8977,8979,8978,8980,8981,8982,8976,8984,8985,8986,8987,8988,8989,8971,8992,8993,8994,8995,8996,8997,8998,8999,9000,9001,9002,9003,9004,9005,9006,9007,9008,9009,9010,9011,8983,9014,9015,9016,9017,9018,9019,9020,9021,9022,9023,9024,9025,9026,8991,9029,9030,9031,9032,9033,9035,9034})}]
I0103 06:27:09.315654 2425 tablet.cc:1719] T test_tablet_id P 88c31c74c8164af4be640a4f8f03aa25: Compaction successful on 10 rows (1 rowsets, 4644 bytes)
I0103 06:27:09.316646 2445 mvcc.cc:203] Tried to move safe_time back from 9074 to 9028. Current Snapshot: MvccSnapshot[committed={T|T < 9028 or (T in {9029,9030,9031,9032,9033,9035,9034,9038,9037,9039,9040,9041,9042,9044,9045,9046,9047,9048,9049,9050,9052,9053,9054,9055,9056,9057,9036,9059,9060,9061,9062,9064,9063,9058,9067,9068,9069,9070,9071,9072,9074})}]
I0103 06:27:09.326979 2433 mvcc.cc:203] Tried to move safe_time back from 9107 to 9066. Current Snapshot: MvccSnapshot[committed={T|T < 9043 or (T in {9044,9045,9046,9047,9048,9049,9050,9052,9053,9054,9055,9056,9057,9059,9060,9061,9062,9064,9063,9058,9067,9068,9069,9070,9071,9072,9074,9076,9078,9075,9077,9080,9079,9082,9083,9084,9085,9086,9088,9087,9089,9081,9092,9093,9065,9095,9094,9096,9097,9098,9099,9100,9101,9102,9104,9103,9091,9107})}]
I0103 06:27:09.346263 2437 mvcc.cc:203] Tried to move safe_time back from 9173 to 9172. Current Snapshot: MvccSnapshot[committed={T|T < 9090 or (T in {9092,9093,9095,9094,9096,9097,9098,9099,9100,9101,9102,9104,9103,9091,9107,9108,9109,9110,9111,9112,9114,9113,9115,9116,9105,9117,9119,9121,9122,9123,9124,9125,9126,9127,9118,9128,9129,9130,9131,9120,9133,9134,9135,9136,9137,9138,9139,9140,9141,9142,9143,9145,9146,9147,9148,9149,9150,9151,9152,9153,9154,9155,9156,9159,9158,9160,9161,9162,9163,9164,9166,9165,9167,9168,9169,9170,9171,9173})}]
I0103 06:27:09.366063 2443 mvcc.cc:203] Tried to move safe_time back from 9238 to 9144. Current Snapshot: MvccSnapshot[committed={T|T < 9144 or (T in {9145,9146,9147,9148,9149,9150,9151,9152,9153,9154,9155,9156,9159,9158,9160,9161,9162,9163,9164,9166,9165,9167,9168,9169,9170,9171,9173,9172,9174,9175,9176,9178,9177,9179,9180,9181,9182,9183,9185,9184,9186,9157,9188,9189,9190,9191,9192,9194,9193,9195,9196,9197,9199,9198,9201,9202,9203,9204,9205,9206,9207,9208,9209,9210,9211,9187,9214,9215,9216,9217,9218,9219,9220,9221,9222,9223,9224,9225,9227,9228,9229,9230,9231,9232,9233,9234,9235,9236,9237,9238})}]
I0103 06:27:09.366259 2423 test_graph.cc:97] metrics: { "scope": "MultiThreadedTabletTest/2", "time": 2.252}
I0103 06:27:09.377974 2438 mvcc.cc:203] Tried to move safe_time back from 9280 to 9252. Current Snapshot: MvccSnapshot[committed={T|T < 9226 or (T in {9227,9228,9229,9230,9231,9232,9233,9234,9235,9236,9237,9238,9241,9242,9243,9244,9245,9246,9247,9248,9250,9249,9239,9253,9255,9256,9258,9257,9260,9259,9261,9262,9263,9264,9265,9266,9267,9268,9269,9270,9272,9271,9273,9274,9275,9276,9251,9278,9279,9280})}]
I0103 06:27:09.396459 2447 mvcc.cc:203] Tried to move safe_time back from 9345 to 9344. Current Snapshot: MvccSnapshot[committed={T|T < 9290 or (T in {9291,9292,9294,9295,9296,9297,9298,9299,9300,9301,9302,9304,9303,9305,9306,9307,9308,9310,9311,9312,9313,9314,9315,9316,9317,9319,9320,9321,9322,9324,9323,9325,9326,9327,9328,9329,9330,9331,9332,9333,9334,9335,9337,9338,9339,9340,9342,9318,9343,9345})}]
I0103 06:27:09.406405 2434 mvcc.cc:203] Tried to move safe_time back from 9380 to 9379. Current Snapshot: MvccSnapshot[committed={T|T < 9359 or (T in {9360,9361,9362,9363,9367,9366,9368,9369,9370,9371,9372,9374,9365,9376,9364,9380})}]
I0103 06:27:09.424799 2437 mvcc.cc:203] Tried to move safe_time back from 9443 to 9419. Current Snapshot: MvccSnapshot[committed={T|T < 9405 or (T in {9406,9407,9408,9409,9410,9411,9412,9413,9414,9415,9416,9417,9420,9421,9422,9423,9425,9426,9427,9428,9429,9430,9431,9432,9434,9435,9436,9437,9438,9439,9440,9442,9443})}]
I0103 06:27:09.437250 2438 mvcc.cc:203] Tried to move safe_time back from 9483 to 9482. Current Snapshot: MvccSnapshot[committed={T|T < 9444 or (T in {9445,9446,9447,9448,9449,9450,9451,9452,9453,9454,9455,9456,9457,9458,9459,9461,9463,9464,9465,9466,9467,9468,9470,9471,9472,9475,9474,9462,9477,9478,9479,9460,9473,9483})}]
I0103 06:27:09.452816 2446 mvcc.cc:203] Tried to move safe_time back from 9533 to 9532. Current Snapshot: MvccSnapshot[committed={T|T < 9476 or (T in {9477,9478,9479,9483,9481,9484,9485,9486,9487,9489,9488,9490,9491,9492,9493,9494,9495,9482,9498,9499,9500,9501,9502,9503,9504,9505,9506,9507,9508,9509,9497,9511,9512,9513,9514,9515,9516,9518,9517,9480,9519,9520,9521,9522,9496,9526,9525,9527,9528,9529,9530,9531,9533})}]
I0103 06:27:09.470095 2438 mvcc.cc:203] Tried to move safe_time back from 9596 to 9510. Current Snapshot: MvccSnapshot[committed={T|T < 9510 or (T in {9511,9512,9513,9514,9515,9516,9518,9517,9519,9520,9521,9522,9526,9525,9527,9528,9529,9530,9531,9533,9532,9534,9535,9536,9537,9538,9539,9540,9542,9541,9543,9544,9545,9546,9547,9548,9549,9551,9550,9552,9553,9554,9555,9556,9557,9558,9560,9559,9561,9562,9563,9564,9565,9566,9567,9523,9569,9570,9571,9572,9573,9575,9574,9577,9576,9578,9579,9580,9581,9582,9568,9584,9585,9586,9587,9588,9589,9590,9591,9592,9594,9593,9595,9596})}]
I0103 06:27:09.485103 2433 mvcc.cc:203] Tried to move safe_time back from 9650 to 9604. Current Snapshot: MvccSnapshot[committed={T|T < 9604 or (T in {9605,9606,9607,9608,9612,9611,9613,9614,9615,9617,9616,9618,9619,9620,9621,9622,9624,9623,9610,9627,9628,9629,9630,9631,9632,9633,9634,9635,9636,9637,9638,9639,9609,9642,9643,9644,9645,9646,9647,9648,9649,9650})}]
I0103 06:27:09.497987 2434 mvcc.cc:203] Tried to move safe_time back from 9695 to 9626. Current Snapshot: MvccSnapshot[committed={T|T < 9626 or (T in {9627,9628,9629,9630,9631,9632,9633,9634,9635,9636,9637,9638,9639,9642,9643,9644,9645,9646,9647,9648,9649,9650,9654,9653,9655,9656,9657,9658,9640,9660,9661,9662,9663,9665,9664,9666,9667,9641,9652,9669,9670,9671,9672,9673,9674,9675,9676,9677,9678,9679,9659,9682,9681,9683,9684,9685,9686,9687,9688,9689,9690,9691,9693,9692,9694,9695})}]
I0103 06:27:09.509881 2437 mvcc.cc:203] Tried to move safe_time back from 9736 to 9720. Current Snapshot: MvccSnapshot[committed={T|T < 9680 or (T in {9682,9681,9683,9684,9685,9686,9687,9688,9689,9690,9691,9693,9692,9694,9695,9698,9699,9701,9700,9702,9703,9704,9705,9706,9707,9708,9709,9696,9711,9712,9714,9713,9715,9716,9717,9718,9719,9721,9723,9722,9710,9725,9726,9728,9727,9729,9697,9730,9731,9732,9733,9734,9735,9736})}]
I0103 06:27:09.519462 2437 mvcc.cc:203] Tried to move safe_time back from 9771 to 9752. Current Snapshot: MvccSnapshot[committed={T|T < 9738 or (T in {9739,9741,9742,9744,9743,9746,9740,9748,9747,9749,9750,9751,9754,9753,9755,9756,9757,9758,9759,9761,9760,9762,9763,9764,9765,9766,9745,9769,9770,9771})}]
I0103 06:27:09.537830 2431 mvcc.cc:203] Tried to move safe_time back from 9831 to 9768. Current Snapshot: MvccSnapshot[committed={T|T < 9768 or (T in {9769,9770,9771,9773,9774,9775,9776,9777,9778,9779,9781,9782,9783,9784,9785,9786,9787,9788,9789,9790,9791,9792,9772,9794,9795,9796,9797,9798,9799,9800,9801,9802,9803,9804,9805,9806,9793,9780,9809,9810,9812,9807,9813,9814,9815,9816,9811,9818,9817,9808,9820,9821,9822,9823,9824,9825,9826,9827,9828,9829,9830,9831})}]
I0103 06:27:09.555027 2431 mvcc.cc:203] Tried to move safe_time back from 9894 to 9879. Current Snapshot: MvccSnapshot[committed={T|T < 9860 or (T in {9861,9862,9863,9865,9864,9866,9867,9868,9869,9870,9872,9871,9873,9874,9875,9876,9877,9880,9881,9882,9883,9884,9885,9886,9887,9888,9889,9890,9892,9878,9894})}]
I0103 06:27:09.570327 2431 mvcc.cc:203] Tried to move safe_time back from 9948 to 9931. Current Snapshot: MvccSnapshot[committed={T|T < 9913 or (T in {9914,9915,9916,9917,9918,9920,9921,9922,9919,9923,9925,9926,9927,9928,9929,9930,9924,9932,9933,9934,9935,9936,9937,9938,9939,9940,9941,9942,9943,9944,9946,9945,9948})}]
I0103 06:27:09.583241 2438 mvcc.cc:203] Tried to move safe_time back from 9995 to 9975. Current Snapshot: MvccSnapshot[committed={T|T < 9975 or (T in {9976,9977,9978,9979,9980,9982,9981,9983,9984,9986,9985,9987,9988,9991,9992,9993,9995})}]
I0103 06:27:09.600442 2438 mvcc.cc:203] Tried to move safe_time back from 10056 to 10055. Current Snapshot: MvccSnapshot[committed={T|T < 10046 or (T in {10048,10049,10050,10051,10052,10053,10054,10056})}]
I0103 06:27:09.616389 2423 test_graph.cc:97] metrics: { "scope": "MultiThreadedTabletTest/2", "time": 2.503}
I0103 06:27:09.632988 2438 mvcc.cc:203] Tried to move safe_time back from 10139 to 10127. Current Snapshot: MvccSnapshot[committed={T|T < 10127 or (T in {10128,10129,10130,10131,10132,10133,10134,10136,10137,10138,10139})}] [ OK ] MultiThreadedTabletTest/2.DeleteAndReinsert (2563 ms) [----------] 1 test from MultiThreadedTabletTest/2 (2563 ms total) [----------] 1 test from MultiThreadedTabletTest/4, where TypeParam = kudu::tablet::IntKeyTestSetup<(kudu::DataType)7> [ RUN ] MultiThreadedTabletTest/4.DeleteAndReinsert
I0103 06:27:09.669890 2378 fs_manager.cc:263] Metadata directory not provided
I0103 06:27:09.669934 2378 fs_manager.cc:269] Using write-ahead log directory (fs_wal_dir) as metadata directory
I0103 06:27:09.670222 2378 fs_manager.cc:602] Generated new instance metadata in path /tmp/dist-test-taskeIeOfo/test-tmp/mt-tablet-test.1.MultiThreadedTabletTest_4.DeleteAndReinsert.1546496824607403-2378/fs_root/instance: uuid: "39d3708062a84df2af4b6864c2baea92" format_stamp: "Formatted at 2019-01-03 06:27:09 on dist-test-slave-dist-test-slave-4qw4"
I0103 06:27:09.678011 2378 fs_manager.cc:503] Time spent creating directory manager: real 0.008s user 0.001s sys 0.001s
I0103 06:27:09.678416 2378 file_cache.cc:466] Constructed file cache lbm with capacity 419430
I0103 06:27:09.679935 2378 fs_report.cc:352] FS layout report -------------------- wal directory: metadata directory: 1 data directories: /tmp/dist-test-taskeIeOfo/test-tmp/mt-tablet-test.1.MultiThreadedTabletTest_4.DeleteAndReinsert.1546496824607403-2378/fs_root/data Total live blocks: 0 Total live bytes: 0 Total live bytes (after alignment): 0 Total number of LBM containers: 0 (0 full) Did not check for missing blocks Did not check for orphaned blocks Total full LBM containers with extra space: 0 (0 repaired) Total full LBM container extra space in bytes: 0 (0 repaired) Total incomplete LBM containers: 0 (0 repaired) Total LBM partial records: 0 (0 repaired)
I0103 06:27:09.680022 2378 fs_manager.cc:419] Time spent opening block manager: real 0.000s user 0.000s sys 0.000s
I0103 06:27:09.680053 2378 fs_manager.cc:436] Opened local filesystem: /tmp/dist-test-taskeIeOfo/test-tmp/mt-tablet-test.1.MultiThreadedTabletTest_4.DeleteAndReinsert.1546496824607403-2378/fs_root uuid: "39d3708062a84df2af4b6864c2baea92" format_stamp: "Formatted at 2019-01-03 06:27:09 on dist-test-slave-dist-test-slave-4qw4"
I0103 06:27:09.680197 2378 data_dirs.cc:938] Could only allocate 1 dirs of requested 3 for tablet test_tablet_id. 1 dirs total
I0103 06:27:09.681399 2378 test_graph.cc:73] Starting metrics dumper
I0103 06:27:09.681859 2453 test_graph.cc:97] metrics: { "scope": "MultiThreadedTabletTest/4", "time": 0.000}
I0103 06:27:09.682049 2454 tablet.cc:1206] T test_tablet_id P 39d3708062a84df2af4b6864c2baea92: MemRowSet was empty: no flush needed.
I0103 06:27:09.682162 2455 tablet.cc:1752] T test_tablet_id P 39d3708062a84df2af4b6864c2baea92: Compaction: stage 1 complete, picked 0 rowsets to compact or flush
I0103 06:27:09.685860 2455 compaction.cc:922] Selected 0 rowsets to compact:
I0103 06:27:09.684702 2479 mvcc.cc:203] Tried to move safe_time back from 32 to 28. Current Snapshot: MvccSnapshot[committed={T|T < 10 or (T in {11,12,13,16,15,17,20,21,22,23,24,25,26,27,29,18,31,30,32})}]
I0103 06:27:09.686877 2455 tablet.cc:1528] T test_tablet_id P 39d3708062a84df2af4b6864c2baea92: Compaction: entering phase 1 (flushing snapshot). Phase 1 snapshot: MvccSnapshot[committed={T|T < 19 or (T in {20,21,22,23,24,25,26,27,29,31,30,32,28,33})}]
I0103 06:27:09.688014 2455 multi_column_writer.cc:98] Opened CFile writers for 3 column(s)
I0103 06:27:09.689707 2455 tablet.cc:1557] T test_tablet_id P 39d3708062a84df2af4b6864c2baea92: Compaction resulted in no output rows (all input rows were GCed!) Removing all input rowsets.
I0103 06:27:09.692574 2462 mvcc.cc:203] Tried to move safe_time back from 78 to 36. Current Snapshot: MvccSnapshot[committed={T|T < 19 or (T in {20,21,22,23,24,25,26,27,29,31,30,32,28,33,39,35,43,44,45,46,47,48,49,50,51,52,53,54,55,56,58,57,59,60,61,62,41,64,65,66,67,68,69,70,71,72,73,40,75,42,38,34,76,77,78})}]
