I1207 12:05:36.218451 1957 raft_consensus.cc:1181] T 00000000000000000000000000000000 P 65816999e23543e1bf237f8af78cebdf [term 1 FOLLOWER]: Refusing update from remote peer a390ea629d4e4019a7e320eb69f3d5a3: Log matching property violated. Preceding OpId in replica: term: 0 index: 0. Preceding OpId from leader: term: 1 index: 2. (index mismatch)
I1207 12:05:36.218750 1901 raft_consensus.cc:1181] T 00000000000000000000000000000000 P 3d15fd6b334b4ab5aed4d4b165690c95 [term 1 FOLLOWER]: Refusing update from remote peer a390ea629d4e4019a7e320eb69f3d5a3: Log matching property violated. Preceding OpId in replica: term: 0 index: 0. Preceding OpId from leader: term: 1 index: 2. (index mismatch)
I1207 12:05:36.218989 2198 consensus_queue.cc:976] T 00000000000000000000000000000000 P a390ea629d4e4019a7e320eb69f3d5a3 [LEADER]: Connected to new peer: Peer: permanent_uuid: "65816999e23543e1bf237f8af78cebdf" member_type: VOTER last_known_addr { host: "127.0.56.253" port: 46377 }, Status: LMP_MISMATCH, Last received: 0.0, Next index: 1, Last known committed idx: 0, Time since last communication: 0.000s
I1207 12:05:36.219202 2045 consensus_queue.cc:976] T 00000000000000000000000000000000 P a390ea629d4e4019a7e320eb69f3d5a3 [LEADER]: Connected to new peer: Peer: permanent_uuid: "3d15fd6b334b4ab5aed4d4b165690c95" member_type: VOTER last_known_addr { host: "127.0.56.254" port: 39037 }, Status: LMP_MISMATCH, Last received: 0.0, Next index: 1, Last known committed idx: 0, Time since last communication: 0.000s
I1207 12:05:36.220599 2048 sys_catalog.cc:337] T 00000000000000000000000000000000 P 3d15fd6b334b4ab5aed4d4b165690c95 [sys.catalog]: SysCatalogTable state changed. Reason: New leader a390ea629d4e4019a7e320eb69f3d5a3. Latest consensus state: current_term: 1 leader_uuid: "a390ea629d4e4019a7e320eb69f3d5a3" committed_config { opid_index: -1 OBSOLETE_local: false peers { permanent_uuid: "3d15fd6b334b4ab5aed4d4b165690c95" member_type: VOTER last_known_addr { host: "127.0.56.254" port: 39037 } } peers { permanent_uuid: "65816999e23543e1bf237f8af78cebdf" member_type: VOTER last_known_addr { host: "127.0.56.253" port: 46377 } } peers { permanent_uuid: "a390ea629d4e4019a7e320eb69f3d5a3" member_type: VOTER last_known_addr { host: "127.0.56.252" port: 33111 } } }
I1207 12:05:36.220634 2048 sys_catalog.cc:340] T 00000000000000000000000000000000 P 3d15fd6b334b4ab5aed4d4b165690c95 [sys.catalog]: This master's current role is: FOLLOWER
I1207 12:05:36.220886 2042 sys_catalog.cc:337] T 00000000000000000000000000000000 P 65816999e23543e1bf237f8af78cebdf [sys.catalog]: SysCatalogTable state changed. Reason: New leader a390ea629d4e4019a7e320eb69f3d5a3. Latest consensus state: current_term: 1 leader_uuid: "a390ea629d4e4019a7e320eb69f3d5a3" committed_config { opid_index: -1 OBSOLETE_local: false peers { permanent_uuid: "3d15fd6b334b4ab5aed4d4b165690c95" member_type: VOTER last_known_addr { host: "127.0.56.254" port: 39037 } } peers { permanent_uuid: "65816999e23543e1bf237f8af78cebdf" member_type: VOTER last_known_addr { host: "127.0.56.253" port: 46377 } } peers { permanent_uuid: "a390ea629d4e4019a7e320eb69f3d5a3" member_type: VOTER last_known_addr { host: "127.0.56.252" port: 33111 } } }
I1207 12:05:36.220918 2042 sys_catalog.cc:340] T 00000000000000000000000000000000 P 65816999e23543e1bf237f8af78cebdf [sys.catalog]: This master's current role is: FOLLOWER
I1207 12:05:36.222182 2198 sys_catalog.cc:337] T 00000000000000000000000000000000 P a390ea629d4e4019a7e320eb69f3d5a3 [sys.catalog]: SysCatalogTable state changed. Reason: Peer health change. Latest consensus state: current_term: 1 leader_uuid: "a390ea629d4e4019a7e320eb69f3d5a3" committed_config { opid_index: -1 OBSOLETE_local: false peers { permanent_uuid: "3d15fd6b334b4ab5aed4d4b165690c95" member_type: VOTER last_known_addr { host: "127.0.56.254" port: 39037 } } peers { permanent_uuid: "65816999e23543e1bf237f8af78cebdf" member_type: VOTER last_known_addr { host: "127.0.56.253" port: 46377 } } peers { permanent_uuid: "a390ea629d4e4019a7e320eb69f3d5a3" member_type: VOTER last_known_addr { host: "127.0.56.252" port: 33111 } } }
I1207 12:05:36.222211 2198 sys_catalog.cc:340] T 00000000000000000000000000000000 P a390ea629d4e4019a7e320eb69f3d5a3 [sys.catalog]: This master's current role is: LEADER
I1207 12:05:36.222254 2045 sys_catalog.cc:337] T 00000000000000000000000000000000 P a390ea629d4e4019a7e320eb69f3d5a3 [sys.catalog]: SysCatalogTable state changed. Reason: Peer health change. Latest consensus state: current_term: 1 leader_uuid: "a390ea629d4e4019a7e320eb69f3d5a3" committed_config { opid_index: -1 OBSOLETE_local: false peers { permanent_uuid: "3d15fd6b334b4ab5aed4d4b165690c95" member_type: VOTER last_known_addr { host: "127.0.56.254" port: 39037 } } peers { permanent_uuid: "65816999e23543e1bf237f8af78cebdf" member_type: VOTER last_known_addr { host: "127.0.56.253" port: 46377 } } peers { permanent_uuid: "a390ea629d4e4019a7e320eb69f3d5a3" member_type: VOTER last_known_addr { host: "127.0.56.252" port: 33111 } } }
I1207 12:05:36.222276 2045 sys_catalog.cc:340] T 00000000000000000000000000000000 P a390ea629d4e4019a7e320eb69f3d5a3 [sys.catalog]: This master's current role is: LEADER
I1207 12:05:36.222589 2048 sys_catalog.cc:337] T 00000000000000000000000000000000 P 3d15fd6b334b4ab5aed4d4b165690c95 [sys.catalog]: SysCatalogTable state changed. Reason: Replicated consensus-only round. Latest consensus state: current_term: 1 leader_uuid: "a390ea629d4e4019a7e320eb69f3d5a3" committed_config { opid_index: -1 OBSOLETE_local: false peers { permanent_uuid: "3d15fd6b334b4ab5aed4d4b165690c95" member_type: VOTER last_known_addr { host: "127.0.56.254" port: 39037 } } peers { permanent_uuid: "65816999e23543e1bf237f8af78cebdf" member_type: VOTER last_known_addr { host: "127.0.56.253" port: 46377 } } peers { permanent_uuid: "a390ea629d4e4019a7e320eb69f3d5a3" member_type: VOTER last_known_addr { host: "127.0.56.252" port: 33111 } } }
I1207 12:05:36.222609 2048 sys_catalog.cc:340] T 00000000000000000000000000000000 P 3d15fd6b334b4ab5aed4d4b165690c95 [sys.catalog]: This master's current role is: FOLLOWER
I1207 12:05:36.223026 2042 sys_catalog.cc:337] T 00000000000000000000000000000000 P 65816999e23543e1bf237f8af78cebdf [sys.catalog]: SysCatalogTable state changed. Reason: Replicated consensus-only round. Latest consensus state: current_term: 1 leader_uuid: "a390ea629d4e4019a7e320eb69f3d5a3" committed_config { opid_index: -1 OBSOLETE_local: false peers { permanent_uuid: "3d15fd6b334b4ab5aed4d4b165690c95" member_type: VOTER last_known_addr { host: "127.0.56.254" port: 39037 } } peers { permanent_uuid: "65816999e23543e1bf237f8af78cebdf" member_type: VOTER last_known_addr { host: "127.0.56.253" port: 46377 } } peers { permanent_uuid: "a390ea629d4e4019a7e320eb69f3d5a3" member_type: VOTER last_known_addr { host: "127.0.56.252" port: 33111 } } }
I1207 12:05:36.223047 2042 sys_catalog.cc:340] T 00000000000000000000000000000000 P 65816999e23543e1bf237f8af78cebdf [sys.catalog]: This master's current role is: FOLLOWER
I1207 12:05:36.223142 2200 catalog_manager.cc:931] Generated new certificate authority record
I1207 12:05:36.224138 2200 catalog_manager.cc:1056] Loading token signing keys...
I1207 12:05:36.231911 2200 catalog_manager.cc:4085] T 00000000000000000000000000000000 P a390ea629d4e4019a7e320eb69f3d5a3: Generated new TSK 0
I1207 12:05:36.995507 2043 catalog_manager.cc:1092] T 00000000000000000000000000000000 P 65816999e23543e1bf237f8af78cebdf: acquiring CA information for follower catalog manager: success
I1207 12:05:36.996237 2043 catalog_manager.cc:1120] T 00000000000000000000000000000000 P 65816999e23543e1bf237f8af78cebdf: importing token verification keys for follower catalog manager: success; most recent TSK sequence number 0
I1207 12:05:37.024264 2049 catalog_manager.cc:1092] T 00000000000000000000000000000000 P 3d15fd6b334b4ab5aed4d4b165690c95: acquiring CA information for follower catalog manager: success
I1207 12:05:37.024884 2049 catalog_manager.cc:1120] T 00000000000000000000000000000000 P 3d15fd6b334b4ab5aed4d4b165690c95: importing token verification keys for follower catalog manager: success; most recent TSK sequence number 0
I1207 12:05:37.076854 2005 master_service.cc:253] Signed X509 certificate for tserver {username='slave'} at 127.0.0.1:60720
I1207 12:05:37.105545 2005 master_service.cc:253] Signed X509 certificate for tserver {username='slave'} at 127.0.0.1:60726
I1207 12:05:37.191562 2005 master_service.cc:253] Signed X509 certificate for tserver {username='slave'} at 127.0.0.1:60732
I1207 12:05:38.078066 2116 heartbeater.cc:467] Master 127.0.56.252:33111 was elected leader, sending a full tablet report...
I1207 12:05:38.106503 2187 heartbeater.cc:467] Master 127.0.56.252:33111 was elected leader, sending a full tablet report...
I1207 12:05:38.192505 2261 heartbeater.cc:467] Master 127.0.56.252:33111 was elected leader, sending a full tablet report...
I1207 12:05:47.000703 2043 catalog_manager.cc:1120] T 00000000000000000000000000000000 P 65816999e23543e1bf237f8af78cebdf: importing token verification keys for follower catalog manager: success; most recent TSK sequence number 0
I1207 12:05:47.030030 2049 catalog_manager.cc:1120] T 00000000000000000000000000000000 P 3d15fd6b334b4ab5aed4d4b165690c95: importing token verification keys for follower catalog manager: success; most recent TSK sequence number 0
I1207 12:05:56.013648 2046 catalog_manager.cc:4085] T 00000000000000000000000000000000 P a390ea629d4e4019a7e320eb69f3d5a3: Generated new TSK 1
I1207 12:05:57.004626 2043 catalog_manager.cc:1120] T 00000000000000000000000000000000 P 65816999e23543e1bf237f8af78cebdf: importing token verification keys for follower catalog manager: success; most recent TSK sequence number 1
I1207 12:05:57.035096 2049 catalog_manager.cc:1120] T 00000000000000000000000000000000 P 3d15fd6b334b4ab5aed4d4b165690c95: importing token verification keys for follower catalog manager: success; most recent TSK sequence number 1
I1207 12:06:07.009452 2043 catalog_manager.cc:1120] T 00000000000000000000000000000000 P 65816999e23543e1bf237f8af78cebdf: importing token verification keys for follower catalog manager: success; most recent TSK sequence number 1
I1207 12:06:07.039584 2049 catalog_manager.cc:1120] T 00000000000000000000000000000000 P 3d15fd6b334b4ab5aed4d4b165690c95: importing token verification keys for follower catalog manager: success; most recent TSK sequence number 1
I1207 12:06:17.014523 2043 catalog_manager.cc:1120] T 00000000000000000000000000000000 P 65816999e23543e1bf237f8af78cebdf: importing token verification keys for follower catalog manager: success; most recent TSK sequence number 1
I1207 12:06:17.027940 2046 catalog_manager.cc:4085] T 00000000000000000000000000000000 P a390ea629d4e4019a7e320eb69f3d5a3: Generated new TSK 2
I1207 12:06:17.043874 2049 catalog_manager.cc:1120] T 00000000000000000000000000000000 P 3d15fd6b334b4ab5aed4d4b165690c95: importing token verification keys for follower catalog manager: success; most recent TSK sequence number 2
I1207 12:06:27.019529 2043 catalog_manager.cc:1120] T 00000000000000000000000000000000 P 65816999e23543e1bf237f8af78cebdf: importing token verification keys for follower catalog manager: success; most recent TSK sequence number 2
I1207 12:06:27.049252 2049 catalog_manager.cc:1120] T 00000000000000000000000000000000 P 3d15fd6b334b4ab5aed4d4b165690c95: importing token verification keys for follower catalog manager: success; most recent TSK sequence number 2
I1207 12:06:36.355604 227 tablet_server.cc:146] TabletServer shutting down...
I1207 12:06:36.360332 227 ts_tablet_manager.cc:1118] Shutting down tablet manager...
I1207 12:06:36.374188 227 tablet_server.cc:160] TabletServer shutdown complete.
I1207 12:06:36.374240 227 tablet_server.cc:146] TabletServer shutting down...
I1207 12:06:36.374373 227 tablet_server.cc:160] TabletServer shutdown complete.
I1207 12:06:36.377972 227 tablet_server.cc:146] TabletServer shutting down...
I1207 12:06:36.386617 227 ts_tablet_manager.cc:1118] Shutting down tablet manager...
I1207 12:06:36.400353 227 tablet_server.cc:160] TabletServer shutdown complete.
I1207 12:06:36.400410 227 tablet_server.cc:146] TabletServer shutting down...
I1207 12:06:36.400544 227 tablet_server.cc:160] TabletServer shutdown complete.
I1207 12:06:36.402289 227 tablet_server.cc:146] TabletServer shutting down...
I1207 12:06:36.408172 227 ts_tablet_manager.cc:1118] Shutting down tablet manager...
I1207 12:06:36.420900 227 tablet_server.cc:160] TabletServer shutdown complete.
I1207 12:06:36.420951 227 tablet_server.cc:146] TabletServer shutting down...
I1207 12:06:36.421053 227 tablet_server.cc:160] TabletServer shutdown complete.
I1207 12:06:36.423228 227 master.cc:256] Master@127.0.56.254:39037 shutting down...
I1207 12:06:36.427592 227 raft_consensus.cc:2143] T 00000000000000000000000000000000 P 3d15fd6b334b4ab5aed4d4b165690c95 [term 1 FOLLOWER]: Raft consensus shutting down.
I1207 12:06:36.427700 227 raft_consensus.cc:2170] T 00000000000000000000000000000000 P 3d15fd6b334b4ab5aed4d4b165690c95 [term 1 FOLLOWER]: Raft consensus is shut down!
I1207 12:06:36.427747 227 tablet_replica.cc:263] T 00000000000000000000000000000000 P 3d15fd6b334b4ab5aed4d4b165690c95: stopping tablet replica
I1207 12:06:36.427785 227 maintenance_manager.cc:237] P 3d15fd6b334b4ab5aed4d4b165690c95: Unregistered op CompactRowSetsOp(00000000000000000000000000000000)
I1207 12:06:36.427810 227 maintenance_manager.cc:237] P 3d15fd6b334b4ab5aed4d4b165690c95: Unregistered op MinorDeltaCompactionOp(00000000000000000000000000000000)
I1207 12:06:36.427816 227 maintenance_manager.cc:237] P 3d15fd6b334b4ab5aed4d4b165690c95: Unregistered op MajorDeltaCompactionOp(00000000000000000000000000000000)
I1207 12:06:36.427824 227 maintenance_manager.cc:237] P 3d15fd6b334b4ab5aed4d4b165690c95: Unregistered op UndoDeltaBlockGCOp(00000000000000000000000000000000)
I1207 12:06:36.427853 227 maintenance_manager.cc:237] P 3d15fd6b334b4ab5aed4d4b165690c95: Unregistered op FlushMRSOp(00000000000000000000000000000000)
I1207 12:06:36.427878 227 maintenance_manager.cc:237] P 3d15fd6b334b4ab5aed4d4b165690c95: Unregistered op FlushDeltaMemStoresOp(00000000000000000000000000000000)
I1207 12:06:36.427884 227 maintenance_manager.cc:237] P 3d15fd6b334b4ab5aed4d4b165690c95: Unregistered op LogGCOp(00000000000000000000000000000000)
I1207 12:06:36.442562 227 master.cc:267] Master@127.0.56.254:39037 shutdown complete.
I1207 12:06:36.444846 227 master.cc:256] Master@127.0.56.253:46377 shutting down...
I1207 12:06:36.448807 227 raft_consensus.cc:2143] T 00000000000000000000000000000000 P 65816999e23543e1bf237f8af78cebdf [term 1 FOLLOWER]: Raft consensus shutting down.
I1207 12:06:36.448896 227 raft_consensus.cc:2170] T 00000000000000000000000000000000 P 65816999e23543e1bf237f8af78cebdf [term 1 FOLLOWER]: Raft consensus is shut down!
I1207 12:06:36.448940 227 tablet_replica.cc:263] T 00000000000000000000000000000000 P 65816999e23543e1bf237f8af78cebdf: stopping tablet replica
I1207 12:06:36.448978 227 maintenance_manager.cc:237] P 65816999e23543e1bf237f8af78cebdf: Unregistered op CompactRowSetsOp(00000000000000000000000000000000)
I1207 12:06:36.448997 227 maintenance_manager.cc:237] P 65816999e23543e1bf237f8af78cebdf: Unregistered op MinorDeltaCompactionOp(00000000000000000000000000000000)
I1207 12:06:36.449009 227 maintenance_manager.cc:237] P 65816999e23543e1bf237f8af78cebdf: Unregistered op MajorDeltaCompactionOp(00000000000000000000000000000000)
I1207 12:06:36.449023 227 maintenance_manager.cc:237] P 65816999e23543e1bf237f8af78cebdf: Unregistered op UndoDeltaBlockGCOp(00000000000000000000000000000000)
I1207 12:06:36.449046 227 maintenance_manager.cc:237] P 65816999e23543e1bf237f8af78cebdf: Unregistered op FlushMRSOp(00000000000000000000000000000000)
I1207 12:06:36.449069 227 maintenance_manager.cc:237] P 65816999e23543e1bf237f8af78cebdf: Unregistered op FlushDeltaMemStoresOp(00000000000000000000000000000000)
I1207 12:06:36.449074 227 maintenance_manager.cc:237] P 65816999e23543e1bf237f8af78cebdf: Unregistered op LogGCOp(00000000000000000000000000000000)
W1207 12:06:36.535866 1989 consensus_peers.cc:457] T 00000000000000000000000000000000 P a390ea629d4e4019a7e320eb69f3d5a3 -> Peer 65816999e23543e1bf237f8af78cebdf (127.0.56.253:46377): Couldn't send request to peer 65816999e23543e1bf237f8af78cebdf. Status: Network error: Client connection negotiation failed: client connection to 127.0.56.253:46377: connect: Connection refused (error 111). This is attempt 1: this message will repeat every 5th retry.
W1207 12:06:36.609336 1986 consensus_peers.cc:457] T 00000000000000000000000000000000 P a390ea629d4e4019a7e320eb69f3d5a3 -> Peer 3d15fd6b334b4ab5aed4d4b165690c95 (127.0.56.254:39037): Couldn't send request to peer 3d15fd6b334b4ab5aed4d4b165690c95. Status: Network error: Client connection negotiation failed: client connection to 127.0.56.254:39037: connect: Connection refused (error 111). This is attempt 1: this message will repeat every 5th retry.
I1207 12:06:36.970695 2310 sys_catalog.cc:337] T 00000000000000000000000000000000 P a390ea629d4e4019a7e320eb69f3d5a3 [sys.catalog]: SysCatalogTable state changed. Reason: Peer health change. Latest consensus state: current_term: 1 leader_uuid: "a390ea629d4e4019a7e320eb69f3d5a3" committed_config { opid_index: -1 OBSOLETE_local: false peers { permanent_uuid: "3d15fd6b334b4ab5aed4d4b165690c95" member_type: VOTER last_known_addr { host: "127.0.56.254" port: 39037 } } peers { permanent_uuid: "65816999e23543e1bf237f8af78cebdf" member_type: VOTER last_known_addr { host: "127.0.56.253" port: 46377 } } peers { permanent_uuid: "a390ea629d4e4019a7e320eb69f3d5a3" member_type: VOTER last_known_addr { host: "127.0.56.252" port: 33111 } } }
I1207 12:06:36.970767 2310 sys_catalog.cc:340] T 00000000000000000000000000000000 P a390ea629d4e4019a7e320eb69f3d5a3 [sys.catalog]: This master's current role is: LEADER
I1207 12:06:37.067610 2310 sys_catalog.cc:337] T 00000000000000000000000000000000 P a390ea629d4e4019a7e320eb69f3d5a3 [sys.catalog]: SysCatalogTable state changed. Reason: Peer health change. Latest consensus state: current_term: 1 leader_uuid: "a390ea629d4e4019a7e320eb69f3d5a3" committed_config { opid_index: -1 OBSOLETE_local: false peers { permanent_uuid: "3d15fd6b334b4ab5aed4d4b165690c95" member_type: VOTER last_known_addr { host: "127.0.56.254" port: 39037 } } peers { permanent_uuid: "65816999e23543e1bf237f8af78cebdf" member_type: VOTER last_known_addr { host: "127.0.56.253" port: 46377 } } peers { permanent_uuid: "a390ea629d4e4019a7e320eb69f3d5a3" member_type: VOTER last_known_addr { host: "127.0.56.252" port: 33111 } } }
I1207 12:06:37.067677 2310 sys_catalog.cc:340] T 00000000000000000000000000000000 P a390ea629d4e4019a7e320eb69f3d5a3 [sys.catalog]: This master's current role is: LEADER
W1207 12:06:37.383524 1933 debug-util.cc:397] Leaking SignalData structure 0x231fa20 after lost signal to thread 2167
W1207 12:06:37.461455 227 thread.cc:457] Waited for 1000ms trying to join with diag-logger (tid 1933)
I1207 12:06:37.574373 227 master.cc:267] Master@127.0.56.253:46377 shutdown complete.
I1207 12:06:37.576948 227 master.cc:256] Master@127.0.56.252:33111 shutting down...
W1207 12:06:38.581185 227 thread.cc:457] Waited for 1000ms trying to join with bgtasks (tid 2046)
W1207 12:06:38.956881 1986 consensus_peers.cc:457] T 00000000000000000000000000000000 P a390ea629d4e4019a7e320eb69f3d5a3 -> Peer 3d15fd6b334b4ab5aed4d4b165690c95 (127.0.56.254:39037): Couldn't send request to peer 3d15fd6b334b4ab5aed4d4b165690c95. Status: Network error: Client connection negotiation failed: client connection to 127.0.56.254:39037: connect: Connection refused (error 111). This is attempt 6: this message will repeat every 5th retry.
W1207 12:06:39.013679 1989 consensus_peers.cc:457] T 00000000000000000000000000000000 P a390ea629d4e4019a7e320eb69f3d5a3 -> Peer 65816999e23543e1bf237f8af78cebdf (127.0.56.253:46377): Couldn't send request to peer 65816999e23543e1bf237f8af78cebdf. Status: Network error: Client connection negotiation failed: client connection to 127.0.56.253:46377: connect: Connection refused (error 111). This is attempt 6: this message will repeat every 5th retry.
W1207 12:06:39.581444 227 thread.cc:457] Waited for 2000ms trying to join with bgtasks (tid 2046)
W1207 12:06:40.581707 227 thread.cc:457] Waited for 3000ms trying to join with bgtasks (tid 2046)
W1207 12:06:41.405684 1986 consensus_peers.cc:457] T 00000000000000000000000000000000 P a390ea629d4e4019a7e320eb69f3d5a3 -> Peer 3d15fd6b334b4ab5aed4d4b165690c95 (127.0.56.254:39037): Couldn't send request to peer 3d15fd6b334b4ab5aed4d4b165690c95. Status: Network error: Client connection negotiation failed: client connection to 127.0.56.254:39037: connect: Connection refused (error 111). This is attempt 11: this message will repeat every 5th retry.
W1207 12:06:41.554291 1989 consensus_peers.cc:457] T 00000000000000000000000000000000 P a390ea629d4e4019a7e320eb69f3d5a3 -> Peer 65816999e23543e1bf237f8af78cebdf (127.0.56.253:46377): Couldn't send request to peer 65816999e23543e1bf237f8af78cebdf. Status: Network error: Client connection negotiation failed: client connection to 127.0.56.253:46377: connect: Connection refused (error 111). This is attempt 11: this message will repeat every 5th retry.
W1207 12:06:41.581943 227 thread.cc:457] Waited for 4000ms trying to join with bgtasks (tid 2046)
W1207 12:06:42.582191 227 thread.cc:457] Waited for 5000ms trying to join with bgtasks (tid 2046)
W1207 12:06:43.582386 227 thread.cc:457] Waited for 6000ms trying to join with bgtasks (tid 2046)
W1207 12:06:43.844609 1986 consensus_peers.cc:457] T 00000000000000000000000000000000 P a390ea629d4e4019a7e320eb69f3d5a3 -> Peer 3d15fd6b334b4ab5aed4d4b165690c95 (127.0.56.254:39037): Couldn't send request to peer 3d15fd6b334b4ab5aed4d4b165690c95. Status: Network error: Client connection negotiation failed: client connection to 127.0.56.254:39037: connect: Connection refused (error 111). This is attempt 16: this message will repeat every 5th retry.
W1207 12:06:43.994386 1989 consensus_peers.cc:457] T 00000000000000000000000000000000 P a390ea629d4e4019a7e320eb69f3d5a3 -> Peer 65816999e23543e1bf237f8af78cebdf (127.0.56.253:46377): Couldn't send request to peer 65816999e23543e1bf237f8af78cebdf. Status: Network error: Client connection negotiation failed: client connection to 127.0.56.253:46377: connect: Connection refused (error 111). This is attempt 16: this message will repeat every 5th retry.
W1207 12:06:44.582631 227 thread.cc:457] Waited for 7000ms trying to join with bgtasks (tid 2046)
W1207 12:06:45.582916 227 thread.cc:457] Waited for 8000ms trying to join with bgtasks (tid 2046)
W1207 12:06:46.264313 1989 consensus_peers.cc:457] T 00000000000000000000000000000000 P a390ea629d4e4019a7e320eb69f3d5a3 -> Peer 65816999e23543e1bf237f8af78cebdf (127.0.56.253:46377): Couldn't send request to peer 65816999e23543e1bf237f8af78cebdf. Status: Network error: Client connection negotiation failed: client connection to 127.0.56.253:46377: connect: Connection refused (error 111). This is attempt 21: this message will repeat every 5th retry.
W1207 12:06:46.387917 1986 consensus_peers.cc:457] T 00000000000000000000000000000000 P a390ea629d4e4019a7e320eb69f3d5a3 -> Peer 3d15fd6b334b4ab5aed4d4b165690c95 (127.0.56.254:39037): Couldn't send request to peer 3d15fd6b334b4ab5aed4d4b165690c95. Status: Network error: Client connection negotiation failed: client connection to 127.0.56.254:39037: connect: Connection refused (error 111). This is attempt 21: this message will repeat every 5th retry.
W1207 12:06:46.583204 227 thread.cc:457] Waited for 9000ms trying to join with bgtasks (tid 2046)
W1207 12:06:47.583428 227 thread.cc:457] Waited for 10000ms trying to join with bgtasks (tid 2046)
W1207 12:06:48.583653 227 thread.cc:457] Waited for 11000ms trying to join with bgtasks (tid 2046)
W1207 12:06:48.673928 1989 consensus_peers.cc:457] T 00000000000000000000000000000000 P a390ea629d4e4019a7e320eb69f3d5a3 -> Peer 65816999e23543e1bf237f8af78cebdf (127.0.56.253:46377): Couldn't send request to peer 65816999e23543e1bf237f8af78cebdf. Status: Network error: Client connection negotiation failed: client connection to 127.0.56.253:46377: connect: Connection refused (error 111). This is attempt 26: this message will repeat every 5th retry.
W1207 12:06:48.805902 1986 consensus_peers.cc:457] T 00000000000000000000000000000000 P a390ea629d4e4019a7e320eb69f3d5a3 -> Peer 3d15fd6b334b4ab5aed4d4b165690c95 (127.0.56.254:39037): Couldn't send request to peer 3d15fd6b334b4ab5aed4d4b165690c95. Status: Network error: Client connection negotiation failed: client connection to 127.0.56.254:39037: connect: Connection refused (error 111). This is attempt 26: this message will repeat every 5th retry.
W1207 12:06:49.583940 227 thread.cc:457] Waited for 12000ms trying to join with bgtasks (tid 2046)
W1207 12:06:50.584211 227 thread.cc:457] Waited for 13000ms trying to join with bgtasks (tid 2046)
W1207 12:06:51.386940 1989 consensus_peers.cc:457] T 00000000000000000000000000000000 P a390ea629d4e4019a7e320eb69f3d5a3 -> Peer 65816999e23543e1bf237f8af78cebdf (127.0.56.253:46377): Couldn't send request to peer 65816999e23543e1bf237f8af78cebdf. Status: Network error: Client connection negotiation failed: client connection to 127.0.56.253:46377: connect: Connection refused (error 111). This is attempt 31: this message will repeat every 5th retry.
W1207 12:06:51.526063 1986 consensus_peers.cc:457] T 00000000000000000000000000000000 P a390ea629d4e4019a7e320eb69f3d5a3 -> Peer 3d15fd6b334b4ab5aed4d4b165690c95 (127.0.56.254:39037): Couldn't send request to peer 3d15fd6b334b4ab5aed4d4b165690c95. Status: Network error: Client connection negotiation failed: client connection to 127.0.56.254:39037: connect: Connection refused (error 111). This is attempt 31: this message will repeat every 5th retry.
W1207 12:06:51.584420 227 thread.cc:457] Waited for 14000ms trying to join with bgtasks (tid 2046)
W1207 12:06:52.584707 227 thread.cc:457] Waited for 15000ms trying to join with bgtasks (tid 2046)
W1207 12:06:53.584954 227 thread.cc:457] Waited for 16000ms trying to join with bgtasks (tid 2046)
W1207 12:06:53.735635 1989 consensus_peers.cc:457] T 00000000000000000000000000000000 P a390ea629d4e4019a7e320eb69f3d5a3 -> Peer 65816999e23543e1bf237f8af78cebdf (127.0.56.253:46377): Couldn't send request to peer 65816999e23543e1bf237f8af78cebdf. Status: Network error: Client connection negotiation failed: client connection to 127.0.56.253:46377: connect: Connection refused (error 111). This is attempt 36: this message will repeat every 5th retry.
W1207 12:06:54.111939 1986 consensus_peers.cc:457] T 00000000000000000000000000000000 P a390ea629d4e4019a7e320eb69f3d5a3 -> Peer 3d15fd6b334b4ab5aed4d4b165690c95 (127.0.56.254:39037): Couldn't send request to peer 3d15fd6b334b4ab5aed4d4b165690c95. Status: Network error: Client connection negotiation failed: client connection to 127.0.56.254:39037: connect: Connection refused (error 111). This is attempt 36: this message will repeat every 5th retry.
W1207 12:06:54.585227 227 thread.cc:457] Waited for 17000ms trying to join with bgtasks (tid 2046)
W1207 12:06:55.585502 227 thread.cc:457] Waited for 18000ms trying to join with bgtasks (tid 2046)
W1207 12:06:56.356526 1989 consensus_peers.cc:457] T 00000000000000000000000000000000 P a390ea629d4e4019a7e320eb69f3d5a3 -> Peer 65816999e23543e1bf237f8af78cebdf (127.0.56.253:46377): Couldn't send request to peer 65816999e23543e1bf237f8af78cebdf. Status: Network error: Client connection negotiation failed: client connection to 127.0.56.253:46377: connect: Connection refused (error 111). This is attempt 41: this message will repeat every 5th retry.
W1207 12:06:56.585786 227 thread.cc:457] Waited for 19000ms trying to join with bgtasks (tid 2046)
W1207 12:06:56.951777 1986 consensus_peers.cc:457] T 00000000000000000000000000000000 P a390ea629d4e4019a7e320eb69f3d5a3 -> Peer 3d15fd6b334b4ab5aed4d4b165690c95 (127.0.56.254:39037): Couldn't send request to peer 3d15fd6b334b4ab5aed4d4b165690c95. Status: Network error: Client connection negotiation failed: client connection to 127.0.56.254:39037: connect: Connection refused (error 111). This is attempt 41: this message will repeat every 5th retry.
W1207 12:06:57.586053 227 thread.cc:457] Waited for 20000ms trying to join with bgtasks (tid 2046)
W1207 12:06:58.586304 227 thread.cc:457] Waited for 21000ms trying to join with bgtasks (tid 2046)
W1207 12:06:58.713058 1989 consensus_peers.cc:457] T 00000000000000000000000000000000 P a390ea629d4e4019a7e320eb69f3d5a3 -> Peer 65816999e23543e1bf237f8af78cebdf (127.0.56.253:46377): Couldn't send request to peer 65816999e23543e1bf237f8af78cebdf. Status: Network error: Client connection negotiation failed: client connection to 127.0.56.253:46377: connect: Connection refused (error 111). This is attempt 46: this message will repeat every 5th retry.
W1207 12:06:59.509516 1986 consensus_peers.cc:457] T 00000000000000000000000000000000 P a390ea629d4e4019a7e320eb69f3d5a3 -> Peer 3d15fd6b334b4ab5aed4d4b165690c95 (127.0.56.254:39037): Couldn't send request to peer 3d15fd6b334b4ab5aed4d4b165690c95. Status: Network error: Client connection negotiation failed: client connection to 127.0.56.254:39037: connect: Connection refused (error 111). This is attempt 46: this message will repeat every 5th retry.
W1207 12:06:59.586572 227 thread.cc:457] Waited for 22000ms trying to join with bgtasks (tid 2046)
W1207 12:07:00.586858 227 thread.cc:457] Waited for 23000ms trying to join with bgtasks (tid 2046)
W1207 12:07:01.159148 1989 consensus_peers.cc:457] T 00000000000000000000000000000000 P a390ea629d4e4019a7e320eb69f3d5a3 -> Peer 65816999e23543e1bf237f8af78cebdf (127.0.56.253:46377): Couldn't send request to peer 65816999e23543e1bf237f8af78cebdf. Status: Network error: Client connection negotiation failed: client connection to 127.0.56.253:46377: connect: Connection refused (error 111). This is attempt 51: this message will repeat every 5th retry.
W1207 12:07:01.587134 227 thread.cc:457] Waited for 24000ms trying to join with bgtasks (tid 2046)
W1207 12:07:01.697765 1986 consensus_peers.cc:457] T 00000000000000000000000000000000 P a390ea629d4e4019a7e320eb69f3d5a3 -> Peer 3d15fd6b334b4ab5aed4d4b165690c95 (127.0.56.254:39037): Couldn't send request to peer 3d15fd6b334b4ab5aed4d4b165690c95. Status: Network error: Client connection negotiation failed: client connection to 127.0.56.254:39037: connect: Connection refused (error 111). This is attempt 51: this message will repeat every 5th retry.
W1207 12:07:02.587412 227 thread.cc:457] Waited for 25000ms trying to join with bgtasks (tid 2046)
W1207 12:07:03.587637 227 thread.cc:457] Waited for 26000ms trying to join with bgtasks (tid 2046)
W1207 12:07:03.936424 1989 consensus_peers.cc:457] T 00000000000000000000000000000000 P a390ea629d4e4019a7e320eb69f3d5a3 -> Peer 65816999e23543e1bf237f8af78cebdf (127.0.56.253:46377): Couldn't send request to peer 65816999e23543e1bf237f8af78cebdf. Status: Network error: Client connection negotiation failed: client connection to 127.0.56.253:46377: connect: Connection refused (error 111). This is attempt 56: this message will repeat every 5th retry.
W1207 12:07:04.132840 1986 consensus_peers.cc:457] T 00000000000000000000000000000000 P a390ea629d4e4019a7e320eb69f3d5a3 -> Peer 3d15fd6b334b4ab5aed4d4b165690c95 (127.0.56.254:39037): Couldn't send request to peer 3d15fd6b334b4ab5aed4d4b165690c95. Status: Network error: Client connection negotiation failed: client connection to 127.0.56.254:39037: connect: Connection refused (error 111). This is attempt 56: this message will repeat every 5th retry.
W1207 12:07:04.587877 227 thread.cc:457] Waited for 27000ms trying to join with bgtasks (tid 2046)
W1207 12:07:05.588133 227 thread.cc:457] Waited for 28000ms trying to join with bgtasks (tid 2046)
W1207 12:07:06.315126 1989 consensus_peers.cc:457] T 00000000000000000000000000000000 P a390ea629d4e4019a7e320eb69f3d5a3 -> Peer 65816999e23543e1bf237f8af78cebdf (127.0.56.253:46377): Couldn't send request to peer 65816999e23543e1bf237f8af78cebdf. Status: Network error: Client connection negotiation failed: client connection to 127.0.56.253:46377: connect: Connection refused (error 111). This is attempt 61: this message will repeat every 5th retry.
W1207 12:07:06.588414 227 thread.cc:457] Waited for 29000ms trying to join with bgtasks (tid 2046)
W1207 12:07:06.710695 1986 consensus_peers.cc:457] T 00000000000000000000000000000000 P a390ea629d4e4019a7e320eb69f3d5a3 -> Peer 3d15fd6b334b4ab5aed4d4b165690c95 (127.0.56.254:39037): Couldn't send request to peer 3d15fd6b334b4ab5aed4d4b165690c95. Status: Network error: Client connection negotiation failed: client connection to 127.0.56.254:39037: connect: Connection refused (error 111). This is attempt 61: this message will repeat every 5th retry.
W1207 12:07:07.588690 227 thread.cc:457] Waited for 30000ms trying to join with bgtasks (tid 2046)
W1207 12:07:08.588964 227 thread.cc:457] Waited for 31000ms trying to join with bgtasks (tid 2046)
W1207 12:07:08.878042 1989 consensus_peers.cc:457] T 00000000000000000000000000000000 P a390ea629d4e4019a7e320eb69f3d5a3 -> Peer 65816999e23543e1bf237f8af78cebdf (127.0.56.253:46377): Couldn't send request to peer 65816999e23543e1bf237f8af78cebdf. Status: Network error: Client connection negotiation failed: client connection to 127.0.56.253:46377: connect: Connection refused (error 111). This is attempt 66: this message will repeat every 5th retry.
W1207 12:07:09.188942 1986 consensus_peers.cc:457] T 00000000000000000000000000000000 P a390ea629d4e4019a7e320eb69f3d5a3 -> Peer 3d15fd6b334b4ab5aed4d4b165690c95 (127.0.56.254:39037): Couldn't send request to peer 3d15fd6b334b4ab5aed4d4b165690c95. Status: Network error: Client connection negotiation failed: client connection to 127.0.56.254:39037: connect: Connection refused (error 111). This is attempt 66: this message will repeat every 5th retry.
W1207 12:07:09.589226 227 thread.cc:457] Waited for 32000ms trying to join with bgtasks (tid 2046)
W1207 12:07:10.589464 227 thread.cc:457] Waited for 33000ms trying to join with bgtasks (tid 2046)
W1207 12:07:11.438422 1989 consensus_peers.cc:457] T 00000000000000000000000000000000 P a390ea629d4e4019a7e320eb69f3d5a3 -> Peer 65816999e23543e1bf237f8af78cebdf (127.0.56.253:46377): Couldn't send request to peer 65816999e23543e1bf237f8af78cebdf. Status: Network error: Client connection negotiation failed: client connection to 127.0.56.253:46377: connect: Connection refused (error 111). This is attempt 71: this message will repeat every 5th retry.
W1207 12:07:11.589766 227 thread.cc:457] Waited for 34000ms trying to join with bgtasks (tid 2046)
W1207 12:07:11.695166 1986 consensus_peers.cc:457] T 00000000000000000000000000000000 P a390ea629d4e4019a7e320eb69f3d5a3 -> Peer 3d15fd6b334b4ab5aed4d4b165690c95 (127.0.56.254:39037): Couldn't send request to peer 3d15fd6b334b4ab5aed4d4b165690c95. Status: Network error: Client connection negotiation failed: client connection to 127.0.56.254:39037: connect: Connection refused (error 111). This is attempt 71: this message will repeat every 5th retry.
W1207 12:07:12.590018 227 thread.cc:457] Waited for 35000ms trying to join with bgtasks (tid 2046)
W1207 12:07:13.590278 227 thread.cc:457] Waited for 36000ms trying to join with bgtasks (tid 2046)
W1207 12:07:13.929147 1989 consensus_peers.cc:457] T 00000000000000000000000000000000 P a390ea629d4e4019a7e320eb69f3d5a3 -> Peer 65816999e23543e1bf237f8af78cebdf (127.0.56.253:46377): Couldn't send request to peer 65816999e23543e1bf237f8af78cebdf. Status: Network error: Client connection negotiation failed: client connection to 127.0.56.253:46377: connect: Connection refused (error 111). This is attempt 76: this message will repeat every 5th retry.
W1207 12:07:14.064227 1986 consensus_peers.cc:457] T 00000000000000000000000000000000 P a390ea629d4e4019a7e320eb69f3d5a3 -> Peer 3d15fd6b334b4ab5aed4d4b165690c95 (127.0.56.254:39037): Couldn't send request to peer 3d15fd6b334b4ab5aed4d4b165690c95. Status: Network error: Client connection negotiation failed: client connection to 127.0.56.254:39037: connect: Connection refused (error 111). This is attempt 76: this message will repeat every 5th retry.
W1207 12:07:14.590541 227 thread.cc:457] Waited for 37000ms trying to join with bgtasks (tid 2046)
W1207 12:07:15.590788 227 thread.cc:457] Waited for 38000ms trying to join with bgtasks (tid 2046)
W1207 12:07:16.237018 1986 consensus_peers.cc:457] T 00000000000000000000000000000000 P a390ea629d4e4019a7e320eb69f3d5a3 -> Peer 3d15fd6b334b4ab5aed4d4b165690c95 (127.0.56.254:39037): Couldn't send request to peer 3d15fd6b334b4ab5aed4d4b165690c95. Status: Network error: Client connection negotiation failed: client connection to 127.0.56.254:39037: connect: Connection refused (error 111). This is attempt 81: this message will repeat every 5th retry.
W1207 12:07:16.457751 1989 consensus_peers.cc:457] T 00000000000000000000000000000000 P a390ea629d4e4019a7e320eb69f3d5a3 -> Peer 65816999e23543e1bf237f8af78cebdf (127.0.56.253:46377): Couldn't send request to peer 65816999e23543e1bf237f8af78cebdf. Status: Network error: Client connection negotiation failed: client connection to 127.0.56.253:46377: connect: Connection refused (error 111). This is attempt 81: this message will repeat every 5th retry.
W1207 12:07:16.590991 227 thread.cc:457] Waited for 39000ms trying to join with bgtasks (tid 2046)
W1207 12:07:17.591202 227 thread.cc:457] Waited for 40000ms trying to join with bgtasks (tid 2046)
W1207 12:07:18.591404 227 thread.cc:457] Waited for 41000ms trying to join with bgtasks (tid 2046)
W1207 12:07:18.744979 1986 consensus_peers.cc:457] T 00000000000000000000000000000000 P a390ea629d4e4019a7e320eb69f3d5a3 -> Peer 3d15fd6b334b4ab5aed4d4b165690c95 (127.0.56.254:39037): Couldn't send request to peer 3d15fd6b334b4ab5aed4d4b165690c95. Status: Network error: Client connection negotiation failed: client connection to 127.0.56.254:39037: connect: Connection refused (error 111). This is attempt 86: this message will repeat every 5th retry.
W1207 12:07:19.190017 1989 consensus_peers.cc:457] T 00000000000000000000000000000000 P a390ea629d4e4019a7e320eb69f3d5a3 -> Peer 65816999e23543e1bf237f8af78cebdf (127.0.56.253:46377): Couldn't send request to peer 65816999e23543e1bf237f8af78cebdf. Status: Network error: Client connection negotiation failed: client connection to 127.0.56.253:46377: connect: Connection refused (error 111). This is attempt 86: this message will repeat every 5th retry.
W1207 12:07:19.591733 227 thread.cc:457] Waited for 42000ms trying to join with bgtasks (tid 2046)
W1207 12:07:20.591984 227 thread.cc:457] Waited for 43000ms trying to join with bgtasks (tid 2046)
W1207 12:07:21.163219 1986 consensus_peers.cc:457] T 00000000000000000000000000000000 P a390ea629d4e4019a7e320eb69f3d5a3 -> Peer 3d15fd6b334b4ab5aed4d4b165690c95 (127.0.56.254:39037): Couldn't send request to peer 3d15fd6b334b4ab5aed4d4b165690c95. Status: Network error: Client connection negotiation failed: client connection to 127.0.56.254:39037: connect: Connection refused (error 111). This is attempt 91: this message will repeat every 5th retry.
W1207 12:07:21.592236 227 thread.cc:457] Waited for 44000ms trying to join with bgtasks (tid 2046)
W1207 12:07:21.675798 1989 consensus_peers.cc:457] T 00000000000000000000000000000000 P a390ea629d4e4019a7e320eb69f3d5a3 -> Peer 65816999e23543e1bf237f8af78cebdf (127.0.56.253:46377): Couldn't send request to peer 65816999e23543e1bf237f8af78cebdf. Status: Network error: Client connection negotiation failed: client connection to 127.0.56.253:46377: connect: Connection refused (error 111). This is attempt 91: this message will repeat every 5th retry.
W1207 12:07:22.592438 227 thread.cc:457] Waited for 45000ms trying to join with bgtasks (tid 2046)
W1207 12:07:23.592679 227 thread.cc:457] Waited for 46000ms trying to join with bgtasks (tid 2046)
W1207 12:07:23.653956 1986 consensus_peers.cc:457] T 00000000000000000000000000000000 P a390ea629d4e4019a7e320eb69f3d5a3 -> Peer 3d15fd6b334b4ab5aed4d4b165690c95 (127.0.56.254:39037): Couldn't send request to peer 3d15fd6b334b4ab5aed4d4b165690c95. Status: Network error: Client connection negotiation failed: client connection to 127.0.56.254:39037: connect: Connection refused (error 111). This is attempt 96: this message will repeat every 5th retry.
W1207 12:07:24.057621 1989 consensus_peers.cc:457] T 00000000000000000000000000000000 P a390ea629d4e4019a7e320eb69f3d5a3 -> Peer 65816999e23543e1bf237f8af78cebdf (127.0.56.253:46377): Couldn't send request to peer 65816999e23543e1bf237f8af78cebdf. Status: Network error: Client connection negotiation failed: client connection to 127.0.56.253:46377: connect: Connection refused (error 111). This is attempt 96: this message will repeat every 5th retry.
W1207 12:07:24.592938 227 thread.cc:457] Waited for 47000ms trying to join with bgtasks (tid 2046)
W1207 12:07:25.593181 227 thread.cc:457] Waited for 48000ms trying to join with bgtasks (tid 2046)
W1207 12:07:26.133174 1986 consensus_peers.cc:457] T 00000000000000000000000000000000 P a390ea629d4e4019a7e320eb69f3d5a3 -> Peer 3d15fd6b334b4ab5aed4d4b165690c95 (127.0.56.254:39037): Couldn't send request to peer 3d15fd6b334b4ab5aed4d4b165690c95. Status: Network error: Client connection negotiation failed: client connection to 127.0.56.254:39037: connect: Connection refused (error 111). This is attempt 101: this message will repeat every 5th retry.
W1207 12:07:26.593433 227 thread.cc:457] Waited for 49000ms trying to join with bgtasks (tid 2046)
W1207 12:07:26.832681 1989 consensus_peers.cc:457] T 00000000000000000000000000000000 P a390ea629d4e4019a7e320eb69f3d5a3 -> Peer 65816999e23543e1bf237f8af78cebdf (127.0.56.253:46377): Couldn't send request to peer 65816999e23543e1bf237f8af78cebdf. Status: Network error: Client connection negotiation failed: client connection to 127.0.56.253:46377: connect: Connection refused (error 111). This is attempt 101: this message will repeat every 5th retry.
W1207 12:07:27.593670 227 thread.cc:457] Waited for 50000ms trying to join with bgtasks (tid 2046)
W1207 12:07:28.594007 227 thread.cc:457] Waited for 51000ms trying to join with bgtasks (tid 2046)
W1207 12:07:28.726299 1986 consensus_peers.cc:457] T 00000000000000000000000000000000 P a390ea629d4e4019a7e320eb69f3d5a3 -> Peer 3d15fd6b334b4ab5aed4d4b165690c95 (127.0.56.254:39037): Couldn't send request to peer 3d15fd6b334b4ab5aed4d4b165690c95. Status: Network error: Client connection negotiation failed: client connection to 127.0.56.254:39037: connect: Connection refused (error 111). This is attempt 106: this message will repeat every 5th retry.
W1207 12:07:29.385416 1989 consensus_peers.cc:457] T 00000000000000000000000000000000 P a390ea629d4e4019a7e320eb69f3d5a3 -> Peer 65816999e23543e1bf237f8af78cebdf (127.0.56.253:46377): Couldn't send request to peer 65816999e23543e1bf237f8af78cebdf. Status: Network error: Client connection negotiation failed: client connection to 127.0.56.253:46377: connect: Connection refused (error 111). This is attempt 106: this message will repeat every 5th retry.
W1207 12:07:29.594236 227 thread.cc:457] Waited for 52000ms trying to join with bgtasks (tid 2046)
W1207 12:07:30.594496 227 thread.cc:457] Waited for 53000ms trying to join with bgtasks (tid 2046)
W1207 12:07:31.089452 1986 consensus_peers.cc:457] T 00000000000000000000000000000000 P a390ea629d4e4019a7e320eb69f3d5a3 -> Peer 3d15fd6b334b4ab5aed4d4b165690c95 (127.0.56.254:39037): Couldn't send request to peer 3d15fd6b334b4ab5aed4d4b165690c95. Status: Network error: Client connection negotiation failed: client connection to 127.0.56.254:39037: connect: Connection refused (error 111). This is attempt 111: this message will repeat every 5th retry.
W1207 12:07:31.594723 227 thread.cc:457] Waited for 54000ms trying to join with bgtasks (tid 2046)
W1207 12:07:31.672349 1989 consensus_peers.cc:457] T 00000000000000000000000000000000 P a390ea629d4e4019a7e320eb69f3d5a3 -> Peer 65816999e23543e1bf237f8af78cebdf (127.0.56.253:46377): Couldn't send request to peer 65816999e23543e1bf237f8af78cebdf. Status: Network error: Client connection negotiation failed: client connection to 127.0.56.253:46377: connect: Connection refused (error 111). This is attempt 111: this message will repeat every 5th retry.
W1207 12:07:32.594967 227 thread.cc:457] Waited for 55000ms trying to join with bgtasks (tid 2046)
W1207 12:07:33.492034 1986 consensus_peers.cc:457] T 00000000000000000000000000000000 P a390ea629d4e4019a7e320eb69f3d5a3 -> Peer 3d15fd6b334b4ab5aed4d4b165690c95 (127.0.56.254:39037): Couldn't send request to peer 3d15fd6b334b4ab5aed4d4b165690c95. Status: Network error: Client connection negotiation failed: client connection to 127.0.56.254:39037: connect: Connection refused (error 111). This is attempt 116: this message will repeat every 5th retry.
W1207 12:07:33.595192 227 thread.cc:457] Waited for 56000ms trying to join with bgtasks (tid 2046)
W1207 12:07:34.167605 1989 consensus_peers.cc:457] T 00000000000000000000000000000000 P a390ea629d4e4019a7e320eb69f3d5a3 -> Peer 65816999e23543e1bf237f8af78cebdf (127.0.56.253:46377): Couldn't send request to peer 65816999e23543e1bf237f8af78cebdf. Status: Network error: Client connection negotiation failed: client connection to 127.0.56.253:46377: connect: Connection refused (error 111). This is attempt 116: this message will repeat every 5th retry.
W1207 12:07:34.595422 227 thread.cc:457] Waited for 57000ms trying to join with bgtasks (tid 2046)
W1207 12:07:35.595659 227 thread.cc:457] Waited for 58000ms trying to join with bgtasks (tid 2046)
W1207 12:07:36.338219 1986 consensus_peers.cc:457] T 00000000000000000000000000000000 P a390ea629d4e4019a7e320eb69f3d5a3 -> Peer 3d15fd6b334b4ab5aed4d4b165690c95 (127.0.56.254:39037): Couldn't send request to peer 3d15fd6b334b4ab5aed4d4b165690c95. Status: Network error: Client connection negotiation failed: client connection to 127.0.56.254:39037: connect: Connection refused (error 111). This is attempt 121: this message will repeat every 5th retry.
W1207 12:07:36.494933 1989 consensus_peers.cc:457] T 00000000000000000000000000000000 P a390ea629d4e4019a7e320eb69f3d5a3 -> Peer 65816999e23543e1bf237f8af78cebdf (127.0.56.253:46377): Couldn't send request to peer 65816999e23543e1bf237f8af78cebdf. Status: Network error: Client connection negotiation failed: client connection to 127.0.56.253:46377: connect: Connection refused (error 111). This is attempt 121: this message will repeat every 5th retry.
W1207 12:07:36.595937 227 thread.cc:457] Waited for 59000ms trying to join with bgtasks (tid 2046)
W1207 12:07:37.596252 227 thread.cc:457] Waited for 60000ms trying to join with bgtasks (tid 2046)
W1207 12:07:38.580137 1986 consensus_peers.cc:457] T 00000000000000000000000000000000 P a390ea629d4e4019a7e320eb69f3d5a3 -> Peer 3d15fd6b334b4ab5aed4d4b165690c95 (127.0.56.254:39037): Couldn't send request to peer 3d15fd6b334b4ab5aed4d4b165690c95. Status: Network error: Client connection negotiation failed: client connection to 127.0.56.254:39037: connect: Connection refused (error 111). This is attempt 126: this message will repeat every 5th retry.
W1207 12:07:38.596494 227 thread.cc:457] Waited for 61000ms trying to join with bgtasks (tid 2046)
W1207 12:07:38.989001 1989 consensus_peers.cc:457] T 00000000000000000000000000000000 P a390ea629d4e4019a7e320eb69f3d5a3 -> Peer 65816999e23543e1bf237f8af78cebdf (127.0.56.253:46377): Couldn't send request to peer 65816999e23543e1bf237f8af78cebdf. Status: Network error: Client connection negotiation failed: client connection to 127.0.56.253:46377: connect: Connection refused (error 111). This is attempt 126: this message will repeat every 5th retry.
W1207 12:07:39.596741 227 thread.cc:457] Waited for 62000ms trying to join with bgtasks (tid 2046)
W1207 12:07:40.596984 227 thread.cc:457] Waited for 63000ms trying to join with bgtasks (tid 2046)
W1207 12:07:40.856217 1986 consensus_peers.cc:457] T 00000000000000000000000000000000 P a390ea629d4e4019a7e320eb69f3d5a3 -> Peer 3d15fd6b334b4ab5aed4d4b165690c95 (127.0.56.254:39037): Couldn't send request to peer 3d15fd6b334b4ab5aed4d4b165690c95. Status: Network error: Client connection negotiation failed: client connection to 127.0.56.254:39037: connect: Connection refused (error 111). This is attempt 131: this message will repeat every 5th retry.
W1207 12:07:41.445756 1989 consensus_peers.cc:457] T 00000000000000000000000000000000 P a390ea629d4e4019a7e320eb69f3d5a3 -> Peer 65816999e23543e1bf237f8af78cebdf (127.0.56.253:46377): Couldn't send request to peer 65816999e23543e1bf237f8af78cebdf. Status: Network error: Client connection negotiation failed: client connection to 127.0.56.253:46377: connect: Connection refused (error 111). This is attempt 131: this message will repeat every 5th retry.
W1207 12:07:41.597275 227 thread.cc:457] Waited for 64000ms trying to join with bgtasks (tid 2046)
W1207 12:07:42.597534 227 thread.cc:457] Waited for 65000ms trying to join with bgtasks (tid 2046)
W1207 12:07:43.578778 1986 consensus_peers.cc:457] T 00000000000000000000000000000000 P a390ea629d4e4019a7e320eb69f3d5a3 -> Peer 3d15fd6b334b4ab5aed4d4b165690c95 (127.0.56.254:39037): Couldn't send request to peer 3d15fd6b334b4ab5aed4d4b165690c95. Status: Network error: Client connection negotiation failed: client connection to 127.0.56.254:39037: connect: Connection refused (error 111). This is attempt 136: this message will repeat every 5th retry.
W1207 12:07:43.597790 227 thread.cc:457] Waited for 66000ms trying to join with bgtasks (tid 2046)
