[ RUN ] TokenSignerITest.AuthnTokenLifecycle
I1207 12:05:35.877398 227 internal_mini_cluster.cc:146] Creating distributed mini masters. Addrs: 127.0.56.254:39037,127.0.56.253:46377,127.0.56.252:33111
I1207 12:05:35.879904 227 system_ntp.cc:199] NTP initialized. Skew: 500ppm Current error: 32016us
I1207 12:05:35.880115 227 fs_manager.cc:263] Metadata directory not provided
I1207 12:05:35.880154 227 fs_manager.cc:269] Using write-ahead log directory (fs_wal_dir) as metadata directory
I1207 12:05:35.880208 227 server_base.cc:432] Could not load existing FS layout: Not found: could not find a healthy instance file
I1207 12:05:35.880223 227 server_base.cc:433] Attempting to create new FS layout instead
I1207 12:05:35.880550 227 fs_manager.cc:602] Generated new instance metadata in path /tmp/dist-test-taskrRo_Wy/test-tmp/token_signer-itest.0.TokenSignerITest.AuthnTokenLifecycle.1544184329232482-227/minicluster-data/master-0-root/instance: uuid: "3d15fd6b334b4ab5aed4d4b165690c95" format_stamp: "Formatted at 2018-12-07 12:05:35 on dist-test-slave-dist-test-slave-vg4l"
I1207 12:05:35.882887 227 fs_manager.cc:503] Time spent creating directory manager: real 0.002s user 0.002s sys 0.000s
I1207 12:05:35.883385 227 file_cache.cc:466] Constructed file cache lbm with capacity 419430
I1207 12:05:35.884847 227 fs_manager.cc:419] Time spent opening block manager: real 0.000s user 0.000s sys 0.000s
I1207 12:05:35.884909 227 fs_manager.cc:436] Opened local filesystem: /tmp/dist-test-taskrRo_Wy/test-tmp/token_signer-itest.0.TokenSignerITest.AuthnTokenLifecycle.1544184329232482-227/minicluster-data/master-0-root uuid: "3d15fd6b334b4ab5aed4d4b165690c95" format_stamp: "Formatted at 2018-12-07 12:05:35 on dist-test-slave-dist-test-slave-vg4l"
I1207 12:05:35.884943 227 fs_report.cc:352] FS layout report -------------------- wal directory: /tmp/dist-test-taskrRo_Wy/test-tmp/token_signer-itest.0.TokenSignerITest.AuthnTokenLifecycle.1544184329232482-227/minicluster-data/master-0-root metadata directory: /tmp/dist-test-taskrRo_Wy/test-tmp/token_signer-itest.0.TokenSignerITest.AuthnTokenLifecycle.1544184329232482-227/minicluster-data/master-0-root 1 data directories: /tmp/dist-test-taskrRo_Wy/test-tmp/token_signer-itest.0.TokenSignerITest.AuthnTokenLifecycle.1544184329232482-227/minicluster-data/master-0-root/data Total live blocks: 0 Total live bytes: 0 Total live bytes (after alignment): 0 Total number of LBM containers: 0 (0 full) Did not check for missing blocks Did not check for orphaned blocks Total full LBM containers with extra space: 0 (0 repaired) Total full LBM container extra space in bytes: 0 (0 repaired) Total incomplete LBM containers: 0 (0 repaired) Total LBM partial records: 0 (0 repaired)
I1207 12:05:35.903676 227 rpc_server.cc:205] RPC server started. Bound to: 127.0.56.254:39037
I1207 12:05:35.903820 227 webserver.cc:175] Starting webserver on 127.0.56.254:0
I1207 12:05:35.903832 227 webserver.cc:186] Document root disabled
I1207 12:05:35.904112 227 webserver.cc:313] Webserver started. Bound to: http://127.0.56.254:35867/
I1207 12:05:35.904758 1924 data_dirs.cc:938] Could only allocate 1 dirs of requested 3 for tablet 00000000000000000000000000000000. 1 dirs total, 0 dirs full, 0 dirs failed
I1207 12:05:35.905827 1924 sys_catalog.cc:304] member_type: VOTER last_known_addr { host: "127.0.56.254" port: 39037 } has no permanent_uuid. Determining permanent_uuid...
I1207 12:05:35.906922 227 system_ntp.cc:199] NTP initialized. Skew: 500ppm Current error: 32016us
I1207 12:05:35.907047 227 fs_manager.cc:263] Metadata directory not provided
I1207 12:05:35.907091 227 fs_manager.cc:269] Using write-ahead log directory (fs_wal_dir) as metadata directory
I1207 12:05:35.907160 227 server_base.cc:432] Could not load existing FS layout: Not found: could not find a healthy instance file
I1207 12:05:35.907181 227 server_base.cc:433] Attempting to create new FS layout instead
I1207 12:05:35.907469 227 fs_manager.cc:602] Generated new instance metadata in path /tmp/dist-test-taskrRo_Wy/test-tmp/token_signer-itest.0.TokenSignerITest.AuthnTokenLifecycle.1544184329232482-227/minicluster-data/master-1-root/instance: uuid: "65816999e23543e1bf237f8af78cebdf" format_stamp: "Formatted at 2018-12-07 12:05:35 on dist-test-slave-dist-test-slave-vg4l"
I1207 12:05:35.909837 1924 sys_catalog.cc:304] member_type: VOTER last_known_addr { host: "127.0.56.253" port: 46377 } has no permanent_uuid. Determining permanent_uuid...
I1207 12:05:35.909911 227 fs_manager.cc:503] Time spent creating directory manager: real 0.002s user 0.000s sys 0.003s
W1207 12:05:35.910384 1924 consensus_peers.cc:599] Error getting permanent uuid from config peer 127.0.56.253:46377: Network error: Client connection negotiation failed: client connection to 127.0.56.253:46377: connect: Connection refused (error 111)
I1207 12:05:35.910526 227 file_cache.cc:466] Constructed file cache lbm with capacity 419430
I1207 12:05:35.912052 227 fs_manager.cc:419] Time spent opening block manager: real 0.000s user 0.000s sys 0.000s
I1207 12:05:35.912094 227 fs_manager.cc:436] Opened local filesystem: /tmp/dist-test-taskrRo_Wy/test-tmp/token_signer-itest.0.TokenSignerITest.AuthnTokenLifecycle.1544184329232482-227/minicluster-data/master-1-root uuid: "65816999e23543e1bf237f8af78cebdf" format_stamp: "Formatted at 2018-12-07 12:05:35 on dist-test-slave-dist-test-slave-vg4l"
I1207 12:05:35.912129 227 fs_report.cc:352] FS layout report -------------------- wal directory: /tmp/dist-test-taskrRo_Wy/test-tmp/token_signer-itest.0.TokenSignerITest.AuthnTokenLifecycle.1544184329232482-227/minicluster-data/master-1-root metadata directory: /tmp/dist-test-taskrRo_Wy/test-tmp/token_signer-itest.0.TokenSignerITest.AuthnTokenLifecycle.1544184329232482-227/minicluster-data/master-1-root 1 data directories: /tmp/dist-test-taskrRo_Wy/test-tmp/token_signer-itest.0.TokenSignerITest.AuthnTokenLifecycle.1544184329232482-227/minicluster-data/master-1-root/data Total live blocks: 0 Total live bytes: 0 Total live bytes (after alignment): 0 Total number of LBM containers: 0 (0 full) Did not check for missing blocks Did not check for orphaned blocks Total full LBM containers with extra space: 0 (0 repaired) Total full LBM container extra space in bytes: 0 (0 repaired) Total incomplete LBM containers: 0 (0 repaired) Total LBM partial records: 0 (0 repaired)
I1207 12:05:35.929592 1924 consensus_peers.cc:609] Retrying to get permanent uuid for remote peer: member_type: VOTER last_known_addr { host: "127.0.56.253" port: 46377 } attempt: 1
W1207 12:05:35.930210 1924 consensus_peers.cc:599] Error getting permanent uuid from config peer 127.0.56.253:46377: Network error: Client connection negotiation failed: client connection to 127.0.56.253:46377: connect: Connection refused (error 111)
I1207 12:05:35.947346 227 rpc_server.cc:205] RPC server started. Bound to: 127.0.56.253:46377
I1207 12:05:35.947496 227 webserver.cc:175] Starting webserver on 127.0.56.253:0
I1207 12:05:35.947511 227 webserver.cc:186] Document root disabled
I1207 12:05:35.947718 227 webserver.cc:313] Webserver started. Bound to: http://127.0.56.253:41385/
I1207 12:05:35.948379 1981 data_dirs.cc:938] Could only allocate 1 dirs of requested 3 for tablet 00000000000000000000000000000000. 1 dirs total, 0 dirs full, 0 dirs failed
I1207 12:05:35.949437 1981 sys_catalog.cc:304] member_type: VOTER last_known_addr { host: "127.0.56.254" port: 39037 } has no permanent_uuid. Determining permanent_uuid...
I1207 12:05:35.951094 227 system_ntp.cc:199] NTP initialized. Skew: 500ppm Current error: 32016us
I1207 12:05:35.951246 227 fs_manager.cc:263] Metadata directory not provided
I1207 12:05:35.951277 227 fs_manager.cc:269] Using write-ahead log directory (fs_wal_dir) as metadata directory
I1207 12:05:35.951328 227 server_base.cc:432] Could not load existing FS layout: Not found: could not find a healthy instance file
I1207 12:05:35.951344 227 server_base.cc:433] Attempting to create new FS layout instead
I1207 12:05:35.951637 227 fs_manager.cc:602] Generated new instance metadata in path /tmp/dist-test-taskrRo_Wy/test-tmp/token_signer-itest.0.TokenSignerITest.AuthnTokenLifecycle.1544184329232482-227/minicluster-data/master-2-root/instance: uuid: "a390ea629d4e4019a7e320eb69f3d5a3" format_stamp: "Formatted at 2018-12-07 12:05:35 on dist-test-slave-dist-test-slave-vg4l"
I1207 12:05:35.954965 227 fs_manager.cc:503] Time spent creating directory manager: real 0.003s user 0.003s sys 0.000s
I1207 12:05:35.955322 1981 sys_catalog.cc:304] member_type: VOTER last_known_addr { host: "127.0.56.253" port: 46377 } has no permanent_uuid. Determining permanent_uuid...
I1207 12:05:35.955525 227 file_cache.cc:466] Constructed file cache lbm with capacity 419430
I1207 12:05:35.957267 227 fs_manager.cc:419] Time spent opening block manager: real 0.000s user 0.000s sys 0.000s
I1207 12:05:35.957316 227 fs_manager.cc:436] Opened local filesystem: /tmp/dist-test-taskrRo_Wy/test-tmp/token_signer-itest.0.TokenSignerITest.AuthnTokenLifecycle.1544184329232482-227/minicluster-data/master-2-root uuid: "a390ea629d4e4019a7e320eb69f3d5a3" format_stamp: "Formatted at 2018-12-07 12:05:35 on dist-test-slave-dist-test-slave-vg4l"
I1207 12:05:35.957365 227 fs_report.cc:352] FS layout report -------------------- wal directory: /tmp/dist-test-taskrRo_Wy/test-tmp/token_signer-itest.0.TokenSignerITest.AuthnTokenLifecycle.1544184329232482-227/minicluster-data/master-2-root metadata directory: /tmp/dist-test-taskrRo_Wy/test-tmp/token_signer-itest.0.TokenSignerITest.AuthnTokenLifecycle.1544184329232482-227/minicluster-data/master-2-root 1 data directories: /tmp/dist-test-taskrRo_Wy/test-tmp/token_signer-itest.0.TokenSignerITest.AuthnTokenLifecycle.1544184329232482-227/minicluster-data/master-2-root/data Total live blocks: 0 Total live bytes: 0 Total live bytes (after alignment): 0 Total number of LBM containers: 0 (0 full) Did not check for missing blocks Did not check for orphaned blocks Total full LBM containers with extra space: 0 (0 repaired) Total full LBM container extra space in bytes: 0 (0 repaired) Total incomplete LBM containers: 0 (0 repaired) Total LBM partial records: 0 (0 repaired)
I1207 12:05:35.958724 1981 sys_catalog.cc:304] member_type: VOTER last_known_addr { host: "127.0.56.252" port: 33111 } has no permanent_uuid. Determining permanent_uuid...
W1207 12:05:35.959198 1981 consensus_peers.cc:599] Error getting permanent uuid from config peer 127.0.56.252:33111: Network error: Client connection negotiation failed: client connection to 127.0.56.252:33111: connect: Connection refused (error 111)
I1207 12:05:35.982717 227 rpc_server.cc:205] RPC server started. Bound to: 127.0.56.252:33111
I1207 12:05:35.982869 227 webserver.cc:175] Starting webserver on 127.0.56.252:0
I1207 12:05:35.982883 227 webserver.cc:186] Document root disabled
I1207 12:05:35.983108 227 webserver.cc:313] Webserver started. Bound to: http://127.0.56.252:38419/
I1207 12:05:35.983264 227 internal_mini_cluster.cc:166] Waiting to initialize catalog manager on master 0
I1207 12:05:35.983748 2038 data_dirs.cc:938] Could only allocate 1 dirs of requested 3 for tablet 00000000000000000000000000000000. 1 dirs total, 0 dirs full, 0 dirs failed
I1207 12:05:35.984341 1981 consensus_peers.cc:609] Retrying to get permanent uuid for remote peer: member_type: VOTER last_known_addr { host: "127.0.56.252" port: 33111 } attempt: 1
I1207 12:05:35.984941 2038 sys_catalog.cc:304] member_type: VOTER last_known_addr { host: "127.0.56.254" port: 39037 } has no permanent_uuid. Determining permanent_uuid...
I1207 12:05:35.988679 2038 sys_catalog.cc:304] member_type: VOTER last_known_addr { host: "127.0.56.253" port: 46377 } has no permanent_uuid. Determining permanent_uuid...
I1207 12:05:35.989586 1981 tablet_bootstrap.cc:438] T 00000000000000000000000000000000 P 65816999e23543e1bf237f8af78cebdf: Bootstrap starting.
I1207 12:05:35.990506 1981 tablet_bootstrap.cc:592] T 00000000000000000000000000000000 P 65816999e23543e1bf237f8af78cebdf: No blocks or log segments found. Creating new log.
I1207 12:05:35.991446 1981 tablet_bootstrap.cc:438] T 00000000000000000000000000000000 P 65816999e23543e1bf237f8af78cebdf: No bootstrap required, opened a new log
I1207 12:05:35.991649 2038 sys_catalog.cc:304] member_type: VOTER last_known_addr { host: "127.0.56.252" port: 33111 } has no permanent_uuid. Determining permanent_uuid...
I1207 12:05:35.991890 1981 raft_consensus.cc:340] T 00000000000000000000000000000000 P 65816999e23543e1bf237f8af78cebdf [term 0 FOLLOWER]: Replica starting. Triggering 0 pending transactions. Active config: opid_index: -1 OBSOLETE_local: false peers { permanent_uuid: "3d15fd6b334b4ab5aed4d4b165690c95" member_type: VOTER last_known_addr { host: "127.0.56.254" port: 39037 } } peers { permanent_uuid: "65816999e23543e1bf237f8af78cebdf" member_type: VOTER last_known_addr { host: "127.0.56.253" port: 46377 } } peers { permanent_uuid: "a390ea629d4e4019a7e320eb69f3d5a3" member_type: VOTER last_known_addr { host: "127.0.56.252" port: 33111 } }
I1207 12:05:35.991921 1981 raft_consensus.cc:366] T 00000000000000000000000000000000 P 65816999e23543e1bf237f8af78cebdf [term 0 FOLLOWER]: Consensus starting up: Expiring failure detector timer to make a prompt election more likely
I1207 12:05:35.991936 1981 raft_consensus.cc:705] T 00000000000000000000000000000000 P 65816999e23543e1bf237f8af78cebdf [term 0 FOLLOWER]: Becoming Follower/Learner. State: Replica: 65816999e23543e1bf237f8af78cebdf, State: Initialized, Role: FOLLOWER
I1207 12:05:35.992087 1981 consensus_queue.cc:229] T 00000000000000000000000000000000 P 65816999e23543e1bf237f8af78cebdf [NON_LEADER]: Queue going to NON_LEADER mode. State: All replicated index: 0, Majority replicated index: 0, Committed index: 0, Last appended: 0.0, Last appended by leader: 0, Current term: 0, Majority size: -1, State: 0, Mode: NON_LEADER, active raft config: opid_index: -1 OBSOLETE_local: false peers { permanent_uuid: "3d15fd6b334b4ab5aed4d4b165690c95" member_type: VOTER last_known_addr { host: "127.0.56.254" port: 39037 } } peers { permanent_uuid: "65816999e23543e1bf237f8af78cebdf" member_type: VOTER last_known_addr { host: "127.0.56.253" port: 46377 } } peers { permanent_uuid: "a390ea629d4e4019a7e320eb69f3d5a3" member_type: VOTER last_known_addr { host: "127.0.56.252" port: 33111 } }
I1207 12:05:35.992280 1981 sys_catalog.cc:337] T 00000000000000000000000000000000 P 65816999e23543e1bf237f8af78cebdf [sys.catalog]: SysCatalogTable state changed. Reason: Started TabletReplica. Latest consensus state: current_term: 0 committed_config { opid_index: -1 OBSOLETE_local: false peers { permanent_uuid: "3d15fd6b334b4ab5aed4d4b165690c95" member_type: VOTER last_known_addr { host: "127.0.56.254" port: 39037 } } peers { permanent_uuid: "65816999e23543e1bf237f8af78cebdf" member_type: VOTER last_known_addr { host: "127.0.56.253" port: 46377 } } peers { permanent_uuid: "a390ea629d4e4019a7e320eb69f3d5a3" member_type: VOTER last_known_addr { host: "127.0.56.252" port: 33111 } } }
I1207 12:05:35.992311 1981 sys_catalog.cc:340] T 00000000000000000000000000000000 P 65816999e23543e1bf237f8af78cebdf [sys.catalog]: This master's current role is: FOLLOWER
I1207 12:05:35.992538 2042 sys_catalog.cc:337] T 00000000000000000000000000000000 P 65816999e23543e1bf237f8af78cebdf [sys.catalog]: SysCatalogTable state changed. Reason: RaftConsensus started. Latest consensus state: current_term: 0 committed_config { opid_index: -1 OBSOLETE_local: false peers { permanent_uuid: "3d15fd6b334b4ab5aed4d4b165690c95" member_type: VOTER last_known_addr { host: "127.0.56.254" port: 39037 } } peers { permanent_uuid: "65816999e23543e1bf237f8af78cebdf" member_type: VOTER last_known_addr { host: "127.0.56.253" port: 46377 } } peers { permanent_uuid: "a390ea629d4e4019a7e320eb69f3d5a3" member_type: VOTER last_known_addr { host: "127.0.56.252" port: 33111 } } }
I1207 12:05:35.992592 2042 sys_catalog.cc:340] T 00000000000000000000000000000000 P 65816999e23543e1bf237f8af78cebdf [sys.catalog]: This master's current role is: FOLLOWER
I1207 12:05:35.992602 1981 sys_catalog.cc:424] T 00000000000000000000000000000000 P 65816999e23543e1bf237f8af78cebdf [sys.catalog]: configured and running, proceeding with master startup.
W1207 12:05:35.993363 2043 catalog_manager.cc:1094] T 00000000000000000000000000000000 P 65816999e23543e1bf237f8af78cebdf: acquiring CA information for follower catalog manager: Not found: root CA entry not found
W1207 12:05:35.993391 2043 catalog_manager.cc:584] Not found: root CA entry not found: failed to prepare follower catalog manager, will retry
I1207 12:05:35.995237 2038 tablet_bootstrap.cc:438] T 00000000000000000000000000000000 P a390ea629d4e4019a7e320eb69f3d5a3: Bootstrap starting.
I1207 12:05:35.995865 2038 tablet_bootstrap.cc:592] T 00000000000000000000000000000000 P a390ea629d4e4019a7e320eb69f3d5a3: No blocks or log segments found. Creating new log.
I1207 12:05:35.996587 2038 tablet_bootstrap.cc:438] T 00000000000000000000000000000000 P a390ea629d4e4019a7e320eb69f3d5a3: No bootstrap required, opened a new log
I1207 12:05:35.996927 2038 raft_consensus.cc:340] T 00000000000000000000000000000000 P a390ea629d4e4019a7e320eb69f3d5a3 [term 0 FOLLOWER]: Replica starting. Triggering 0 pending transactions. Active config: opid_index: -1 OBSOLETE_local: false peers { permanent_uuid: "3d15fd6b334b4ab5aed4d4b165690c95" member_type: VOTER last_known_addr { host: "127.0.56.254" port: 39037 } } peers { permanent_uuid: "65816999e23543e1bf237f8af78cebdf" member_type: VOTER last_known_addr { host: "127.0.56.253" port: 46377 } } peers { permanent_uuid: "a390ea629d4e4019a7e320eb69f3d5a3" member_type: VOTER last_known_addr { host: "127.0.56.252" port: 33111 } }
I1207 12:05:35.996953 2038 raft_consensus.cc:366] T 00000000000000000000000000000000 P a390ea629d4e4019a7e320eb69f3d5a3 [term 0 FOLLOWER]: Consensus starting up: Expiring failure detector timer to make a prompt election more likely
I1207 12:05:35.996963 2038 raft_consensus.cc:705] T 00000000000000000000000000000000 P a390ea629d4e4019a7e320eb69f3d5a3 [term 0 FOLLOWER]: Becoming Follower/Learner. State: Replica: a390ea629d4e4019a7e320eb69f3d5a3, State: Initialized, Role: FOLLOWER
I1207 12:05:35.997067 2038 consensus_queue.cc:229] T 00000000000000000000000000000000 P a390ea629d4e4019a7e320eb69f3d5a3 [NON_LEADER]: Queue going to NON_LEADER mode. State: All replicated index: 0, Majority replicated index: 0, Committed index: 0, Last appended: 0.0, Last appended by leader: 0, Current term: 0, Majority size: -1, State: 0, Mode: NON_LEADER, active raft config: opid_index: -1 OBSOLETE_local: false peers { permanent_uuid: "3d15fd6b334b4ab5aed4d4b165690c95" member_type: VOTER last_known_addr { host: "127.0.56.254" port: 39037 } } peers { permanent_uuid: "65816999e23543e1bf237f8af78cebdf" member_type: VOTER last_known_addr { host: "127.0.56.253" port: 46377 } } peers { permanent_uuid: "a390ea629d4e4019a7e320eb69f3d5a3" member_type: VOTER last_known_addr { host: "127.0.56.252" port: 33111 } }
I1207 12:05:35.997221 2038 sys_catalog.cc:337] T 00000000000000000000000000000000 P a390ea629d4e4019a7e320eb69f3d5a3 [sys.catalog]: SysCatalogTable state changed. Reason: Started TabletReplica. Latest consensus state: current_term: 0 committed_config { opid_index: -1 OBSOLETE_local: false peers { permanent_uuid: "3d15fd6b334b4ab5aed4d4b165690c95" member_type: VOTER last_known_addr { host: "127.0.56.254" port: 39037 } } peers { permanent_uuid: "65816999e23543e1bf237f8af78cebdf" member_type: VOTER last_known_addr { host: "127.0.56.253" port: 46377 } } peers { permanent_uuid: "a390ea629d4e4019a7e320eb69f3d5a3" member_type: VOTER last_known_addr { host: "127.0.56.252" port: 33111 } } }
I1207 12:05:35.997248 2038 sys_catalog.cc:340] T 00000000000000000000000000000000 P a390ea629d4e4019a7e320eb69f3d5a3 [sys.catalog]: This master's current role is: FOLLOWER
I1207 12:05:35.997272 2045 sys_catalog.cc:337] T 00000000000000000000000000000000 P a390ea629d4e4019a7e320eb69f3d5a3 [sys.catalog]: SysCatalogTable state changed. Reason: RaftConsensus started. Latest consensus state: current_term: 0 committed_config { opid_index: -1 OBSOLETE_local: false peers { permanent_uuid: "3d15fd6b334b4ab5aed4d4b165690c95" member_type: VOTER last_known_addr { host: "127.0.56.254" port: 39037 } } peers { permanent_uuid: "65816999e23543e1bf237f8af78cebdf" member_type: VOTER last_known_addr { host: "127.0.56.253" port: 46377 } } peers { permanent_uuid: "a390ea629d4e4019a7e320eb69f3d5a3" member_type: VOTER last_known_addr { host: "127.0.56.252" port: 33111 } } }
I1207 12:05:35.997292 2045 sys_catalog.cc:340] T 00000000000000000000000000000000 P a390ea629d4e4019a7e320eb69f3d5a3 [sys.catalog]: This master's current role is: FOLLOWER
I1207 12:05:35.997467 2038 sys_catalog.cc:424] T 00000000000000000000000000000000 P a390ea629d4e4019a7e320eb69f3d5a3 [sys.catalog]: configured and running, proceeding with master startup.
W1207 12:05:35.998047 2046 catalog_manager.cc:1094] T 00000000000000000000000000000000 P a390ea629d4e4019a7e320eb69f3d5a3: acquiring CA information for follower catalog manager: Not found: root CA entry not found
W1207 12:05:35.998072 2046 catalog_manager.cc:584] Not found: root CA entry not found: failed to prepare follower catalog manager, will retry
I1207 12:05:36.011368 1924 consensus_peers.cc:609] Retrying to get permanent uuid for remote peer: member_type: VOTER last_known_addr { host: "127.0.56.253" port: 46377 } attempt: 2
I1207 12:05:36.015012 1924 sys_catalog.cc:304] member_type: VOTER last_known_addr { host: "127.0.56.252" port: 33111 } has no permanent_uuid. Determining permanent_uuid...
I1207 12:05:36.018599 1924 tablet_bootstrap.cc:438] T 00000000000000000000000000000000 P 3d15fd6b334b4ab5aed4d4b165690c95: Bootstrap starting.
I1207 12:05:36.019429 1924 tablet_bootstrap.cc:592] T 00000000000000000000000000000000 P 3d15fd6b334b4ab5aed4d4b165690c95: No blocks or log segments found. Creating new log.
I1207 12:05:36.020324 1924 tablet_bootstrap.cc:438] T 00000000000000000000000000000000 P 3d15fd6b334b4ab5aed4d4b165690c95: No bootstrap required, opened a new log
I1207 12:05:36.020728 1924 raft_consensus.cc:340] T 00000000000000000000000000000000 P 3d15fd6b334b4ab5aed4d4b165690c95 [term 0 FOLLOWER]: Replica starting. Triggering 0 pending transactions. Active config: opid_index: -1 OBSOLETE_local: false peers { permanent_uuid: "3d15fd6b334b4ab5aed4d4b165690c95" member_type: VOTER last_known_addr { host: "127.0.56.254" port: 39037 } } peers { permanent_uuid: "65816999e23543e1bf237f8af78cebdf" member_type: VOTER last_known_addr { host: "127.0.56.253" port: 46377 } } peers { permanent_uuid: "a390ea629d4e4019a7e320eb69f3d5a3" member_type: VOTER last_known_addr { host: "127.0.56.252" port: 33111 } }
I1207 12:05:36.020758 1924 raft_consensus.cc:366] T 00000000000000000000000000000000 P 3d15fd6b334b4ab5aed4d4b165690c95 [term 0 FOLLOWER]: Consensus starting up: Expiring failure detector timer to make a prompt election more likely
I1207 12:05:36.020774 1924 raft_consensus.cc:705] T 00000000000000000000000000000000 P 3d15fd6b334b4ab5aed4d4b165690c95 [term 0 FOLLOWER]: Becoming Follower/Learner. State: Replica: 3d15fd6b334b4ab5aed4d4b165690c95, State: Initialized, Role: FOLLOWER
I1207 12:05:36.020895 1924 consensus_queue.cc:229] T 00000000000000000000000000000000 P 3d15fd6b334b4ab5aed4d4b165690c95 [NON_LEADER]: Queue going to NON_LEADER mode. State: All replicated index: 0, Majority replicated index: 0, Committed index: 0, Last appended: 0.0, Last appended by leader: 0, Current term: 0, Majority size: -1, State: 0, Mode: NON_LEADER, active raft config: opid_index: -1 OBSOLETE_local: false peers { permanent_uuid: "3d15fd6b334b4ab5aed4d4b165690c95" member_type: VOTER last_known_addr { host: "127.0.56.254" port: 39037 } } peers { permanent_uuid: "65816999e23543e1bf237f8af78cebdf" member_type: VOTER last_known_addr { host: "127.0.56.253" port: 46377 } } peers { permanent_uuid: "a390ea629d4e4019a7e320eb69f3d5a3" member_type: VOTER last_known_addr { host: "127.0.56.252" port: 33111 } }
I1207 12:05:36.021059 1924 sys_catalog.cc:337] T 00000000000000000000000000000000 P 3d15fd6b334b4ab5aed4d4b165690c95 [sys.catalog]: SysCatalogTable state changed. Reason: Started TabletReplica. Latest consensus state: current_term: 0 committed_config { opid_index: -1 OBSOLETE_local: false peers { permanent_uuid: "3d15fd6b334b4ab5aed4d4b165690c95" member_type: VOTER last_known_addr { host: "127.0.56.254" port: 39037 } } peers { permanent_uuid: "65816999e23543e1bf237f8af78cebdf" member_type: VOTER last_known_addr { host: "127.0.56.253" port: 46377 } } peers { permanent_uuid: "a390ea629d4e4019a7e320eb69f3d5a3" member_type: VOTER last_known_addr { host: "127.0.56.252" port: 33111 } } }
I1207 12:05:36.021080 1924 sys_catalog.cc:340] T 00000000000000000000000000000000 P 3d15fd6b334b4ab5aed4d4b165690c95 [sys.catalog]: This master's current role is: FOLLOWER
I1207 12:05:36.021160 2048 sys_catalog.cc:337] T 00000000000000000000000000000000 P 3d15fd6b334b4ab5aed4d4b165690c95 [sys.catalog]: SysCatalogTable state changed. Reason: RaftConsensus started. Latest consensus state: current_term: 0 committed_config { opid_index: -1 OBSOLETE_local: false peers { permanent_uuid: "3d15fd6b334b4ab5aed4d4b165690c95" member_type: VOTER last_known_addr { host: "127.0.56.254" port: 39037 } } peers { permanent_uuid: "65816999e23543e1bf237f8af78cebdf" member_type: VOTER last_known_addr { host: "127.0.56.253" port: 46377 } } peers { permanent_uuid: "a390ea629d4e4019a7e320eb69f3d5a3" member_type: VOTER last_known_addr { host: "127.0.56.252" port: 33111 } } }
I1207 12:05:36.021189 2048 sys_catalog.cc:340] T 00000000000000000000000000000000 P 3d15fd6b334b4ab5aed4d4b165690c95 [sys.catalog]: This master's current role is: FOLLOWER
I1207 12:05:36.021365 1924 sys_catalog.cc:424] T 00000000000000000000000000000000 P 3d15fd6b334b4ab5aed4d4b165690c95 [sys.catalog]: configured and running, proceeding with master startup.
I1207 12:05:36.021481 227 internal_mini_cluster.cc:166] Waiting to initialize catalog manager on master 1
I1207 12:05:36.021502 227 internal_mini_cluster.cc:166] Waiting to initialize catalog manager on master 2
W1207 12:05:36.022048 2049 catalog_manager.cc:1094] T 00000000000000000000000000000000 P 3d15fd6b334b4ab5aed4d4b165690c95: acquiring CA information for follower catalog manager: Not found: root CA entry not found
W1207 12:05:36.022075 2049 catalog_manager.cc:584] Not found: root CA entry not found: failed to prepare follower catalog manager, will retry
I1207 12:05:36.025298 227 system_ntp.cc:199] NTP initialized. Skew: 500ppm Current error: 32516us
I1207 12:05:36.025463 227 fs_manager.cc:263] Metadata directory not provided
I1207 12:05:36.025492 227 fs_manager.cc:269] Using write-ahead log directory (fs_wal_dir) as metadata directory
I1207 12:05:36.025554 227 server_base.cc:432] Could not load existing FS layout: Not found: could not find a healthy instance file
I1207 12:05:36.025566 227 server_base.cc:433] Attempting to create new FS layout instead
I1207 12:05:36.025898 227 fs_manager.cc:602] Generated new instance metadata in path /tmp/dist-test-taskrRo_Wy/test-tmp/token_signer-itest.0.TokenSignerITest.AuthnTokenLifecycle.1544184329232482-227/minicluster-data/ts-0-root/instance: uuid: "eec8836449094924a4ba30946d151c32" format_stamp: "Formatted at 2018-12-07 12:05:36 on dist-test-slave-dist-test-slave-vg4l"
I1207 12:05:36.028940 227 fs_manager.cc:503] Time spent creating directory manager: real 0.003s user 0.004s sys 0.000s
I1207 12:05:36.029405 227 file_cache.cc:466] Constructed file cache lbm with capacity 419430
I1207 12:05:36.031324 227 fs_manager.cc:419] Time spent opening block manager: real 0.000s user 0.000s sys 0.000s
I1207 12:05:36.031374 227 fs_manager.cc:436] Opened local filesystem: /tmp/dist-test-taskrRo_Wy/test-tmp/token_signer-itest.0.TokenSignerITest.AuthnTokenLifecycle.1544184329232482-227/minicluster-data/ts-0-root uuid: "eec8836449094924a4ba30946d151c32" format_stamp: "Formatted at 2018-12-07 12:05:36 on dist-test-slave-dist-test-slave-vg4l"
I1207 12:05:36.031448 227 fs_report.cc:352] FS layout report -------------------- wal directory: /tmp/dist-test-taskrRo_Wy/test-tmp/token_signer-itest.0.TokenSignerITest.AuthnTokenLifecycle.1544184329232482-227/minicluster-data/ts-0-root metadata directory: /tmp/dist-test-taskrRo_Wy/test-tmp/token_signer-itest.0.TokenSignerITest.AuthnTokenLifecycle.1544184329232482-227/minicluster-data/ts-0-root 1 data directories: /tmp/dist-test-taskrRo_Wy/test-tmp/token_signer-itest.0.TokenSignerITest.AuthnTokenLifecycle.1544184329232482-227/minicluster-data/ts-0-root/data Total live blocks: 0 Total live bytes: 0 Total live bytes (after alignment): 0 Total number of LBM containers: 0 (0 full) Did not check for missing blocks Did not check for orphaned blocks Total full LBM containers with extra space: 0 (0 repaired) Total full LBM container extra space in bytes: 0 (0 repaired) Total incomplete LBM containers: 0 (0 repaired) Total LBM partial records: 0 (0 repaired)
I1207 12:05:36.064564 227 ts_tablet_manager.cc:356] Loaded tablet metadata (0 live tablets)
I1207 12:05:36.066840 227 rpc_server.cc:205] RPC server started. Bound to: 127.0.56.193:32919
I1207 12:05:36.066993 227 webserver.cc:175] Starting webserver on 127.0.56.193:0
I1207 12:05:36.067008 227 webserver.cc:186] Document root disabled
I1207 12:05:36.067296 227 webserver.cc:313] Webserver started. Bound to: http://127.0.56.193:43325/
I1207 12:05:36.072568 2115 heartbeater.cc:346] Connected to a master server at 127.0.56.253:46377
I1207 12:05:36.072623 2115 heartbeater.cc:426] Registering TS with master...
I1207 12:05:36.072798 2115 heartbeater.cc:475] Master 127.0.56.253:46377 requested a full tablet report, sending...
I1207 12:05:36.073216 2116 heartbeater.cc:346] Connected to a master server at 127.0.56.252:33111
I1207 12:05:36.073240 2114 heartbeater.cc:346] Connected to a master server at 127.0.56.254:39037
I1207 12:05:36.073328 2116 heartbeater.cc:426] Registering TS with master...
I1207 12:05:36.073376 2114 heartbeater.cc:426] Registering TS with master...
I1207 12:05:36.073540 2114 heartbeater.cc:475] Master 127.0.56.254:39037 requested a full tablet report, sending...
I1207 12:05:36.073580 1948 ts_manager.cc:98] Registered new tserver with Master: eec8836449094924a4ba30946d151c32 (127.0.56.193:32919)
I1207 12:05:36.073540 2116 heartbeater.cc:475] Master 127.0.56.252:33111 requested a full tablet report, sending...
I1207 12:05:36.073657 227 system_ntp.cc:199] NTP initialized. Skew: 500ppm Current error: 32516us
I1207 12:05:36.073896 227 fs_manager.cc:263] Metadata directory not provided
I1207 12:05:36.073963 227 fs_manager.cc:269] Using write-ahead log directory (fs_wal_dir) as metadata directory
I1207 12:05:36.074060 227 server_base.cc:432] Could not load existing FS layout: Not found: could not find a healthy instance file
I1207 12:05:36.074090 227 server_base.cc:433] Attempting to create new FS layout instead
I1207 12:05:36.074201 1891 ts_manager.cc:98] Registered new tserver with Master: eec8836449094924a4ba30946d151c32 (127.0.56.193:32919)
I1207 12:05:36.074277 2005 ts_manager.cc:98] Registered new tserver with Master: eec8836449094924a4ba30946d151c32 (127.0.56.193:32919)
I1207 12:05:36.074539 227 fs_manager.cc:602] Generated new instance metadata in path /tmp/dist-test-taskrRo_Wy/test-tmp/token_signer-itest.0.TokenSignerITest.AuthnTokenLifecycle.1544184329232482-227/minicluster-data/ts-1-root/instance: uuid: "84360adb98e1412ea352573c05e8dcde" format_stamp: "Formatted at 2018-12-07 12:05:36 on dist-test-slave-dist-test-slave-vg4l"
I1207 12:05:36.078140 227 fs_manager.cc:503] Time spent creating directory manager: real 0.003s user 0.000s sys 0.004s
I1207 12:05:36.078595 227 file_cache.cc:466] Constructed file cache lbm with capacity 419430
I1207 12:05:36.081044 227 fs_manager.cc:419] Time spent opening block manager: real 0.000s user 0.000s sys 0.000s
I1207 12:05:36.081099 227 fs_manager.cc:436] Opened local filesystem: /tmp/dist-test-taskrRo_Wy/test-tmp/token_signer-itest.0.TokenSignerITest.AuthnTokenLifecycle.1544184329232482-227/minicluster-data/ts-1-root uuid: "84360adb98e1412ea352573c05e8dcde" format_stamp: "Formatted at 2018-12-07 12:05:36 on dist-test-slave-dist-test-slave-vg4l"
I1207 12:05:36.081153 227 fs_report.cc:352] FS layout report -------------------- wal directory: /tmp/dist-test-taskrRo_Wy/test-tmp/token_signer-itest.0.TokenSignerITest.AuthnTokenLifecycle.1544184329232482-227/minicluster-data/ts-1-root metadata directory: /tmp/dist-test-taskrRo_Wy/test-tmp/token_signer-itest.0.TokenSignerITest.AuthnTokenLifecycle.1544184329232482-227/minicluster-data/ts-1-root 1 data directories: /tmp/dist-test-taskrRo_Wy/test-tmp/token_signer-itest.0.TokenSignerITest.AuthnTokenLifecycle.1544184329232482-227/minicluster-data/ts-1-root/data Total live blocks: 0 Total live bytes: 0 Total live bytes (after alignment): 0 Total number of LBM containers: 0 (0 full) Did not check for missing blocks Did not check for orphaned blocks Total full LBM containers with extra space: 0 (0 repaired) Total full LBM container extra space in bytes: 0 (0 repaired) Total incomplete LBM containers: 0 (0 repaired) Total LBM partial records: 0 (0 repaired)
I1207 12:05:36.094559 227 ts_tablet_manager.cc:356] Loaded tablet metadata (0 live tablets)
I1207 12:05:36.096808 227 rpc_server.cc:205] RPC server started. Bound to: 127.0.56.194:38105
I1207 12:05:36.096954 227 webserver.cc:175] Starting webserver on 127.0.56.194:0
I1207 12:05:36.096969 227 webserver.cc:186] Document root disabled
I1207 12:05:36.097229 227 webserver.cc:313] Webserver started. Bound to: http://127.0.56.194:42305/
I1207 12:05:36.102196 2186 heartbeater.cc:346] Connected to a master server at 127.0.56.253:46377
I1207 12:05:36.102257 2187 heartbeater.cc:346] Connected to a master server at 127.0.56.252:33111
I1207 12:05:36.102372 2185 heartbeater.cc:346] Connected to a master server at 127.0.56.254:39037
I1207 12:05:36.102389 2187 heartbeater.cc:426] Registering TS with master...
I1207 12:05:36.102401 2185 heartbeater.cc:426] Registering TS with master...
I1207 12:05:36.102521 2187 heartbeater.cc:475] Master 127.0.56.252:33111 requested a full tablet report, sending...
I1207 12:05:36.102526 2185 heartbeater.cc:475] Master 127.0.56.254:39037 requested a full tablet report, sending...
I1207 12:05:36.102324 2186 heartbeater.cc:426] Registering TS with master...
I1207 12:05:36.102780 2186 heartbeater.cc:475] Master 127.0.56.253:46377 requested a full tablet report, sending...
I1207 12:05:36.103215 1891 ts_manager.cc:98] Registered new tserver with Master: 84360adb98e1412ea352573c05e8dcde (127.0.56.194:38105)
I1207 12:05:36.103338 1948 ts_manager.cc:98] Registered new tserver with Master: 84360adb98e1412ea352573c05e8dcde (127.0.56.194:38105)
I1207 12:05:36.103452 2005 ts_manager.cc:98] Registered new tserver with Master: 84360adb98e1412ea352573c05e8dcde (127.0.56.194:38105)
I1207 12:05:36.103554 227 system_ntp.cc:199] NTP initialized. Skew: 500ppm Current error: 32516us
I1207 12:05:36.103739 227 fs_manager.cc:263] Metadata directory not provided
I1207 12:05:36.103782 227 fs_manager.cc:269] Using write-ahead log directory (fs_wal_dir) as metadata directory
I1207 12:05:36.103847 227 server_base.cc:432] Could not load existing FS layout: Not found: could not find a healthy instance file
I1207 12:05:36.103859 227 server_base.cc:433] Attempting to create new FS layout instead
I1207 12:05:36.104259 227 fs_manager.cc:602] Generated new instance metadata in path /tmp/dist-test-taskrRo_Wy/test-tmp/token_signer-itest.0.TokenSignerITest.AuthnTokenLifecycle.1544184329232482-227/minicluster-data/ts-2-root/instance: uuid: "7d46da3aaa55413080914c0848acf0f8" format_stamp: "Formatted at 2018-12-07 12:05:36 on dist-test-slave-dist-test-slave-vg4l"
I1207 12:05:36.107894 227 fs_manager.cc:503] Time spent creating directory manager: real 0.003s user 0.000s sys 0.004s
I1207 12:05:36.108422 227 file_cache.cc:466] Constructed file cache lbm with capacity 419430
I1207 12:05:36.111088 227 fs_manager.cc:419] Time spent opening block manager: real 0.000s user 0.000s sys 0.000s
I1207 12:05:36.111151 227 fs_manager.cc:436] Opened local filesystem: /tmp/dist-test-taskrRo_Wy/test-tmp/token_signer-itest.0.TokenSignerITest.AuthnTokenLifecycle.1544184329232482-227/minicluster-data/ts-2-root uuid: "7d46da3aaa55413080914c0848acf0f8" format_stamp: "Formatted at 2018-12-07 12:05:36 on dist-test-slave-dist-test-slave-vg4l"
I1207 12:05:36.111209 227 fs_report.cc:352] FS layout report -------------------- wal directory: /tmp/dist-test-taskrRo_Wy/test-tmp/token_signer-itest.0.TokenSignerITest.AuthnTokenLifecycle.1544184329232482-227/minicluster-data/ts-2-root metadata directory: /tmp/dist-test-taskrRo_Wy/test-tmp/token_signer-itest.0.TokenSignerITest.AuthnTokenLifecycle.1544184329232482-227/minicluster-data/ts-2-root 1 data directories: /tmp/dist-test-taskrRo_Wy/test-tmp/token_signer-itest.0.TokenSignerITest.AuthnTokenLifecycle.1544184329232482-227/minicluster-data/ts-2-root/data Total live blocks: 0 Total live bytes: 0 Total live bytes (after alignment): 0 Total number of LBM containers: 0 (0 full) Did not check for missing blocks Did not check for orphaned blocks Total full LBM containers with extra space: 0 (0 repaired) Total full LBM container extra space in bytes: 0 (0 repaired) Total incomplete LBM containers: 0 (0 repaired) Total LBM partial records: 0 (0 repaired)
I1207 12:05:36.137092 2045 raft_consensus.cc:472] T 00000000000000000000000000000000 P a390ea629d4e4019a7e320eb69f3d5a3 [term 0 FOLLOWER]: Starting pre-election (no leader contacted us within the election timeout)
I1207 12:05:36.137194 2045 raft_consensus.cc:2834] T 00000000000000000000000000000000 P a390ea629d4e4019a7e320eb69f3d5a3: Snoozing failure detection for 1.954s (starting election)
I1207 12:05:36.137307 2045 raft_consensus.cc:494] T 00000000000000000000000000000000 P a390ea629d4e4019a7e320eb69f3d5a3 [term 0 FOLLOWER]: Starting pre-election with config: opid_index: -1 OBSOLETE_local: false peers { permanent_uuid: "3d15fd6b334b4ab5aed4d4b165690c95" member_type: VOTER last_known_addr { host: "127.0.56.254" port: 39037 } } peers { permanent_uuid: "65816999e23543e1bf237f8af78cebdf" member_type: VOTER last_known_addr { host: "127.0.56.253" port: 46377 } } peers { permanent_uuid: "a390ea629d4e4019a7e320eb69f3d5a3" member_type: VOTER last_known_addr { host: "127.0.56.252" port: 33111 } }
I1207 12:05:36.137555 2045 leader_election.cc:251] T 00000000000000000000000000000000 P a390ea629d4e4019a7e320eb69f3d5a3 [CANDIDATE]: Term 1 pre-election: Requesting pre-vote from peer 3d15fd6b334b4ab5aed4d4b165690c95 (127.0.56.254:39037)
I1207 12:05:36.137724 2045 leader_election.cc:251] T 00000000000000000000000000000000 P a390ea629d4e4019a7e320eb69f3d5a3 [CANDIDATE]: Term 1 pre-election: Requesting pre-vote from peer 65816999e23543e1bf237f8af78cebdf (127.0.56.253:46377)
I1207 12:05:36.138335 1901 tablet_service.cc:1008] Received RequestConsensusVote() RPC: tablet_id: "00000000000000000000000000000000" candidate_uuid: "a390ea629d4e4019a7e320eb69f3d5a3" candidate_term: 1 candidate_status { last_received { term: 0 index: 0 } } ignore_live_leader: false dest_uuid: "3d15fd6b334b4ab5aed4d4b165690c95" is_pre_election: true
I1207 12:05:36.138335 1957 tablet_service.cc:1008] Received RequestConsensusVote() RPC: tablet_id: "00000000000000000000000000000000" candidate_uuid: "a390ea629d4e4019a7e320eb69f3d5a3" candidate_term: 1 candidate_status { last_received { term: 0 index: 0 } } ignore_live_leader: false dest_uuid: "65816999e23543e1bf237f8af78cebdf" is_pre_election: true
I1207 12:05:36.138417 1901 raft_consensus.cc:2834] T 00000000000000000000000000000000 P 3d15fd6b334b4ab5aed4d4b165690c95: Snoozing failure detection for 2.076s (vote granted)
I1207 12:05:36.138490 1901 raft_consensus.cc:2346] T 00000000000000000000000000000000 P 3d15fd6b334b4ab5aed4d4b165690c95 [term 0 FOLLOWER]: Leader pre-election vote request: Granting yes vote for candidate a390ea629d4e4019a7e320eb69f3d5a3 in term 0.
I1207 12:05:36.138417 1957 raft_consensus.cc:2834] T 00000000000000000000000000000000 P 65816999e23543e1bf237f8af78cebdf: Snoozing failure detection for 2.239s (vote granted)
I1207 12:05:36.138653 1957 raft_consensus.cc:2346] T 00000000000000000000000000000000 P 65816999e23543e1bf237f8af78cebdf [term 0 FOLLOWER]: Leader pre-election vote request: Granting yes vote for candidate a390ea629d4e4019a7e320eb69f3d5a3 in term 0.
I1207 12:05:36.138963 1989 leader_election.cc:387] T 00000000000000000000000000000000 P a390ea629d4e4019a7e320eb69f3d5a3 [CANDIDATE]: Term 1 pre-election: Vote granted by peer 65816999e23543e1bf237f8af78cebdf (127.0.56.253:46377)
I1207 12:05:36.138995 1989 leader_election.cc:278] T 00000000000000000000000000000000 P a390ea629d4e4019a7e320eb69f3d5a3 [CANDIDATE]: Term 1 pre-election: Election decided. Result: candidate won.
I1207 12:05:36.139111 1986 leader_election.cc:387] T 00000000000000000000000000000000 P a390ea629d4e4019a7e320eb69f3d5a3 [CANDIDATE]: Term 1 pre-election: Vote granted by peer 3d15fd6b334b4ab5aed4d4b165690c95 (127.0.56.254:39037)
I1207 12:05:36.139130 2045 raft_consensus.cc:2834] T 00000000000000000000000000000000 P a390ea629d4e4019a7e320eb69f3d5a3: Snoozing failure detection for 1.629s (election complete)
I1207 12:05:36.139178 2045 raft_consensus.cc:2640] T 00000000000000000000000000000000 P a390ea629d4e4019a7e320eb69f3d5a3 [term 0 FOLLOWER]: Leader pre-election won for term 1
I1207 12:05:36.139191 2045 raft_consensus.cc:472] T 00000000000000000000000000000000 P a390ea629d4e4019a7e320eb69f3d5a3 [term 0 FOLLOWER]: Starting leader election (no leader contacted us within the election timeout)
I1207 12:05:36.139211 2045 raft_consensus.cc:2834] T 00000000000000000000000000000000 P a390ea629d4e4019a7e320eb69f3d5a3: Snoozing failure detection for 1.831s (starting election)
I1207 12:05:36.139238 2045 raft_consensus.cc:2886] T 00000000000000000000000000000000 P a390ea629d4e4019a7e320eb69f3d5a3 [term 0 FOLLOWER]: Advancing to term 1
I1207 12:05:36.140307 2045 raft_consensus.cc:494] T 00000000000000000000000000000000 P a390ea629d4e4019a7e320eb69f3d5a3 [term 1 FOLLOWER]: Starting leader election with config: opid_index: -1 OBSOLETE_local: false peers { permanent_uuid: "3d15fd6b334b4ab5aed4d4b165690c95" member_type: VOTER last_known_addr { host: "127.0.56.254" port: 39037 } } peers { permanent_uuid: "65816999e23543e1bf237f8af78cebdf" member_type: VOTER last_known_addr { host: "127.0.56.253" port: 46377 } } peers { permanent_uuid: "a390ea629d4e4019a7e320eb69f3d5a3" member_type: VOTER last_known_addr { host: "127.0.56.252" port: 33111 } }
I1207 12:05:36.140475 2045 leader_election.cc:251] T 00000000000000000000000000000000 P a390ea629d4e4019a7e320eb69f3d5a3 [CANDIDATE]: Term 1 election: Requesting vote from peer 3d15fd6b334b4ab5aed4d4b165690c95 (127.0.56.254:39037)
I1207 12:05:36.140563 2045 leader_election.cc:251] T 00000000000000000000000000000000 P a390ea629d4e4019a7e320eb69f3d5a3 [CANDIDATE]: Term 1 election: Requesting vote from peer 65816999e23543e1bf237f8af78cebdf (127.0.56.253:46377)
I1207 12:05:36.140962 1957 tablet_service.cc:1008] Received RequestConsensusVote() RPC: tablet_id: "00000000000000000000000000000000" candidate_uuid: "a390ea629d4e4019a7e320eb69f3d5a3" candidate_term: 1 candidate_status { last_received { term: 0 index: 0 } } ignore_live_leader: false dest_uuid: "65816999e23543e1bf237f8af78cebdf"
I1207 12:05:36.140981 1901 tablet_service.cc:1008] Received RequestConsensusVote() RPC: tablet_id: "00000000000000000000000000000000" candidate_uuid: "a390ea629d4e4019a7e320eb69f3d5a3" candidate_term: 1 candidate_status { last_received { term: 0 index: 0 } } ignore_live_leader: false dest_uuid: "3d15fd6b334b4ab5aed4d4b165690c95"
I1207 12:05:36.141042 1957 raft_consensus.cc:2886] T 00000000000000000000000000000000 P 65816999e23543e1bf237f8af78cebdf [term 0 FOLLOWER]: Advancing to term 1
I1207 12:05:36.141059 1901 raft_consensus.cc:2886] T 00000000000000000000000000000000 P 3d15fd6b334b4ab5aed4d4b165690c95 [term 0 FOLLOWER]: Advancing to term 1
I1207 12:05:36.141077 1957 raft_consensus.cc:2834] T 00000000000000000000000000000000 P 65816999e23543e1bf237f8af78cebdf: Snoozing failure detection for 1.928s (vote granted)
I1207 12:05:36.141095 1901 raft_consensus.cc:2834] T 00000000000000000000000000000000 P 3d15fd6b334b4ab5aed4d4b165690c95: Snoozing failure detection for 2.137s (vote granted)
I1207 12:05:36.141796 1957 raft_consensus.cc:2346] T 00000000000000000000000000000000 P 65816999e23543e1bf237f8af78cebdf [term 1 FOLLOWER]: Leader election vote request: Granting yes vote for candidate a390ea629d4e4019a7e320eb69f3d5a3 in term 1.
I1207 12:05:36.141980 1901 raft_consensus.cc:2346] T 00000000000000000000000000000000 P 3d15fd6b334b4ab5aed4d4b165690c95 [term 1 FOLLOWER]: Leader election vote request: Granting yes vote for candidate a390ea629d4e4019a7e320eb69f3d5a3 in term 1.
I1207 12:05:36.142071 1989 leader_election.cc:387] T 00000000000000000000000000000000 P a390ea629d4e4019a7e320eb69f3d5a3 [CANDIDATE]: Term 1 election: Vote granted by peer 65816999e23543e1bf237f8af78cebdf (127.0.56.253:46377)
I1207 12:05:36.142093 1989 leader_election.cc:278] T 00000000000000000000000000000000 P a390ea629d4e4019a7e320eb69f3d5a3 [CANDIDATE]: Term 1 election: Election decided. Result: candidate won.
I1207 12:05:36.142258 2045 raft_consensus.cc:2834] T 00000000000000000000000000000000 P a390ea629d4e4019a7e320eb69f3d5a3: Snoozing failure detection for 2.192s (election complete)
I1207 12:05:36.142267 1986 leader_election.cc:387] T 00000000000000000000000000000000 P a390ea629d4e4019a7e320eb69f3d5a3 [CANDIDATE]: Term 1 election: Vote granted by peer 3d15fd6b334b4ab5aed4d4b165690c95 (127.0.56.254:39037)
I1207 12:05:36.142321 2045 raft_consensus.cc:2640] T 00000000000000000000000000000000 P a390ea629d4e4019a7e320eb69f3d5a3 [term 1 FOLLOWER]: Leader election won for term 1
I1207 12:05:36.142511 2045 raft_consensus.cc:667] T 00000000000000000000000000000000 P a390ea629d4e4019a7e320eb69f3d5a3 [term 1 LEADER]: Becoming Leader. State: Replica: a390ea629d4e4019a7e320eb69f3d5a3, State: Running, Role: LEADER
I1207 12:05:36.142696 2045 consensus_queue.cc:206] T 00000000000000000000000000000000 P a390ea629d4e4019a7e320eb69f3d5a3 [LEADER]: Queue going to LEADER mode. State: All replicated index: 0, Majority replicated index: 0, Committed index: 0, Last appended: 0.0, Last appended by leader: 0, Current term: 1, Majority size: 2, State: 0, Mode: LEADER, active raft config: opid_index: -1 OBSOLETE_local: false peers { permanent_uuid: "3d15fd6b334b4ab5aed4d4b165690c95" member_type: VOTER last_known_addr { host: "127.0.56.254" port: 39037 } } peers { permanent_uuid: "65816999e23543e1bf237f8af78cebdf" member_type: VOTER last_known_addr { host: "127.0.56.253" port: 46377 } } peers { permanent_uuid: "a390ea629d4e4019a7e320eb69f3d5a3" member_type: VOTER last_known_addr { host: "127.0.56.252" port: 33111 } }
I1207 12:05:36.143296 2045 sys_catalog.cc:337] T 00000000000000000000000000000000 P a390ea629d4e4019a7e320eb69f3d5a3 [sys.catalog]: SysCatalogTable state changed. Reason: New leader a390ea629d4e4019a7e320eb69f3d5a3. Latest consensus state: current_term: 1 leader_uuid: "a390ea629d4e4019a7e320eb69f3d5a3" committed_config { opid_index: -1 OBSOLETE_local: false peers { permanent_uuid: "3d15fd6b334b4ab5aed4d4b165690c95" member_type: VOTER last_known_addr { host: "127.0.56.254" port: 39037 } } peers { permanent_uuid: "65816999e23543e1bf237f8af78cebdf" member_type: VOTER last_known_addr { host: "127.0.56.253" port: 46377 } } peers { permanent_uuid: "a390ea629d4e4019a7e320eb69f3d5a3" member_type: VOTER last_known_addr { host: "127.0.56.252" port: 33111 } } }
I1207 12:05:36.143323 2045 sys_catalog.cc:340] T 00000000000000000000000000000000 P a390ea629d4e4019a7e320eb69f3d5a3 [sys.catalog]: This master's current role is: LEADER
I1207 12:05:36.144536 2200 catalog_manager.cc:1036] Loading table and tablet metadata into memory...
I1207 12:05:36.145462 2200 catalog_manager.cc:1047] Initializing Kudu internal certificate authority...
I1207 12:05:36.175794 227 ts_tablet_manager.cc:356] Loaded tablet metadata (0 live tablets)
I1207 12:05:36.182538 227 rpc_server.cc:205] RPC server started. Bound to: 127.0.56.195:40671
I1207 12:05:36.182703 227 webserver.cc:175] Starting webserver on 127.0.56.195:0
I1207 12:05:36.182724 227 webserver.cc:186] Document root disabled
I1207 12:05:36.183056 227 webserver.cc:313] Webserver started. Bound to: http://127.0.56.195:38717/
I1207 12:05:36.188040 2259 heartbeater.cc:346] Connected to a master server at 127.0.56.254:39037
I1207 12:05:36.188158 2259 heartbeater.cc:426] Registering TS with master...
I1207 12:05:36.188335 2259 heartbeater.cc:475] Master 127.0.56.254:39037 requested a full tablet report, sending...
I1207 12:05:36.188351 2260 heartbeater.cc:346] Connected to a master server at 127.0.56.253:46377
I1207 12:05:36.188462 2260 heartbeater.cc:426] Registering TS with master...
I1207 12:05:36.188581 2260 heartbeater.cc:475] Master 127.0.56.253:46377 requested a full tablet report, sending...
I1207 12:05:36.188798 2261 heartbeater.cc:346] Connected to a master server at 127.0.56.252:33111
I1207 12:05:36.188870 2261 heartbeater.cc:426] Registering TS with master...
I1207 12:05:36.188995 2261 heartbeater.cc:475] Master 127.0.56.252:33111 requested a full tablet report, sending...
I1207 12:05:36.189092 1891 ts_manager.cc:98] Registered new tserver with Master: 7d46da3aaa55413080914c0848acf0f8 (127.0.56.195:40671)
I1207 12:05:36.189208 1948 ts_manager.cc:98] Registered new tserver with Master: 7d46da3aaa55413080914c0848acf0f8 (127.0.56.195:40671)
I1207 12:05:36.189585 2005 ts_manager.cc:98] Registered new tserver with Master: 7d46da3aaa55413080914c0848acf0f8 (127.0.56.195:40671)
I1207 12:05:36.189658 227 internal_mini_cluster.cc:328] 3 TS(s) registered with all masters after 0.006241111s
