I1102 21:39:08.780033 9108 raft_consensus.cc:379] T 00000000000000000000000000000000 P 810977538c654d1a96a5c2a53c44d890 [term 2 FOLLOWER]: Only one voter in the Raft config. Triggering election immediately
I1102 21:39:08.780071 9108 raft_consensus.cc:471] T 00000000000000000000000000000000 P 810977538c654d1a96a5c2a53c44d890 [term 2 FOLLOWER]: Starting leader election (initial election of a single-replica configuration)
I1102 21:39:08.780139 9108 raft_consensus.cc:2840] T 00000000000000000000000000000000 P 810977538c654d1a96a5c2a53c44d890: Snoozing failure detection for 1.883s (starting election)
I1102 21:39:08.780179 9108 raft_consensus.cc:2892] T 00000000000000000000000000000000 P 810977538c654d1a96a5c2a53c44d890 [term 2 FOLLOWER]: Advancing to term 3
I1102 21:39:08.783694 9108 raft_consensus.cc:493] T 00000000000000000000000000000000 P 810977538c654d1a96a5c2a53c44d890 [term 3 FOLLOWER]: Starting leader election with config: opid_index: -1 OBSOLETE_local: true peers { permanent_uuid: "810977538c654d1a96a5c2a53c44d890" member_type: VOTER }
I1102 21:39:08.783972 9108 leader_election.cc:278] T 00000000000000000000000000000000 P 810977538c654d1a96a5c2a53c44d890 [CANDIDATE]: Term 3 election: Election decided. Result: candidate won.
I1102 21:39:08.784549 9108 sys_catalog.cc:337] T 00000000000000000000000000000000 P 810977538c654d1a96a5c2a53c44d890 [sys.catalog]: SysCatalogTable state changed. Reason: Started TabletReplica. Latest consensus state: current_term: 3 committed_config { opid_index: -1 OBSOLETE_local: true peers { permanent_uuid: "810977538c654d1a96a5c2a53c44d890" member_type: VOTER } }
I1102 21:39:08.784593 9108 sys_catalog.cc:340] T 00000000000000000000000000000000 P 810977538c654d1a96a5c2a53c44d890 [sys.catalog]: This master's current role is: FOLLOWER
I1102 21:39:08.784796 9112 raft_consensus.cc:2840] T 00000000000000000000000000000000 P 810977538c654d1a96a5c2a53c44d890: Snoozing failure detection for 1.578s (election complete)
I1102 21:39:08.784996 9112 raft_consensus.cc:2646] T 00000000000000000000000000000000 P 810977538c654d1a96a5c2a53c44d890 [term 3 FOLLOWER]: Leader election won for term 3
I1102 21:39:08.785293 9112 raft_consensus.cc:666] T 00000000000000000000000000000000 P 810977538c654d1a96a5c2a53c44d890 [term 3 LEADER]: Becoming Leader. State: Replica: 810977538c654d1a96a5c2a53c44d890, State: Running, Role: LEADER
I1102 21:39:08.786389 9112 consensus_queue.cc:206] T 00000000000000000000000000000000 P 810977538c654d1a96a5c2a53c44d890 [LEADER]: Queue going to LEADER mode. State: All replicated index: 0, Majority replicated index: 77, Committed index: 77, Last appended: 2.77, Last appended by leader: 77, Current term: 3, Majority size: 1, State: 0, Mode: LEADER, active raft config: opid_index: -1 OBSOLETE_local: true peers { permanent_uuid: "810977538c654d1a96a5c2a53c44d890" member_type: VOTER }
I1102 21:39:08.787535 9113 sys_catalog.cc:337] T 00000000000000000000000000000000 P 810977538c654d1a96a5c2a53c44d890 [sys.catalog]: SysCatalogTable state changed. Reason: RaftConsensus started. Latest consensus state: current_term: 3 leader_uuid: "810977538c654d1a96a5c2a53c44d890" committed_config { opid_index: -1 OBSOLETE_local: true peers { permanent_uuid: "810977538c654d1a96a5c2a53c44d890" member_type: VOTER } }
I1102 21:39:08.787606 9113 sys_catalog.cc:340] T 00000000000000000000000000000000 P 810977538c654d1a96a5c2a53c44d890 [sys.catalog]: This master's current role is: LEADER
I1102 21:39:08.787919 9108 sys_catalog.cc:424] T 00000000000000000000000000000000 P 810977538c654d1a96a5c2a53c44d890 [sys.catalog]: configured and running, proceeding with master startup.
I1102 21:39:08.788055 9114 sys_catalog.cc:337] T 00000000000000000000000000000000 P 810977538c654d1a96a5c2a53c44d890 [sys.catalog]: SysCatalogTable state changed. Reason: New leader 810977538c654d1a96a5c2a53c44d890. Latest consensus state: current_term: 3 leader_uuid: "810977538c654d1a96a5c2a53c44d890" committed_config { opid_index: -1 OBSOLETE_local: true peers { permanent_uuid: "810977538c654d1a96a5c2a53c44d890" member_type: VOTER } }
I1102 21:39:08.788251 9114 sys_catalog.cc:340] T 00000000000000000000000000000000 P 810977538c654d1a96a5c2a53c44d890 [sys.catalog]: This master's current role is: LEADER
I1102 21:39:08.788533 9049 master_main.cc:86] Master server successfully started.
I1102 21:39:08.799176 9117 catalog_manager.cc:1089] T 00000000000000000000000000000000 P 810977538c654d1a96a5c2a53c44d890: acquiring CA information for follower catalog manager: success
I1102 21:39:08.801018 9117 catalog_manager.cc:1117] T 00000000000000000000000000000000 P 810977538c654d1a96a5c2a53c44d890: importing token verification keys for follower catalog manager: success; most recent TSK sequence number 0
I1102 21:39:08.801097 9116 catalog_manager.cc:1033] Loading table and tablet metadata into memory...
I1102 21:39:08.802891 9116 catalog_manager.cc:344] Loaded metadata for table default.test_table [id=e93179f4d3eb4a26a760d9d76293265f]
I1102 21:39:08.804563 9116 catalog_manager.cc:398] Loaded metadata for tablet 06f9d3b29f2a4de984e1289db815ff83 (table default.test_table [id=e93179f4d3eb4a26a760d9d76293265f])
I1102 21:39:08.805119 9116 catalog_manager.cc:398] Loaded metadata for tablet 3972e3725a634c6b8a9c57fc18cb789d (table default.test_table [id=e93179f4d3eb4a26a760d9d76293265f])
I1102 21:39:08.805845 9116 catalog_manager.cc:398] Loaded metadata for tablet a8ae8156f3ad4fb3ab494ce26bb1a039 (table default.test_table [id=e93179f4d3eb4a26a760d9d76293265f])
I1102 21:39:08.806221 9116 catalog_manager.cc:1044] Initializing Kudu internal certificate authority...
I1102 21:39:08.810389 9116 catalog_manager.cc:1053] Loading token signing keys...
I1102 21:39:08.811486 9116 catalog_manager.cc:4093] T 00000000000000000000000000000000 P 810977538c654d1a96a5c2a53c44d890: Loaded TSK: 0
I1102 21:39:09.445035 9068 master_service.cc:209] Got heartbeat from unknown tserver (permanent_uuid: "33b43dabe1b543f39e7ed84247c575e8" instance_seqno: 1541194743724833) as {username='slave'} at 127.7.150.3:37703; Asking this server to re-register.
I1102 21:39:09.445559 8564 heartbeater.cc:426] Registering TS with master...
I1102 21:39:09.445669 8564 heartbeater.cc:475] Master 127.7.150.62:42573 requested a full tablet report, sending...
I1102 21:39:09.446647 9068 ts_manager.cc:98] Registered new tserver with Master: 33b43dabe1b543f39e7ed84247c575e8 (127.7.150.3:44373)
I1102 21:39:09.457557 9068 master_service.cc:209] Got heartbeat from unknown tserver (permanent_uuid: "e92a2036de454238809663ac303c6ade" instance_seqno: 1541194745522761) as {username='slave'} at 127.7.150.2:38529; Asking this server to re-register.
I1102 21:39:09.457981 8879 heartbeater.cc:426] Registering TS with master...
I1102 21:39:09.458096 8879 heartbeater.cc:475] Master 127.7.150.62:42573 requested a full tablet report, sending...
I1102 21:39:09.458921 9068 ts_manager.cc:98] Registered new tserver with Master: e92a2036de454238809663ac303c6ade (127.7.150.2:39313)
I1102 21:39:09.468122 9068 master_service.cc:209] Got heartbeat from unknown tserver (permanent_uuid: "c36abe6b2bdb4e778576473f60926b7b" instance_seqno: 1541194741256575) as {username='slave'} at 127.7.150.1:43605; Asking this server to re-register.
I1102 21:39:09.468605 7963 heartbeater.cc:426] Registering TS with master...
I1102 21:39:09.468719 7963 heartbeater.cc:475] Master 127.7.150.62:42573 requested a full tablet report, sending...
I1102 21:39:09.469475 9068 ts_manager.cc:98] Registered new tserver with Master: c36abe6b2bdb4e778576473f60926b7b (127.7.150.1:46291)
I1102 21:39:09.470827 7768 external_mini_cluster.cc:535] 3 TS(s) registered with all masters
I1102 21:39:09.470852 7768 alter_table-randomized-test.cc:134] Master Restarted
I1102 21:39:09.853005 7768 alter_table-randomized-test.cc:448] Beginning Alterations
I1102 21:39:09.854102 7768 alter_table-randomized-test.cc:594] Dropping range partition: [805306356, 872415219) resulting partitions: (402653178, 469762041], (1946157027, 2013265890)
I1102 21:39:09.854215 7768 alter_table-randomized-test.cc:594] Dropping range partition: [402653178, 469762041) resulting partitions: (1946157027, 2013265890)
I1102 21:39:09.854282 7768 alter_table-randomized-test.cc:516] Renaming column c908 to c169
I1102 21:39:09.854296 7768 alter_table-randomized-test.cc:507] Dropping column c602, existing columns: c786, c602, c386, c712, c169, c875, c389, c764, c134, c840, c176, c252, c95
I1102 21:39:09.854321 7768 alter_table-randomized-test.cc:480] Committing Alterations
I1102 21:39:09.856215 9068 catalog_manager.cc:2182] Servicing AlterTable request from {username='slave'} at 127.0.0.1:59072: table { table_name: "default.test_table" } alter_schema_steps { type: DROP_RANGE_PARTITION drop_range_partition { range_bounds { rows: "\006\001\000\000\000\364\377\377/\007\001\000\000\000\363\377\3773" } } } alter_schema_steps { type: DROP_RANGE_PARTITION drop_range_partition { range_bounds { rows: "\006\001\000\000\000\372\377\377\027\007\001\000\000\000\371\377\377\033" } } } alter_schema_steps { type: RENAME_COLUMN rename_column { old_name: "c908" new_name: "c169" } } alter_schema_steps { type: DROP_COLUMN drop_column { name: "c602" } } schema { columns { name: "c786" type: INT32 is_key: true is_nullable: false encoding: AUTO_ENCODING compression: DEFAULT_COMPRESSION cfile_block_size: 0 } columns { name: "c602" type: INT32 is_key: false is_nullable: true encoding: BIT_SHUFFLE compression: NO_COMPRESSION cfile_block_size: 0 } columns { name: "c386" type: INT32 is_key: false is_nullable: true encoding: RLE compression: DEFAULT_COMPRESSION cfile_block_size: 4194304 } columns { name: "c712" type: INT32 is_key: false is_nullable: true encoding: RLE compression: DEFAULT_COMPRESSION cfile_block_size: 8388608 } columns { name: "c908" type: INT32 is_key: false is_nullable: true encoding: RLE compression: DEFAULT_COMPRESSION cfile_block_size: 0 } columns { name: "c875" type: INT32 is_key: false is_nullable: false read_default_value: "\274)Y\\" encoding: AUTO_ENCODING compression: DEFAULT_COMPRESSION cfile_block_size: 0 } columns { name: "c389" type: INT32 is_key: false is_nullable: true encoding: AUTO_ENCODING compression: DEFAULT_COMPRESSION cfile_block_size: 0 } columns { name: "c764" type: INT32 is_key: false is_nullable: true encoding: RLE compression: DEFAULT_COMPRESSION cfile_block_size: 2097152 } columns { name: "c134" type: INT32 is_key: false is_nullable: true encoding: AUTO_ENCODING compression: DEFAULT_COMPRESSION cfile_block_size: 0 } columns { name: "c840" type: INT32 is_key: false is_nullable: false read_default_value: "\237\304\341X" encoding: AUTO_ENCODING compression: DEFAULT_COMPRESSION cfile_block_size: 0 } columns { name: "c176" type: INT32 is_key: false is_nullable: false read_default_value: "\344\316\263." encoding: AUTO_ENCODING compression: DEFAULT_COMPRESSION cfile_block_size: 0 } columns { name: "c252" type: INT32 is_key: false is_nullable: true encoding: AUTO_ENCODING compression: DEFAULT_COMPRESSION cfile_block_size: 0 } columns { name: "c95" type: INT32 is_key: false is_nullable: false read_default_value: "4d\300`" encoding: AUTO_ENCODING compression: DEFAULT_COMPRESSION cfile_block_size: 0 } } modify_external_catalogs: true
I1102 21:39:09.861029 9068 catalog_manager.cc:4017] T 00000000000000000000000000000000 P 810977538c654d1a96a5c2a53c44d890: Sending DeleteTablet for 3 replicas of tablet 06f9d3b29f2a4de984e1289db815ff83
I1102 21:39:09.861129 9068 catalog_manager.cc:3180] Sending DeleteTablet(TABLET_DATA_DELETED) for tablet 06f9d3b29f2a4de984e1289db815ff83 on c36abe6b2bdb4e778576473f60926b7b (127.7.150.1:46291) (Partition dropped at 2018-11-02 21:39:09 UTC)
I1102 21:39:09.861299 9068 catalog_manager.cc:3180] Sending DeleteTablet(TABLET_DATA_DELETED) for tablet 06f9d3b29f2a4de984e1289db815ff83 on e92a2036de454238809663ac303c6ade (127.7.150.2:39313) (Partition dropped at 2018-11-02 21:39:09 UTC)
I1102 21:39:09.861891 9068 catalog_manager.cc:3180] Sending DeleteTablet(TABLET_DATA_DELETED) for tablet 06f9d3b29f2a4de984e1289db815ff83 on 33b43dabe1b543f39e7ed84247c575e8 (127.7.150.3:44373) (Partition dropped at 2018-11-02 21:39:09 UTC)
I1102 21:39:09.862385 9068 catalog_manager.cc:4017] T 00000000000000000000000000000000 P 810977538c654d1a96a5c2a53c44d890: Sending DeleteTablet for 3 replicas of tablet a8ae8156f3ad4fb3ab494ce26bb1a039
I1102 21:39:09.862481 9068 catalog_manager.cc:3180] Sending DeleteTablet(TABLET_DATA_DELETED) for tablet a8ae8156f3ad4fb3ab494ce26bb1a039 on e92a2036de454238809663ac303c6ade (127.7.150.2:39313) (Partition dropped at 2018-11-02 21:39:09 UTC)
I1102 21:39:09.862588 9068 catalog_manager.cc:3180] Sending DeleteTablet(TABLET_DATA_DELETED) for tablet a8ae8156f3ad4fb3ab494ce26bb1a039 on c36abe6b2bdb4e778576473f60926b7b (127.7.150.1:46291) (Partition dropped at 2018-11-02 21:39:09 UTC)
I1102 21:39:09.862753 9068 catalog_manager.cc:3180] Sending DeleteTablet(TABLET_DATA_DELETED) for tablet a8ae8156f3ad4fb3ab494ce26bb1a039 on 33b43dabe1b543f39e7ed84247c575e8 (127.7.150.3:44373) (Partition dropped at 2018-11-02 21:39:09 UTC)
I1102 21:39:09.867014 8811 tablet_service.cc:806] Processing DeleteTablet for tablet 06f9d3b29f2a4de984e1289db815ff83 with delete_type TABLET_DATA_DELETED (Partition dropped at 2018-11-02 21:39:09 UTC) from {username='slave'} at 127.0.0.1:54846
I1102 21:39:09.867087 8812 tablet_service.cc:806] Processing DeleteTablet for tablet a8ae8156f3ad4fb3ab494ce26bb1a039 with delete_type TABLET_DATA_DELETED (Partition dropped at 2018-11-02 21:39:09 UTC) from {username='slave'} at 127.0.0.1:54846
I1102 21:39:09.867364 9157 tablet_replica.cc:263] T 06f9d3b29f2a4de984e1289db815ff83 P e92a2036de454238809663ac303c6ade: stopping tablet replica
I1102 21:39:09.867450 9157 maintenance_manager.cc:237] P e92a2036de454238809663ac303c6ade: Unregistered op CompactRowSetsOp(06f9d3b29f2a4de984e1289db815ff83)
I1102 21:39:09.867473 9157 maintenance_manager.cc:237] P e92a2036de454238809663ac303c6ade: Unregistered op MinorDeltaCompactionOp(06f9d3b29f2a4de984e1289db815ff83)
I1102 21:39:09.867486 9157 maintenance_manager.cc:237] P e92a2036de454238809663ac303c6ade: Unregistered op MajorDeltaCompactionOp(06f9d3b29f2a4de984e1289db815ff83)
I1102 21:39:09.867496 9157 maintenance_manager.cc:237] P e92a2036de454238809663ac303c6ade: Unregistered op UndoDeltaBlockGCOp(06f9d3b29f2a4de984e1289db815ff83)
I1102 21:39:09.867522 9157 maintenance_manager.cc:237] P e92a2036de454238809663ac303c6ade: Unregistered op FlushMRSOp(06f9d3b29f2a4de984e1289db815ff83)
I1102 21:39:09.867533 9157 maintenance_manager.cc:237] P e92a2036de454238809663ac303c6ade: Unregistered op FlushDeltaMemStoresOp(06f9d3b29f2a4de984e1289db815ff83)
I1102 21:39:09.867543 9157 maintenance_manager.cc:237] P e92a2036de454238809663ac303c6ade: Unregistered op LogGCOp(06f9d3b29f2a4de984e1289db815ff83)
I1102 21:39:09.867576 9157 raft_consensus.cc:2149] T 06f9d3b29f2a4de984e1289db815ff83 P e92a2036de454238809663ac303c6ade [term 1 FOLLOWER]: Raft consensus shutting down.
I1102 21:39:09.867645 9157 raft_consensus.cc:2176] T 06f9d3b29f2a4de984e1289db815ff83 P e92a2036de454238809663ac303c6ade [term 1 FOLLOWER]: Raft consensus is shut down!
I1102 21:39:09.868077 7900 tablet_service.cc:806] Processing DeleteTablet for tablet 06f9d3b29f2a4de984e1289db815ff83 with delete_type TABLET_DATA_DELETED (Partition dropped at 2018-11-02 21:39:09 UTC) from {username='slave'} at 127.0.0.1:51174
I1102 21:39:09.868290 8500 tablet_service.cc:806] Processing DeleteTablet for tablet 06f9d3b29f2a4de984e1289db815ff83 with delete_type TABLET_DATA_DELETED (Partition dropped at 2018-11-02 21:39:09 UTC) from {username='slave'} at 127.0.0.1:40328
I1102 21:39:09.868319 8501 tablet_service.cc:806] Processing DeleteTablet for tablet a8ae8156f3ad4fb3ab494ce26bb1a039 with delete_type TABLET_DATA_DELETED (Partition dropped at 2018-11-02 21:39:09 UTC) from {username='slave'} at 127.0.0.1:40328
I1102 21:39:09.868475 7899 tablet_service.cc:806] Processing DeleteTablet for tablet a8ae8156f3ad4fb3ab494ce26bb1a039 with delete_type TABLET_DATA_DELETED (Partition dropped at 2018-11-02 21:39:09 UTC) from {username='slave'} at 127.0.0.1:51174
I1102 21:39:09.868561 9158 tablet_replica.cc:263] T 06f9d3b29f2a4de984e1289db815ff83 P c36abe6b2bdb4e778576473f60926b7b: stopping tablet replica
I1102 21:39:09.868722 9159 tablet_replica.cc:263] T 06f9d3b29f2a4de984e1289db815ff83 P 33b43dabe1b543f39e7ed84247c575e8: stopping tablet replica
I1102 21:39:09.868814 9158 maintenance_manager.cc:237] P c36abe6b2bdb4e778576473f60926b7b: Unregistered op CompactRowSetsOp(06f9d3b29f2a4de984e1289db815ff83)
I1102 21:39:09.868894 9159 maintenance_manager.cc:237] P 33b43dabe1b543f39e7ed84247c575e8: Unregistered op CompactRowSetsOp(06f9d3b29f2a4de984e1289db815ff83)
I1102 21:39:09.868959 9158 maintenance_manager.cc:237] P c36abe6b2bdb4e778576473f60926b7b: Unregistered op MinorDeltaCompactionOp(06f9d3b29f2a4de984e1289db815ff83)
I1102 21:39:09.869022 9159 maintenance_manager.cc:237] P 33b43dabe1b543f39e7ed84247c575e8: Unregistered op MinorDeltaCompactionOp(06f9d3b29f2a4de984e1289db815ff83)
I1102 21:39:09.869081 9158 maintenance_manager.cc:237] P c36abe6b2bdb4e778576473f60926b7b: Unregistered op MajorDeltaCompactionOp(06f9d3b29f2a4de984e1289db815ff83)
I1102 21:39:09.869143 9159 maintenance_manager.cc:237] P 33b43dabe1b543f39e7ed84247c575e8: Unregistered op MajorDeltaCompactionOp(06f9d3b29f2a4de984e1289db815ff83)
I1102 21:39:09.869204 9158 maintenance_manager.cc:237] P c36abe6b2bdb4e778576473f60926b7b: Unregistered op UndoDeltaBlockGCOp(06f9d3b29f2a4de984e1289db815ff83)
I1102 21:39:09.869261 9159 maintenance_manager.cc:237] P 33b43dabe1b543f39e7ed84247c575e8: Unregistered op UndoDeltaBlockGCOp(06f9d3b29f2a4de984e1289db815ff83)
I1102 21:39:09.869330 9158 maintenance_manager.cc:237] P c36abe6b2bdb4e778576473f60926b7b: Unregistered op FlushMRSOp(06f9d3b29f2a4de984e1289db815ff83)
I1102 21:39:09.869433 9159 maintenance_manager.cc:237] P 33b43dabe1b543f39e7ed84247c575e8: Unregistered op FlushMRSOp(06f9d3b29f2a4de984e1289db815ff83)
I1102 21:39:09.869457 9157 ts_tablet_manager.cc:1369] T 06f9d3b29f2a4de984e1289db815ff83 P e92a2036de454238809663ac303c6ade: Deleting tablet data with delete state TABLET_DATA_DELETED
I1102 21:39:09.869513 9158 maintenance_manager.cc:237] P c36abe6b2bdb4e778576473f60926b7b: Unregistered op FlushDeltaMemStoresOp(06f9d3b29f2a4de984e1289db815ff83)
I1102 21:39:09.869575 9158 maintenance_manager.cc:237] P c36abe6b2bdb4e778576473f60926b7b: Unregistered op LogGCOp(06f9d3b29f2a4de984e1289db815ff83)
I1102 21:39:09.869642 9159 maintenance_manager.cc:237] P 33b43dabe1b543f39e7ed84247c575e8: Unregistered op FlushDeltaMemStoresOp(06f9d3b29f2a4de984e1289db815ff83)
I1102 21:39:09.869715 9158 raft_consensus.cc:2149] T 06f9d3b29f2a4de984e1289db815ff83 P c36abe6b2bdb4e778576473f60926b7b [term 1 LEADER]: Raft consensus shutting down.
I1102 21:39:09.869791 9159 maintenance_manager.cc:237] P 33b43dabe1b543f39e7ed84247c575e8: Unregistered op LogGCOp(06f9d3b29f2a4de984e1289db815ff83)
I1102 21:39:09.869846 9158 consensus_peers.cc:482] T 06f9d3b29f2a4de984e1289db815ff83 P c36abe6b2bdb4e778576473f60926b7b -> Peer 33b43dabe1b543f39e7ed84247c575e8 (127.7.150.3:44373): Closing peer: 33b43dabe1b543f39e7ed84247c575e8
I1102 21:39:09.869918 9159 raft_consensus.cc:2149] T 06f9d3b29f2a4de984e1289db815ff83 P 33b43dabe1b543f39e7ed84247c575e8 [term 1 FOLLOWER]: Raft consensus shutting down.
I1102 21:39:09.869992 9158 consensus_peers.cc:482] T 06f9d3b29f2a4de984e1289db815ff83 P c36abe6b2bdb4e778576473f60926b7b -> Peer e92a2036de454238809663ac303c6ade (127.7.150.2:39313): Closing peer: e92a2036de454238809663ac303c6ade
I1102 21:39:09.870096 9159 raft_consensus.cc:2176] T 06f9d3b29f2a4de984e1289db815ff83 P 33b43dabe1b543f39e7ed84247c575e8 [term 1 FOLLOWER]: Raft consensus is shut down!
I1102 21:39:09.870277 9158 raft_consensus.cc:2176] T 06f9d3b29f2a4de984e1289db815ff83 P c36abe6b2bdb4e778576473f60926b7b [term 1 FOLLOWER]: Raft consensus is shut down!
I1102 21:39:09.871448 9159 ts_tablet_manager.cc:1369] T 06f9d3b29f2a4de984e1289db815ff83 P 33b43dabe1b543f39e7ed84247c575e8: Deleting tablet data with delete state TABLET_DATA_DELETED
I1102 21:39:09.872092 9137 tablet.cc:1262] T 3972e3725a634c6b8a9c57fc18cb789d P e92a2036de454238809663ac303c6ade: Alter schema from ( 10:c786 INT32 NOT NULL, 11:c602 INT32 NULLABLE, 15:c386 INT32 NULLABLE, 18:c712 INT32 NULLABLE, 20:c908 INT32 NULLABLE, 22:c875 INT32 NOT NULL, 23:c389 INT32 NULLABLE, 24:c764 INT32 NULLABLE, 25:c134 INT32 NULLABLE, 26:c840 INT32 NOT NULL, 27:c176 INT32 NOT NULL, 28:c252 INT32 NULLABLE, 29:c95 INT32 NOT NULL, PRIMARY KEY (c786) ) version 23 to ( 10:c786 INT32 NOT NULL, 15:c386 INT32 NULLABLE, 18:c712 INT32 NULLABLE, 20:c169 INT32 NULLABLE, 22:c875 INT32 NOT NULL, 23:c389 INT32 NULLABLE, 24:c764 INT32 NULLABLE, 25:c134 INT32 NULLABLE, 26:c840 INT32 NOT NULL, 27:c176 INT32 NOT NULL, 28:c252 INT32 NULLABLE, 29:c95 INT32 NOT NULL, PRIMARY KEY (c786) ) version 24
I1102 21:39:09.872298 9158 ts_tablet_manager.cc:1369] T 06f9d3b29f2a4de984e1289db815ff83 P c36abe6b2bdb4e778576473f60926b7b: Deleting tablet data with delete state TABLET_DATA_DELETED
I1102 21:39:09.872488 9137 tablet.cc:1214] T 3972e3725a634c6b8a9c57fc18cb789d P e92a2036de454238809663ac303c6ade: Flush: entering stage 1 (old memrowset already frozen for inserts)
I1102 21:39:09.872512 9137 compaction.cc:926] Selected 1 rowsets to compact:
I1102 21:39:09.872522 9137 compaction.cc:929] memrowset(current size on disk: ~0 bytes)
I1102 21:39:09.872534 9137 tablet.cc:1216] T 3972e3725a634c6b8a9c57fc18cb789d P e92a2036de454238809663ac303c6ade: Memstore in-memory size: 1759 bytes
I1102 21:39:09.872558 9137 tablet.cc:1508] T 3972e3725a634c6b8a9c57fc18cb789d P e92a2036de454238809663ac303c6ade: Flush: entering phase 1 (flushing snapshot). Phase 1 snapshot: MvccSnapshot[committed={T|T < 6312733695461326848}]
I1102 21:39:09.871917 9135 tablet.cc:1262] T 3972e3725a634c6b8a9c57fc18cb789d P 33b43dabe1b543f39e7ed84247c575e8: Alter schema from ( 10:c786 INT32 NOT NULL, 11:c602 INT32 NULLABLE, 15:c386 INT32 NULLABLE, 18:c712 INT32 NULLABLE, 20:c908 INT32 NULLABLE, 22:c875 INT32 NOT NULL, 23:c389 INT32 NULLABLE, 24:c764 INT32 NULLABLE, 25:c134 INT32 NULLABLE, 26:c840 INT32 NOT NULL, 27:c176 INT32 NOT NULL, 28:c252 INT32 NULLABLE, 29:c95 INT32 NOT NULL, PRIMARY KEY (c786) ) version 23 to ( 10:c786 INT32 NOT NULL, 15:c386 INT32 NULLABLE, 18:c712 INT32 NULLABLE, 20:c169 INT32 NULLABLE, 22:c875 INT32 NOT NULL, 23:c389 INT32 NULLABLE, 24:c764 INT32 NULLABLE, 25:c134 INT32 NULLABLE, 26:c840 INT32 NOT NULL, 27:c176 INT32 NOT NULL, 28:c252 INT32 NULLABLE, 29:c95 INT32 NOT NULL, PRIMARY KEY (c786) ) version 24
I1102 21:39:09.874989 9136 tablet.cc:1262] T 3972e3725a634c6b8a9c57fc18cb789d P c36abe6b2bdb4e778576473f60926b7b: Alter schema from ( 10:c786 INT32 NOT NULL, 11:c602 INT32 NULLABLE, 15:c386 INT32 NULLABLE, 18:c712 INT32 NULLABLE, 20:c908 INT32 NULLABLE, 22:c875 INT32 NOT NULL, 23:c389 INT32 NULLABLE, 24:c764 INT32 NULLABLE, 25:c134 INT32 NULLABLE, 26:c840 INT32 NOT NULL, 27:c176 INT32 NOT NULL, 28:c252 INT32 NULLABLE, 29:c95 INT32 NOT NULL, PRIMARY KEY (c786) ) version 23 to ( 10:c786 INT32 NOT NULL, 15:c386 INT32 NULLABLE, 18:c712 INT32 NULLABLE, 20:c169 INT32 NULLABLE, 22:c875 INT32 NOT NULL, 23:c389 INT32 NULLABLE, 24:c764 INT32 NULLABLE, 25:c134 INT32 NULLABLE, 26:c840 INT32 NOT NULL, 27:c176 INT32 NOT NULL, 28:c252 INT32 NULLABLE, 29:c95 INT32 NOT NULL, PRIMARY KEY (c786) ) version 24
I1102 21:39:09.875342 9136 tablet.cc:1214] T 3972e3725a634c6b8a9c57fc18cb789d P c36abe6b2bdb4e778576473f60926b7b: Flush: entering stage 1 (old memrowset already frozen for inserts)
I1102 21:39:09.875368 9136 compaction.cc:926] Selected 1 rowsets to compact:
I1102 21:39:09.875375 9136 compaction.cc:929] memrowset(current size on disk: ~0 bytes)
I1102 21:39:09.875378 9137 multi_column_writer.cc:98] Opened CFile writers for 12 column(s)
I1102 21:39:09.875387 9136 tablet.cc:1216] T 3972e3725a634c6b8a9c57fc18cb789d P c36abe6b2bdb4e778576473f60926b7b: Memstore in-memory size: 1759 bytes
I1102 21:39:09.875442 9136 tablet.cc:1508] T 3972e3725a634c6b8a9c57fc18cb789d P c36abe6b2bdb4e778576473f60926b7b: Flush: entering phase 1 (flushing snapshot). Phase 1 snapshot: MvccSnapshot[committed={T|T < 6312733695461326848}]
I1102 21:39:09.877568 9136 multi_column_writer.cc:98] Opened CFile writers for 12 column(s)
I1102 21:39:09.877697 9158 ts_tablet_manager.cc:1382] T 06f9d3b29f2a4de984e1289db815ff83 P c36abe6b2bdb4e778576473f60926b7b: tablet deleted with delete type TABLET_DATA_DELETED: last-logged OpId 1.96
I1102 21:39:09.877768 9158 log.cc:986] T 06f9d3b29f2a4de984e1289db815ff83 P c36abe6b2bdb4e778576473f60926b7b: Deleting WAL directory at /tmp/dist-test-taskoKLkQa/test-tmp/alter_table-randomized-test.0.HmsConfigurations_AlterTableRandomized.TestRandomSequence_0.1541194740983682-7768/minicluster-data/ts-0/wal/wals/06f9d3b29f2a4de984e1289db815ff83
I1102 21:39:09.878329 9157 ts_tablet_manager.cc:1382] T 06f9d3b29f2a4de984e1289db815ff83 P e92a2036de454238809663ac303c6ade: tablet deleted with delete type TABLET_DATA_DELETED: last-logged OpId 1.96
I1102 21:39:09.878389 9157 log.cc:986] T 06f9d3b29f2a4de984e1289db815ff83 P e92a2036de454238809663ac303c6ade: Deleting WAL directory at /tmp/dist-test-taskoKLkQa/test-tmp/alter_table-randomized-test.0.HmsConfigurations_AlterTableRandomized.TestRandomSequence_0.1541194740983682-7768/minicluster-data/ts-1/wal/wals/06f9d3b29f2a4de984e1289db815ff83
I1102 21:39:09.878545 9135 tablet.cc:1214] T 3972e3725a634c6b8a9c57fc18cb789d P 33b43dabe1b543f39e7ed84247c575e8: Flush: entering stage 1 (old memrowset already frozen for inserts)
I1102 21:39:09.878572 9135 compaction.cc:926] Selected 1 rowsets to compact:
I1102 21:39:09.878582 9135 compaction.cc:929] memrowset(current size on disk: ~0 bytes)
I1102 21:39:09.878598 9135 tablet.cc:1216] T 3972e3725a634c6b8a9c57fc18cb789d P 33b43dabe1b543f39e7ed84247c575e8: Memstore in-memory size: 1759 bytes
I1102 21:39:09.878625 9135 tablet.cc:1508] T 3972e3725a634c6b8a9c57fc18cb789d P 33b43dabe1b543f39e7ed84247c575e8: Flush: entering phase 1 (flushing snapshot). Phase 1 snapshot: MvccSnapshot[committed={T|T < 6312733695461326848}]
I1102 21:39:09.880911 9157 ts_tablet_manager.cc:1403] T 06f9d3b29f2a4de984e1289db815ff83 P e92a2036de454238809663ac303c6ade: Deleting consensus metadata
I1102 21:39:09.881022 9135 multi_column_writer.cc:98] Opened CFile writers for 12 column(s)
I1102 21:39:09.886713 9056 catalog_manager.cc:3158] TS e92a2036de454238809663ac303c6ade (127.7.150.2:39313): tablet 06f9d3b29f2a4de984e1289db815ff83 (table default.test_table [id=e93179f4d3eb4a26a760d9d76293265f]) successfully deleted
I1102 21:39:09.886977 9157 tablet_replica.cc:263] T a8ae8156f3ad4fb3ab494ce26bb1a039 P e92a2036de454238809663ac303c6ade: stopping tablet replica
I1102 21:39:09.887022 9157 maintenance_manager.cc:237] P e92a2036de454238809663ac303c6ade: Unregistered op CompactRowSetsOp(a8ae8156f3ad4fb3ab494ce26bb1a039)
I1102 21:39:09.887045 9157 maintenance_manager.cc:237] P e92a2036de454238809663ac303c6ade: Unregistered op MinorDeltaCompactionOp(a8ae8156f3ad4fb3ab494ce26bb1a039)
I1102 21:39:09.887060 9157 maintenance_manager.cc:237] P e92a2036de454238809663ac303c6ade: Unregistered op MajorDeltaCompactionOp(a8ae8156f3ad4fb3ab494ce26bb1a039)
I1102 21:39:09.887071 9157 maintenance_manager.cc:237] P e92a2036de454238809663ac303c6ade: Unregistered op UndoDeltaBlockGCOp(a8ae8156f3ad4fb3ab494ce26bb1a039)
I1102 21:39:09.887099 9157 maintenance_manager.cc:237] P e92a2036de454238809663ac303c6ade: Unregistered op FlushMRSOp(a8ae8156f3ad4fb3ab494ce26bb1a039)
I1102 21:39:09.887128 9157 maintenance_manager.cc:237] P e92a2036de454238809663ac303c6ade: Unregistered op FlushDeltaMemStoresOp(a8ae8156f3ad4fb3ab494ce26bb1a039)
I1102 21:39:09.887142 9157 maintenance_manager.cc:237] P e92a2036de454238809663ac303c6ade: Unregistered op LogGCOp(a8ae8156f3ad4fb3ab494ce26bb1a039)
I1102 21:39:09.887173 9157 raft_consensus.cc:2149] T a8ae8156f3ad4fb3ab494ce26bb1a039 P e92a2036de454238809663ac303c6ade [term 1 FOLLOWER]: Raft consensus shutting down.
I1102 21:39:09.887262 9157 raft_consensus.cc:2176] T a8ae8156f3ad4fb3ab494ce26bb1a039 P e92a2036de454238809663ac303c6ade [term 1 FOLLOWER]: Raft consensus is shut down!
I1102 21:39:09.888492 9157 ts_tablet_manager.cc:1369] T a8ae8156f3ad4fb3ab494ce26bb1a039 P e92a2036de454238809663ac303c6ade: Deleting tablet data with delete state TABLET_DATA_DELETED
I1102 21:39:09.891022 9136 tablet.cc:1594] T 3972e3725a634c6b8a9c57fc18cb789d P c36abe6b2bdb4e778576473f60926b7b: Flush: entering phase 2 (starting to duplicate updates in new rowsets)
I1102 21:39:09.891613 9136 tablet.cc:1649] T 3972e3725a634c6b8a9c57fc18cb789d P c36abe6b2bdb4e778576473f60926b7b: Flush Phase 2: carrying over any updates which arrived during Phase 1
I1102 21:39:09.891688 9136 tablet.cc:1651] T 3972e3725a634c6b8a9c57fc18cb789d P c36abe6b2bdb4e778576473f60926b7b: Phase 2 snapshot: MvccSnapshot[committed={T|T < 6312733695461326848}]
I1102 21:39:09.892007 9159 ts_tablet_manager.cc:1382] T 06f9d3b29f2a4de984e1289db815ff83 P 33b43dabe1b543f39e7ed84247c575e8: tablet deleted with delete type TABLET_DATA_DELETED: last-logged OpId 1.96
I1102 21:39:09.892071 9159 log.cc:986] T 06f9d3b29f2a4de984e1289db815ff83 P 33b43dabe1b543f39e7ed84247c575e8: Deleting WAL directory at /tmp/dist-test-taskoKLkQa/test-tmp/alter_table-randomized-test.0.HmsConfigurations_AlterTableRandomized.TestRandomSequence_0.1541194740983682-7768/minicluster-data/ts-2/wal/wals/06f9d3b29f2a4de984e1289db815ff83
I1102 21:39:09.892488 9159 ts_tablet_manager.cc:1403] T 06f9d3b29f2a4de984e1289db815ff83 P 33b43dabe1b543f39e7ed84247c575e8: Deleting consensus metadata
I1102 21:39:09.893498 9059 catalog_manager.cc:3158] TS 33b43dabe1b543f39e7ed84247c575e8 (127.7.150.3:44373): tablet 06f9d3b29f2a4de984e1289db815ff83 (table default.test_table [id=e93179f4d3eb4a26a760d9d76293265f]) successfully deleted
I1102 21:39:09.893642 9158 ts_tablet_manager.cc:1403] T 06f9d3b29f2a4de984e1289db815ff83 P c36abe6b2bdb4e778576473f60926b7b: Deleting consensus metadata
I1102 21:39:09.894599 9158 tablet_replica.cc:263] T a8ae8156f3ad4fb3ab494ce26bb1a039 P c36abe6b2bdb4e778576473f60926b7b: stopping tablet replica
I1102 21:39:09.894671 9158 maintenance_manager.cc:237] P c36abe6b2bdb4e778576473f60926b7b: Unregistered op CompactRowSetsOp(a8ae8156f3ad4fb3ab494ce26bb1a039)
I1102 21:39:09.894767 9058 catalog_manager.cc:3158] TS c36abe6b2bdb4e778576473f60926b7b (127.7.150.1:46291): tablet 06f9d3b29f2a4de984e1289db815ff83 (table default.test_table [id=e93179f4d3eb4a26a760d9d76293265f]) successfully deleted
I1102 21:39:09.894851 9158 maintenance_manager.cc:237] P c36abe6b2bdb4e778576473f60926b7b: Unregistered op MinorDeltaCompactionOp(a8ae8156f3ad4fb3ab494ce26bb1a039)
I1102 21:39:09.894913 9158 maintenance_manager.cc:237] P c36abe6b2bdb4e778576473f60926b7b: Unregistered op MajorDeltaCompactionOp(a8ae8156f3ad4fb3ab494ce26bb1a039)
I1102 21:39:09.894964 9158 maintenance_manager.cc:237] P c36abe6b2bdb4e778576473f60926b7b: Unregistered op UndoDeltaBlockGCOp(a8ae8156f3ad4fb3ab494ce26bb1a039)
I1102 21:39:09.898180 9158 maintenance_manager.cc:237] P c36abe6b2bdb4e778576473f60926b7b: Unregistered op FlushMRSOp(a8ae8156f3ad4fb3ab494ce26bb1a039)
I1102 21:39:09.898236 9158 maintenance_manager.cc:237] P c36abe6b2bdb4e778576473f60926b7b: Unregistered op FlushDeltaMemStoresOp(a8ae8156f3ad4fb3ab494ce26bb1a039)
I1102 21:39:09.898286 9158 maintenance_manager.cc:237] P c36abe6b2bdb4e778576473f60926b7b: Unregistered op LogGCOp(a8ae8156f3ad4fb3ab494ce26bb1a039)
I1102 21:39:09.898346 9158 raft_consensus.cc:2149] T a8ae8156f3ad4fb3ab494ce26bb1a039 P c36abe6b2bdb4e778576473f60926b7b [term 1 FOLLOWER]: Raft consensus shutting down.
I1102 21:39:09.898476 9158 raft_consensus.cc:2176] T a8ae8156f3ad4fb3ab494ce26bb1a039 P c36abe6b2bdb4e778576473f60926b7b [term 1 FOLLOWER]: Raft consensus is shut down!
I1102 21:39:09.898490 9137 tablet.cc:1594] T 3972e3725a634c6b8a9c57fc18cb789d P e92a2036de454238809663ac303c6ade: Flush: entering phase 2 (starting to duplicate updates in new rowsets)
I1102 21:39:09.898701 9159 tablet_replica.cc:263] T a8ae8156f3ad4fb3ab494ce26bb1a039 P 33b43dabe1b543f39e7ed84247c575e8: stopping tablet replica
I1102 21:39:09.898728 9137 tablet.cc:1649] T 3972e3725a634c6b8a9c57fc18cb789d P e92a2036de454238809663ac303c6ade: Flush Phase 2: carrying over any updates which arrived during Phase 1
I1102 21:39:09.898754 9137 tablet.cc:1651] T 3972e3725a634c6b8a9c57fc18cb789d P e92a2036de454238809663ac303c6ade: Phase 2 snapshot: MvccSnapshot[committed={T|T < 6312733695461326848}]
I1102 21:39:09.898845 9159 maintenance_manager.cc:237] P 33b43dabe1b543f39e7ed84247c575e8: Unregistered op CompactRowSetsOp(a8ae8156f3ad4fb3ab494ce26bb1a039)
I1102 21:39:09.899794 9158 ts_tablet_manager.cc:1369] T a8ae8156f3ad4fb3ab494ce26bb1a039 P c36abe6b2bdb4e778576473f60926b7b: Deleting tablet data with delete state TABLET_DATA_DELETED
I1102 21:39:09.899863 9159 maintenance_manager.cc:237] P 33b43dabe1b543f39e7ed84247c575e8: Unregistered op MinorDeltaCompactionOp(a8ae8156f3ad4fb3ab494ce26bb1a039)
I1102 21:39:09.899919 9159 maintenance_manager.cc:237] P 33b43dabe1b543f39e7ed84247c575e8: Unregistered op MajorDeltaCompactionOp(a8ae8156f3ad4fb3ab494ce26bb1a039)
I1102 21:39:09.899972 9159 maintenance_manager.cc:237] P 33b43dabe1b543f39e7ed84247c575e8: Unregistered op UndoDeltaBlockGCOp(a8ae8156f3ad4fb3ab494ce26bb1a039)
I1102 21:39:09.900023 9159 maintenance_manager.cc:237] P 33b43dabe1b543f39e7ed84247c575e8: Unregistered op FlushMRSOp(a8ae8156f3ad4fb3ab494ce26bb1a039)
I1102 21:39:09.900064 9159 maintenance_manager.cc:237] P 33b43dabe1b543f39e7ed84247c575e8: Unregistered op FlushDeltaMemStoresOp(a8ae8156f3ad4fb3ab494ce26bb1a039)
I1102 21:39:09.900104 9159 maintenance_manager.cc:237] P 33b43dabe1b543f39e7ed84247c575e8: Unregistered op LogGCOp(a8ae8156f3ad4fb3ab494ce26bb1a039)
I1102 21:39:09.900161 9159 raft_consensus.cc:2149] T a8ae8156f3ad4fb3ab494ce26bb1a039 P 33b43dabe1b543f39e7ed84247c575e8 [term 1 LEADER]: Raft consensus shutting down.
I1102 21:39:09.900207 9159 consensus_peers.cc:482] T a8ae8156f3ad4fb3ab494ce26bb1a039 P 33b43dabe1b543f39e7ed84247c575e8 -> Peer c36abe6b2bdb4e778576473f60926b7b (127.7.150.1:46291): Closing peer: c36abe6b2bdb4e778576473f60926b7b
I1102 21:39:09.900269 9159 consensus_peers.cc:482] T a8ae8156f3ad4fb3ab494ce26bb1a039 P 33b43dabe1b543f39e7ed84247c575e8 -> Peer e92a2036de454238809663ac303c6ade (127.7.150.2:39313): Closing peer: e92a2036de454238809663ac303c6ade
I1102 21:39:09.900454 9159 raft_consensus.cc:2176] T a8ae8156f3ad4fb3ab494ce26bb1a039 P 33b43dabe1b543f39e7ed84247c575e8 [term 1 FOLLOWER]: Raft consensus is shut down!
I1102 21:39:09.901052 9137 tablet.cc:1699] T 3972e3725a634c6b8a9c57fc18cb789d P e92a2036de454238809663ac303c6ade: Flush successful on 11 rows (1 rowsets, 5974 bytes)
I1102 21:39:09.901774 9136 tablet.cc:1699] T 3972e3725a634c6b8a9c57fc18cb789d P c36abe6b2bdb4e778576473f60926b7b: Flush successful on 11 rows (1 rowsets, 5974 bytes)
I1102 21:39:09.903028 9159 ts_tablet_manager.cc:1369] T a8ae8156f3ad4fb3ab494ce26bb1a039 P 33b43dabe1b543f39e7ed84247c575e8: Deleting tablet data with delete state TABLET_DATA_DELETED
I1102 21:39:09.904999 9068 catalog_manager.cc:4221] T 00000000000000000000000000000000 P 810977538c654d1a96a5c2a53c44d890: default.test_table [id=e93179f4d3eb4a26a760d9d76293265f] alter complete (version 24)
I1102 21:39:09.905973 9135 tablet.cc:1594] T 3972e3725a634c6b8a9c57fc18cb789d P 33b43dabe1b543f39e7ed84247c575e8: Flush: entering phase 2 (starting to duplicate updates in new rowsets)
I1102 21:39:09.909363 9135 tablet.cc:1649] T 3972e3725a634c6b8a9c57fc18cb789d P 33b43dabe1b543f39e7ed84247c575e8: Flush Phase 2: carrying over any updates which arrived during Phase 1
I1102 21:39:09.910169 9135 tablet.cc:1651] T 3972e3725a634c6b8a9c57fc18cb789d P 33b43dabe1b543f39e7ed84247c575e8: Phase 2 snapshot: MvccSnapshot[committed={T|T < 6312733695461326848}]
I1102 21:39:09.910822 9157 ts_tablet_manager.cc:1382] T a8ae8156f3ad4fb3ab494ce26bb1a039 P e92a2036de454238809663ac303c6ade: tablet deleted with delete type TABLET_DATA_DELETED: last-logged OpId 1.249
I1102 21:39:09.910886 9157 log.cc:986] T a8ae8156f3ad4fb3ab494ce26bb1a039 P e92a2036de454238809663ac303c6ade: Deleting WAL directory at /tmp/dist-test-taskoKLkQa/test-tmp/alter_table-randomized-test.0.HmsConfigurations_AlterTableRandomized.TestRandomSequence_0.1541194740983682-7768/minicluster-data/ts-1/wal/wals/a8ae8156f3ad4fb3ab494ce26bb1a039
I1102 21:39:09.911310 9157 ts_tablet_manager.cc:1403] T a8ae8156f3ad4fb3ab494ce26bb1a039 P e92a2036de454238809663ac303c6ade: Deleting consensus metadata
I1102 21:39:09.912449 9056 catalog_manager.cc:3158] TS e92a2036de454238809663ac303c6ade (127.7.150.2:39313): tablet a8ae8156f3ad4fb3ab494ce26bb1a039 (table default.test_table [id=e93179f4d3eb4a26a760d9d76293265f]) successfully deleted
I1102 21:39:09.915566 9135 tablet.cc:1699] T 3972e3725a634c6b8a9c57fc18cb789d P 33b43dabe1b543f39e7ed84247c575e8: Flush successful on 11 rows (1 rowsets, 5974 bytes)
I1102 21:39:09.920167 9158 ts_tablet_manager.cc:1382] T a8ae8156f3ad4fb3ab494ce26bb1a039 P c36abe6b2bdb4e778576473f60926b7b: tablet deleted with delete type TABLET_DATA_DELETED: last-logged OpId 1.249
I1102 21:39:09.924721 9158 log.cc:986] T a8ae8156f3ad4fb3ab494ce26bb1a039 P c36abe6b2bdb4e778576473f60926b7b: Deleting WAL directory at /tmp/dist-test-taskoKLkQa/test-tmp/alter_table-randomized-test.0.HmsConfigurations_AlterTableRandomized.TestRandomSequence_0.1541194740983682-7768/minicluster-data/ts-0/wal/wals/a8ae8156f3ad4fb3ab494ce26bb1a039
I1102 21:39:09.925207 9158 ts_tablet_manager.cc:1403] T a8ae8156f3ad4fb3ab494ce26bb1a039 P c36abe6b2bdb4e778576473f60926b7b: Deleting consensus metadata
I1102 21:39:09.927639 9058 catalog_manager.cc:3158] TS c36abe6b2bdb4e778576473f60926b7b (127.7.150.1:46291): tablet a8ae8156f3ad4fb3ab494ce26bb1a039 (table default.test_table [id=e93179f4d3eb4a26a760d9d76293265f]) successfully deleted
I1102 21:39:09.928963 9159 ts_tablet_manager.cc:1382] T a8ae8156f3ad4fb3ab494ce26bb1a039 P 33b43dabe1b543f39e7ed84247c575e8: tablet deleted with delete type TABLET_DATA_DELETED: last-logged OpId 1.249
I1102 21:39:09.930208 9159 log.cc:986] T a8ae8156f3ad4fb3ab494ce26bb1a039 P 33b43dabe1b543f39e7ed84247c575e8: Deleting WAL directory at /tmp/dist-test-taskoKLkQa/test-tmp/alter_table-randomized-test.0.HmsConfigurations_AlterTableRandomized.TestRandomSequence_0.1541194740983682-7768/minicluster-data/ts-2/wal/wals/a8ae8156f3ad4fb3ab494ce26bb1a039
I1102 21:39:09.930697 9159 ts_tablet_manager.cc:1403] T a8ae8156f3ad4fb3ab494ce26bb1a039 P 33b43dabe1b543f39e7ed84247c575e8: Deleting consensus metadata
I1102 21:39:09.935153 9059 catalog_manager.cc:3158] TS 33b43dabe1b543f39e7ed84247c575e8 (127.7.150.3:44373): tablet a8ae8156f3ad4fb3ab494ce26bb1a039 (table default.test_table [id=e93179f4d3eb4a26a760d9d76293265f]) successfully deleted
I1102 21:39:10.004552 8565 maintenance_manager.cc:304] P 33b43dabe1b543f39e7ed84247c575e8: Scheduling UndoDeltaBlockGCOp(3972e3725a634c6b8a9c57fc18cb789d): 435 bytes on disk
I1102 21:39:10.005203 8458 maintenance_manager.cc:494] P 33b43dabe1b543f39e7ed84247c575e8: UndoDeltaBlockGCOp(3972e3725a634c6b8a9c57fc18cb789d) complete. Timing: real 0.000s user 0.000s sys 0.000s Metrics: {"cfile_init":1,"lbm_read_time_us":79,"lbm_reads_lt_1ms":4}
I1102 21:39:10.039152 7964 maintenance_manager.cc:304] P c36abe6b2bdb4e778576473f60926b7b: Scheduling UndoDeltaBlockGCOp(3972e3725a634c6b8a9c57fc18cb789d): 435 bytes on disk
I1102 21:39:10.039839 7858 maintenance_manager.cc:494] P c36abe6b2bdb4e778576473f60926b7b: UndoDeltaBlockGCOp(3972e3725a634c6b8a9c57fc18cb789d) complete. Timing: real 0.000s user 0.000s sys 0.000s Metrics: {"cfile_init":1,"lbm_read_time_us":66,"lbm_reads_lt_1ms":4}
I1102 21:39:10.064208 8880 maintenance_manager.cc:304] P e92a2036de454238809663ac303c6ade: Scheduling UndoDeltaBlockGCOp(3972e3725a634c6b8a9c57fc18cb789d): 435 bytes on disk
I1102 21:39:10.064827 8773 maintenance_manager.cc:494] P e92a2036de454238809663ac303c6ade: UndoDeltaBlockGCOp(3972e3725a634c6b8a9c57fc18cb789d) complete. Timing: real 0.000s user 0.000s sys 0.000s Metrics: {"cfile_init":1,"lbm_read_time_us":65,"lbm_reads_lt_1ms":4}
I1102 21:39:10.410293 7768 alter_table-randomized-test.cc:448] Beginning Alterations
I1102 21:39:10.411437 7768 alter_table-randomized-test.cc:486] Adding column c46, existing columns: c786, c386, c712, c169, c875, c389, c764, c134, c840, c176, c252, c95
I1102 21:39:10.411497 7768 alter_table-randomized-test.cc:523] Renaming PrimaryKey column c786 to c472
I1102 21:39:10.411511 7768 alter_table-randomized-test.cc:516] Renaming column c875 to c553
I1102 21:39:10.411520 7768 alter_table-randomized-test.cc:534] Changing default of column c389 to 1667303981
I1102 21:39:10.411530 7768 alter_table-randomized-test.cc:554] Changing block size of column c95 to 0
I1102 21:39:10.411536 7768 alter_table-randomized-test.cc:523] Renaming PrimaryKey column c472 to c451
I1102 21:39:10.411543 7768 alter_table-randomized-test.cc:480] Committing Alterations
I1102 21:39:10.412292 9069 catalog_manager.cc:2182] Servicing AlterTable request from {username='slave'} at 127.0.0.1:59072: table { table_name: "default.test_table" } alter_schema_steps { type: ADD_COLUMN add_column { schema { name: "c46" type: INT32 is_nullable: true encoding: AUTO_ENCODING compression: DEFAULT_COMPRESSION cfile_block_size: 0 } } } alter_schema_steps { type: RENAME_COLUMN rename_column { old_name: "c786" new_name: "c472" } } alter_schema_steps { type: RENAME_COLUMN rename_column { old_name: "c875" new_name: "c553" } } alter_schema_steps { type: ALTER_COLUMN alter_column { delta { name: "c389" default_value: "-\nac\000\000\000\000" } } } alter_schema_steps { type: ALTER_COLUMN alter_column { delta { name: "c95" block_size: 0 } } } alter_schema_steps { type: RENAME_COLUMN rename_column { old_name: "c472" new_name: "c451" } } modify_external_catalogs: true
I1102 21:39:10.418351 9167 tablet.cc:1262] T 3972e3725a634c6b8a9c57fc18cb789d P c36abe6b2bdb4e778576473f60926b7b: Alter schema from ( 10:c786 INT32 NOT NULL, 15:c386 INT32 NULLABLE, 18:c712 INT32 NULLABLE, 20:c169 INT32 NULLABLE, 22:c875 INT32 NOT NULL, 23:c389 INT32 NULLABLE, 24:c764 INT32 NULLABLE, 25:c134 INT32 NULLABLE, 26:c840 INT32 NOT NULL, 27:c176 INT32 NOT NULL, 28:c252 INT32 NULLABLE, 29:c95 INT32 NOT NULL, PRIMARY KEY (c786) ) version 24 to ( 10:c451 INT32 NOT NULL, 15:c386 INT32 NULLABLE, 18:c712 INT32 NULLABLE, 20:c169 INT32 NULLABLE, 22:c553 INT32 NOT NULL, 23:c389 INT32 NULLABLE, 24:c764 INT32 NULLABLE, 25:c134 INT32 NULLABLE, 26:c840 INT32 NOT NULL, 27:c176 INT32 NOT NULL, 28:c252 INT32 NULLABLE, 29:c95 INT32 NOT NULL, 30:c46 INT32 NULLABLE, PRIMARY KEY (c451) ) version 25
I1102 21:39:10.418748 9167 tablet.cc:1214] T 3972e3725a634c6b8a9c57fc18cb789d P c36abe6b2bdb4e778576473f60926b7b: Flush: entering stage 1 (old memrowset already frozen for inserts)
I1102 21:39:10.418774 9167 compaction.cc:926] Selected 1 rowsets to compact:
I1102 21:39:10.418783 9167 compaction.cc:929] memrowset(current size on disk: ~0 bytes)
I1102 21:39:10.418797 9167 tablet.cc:1216] T 3972e3725a634c6b8a9c57fc18cb789d P c36abe6b2bdb4e778576473f60926b7b: Memstore in-memory size: 7735 bytes
I1102 21:39:10.418817 9167 tablet.cc:1508] T 3972e3725a634c6b8a9c57fc18cb789d P c36abe6b2bdb4e778576473f60926b7b: Flush: entering phase 1 (flushing snapshot). Phase 1 snapshot: MvccSnapshot[committed={T|T < 6312733697703022592}]
I1102 21:39:10.418956 9137 tablet.cc:1262] T 3972e3725a634c6b8a9c57fc18cb789d P e92a2036de454238809663ac303c6ade: Alter schema from ( 10:c786 INT32 NOT NULL, 15:c386 INT32 NULLABLE, 18:c712 INT32 NULLABLE, 20:c169 INT32 NULLABLE, 22:c875 INT32 NOT NULL, 23:c389 INT32 NULLABLE, 24:c764 INT32 NULLABLE, 25:c134 INT32 NULLABLE, 26:c840 INT32 NOT NULL, 27:c176 INT32 NOT NULL, 28:c252 INT32 NULLABLE, 29:c95 INT32 NOT NULL, PRIMARY KEY (c786) ) version 24 to ( 10:c451 INT32 NOT NULL, 15:c386 INT32 NULLABLE, 18:c712 INT32 NULLABLE, 20:c169 INT32 NULLABLE, 22:c553 INT32 NOT NULL, 23:c389 INT32 NULLABLE, 24:c764 INT32 NULLABLE, 25:c134 INT32 NULLABLE, 26:c840 INT32 NOT NULL, 27:c176 INT32 NOT NULL, 28:c252 INT32 NULLABLE, 29:c95 INT32 NOT NULL, 30:c46 INT32 NULLABLE, PRIMARY KEY (c451) ) version 25
I1102 21:39:10.419131 9135 tablet.cc:1262] T 3972e3725a634c6b8a9c57fc18cb789d P 33b43dabe1b543f39e7ed84247c575e8: Alter schema from ( 10:c786 INT32 NOT NULL, 15:c386 INT32 NULLABLE, 18:c712 INT32 NULLABLE, 20:c169 INT32 NULLABLE, 22:c875 INT32 NOT NULL, 23:c389 INT32 NULLABLE, 24:c764 INT32 NULLABLE, 25:c134 INT32 NULLABLE, 26:c840 INT32 NOT NULL, 27:c176 INT32 NOT NULL, 28:c252 INT32 NULLABLE, 29:c95 INT32 NOT NULL, PRIMARY KEY (c786) ) version 24 to ( 10:c451 INT32 NOT NULL, 15:c386 INT32 NULLABLE, 18:c712 INT32 NULLABLE, 20:c169 INT32 NULLABLE, 22:c553 INT32 NOT NULL, 23:c389 INT32 NULLABLE, 24:c764 INT32 NULLABLE, 25:c134 INT32 NULLABLE, 26:c840 INT32 NOT NULL, 27:c176 INT32 NOT NULL, 28:c252 INT32 NULLABLE, 29:c95 INT32 NOT NULL, 30:c46 INT32 NULLABLE, PRIMARY KEY (c451) ) version 25
I1102 21:39:10.419306 9137 tablet.cc:1214] T 3972e3725a634c6b8a9c57fc18cb789d P e92a2036de454238809663ac303c6ade: Flush: entering stage 1 (old memrowset already frozen for inserts)
I1102 21:39:10.419333 9137 compaction.cc:926] Selected 1 rowsets to compact:
I1102 21:39:10.419342 9137 compaction.cc:929] memrowset(current size on disk: ~0 bytes)
I1102 21:39:10.419355 9137 tablet.cc:1216] T 3972e3725a634c6b8a9c57fc18cb789d P e92a2036de454238809663ac303c6ade: Memstore in-memory size: 7735 bytes
I1102 21:39:10.419380 9137 tablet.cc:1508] T 3972e3725a634c6b8a9c57fc18cb789d P e92a2036de454238809663ac303c6ade: Flush: entering phase 1 (flushing snapshot). Phase 1 snapshot: MvccSnapshot[committed={T|T < 6312733697703022592}]
I1102 21:39:10.419530 9135 tablet.cc:1214] T 3972e3725a634c6b8a9c57fc18cb789d P 33b43dabe1b543f39e7ed84247c575e8: Flush: entering stage 1 (old memrowset already frozen for inserts)
I1102 21:39:10.419559 9135 compaction.cc:926] Selected 1 rowsets to compact:
I1102 21:39:10.419567 9135 compaction.cc:929] memrowset(current size on disk: ~0 bytes)
I1102 21:39:10.419584 9135 tablet.cc:1216] T 3972e3725a634c6b8a9c57fc18cb789d P 33b43dabe1b543f39e7ed84247c575e8: Memstore in-memory size: 7735 bytes
I1102 21:39:10.419605 9135 tablet.cc:1508] T 3972e3725a634c6b8a9c57fc18cb789d P 33b43dabe1b543f39e7ed84247c575e8: Flush: entering phase 1 (flushing snapshot). Phase 1 snapshot: MvccSnapshot[committed={T|T < 6312733697703022592}]
I1102 21:39:10.421586 9167 multi_column_writer.cc:98] Opened CFile writers for 13 column(s)
I1102 21:39:10.422050 9135 multi_column_writer.cc:98] Opened CFile writers for 13 column(s)
I1102 21:39:10.423988 9137 multi_column_writer.cc:98] Opened CFile writers for 13 column(s)
I1102 21:39:10.432729 9167 tablet.cc:1594] T 3972e3725a634c6b8a9c57fc18cb789d P c36abe6b2bdb4e778576473f60926b7b: Flush: entering phase 2 (starting to duplicate updates in new rowsets)
I1102 21:39:10.432989 9167 tablet.cc:1649] T 3972e3725a634c6b8a9c57fc18cb789d P c36abe6b2bdb4e778576473f60926b7b: Flush Phase 2: carrying over any updates which arrived during Phase 1
I1102 21:39:10.433027 9167 tablet.cc:1651] T 3972e3725a634c6b8a9c57fc18cb789d P c36abe6b2bdb4e778576473f60926b7b: Phase 2 snapshot: MvccSnapshot[committed={T|T < 6312733697703022592}]
I1102 21:39:10.436429 9167 tablet.cc:1699] T 3972e3725a634c6b8a9c57fc18cb789d P c36abe6b2bdb4e778576473f60926b7b: Flush successful on 35 rows (1 rowsets, 6986 bytes)
I1102 21:39:10.442293 9068 catalog_manager.cc:4221] T 00000000000000000000000000000000 P 810977538c654d1a96a5c2a53c44d890: default.test_table [id=e93179f4d3eb4a26a760d9d76293265f] alter complete (version 25)
I1102 21:39:10.445271 9137 tablet.cc:1594] T 3972e3725a634c6b8a9c57fc18cb789d P e92a2036de454238809663ac303c6ade: Flush: entering phase 2 (starting to duplicate updates in new rowsets)
I1102 21:39:10.445619 9137 tablet.cc:1649] T 3972e3725a634c6b8a9c57fc18cb789d P e92a2036de454238809663ac303c6ade: Flush Phase 2: carrying over any updates which arrived during Phase 1
I1102 21:39:10.445659 9137 tablet.cc:1651] T 3972e3725a634c6b8a9c57fc18cb789d P e92a2036de454238809663ac303c6ade: Phase 2 snapshot: MvccSnapshot[committed={T|T < 6312733697703022592}]
I1102 21:39:10.447770 9135 tablet.cc:1594] T 3972e3725a634c6b8a9c57fc18cb789d P 33b43dabe1b543f39e7ed84247c575e8: Flush: entering phase 2 (starting to duplicate updates in new rowsets)
I1102 21:39:10.448035 9135 tablet.cc:1649] T 3972e3725a634c6b8a9c57fc18cb789d P 33b43dabe1b543f39e7ed84247c575e8: Flush Phase 2: carrying over any updates which arrived during Phase 1
I1102 21:39:10.448072 9135 tablet.cc:1651] T 3972e3725a634c6b8a9c57fc18cb789d P 33b43dabe1b543f39e7ed84247c575e8: Phase 2 snapshot: MvccSnapshot[committed={T|T < 6312733697703022592}]
I1102 21:39:10.459457 9135 tablet.cc:1699] T 3972e3725a634c6b8a9c57fc18cb789d P 33b43dabe1b543f39e7ed84247c575e8: Flush successful on 35 rows (1 rowsets, 6987 bytes)
I1102 21:39:10.463794 9137 tablet.cc:1699] T 3972e3725a634c6b8a9c57fc18cb789d P e92a2036de454238809663ac303c6ade: Flush successful on 35 rows (1 rowsets, 6995 bytes)
I1102 21:39:10.506229 8565 maintenance_manager.cc:304] P 33b43dabe1b543f39e7ed84247c575e8: Scheduling UndoDeltaBlockGCOp(3972e3725a634c6b8a9c57fc18cb789d): 1024 bytes on disk
I1102 21:39:10.506898 8458 maintenance_manager.cc:494] P 33b43dabe1b543f39e7ed84247c575e8: UndoDeltaBlockGCOp(3972e3725a634c6b8a9c57fc18cb789d) complete. Timing: real 0.000s user 0.000s sys 0.000s Metrics: {"cfile_init":1,"lbm_read_time_us":75,"lbm_reads_lt_1ms":4}
I1102 21:39:10.540765 7964 maintenance_manager.cc:304] P c36abe6b2bdb4e778576473f60926b7b: Scheduling UndoDeltaBlockGCOp(3972e3725a634c6b8a9c57fc18cb789d): 1024 bytes on disk
