I1102 21:39:10.541381 7858 maintenance_manager.cc:494] P c36abe6b2bdb4e778576473f60926b7b: UndoDeltaBlockGCOp(3972e3725a634c6b8a9c57fc18cb789d) complete. Timing: real 0.000s user 0.000s sys 0.000s Metrics: {"cfile_init":1,"lbm_read_time_us":78,"lbm_reads_lt_1ms":4}
I1102 21:39:10.565616 8880 maintenance_manager.cc:304] P e92a2036de454238809663ac303c6ade: Scheduling UndoDeltaBlockGCOp(3972e3725a634c6b8a9c57fc18cb789d): 1024 bytes on disk
I1102 21:39:10.566304 8773 maintenance_manager.cc:494] P e92a2036de454238809663ac303c6ade: UndoDeltaBlockGCOp(3972e3725a634c6b8a9c57fc18cb789d) complete. Timing: real 0.000s user 0.000s sys 0.000s Metrics: {"cfile_init":1,"lbm_read_time_us":88,"lbm_reads_lt_1ms":4}
I1102 21:39:10.649803 7768 alter_table-randomized-test.cc:448] Beginning Alterations
I1102 21:39:10.651087 7768 alter_table-randomized-test.cc:507] Dropping column c176, existing columns: c451, c386, c712, c169, c553, c389, c764, c134, c840, c176, c252, c95, c46
I1102 21:39:10.651139 7768 alter_table-randomized-test.cc:507] Dropping column c95, existing columns: c451, c386, c712, c169, c553, c389, c764, c134, c840, c252, c95, c46
I1102 21:39:10.651173 7768 alter_table-randomized-test.cc:486] Adding column c908, existing columns: c451, c386, c712, c169, c553, c389, c764, c134, c840, c252, c46
I1102 21:39:10.651196 7768 alter_table-randomized-test.cc:534] Changing default of column c169 to 2138612186
I1102 21:39:10.651213 7768 alter_table-randomized-test.cc:562] Adding range partition: [1476394986, 1543503849) resulting partitions: (1476394986, 1543503849], (1946157027, 2013265890)
I1102 21:39:10.651257 7768 alter_table-randomized-test.cc:534] Changing default of column c764 to 1120971901
I1102 21:39:10.651274 7768 alter_table-randomized-test.cc:486] Adding column c241, existing columns: c451, c386, c712, c169, c553, c389, c764, c134, c840, c252, c46, c908
I1102 21:39:10.651293 7768 alter_table-randomized-test.cc:534] Changing default of column c252 to 1959444936
I1102 21:39:10.651302 7768 alter_table-randomized-test.cc:507] Dropping column c386, existing columns: c451, c386, c712, c169, c553, c389, c764, c134, c840, c252, c46, c908, c241
I1102 21:39:10.651335 7768 alter_table-randomized-test.cc:480] Committing Alterations
I1102 21:39:10.652302 9068 catalog_manager.cc:2182] Servicing AlterTable request from {username='slave'} at 127.0.0.1:59072: table { table_name: "default.test_table" } alter_schema_steps { type: DROP_COLUMN drop_column { name: "c176" } } alter_schema_steps { type: DROP_COLUMN drop_column { name: "c95" } } alter_schema_steps { type: ADD_COLUMN add_column { schema { name: "c908" type: INT32 is_nullable: false read_default_value: "\217\336\210M" encoding: AUTO_ENCODING compression: DEFAULT_COMPRESSION cfile_block_size: 0 } } } alter_schema_steps { type: ALTER_COLUMN alter_column { delta { name: "c169" default_value: "\332\241x\177\000\000\000\000" } } } alter_schema_steps { type: ADD_RANGE_PARTITION add_range_partition { range_bounds { rows: "\006\001\000\000\000\352\377\377W\007\001\000\000\000\351\377\377[" } } } alter_schema_steps { type: ALTER_COLUMN alter_column { delta { name: "c764" default_value: "}\254\320B\000\000\000\000" } } } alter_schema_steps { type: ADD_COLUMN add_column { schema { name: "c241" type: INT32 is_nullable: false read_default_value: "V\312\032=" encoding: AUTO_ENCODING compression: DEFAULT_COMPRESSION cfile_block_size: 0 } } } alter_schema_steps { type: ALTER_COLUMN alter_column { delta { name: "c252" default_value: "\310\301\312t\000\000\000\000" } } } alter_schema_steps { type: DROP_COLUMN drop_column { name: "c386" } } schema { columns { name: "c451" type: INT32 is_key: true is_nullable: false encoding: AUTO_ENCODING compression: DEFAULT_COMPRESSION cfile_block_size: 0 } columns { name: "c386" type: INT32 is_key: false is_nullable: true encoding: RLE compression: DEFAULT_COMPRESSION cfile_block_size: 4194304 } columns { name: "c712" type: INT32 is_key: false is_nullable: true encoding: RLE compression: DEFAULT_COMPRESSION cfile_block_size: 8388608 } columns { name: "c169" type: INT32 is_key: false is_nullable: true encoding: RLE compression: DEFAULT_COMPRESSION cfile_block_size: 0 } columns { name: "c553" type: INT32 is_key: false is_nullable: false read_default_value: "\274)Y\\" encoding: AUTO_ENCODING compression: DEFAULT_COMPRESSION cfile_block_size: 0 } columns { name: "c389" type: INT32 is_key: false is_nullable: true encoding: AUTO_ENCODING compression: DEFAULT_COMPRESSION cfile_block_size: 0 } columns { name: "c764" type: INT32 is_key: false is_nullable: true encoding: RLE compression: DEFAULT_COMPRESSION cfile_block_size: 2097152 } columns { name: "c134" type: INT32 is_key: false is_nullable: true encoding: AUTO_ENCODING compression: DEFAULT_COMPRESSION cfile_block_size: 0 } columns { name: "c840" type: INT32 is_key: false is_nullable: false read_default_value: "\237\304\341X" encoding: AUTO_ENCODING compression: DEFAULT_COMPRESSION cfile_block_size: 0 } columns { name: "c176" type: INT32 is_key: false is_nullable: false read_default_value: "\344\316\263." encoding: AUTO_ENCODING compression: DEFAULT_COMPRESSION cfile_block_size: 0 } columns { name: "c252" type: INT32 is_key: false is_nullable: true encoding: AUTO_ENCODING compression: DEFAULT_COMPRESSION cfile_block_size: 0 } columns { name: "c95" type: INT32 is_key: false is_nullable: false read_default_value: "4d\300`" encoding: AUTO_ENCODING compression: DEFAULT_COMPRESSION cfile_block_size: 0 } columns { name: "c46" type: INT32 is_key: false is_nullable: true encoding: AUTO_ENCODING compression: DEFAULT_COMPRESSION cfile_block_size: 0 } } modify_external_catalogs: true
I1102 21:39:10.655472 9068 catalog_manager.cc:2958] Scheduling retry of 96d99047b6c94ea7944254b27508c1bc (table default.test_table [id=e93179f4d3eb4a26a760d9d76293265f]) Alter Table RPC with a delay of 35 ms (attempt = 1)
W1102 21:39:10.655546 9068 catalog_manager.cc:3990] Failed to send alter table request: Not found: failed to reset TS proxy: No leader found: Tablet 96d99047b6c94ea7944254b27508c1bc has no consensus state
I1102 21:39:10.659443 8811 tablet_service.cc:765] Processing CreateTablet for tablet 96d99047b6c94ea7944254b27508c1bc (table=default.test_table [id=e93179f4d3eb4a26a760d9d76293265f]), partition=RANGE (c451) PARTITION 1476394986 <= VALUES < 1543503849
I1102 21:39:10.659443 7900 tablet_service.cc:765] Processing CreateTablet for tablet 96d99047b6c94ea7944254b27508c1bc (table=default.test_table [id=e93179f4d3eb4a26a760d9d76293265f]), partition=RANGE (c451) PARTITION 1476394986 <= VALUES < 1543503849
I1102 21:39:10.659605 8500 tablet_service.cc:765] Processing CreateTablet for tablet 96d99047b6c94ea7944254b27508c1bc (table=default.test_table [id=e93179f4d3eb4a26a760d9d76293265f]), partition=RANGE (c451) PARTITION 1476394986 <= VALUES < 1543503849
I1102 21:39:10.659737 7900 data_dirs.cc:938] Could only allocate 1 dirs of requested 3 for tablet 96d99047b6c94ea7944254b27508c1bc. 1 dirs total, 0 dirs full, 0 dirs failed
I1102 21:39:10.659745 8811 data_dirs.cc:938] Could only allocate 1 dirs of requested 3 for tablet 96d99047b6c94ea7944254b27508c1bc. 1 dirs total, 0 dirs full, 0 dirs failed
I1102 21:39:10.659808 8500 data_dirs.cc:938] Could only allocate 1 dirs of requested 3 for tablet 96d99047b6c94ea7944254b27508c1bc. 1 dirs total, 0 dirs full, 0 dirs failed
I1102 21:39:10.661875 8500 ts_tablet_manager.cc:1173] T 96d99047b6c94ea7944254b27508c1bc P 33b43dabe1b543f39e7ed84247c575e8: Registered tablet (data state: TABLET_DATA_READY)
I1102 21:39:10.661872 7900 ts_tablet_manager.cc:1173] T 96d99047b6c94ea7944254b27508c1bc P c36abe6b2bdb4e778576473f60926b7b: Registered tablet (data state: TABLET_DATA_READY)
I1102 21:39:10.661881 8811 ts_tablet_manager.cc:1173] T 96d99047b6c94ea7944254b27508c1bc P e92a2036de454238809663ac303c6ade: Registered tablet (data state: TABLET_DATA_READY)
I1102 21:39:10.663156 9177 ts_tablet_manager.cc:1028] T 96d99047b6c94ea7944254b27508c1bc P c36abe6b2bdb4e778576473f60926b7b: Bootstrapping tablet
I1102 21:39:10.663261 9178 ts_tablet_manager.cc:1028] T 96d99047b6c94ea7944254b27508c1bc P e92a2036de454238809663ac303c6ade: Bootstrapping tablet
I1102 21:39:10.663364 9179 ts_tablet_manager.cc:1028] T 96d99047b6c94ea7944254b27508c1bc P 33b43dabe1b543f39e7ed84247c575e8: Bootstrapping tablet
I1102 21:39:10.663769 9179 tablet_bootstrap.cc:438] T 96d99047b6c94ea7944254b27508c1bc P 33b43dabe1b543f39e7ed84247c575e8: Bootstrap starting.
I1102 21:39:10.663870 9175 tablet.cc:1262] T 3972e3725a634c6b8a9c57fc18cb789d P e92a2036de454238809663ac303c6ade: Alter schema from ( 10:c451 INT32 NOT NULL, 15:c386 INT32 NULLABLE, 18:c712 INT32 NULLABLE, 20:c169 INT32 NULLABLE, 22:c553 INT32 NOT NULL, 23:c389 INT32 NULLABLE, 24:c764 INT32 NULLABLE, 25:c134 INT32 NULLABLE, 26:c840 INT32 NOT NULL, 27:c176 INT32 NOT NULL, 28:c252 INT32 NULLABLE, 29:c95 INT32 NOT NULL, 30:c46 INT32 NULLABLE, PRIMARY KEY (c451) ) version 25 to ( 10:c451 INT32 NOT NULL, 18:c712 INT32 NULLABLE, 20:c169 INT32 NULLABLE, 22:c553 INT32 NOT NULL, 23:c389 INT32 NULLABLE, 24:c764 INT32 NULLABLE, 25:c134 INT32 NULLABLE, 26:c840 INT32 NOT NULL, 28:c252 INT32 NULLABLE, 30:c46 INT32 NULLABLE, 31:c908 INT32 NOT NULL, 32:c241 INT32 NOT NULL, PRIMARY KEY (c451) ) version 26
I1102 21:39:10.663875 9177 tablet_bootstrap.cc:438] T 96d99047b6c94ea7944254b27508c1bc P c36abe6b2bdb4e778576473f60926b7b: Bootstrap starting.
I1102 21:39:10.663993 9178 tablet_bootstrap.cc:438] T 96d99047b6c94ea7944254b27508c1bc P e92a2036de454238809663ac303c6ade: Bootstrap starting.
I1102 21:39:10.664237 9175 tablet.cc:1214] T 3972e3725a634c6b8a9c57fc18cb789d P e92a2036de454238809663ac303c6ade: Flush: entering stage 1 (old memrowset already frozen for inserts)
I1102 21:39:10.664706 9175 compaction.cc:926] Selected 1 rowsets to compact:
I1102 21:39:10.664746 9175 compaction.cc:929] memrowset(current size on disk: ~0 bytes)
I1102 21:39:10.664780 9175 tablet.cc:1216] T 3972e3725a634c6b8a9c57fc18cb789d P e92a2036de454238809663ac303c6ade: Memstore in-memory size: 1759 bytes
I1102 21:39:10.664813 9175 tablet.cc:1508] T 3972e3725a634c6b8a9c57fc18cb789d P e92a2036de454238809663ac303c6ade: Flush: entering phase 1 (flushing snapshot). Phase 1 snapshot: MvccSnapshot[committed={T|T < 6312733698701152256}]
I1102 21:39:10.666816 9175 multi_column_writer.cc:98] Opened CFile writers for 12 column(s)
I1102 21:39:10.663602 9167 tablet.cc:1262] T 3972e3725a634c6b8a9c57fc18cb789d P c36abe6b2bdb4e778576473f60926b7b: Alter schema from ( 10:c451 INT32 NOT NULL, 15:c386 INT32 NULLABLE, 18:c712 INT32 NULLABLE, 20:c169 INT32 NULLABLE, 22:c553 INT32 NOT NULL, 23:c389 INT32 NULLABLE, 24:c764 INT32 NULLABLE, 25:c134 INT32 NULLABLE, 26:c840 INT32 NOT NULL, 27:c176 INT32 NOT NULL, 28:c252 INT32 NULLABLE, 29:c95 INT32 NOT NULL, 30:c46 INT32 NULLABLE, PRIMARY KEY (c451) ) version 25 to ( 10:c451 INT32 NOT NULL, 18:c712 INT32 NULLABLE, 20:c169 INT32 NULLABLE, 22:c553 INT32 NOT NULL, 23:c389 INT32 NULLABLE, 24:c764 INT32 NULLABLE, 25:c134 INT32 NULLABLE, 26:c840 INT32 NOT NULL, 28:c252 INT32 NULLABLE, 30:c46 INT32 NULLABLE, 31:c908 INT32 NOT NULL, 32:c241 INT32 NOT NULL, PRIMARY KEY (c451) ) version 26
I1102 21:39:10.668821 9135 tablet.cc:1262] T 3972e3725a634c6b8a9c57fc18cb789d P 33b43dabe1b543f39e7ed84247c575e8: Alter schema from ( 10:c451 INT32 NOT NULL, 15:c386 INT32 NULLABLE, 18:c712 INT32 NULLABLE, 20:c169 INT32 NULLABLE, 22:c553 INT32 NOT NULL, 23:c389 INT32 NULLABLE, 24:c764 INT32 NULLABLE, 25:c134 INT32 NULLABLE, 26:c840 INT32 NOT NULL, 27:c176 INT32 NOT NULL, 28:c252 INT32 NULLABLE, 29:c95 INT32 NOT NULL, 30:c46 INT32 NULLABLE, PRIMARY KEY (c451) ) version 25 to ( 10:c451 INT32 NOT NULL, 18:c712 INT32 NULLABLE, 20:c169 INT32 NULLABLE, 22:c553 INT32 NOT NULL, 23:c389 INT32 NULLABLE, 24:c764 INT32 NULLABLE, 25:c134 INT32 NULLABLE, 26:c840 INT32 NOT NULL, 28:c252 INT32 NULLABLE, 30:c46 INT32 NULLABLE, 31:c908 INT32 NOT NULL, 32:c241 INT32 NOT NULL, PRIMARY KEY (c451) ) version 26
I1102 21:39:10.669198 9135 tablet.cc:1214] T 3972e3725a634c6b8a9c57fc18cb789d P 33b43dabe1b543f39e7ed84247c575e8: Flush: entering stage 1 (old memrowset already frozen for inserts)
I1102 21:39:10.669239 9135 compaction.cc:926] Selected 1 rowsets to compact:
I1102 21:39:10.669248 9135 compaction.cc:929] memrowset(current size on disk: ~0 bytes)
I1102 21:39:10.669261 9135 tablet.cc:1216] T 3972e3725a634c6b8a9c57fc18cb789d P 33b43dabe1b543f39e7ed84247c575e8: Memstore in-memory size: 1759 bytes
I1102 21:39:10.669282 9135 tablet.cc:1508] T 3972e3725a634c6b8a9c57fc18cb789d P 33b43dabe1b543f39e7ed84247c575e8: Flush: entering phase 1 (flushing snapshot). Phase 1 snapshot: MvccSnapshot[committed={T|T < 6312733698701152256}]
I1102 21:39:10.671761 9135 multi_column_writer.cc:98] Opened CFile writers for 12 column(s)
I1102 21:39:10.674376 9175 tablet.cc:1594] T 3972e3725a634c6b8a9c57fc18cb789d P e92a2036de454238809663ac303c6ade: Flush: entering phase 2 (starting to duplicate updates in new rowsets)
I1102 21:39:10.674613 9167 tablet.cc:1214] T 3972e3725a634c6b8a9c57fc18cb789d P c36abe6b2bdb4e778576473f60926b7b: Flush: entering stage 1 (old memrowset already frozen for inserts)
I1102 21:39:10.674634 9167 compaction.cc:926] Selected 1 rowsets to compact:
I1102 21:39:10.674643 9167 compaction.cc:929] memrowset(current size on disk: ~0 bytes)
I1102 21:39:10.674655 9167 tablet.cc:1216] T 3972e3725a634c6b8a9c57fc18cb789d P c36abe6b2bdb4e778576473f60926b7b: Memstore in-memory size: 1759 bytes
I1102 21:39:10.674679 9167 tablet.cc:1508] T 3972e3725a634c6b8a9c57fc18cb789d P c36abe6b2bdb4e778576473f60926b7b: Flush: entering phase 1 (flushing snapshot). Phase 1 snapshot: MvccSnapshot[committed={T|T < 6312733698701152256}]
I1102 21:39:10.674737 9175 tablet.cc:1649] T 3972e3725a634c6b8a9c57fc18cb789d P e92a2036de454238809663ac303c6ade: Flush Phase 2: carrying over any updates which arrived during Phase 1
I1102 21:39:10.674775 9175 tablet.cc:1651] T 3972e3725a634c6b8a9c57fc18cb789d P e92a2036de454238809663ac303c6ade: Phase 2 snapshot: MvccSnapshot[committed={T|T < 6312733698701152256}]
I1102 21:39:10.675968 9177 tablet_bootstrap.cc:592] T 96d99047b6c94ea7944254b27508c1bc P c36abe6b2bdb4e778576473f60926b7b: No blocks or log segments found. Creating new log.
I1102 21:39:10.676810 9179 tablet_bootstrap.cc:592] T 96d99047b6c94ea7944254b27508c1bc P 33b43dabe1b543f39e7ed84247c575e8: No blocks or log segments found. Creating new log.
I1102 21:39:10.677386 9178 tablet_bootstrap.cc:592] T 96d99047b6c94ea7944254b27508c1bc P e92a2036de454238809663ac303c6ade: No blocks or log segments found. Creating new log.
I1102 21:39:10.677707 9175 tablet.cc:1699] T 3972e3725a634c6b8a9c57fc18cb789d P e92a2036de454238809663ac303c6ade: Flush successful on 8 rows (1 rowsets, 5789 bytes)
I1102 21:39:10.680126 9179 tablet_bootstrap.cc:438] T 96d99047b6c94ea7944254b27508c1bc P 33b43dabe1b543f39e7ed84247c575e8: No bootstrap required, opened a new log
I1102 21:39:10.680220 9179 ts_tablet_manager.cc:1045] T 96d99047b6c94ea7944254b27508c1bc P 33b43dabe1b543f39e7ed84247c575e8: Time spent bootstrapping tablet: real 0.016s user 0.002s sys 0.000s
I1102 21:39:10.680709 9135 tablet.cc:1594] T 3972e3725a634c6b8a9c57fc18cb789d P 33b43dabe1b543f39e7ed84247c575e8: Flush: entering phase 2 (starting to duplicate updates in new rowsets)
I1102 21:39:10.680816 9178 tablet_bootstrap.cc:438] T 96d99047b6c94ea7944254b27508c1bc P e92a2036de454238809663ac303c6ade: No bootstrap required, opened a new log
I1102 21:39:10.681001 9135 tablet.cc:1649] T 3972e3725a634c6b8a9c57fc18cb789d P 33b43dabe1b543f39e7ed84247c575e8: Flush Phase 2: carrying over any updates which arrived during Phase 1
I1102 21:39:10.681041 9135 tablet.cc:1651] T 3972e3725a634c6b8a9c57fc18cb789d P 33b43dabe1b543f39e7ed84247c575e8: Phase 2 snapshot: MvccSnapshot[committed={T|T < 6312733698701152256}]
I1102 21:39:10.681375 9177 tablet_bootstrap.cc:438] T 96d99047b6c94ea7944254b27508c1bc P c36abe6b2bdb4e778576473f60926b7b: No bootstrap required, opened a new log
I1102 21:39:10.681494 9177 ts_tablet_manager.cc:1045] T 96d99047b6c94ea7944254b27508c1bc P c36abe6b2bdb4e778576473f60926b7b: Time spent bootstrapping tablet: real 0.018s user 0.002s sys 0.000s
I1102 21:39:10.681963 9177 raft_consensus.cc:339] T 96d99047b6c94ea7944254b27508c1bc P c36abe6b2bdb4e778576473f60926b7b [term 0 FOLLOWER]: Replica starting. Triggering 0 pending transactions. Active config: opid_index: -1 OBSOLETE_local: false peers { permanent_uuid: "c36abe6b2bdb4e778576473f60926b7b" member_type: VOTER last_known_addr { host: "127.7.150.1" port: 46291 } } peers { permanent_uuid: "e92a2036de454238809663ac303c6ade" member_type: VOTER last_known_addr { host: "127.7.150.2" port: 39313 } } peers { permanent_uuid: "33b43dabe1b543f39e7ed84247c575e8" member_type: VOTER last_known_addr { host: "127.7.150.3" port: 44373 } }
I1102 21:39:10.681999 9177 raft_consensus.cc:365] T 96d99047b6c94ea7944254b27508c1bc P c36abe6b2bdb4e778576473f60926b7b [term 0 FOLLOWER]: Consensus starting up: Expiring failure detector timer to make a prompt election more likely
I1102 21:39:10.682018 9177 raft_consensus.cc:704] T 96d99047b6c94ea7944254b27508c1bc P c36abe6b2bdb4e778576473f60926b7b [term 0 FOLLOWER]: Becoming Follower/Learner. State: Replica: c36abe6b2bdb4e778576473f60926b7b, State: Initialized, Role: FOLLOWER
I1102 21:39:10.682057 9167 multi_column_writer.cc:98] Opened CFile writers for 12 column(s)
I1102 21:39:10.682181 9177 consensus_queue.cc:229] T 96d99047b6c94ea7944254b27508c1bc P c36abe6b2bdb4e778576473f60926b7b [NON_LEADER]: Queue going to NON_LEADER mode. State: All replicated index: 0, Majority replicated index: 0, Committed index: 0, Last appended: 0.0, Last appended by leader: 0, Current term: 0, Majority size: -1, State: 0, Mode: NON_LEADER, active raft config: opid_index: -1 OBSOLETE_local: false peers { permanent_uuid: "c36abe6b2bdb4e778576473f60926b7b" member_type: VOTER last_known_addr { host: "127.7.150.1" port: 46291 } } peers { permanent_uuid: "e92a2036de454238809663ac303c6ade" member_type: VOTER last_known_addr { host: "127.7.150.2" port: 39313 } } peers { permanent_uuid: "33b43dabe1b543f39e7ed84247c575e8" member_type: VOTER last_known_addr { host: "127.7.150.3" port: 44373 } }
I1102 21:39:10.687834 9135 tablet.cc:1699] T 3972e3725a634c6b8a9c57fc18cb789d P 33b43dabe1b543f39e7ed84247c575e8: Flush successful on 8 rows (1 rowsets, 5789 bytes)
I1102 21:39:10.690253 9178 ts_tablet_manager.cc:1045] T 96d99047b6c94ea7944254b27508c1bc P e92a2036de454238809663ac303c6ade: Time spent bootstrapping tablet: real 0.027s user 0.002s sys 0.000s
I1102 21:39:10.690768 9178 raft_consensus.cc:339] T 96d99047b6c94ea7944254b27508c1bc P e92a2036de454238809663ac303c6ade [term 0 FOLLOWER]: Replica starting. Triggering 0 pending transactions. Active config: opid_index: -1 OBSOLETE_local: false peers { permanent_uuid: "c36abe6b2bdb4e778576473f60926b7b" member_type: VOTER last_known_addr { host: "127.7.150.1" port: 46291 } } peers { permanent_uuid: "e92a2036de454238809663ac303c6ade" member_type: VOTER last_known_addr { host: "127.7.150.2" port: 39313 } } peers { permanent_uuid: "33b43dabe1b543f39e7ed84247c575e8" member_type: VOTER last_known_addr { host: "127.7.150.3" port: 44373 } }
I1102 21:39:10.690804 9178 raft_consensus.cc:365] T 96d99047b6c94ea7944254b27508c1bc P e92a2036de454238809663ac303c6ade [term 0 FOLLOWER]: Consensus starting up: Expiring failure detector timer to make a prompt election more likely
I1102 21:39:10.690821 9178 raft_consensus.cc:704] T 96d99047b6c94ea7944254b27508c1bc P e92a2036de454238809663ac303c6ade [term 0 FOLLOWER]: Becoming Follower/Learner. State: Replica: e92a2036de454238809663ac303c6ade, State: Initialized, Role: FOLLOWER
I1102 21:39:10.691299 9179 raft_consensus.cc:339] T 96d99047b6c94ea7944254b27508c1bc P 33b43dabe1b543f39e7ed84247c575e8 [term 0 FOLLOWER]: Replica starting. Triggering 0 pending transactions. Active config: opid_index: -1 OBSOLETE_local: false peers { permanent_uuid: "c36abe6b2bdb4e778576473f60926b7b" member_type: VOTER last_known_addr { host: "127.7.150.1" port: 46291 } } peers { permanent_uuid: "e92a2036de454238809663ac303c6ade" member_type: VOTER last_known_addr { host: "127.7.150.2" port: 39313 } } peers { permanent_uuid: "33b43dabe1b543f39e7ed84247c575e8" member_type: VOTER last_known_addr { host: "127.7.150.3" port: 44373 } }
I1102 21:39:10.691361 9179 raft_consensus.cc:365] T 96d99047b6c94ea7944254b27508c1bc P 33b43dabe1b543f39e7ed84247c575e8 [term 0 FOLLOWER]: Consensus starting up: Expiring failure detector timer to make a prompt election more likely
I1102 21:39:10.691380 9179 raft_consensus.cc:704] T 96d99047b6c94ea7944254b27508c1bc P 33b43dabe1b543f39e7ed84247c575e8 [term 0 FOLLOWER]: Becoming Follower/Learner. State: Replica: 33b43dabe1b543f39e7ed84247c575e8, State: Initialized, Role: FOLLOWER
I1102 21:39:10.691669 9177 ts_tablet_manager.cc:1073] T 96d99047b6c94ea7944254b27508c1bc P c36abe6b2bdb4e778576473f60926b7b: Time spent starting tablet: real 0.010s user 0.001s sys 0.000s
I1102 21:39:10.691843 9179 consensus_queue.cc:229] T 96d99047b6c94ea7944254b27508c1bc P 33b43dabe1b543f39e7ed84247c575e8 [NON_LEADER]: Queue going to NON_LEADER mode. State: All replicated index: 0, Majority replicated index: 0, Committed index: 0, Last appended: 0.0, Last appended by leader: 0, Current term: 0, Majority size: -1, State: 0, Mode: NON_LEADER, active raft config: opid_index: -1 OBSOLETE_local: false peers { permanent_uuid: "c36abe6b2bdb4e778576473f60926b7b" member_type: VOTER last_known_addr { host: "127.7.150.1" port: 46291 } } peers { permanent_uuid: "e92a2036de454238809663ac303c6ade" member_type: VOTER last_known_addr { host: "127.7.150.2" port: 39313 } } peers { permanent_uuid: "33b43dabe1b543f39e7ed84247c575e8" member_type: VOTER last_known_addr { host: "127.7.150.3" port: 44373 } }
I1102 21:39:10.692124 9179 ts_tablet_manager.cc:1073] T 96d99047b6c94ea7944254b27508c1bc P 33b43dabe1b543f39e7ed84247c575e8: Time spent starting tablet: real 0.012s user 0.001s sys 0.000s
I1102 21:39:10.692375 9178 consensus_queue.cc:229] T 96d99047b6c94ea7944254b27508c1bc P e92a2036de454238809663ac303c6ade [NON_LEADER]: Queue going to NON_LEADER mode. State: All replicated index: 0, Majority replicated index: 0, Committed index: 0, Last appended: 0.0, Last appended by leader: 0, Current term: 0, Majority size: -1, State: 0, Mode: NON_LEADER, active raft config: opid_index: -1 OBSOLETE_local: false peers { permanent_uuid: "c36abe6b2bdb4e778576473f60926b7b" member_type: VOTER last_known_addr { host: "127.7.150.1" port: 46291 } } peers { permanent_uuid: "e92a2036de454238809663ac303c6ade" member_type: VOTER last_known_addr { host: "127.7.150.2" port: 39313 } } peers { permanent_uuid: "33b43dabe1b543f39e7ed84247c575e8" member_type: VOTER last_known_addr { host: "127.7.150.3" port: 44373 } }
I1102 21:39:10.692497 9069 catalog_manager.cc:3873] TS c36abe6b2bdb4e778576473f60926b7b (127.7.150.1:46291) does not have the latest schema for tablet 96d99047b6c94ea7944254b27508c1bc (table default.test_table [id=e93179f4d3eb4a26a760d9d76293265f]). Expected version 26 got 0
I1102 21:39:10.692708 9178 ts_tablet_manager.cc:1073] T 96d99047b6c94ea7944254b27508c1bc P e92a2036de454238809663ac303c6ade: Time spent starting tablet: real 0.002s user 0.001s sys 0.000s
I1102 21:39:10.693147 9069 catalog_manager.cc:2958] Scheduling retry of 96d99047b6c94ea7944254b27508c1bc (table default.test_table [id=e93179f4d3eb4a26a760d9d76293265f]) Alter Table RPC with a delay of 17 ms (attempt = 1)
W1102 21:39:10.693198 9069 catalog_manager.cc:3937] Failed to send 96d99047b6c94ea7944254b27508c1bc (table default.test_table [id=e93179f4d3eb4a26a760d9d76293265f]) Alter Table RPC: Not found: failed to reset TS proxy: No leader found: Tablet 96d99047b6c94ea7944254b27508c1bc consensus state has no leader
I1102 21:39:10.693367 9067 catalog_manager.cc:3873] TS e92a2036de454238809663ac303c6ade (127.7.150.2:39313) does not have the latest schema for tablet 96d99047b6c94ea7944254b27508c1bc (table default.test_table [id=e93179f4d3eb4a26a760d9d76293265f]). Expected version 26 got 0
I1102 21:39:10.693585 9067 catalog_manager.cc:2958] Scheduling retry of 96d99047b6c94ea7944254b27508c1bc (table default.test_table [id=e93179f4d3eb4a26a760d9d76293265f]) Alter Table RPC with a delay of 49 ms (attempt = 1)
W1102 21:39:10.693632 9067 catalog_manager.cc:3937] Failed to send 96d99047b6c94ea7944254b27508c1bc (table default.test_table [id=e93179f4d3eb4a26a760d9d76293265f]) Alter Table RPC: Not found: failed to reset TS proxy: No leader found: Tablet 96d99047b6c94ea7944254b27508c1bc consensus state has no leader
I1102 21:39:10.695015 9067 catalog_manager.cc:3873] TS 33b43dabe1b543f39e7ed84247c575e8 (127.7.150.3:44373) does not have the latest schema for tablet 96d99047b6c94ea7944254b27508c1bc (table default.test_table [id=e93179f4d3eb4a26a760d9d76293265f]). Expected version 26 got 0
I1102 21:39:10.695075 9058 catalog_manager.cc:2958] Scheduling retry of 96d99047b6c94ea7944254b27508c1bc (table default.test_table [id=e93179f4d3eb4a26a760d9d76293265f]) Alter Table RPC with a delay of 65 ms (attempt = 2)
W1102 21:39:10.695107 9058 catalog_manager.cc:2977] Async tablet task 96d99047b6c94ea7944254b27508c1bc (table default.test_table [id=e93179f4d3eb4a26a760d9d76293265f]) Alter Table RPC failed: Not found: failed to reset TS proxy: No leader found: Tablet 96d99047b6c94ea7944254b27508c1bc consensus state has no leader
I1102 21:39:10.695188 9067 catalog_manager.cc:2958] Scheduling retry of 96d99047b6c94ea7944254b27508c1bc (table default.test_table [id=e93179f4d3eb4a26a760d9d76293265f]) Alter Table RPC with a delay of 59 ms (attempt = 1)
W1102 21:39:10.695250 9067 catalog_manager.cc:3937] Failed to send 96d99047b6c94ea7944254b27508c1bc (table default.test_table [id=e93179f4d3eb4a26a760d9d76293265f]) Alter Table RPC: Not found: failed to reset TS proxy: No leader found: Tablet 96d99047b6c94ea7944254b27508c1bc consensus state has no leader
I1102 21:39:10.700656 9167 tablet.cc:1594] T 3972e3725a634c6b8a9c57fc18cb789d P c36abe6b2bdb4e778576473f60926b7b: Flush: entering phase 2 (starting to duplicate updates in new rowsets)
I1102 21:39:10.700989 9167 tablet.cc:1649] T 3972e3725a634c6b8a9c57fc18cb789d P c36abe6b2bdb4e778576473f60926b7b: Flush Phase 2: carrying over any updates which arrived during Phase 1
I1102 21:39:10.701028 9167 tablet.cc:1651] T 3972e3725a634c6b8a9c57fc18cb789d P c36abe6b2bdb4e778576473f60926b7b: Phase 2 snapshot: MvccSnapshot[committed={T|T < 6312733698701152256}]
I1102 21:39:10.703776 9167 tablet.cc:1699] T 3972e3725a634c6b8a9c57fc18cb789d P c36abe6b2bdb4e778576473f60926b7b: Flush successful on 8 rows (1 rowsets, 5789 bytes)
I1102 21:39:10.707895 9067 catalog_manager.cc:3873] TS e92a2036de454238809663ac303c6ade (127.7.150.2:39313) does not have the latest schema for tablet 96d99047b6c94ea7944254b27508c1bc (table default.test_table [id=e93179f4d3eb4a26a760d9d76293265f]). Expected version 26 got 0
I1102 21:39:10.708079 9067 catalog_manager.cc:2958] Scheduling retry of 96d99047b6c94ea7944254b27508c1bc (table default.test_table [id=e93179f4d3eb4a26a760d9d76293265f]) Alter Table RPC with a delay of 22 ms (attempt = 1)
W1102 21:39:10.708129 9067 catalog_manager.cc:3937] Failed to send 96d99047b6c94ea7944254b27508c1bc (table default.test_table [id=e93179f4d3eb4a26a760d9d76293265f]) Alter Table RPC: Not found: failed to reset TS proxy: No leader found: Tablet 96d99047b6c94ea7944254b27508c1bc consensus state has no leader
I1102 21:39:10.709208 9068 catalog_manager.cc:3873] TS 33b43dabe1b543f39e7ed84247c575e8 (127.7.150.3:44373) does not have the latest schema for tablet 96d99047b6c94ea7944254b27508c1bc (table default.test_table [id=e93179f4d3eb4a26a760d9d76293265f]). Expected version 26 got 0
I1102 21:39:10.709388 9068 catalog_manager.cc:2958] Scheduling retry of 96d99047b6c94ea7944254b27508c1bc (table default.test_table [id=e93179f4d3eb4a26a760d9d76293265f]) Alter Table RPC with a delay of 41 ms (attempt = 1)
W1102 21:39:10.709482 9068 catalog_manager.cc:3937] Failed to send 96d99047b6c94ea7944254b27508c1bc (table default.test_table [id=e93179f4d3eb4a26a760d9d76293265f]) Alter Table RPC: Not found: failed to reset TS proxy: No leader found: Tablet 96d99047b6c94ea7944254b27508c1bc consensus state has no leader
I1102 21:39:10.710907 9056 catalog_manager.cc:2958] Scheduling retry of 96d99047b6c94ea7944254b27508c1bc (table default.test_table [id=e93179f4d3eb4a26a760d9d76293265f]) Alter Table RPC with a delay of 43 ms (attempt = 2)
W1102 21:39:10.710945 9056 catalog_manager.cc:2977] Async tablet task 96d99047b6c94ea7944254b27508c1bc (table default.test_table [id=e93179f4d3eb4a26a760d9d76293265f]) Alter Table RPC failed: Not found: failed to reset TS proxy: No leader found: Tablet 96d99047b6c94ea7944254b27508c1bc consensus state has no leader
I1102 21:39:10.730855 9057 catalog_manager.cc:2958] Scheduling retry of 96d99047b6c94ea7944254b27508c1bc (table default.test_table [id=e93179f4d3eb4a26a760d9d76293265f]) Alter Table RPC with a delay of 49 ms (attempt = 2)
W1102 21:39:10.730912 9057 catalog_manager.cc:2977] Async tablet task 96d99047b6c94ea7944254b27508c1bc (table default.test_table [id=e93179f4d3eb4a26a760d9d76293265f]) Alter Table RPC failed: Not found: failed to reset TS proxy: No leader found: Tablet 96d99047b6c94ea7944254b27508c1bc consensus state has no leader
I1102 21:39:10.744572 9059 catalog_manager.cc:2958] Scheduling retry of 96d99047b6c94ea7944254b27508c1bc (table default.test_table [id=e93179f4d3eb4a26a760d9d76293265f]) Alter Table RPC with a delay of 44 ms (attempt = 2)
W1102 21:39:10.744626 9059 catalog_manager.cc:2977] Async tablet task 96d99047b6c94ea7944254b27508c1bc (table default.test_table [id=e93179f4d3eb4a26a760d9d76293265f]) Alter Table RPC failed: Not found: failed to reset TS proxy: No leader found: Tablet 96d99047b6c94ea7944254b27508c1bc consensus state has no leader
I1102 21:39:10.751821 9058 catalog_manager.cc:2958] Scheduling retry of 96d99047b6c94ea7944254b27508c1bc (table default.test_table [id=e93179f4d3eb4a26a760d9d76293265f]) Alter Table RPC with a delay of 74 ms (attempt = 2)
W1102 21:39:10.751878 9058 catalog_manager.cc:2977] Async tablet task 96d99047b6c94ea7944254b27508c1bc (table default.test_table [id=e93179f4d3eb4a26a760d9d76293265f]) Alter Table RPC failed: Not found: failed to reset TS proxy: No leader found: Tablet 96d99047b6c94ea7944254b27508c1bc consensus state has no leader
I1102 21:39:10.754514 9056 catalog_manager.cc:2958] Scheduling retry of 96d99047b6c94ea7944254b27508c1bc (table default.test_table [id=e93179f4d3eb4a26a760d9d76293265f]) Alter Table RPC with a delay of 93 ms (attempt = 3)
W1102 21:39:10.754555 9056 catalog_manager.cc:2977] Async tablet task 96d99047b6c94ea7944254b27508c1bc (table default.test_table [id=e93179f4d3eb4a26a760d9d76293265f]) Alter Table RPC failed: Not found: failed to reset TS proxy: No leader found: Tablet 96d99047b6c94ea7944254b27508c1bc consensus state has no leader
I1102 21:39:10.754617 9056 catalog_manager.cc:2958] Scheduling retry of 96d99047b6c94ea7944254b27508c1bc (table default.test_table [id=e93179f4d3eb4a26a760d9d76293265f]) Alter Table RPC with a delay of 34 ms (attempt = 2)
W1102 21:39:10.754637 9056 catalog_manager.cc:2977] Async tablet task 96d99047b6c94ea7944254b27508c1bc (table default.test_table [id=e93179f4d3eb4a26a760d9d76293265f]) Alter Table RPC failed: Not found: failed to reset TS proxy: No leader found: Tablet 96d99047b6c94ea7944254b27508c1bc consensus state has no leader
I1102 21:39:10.757613 8565 maintenance_manager.cc:304] P 33b43dabe1b543f39e7ed84247c575e8: Scheduling UndoDeltaBlockGCOp(3972e3725a634c6b8a9c57fc18cb789d): 232 bytes on disk
I1102 21:39:10.758352 8458 maintenance_manager.cc:494] P 33b43dabe1b543f39e7ed84247c575e8: UndoDeltaBlockGCOp(3972e3725a634c6b8a9c57fc18cb789d) complete. Timing: real 0.000s user 0.000s sys 0.000s Metrics: {"cfile_init":1,"lbm_read_time_us":93,"lbm_reads_lt_1ms":4}
I1102 21:39:10.761253 9058 catalog_manager.cc:2958] Scheduling retry of 96d99047b6c94ea7944254b27508c1bc (table default.test_table [id=e93179f4d3eb4a26a760d9d76293265f]) Alter Table RPC with a delay of 82 ms (attempt = 3)
W1102 21:39:10.761302 9058 catalog_manager.cc:2977] Async tablet task 96d99047b6c94ea7944254b27508c1bc (table default.test_table [id=e93179f4d3eb4a26a760d9d76293265f]) Alter Table RPC failed: Not found: failed to reset TS proxy: No leader found: Tablet 96d99047b6c94ea7944254b27508c1bc consensus state has no leader
I1102 21:39:10.780077 9185 raft_consensus.cc:471] T 96d99047b6c94ea7944254b27508c1bc P 33b43dabe1b543f39e7ed84247c575e8 [term 0 FOLLOWER]: Starting pre-election (no leader contacted us within the election timeout)
I1102 21:39:10.780166 9185 raft_consensus.cc:2840] T 96d99047b6c94ea7944254b27508c1bc P 33b43dabe1b543f39e7ed84247c575e8: Snoozing failure detection for 2.185s (starting election)
I1102 21:39:10.780300 9185 raft_consensus.cc:493] T 96d99047b6c94ea7944254b27508c1bc P 33b43dabe1b543f39e7ed84247c575e8 [term 0 FOLLOWER]: Starting pre-election with config: opid_index: -1 OBSOLETE_local: false peers { permanent_uuid: "c36abe6b2bdb4e778576473f60926b7b" member_type: VOTER last_known_addr { host: "127.7.150.1" port: 46291 } } peers { permanent_uuid: "e92a2036de454238809663ac303c6ade" member_type: VOTER last_known_addr { host: "127.7.150.2" port: 39313 } } peers { permanent_uuid: "33b43dabe1b543f39e7ed84247c575e8" member_type: VOTER last_known_addr { host: "127.7.150.3" port: 44373 } }
I1102 21:39:10.780596 9185 leader_election.cc:251] T 96d99047b6c94ea7944254b27508c1bc P 33b43dabe1b543f39e7ed84247c575e8 [CANDIDATE]: Term 1 pre-election: Requesting pre-vote from peer c36abe6b2bdb4e778576473f60926b7b (127.7.150.1:46291)
I1102 21:39:10.780753 9185 leader_election.cc:251] T 96d99047b6c94ea7944254b27508c1bc P 33b43dabe1b543f39e7ed84247c575e8 [CANDIDATE]: Term 1 pre-election: Requesting pre-vote from peer e92a2036de454238809663ac303c6ade (127.7.150.2:39313)
I1102 21:39:10.781678 7919 tablet_service.cc:1001] Received RequestConsensusVote() RPC: tablet_id: "96d99047b6c94ea7944254b27508c1bc" candidate_uuid: "33b43dabe1b543f39e7ed84247c575e8" candidate_term: 1 candidate_status { last_received { term: 0 index: 0 } } ignore_live_leader: false dest_uuid: "c36abe6b2bdb4e778576473f60926b7b" is_pre_election: true
I1102 21:39:10.781767 7919 raft_consensus.cc:2840] T 96d99047b6c94ea7944254b27508c1bc P c36abe6b2bdb4e778576473f60926b7b: Snoozing failure detection for 1.977s (vote granted)
I1102 21:39:10.781806 7919 raft_consensus.cc:2352] T 96d99047b6c94ea7944254b27508c1bc P c36abe6b2bdb4e778576473f60926b7b [term 0 FOLLOWER]: Leader pre-election vote request: Granting yes vote for candidate 33b43dabe1b543f39e7ed84247c575e8 in term 0.
I1102 21:39:10.782002 8833 tablet_service.cc:1001] Received RequestConsensusVote() RPC: tablet_id: "96d99047b6c94ea7944254b27508c1bc" candidate_uuid: "33b43dabe1b543f39e7ed84247c575e8" candidate_term: 1 candidate_status { last_received { term: 0 index: 0 } } ignore_live_leader: false dest_uuid: "e92a2036de454238809663ac303c6ade" is_pre_election: true
I1102 21:39:10.782074 8833 raft_consensus.cc:2840] T 96d99047b6c94ea7944254b27508c1bc P e92a2036de454238809663ac303c6ade: Snoozing failure detection for 1.549s (vote granted)
I1102 21:39:10.782115 8833 raft_consensus.cc:2352] T 96d99047b6c94ea7944254b27508c1bc P e92a2036de454238809663ac303c6ade [term 0 FOLLOWER]: Leader pre-election vote request: Granting yes vote for candidate 33b43dabe1b543f39e7ed84247c575e8 in term 0.
I1102 21:39:10.782438 9057 catalog_manager.cc:2958] Scheduling retry of 96d99047b6c94ea7944254b27508c1bc (table default.test_table [id=e93179f4d3eb4a26a760d9d76293265f]) Alter Table RPC with a delay of 95 ms (attempt = 3)
W1102 21:39:10.782491 9057 catalog_manager.cc:2977] Async tablet task 96d99047b6c94ea7944254b27508c1bc (table default.test_table [id=e93179f4d3eb4a26a760d9d76293265f]) Alter Table RPC failed: Not found: failed to reset TS proxy: No leader found: Tablet 96d99047b6c94ea7944254b27508c1bc consensus state has no leader
I1102 21:39:10.783056 8451 leader_election.cc:387] T 96d99047b6c94ea7944254b27508c1bc P 33b43dabe1b543f39e7ed84247c575e8 [CANDIDATE]: Term 1 pre-election: Vote granted by peer e92a2036de454238809663ac303c6ade (127.7.150.2:39313)
I1102 21:39:10.783088 8451 leader_election.cc:278] T 96d99047b6c94ea7944254b27508c1bc P 33b43dabe1b543f39e7ed84247c575e8 [CANDIDATE]: Term 1 pre-election: Election decided. Result: candidate won.
I1102 21:39:10.783475 8453 leader_election.cc:387] T 96d99047b6c94ea7944254b27508c1bc P 33b43dabe1b543f39e7ed84247c575e8 [CANDIDATE]: Term 1 pre-election: Vote granted by peer c36abe6b2bdb4e778576473f60926b7b (127.7.150.1:46291)
I1102 21:39:10.783650 9185 raft_consensus.cc:2840] T 96d99047b6c94ea7944254b27508c1bc P 33b43dabe1b543f39e7ed84247c575e8: Snoozing failure detection for 1.688s (election complete)
I1102 21:39:10.783689 9185 raft_consensus.cc:2646] T 96d99047b6c94ea7944254b27508c1bc P 33b43dabe1b543f39e7ed84247c575e8 [term 0 FOLLOWER]: Leader pre-election won for term 1
I1102 21:39:10.783707 9185 raft_consensus.cc:471] T 96d99047b6c94ea7944254b27508c1bc P 33b43dabe1b543f39e7ed84247c575e8 [term 0 FOLLOWER]: Starting leader election (no leader contacted us within the election timeout)
I1102 21:39:10.783725 9185 raft_consensus.cc:2840] T 96d99047b6c94ea7944254b27508c1bc P 33b43dabe1b543f39e7ed84247c575e8: Snoozing failure detection for 1.531s (starting election)
I1102 21:39:10.783743 9185 raft_consensus.cc:2892] T 96d99047b6c94ea7944254b27508c1bc P 33b43dabe1b543f39e7ed84247c575e8 [term 0 FOLLOWER]: Advancing to term 1
I1102 21:39:10.785027 9185 raft_consensus.cc:493] T 96d99047b6c94ea7944254b27508c1bc P 33b43dabe1b543f39e7ed84247c575e8 [term 1 FOLLOWER]: Starting leader election with config: opid_index: -1 OBSOLETE_local: false peers { permanent_uuid: "c36abe6b2bdb4e778576473f60926b7b" member_type: VOTER last_known_addr { host: "127.7.150.1" port: 46291 } } peers { permanent_uuid: "e92a2036de454238809663ac303c6ade" member_type: VOTER last_known_addr { host: "127.7.150.2" port: 39313 } } peers { permanent_uuid: "33b43dabe1b543f39e7ed84247c575e8" member_type: VOTER last_known_addr { host: "127.7.150.3" port: 44373 } }
I1102 21:39:10.785203 9185 leader_election.cc:251] T 96d99047b6c94ea7944254b27508c1bc P 33b43dabe1b543f39e7ed84247c575e8 [CANDIDATE]: Term 1 election: Requesting vote from peer c36abe6b2bdb4e778576473f60926b7b (127.7.150.1:46291)
I1102 21:39:10.785313 9185 leader_election.cc:251] T 96d99047b6c94ea7944254b27508c1bc P 33b43dabe1b543f39e7ed84247c575e8 [CANDIDATE]: Term 1 election: Requesting vote from peer e92a2036de454238809663ac303c6ade (127.7.150.2:39313)
I1102 21:39:10.785913 8833 tablet_service.cc:1001] Received RequestConsensusVote() RPC: tablet_id: "96d99047b6c94ea7944254b27508c1bc" candidate_uuid: "33b43dabe1b543f39e7ed84247c575e8" candidate_term: 1 candidate_status { last_received { term: 0 index: 0 } } ignore_live_leader: false dest_uuid: "e92a2036de454238809663ac303c6ade"
I1102 21:39:10.785974 8833 raft_consensus.cc:2892] T 96d99047b6c94ea7944254b27508c1bc P e92a2036de454238809663ac303c6ade [term 0 FOLLOWER]: Advancing to term 1
I1102 21:39:10.786020 8833 raft_consensus.cc:2840] T 96d99047b6c94ea7944254b27508c1bc P e92a2036de454238809663ac303c6ade: Snoozing failure detection for 2.198s (vote granted)
I1102 21:39:10.786792 7919 tablet_service.cc:1001] Received RequestConsensusVote() RPC: tablet_id: "96d99047b6c94ea7944254b27508c1bc" candidate_uuid: "33b43dabe1b543f39e7ed84247c575e8" candidate_term: 1 candidate_status { last_received { term: 0 index: 0 } } ignore_live_leader: false dest_uuid: "c36abe6b2bdb4e778576473f60926b7b"
I1102 21:39:10.786875 7919 raft_consensus.cc:2892] T 96d99047b6c94ea7944254b27508c1bc P c36abe6b2bdb4e778576473f60926b7b [term 0 FOLLOWER]: Advancing to term 1
I1102 21:39:10.786929 7919 raft_consensus.cc:2840] T 96d99047b6c94ea7944254b27508c1bc P c36abe6b2bdb4e778576473f60926b7b: Snoozing failure detection for 1.566s (vote granted)
I1102 21:39:10.787665 8833 raft_consensus.cc:2352] T 96d99047b6c94ea7944254b27508c1bc P e92a2036de454238809663ac303c6ade [term 1 FOLLOWER]: Leader election vote request: Granting yes vote for candidate 33b43dabe1b543f39e7ed84247c575e8 in term 1.
I1102 21:39:10.788031 7919 raft_consensus.cc:2352] T 96d99047b6c94ea7944254b27508c1bc P c36abe6b2bdb4e778576473f60926b7b [term 1 FOLLOWER]: Leader election vote request: Granting yes vote for candidate 33b43dabe1b543f39e7ed84247c575e8 in term 1.
I1102 21:39:10.788344 8451 leader_election.cc:387] T 96d99047b6c94ea7944254b27508c1bc P 33b43dabe1b543f39e7ed84247c575e8 [CANDIDATE]: Term 1 election: Vote granted by peer e92a2036de454238809663ac303c6ade (127.7.150.2:39313)
I1102 21:39:10.788378 8451 leader_election.cc:278] T 96d99047b6c94ea7944254b27508c1bc P 33b43dabe1b543f39e7ed84247c575e8 [CANDIDATE]: Term 1 election: Election decided. Result: candidate won.
I1102 21:39:10.788769 8453 leader_election.cc:387] T 96d99047b6c94ea7944254b27508c1bc P 33b43dabe1b543f39e7ed84247c575e8 [CANDIDATE]: Term 1 election: Vote granted by peer c36abe6b2bdb4e778576473f60926b7b (127.7.150.1:46291)
I1102 21:39:10.788997 9059 catalog_manager.cc:2958] Scheduling retry of 96d99047b6c94ea7944254b27508c1bc (table default.test_table [id=e93179f4d3eb4a26a760d9d76293265f]) Alter Table RPC with a delay of 66 ms (attempt = 3)
W1102 21:39:10.789052 9059 catalog_manager.cc:2977] Async tablet task 96d99047b6c94ea7944254b27508c1bc (table default.test_table [id=e93179f4d3eb4a26a760d9d76293265f]) Alter Table RPC failed: Not found: failed to reset TS proxy: No leader found: Tablet 96d99047b6c94ea7944254b27508c1bc consensus state has no leader
I1102 21:39:10.789136 9056 catalog_manager.cc:2958] Scheduling retry of 96d99047b6c94ea7944254b27508c1bc (table default.test_table [id=e93179f4d3eb4a26a760d9d76293265f]) Alter Table RPC with a delay of 88 ms (attempt = 3)
W1102 21:39:10.789160 9056 catalog_manager.cc:2977] Async tablet task 96d99047b6c94ea7944254b27508c1bc (table default.test_table [id=e93179f4d3eb4a26a760d9d76293265f]) Alter Table RPC failed: Not found: failed to reset TS proxy: No leader found: Tablet 96d99047b6c94ea7944254b27508c1bc consensus state has no leader
I1102 21:39:10.790297 9185 raft_consensus.cc:2840] T 96d99047b6c94ea7944254b27508c1bc P 33b43dabe1b543f39e7ed84247c575e8: Snoozing failure detection for 1.875s (election complete)
I1102 21:39:10.790344 9185 raft_consensus.cc:2646] T 96d99047b6c94ea7944254b27508c1bc P 33b43dabe1b543f39e7ed84247c575e8 [term 1 FOLLOWER]: Leader election won for term 1
I1102 21:39:10.790557 9185 raft_consensus.cc:666] T 96d99047b6c94ea7944254b27508c1bc P 33b43dabe1b543f39e7ed84247c575e8 [term 1 LEADER]: Becoming Leader. State: Replica: 33b43dabe1b543f39e7ed84247c575e8, State: Running, Role: LEADER
I1102 21:39:10.790748 9185 consensus_queue.cc:206] T 96d99047b6c94ea7944254b27508c1bc P 33b43dabe1b543f39e7ed84247c575e8 [LEADER]: Queue going to LEADER mode. State: All replicated index: 0, Majority replicated index: 0, Committed index: 0, Last appended: 0.0, Last appended by leader: 0, Current term: 1, Majority size: 2, State: 0, Mode: LEADER, active raft config: opid_index: -1 OBSOLETE_local: false peers { permanent_uuid: "c36abe6b2bdb4e778576473f60926b7b" member_type: VOTER last_known_addr { host: "127.7.150.1" port: 46291 } } peers { permanent_uuid: "e92a2036de454238809663ac303c6ade" member_type: VOTER last_known_addr { host: "127.7.150.2" port: 39313 } } peers { permanent_uuid: "33b43dabe1b543f39e7ed84247c575e8" member_type: VOTER last_known_addr { host: "127.7.150.3" port: 44373 } }
I1102 21:39:10.792011 7964 maintenance_manager.cc:304] P c36abe6b2bdb4e778576473f60926b7b: Scheduling UndoDeltaBlockGCOp(3972e3725a634c6b8a9c57fc18cb789d): 232 bytes on disk
I1102 21:39:10.792640 7858 maintenance_manager.cc:494] P c36abe6b2bdb4e778576473f60926b7b: UndoDeltaBlockGCOp(3972e3725a634c6b8a9c57fc18cb789d) complete. Timing: real 0.000s user 0.000s sys 0.000s Metrics: {"cfile_init":1,"lbm_read_time_us":118,"lbm_reads_lt_1ms":4}
I1102 21:39:10.792805 9068 catalog_manager.cc:3778] T 96d99047b6c94ea7944254b27508c1bc P 33b43dabe1b543f39e7ed84247c575e8 reported cstate change: term changed from 0 to 1, leader changed from to 33b43dabe1b543f39e7ed84247c575e8 (127.7.150.3). New cstate: current_term: 1 leader_uuid: "33b43dabe1b543f39e7ed84247c575e8" committed_config { opid_index: -1 OBSOLETE_local: false peers { permanent_uuid: "c36abe6b2bdb4e778576473f60926b7b" member_type: VOTER last_known_addr { host: "127.7.150.1" port: 46291 } health_report { overall_health: UNKNOWN } } peers { permanent_uuid: "e92a2036de454238809663ac303c6ade" member_type: VOTER last_known_addr { host: "127.7.150.2" port: 39313 } health_report { overall_health: UNKNOWN } } peers { permanent_uuid: "33b43dabe1b543f39e7ed84247c575e8" member_type: VOTER last_known_addr { host: "127.7.150.3" port: 44373 } health_report { overall_health: HEALTHY } } }
I1102 21:39:10.792942 9068 catalog_manager.cc:3873] TS 33b43dabe1b543f39e7ed84247c575e8 (127.7.150.3:44373) does not have the latest schema for tablet 96d99047b6c94ea7944254b27508c1bc (table default.test_table [id=e93179f4d3eb4a26a760d9d76293265f]). Expected version 26 got 0
I1102 21:39:10.797597 7919 raft_consensus.cc:1180] T 96d99047b6c94ea7944254b27508c1bc P c36abe6b2bdb4e778576473f60926b7b [term 1 FOLLOWER]: Refusing update from remote peer 33b43dabe1b543f39e7ed84247c575e8: Log matching property violated. Preceding OpId in replica: term: 0 index: 0. Preceding OpId from leader: term: 1 index: 2. (index mismatch)
I1102 21:39:10.797597 8833 raft_consensus.cc:1180] T 96d99047b6c94ea7944254b27508c1bc P e92a2036de454238809663ac303c6ade [term 1 FOLLOWER]: Refusing update from remote peer 33b43dabe1b543f39e7ed84247c575e8: Log matching property violated. Preceding OpId in replica: term: 0 index: 0. Preceding OpId from leader: term: 1 index: 2. (index mismatch)
I1102 21:39:10.798312 9185 consensus_queue.cc:976] T 96d99047b6c94ea7944254b27508c1bc P 33b43dabe1b543f39e7ed84247c575e8 [LEADER]: Connected to new peer: Peer: permanent_uuid: "e92a2036de454238809663ac303c6ade" member_type: VOTER last_known_addr { host: "127.7.150.2" port: 39313 }, Status: LMP_MISMATCH, Last received: 0.0, Next index: 1, Last known committed idx: 0, Time since last communication: 0.000s
I1102 21:39:10.798450 9188 consensus_queue.cc:976] T 96d99047b6c94ea7944254b27508c1bc P 33b43dabe1b543f39e7ed84247c575e8 [LEADER]: Connected to new peer: Peer: permanent_uuid: "c36abe6b2bdb4e778576473f60926b7b" member_type: VOTER last_known_addr { host: "127.7.150.1" port: 46291 }, Status: LMP_MISMATCH, Last received: 0.0, Next index: 1, Last known committed idx: 0, Time since last communication: 0.000s
I1102 21:39:10.801849 9067 catalog_manager.cc:3873] TS e92a2036de454238809663ac303c6ade (127.7.150.2:39313) does not have the latest schema for tablet 96d99047b6c94ea7944254b27508c1bc (table default.test_table [id=e93179f4d3eb4a26a760d9d76293265f]). Expected version 26 got 0
I1102 21:39:10.804453 9068 catalog_manager.cc:3873] TS c36abe6b2bdb4e778576473f60926b7b (127.7.150.1:46291) does not have the latest schema for tablet 96d99047b6c94ea7944254b27508c1bc (table default.test_table [id=e93179f4d3eb4a26a760d9d76293265f]). Expected version 26 got 0
I1102 21:39:10.805076 9135 tablet.cc:1262] T 96d99047b6c94ea7944254b27508c1bc P 33b43dabe1b543f39e7ed84247c575e8: Alter schema from ( 10:c451 INT32 NOT NULL, 18:c712 INT32 NULLABLE, 20:c169 INT32 NULLABLE, 22:c553 INT32 NOT NULL, 23:c389 INT32 NULLABLE, 24:c764 INT32 NULLABLE, 25:c134 INT32 NULLABLE, 26:c840 INT32 NOT NULL, 28:c252 INT32 NULLABLE, 30:c46 INT32 NULLABLE, 31:c908 INT32 NOT NULL, 32:c241 INT32 NOT NULL, PRIMARY KEY (c451) ) version 0 to ( 10:c451 INT32 NOT NULL, 18:c712 INT32 NULLABLE, 20:c169 INT32 NULLABLE, 22:c553 INT32 NOT NULL, 23:c389 INT32 NULLABLE, 24:c764 INT32 NULLABLE, 25:c134 INT32 NULLABLE, 26:c840 INT32 NOT NULL, 28:c252 INT32 NULLABLE, 30:c46 INT32 NULLABLE, 31:c908 INT32 NOT NULL, 32:c241 INT32 NOT NULL, PRIMARY KEY (c451) ) version 26
I1102 21:39:10.807490 9167 tablet.cc:1262] T 96d99047b6c94ea7944254b27508c1bc P c36abe6b2bdb4e778576473f60926b7b: Alter schema from ( 10:c451 INT32 NOT NULL, 18:c712 INT32 NULLABLE, 20:c169 INT32 NULLABLE, 22:c553 INT32 NOT NULL, 23:c389 INT32 NULLABLE, 24:c764 INT32 NULLABLE, 25:c134 INT32 NULLABLE, 26:c840 INT32 NOT NULL, 28:c252 INT32 NULLABLE, 30:c46 INT32 NULLABLE, 31:c908 INT32 NOT NULL, 32:c241 INT32 NOT NULL, PRIMARY KEY (c451) ) version 0 to ( 10:c451 INT32 NOT NULL, 18:c712 INT32 NULLABLE, 20:c169 INT32 NULLABLE, 22:c553 INT32 NOT NULL, 23:c389 INT32 NULLABLE, 24:c764 INT32 NULLABLE, 25:c134 INT32 NULLABLE, 26:c840 INT32 NOT NULL, 28:c252 INT32 NULLABLE, 30:c46 INT32 NULLABLE, 31:c908 INT32 NOT NULL, 32:c241 INT32 NOT NULL, PRIMARY KEY (c451) ) version 26
I1102 21:39:10.807713 9175 tablet.cc:1262] T 96d99047b6c94ea7944254b27508c1bc P e92a2036de454238809663ac303c6ade: Alter schema from ( 10:c451 INT32 NOT NULL, 18:c712 INT32 NULLABLE, 20:c169 INT32 NULLABLE, 22:c553 INT32 NOT NULL, 23:c389 INT32 NULLABLE, 24:c764 INT32 NULLABLE, 25:c134 INT32 NULLABLE, 26:c840 INT32 NOT NULL, 28:c252 INT32 NULLABLE, 30:c46 INT32 NULLABLE, 31:c908 INT32 NOT NULL, 32:c241 INT32 NOT NULL, PRIMARY KEY (c451) ) version 0 to ( 10:c451 INT32 NOT NULL, 18:c712 INT32 NULLABLE, 20:c169 INT32 NULLABLE, 22:c553 INT32 NOT NULL, 23:c389 INT32 NULLABLE, 24:c764 INT32 NULLABLE, 25:c134 INT32 NULLABLE, 26:c840 INT32 NOT NULL, 28:c252 INT32 NULLABLE, 30:c46 INT32 NULLABLE, 31:c908 INT32 NOT NULL, 32:c241 INT32 NOT NULL, PRIMARY KEY (c451) ) version 26
I1102 21:39:10.812572 9069 catalog_manager.cc:4221] T 00000000000000000000000000000000 P 810977538c654d1a96a5c2a53c44d890: default.test_table [id=e93179f4d3eb4a26a760d9d76293265f] alter complete (version 26)
