I1102 21:39:10.816958 8880 maintenance_manager.cc:304] P e92a2036de454238809663ac303c6ade: Scheduling UndoDeltaBlockGCOp(3972e3725a634c6b8a9c57fc18cb789d): 232 bytes on disk
I1102 21:39:10.817015 9135 tablet.cc:1257] T 96d99047b6c94ea7944254b27508c1bc P 33b43dabe1b543f39e7ed84247c575e8: Already running schema version 26 got alter request for version 26
I1102 21:39:10.817570 8773 maintenance_manager.cc:494] P e92a2036de454238809663ac303c6ade: UndoDeltaBlockGCOp(3972e3725a634c6b8a9c57fc18cb789d) complete. Timing: real 0.000s user 0.000s sys 0.000s Metrics: {"cfile_init":1,"lbm_read_time_us":84,"lbm_reads_lt_1ms":4}
I1102 21:39:10.819376 9175 tablet.cc:1257] T 96d99047b6c94ea7944254b27508c1bc P e92a2036de454238809663ac303c6ade: Already running schema version 26 got alter request for version 26
I1102 21:39:10.825284 9167 tablet.cc:1257] T 96d99047b6c94ea7944254b27508c1bc P c36abe6b2bdb4e778576473f60926b7b: Already running schema version 26 got alter request for version 26
I1102 21:39:11.016690 7768 alter_table-randomized-test.cc:120] Restarting TS 1
I1102 21:39:11.016753 7768 external_mini_cluster.cc:1043] Killing /tmp/dist-test-taskoKLkQa/build/debug/bin/kudu-tserver with pid 8759
W1102 21:39:11.022439 8452 connection.cc:512] server connection from 127.7.150.2:56057 recv error: Network error: failed to read from TLS socket (remote: 127.7.150.2:56057): Connection reset by peer (error 104)
W1102 21:39:11.022456 8212 connection.cc:512] client connection to 127.7.150.2:39313 recv error: Network error: failed to read from TLS socket (remote: 127.7.150.2:39313): Connection reset by peer (error 104)
W1102 21:39:11.022461 9056 connection.cc:512] client connection to 127.7.150.2:39313 recv error: Network error: failed to read from TLS socket (remote: 127.7.150.2:39313): Connection reset by peer (error 104)
W1102 21:39:11.022493 7773 connection.cc:512] client connection to 127.7.150.2:39313 recv error: Network error: failed to read from TLS socket (remote: 127.7.150.2:39313): Connection reset by peer (error 104)
W1102 21:39:11.022755 7851 connection.cc:512] server connection from 127.7.150.2:51589 recv error: Network error: failed to read from TLS socket (remote: 127.7.150.2:51589): Connection reset by peer (error 104)
W1102 21:39:11.022951 9059 connection.cc:512] server connection from 127.7.150.2:38529 recv error: Network error: failed to read from TLS socket (remote: 127.7.150.2:38529): Connection reset by peer (error 104)
W1102 21:39:11.022950 7851 connection.cc:512] client connection to 127.7.150.2:39313 recv error: Network error: failed to read from TLS socket (remote: 127.7.150.2:39313): Connection reset by peer (error 104)
W1102 21:39:11.023023 7851 consensus_peers.cc:457] T 3972e3725a634c6b8a9c57fc18cb789d P c36abe6b2bdb4e778576473f60926b7b -> Peer e92a2036de454238809663ac303c6ade (127.7.150.2:39313): Couldn't send request to peer e92a2036de454238809663ac303c6ade. Status: Network error: failed to read from TLS socket (remote: 127.7.150.2:39313): Connection reset by peer (error 104). This is attempt 1: this message will repeat every 5th retry.
W1102 21:39:11.023121 8451 connection.cc:512] client connection to 127.7.150.2:39313 recv error: Network error: failed to read from TLS socket (remote: 127.7.150.2:39313): Connection reset by peer (error 104)
I1102 21:39:11.023357 7768 external_mini_cluster.cc:845] Running /tmp/dist-test-taskoKLkQa/build/debug/bin/kudu-tserver /tmp/dist-test-taskoKLkQa/build/debug/bin/kudu-tserver --fs_wal_dir=/tmp/dist-test-taskoKLkQa/test-tmp/alter_table-randomized-test.0.HmsConfigurations_AlterTableRandomized.TestRandomSequence_0.1541194740983682-7768/minicluster-data/ts-1/wal --fs_data_dirs=/tmp/dist-test-taskoKLkQa/test-tmp/alter_table-randomized-test.0.HmsConfigurations_AlterTableRandomized.TestRandomSequence_0.1541194740983682-7768/minicluster-data/ts-1/data --block_manager=log --rpc_bind_addresses=127.7.150.2:39313 --local_ip_for_outbound_sockets=127.7.150.2 --webserver_port=34571 --webserver_interface=127.7.150.2 --tserver_master_addrs=127.7.150.62:42573 --never_fsync --ipki_server_key_size=1024 --enable_minidumps=false --redact=none --metrics_log_interval_ms=1000 --logtostderr --logbuflevel=-1 --log_dir=/tmp/dist-test-taskoKLkQa/test-tmp/alter_table-randomized-test.0.HmsConfigurations_AlterTableRandomized.TestRandomSequence_0.1541194740983682-7768/minicluster-data/ts-1/logs --server_dump_info_path=/tmp/dist-test-taskoKLkQa/test-tmp/alter_table-randomized-test.0.HmsConfigurations_AlterTableRandomized.TestRandomSequence_0.1541194740983682-7768/minicluster-data/ts-1/data/info.pb --server_dump_info_format=pb --rpc_server_allow_ephemeral_ports --unlock_experimental_flags --unlock_unsafe_flags --log_container_preallocate_bytes=0 with env {} WARNING: Logging before InitGoogleLogging() is written to STDERR
W1102 21:39:11.058676 9195 flags.cc:406] Enabled unsafe flag: --rpc_server_allow_ephemeral_ports=true
W1102 21:39:11.058827 9195 flags.cc:406] Enabled unsafe flag: --never_fsync=true
W1102 21:39:11.059684 9195 flags.cc:406] Enabled experimental flag: --ipki_server_key_size=1024
W1102 21:39:11.059732 9195 flags.cc:406] Enabled experimental flag: --local_ip_for_outbound_sockets=127.7.150.2
I1102 21:39:11.061082 9195 tablet_server_main.cc:78] Tablet server non-default flags: --fs_data_dirs=/tmp/dist-test-taskoKLkQa/test-tmp/alter_table-randomized-test.0.HmsConfigurations_AlterTableRandomized.TestRandomSequence_0.1541194740983682-7768/minicluster-data/ts-1/data --fs_wal_dir=/tmp/dist-test-taskoKLkQa/test-tmp/alter_table-randomized-test.0.HmsConfigurations_AlterTableRandomized.TestRandomSequence_0.1541194740983682-7768/minicluster-data/ts-1/wal --log_container_preallocate_bytes=0 --ipki_server_key_size=1024 --rpc_bind_addresses=127.7.150.2:39313 --rpc_server_allow_ephemeral_ports=true --metrics_log_interval_ms=1000 --server_dump_info_format=pb --server_dump_info_path=/tmp/dist-test-taskoKLkQa/test-tmp/alter_table-randomized-test.0.HmsConfigurations_AlterTableRandomized.TestRandomSequence_0.1541194740983682-7768/minicluster-data/ts-1/data/info.pb --webserver_interface=127.7.150.2 --webserver_port=34571 --tserver_master_addrs=127.7.150.62:42573 --never_fsync=true --redact=none --unlock_experimental_flags=true --unlock_unsafe_flags=true --enable_minidumps=false --local_ip_for_outbound_sockets=127.7.150.2 --log_dir=/tmp/dist-test-taskoKLkQa/test-tmp/alter_table-randomized-test.0.HmsConfigurations_AlterTableRandomized.TestRandomSequence_0.1541194740983682-7768/minicluster-data/ts-1/logs --logbuflevel=-1 --logtostderr=true Tablet server version: kudu 1.9.0-SNAPSHOT revision 3c1cfbf7247cd65a4bc092b843ef0247e57f2b73 build type DEBUG built by None at 02 Nov 2018 21:29:27 UTC on jenkins-slave-8qw8 build id 15573
I1102 21:39:11.065021 9195 tablet_server_main.cc:85] Initializing tablet server...
I1102 21:39:11.065625 9195 system_ntp.cc:199] NTP initialized. Skew: 500ppm Current error: 134376us
I1102 21:39:11.066026 9195 fs_manager.cc:263] Metadata directory not provided
I1102 21:39:11.066061 9195 fs_manager.cc:269] Using write-ahead log directory (fs_wal_dir) as metadata directory
I1102 21:39:11.069615 9195 fs_manager.cc:399] Time spent opening directory manager: real 0.003s user 0.002s sys 0.000s
I1102 21:39:11.070147 9195 env_posix.cc:1676] Not raising this process' open files per process limit of 1048576; it is already as high as it can go
I1102 21:39:11.070353 9195 file_cache.cc:466] Constructed file cache lbm with capacity 419430
I1102 21:39:11.088846 9195 fs_manager.cc:419] Time spent opening block manager: real 0.017s user 0.000s sys 0.000s
I1102 21:39:11.089362 9195 fs_manager.cc:436] Opened local filesystem: /tmp/dist-test-taskoKLkQa/test-tmp/alter_table-randomized-test.0.HmsConfigurations_AlterTableRandomized.TestRandomSequence_0.1541194740983682-7768/minicluster-data/ts-1/data,/tmp/dist-test-taskoKLkQa/test-tmp/alter_table-randomized-test.0.HmsConfigurations_AlterTableRandomized.TestRandomSequence_0.1541194740983682-7768/minicluster-data/ts-1/wal uuid: "e92a2036de454238809663ac303c6ade" format_stamp: "Formatted at 2018-11-02 21:39:01 on dist-test-slave-dist-test-slave-lx6r"
I1102 21:39:11.089490 9195 fs_report.cc:352] FS layout report -------------------- wal directory: /tmp/dist-test-taskoKLkQa/test-tmp/alter_table-randomized-test.0.HmsConfigurations_AlterTableRandomized.TestRandomSequence_0.1541194740983682-7768/minicluster-data/ts-1/wal metadata directory: /tmp/dist-test-taskoKLkQa/test-tmp/alter_table-randomized-test.0.HmsConfigurations_AlterTableRandomized.TestRandomSequence_0.1541194740983682-7768/minicluster-data/ts-1/wal 1 data directories: /tmp/dist-test-taskoKLkQa/test-tmp/alter_table-randomized-test.0.HmsConfigurations_AlterTableRandomized.TestRandomSequence_0.1541194740983682-7768/minicluster-data/ts-1/data/data Total live blocks: 72 Total live bytes: 34682 Total live bytes (after alignment): 315392 Total number of LBM containers: 28 (0 full) Did not check for missing blocks Did not check for orphaned blocks Total full LBM containers with extra space: 0 (0 repaired) Total full LBM container extra space in bytes: 0 (0 repaired) Total incomplete LBM containers: 0 (0 repaired) Total LBM partial records: 0 (0 repaired)
I1102 21:39:11.180855 9195 env_posix.cc:1676] Not raising this process' running threads per effective uid limit of 18446744073709551615; it is already as high as it can go
I1102 21:39:11.181751 9195 ts_tablet_manager.cc:344] Loading tablet metadata (0/2 complete)
I1102 21:39:11.181777 9195 ts_tablet_manager.cc:1005] T 96d99047b6c94ea7944254b27508c1bc P e92a2036de454238809663ac303c6ade: Loading tablet metadata
I1102 21:39:11.183964 9195 ts_tablet_manager.cc:1005] T 3972e3725a634c6b8a9c57fc18cb789d P e92a2036de454238809663ac303c6ade: Loading tablet metadata
I1102 21:39:11.185117 9195 ts_tablet_manager.cc:356] Loaded tablet metadata (2 live tablets)
I1102 21:39:11.186301 9195 ts_tablet_manager.cc:1173] T 96d99047b6c94ea7944254b27508c1bc P e92a2036de454238809663ac303c6ade: Registered tablet (data state: TABLET_DATA_READY)
I1102 21:39:11.186975 9195 ts_tablet_manager.cc:1173] T 3972e3725a634c6b8a9c57fc18cb789d P e92a2036de454238809663ac303c6ade: Registered tablet (data state: TABLET_DATA_READY)
I1102 21:39:11.187101 9195 tablet_server_main.cc:90] Starting tablet server...
I1102 21:39:11.189698 9210 ts_tablet_manager.cc:1028] T 96d99047b6c94ea7944254b27508c1bc P e92a2036de454238809663ac303c6ade: Bootstrapping tablet
I1102 21:39:11.189931 9210 tablet_bootstrap.cc:438] T 96d99047b6c94ea7944254b27508c1bc P e92a2036de454238809663ac303c6ade: Bootstrap starting.
I1102 21:39:11.196080 9195 rpc_server.cc:205] RPC server started. Bound to: 127.7.150.2:39313
I1102 21:39:11.196463 9195 webserver.cc:175] Starting webserver on 127.7.150.2:34571
I1102 21:39:11.196492 9195 webserver.cc:186] Document root disabled
I1102 21:39:11.196874 9195 webserver.cc:313] Webserver started. Bound to: http://127.7.150.2:34571/
I1102 21:39:11.197484 9195 server_base.cc:607] Dumped server information to /tmp/dist-test-taskoKLkQa/test-tmp/alter_table-randomized-test.0.HmsConfigurations_AlterTableRandomized.TestRandomSequence_0.1541194740983682-7768/minicluster-data/ts-1/data/info.pb
I1102 21:39:11.197885 7768 external_mini_cluster.cc:907] Started /tmp/dist-test-taskoKLkQa/build/debug/bin/kudu-tserver as pid 9195
I1102 21:39:11.198500 9195 tablet_server_main.cc:93] Tablet server successfully started.
I1102 21:39:11.205488 9210 log.cc:525] T 96d99047b6c94ea7944254b27508c1bc P e92a2036de454238809663ac303c6ade: Log is configured to *not* fsync() on all Append() calls
I1102 21:39:11.208483 9210 tablet.cc:1262] T 96d99047b6c94ea7944254b27508c1bc P e92a2036de454238809663ac303c6ade: Alter schema from ( 10:c451 INT32 NOT NULL, 18:c712 INT32 NULLABLE, 20:c169 INT32 NULLABLE, 22:c553 INT32 NOT NULL, 23:c389 INT32 NULLABLE, 24:c764 INT32 NULLABLE, 25:c134 INT32 NULLABLE, 26:c840 INT32 NOT NULL, 28:c252 INT32 NULLABLE, 30:c46 INT32 NULLABLE, 31:c908 INT32 NOT NULL, 32:c241 INT32 NOT NULL, PRIMARY KEY (c451) ) version 0 to ( 10:c451 INT32 NOT NULL, 18:c712 INT32 NULLABLE, 20:c169 INT32 NULLABLE, 22:c553 INT32 NOT NULL, 23:c389 INT32 NULLABLE, 24:c764 INT32 NULLABLE, 25:c134 INT32 NULLABLE, 26:c840 INT32 NOT NULL, 28:c252 INT32 NULLABLE, 30:c46 INT32 NULLABLE, 31:c908 INT32 NOT NULL, 32:c241 INT32 NOT NULL, PRIMARY KEY (c451) ) version 26
I1102 21:39:11.208602 9210 tablet_metadata.cc:531] Not flushing: waiting for 1 pins to be released.
I1102 21:39:11.209034 9210 tablet.cc:1257] T 96d99047b6c94ea7944254b27508c1bc P e92a2036de454238809663ac303c6ade: Already running schema version 26 got alter request for version 26
I1102 21:39:11.209278 9315 heartbeater.cc:346] Connected to a master server at 127.7.150.62:42573
I1102 21:39:11.209378 9315 heartbeater.cc:426] Registering TS with master...
I1102 21:39:11.209733 9315 heartbeater.cc:475] Master 127.7.150.62:42573 requested a full tablet report, sending...
I1102 21:39:11.210896 9068 ts_manager.cc:104] Re-registered known tserver with Master: e92a2036de454238809663ac303c6ade (127.7.150.2:39313)
I1102 21:39:11.211988 9068 master_service.cc:253] Signed X509 certificate for tserver {username='slave'} at 127.7.150.2:47861
I1102 21:39:11.213757 9210 tablet_bootstrap.cc:438] T 96d99047b6c94ea7944254b27508c1bc P e92a2036de454238809663ac303c6ade: Bootstrap replayed 1/1 log segments. Stats: ops{read=7 overwritten=0 applied=7 ignored=0} inserts{seen=3 ignored=0} mutations{seen=1 ignored=0} orphaned_commits=0. Pending: 0 replicates
I1102 21:39:11.214097 9210 tablet_bootstrap.cc:438] T 96d99047b6c94ea7944254b27508c1bc P e92a2036de454238809663ac303c6ade: Bootstrap complete.
I1102 21:39:11.217092 9210 ts_tablet_manager.cc:1045] T 96d99047b6c94ea7944254b27508c1bc P e92a2036de454238809663ac303c6ade: Time spent bootstrapping tablet: real 0.027s user 0.018s sys 0.005s
I1102 21:39:11.219102 9210 raft_consensus.cc:339] T 96d99047b6c94ea7944254b27508c1bc P e92a2036de454238809663ac303c6ade [term 1 FOLLOWER]: Replica starting. Triggering 0 pending transactions. Active config: opid_index: -1 OBSOLETE_local: false peers { permanent_uuid: "c36abe6b2bdb4e778576473f60926b7b" member_type: VOTER last_known_addr { host: "127.7.150.1" port: 46291 } } peers { permanent_uuid: "e92a2036de454238809663ac303c6ade" member_type: VOTER last_known_addr { host: "127.7.150.2" port: 39313 } } peers { permanent_uuid: "33b43dabe1b543f39e7ed84247c575e8" member_type: VOTER last_known_addr { host: "127.7.150.3" port: 44373 } }
I1102 21:39:11.219172 9210 raft_consensus.cc:704] T 96d99047b6c94ea7944254b27508c1bc P e92a2036de454238809663ac303c6ade [term 1 FOLLOWER]: Becoming Follower/Learner. State: Replica: e92a2036de454238809663ac303c6ade, State: Initialized, Role: FOLLOWER
I1102 21:39:11.219499 9210 consensus_queue.cc:229] T 96d99047b6c94ea7944254b27508c1bc P e92a2036de454238809663ac303c6ade [NON_LEADER]: Queue going to NON_LEADER mode. State: All replicated index: 0, Majority replicated index: 0, Committed index: 7, Last appended: 1.7, Last appended by leader: 7, Current term: 0, Majority size: -1, State: 0, Mode: NON_LEADER, active raft config: opid_index: -1 OBSOLETE_local: false peers { permanent_uuid: "c36abe6b2bdb4e778576473f60926b7b" member_type: VOTER last_known_addr { host: "127.7.150.1" port: 46291 } } peers { permanent_uuid: "e92a2036de454238809663ac303c6ade" member_type: VOTER last_known_addr { host: "127.7.150.2" port: 39313 } } peers { permanent_uuid: "33b43dabe1b543f39e7ed84247c575e8" member_type: VOTER last_known_addr { host: "127.7.150.3" port: 44373 } }
I1102 21:39:11.219871 9315 heartbeater.cc:467] Master 127.7.150.62:42573 was elected leader, sending a full tablet report...
I1102 21:39:11.220006 9210 ts_tablet_manager.cc:1073] T 96d99047b6c94ea7944254b27508c1bc P e92a2036de454238809663ac303c6ade: Time spent starting tablet: real 0.003s user 0.002s sys 0.003s
I1102 21:39:11.220124 9210 ts_tablet_manager.cc:1028] T 3972e3725a634c6b8a9c57fc18cb789d P e92a2036de454238809663ac303c6ade: Bootstrapping tablet
I1102 21:39:11.220193 9210 tablet_bootstrap.cc:438] T 3972e3725a634c6b8a9c57fc18cb789d P e92a2036de454238809663ac303c6ade: Bootstrap starting.
I1102 21:39:11.242830 9210 tablet.cc:1262] T 3972e3725a634c6b8a9c57fc18cb789d P e92a2036de454238809663ac303c6ade: Alter schema from ( 10:c429 INT32 NOT NULL, 11:c18 INT32 NULLABLE, 15:c386 INT32 NULLABLE, 18:c330 INT32 NULLABLE, 20:c537 INT32 NULLABLE, 22:c875 INT32 NOT NULL, 23:c389 INT32 NULLABLE, 24:c764 INT32 NULLABLE, 25:c606 INT32 NULLABLE, 26:c840 INT32 NOT NULL, PRIMARY KEY (c429) ) version 0 to ( 10:c429 INT32 NOT NULL, 11:c18 INT32 NULLABLE, 15:c386 INT32 NULLABLE, 18:c330 INT32 NULLABLE, 20:c537 INT32 NULLABLE, 22:c875 INT32 NOT NULL, 23:c389 INT32 NULLABLE, 24:c764 INT32 NULLABLE, 25:c606 INT32 NULLABLE, 26:c840 INT32 NOT NULL, PRIMARY KEY (c429) ) version 21
I1102 21:39:11.242918 9210 tablet_metadata.cc:531] Not flushing: waiting for 1 pins to be released.
I1102 21:39:11.243347 9210 tablet.cc:1257] T 3972e3725a634c6b8a9c57fc18cb789d P e92a2036de454238809663ac303c6ade: Already running schema version 21 got alter request for version 21
I1102 21:39:11.243839 9210 tablet.cc:1257] T 3972e3725a634c6b8a9c57fc18cb789d P e92a2036de454238809663ac303c6ade: Already running schema version 21 got alter request for version 21
I1102 21:39:11.244395 9210 tablet.cc:1257] T 3972e3725a634c6b8a9c57fc18cb789d P e92a2036de454238809663ac303c6ade: Already running schema version 21 got alter request for version 21
I1102 21:39:11.244694 9210 tablet.cc:1257] T 3972e3725a634c6b8a9c57fc18cb789d P e92a2036de454238809663ac303c6ade: Already running schema version 21 got alter request for version 21
I1102 21:39:11.245102 9210 tablet.cc:1257] T 3972e3725a634c6b8a9c57fc18cb789d P e92a2036de454238809663ac303c6ade: Already running schema version 21 got alter request for version 21
I1102 21:39:11.245545 9210 tablet.cc:1257] T 3972e3725a634c6b8a9c57fc18cb789d P e92a2036de454238809663ac303c6ade: Already running schema version 21 got alter request for version 21
I1102 21:39:11.245951 9210 tablet.cc:1257] T 3972e3725a634c6b8a9c57fc18cb789d P e92a2036de454238809663ac303c6ade: Already running schema version 21 got alter request for version 21
I1102 21:39:11.246520 9210 tablet.cc:1262] T 3972e3725a634c6b8a9c57fc18cb789d P e92a2036de454238809663ac303c6ade: Alter schema from ( 10:c429 INT32 NOT NULL, 11:c18 INT32 NULLABLE, 15:c386 INT32 NULLABLE, 18:c330 INT32 NULLABLE, 20:c537 INT32 NULLABLE, 22:c875 INT32 NOT NULL, 23:c389 INT32 NULLABLE, 24:c764 INT32 NULLABLE, 25:c606 INT32 NULLABLE, 26:c840 INT32 NOT NULL, PRIMARY KEY (c429) ) version 21 to ( 10:c429 INT32 NOT NULL, 11:c18 INT32 NULLABLE, 15:c386 INT32 NULLABLE, 18:c330 INT32 NULLABLE, 20:c537 INT32 NULLABLE, 22:c875 INT32 NOT NULL, 23:c389 INT32 NULLABLE, 24:c764 INT32 NULLABLE, 25:c134 INT32 NULLABLE, 26:c840 INT32 NOT NULL, 27:c176 INT32 NOT NULL, 28:c252 INT32 NULLABLE, PRIMARY KEY (c429) ) version 22
I1102 21:39:11.246925 9210 tablet.cc:1205] T 3972e3725a634c6b8a9c57fc18cb789d P e92a2036de454238809663ac303c6ade: MemRowSet was empty: no flush needed.
I1102 21:39:11.247071 9210 tablet_metadata.cc:531] Not flushing: waiting for 1 pins to be released.
I1102 21:39:11.247820 9210 tablet.cc:1257] T 3972e3725a634c6b8a9c57fc18cb789d P e92a2036de454238809663ac303c6ade: Already running schema version 22 got alter request for version 22
I1102 21:39:11.248250 9210 tablet.cc:1257] T 3972e3725a634c6b8a9c57fc18cb789d P e92a2036de454238809663ac303c6ade: Already running schema version 22 got alter request for version 22
I1102 21:39:11.248808 9210 tablet.cc:1257] T 3972e3725a634c6b8a9c57fc18cb789d P e92a2036de454238809663ac303c6ade: Already running schema version 22 got alter request for version 22
I1102 21:39:11.249096 9210 tablet.cc:1257] T 3972e3725a634c6b8a9c57fc18cb789d P e92a2036de454238809663ac303c6ade: Already running schema version 22 got alter request for version 22
I1102 21:39:11.249658 9210 tablet.cc:1257] T 3972e3725a634c6b8a9c57fc18cb789d P e92a2036de454238809663ac303c6ade: Already running schema version 22 got alter request for version 22
I1102 21:39:11.249971 9210 tablet.cc:1257] T 3972e3725a634c6b8a9c57fc18cb789d P e92a2036de454238809663ac303c6ade: Already running schema version 22 got alter request for version 22
I1102 21:39:11.250686 9210 tablet.cc:1257] T 3972e3725a634c6b8a9c57fc18cb789d P e92a2036de454238809663ac303c6ade: Already running schema version 22 got alter request for version 22
I1102 21:39:11.252674 9210 tablet.cc:1262] T 3972e3725a634c6b8a9c57fc18cb789d P e92a2036de454238809663ac303c6ade: Alter schema from ( 10:c429 INT32 NOT NULL, 11:c18 INT32 NULLABLE, 15:c386 INT32 NULLABLE, 18:c330 INT32 NULLABLE, 20:c537 INT32 NULLABLE, 22:c875 INT32 NOT NULL, 23:c389 INT32 NULLABLE, 24:c764 INT32 NULLABLE, 25:c134 INT32 NULLABLE, 26:c840 INT32 NOT NULL, 27:c176 INT32 NOT NULL, 28:c252 INT32 NULLABLE, PRIMARY KEY (c429) ) version 22 to ( 10:c786 INT32 NOT NULL, 11:c602 INT32 NULLABLE, 15:c386 INT32 NULLABLE, 18:c712 INT32 NULLABLE, 20:c908 INT32 NULLABLE, 22:c875 INT32 NOT NULL, 23:c389 INT32 NULLABLE, 24:c764 INT32 NULLABLE, 25:c134 INT32 NULLABLE, 26:c840 INT32 NOT NULL, 27:c176 INT32 NOT NULL, 28:c252 INT32 NULLABLE, 29:c95 INT32 NOT NULL, PRIMARY KEY (c786) ) version 23
I1102 21:39:11.252934 9210 tablet.cc:1205] T 3972e3725a634c6b8a9c57fc18cb789d P e92a2036de454238809663ac303c6ade: MemRowSet was empty: no flush needed.
I1102 21:39:11.252980 9210 tablet_metadata.cc:531] Not flushing: waiting for 1 pins to be released.
I1102 21:39:11.262852 9210 tablet.cc:1262] T 3972e3725a634c6b8a9c57fc18cb789d P e92a2036de454238809663ac303c6ade: Alter schema from ( 10:c786 INT32 NOT NULL, 11:c602 INT32 NULLABLE, 15:c386 INT32 NULLABLE, 18:c712 INT32 NULLABLE, 20:c908 INT32 NULLABLE, 22:c875 INT32 NOT NULL, 23:c389 INT32 NULLABLE, 24:c764 INT32 NULLABLE, 25:c134 INT32 NULLABLE, 26:c840 INT32 NOT NULL, 27:c176 INT32 NOT NULL, 28:c252 INT32 NULLABLE, 29:c95 INT32 NOT NULL, PRIMARY KEY (c786) ) version 23 to ( 10:c786 INT32 NOT NULL, 15:c386 INT32 NULLABLE, 18:c712 INT32 NULLABLE, 20:c169 INT32 NULLABLE, 22:c875 INT32 NOT NULL, 23:c389 INT32 NULLABLE, 24:c764 INT32 NULLABLE, 25:c134 INT32 NULLABLE, 26:c840 INT32 NOT NULL, 27:c176 INT32 NOT NULL, 28:c252 INT32 NULLABLE, 29:c95 INT32 NOT NULL, PRIMARY KEY (c786) ) version 24
I1102 21:39:11.263142 9210 tablet.cc:1205] T 3972e3725a634c6b8a9c57fc18cb789d P e92a2036de454238809663ac303c6ade: MemRowSet was empty: no flush needed.
I1102 21:39:11.263192 9210 tablet_metadata.cc:531] Not flushing: waiting for 1 pins to be released.
I1102 21:39:11.295419 9210 tablet.cc:1262] T 3972e3725a634c6b8a9c57fc18cb789d P e92a2036de454238809663ac303c6ade: Alter schema from ( 10:c786 INT32 NOT NULL, 15:c386 INT32 NULLABLE, 18:c712 INT32 NULLABLE, 20:c169 INT32 NULLABLE, 22:c875 INT32 NOT NULL, 23:c389 INT32 NULLABLE, 24:c764 INT32 NULLABLE, 25:c134 INT32 NULLABLE, 26:c840 INT32 NOT NULL, 27:c176 INT32 NOT NULL, 28:c252 INT32 NULLABLE, 29:c95 INT32 NOT NULL, PRIMARY KEY (c786) ) version 24 to ( 10:c451 INT32 NOT NULL, 15:c386 INT32 NULLABLE, 18:c712 INT32 NULLABLE, 20:c169 INT32 NULLABLE, 22:c553 INT32 NOT NULL, 23:c389 INT32 NULLABLE, 24:c764 INT32 NULLABLE, 25:c134 INT32 NULLABLE, 26:c840 INT32 NOT NULL, 27:c176 INT32 NOT NULL, 28:c252 INT32 NULLABLE, 29:c95 INT32 NOT NULL, 30:c46 INT32 NULLABLE, PRIMARY KEY (c451) ) version 25
I1102 21:39:11.295740 9210 tablet.cc:1205] T 3972e3725a634c6b8a9c57fc18cb789d P e92a2036de454238809663ac303c6ade: MemRowSet was empty: no flush needed.
I1102 21:39:11.295792 9210 tablet_metadata.cc:531] Not flushing: waiting for 1 pins to be released.
I1102 21:39:11.307371 9210 tablet.cc:1262] T 3972e3725a634c6b8a9c57fc18cb789d P e92a2036de454238809663ac303c6ade: Alter schema from ( 10:c451 INT32 NOT NULL, 15:c386 INT32 NULLABLE, 18:c712 INT32 NULLABLE, 20:c169 INT32 NULLABLE, 22:c553 INT32 NOT NULL, 23:c389 INT32 NULLABLE, 24:c764 INT32 NULLABLE, 25:c134 INT32 NULLABLE, 26:c840 INT32 NOT NULL, 27:c176 INT32 NOT NULL, 28:c252 INT32 NULLABLE, 29:c95 INT32 NOT NULL, 30:c46 INT32 NULLABLE, PRIMARY KEY (c451) ) version 25 to ( 10:c451 INT32 NOT NULL, 18:c712 INT32 NULLABLE, 20:c169 INT32 NULLABLE, 22:c553 INT32 NOT NULL, 23:c389 INT32 NULLABLE, 24:c764 INT32 NULLABLE, 25:c134 INT32 NULLABLE, 26:c840 INT32 NOT NULL, 28:c252 INT32 NULLABLE, 30:c46 INT32 NULLABLE, 31:c908 INT32 NOT NULL, 32:c241 INT32 NOT NULL, PRIMARY KEY (c451) ) version 26
I1102 21:39:11.307696 9210 tablet.cc:1205] T 3972e3725a634c6b8a9c57fc18cb789d P e92a2036de454238809663ac303c6ade: MemRowSet was empty: no flush needed.
I1102 21:39:11.307749 9210 tablet_metadata.cc:531] Not flushing: waiting for 1 pins to be released.
I1102 21:39:11.324463 9210 tablet_bootstrap.cc:438] T 3972e3725a634c6b8a9c57fc18cb789d P e92a2036de454238809663ac303c6ade: Bootstrap replayed 1/1 log segments. Stats: ops{read=157 overwritten=0 applied=157 ignored=85} inserts{seen=6 ignored=0} mutations{seen=45 ignored=0} orphaned_commits=0. Pending: 0 replicates
I1102 21:39:11.324846 9210 tablet_bootstrap.cc:438] T 3972e3725a634c6b8a9c57fc18cb789d P e92a2036de454238809663ac303c6ade: Bootstrap complete.
I1102 21:39:11.327147 9210 ts_tablet_manager.cc:1045] T 3972e3725a634c6b8a9c57fc18cb789d P e92a2036de454238809663ac303c6ade: Time spent bootstrapping tablet: real 0.107s user 0.093s sys 0.013s
I1102 21:39:11.327622 9210 raft_consensus.cc:339] T 3972e3725a634c6b8a9c57fc18cb789d P e92a2036de454238809663ac303c6ade [term 1 FOLLOWER]: Replica starting. Triggering 0 pending transactions. Active config: opid_index: -1 OBSOLETE_local: false peers { permanent_uuid: "33b43dabe1b543f39e7ed84247c575e8" member_type: VOTER last_known_addr { host: "127.7.150.3" port: 44373 } } peers { permanent_uuid: "e92a2036de454238809663ac303c6ade" member_type: VOTER last_known_addr { host: "127.7.150.2" port: 39313 } } peers { permanent_uuid: "c36abe6b2bdb4e778576473f60926b7b" member_type: VOTER last_known_addr { host: "127.7.150.1" port: 46291 } }
I1102 21:39:11.327656 9210 raft_consensus.cc:704] T 3972e3725a634c6b8a9c57fc18cb789d P e92a2036de454238809663ac303c6ade [term 1 FOLLOWER]: Becoming Follower/Learner. State: Replica: e92a2036de454238809663ac303c6ade, State: Initialized, Role: FOLLOWER
I1102 21:39:11.327803 9210 consensus_queue.cc:229] T 3972e3725a634c6b8a9c57fc18cb789d P e92a2036de454238809663ac303c6ade [NON_LEADER]: Queue going to NON_LEADER mode. State: All replicated index: 0, Majority replicated index: 0, Committed index: 157, Last appended: 1.157, Last appended by leader: 157, Current term: 0, Majority size: -1, State: 0, Mode: NON_LEADER, active raft config: opid_index: -1 OBSOLETE_local: false peers { permanent_uuid: "33b43dabe1b543f39e7ed84247c575e8" member_type: VOTER last_known_addr { host: "127.7.150.3" port: 44373 } } peers { permanent_uuid: "e92a2036de454238809663ac303c6ade" member_type: VOTER last_known_addr { host: "127.7.150.2" port: 39313 } } peers { permanent_uuid: "c36abe6b2bdb4e778576473f60926b7b" member_type: VOTER last_known_addr { host: "127.7.150.1" port: 46291 } }
I1102 21:39:11.328047 9210 ts_tablet_manager.cc:1073] T 3972e3725a634c6b8a9c57fc18cb789d P e92a2036de454238809663ac303c6ade: Time spent starting tablet: real 0.001s user 0.000s sys 0.000s
I1102 21:39:11.335772 7768 alter_table-randomized-test.cc:125] TS 1 Restarted
I1102 21:39:11.449740 9316 maintenance_manager.cc:304] P e92a2036de454238809663ac303c6ade: Scheduling UndoDeltaBlockGCOp(3972e3725a634c6b8a9c57fc18cb789d): 2004 bytes on disk
I1102 21:39:11.451319 9209 maintenance_manager.cc:494] P e92a2036de454238809663ac303c6ade: UndoDeltaBlockGCOp(3972e3725a634c6b8a9c57fc18cb789d) complete. Timing: real 0.001s user 0.000s sys 0.000s Metrics: {"cfile_init":4,"lbm_read_time_us":250,"lbm_reads_lt_1ms":16}
I1102 21:39:11.451633 9316 maintenance_manager.cc:304] P e92a2036de454238809663ac303c6ade: Scheduling CompactRowSetsOp(3972e3725a634c6b8a9c57fc18cb789d): perf score=2.540665
I1102 21:39:11.451951 9209 tablet.cc:1732] T 3972e3725a634c6b8a9c57fc18cb789d P e92a2036de454238809663ac303c6ade: Compaction: stage 1 complete, picked 4 rowsets to compact or flush
I1102 21:39:11.451972 9209 compaction.cc:926] Selected 4 rowsets to compact:
I1102 21:39:11.451983 9209 compaction.cc:929] RowSet(0)(current size on disk: ~6214 bytes)
I1102 21:39:11.451989 9209 compaction.cc:929] RowSet(1)(current size on disk: ~6594 bytes)
I1102 21:39:11.451993 9209 compaction.cc:929] RowSet(2)(current size on disk: ~8289 bytes)
I1102 21:39:11.451998 9209 compaction.cc:929] RowSet(3)(current size on disk: ~6021 bytes)
I1102 21:39:11.452040 9209 tablet.cc:1508] T 3972e3725a634c6b8a9c57fc18cb789d P e92a2036de454238809663ac303c6ade: Compaction: entering phase 1 (flushing snapshot). Phase 1 snapshot: MvccSnapshot[committed={T|T < 6312733700151508992 or (T in {6312733700151508992})}]
I1102 21:39:11.455791 9209 multi_column_writer.cc:98] Opened CFile writers for 12 column(s)
I1102 21:39:11.477644 9209 tablet.cc:1594] T 3972e3725a634c6b8a9c57fc18cb789d P e92a2036de454238809663ac303c6ade: Compaction: entering phase 2 (starting to duplicate updates in new rowsets)
I1102 21:39:11.477857 9209 tablet.cc:1649] T 3972e3725a634c6b8a9c57fc18cb789d P e92a2036de454238809663ac303c6ade: Compaction Phase 2: carrying over any updates which arrived during Phase 1
I1102 21:39:11.477890 9209 tablet.cc:1651] T 3972e3725a634c6b8a9c57fc18cb789d P e92a2036de454238809663ac303c6ade: Phase 2 snapshot: MvccSnapshot[committed={T|T < 6312733700151508992 or (T in {6312733700151508992})}]
I1102 21:39:11.486305 9209 tablet.cc:1699] T 3972e3725a634c6b8a9c57fc18cb789d P e92a2036de454238809663ac303c6ade: Compaction successful on 58 rows (1 rowsets, 7553 bytes)
I1102 21:39:11.487114 9209 maintenance_manager.cc:494] P e92a2036de454238809663ac303c6ade: CompactRowSetsOp(3972e3725a634c6b8a9c57fc18cb789d) complete. Timing: real 0.035s user 0.031s sys 0.004s Metrics: {"cfile_cache_hit":60,"cfile_cache_hit_bytes":2408,"cfile_cache_miss":124,"cfile_cache_miss_bytes":8858,"cfile_init":37,"data dirs.queue_time_us":89,"delta_iterators_relevant":12,"lbm_read_time_us":3309,"lbm_reads_lt_1ms":272,"lbm_write_time_us":3221,"lbm_writes_lt_1ms":61,"mutex_wait_us":18,"spinlock_wait_cycles":8960}
I1102 21:39:11.487526 9316 maintenance_manager.cc:304] P e92a2036de454238809663ac303c6ade: Scheduling UndoDeltaBlockGCOp(3972e3725a634c6b8a9c57fc18cb789d): 2533 bytes on disk
I1102 21:39:11.488108 9209 maintenance_manager.cc:494] P e92a2036de454238809663ac303c6ade: UndoDeltaBlockGCOp(3972e3725a634c6b8a9c57fc18cb789d) complete. Timing: real 0.000s user 0.000s sys 0.000s Metrics: {"cfile_init":1,"lbm_read_time_us":75,"lbm_reads_lt_1ms":4}
I1102 21:39:11.534027 7768 alter_table-randomized-test.cc:448] Beginning Alterations
I1102 21:39:11.535269 7768 alter_table-randomized-test.cc:562] Adding range partition: [2013265890, 2080374753) resulting partitions: (1476394986, 1543503849], (1946157027, 2013265890], (2013265890, 2080374753)
I1102 21:39:11.535370 7768 alter_table-randomized-test.cc:544] Changing compression of column c908 to 1
I1102 21:39:11.535519 7768 alter_table-randomized-test.cc:594] Dropping range partition: [1946157027, 2013265890) resulting partitions: (1476394986, 1543503849], (2013265890, 2080374753)
I1102 21:39:11.535634 7768 alter_table-randomized-test.cc:544] Changing compression of column c840 to 1
I1102 21:39:11.535701 7768 alter_table-randomized-test.cc:516] Renaming column c134 to c410
I1102 21:39:11.535760 7768 alter_table-randomized-test.cc:516] Renaming column c410 to c363
I1102 21:39:11.535820 7768 alter_table-randomized-test.cc:562] Adding range partition: [1275068397, 1342177260) resulting partitions: (1275068397, 1342177260], (1476394986, 1543503849], (2013265890, 2080374753)
I1102 21:39:11.535910 7768 alter_table-randomized-test.cc:594] Dropping range partition: [2013265890, 2080374753) resulting partitions: (1275068397, 1342177260], (1476394986, 1543503849)
I1102 21:39:11.535997 7768 alter_table-randomized-test.cc:480] Committing Alterations
I1102 21:39:11.537045 9068 catalog_manager.cc:2182] Servicing AlterTable request from {username='slave'} at 127.0.0.1:59072: table { table_name: "default.test_table" } alter_schema_steps { type: ADD_RANGE_PARTITION add_range_partition { range_bounds { rows: "\010\001\000\000\000\341\377\377w\t\001\000\000\000\340\377\377{" } } } alter_schema_steps { type: ALTER_COLUMN alter_column { delta { name: "c908" compression: NO_COMPRESSION } } } alter_schema_steps { type: DROP_RANGE_PARTITION drop_range_partition { range_bounds { rows: "\006\001\000\000\000\343\377\377s\007\001\000\000\000\342\377\377w" } } } alter_schema_steps { type: ALTER_COLUMN alter_column { delta { name: "c840" compression: NO_COMPRESSION } } } alter_schema_steps { type: RENAME_COLUMN rename_column { old_name: "c134" new_name: "c410" } } alter_schema_steps { type: RENAME_COLUMN rename_column { old_name: "c410" new_name: "c363" } } alter_schema_steps { type: ADD_RANGE_PARTITION add_range_partition { range_bounds { rows: "\010\001\000\000\000\354\377\377K\007\001\000\000\000\354\377\377O" } } } alter_schema_steps { type: DROP_RANGE_PARTITION drop_range_partition { range_bounds { rows: "\006\001\000\000\000\342\377\377w\007\001\000\000\000\341\377\377{" } } } schema { columns { name: "c451" type: INT32 is_key: true is_nullable: false encoding: AUTO_ENCODING compression: DEFAULT_COMPRESSION cfile_block_size: 0 } columns { name: "c712" type: INT32 is_key: false is_nullable: true encoding: RLE compression: DEFAULT_COMPRESSION cfile_block_size: 8388608 } columns { name: "c169" type: INT32 is_key: false is_nullable: true encoding: RLE compression: DEFAULT_COMPRESSION cfile_block_size: 0 } columns { name: "c553" type: INT32 is_key: false is_nullable: false read_default_value: "\274)Y\\" encoding: AUTO_ENCODING compression: DEFAULT_COMPRESSION cfile_block_size: 0 } columns { name: "c389" type: INT32 is_key: false is_nullable: true encoding: AUTO_ENCODING compression: DEFAULT_COMPRESSION cfile_block_size: 0 } columns { name: "c764" type: INT32 is_key: false is_nullable: true encoding: RLE compression: DEFAULT_COMPRESSION cfile_block_size: 2097152 } columns { name: "c134" type: INT32 is_key: false is_nullable: true encoding: AUTO_ENCODING compression: DEFAULT_COMPRESSION cfile_block_size: 0 } columns { name: "c840" type: INT32 is_key: false is_nullable: false read_default_value: "\237\304\341X" encoding: AUTO_ENCODING compression: DEFAULT_COMPRESSION cfile_block_size: 0 } columns { name: "c252" type: INT32 is_key: false is_nullable: true encoding: AUTO_ENCODING compression: DEFAULT_COMPRESSION cfile_block_size: 0 } columns { name: "c46" type: INT32 is_key: false is_nullable: true encoding: AUTO_ENCODING compression: DEFAULT_COMPRESSION cfile_block_size: 0 } columns { name: "c908" type: INT32 is_key: false is_nullable: false read_default_value: "\217\336\210M" encoding: AUTO_ENCODING compression: DEFAULT_COMPRESSION cfile_block_size: 0 } columns { name: "c241" type: INT32 is_key: false is_nullable: false read_default_value: "V\312\032=" encoding: AUTO_ENCODING compression: DEFAULT_COMPRESSION cfile_block_size: 0 } } modify_external_catalogs: true
I1102 21:39:11.540809 9068 catalog_manager.cc:2958] Scheduling retry of 9effeaa3138b4770b35fa96a5173bf88 (table default.test_table [id=e93179f4d3eb4a26a760d9d76293265f]) Alter Table RPC with a delay of 23 ms (attempt = 1)
W1102 21:39:11.540861 9068 catalog_manager.cc:3990] Failed to send alter table request: Not found: failed to reset TS proxy: No leader found: Tablet 9effeaa3138b4770b35fa96a5173bf88 has no consensus state
I1102 21:39:11.541013 9068 catalog_manager.cc:4017] T 00000000000000000000000000000000 P 810977538c654d1a96a5c2a53c44d890: Sending DeleteTablet for 3 replicas of tablet 3972e3725a634c6b8a9c57fc18cb789d
I1102 21:39:11.541077 9068 catalog_manager.cc:3180] Sending DeleteTablet(TABLET_DATA_DELETED) for tablet 3972e3725a634c6b8a9c57fc18cb789d on 33b43dabe1b543f39e7ed84247c575e8 (127.7.150.3:44373) (Partition dropped at 2018-11-02 21:39:11 UTC)
I1102 21:39:11.541263 9068 catalog_manager.cc:3180] Sending DeleteTablet(TABLET_DATA_DELETED) for tablet 3972e3725a634c6b8a9c57fc18cb789d on e92a2036de454238809663ac303c6ade (127.7.150.2:39313) (Partition dropped at 2018-11-02 21:39:11 UTC)
I1102 21:39:11.541378 9068 catalog_manager.cc:3180] Sending DeleteTablet(TABLET_DATA_DELETED) for tablet 3972e3725a634c6b8a9c57fc18cb789d on c36abe6b2bdb4e778576473f60926b7b (127.7.150.1:46291) (Partition dropped at 2018-11-02 21:39:11 UTC)
I1102 21:39:11.541627 8501 tablet_service.cc:806] Processing DeleteTablet for tablet 3972e3725a634c6b8a9c57fc18cb789d with delete_type TABLET_DATA_DELETED (Partition dropped at 2018-11-02 21:39:11 UTC) from {username='slave'} at 127.0.0.1:40328
I1102 21:39:11.542843 7900 tablet_service.cc:806] Processing DeleteTablet for tablet 3972e3725a634c6b8a9c57fc18cb789d with delete_type TABLET_DATA_DELETED (Partition dropped at 2018-11-02 21:39:11 UTC) from {username='slave'} at 127.0.0.1:51174
I1102 21:39:11.544598 8500 tablet_service.cc:765] Processing CreateTablet for tablet 9effeaa3138b4770b35fa96a5173bf88 (table=default.test_table [id=e93179f4d3eb4a26a760d9d76293265f]), partition=RANGE (c451) PARTITION 1275068397 <= VALUES < 1342177260
I1102 21:39:11.544827 8500 data_dirs.cc:938] Could only allocate 1 dirs of requested 3 for tablet 9effeaa3138b4770b35fa96a5173bf88. 1 dirs total, 0 dirs full, 0 dirs failed
I1102 21:39:11.544904 9135 tablet.cc:1262] T 96d99047b6c94ea7944254b27508c1bc P 33b43dabe1b543f39e7ed84247c575e8: Alter schema from ( 10:c451 INT32 NOT NULL, 18:c712 INT32 NULLABLE, 20:c169 INT32 NULLABLE, 22:c553 INT32 NOT NULL, 23:c389 INT32 NULLABLE, 24:c764 INT32 NULLABLE, 25:c134 INT32 NULLABLE, 26:c840 INT32 NOT NULL, 28:c252 INT32 NULLABLE, 30:c46 INT32 NULLABLE, 31:c908 INT32 NOT NULL, 32:c241 INT32 NOT NULL, PRIMARY KEY (c451) ) version 26 to ( 10:c451 INT32 NOT NULL, 18:c712 INT32 NULLABLE, 20:c169 INT32 NULLABLE, 22:c553 INT32 NOT NULL, 23:c389 INT32 NULLABLE, 24:c764 INT32 NULLABLE, 25:c363 INT32 NULLABLE, 26:c840 INT32 NOT NULL, 28:c252 INT32 NULLABLE, 30:c46 INT32 NULLABLE, 31:c908 INT32 NOT NULL, 32:c241 INT32 NOT NULL, PRIMARY KEY (c451) ) version 27
I1102 21:39:11.545205 9135 tablet.cc:1214] T 96d99047b6c94ea7944254b27508c1bc P 33b43dabe1b543f39e7ed84247c575e8: Flush: entering stage 1 (old memrowset already frozen for inserts)
I1102 21:39:11.545231 9135 compaction.cc:926] Selected 1 rowsets to compact:
I1102 21:39:11.545249 9135 compaction.cc:929] memrowset(current size on disk: ~0 bytes)
I1102 21:39:11.545260 9135 tablet.cc:1216] T 96d99047b6c94ea7944254b27508c1bc P 33b43dabe1b543f39e7ed84247c575e8: Memstore in-memory size: 1759 bytes
I1102 21:39:11.545282 9135 tablet.cc:1508] T 96d99047b6c94ea7944254b27508c1bc P 33b43dabe1b543f39e7ed84247c575e8: Flush: entering phase 1 (flushing snapshot). Phase 1 snapshot: MvccSnapshot[committed={T|T < 6312733702316158976}]
I1102 21:39:11.545430 9328 tablet.cc:1262] T 96d99047b6c94ea7944254b27508c1bc P e92a2036de454238809663ac303c6ade: Alter schema from ( 10:c451 INT32 NOT NULL, 18:c712 INT32 NULLABLE, 20:c169 INT32 NULLABLE, 22:c553 INT32 NOT NULL, 23:c389 INT32 NULLABLE, 24:c764 INT32 NULLABLE, 25:c134 INT32 NULLABLE, 26:c840 INT32 NOT NULL, 28:c252 INT32 NULLABLE, 30:c46 INT32 NULLABLE, 31:c908 INT32 NOT NULL, 32:c241 INT32 NOT NULL, PRIMARY KEY (c451) ) version 26 to ( 10:c451 INT32 NOT NULL, 18:c712 INT32 NULLABLE, 20:c169 INT32 NULLABLE, 22:c553 INT32 NOT NULL, 23:c389 INT32 NULLABLE, 24:c764 INT32 NULLABLE, 25:c363 INT32 NULLABLE, 26:c840 INT32 NOT NULL, 28:c252 INT32 NULLABLE, 30:c46 INT32 NULLABLE, 31:c908 INT32 NOT NULL, 32:c241 INT32 NOT NULL, PRIMARY KEY (c451) ) version 27
I1102 21:39:11.545717 9328 tablet.cc:1214] T 96d99047b6c94ea7944254b27508c1bc P e92a2036de454238809663ac303c6ade: Flush: entering stage 1 (old memrowset already frozen for inserts)
I1102 21:39:11.545748 9328 compaction.cc:926] Selected 1 rowsets to compact:
I1102 21:39:11.545756 9328 compaction.cc:929] memrowset(current size on disk: ~0 bytes)
I1102 21:39:11.545768 9328 tablet.cc:1216] T 96d99047b6c94ea7944254b27508c1bc P e92a2036de454238809663ac303c6ade: Memstore in-memory size: 1759 bytes
I1102 21:39:11.545787 9328 tablet.cc:1508] T 96d99047b6c94ea7944254b27508c1bc P e92a2036de454238809663ac303c6ade: Flush: entering phase 1 (flushing snapshot). Phase 1 snapshot: MvccSnapshot[committed={T|T < 6312733702316158976}]
I1102 21:39:11.545874 7900 tablet_service.cc:765] Processing CreateTablet for tablet 9effeaa3138b4770b35fa96a5173bf88 (table=default.test_table [id=e93179f4d3eb4a26a760d9d76293265f]), partition=RANGE (c451) PARTITION 1275068397 <= VALUES < 1342177260
I1102 21:39:11.546057 7900 data_dirs.cc:938] Could only allocate 1 dirs of requested 3 for tablet 9effeaa3138b4770b35fa96a5173bf88. 1 dirs total, 0 dirs full, 0 dirs failed
I1102 21:39:11.546936 8500 ts_tablet_manager.cc:1173] T 9effeaa3138b4770b35fa96a5173bf88 P 33b43dabe1b543f39e7ed84247c575e8: Registered tablet (data state: TABLET_DATA_READY)
I1102 21:39:11.547271 9338 tablet_replica.cc:263] T 3972e3725a634c6b8a9c57fc18cb789d P c36abe6b2bdb4e778576473f60926b7b: stopping tablet replica
I1102 21:39:11.547304 9338 maintenance_manager.cc:237] P c36abe6b2bdb4e778576473f60926b7b: Unregistered op CompactRowSetsOp(3972e3725a634c6b8a9c57fc18cb789d)
I1102 21:39:11.547319 9338 maintenance_manager.cc:237] P c36abe6b2bdb4e778576473f60926b7b: Unregistered op MinorDeltaCompactionOp(3972e3725a634c6b8a9c57fc18cb789d)
I1102 21:39:11.547328 9338 maintenance_manager.cc:237] P c36abe6b2bdb4e778576473f60926b7b: Unregistered op MajorDeltaCompactionOp(3972e3725a634c6b8a9c57fc18cb789d)
I1102 21:39:11.547336 9338 maintenance_manager.cc:237] P c36abe6b2bdb4e778576473f60926b7b: Unregistered op UndoDeltaBlockGCOp(3972e3725a634c6b8a9c57fc18cb789d)
I1102 21:39:11.547358 9338 maintenance_manager.cc:237] P c36abe6b2bdb4e778576473f60926b7b: Unregistered op FlushMRSOp(3972e3725a634c6b8a9c57fc18cb789d)
I1102 21:39:11.547366 9338 maintenance_manager.cc:237] P c36abe6b2bdb4e778576473f60926b7b: Unregistered op FlushDeltaMemStoresOp(3972e3725a634c6b8a9c57fc18cb789d)
I1102 21:39:11.547374 9338 maintenance_manager.cc:237] P c36abe6b2bdb4e778576473f60926b7b: Unregistered op LogGCOp(3972e3725a634c6b8a9c57fc18cb789d)
I1102 21:39:11.547433 9338 raft_consensus.cc:2149] T 3972e3725a634c6b8a9c57fc18cb789d P c36abe6b2bdb4e778576473f60926b7b [term 1 LEADER]: Raft consensus shutting down.
I1102 21:39:11.547451 9338 consensus_peers.cc:482] T 3972e3725a634c6b8a9c57fc18cb789d P c36abe6b2bdb4e778576473f60926b7b -> Peer e92a2036de454238809663ac303c6ade (127.7.150.2:39313): Closing peer: e92a2036de454238809663ac303c6ade
I1102 21:39:11.547474 9338 consensus_peers.cc:482] T 3972e3725a634c6b8a9c57fc18cb789d P c36abe6b2bdb4e778576473f60926b7b -> Peer 33b43dabe1b543f39e7ed84247c575e8 (127.7.150.3:44373): Closing peer: 33b43dabe1b543f39e7ed84247c575e8
I1102 21:39:11.547588 9338 raft_consensus.cc:2176] T 3972e3725a634c6b8a9c57fc18cb789d P c36abe6b2bdb4e778576473f60926b7b [term 1 FOLLOWER]: Raft consensus is shut down!
I1102 21:39:11.547665 9135 multi_column_writer.cc:98] Opened CFile writers for 12 column(s)
I1102 21:39:11.548168 7900 ts_tablet_manager.cc:1173] T 9effeaa3138b4770b35fa96a5173bf88 P c36abe6b2bdb4e778576473f60926b7b: Registered tablet (data state: TABLET_DATA_READY)
I1102 21:39:11.548687 9338 ts_tablet_manager.cc:1369] T 3972e3725a634c6b8a9c57fc18cb789d P c36abe6b2bdb4e778576473f60926b7b: Deleting tablet data with delete state TABLET_DATA_DELETED
I1102 21:39:11.549353 9167 tablet.cc:1262] T 96d99047b6c94ea7944254b27508c1bc P c36abe6b2bdb4e778576473f60926b7b: Alter schema from ( 10:c451 INT32 NOT NULL, 18:c712 INT32 NULLABLE, 20:c169 INT32 NULLABLE, 22:c553 INT32 NOT NULL, 23:c389 INT32 NULLABLE, 24:c764 INT32 NULLABLE, 25:c134 INT32 NULLABLE, 26:c840 INT32 NOT NULL, 28:c252 INT32 NULLABLE, 30:c46 INT32 NULLABLE, 31:c908 INT32 NOT NULL, 32:c241 INT32 NOT NULL, PRIMARY KEY (c451) ) version 26 to ( 10:c451 INT32 NOT NULL, 18:c712 INT32 NULLABLE, 20:c169 INT32 NULLABLE, 22:c553 INT32 NOT NULL, 23:c389 INT32 NULLABLE, 24:c764 INT32 NULLABLE, 25:c363 INT32 NULLABLE, 26:c840 INT32 NOT NULL, 28:c252 INT32 NULLABLE, 30:c46 INT32 NULLABLE, 31:c908 INT32 NOT NULL, 32:c241 INT32 NOT NULL, PRIMARY KEY (c451) ) version 27
I1102 21:39:11.549785 9167 tablet.cc:1214] T 96d99047b6c94ea7944254b27508c1bc P c36abe6b2bdb4e778576473f60926b7b: Flush: entering stage 1 (old memrowset already frozen for inserts)
I1102 21:39:11.549834 9167 compaction.cc:926] Selected 1 rowsets to compact:
I1102 21:39:11.549872 9167 compaction.cc:929] memrowset(current size on disk: ~0 bytes)
I1102 21:39:11.549921 9167 tablet.cc:1216] T 96d99047b6c94ea7944254b27508c1bc P c36abe6b2bdb4e778576473f60926b7b: Memstore in-memory size: 1759 bytes
I1102 21:39:11.549931 9337 tablet_replica.cc:263] T 3972e3725a634c6b8a9c57fc18cb789d P 33b43dabe1b543f39e7ed84247c575e8: stopping tablet replica
I1102 21:39:11.549964 9337 maintenance_manager.cc:237] P 33b43dabe1b543f39e7ed84247c575e8: Unregistered op CompactRowSetsOp(3972e3725a634c6b8a9c57fc18cb789d)
I1102 21:39:11.549993 9167 tablet.cc:1508] T 96d99047b6c94ea7944254b27508c1bc P c36abe6b2bdb4e778576473f60926b7b: Flush: entering phase 1 (flushing snapshot). Phase 1 snapshot: MvccSnapshot[committed={T|T < 6312733702316158976}]
I1102 21:39:11.552307 9167 multi_column_writer.cc:98] Opened CFile writers for 12 column(s)
I1102 21:39:11.553036 9338 ts_tablet_manager.cc:1382] T 3972e3725a634c6b8a9c57fc18cb789d P c36abe6b2bdb4e778576473f60926b7b: tablet deleted with delete type TABLET_DATA_DELETED: last-logged OpId 1.183
I1102 21:39:11.553135 9338 log.cc:986] T 3972e3725a634c6b8a9c57fc18cb789d P c36abe6b2bdb4e778576473f60926b7b: Deleting WAL directory at /tmp/dist-test-taskoKLkQa/test-tmp/alter_table-randomized-test.0.HmsConfigurations_AlterTableRandomized.TestRandomSequence_0.1541194740983682-7768/minicluster-data/ts-0/wal/wals/3972e3725a634c6b8a9c57fc18cb789d
I1102 21:39:11.553661 9338 ts_tablet_manager.cc:1403] T 3972e3725a634c6b8a9c57fc18cb789d P c36abe6b2bdb4e778576473f60926b7b: Deleting consensus metadata
I1102 21:39:11.554338 9342 ts_tablet_manager.cc:1028] T 9effeaa3138b4770b35fa96a5173bf88 P c36abe6b2bdb4e778576473f60926b7b: Bootstrapping tablet
I1102 21:39:11.554510 9342 tablet_bootstrap.cc:438] T 9effeaa3138b4770b35fa96a5173bf88 P c36abe6b2bdb4e778576473f60926b7b: Bootstrap starting.
I1102 21:39:11.555286 9342 tablet_bootstrap.cc:592] T 9effeaa3138b4770b35fa96a5173bf88 P c36abe6b2bdb4e778576473f60926b7b: No blocks or log segments found. Creating new log.
I1102 21:39:11.555354 9328 multi_column_writer.cc:98] Opened CFile writers for 12 column(s)
I1102 21:39:11.555987 9058 catalog_manager.cc:3158] TS c36abe6b2bdb4e778576473f60926b7b (127.7.150.1:46291): tablet 3972e3725a634c6b8a9c57fc18cb789d (table default.test_table [id=e93179f4d3eb4a26a760d9d76293265f]) successfully deleted
I1102 21:39:11.561794 9328 tablet.cc:1594] T 96d99047b6c94ea7944254b27508c1bc P e92a2036de454238809663ac303c6ade: Flush: entering phase 2 (starting to duplicate updates in new rowsets)
I1102 21:39:11.561934 9328 tablet.cc:1649] T 96d99047b6c94ea7944254b27508c1bc P e92a2036de454238809663ac303c6ade: Flush Phase 2: carrying over any updates which arrived during Phase 1
I1102 21:39:11.561966 9328 tablet.cc:1651] T 96d99047b6c94ea7944254b27508c1bc P e92a2036de454238809663ac303c6ade: Phase 2 snapshot: MvccSnapshot[committed={T|T < 6312733702316158976}]
I1102 21:39:11.564313 9058 catalog_manager.cc:2958] Scheduling retry of 9effeaa3138b4770b35fa96a5173bf88 (table default.test_table [id=e93179f4d3eb4a26a760d9d76293265f]) Alter Table RPC with a delay of 48 ms (attempt = 2)
W1102 21:39:11.564373 9058 catalog_manager.cc:2977] Async tablet task 9effeaa3138b4770b35fa96a5173bf88 (table default.test_table [id=e93179f4d3eb4a26a760d9d76293265f]) Alter Table RPC failed: Not found: failed to reset TS proxy: No leader found: Tablet 9effeaa3138b4770b35fa96a5173bf88 consensus state has no leader
I1102 21:39:11.566190 9337 maintenance_manager.cc:237] P 33b43dabe1b543f39e7ed84247c575e8: Unregistered op MinorDeltaCompactionOp(3972e3725a634c6b8a9c57fc18cb789d)
I1102 21:39:11.557866 9135 tablet.cc:1594] T 96d99047b6c94ea7944254b27508c1bc P 33b43dabe1b543f39e7ed84247c575e8: Flush: entering phase 2 (starting to duplicate updates in new rowsets)
I1102 21:39:11.554251 9341 ts_tablet_manager.cc:1028] T 9effeaa3138b4770b35fa96a5173bf88 P 33b43dabe1b543f39e7ed84247c575e8: Bootstrapping tablet
I1102 21:39:11.566633 9328 tablet.cc:1699] T 96d99047b6c94ea7944254b27508c1bc P e92a2036de454238809663ac303c6ade: Flush successful on 11 rows (1 rowsets, 5999 bytes)
I1102 21:39:11.566691 9341 tablet_bootstrap.cc:438] T 9effeaa3138b4770b35fa96a5173bf88 P 33b43dabe1b543f39e7ed84247c575e8: Bootstrap starting.
I1102 21:39:11.567694 9341 tablet_bootstrap.cc:592] T 9effeaa3138b4770b35fa96a5173bf88 P 33b43dabe1b543f39e7ed84247c575e8: No blocks or log segments found. Creating new log.
I1102 21:39:11.568001 9167 tablet.cc:1594] T 96d99047b6c94ea7944254b27508c1bc P c36abe6b2bdb4e778576473f60926b7b: Flush: entering phase 2 (starting to duplicate updates in new rowsets)
I1102 21:39:11.568150 9167 tablet.cc:1649] T 96d99047b6c94ea7944254b27508c1bc P c36abe6b2bdb4e778576473f60926b7b: Flush Phase 2: carrying over any updates which arrived during Phase 1
I1102 21:39:11.568187 9167 tablet.cc:1651] T 96d99047b6c94ea7944254b27508c1bc P c36abe6b2bdb4e778576473f60926b7b: Phase 2 snapshot: MvccSnapshot[committed={T|T < 6312733702316158976}]
I1102 21:39:11.566519 9135 tablet.cc:1649] T 96d99047b6c94ea7944254b27508c1bc P 33b43dabe1b543f39e7ed84247c575e8: Flush Phase 2: carrying over any updates which arrived during Phase 1
I1102 21:39:11.568289 9135 tablet.cc:1651] T 96d99047b6c94ea7944254b27508c1bc P 33b43dabe1b543f39e7ed84247c575e8: Phase 2 snapshot: MvccSnapshot[committed={T|T < 6312733702316158976}]
