I1102 21:39:18.098572 9797 consensus_queue.cc:229] T 1652ac19c70f4370809e3baad1c10e4e P 33b43dabe1b543f39e7ed84247c575e8 [NON_LEADER]: Queue going to NON_LEADER mode. State: All replicated index: 0, Majority replicated index: 0, Committed index: 0, Last appended: 0.0, Last appended by leader: 0, Current term: 0, Majority size: -1, State: 0, Mode: NON_LEADER, active raft config: opid_index: -1 OBSOLETE_local: false peers { permanent_uuid: "e92a2036de454238809663ac303c6ade" member_type: VOTER last_known_addr { host: "127.7.150.2" port: 39313 } } peers { permanent_uuid: "33b43dabe1b543f39e7ed84247c575e8" member_type: VOTER last_known_addr { host: "127.7.150.3" port: 44373 } } peers { permanent_uuid: "c36abe6b2bdb4e778576473f60926b7b" member_type: VOTER last_known_addr { host: "127.7.150.1" port: 46291 } }
I1102 21:39:18.099136 9797 ts_tablet_manager.cc:1073] T 1652ac19c70f4370809e3baad1c10e4e P 33b43dabe1b543f39e7ed84247c575e8: Time spent starting tablet: real 0.002s user 0.001s sys 0.000s
I1102 21:39:18.099537 9069 catalog_manager.cc:3873] TS 33b43dabe1b543f39e7ed84247c575e8 (127.7.150.3:44373) does not have the latest schema for tablet 1652ac19c70f4370809e3baad1c10e4e (table default.test_table [id=e93179f4d3eb4a26a760d9d76293265f]). Expected version 38 got 0
I1102 21:39:18.099700 9069 catalog_manager.cc:2958] Scheduling retry of 1652ac19c70f4370809e3baad1c10e4e (table default.test_table [id=e93179f4d3eb4a26a760d9d76293265f]) Alter Table RPC with a delay of 41 ms (attempt = 1)
W1102 21:39:18.099748 9069 catalog_manager.cc:3937] Failed to send 1652ac19c70f4370809e3baad1c10e4e (table default.test_table [id=e93179f4d3eb4a26a760d9d76293265f]) Alter Table RPC: Not found: failed to reset TS proxy: No leader found: Tablet 1652ac19c70f4370809e3baad1c10e4e consensus state has no leader
I1102 21:39:18.101009 9069 catalog_manager.cc:3873] TS 33b43dabe1b543f39e7ed84247c575e8 (127.7.150.3:44373) does not have the latest schema for tablet 1652ac19c70f4370809e3baad1c10e4e (table default.test_table [id=e93179f4d3eb4a26a760d9d76293265f]). Expected version 38 got 0
I1102 21:39:18.101330 9069 catalog_manager.cc:2958] Scheduling retry of 1652ac19c70f4370809e3baad1c10e4e (table default.test_table [id=e93179f4d3eb4a26a760d9d76293265f]) Alter Table RPC with a delay of 38 ms (attempt = 1)
W1102 21:39:18.101569 9069 catalog_manager.cc:3937] Failed to send 1652ac19c70f4370809e3baad1c10e4e (table default.test_table [id=e93179f4d3eb4a26a760d9d76293265f]) Alter Table RPC: Not found: failed to reset TS proxy: No leader found: Tablet 1652ac19c70f4370809e3baad1c10e4e consensus state has no leader
I1102 21:39:18.103209 9806 tablet.cc:1594] T 96875be6f1124d25ba150b3bd8ed725f P 33b43dabe1b543f39e7ed84247c575e8: Flush: entering phase 2 (starting to duplicate updates in new rowsets)
I1102 21:39:18.105587 9057 catalog_manager.cc:2958] Scheduling retry of 1652ac19c70f4370809e3baad1c10e4e (table default.test_table [id=e93179f4d3eb4a26a760d9d76293265f]) Alter Table RPC with a delay of 71 ms (attempt = 2)
W1102 21:39:18.105626 9057 catalog_manager.cc:2977] Async tablet task 1652ac19c70f4370809e3baad1c10e4e (table default.test_table [id=e93179f4d3eb4a26a760d9d76293265f]) Alter Table RPC failed: Not found: failed to reset TS proxy: No leader found: Tablet 1652ac19c70f4370809e3baad1c10e4e consensus state has no leader
I1102 21:39:18.105701 9059 catalog_manager.cc:2958] Scheduling retry of 1652ac19c70f4370809e3baad1c10e4e (table default.test_table [id=e93179f4d3eb4a26a760d9d76293265f]) Alter Table RPC with a delay of 59 ms (attempt = 2)
W1102 21:39:18.105741 9059 catalog_manager.cc:2977] Async tablet task 1652ac19c70f4370809e3baad1c10e4e (table default.test_table [id=e93179f4d3eb4a26a760d9d76293265f]) Alter Table RPC failed: Not found: failed to reset TS proxy: No leader found: Tablet 1652ac19c70f4370809e3baad1c10e4e consensus state has no leader
I1102 21:39:18.105836 9778 tablet.cc:1594] T 5b0eb10d453249ddb5893c3bd83a6752 P e92a2036de454238809663ac303c6ade: Flush: entering phase 2 (starting to duplicate updates in new rowsets)
I1102 21:39:18.106194 9778 tablet.cc:1649] T 5b0eb10d453249ddb5893c3bd83a6752 P e92a2036de454238809663ac303c6ade: Flush Phase 2: carrying over any updates which arrived during Phase 1
I1102 21:39:18.106279 9778 tablet.cc:1651] T 5b0eb10d453249ddb5893c3bd83a6752 P e92a2036de454238809663ac303c6ade: Phase 2 snapshot: MvccSnapshot[committed={T|T < 6312733728949334016}]
I1102 21:39:18.106438 9806 tablet.cc:1649] T 96875be6f1124d25ba150b3bd8ed725f P 33b43dabe1b543f39e7ed84247c575e8: Flush Phase 2: carrying over any updates which arrived during Phase 1
I1102 21:39:18.106478 9806 tablet.cc:1651] T 96875be6f1124d25ba150b3bd8ed725f P 33b43dabe1b543f39e7ed84247c575e8: Phase 2 snapshot: MvccSnapshot[committed={T|T < 6312733728946077696}]
I1102 21:39:18.108754 9804 multi_column_writer.cc:98] Opened CFile writers for 10 column(s)
I1102 21:39:18.110885 9809 tablet.cc:1594] T f9090285974a41d19310b6a5017793d2 P 33b43dabe1b543f39e7ed84247c575e8: Flush: entering phase 2 (starting to duplicate updates in new rowsets)
I1102 21:39:18.110883 9057 catalog_manager.cc:2958] Scheduling retry of 6d61649b204f4e3e83fee610942dc9f6 (table default.test_table [id=e93179f4d3eb4a26a760d9d76293265f]) Alter Table RPC with a delay of 48 ms (attempt = 2)
W1102 21:39:18.110934 9057 catalog_manager.cc:2977] Async tablet task 6d61649b204f4e3e83fee610942dc9f6 (table default.test_table [id=e93179f4d3eb4a26a760d9d76293265f]) Alter Table RPC failed: Not found: failed to reset TS proxy: No leader found: Tablet 6d61649b204f4e3e83fee610942dc9f6 consensus state has no leader
I1102 21:39:18.111059 9056 catalog_manager.cc:2958] Scheduling retry of 6d61649b204f4e3e83fee610942dc9f6 (table default.test_table [id=e93179f4d3eb4a26a760d9d76293265f]) Alter Table RPC with a delay of 60 ms (attempt = 2)
I1102 21:39:18.111088 9809 tablet.cc:1649] T f9090285974a41d19310b6a5017793d2 P 33b43dabe1b543f39e7ed84247c575e8: Flush Phase 2: carrying over any updates which arrived during Phase 1
W1102 21:39:18.111106 9056 catalog_manager.cc:2977] Async tablet task 6d61649b204f4e3e83fee610942dc9f6 (table default.test_table [id=e93179f4d3eb4a26a760d9d76293265f]) Alter Table RPC failed: Not found: failed to reset TS proxy: No leader found: Tablet 6d61649b204f4e3e83fee610942dc9f6 consensus state has no leader
I1102 21:39:18.111110 9809 tablet.cc:1651] T f9090285974a41d19310b6a5017793d2 P 33b43dabe1b543f39e7ed84247c575e8: Phase 2 snapshot: MvccSnapshot[committed={T|T < 6312733728943828992}]
I1102 21:39:18.112283 9056 catalog_manager.cc:2958] Scheduling retry of 1652ac19c70f4370809e3baad1c10e4e (table default.test_table [id=e93179f4d3eb4a26a760d9d76293265f]) Alter Table RPC with a delay of 44 ms (attempt = 2)
W1102 21:39:18.112330 9056 catalog_manager.cc:2977] Async tablet task 1652ac19c70f4370809e3baad1c10e4e (table default.test_table [id=e93179f4d3eb4a26a760d9d76293265f]) Alter Table RPC failed: Not found: failed to reset TS proxy: No leader found: Tablet 1652ac19c70f4370809e3baad1c10e4e consensus state has no leader
I1102 21:39:18.113436 9806 tablet.cc:1699] T 96875be6f1124d25ba150b3bd8ed725f P 33b43dabe1b543f39e7ed84247c575e8: Flush successful on 8 rows (1 rowsets, 5591 bytes)
I1102 21:39:18.113770 9812 tablet.cc:1594] T f9090285974a41d19310b6a5017793d2 P c36abe6b2bdb4e778576473f60926b7b: Flush: entering phase 2 (starting to duplicate updates in new rowsets)
I1102 21:39:18.114002 9812 tablet.cc:1649] T f9090285974a41d19310b6a5017793d2 P c36abe6b2bdb4e778576473f60926b7b: Flush Phase 2: carrying over any updates which arrived during Phase 1
I1102 21:39:18.114039 9812 tablet.cc:1651] T f9090285974a41d19310b6a5017793d2 P c36abe6b2bdb4e778576473f60926b7b: Phase 2 snapshot: MvccSnapshot[committed={T|T < 6312733728943828992}]
I1102 21:39:18.115998 9801 tablet.cc:1594] T a33395cf77dc424e86b496d77002510f P 33b43dabe1b543f39e7ed84247c575e8: Flush: entering phase 2 (starting to duplicate updates in new rowsets)
I1102 21:39:18.116132 9801 tablet.cc:1649] T a33395cf77dc424e86b496d77002510f P 33b43dabe1b543f39e7ed84247c575e8: Flush Phase 2: carrying over any updates which arrived during Phase 1
I1102 21:39:18.116159 9801 tablet.cc:1651] T a33395cf77dc424e86b496d77002510f P 33b43dabe1b543f39e7ed84247c575e8: Phase 2 snapshot: MvccSnapshot[committed={T|T < 6312733728946225152}]
I1102 21:39:18.116315 9808 tablet.cc:1594] T 96875be6f1124d25ba150b3bd8ed725f P c36abe6b2bdb4e778576473f60926b7b: Flush: entering phase 2 (starting to duplicate updates in new rowsets)
I1102 21:39:18.116616 9808 tablet.cc:1649] T 96875be6f1124d25ba150b3bd8ed725f P c36abe6b2bdb4e778576473f60926b7b: Flush Phase 2: carrying over any updates which arrived during Phase 1
I1102 21:39:18.116652 9808 tablet.cc:1651] T 96875be6f1124d25ba150b3bd8ed725f P c36abe6b2bdb4e778576473f60926b7b: Phase 2 snapshot: MvccSnapshot[committed={T|T < 6312733728946077696}]
I1102 21:39:18.119776 9803 tablet.cc:1594] T a33395cf77dc424e86b496d77002510f P e92a2036de454238809663ac303c6ade: Flush: entering phase 2 (starting to duplicate updates in new rowsets)
I1102 21:39:18.122087 9812 tablet.cc:1699] T f9090285974a41d19310b6a5017793d2 P c36abe6b2bdb4e778576473f60926b7b: Flush successful on 5 rows (1 rowsets, 5536 bytes)
I1102 21:39:18.122802 9809 tablet.cc:1699] T f9090285974a41d19310b6a5017793d2 P 33b43dabe1b543f39e7ed84247c575e8: Flush successful on 5 rows (1 rowsets, 5532 bytes)
I1102 21:39:18.124750 9801 tablet.cc:1699] T a33395cf77dc424e86b496d77002510f P 33b43dabe1b543f39e7ed84247c575e8: Flush successful on 1 rows (1 rowsets, 5523 bytes)
I1102 21:39:18.121269 9778 tablet.cc:1699] T 5b0eb10d453249ddb5893c3bd83a6752 P e92a2036de454238809663ac303c6ade: Flush successful on 5 rows (1 rowsets, 5583 bytes)
I1102 21:39:18.125000 9059 catalog_manager.cc:2958] Scheduling retry of 6d61649b204f4e3e83fee610942dc9f6 (table default.test_table [id=e93179f4d3eb4a26a760d9d76293265f]) Alter Table RPC with a delay of 32 ms (attempt = 2)
W1102 21:39:18.125044 9059 catalog_manager.cc:2977] Async tablet task 6d61649b204f4e3e83fee610942dc9f6 (table default.test_table [id=e93179f4d3eb4a26a760d9d76293265f]) Alter Table RPC failed: Not found: failed to reset TS proxy: No leader found: Tablet 6d61649b204f4e3e83fee610942dc9f6 consensus state has no leader
I1102 21:39:18.125473 9803 tablet.cc:1649] T a33395cf77dc424e86b496d77002510f P e92a2036de454238809663ac303c6ade: Flush Phase 2: carrying over any updates which arrived during Phase 1
I1102 21:39:18.125504 9803 tablet.cc:1651] T a33395cf77dc424e86b496d77002510f P e92a2036de454238809663ac303c6ade: Phase 2 snapshot: MvccSnapshot[committed={T|T < 6312733728946225152}]
I1102 21:39:18.126495 9808 tablet.cc:1699] T 96875be6f1124d25ba150b3bd8ed725f P c36abe6b2bdb4e778576473f60926b7b: Flush successful on 8 rows (1 rowsets, 5591 bytes)
I1102 21:39:18.128123 9807 tablet.cc:1594] T f9090285974a41d19310b6a5017793d2 P e92a2036de454238809663ac303c6ade: Flush: entering phase 2 (starting to duplicate updates in new rowsets)
I1102 21:39:18.128310 9807 tablet.cc:1649] T f9090285974a41d19310b6a5017793d2 P e92a2036de454238809663ac303c6ade: Flush Phase 2: carrying over any updates which arrived during Phase 1
I1102 21:39:18.128346 9807 tablet.cc:1651] T f9090285974a41d19310b6a5017793d2 P e92a2036de454238809663ac303c6ade: Phase 2 snapshot: MvccSnapshot[committed={T|T < 6312733728943828992}]
I1102 21:39:18.129695 9057 catalog_manager.cc:2958] Scheduling retry of 6d61649b204f4e3e83fee610942dc9f6 (table default.test_table [id=e93179f4d3eb4a26a760d9d76293265f]) Alter Table RPC with a delay of 110 ms (attempt = 3)
W1102 21:39:18.129748 9057 catalog_manager.cc:2977] Async tablet task 6d61649b204f4e3e83fee610942dc9f6 (table default.test_table [id=e93179f4d3eb4a26a760d9d76293265f]) Alter Table RPC failed: Not found: failed to reset TS proxy: No leader found: Tablet 6d61649b204f4e3e83fee610942dc9f6 consensus state has no leader
I1102 21:39:18.133829 9056 catalog_manager.cc:2958] Scheduling retry of 1652ac19c70f4370809e3baad1c10e4e (table default.test_table [id=e93179f4d3eb4a26a760d9d76293265f]) Alter Table RPC with a delay of 56 ms (attempt = 2)
W1102 21:39:18.133875 9056 catalog_manager.cc:2977] Async tablet task 1652ac19c70f4370809e3baad1c10e4e (table default.test_table [id=e93179f4d3eb4a26a760d9d76293265f]) Alter Table RPC failed: Not found: failed to reset TS proxy: No leader found: Tablet 1652ac19c70f4370809e3baad1c10e4e consensus state has no leader
I1102 21:39:18.135092 9057 catalog_manager.cc:2958] Scheduling retry of 1652ac19c70f4370809e3baad1c10e4e (table default.test_table [id=e93179f4d3eb4a26a760d9d76293265f]) Alter Table RPC with a delay of 97 ms (attempt = 3)
W1102 21:39:18.135129 9057 catalog_manager.cc:2977] Async tablet task 1652ac19c70f4370809e3baad1c10e4e (table default.test_table [id=e93179f4d3eb4a26a760d9d76293265f]) Alter Table RPC failed: Not found: failed to reset TS proxy: No leader found: Tablet 1652ac19c70f4370809e3baad1c10e4e consensus state has no leader
I1102 21:39:18.139087 9804 tablet.cc:1594] T 96875be6f1124d25ba150b3bd8ed725f P e92a2036de454238809663ac303c6ade: Flush: entering phase 2 (starting to duplicate updates in new rowsets)
I1102 21:39:18.139428 9807 tablet.cc:1699] T f9090285974a41d19310b6a5017793d2 P e92a2036de454238809663ac303c6ade: Flush successful on 5 rows (1 rowsets, 5536 bytes)
I1102 21:39:18.139524 9804 tablet.cc:1649] T 96875be6f1124d25ba150b3bd8ed725f P e92a2036de454238809663ac303c6ade: Flush Phase 2: carrying over any updates which arrived during Phase 1
I1102 21:39:18.139595 9804 tablet.cc:1651] T 96875be6f1124d25ba150b3bd8ed725f P e92a2036de454238809663ac303c6ade: Phase 2 snapshot: MvccSnapshot[committed={T|T < 6312733728946077696}]
I1102 21:39:18.140019 9059 catalog_manager.cc:2958] Scheduling retry of 1652ac19c70f4370809e3baad1c10e4e (table default.test_table [id=e93179f4d3eb4a26a760d9d76293265f]) Alter Table RPC with a delay of 45 ms (attempt = 2)
W1102 21:39:18.140056 9059 catalog_manager.cc:2977] Async tablet task 1652ac19c70f4370809e3baad1c10e4e (table default.test_table [id=e93179f4d3eb4a26a760d9d76293265f]) Alter Table RPC failed: Not found: failed to reset TS proxy: No leader found: Tablet 1652ac19c70f4370809e3baad1c10e4e consensus state has no leader
I1102 21:39:18.141302 9803 tablet.cc:1699] T a33395cf77dc424e86b496d77002510f P e92a2036de454238809663ac303c6ade: Flush successful on 1 rows (1 rowsets, 5529 bytes)
I1102 21:39:18.141530 9059 catalog_manager.cc:2958] Scheduling retry of 1652ac19c70f4370809e3baad1c10e4e (table default.test_table [id=e93179f4d3eb4a26a760d9d76293265f]) Alter Table RPC with a delay of 68 ms (attempt = 2)
W1102 21:39:18.141559 9059 catalog_manager.cc:2977] Async tablet task 1652ac19c70f4370809e3baad1c10e4e (table default.test_table [id=e93179f4d3eb4a26a760d9d76293265f]) Alter Table RPC failed: Not found: failed to reset TS proxy: No leader found: Tablet 1652ac19c70f4370809e3baad1c10e4e consensus state has no leader
I1102 21:39:18.144450 9804 tablet.cc:1699] T 96875be6f1124d25ba150b3bd8ed725f P e92a2036de454238809663ac303c6ade: Flush successful on 8 rows (1 rowsets, 5591 bytes)
I1102 21:39:18.145849 9059 catalog_manager.cc:2958] Scheduling retry of 6d61649b204f4e3e83fee610942dc9f6 (table default.test_table [id=e93179f4d3eb4a26a760d9d76293265f]) Alter Table RPC with a delay of 81 ms (attempt = 2)
W1102 21:39:18.145889 9059 catalog_manager.cc:2977] Async tablet task 6d61649b204f4e3e83fee610942dc9f6 (table default.test_table [id=e93179f4d3eb4a26a760d9d76293265f]) Alter Table RPC failed: Not found: failed to reset TS proxy: No leader found: Tablet 6d61649b204f4e3e83fee610942dc9f6 consensus state has no leader
I1102 21:39:18.149788 9057 catalog_manager.cc:2958] Scheduling retry of 6d61649b204f4e3e83fee610942dc9f6 (table default.test_table [id=e93179f4d3eb4a26a760d9d76293265f]) Alter Table RPC with a delay of 52 ms (attempt = 2)
W1102 21:39:18.149824 9057 catalog_manager.cc:2977] Async tablet task 6d61649b204f4e3e83fee610942dc9f6 (table default.test_table [id=e93179f4d3eb4a26a760d9d76293265f]) Alter Table RPC failed: Not found: failed to reset TS proxy: No leader found: Tablet 6d61649b204f4e3e83fee610942dc9f6 consensus state has no leader
I1102 21:39:18.151504 9791 raft_consensus.cc:471] T 1652ac19c70f4370809e3baad1c10e4e P c36abe6b2bdb4e778576473f60926b7b [term 0 FOLLOWER]: Starting pre-election (no leader contacted us within the election timeout)
I1102 21:39:18.151609 9791 raft_consensus.cc:2840] T 1652ac19c70f4370809e3baad1c10e4e P c36abe6b2bdb4e778576473f60926b7b: Snoozing failure detection for 2.014s (starting election)
I1102 21:39:18.151891 9791 raft_consensus.cc:493] T 1652ac19c70f4370809e3baad1c10e4e P c36abe6b2bdb4e778576473f60926b7b [term 0 FOLLOWER]: Starting pre-election with config: opid_index: -1 OBSOLETE_local: false peers { permanent_uuid: "e92a2036de454238809663ac303c6ade" member_type: VOTER last_known_addr { host: "127.7.150.2" port: 39313 } } peers { permanent_uuid: "33b43dabe1b543f39e7ed84247c575e8" member_type: VOTER last_known_addr { host: "127.7.150.3" port: 44373 } } peers { permanent_uuid: "c36abe6b2bdb4e778576473f60926b7b" member_type: VOTER last_known_addr { host: "127.7.150.1" port: 46291 } }
I1102 21:39:18.152109 9791 leader_election.cc:251] T 1652ac19c70f4370809e3baad1c10e4e P c36abe6b2bdb4e778576473f60926b7b [CANDIDATE]: Term 1 pre-election: Requesting pre-vote from peer e92a2036de454238809663ac303c6ade (127.7.150.2:39313)
I1102 21:39:18.152209 9791 leader_election.cc:251] T 1652ac19c70f4370809e3baad1c10e4e P c36abe6b2bdb4e778576473f60926b7b [CANDIDATE]: Term 1 pre-election: Requesting pre-vote from peer 33b43dabe1b543f39e7ed84247c575e8 (127.7.150.3:44373)
I1102 21:39:18.152770 9271 tablet_service.cc:1001] Received RequestConsensusVote() RPC: tablet_id: "1652ac19c70f4370809e3baad1c10e4e" candidate_uuid: "c36abe6b2bdb4e778576473f60926b7b" candidate_term: 1 candidate_status { last_received { term: 0 index: 0 } } ignore_live_leader: false dest_uuid: "e92a2036de454238809663ac303c6ade" is_pre_election: true
I1102 21:39:18.152830 9271 raft_consensus.cc:2840] T 1652ac19c70f4370809e3baad1c10e4e P e92a2036de454238809663ac303c6ade: Snoozing failure detection for 1.859s (vote granted)
I1102 21:39:18.152864 9271 raft_consensus.cc:2352] T 1652ac19c70f4370809e3baad1c10e4e P e92a2036de454238809663ac303c6ade [term 0 FOLLOWER]: Leader pre-election vote request: Granting yes vote for candidate c36abe6b2bdb4e778576473f60926b7b in term 0.
I1102 21:39:18.153322 9579 leader_election.cc:387] T 1652ac19c70f4370809e3baad1c10e4e P c36abe6b2bdb4e778576473f60926b7b [CANDIDATE]: Term 1 pre-election: Vote granted by peer e92a2036de454238809663ac303c6ade (127.7.150.2:39313)
I1102 21:39:18.153353 9579 leader_election.cc:278] T 1652ac19c70f4370809e3baad1c10e4e P c36abe6b2bdb4e778576473f60926b7b [CANDIDATE]: Term 1 pre-election: Election decided. Result: candidate won.
I1102 21:39:18.154008 8521 tablet_service.cc:1001] Received RequestConsensusVote() RPC: tablet_id: "1652ac19c70f4370809e3baad1c10e4e" candidate_uuid: "c36abe6b2bdb4e778576473f60926b7b" candidate_term: 1 candidate_status { last_received { term: 0 index: 0 } } ignore_live_leader: false dest_uuid: "33b43dabe1b543f39e7ed84247c575e8" is_pre_election: true
I1102 21:39:18.154079 8521 raft_consensus.cc:2840] T 1652ac19c70f4370809e3baad1c10e4e P 33b43dabe1b543f39e7ed84247c575e8: Snoozing failure detection for 1.568s (vote granted)
I1102 21:39:18.154196 8521 raft_consensus.cc:2352] T 1652ac19c70f4370809e3baad1c10e4e P 33b43dabe1b543f39e7ed84247c575e8 [term 0 FOLLOWER]: Leader pre-election vote request: Granting yes vote for candidate c36abe6b2bdb4e778576473f60926b7b in term 0.
I1102 21:39:18.154592 9582 leader_election.cc:387] T 1652ac19c70f4370809e3baad1c10e4e P c36abe6b2bdb4e778576473f60926b7b [CANDIDATE]: Term 1 pre-election: Vote granted by peer 33b43dabe1b543f39e7ed84247c575e8 (127.7.150.3:44373)
I1102 21:39:18.154764 9791 raft_consensus.cc:2840] T 1652ac19c70f4370809e3baad1c10e4e P c36abe6b2bdb4e778576473f60926b7b: Snoozing failure detection for 1.889s (election complete)
I1102 21:39:18.154803 9791 raft_consensus.cc:2646] T 1652ac19c70f4370809e3baad1c10e4e P c36abe6b2bdb4e778576473f60926b7b [term 0 FOLLOWER]: Leader pre-election won for term 1
I1102 21:39:18.154822 9791 raft_consensus.cc:471] T 1652ac19c70f4370809e3baad1c10e4e P c36abe6b2bdb4e778576473f60926b7b [term 0 FOLLOWER]: Starting leader election (no leader contacted us within the election timeout)
I1102 21:39:18.154839 9791 raft_consensus.cc:2840] T 1652ac19c70f4370809e3baad1c10e4e P c36abe6b2bdb4e778576473f60926b7b: Snoozing failure detection for 1.504s (starting election)
I1102 21:39:18.154855 9791 raft_consensus.cc:2892] T 1652ac19c70f4370809e3baad1c10e4e P c36abe6b2bdb4e778576473f60926b7b [term 0 FOLLOWER]: Advancing to term 1
I1102 21:39:18.155901 9791 raft_consensus.cc:493] T 1652ac19c70f4370809e3baad1c10e4e P c36abe6b2bdb4e778576473f60926b7b [term 1 FOLLOWER]: Starting leader election with config: opid_index: -1 OBSOLETE_local: false peers { permanent_uuid: "e92a2036de454238809663ac303c6ade" member_type: VOTER last_known_addr { host: "127.7.150.2" port: 39313 } } peers { permanent_uuid: "33b43dabe1b543f39e7ed84247c575e8" member_type: VOTER last_known_addr { host: "127.7.150.3" port: 44373 } } peers { permanent_uuid: "c36abe6b2bdb4e778576473f60926b7b" member_type: VOTER last_known_addr { host: "127.7.150.1" port: 46291 } }
I1102 21:39:18.156054 9791 leader_election.cc:251] T 1652ac19c70f4370809e3baad1c10e4e P c36abe6b2bdb4e778576473f60926b7b [CANDIDATE]: Term 1 election: Requesting vote from peer e92a2036de454238809663ac303c6ade (127.7.150.2:39313)
I1102 21:39:18.156138 9791 leader_election.cc:251] T 1652ac19c70f4370809e3baad1c10e4e P c36abe6b2bdb4e778576473f60926b7b [CANDIDATE]: Term 1 election: Requesting vote from peer 33b43dabe1b543f39e7ed84247c575e8 (127.7.150.3:44373)
I1102 21:39:18.156726 9271 tablet_service.cc:1001] Received RequestConsensusVote() RPC: tablet_id: "1652ac19c70f4370809e3baad1c10e4e" candidate_uuid: "c36abe6b2bdb4e778576473f60926b7b" candidate_term: 1 candidate_status { last_received { term: 0 index: 0 } } ignore_live_leader: false dest_uuid: "e92a2036de454238809663ac303c6ade"
I1102 21:39:18.156790 9271 raft_consensus.cc:2892] T 1652ac19c70f4370809e3baad1c10e4e P e92a2036de454238809663ac303c6ade [term 0 FOLLOWER]: Advancing to term 1
I1102 21:39:18.156826 9271 raft_consensus.cc:2840] T 1652ac19c70f4370809e3baad1c10e4e P e92a2036de454238809663ac303c6ade: Snoozing failure detection for 1.746s (vote granted)
I1102 21:39:18.157721 9271 raft_consensus.cc:2352] T 1652ac19c70f4370809e3baad1c10e4e P e92a2036de454238809663ac303c6ade [term 1 FOLLOWER]: Leader election vote request: Granting yes vote for candidate c36abe6b2bdb4e778576473f60926b7b in term 1.
I1102 21:39:18.157902 9059 catalog_manager.cc:2958] Scheduling retry of 6d61649b204f4e3e83fee610942dc9f6 (table default.test_table [id=e93179f4d3eb4a26a760d9d76293265f]) Alter Table RPC with a delay of 108 ms (attempt = 3)
W1102 21:39:18.157935 9059 catalog_manager.cc:2977] Async tablet task 6d61649b204f4e3e83fee610942dc9f6 (table default.test_table [id=e93179f4d3eb4a26a760d9d76293265f]) Alter Table RPC failed: Not found: failed to reset TS proxy: No leader found: Tablet 6d61649b204f4e3e83fee610942dc9f6 consensus state has no leader
I1102 21:39:18.158200 9056 catalog_manager.cc:2958] Scheduling retry of 1652ac19c70f4370809e3baad1c10e4e (table default.test_table [id=e93179f4d3eb4a26a760d9d76293265f]) Alter Table RPC with a delay of 82 ms (attempt = 3)
W1102 21:39:18.158236 9056 catalog_manager.cc:2977] Async tablet task 1652ac19c70f4370809e3baad1c10e4e (table default.test_table [id=e93179f4d3eb4a26a760d9d76293265f]) Alter Table RPC failed: Not found: failed to reset TS proxy: No leader found: Tablet 1652ac19c70f4370809e3baad1c10e4e consensus state has no leader
I1102 21:39:18.158757 8521 tablet_service.cc:1001] Received RequestConsensusVote() RPC: tablet_id: "1652ac19c70f4370809e3baad1c10e4e" candidate_uuid: "c36abe6b2bdb4e778576473f60926b7b" candidate_term: 1 candidate_status { last_received { term: 0 index: 0 } } ignore_live_leader: false dest_uuid: "33b43dabe1b543f39e7ed84247c575e8"
I1102 21:39:18.158807 8521 raft_consensus.cc:2892] T 1652ac19c70f4370809e3baad1c10e4e P 33b43dabe1b543f39e7ed84247c575e8 [term 0 FOLLOWER]: Advancing to term 1
I1102 21:39:18.158843 8521 raft_consensus.cc:2840] T 1652ac19c70f4370809e3baad1c10e4e P 33b43dabe1b543f39e7ed84247c575e8: Snoozing failure detection for 1.848s (vote granted)
I1102 21:39:18.159822 8521 raft_consensus.cc:2352] T 1652ac19c70f4370809e3baad1c10e4e P 33b43dabe1b543f39e7ed84247c575e8 [term 1 FOLLOWER]: Leader election vote request: Granting yes vote for candidate c36abe6b2bdb4e778576473f60926b7b in term 1.
I1102 21:39:18.159958 9057 catalog_manager.cc:2958] Scheduling retry of 6d61649b204f4e3e83fee610942dc9f6 (table default.test_table [id=e93179f4d3eb4a26a760d9d76293265f]) Alter Table RPC with a delay of 79 ms (attempt = 3)
W1102 21:39:18.159988 9057 catalog_manager.cc:2977] Async tablet task 6d61649b204f4e3e83fee610942dc9f6 (table default.test_table [id=e93179f4d3eb4a26a760d9d76293265f]) Alter Table RPC failed: Not found: failed to reset TS proxy: No leader found: Tablet 6d61649b204f4e3e83fee610942dc9f6 consensus state has no leader
I1102 21:39:18.160287 9579 leader_election.cc:387] T 1652ac19c70f4370809e3baad1c10e4e P c36abe6b2bdb4e778576473f60926b7b [CANDIDATE]: Term 1 election: Vote granted by peer e92a2036de454238809663ac303c6ade (127.7.150.2:39313)
I1102 21:39:18.160318 9579 leader_election.cc:278] T 1652ac19c70f4370809e3baad1c10e4e P c36abe6b2bdb4e778576473f60926b7b [CANDIDATE]: Term 1 election: Election decided. Result: candidate won.
I1102 21:39:18.160552 9582 leader_election.cc:387] T 1652ac19c70f4370809e3baad1c10e4e P c36abe6b2bdb4e778576473f60926b7b [CANDIDATE]: Term 1 election: Vote granted by peer 33b43dabe1b543f39e7ed84247c575e8 (127.7.150.3:44373)
I1102 21:39:18.160696 9791 raft_consensus.cc:2840] T 1652ac19c70f4370809e3baad1c10e4e P c36abe6b2bdb4e778576473f60926b7b: Snoozing failure detection for 1.700s (election complete)
I1102 21:39:18.160732 9791 raft_consensus.cc:2646] T 1652ac19c70f4370809e3baad1c10e4e P c36abe6b2bdb4e778576473f60926b7b [term 1 FOLLOWER]: Leader election won for term 1
I1102 21:39:18.160804 9791 raft_consensus.cc:666] T 1652ac19c70f4370809e3baad1c10e4e P c36abe6b2bdb4e778576473f60926b7b [term 1 LEADER]: Becoming Leader. State: Replica: c36abe6b2bdb4e778576473f60926b7b, State: Running, Role: LEADER
I1102 21:39:18.160960 9791 consensus_queue.cc:206] T 1652ac19c70f4370809e3baad1c10e4e P c36abe6b2bdb4e778576473f60926b7b [LEADER]: Queue going to LEADER mode. State: All replicated index: 0, Majority replicated index: 0, Committed index: 0, Last appended: 0.0, Last appended by leader: 0, Current term: 1, Majority size: 2, State: 0, Mode: LEADER, active raft config: opid_index: -1 OBSOLETE_local: false peers { permanent_uuid: "e92a2036de454238809663ac303c6ade" member_type: VOTER last_known_addr { host: "127.7.150.2" port: 39313 } } peers { permanent_uuid: "33b43dabe1b543f39e7ed84247c575e8" member_type: VOTER last_known_addr { host: "127.7.150.3" port: 44373 } } peers { permanent_uuid: "c36abe6b2bdb4e778576473f60926b7b" member_type: VOTER last_known_addr { host: "127.7.150.1" port: 46291 } }
I1102 21:39:18.162626 9067 catalog_manager.cc:3778] T 1652ac19c70f4370809e3baad1c10e4e P c36abe6b2bdb4e778576473f60926b7b reported cstate change: term changed from 0 to 1, leader changed from to c36abe6b2bdb4e778576473f60926b7b (127.7.150.1). New cstate: current_term: 1 leader_uuid: "c36abe6b2bdb4e778576473f60926b7b" committed_config { opid_index: -1 OBSOLETE_local: false peers { permanent_uuid: "e92a2036de454238809663ac303c6ade" member_type: VOTER last_known_addr { host: "127.7.150.2" port: 39313 } health_report { overall_health: UNKNOWN } } peers { permanent_uuid: "33b43dabe1b543f39e7ed84247c575e8" member_type: VOTER last_known_addr { host: "127.7.150.3" port: 44373 } health_report { overall_health: UNKNOWN } } peers { permanent_uuid: "c36abe6b2bdb4e778576473f60926b7b" member_type: VOTER last_known_addr { host: "127.7.150.1" port: 46291 } health_report { overall_health: HEALTHY } } }
I1102 21:39:18.162720 9067 catalog_manager.cc:3873] TS c36abe6b2bdb4e778576473f60926b7b (127.7.150.1:46291) does not have the latest schema for tablet 1652ac19c70f4370809e3baad1c10e4e (table default.test_table [id=e93179f4d3eb4a26a760d9d76293265f]). Expected version 38 got 0
I1102 21:39:18.168258 9271 raft_consensus.cc:1180] T 1652ac19c70f4370809e3baad1c10e4e P e92a2036de454238809663ac303c6ade [term 1 FOLLOWER]: Refusing update from remote peer c36abe6b2bdb4e778576473f60926b7b: Log matching property violated. Preceding OpId in replica: term: 0 index: 0. Preceding OpId from leader: term: 1 index: 2. (index mismatch)
I1102 21:39:18.168792 9789 consensus_queue.cc:976] T 1652ac19c70f4370809e3baad1c10e4e P c36abe6b2bdb4e778576473f60926b7b [LEADER]: Connected to new peer: Peer: permanent_uuid: "e92a2036de454238809663ac303c6ade" member_type: VOTER last_known_addr { host: "127.7.150.2" port: 39313 }, Status: LMP_MISMATCH, Last received: 0.0, Next index: 1, Last known committed idx: 0, Time since last communication: 0.000s
I1102 21:39:18.169510 8521 raft_consensus.cc:1180] T 1652ac19c70f4370809e3baad1c10e4e P 33b43dabe1b543f39e7ed84247c575e8 [term 1 FOLLOWER]: Refusing update from remote peer c36abe6b2bdb4e778576473f60926b7b: Log matching property violated. Preceding OpId in replica: term: 0 index: 0. Preceding OpId from leader: term: 1 index: 2. (index mismatch)
I1102 21:39:18.170017 9789 consensus_queue.cc:976] T 1652ac19c70f4370809e3baad1c10e4e P c36abe6b2bdb4e778576473f60926b7b [LEADER]: Connected to new peer: Peer: permanent_uuid: "33b43dabe1b543f39e7ed84247c575e8" member_type: VOTER last_known_addr { host: "127.7.150.3" port: 44373 }, Status: LMP_MISMATCH, Last received: 0.0, Next index: 1, Last known committed idx: 0, Time since last communication: 0.000s
I1102 21:39:18.171865 9056 catalog_manager.cc:2958] Scheduling retry of 6d61649b204f4e3e83fee610942dc9f6 (table default.test_table [id=e93179f4d3eb4a26a760d9d76293265f]) Alter Table RPC with a delay of 105 ms (attempt = 3)
W1102 21:39:18.171905 9056 catalog_manager.cc:2977] Async tablet task 6d61649b204f4e3e83fee610942dc9f6 (table default.test_table [id=e93179f4d3eb4a26a760d9d76293265f]) Alter Table RPC failed: Not found: failed to reset TS proxy: No leader found: Tablet 6d61649b204f4e3e83fee610942dc9f6 consensus state has no leader
I1102 21:39:18.172338 9067 catalog_manager.cc:3873] TS e92a2036de454238809663ac303c6ade (127.7.150.2:39313) does not have the latest schema for tablet 1652ac19c70f4370809e3baad1c10e4e (table default.test_table [id=e93179f4d3eb4a26a760d9d76293265f]). Expected version 38 got 0
I1102 21:39:18.176452 9069 catalog_manager.cc:3873] TS c36abe6b2bdb4e778576473f60926b7b (127.7.150.1:46291) does not have the latest schema for tablet 1652ac19c70f4370809e3baad1c10e4e (table default.test_table [id=e93179f4d3eb4a26a760d9d76293265f]). Expected version 38 got 0
I1102 21:39:18.178917 9069 catalog_manager.cc:3873] TS e92a2036de454238809663ac303c6ade (127.7.150.2:39313) does not have the latest schema for tablet 1652ac19c70f4370809e3baad1c10e4e (table default.test_table [id=e93179f4d3eb4a26a760d9d76293265f]). Expected version 38 got 0
I1102 21:39:18.180984 9069 catalog_manager.cc:3873] TS 33b43dabe1b543f39e7ed84247c575e8 (127.7.150.3:44373) does not have the latest schema for tablet 1652ac19c70f4370809e3baad1c10e4e (table default.test_table [id=e93179f4d3eb4a26a760d9d76293265f]). Expected version 38 got 0
I1102 21:39:18.183032 9808 tablet.cc:1262] T 1652ac19c70f4370809e3baad1c10e4e P c36abe6b2bdb4e778576473f60926b7b: Alter schema from ( 10:c52 INT32 NOT NULL, 18:c712 INT32 NULLABLE, 22:c252 INT32 NOT NULL, 26:c840 INT32 NOT NULL, 30:c592 INT32 NULLABLE, 31:c466 INT32 NOT NULL, 32:c121 INT32 NOT NULL, 33:c996 INT32 NOT NULL, 36:c864 INT32 NULLABLE, 37:c827 INT32 NOT NULL, PRIMARY KEY (c52) ) version 0 to ( 10:c52 INT32 NOT NULL, 18:c712 INT32 NULLABLE, 22:c252 INT32 NOT NULL, 26:c840 INT32 NOT NULL, 30:c592 INT32 NULLABLE, 31:c466 INT32 NOT NULL, 32:c121 INT32 NOT NULL, 33:c996 INT32 NOT NULL, 36:c864 INT32 NULLABLE, 37:c827 INT32 NOT NULL, PRIMARY KEY (c52) ) version 38
I1102 21:39:18.183555 9804 tablet.cc:1262] T 1652ac19c70f4370809e3baad1c10e4e P e92a2036de454238809663ac303c6ade: Alter schema from ( 10:c52 INT32 NOT NULL, 18:c712 INT32 NULLABLE, 22:c252 INT32 NOT NULL, 26:c840 INT32 NOT NULL, 30:c592 INT32 NULLABLE, 31:c466 INT32 NOT NULL, 32:c121 INT32 NOT NULL, 33:c996 INT32 NOT NULL, 36:c864 INT32 NULLABLE, 37:c827 INT32 NOT NULL, PRIMARY KEY (c52) ) version 0 to ( 10:c52 INT32 NOT NULL, 18:c712 INT32 NULLABLE, 22:c252 INT32 NOT NULL, 26:c840 INT32 NOT NULL, 30:c592 INT32 NULLABLE, 31:c466 INT32 NOT NULL, 32:c121 INT32 NOT NULL, 33:c996 INT32 NOT NULL, 36:c864 INT32 NULLABLE, 37:c827 INT32 NOT NULL, PRIMARY KEY (c52) ) version 38
I1102 21:39:18.184581 9801 tablet.cc:1262] T 1652ac19c70f4370809e3baad1c10e4e P 33b43dabe1b543f39e7ed84247c575e8: Alter schema from ( 10:c52 INT32 NOT NULL, 18:c712 INT32 NULLABLE, 22:c252 INT32 NOT NULL, 26:c840 INT32 NOT NULL, 30:c592 INT32 NULLABLE, 31:c466 INT32 NOT NULL, 32:c121 INT32 NOT NULL, 33:c996 INT32 NOT NULL, 36:c864 INT32 NULLABLE, 37:c827 INT32 NOT NULL, PRIMARY KEY (c52) ) version 0 to ( 10:c52 INT32 NOT NULL, 18:c712 INT32 NULLABLE, 22:c252 INT32 NOT NULL, 26:c840 INT32 NOT NULL, 30:c592 INT32 NULLABLE, 31:c466 INT32 NOT NULL, 32:c121 INT32 NOT NULL, 33:c996 INT32 NOT NULL, 36:c864 INT32 NULLABLE, 37:c827 INT32 NOT NULL, PRIMARY KEY (c52) ) version 38
I1102 21:39:18.195760 9804 tablet.cc:1257] T 1652ac19c70f4370809e3baad1c10e4e P e92a2036de454238809663ac303c6ade: Already running schema version 38 got alter request for version 38
I1102 21:39:18.197129 9808 tablet.cc:1257] T 1652ac19c70f4370809e3baad1c10e4e P c36abe6b2bdb4e778576473f60926b7b: Already running schema version 38 got alter request for version 38
I1102 21:39:18.197486 9693 maintenance_manager.cc:304] P c36abe6b2bdb4e778576473f60926b7b: Scheduling UndoDeltaBlockGCOp(96875be6f1124d25ba150b3bd8ed725f): 339 bytes on disk
I1102 21:39:18.198014 9586 maintenance_manager.cc:494] P c36abe6b2bdb4e778576473f60926b7b: UndoDeltaBlockGCOp(96875be6f1124d25ba150b3bd8ed725f) complete. Timing: real 0.000s user 0.000s sys 0.000s Metrics: {"cfile_init":1,"lbm_read_time_us":86,"lbm_reads_lt_1ms":4}
I1102 21:39:18.198434 9801 tablet.cc:1257] T 1652ac19c70f4370809e3baad1c10e4e P 33b43dabe1b543f39e7ed84247c575e8: Already running schema version 38 got alter request for version 38
I1102 21:39:18.198480 9693 maintenance_manager.cc:304] P c36abe6b2bdb4e778576473f60926b7b: Scheduling UndoDeltaBlockGCOp(5b0eb10d453249ddb5893c3bd83a6752): 212 bytes on disk
I1102 21:39:18.198942 9586 maintenance_manager.cc:494] P c36abe6b2bdb4e778576473f60926b7b: UndoDeltaBlockGCOp(5b0eb10d453249ddb5893c3bd83a6752) complete. Timing: real 0.000s user 0.000s sys 0.000s Metrics: {"cfile_init":1,"lbm_read_time_us":80,"lbm_reads_lt_1ms":4}
I1102 21:39:18.199267 9693 maintenance_manager.cc:304] P c36abe6b2bdb4e778576473f60926b7b: Scheduling UndoDeltaBlockGCOp(f9090285974a41d19310b6a5017793d2): 212 bytes on disk
I1102 21:39:18.199717 9586 maintenance_manager.cc:494] P c36abe6b2bdb4e778576473f60926b7b: UndoDeltaBlockGCOp(f9090285974a41d19310b6a5017793d2) complete. Timing: real 0.000s user 0.000s sys 0.000s Metrics: {"cfile_init":1,"lbm_read_time_us":65,"lbm_reads_lt_1ms":4}
I1102 21:39:18.200054 9693 maintenance_manager.cc:304] P c36abe6b2bdb4e778576473f60926b7b: Scheduling UndoDeltaBlockGCOp(a33395cf77dc424e86b496d77002510f): 163 bytes on disk
I1102 21:39:18.200222 9726 raft_consensus.cc:471] T 6d61649b204f4e3e83fee610942dc9f6 P e92a2036de454238809663ac303c6ade [term 0 FOLLOWER]: Starting pre-election (no leader contacted us within the election timeout)
I1102 21:39:18.200270 9726 raft_consensus.cc:2840] T 6d61649b204f4e3e83fee610942dc9f6 P e92a2036de454238809663ac303c6ade: Snoozing failure detection for 2.158s (starting election)
I1102 21:39:18.200377 9726 raft_consensus.cc:493] T 6d61649b204f4e3e83fee610942dc9f6 P e92a2036de454238809663ac303c6ade [term 0 FOLLOWER]: Starting pre-election with config: opid_index: -1 OBSOLETE_local: false peers { permanent_uuid: "e92a2036de454238809663ac303c6ade" member_type: VOTER last_known_addr { host: "127.7.150.2" port: 39313 } } peers { permanent_uuid: "33b43dabe1b543f39e7ed84247c575e8" member_type: VOTER last_known_addr { host: "127.7.150.3" port: 44373 } } peers { permanent_uuid: "c36abe6b2bdb4e778576473f60926b7b" member_type: VOTER last_known_addr { host: "127.7.150.1" port: 46291 } }
I1102 21:39:18.200486 9586 maintenance_manager.cc:494] P c36abe6b2bdb4e778576473f60926b7b: UndoDeltaBlockGCOp(a33395cf77dc424e86b496d77002510f) complete. Timing: real 0.000s user 0.000s sys 0.000s Metrics: {"cfile_init":1,"lbm_read_time_us":63,"lbm_reads_lt_1ms":4}
I1102 21:39:18.200608 9726 leader_election.cc:251] T 6d61649b204f4e3e83fee610942dc9f6 P e92a2036de454238809663ac303c6ade [CANDIDATE]: Term 1 pre-election: Requesting pre-vote from peer 33b43dabe1b543f39e7ed84247c575e8 (127.7.150.3:44373)
I1102 21:39:18.200704 9726 leader_election.cc:251] T 6d61649b204f4e3e83fee610942dc9f6 P e92a2036de454238809663ac303c6ade [CANDIDATE]: Term 1 pre-election: Requesting pre-vote from peer c36abe6b2bdb4e778576473f60926b7b (127.7.150.1:46291)
I1102 21:39:18.201283 8521 tablet_service.cc:1001] Received RequestConsensusVote() RPC: tablet_id: "6d61649b204f4e3e83fee610942dc9f6" candidate_uuid: "e92a2036de454238809663ac303c6ade" candidate_term: 1 candidate_status { last_received { term: 0 index: 0 } } ignore_live_leader: false dest_uuid: "33b43dabe1b543f39e7ed84247c575e8" is_pre_election: true
I1102 21:39:18.201349 8521 raft_consensus.cc:2840] T 6d61649b204f4e3e83fee610942dc9f6 P 33b43dabe1b543f39e7ed84247c575e8: Snoozing failure detection for 1.796s (vote granted)
I1102 21:39:18.201429 8521 raft_consensus.cc:2352] T 6d61649b204f4e3e83fee610942dc9f6 P 33b43dabe1b543f39e7ed84247c575e8 [term 0 FOLLOWER]: Leader pre-election vote request: Granting yes vote for candidate e92a2036de454238809663ac303c6ade in term 0.
I1102 21:39:18.201877 9205 leader_election.cc:387] T 6d61649b204f4e3e83fee610942dc9f6 P e92a2036de454238809663ac303c6ade [CANDIDATE]: Term 1 pre-election: Vote granted by peer 33b43dabe1b543f39e7ed84247c575e8 (127.7.150.3:44373)
I1102 21:39:18.201915 9205 leader_election.cc:278] T 6d61649b204f4e3e83fee610942dc9f6 P e92a2036de454238809663ac303c6ade [CANDIDATE]: Term 1 pre-election: Election decided. Result: candidate won.
I1102 21:39:18.202193 9726 raft_consensus.cc:2840] T 6d61649b204f4e3e83fee610942dc9f6 P e92a2036de454238809663ac303c6ade: Snoozing failure detection for 2.220s (election complete)
I1102 21:39:18.202230 9726 raft_consensus.cc:2646] T 6d61649b204f4e3e83fee610942dc9f6 P e92a2036de454238809663ac303c6ade [term 0 FOLLOWER]: Leader pre-election won for term 1
I1102 21:39:18.202263 9726 raft_consensus.cc:471] T 6d61649b204f4e3e83fee610942dc9f6 P e92a2036de454238809663ac303c6ade [term 0 FOLLOWER]: Starting leader election (no leader contacted us within the election timeout)
I1102 21:39:18.202270 9057 catalog_manager.cc:2958] Scheduling retry of 6d61649b204f4e3e83fee610942dc9f6 (table default.test_table [id=e93179f4d3eb4a26a760d9d76293265f]) Alter Table RPC with a delay of 106 ms (attempt = 3)
I1102 21:39:18.202281 9726 raft_consensus.cc:2840] T 6d61649b204f4e3e83fee610942dc9f6 P e92a2036de454238809663ac303c6ade: Snoozing failure detection for 1.942s (starting election)
I1102 21:39:18.202299 9726 raft_consensus.cc:2892] T 6d61649b204f4e3e83fee610942dc9f6 P e92a2036de454238809663ac303c6ade [term 0 FOLLOWER]: Advancing to term 1
W1102 21:39:18.202306 9057 catalog_manager.cc:2977] Async tablet task 6d61649b204f4e3e83fee610942dc9f6 (table default.test_table [id=e93179f4d3eb4a26a760d9d76293265f]) Alter Table RPC failed: Not found: failed to reset TS proxy: No leader found: Tablet 6d61649b204f4e3e83fee610942dc9f6 consensus state has no leader
I1102 21:39:18.203613 9726 raft_consensus.cc:493] T 6d61649b204f4e3e83fee610942dc9f6 P e92a2036de454238809663ac303c6ade [term 1 FOLLOWER]: Starting leader election with config: opid_index: -1 OBSOLETE_local: false peers { permanent_uuid: "e92a2036de454238809663ac303c6ade" member_type: VOTER last_known_addr { host: "127.7.150.2" port: 39313 } } peers { permanent_uuid: "33b43dabe1b543f39e7ed84247c575e8" member_type: VOTER last_known_addr { host: "127.7.150.3" port: 44373 } } peers { permanent_uuid: "c36abe6b2bdb4e778576473f60926b7b" member_type: VOTER last_known_addr { host: "127.7.150.1" port: 46291 } }
I1102 21:39:18.203709 9647 tablet_service.cc:1001] Received RequestConsensusVote() RPC: tablet_id: "6d61649b204f4e3e83fee610942dc9f6" candidate_uuid: "e92a2036de454238809663ac303c6ade" candidate_term: 1 candidate_status { last_received { term: 0 index: 0 } } ignore_live_leader: false dest_uuid: "c36abe6b2bdb4e778576473f60926b7b" is_pre_election: true
I1102 21:39:18.203763 9647 raft_consensus.cc:2840] T 6d61649b204f4e3e83fee610942dc9f6 P c36abe6b2bdb4e778576473f60926b7b: Snoozing failure detection for 2.198s (vote granted)
I1102 21:39:18.203790 9726 leader_election.cc:251] T 6d61649b204f4e3e83fee610942dc9f6 P e92a2036de454238809663ac303c6ade [CANDIDATE]: Term 1 election: Requesting vote from peer 33b43dabe1b543f39e7ed84247c575e8 (127.7.150.3:44373)
I1102 21:39:18.203799 9647 raft_consensus.cc:2352] T 6d61649b204f4e3e83fee610942dc9f6 P c36abe6b2bdb4e778576473f60926b7b [term 0 FOLLOWER]: Leader pre-election vote request: Granting yes vote for candidate e92a2036de454238809663ac303c6ade in term 0.
I1102 21:39:18.203876 9726 leader_election.cc:251] T 6d61649b204f4e3e83fee610942dc9f6 P e92a2036de454238809663ac303c6ade [CANDIDATE]: Term 1 election: Requesting vote from peer c36abe6b2bdb4e778576473f60926b7b (127.7.150.1:46291)
I1102 21:39:18.204181 9204 leader_election.cc:387] T 6d61649b204f4e3e83fee610942dc9f6 P e92a2036de454238809663ac303c6ade [CANDIDATE]: Term 1 pre-election: Vote granted by peer c36abe6b2bdb4e778576473f60926b7b (127.7.150.1:46291)
I1102 21:39:18.204434 8521 tablet_service.cc:1001] Received RequestConsensusVote() RPC: tablet_id: "6d61649b204f4e3e83fee610942dc9f6" candidate_uuid: "e92a2036de454238809663ac303c6ade" candidate_term: 1 candidate_status { last_received { term: 0 index: 0 } } ignore_live_leader: false dest_uuid: "33b43dabe1b543f39e7ed84247c575e8"
I1102 21:39:18.204481 8521 raft_consensus.cc:2892] T 6d61649b204f4e3e83fee610942dc9f6 P 33b43dabe1b543f39e7ed84247c575e8 [term 0 FOLLOWER]: Advancing to term 1
I1102 21:39:18.204521 8521 raft_consensus.cc:2840] T 6d61649b204f4e3e83fee610942dc9f6 P 33b43dabe1b543f39e7ed84247c575e8: Snoozing failure detection for 2.218s (vote granted)
I1102 21:39:18.204550 9647 tablet_service.cc:1001] Received RequestConsensusVote() RPC: tablet_id: "6d61649b204f4e3e83fee610942dc9f6" candidate_uuid: "e92a2036de454238809663ac303c6ade" candidate_term: 1 candidate_status { last_received { term: 0 index: 0 } } ignore_live_leader: false dest_uuid: "c36abe6b2bdb4e778576473f60926b7b"
I1102 21:39:18.204591 9647 raft_consensus.cc:2892] T 6d61649b204f4e3e83fee610942dc9f6 P c36abe6b2bdb4e778576473f60926b7b [term 0 FOLLOWER]: Advancing to term 1
I1102 21:39:18.204623 9647 raft_consensus.cc:2840] T 6d61649b204f4e3e83fee610942dc9f6 P c36abe6b2bdb4e778576473f60926b7b: Snoozing failure detection for 1.773s (vote granted)
I1102 21:39:18.204906 9808 tablet.cc:1257] T 1652ac19c70f4370809e3baad1c10e4e P c36abe6b2bdb4e778576473f60926b7b: Already running schema version 38 got alter request for version 38
I1102 21:39:18.205510 8521 raft_consensus.cc:2352] T 6d61649b204f4e3e83fee610942dc9f6 P 33b43dabe1b543f39e7ed84247c575e8 [term 1 FOLLOWER]: Leader election vote request: Granting yes vote for candidate e92a2036de454238809663ac303c6ade in term 1.
I1102 21:39:18.205566 9647 raft_consensus.cc:2352] T 6d61649b204f4e3e83fee610942dc9f6 P c36abe6b2bdb4e778576473f60926b7b [term 1 FOLLOWER]: Leader election vote request: Granting yes vote for candidate e92a2036de454238809663ac303c6ade in term 1.
I1102 21:39:18.205900 9205 leader_election.cc:387] T 6d61649b204f4e3e83fee610942dc9f6 P e92a2036de454238809663ac303c6ade [CANDIDATE]: Term 1 election: Vote granted by peer 33b43dabe1b543f39e7ed84247c575e8 (127.7.150.3:44373)
I1102 21:39:18.205931 9205 leader_election.cc:278] T 6d61649b204f4e3e83fee610942dc9f6 P e92a2036de454238809663ac303c6ade [CANDIDATE]: Term 1 election: Election decided. Result: candidate won.
I1102 21:39:18.206048 9204 leader_election.cc:387] T 6d61649b204f4e3e83fee610942dc9f6 P e92a2036de454238809663ac303c6ade [CANDIDATE]: Term 1 election: Vote granted by peer c36abe6b2bdb4e778576473f60926b7b (127.7.150.1:46291)
I1102 21:39:18.206063 9726 raft_consensus.cc:2840] T 6d61649b204f4e3e83fee610942dc9f6 P e92a2036de454238809663ac303c6ade: Snoozing failure detection for 1.997s (election complete)
I1102 21:39:18.206105 9726 raft_consensus.cc:2646] T 6d61649b204f4e3e83fee610942dc9f6 P e92a2036de454238809663ac303c6ade [term 1 FOLLOWER]: Leader election won for term 1
I1102 21:39:18.206540 9804 tablet.cc:1257] T 1652ac19c70f4370809e3baad1c10e4e P e92a2036de454238809663ac303c6ade: Already running schema version 38 got alter request for version 38
I1102 21:39:18.206588 9801 tablet.cc:1257] T 1652ac19c70f4370809e3baad1c10e4e P 33b43dabe1b543f39e7ed84247c575e8: Already running schema version 38 got alter request for version 38
I1102 21:39:18.209276 9726 raft_consensus.cc:666] T 6d61649b204f4e3e83fee610942dc9f6 P e92a2036de454238809663ac303c6ade [term 1 LEADER]: Becoming Leader. State: Replica: e92a2036de454238809663ac303c6ade, State: Running, Role: LEADER
I1102 21:39:18.209496 9726 consensus_queue.cc:206] T 6d61649b204f4e3e83fee610942dc9f6 P e92a2036de454238809663ac303c6ade [LEADER]: Queue going to LEADER mode. State: All replicated index: 0, Majority replicated index: 0, Committed index: 0, Last appended: 0.0, Last appended by leader: 0, Current term: 1, Majority size: 2, State: 0, Mode: LEADER, active raft config: opid_index: -1 OBSOLETE_local: false peers { permanent_uuid: "e92a2036de454238809663ac303c6ade" member_type: VOTER last_known_addr { host: "127.7.150.2" port: 39313 } } peers { permanent_uuid: "33b43dabe1b543f39e7ed84247c575e8" member_type: VOTER last_known_addr { host: "127.7.150.3" port: 44373 } } peers { permanent_uuid: "c36abe6b2bdb4e778576473f60926b7b" member_type: VOTER last_known_addr { host: "127.7.150.1" port: 46291 } }
I1102 21:39:18.209710 9808 tablet.cc:1257] T 1652ac19c70f4370809e3baad1c10e4e P c36abe6b2bdb4e778576473f60926b7b: Already running schema version 38 got alter request for version 38
I1102 21:39:18.211495 9069 catalog_manager.cc:3778] T 6d61649b204f4e3e83fee610942dc9f6 P e92a2036de454238809663ac303c6ade reported cstate change: term changed from 0 to 1, leader changed from to e92a2036de454238809663ac303c6ade (127.7.150.2). New cstate: current_term: 1 leader_uuid: "e92a2036de454238809663ac303c6ade" committed_config { opid_index: -1 OBSOLETE_local: false peers { permanent_uuid: "e92a2036de454238809663ac303c6ade" member_type: VOTER last_known_addr { host: "127.7.150.2" port: 39313 } health_report { overall_health: HEALTHY } } peers { permanent_uuid: "33b43dabe1b543f39e7ed84247c575e8" member_type: VOTER last_known_addr { host: "127.7.150.3" port: 44373 } health_report { overall_health: UNKNOWN } } peers { permanent_uuid: "c36abe6b2bdb4e778576473f60926b7b" member_type: VOTER last_known_addr { host: "127.7.150.1" port: 46291 } health_report { overall_health: UNKNOWN } } }
I1102 21:39:18.211597 9069 catalog_manager.cc:3873] TS e92a2036de454238809663ac303c6ade (127.7.150.2:39313) does not have the latest schema for tablet 6d61649b204f4e3e83fee610942dc9f6 (table default.test_table [id=e93179f4d3eb4a26a760d9d76293265f]). Expected version 38 got 0
I1102 21:39:18.213840 9804 tablet.cc:1257] T 1652ac19c70f4370809e3baad1c10e4e P e92a2036de454238809663ac303c6ade: Already running schema version 38 got alter request for version 38
I1102 21:39:18.216728 8519 raft_consensus.cc:1180] T 6d61649b204f4e3e83fee610942dc9f6 P 33b43dabe1b543f39e7ed84247c575e8 [term 1 FOLLOWER]: Refusing update from remote peer e92a2036de454238809663ac303c6ade: Log matching property violated. Preceding OpId in replica: term: 0 index: 0. Preceding OpId from leader: term: 1 index: 2. (index mismatch)
I1102 21:39:18.217177 9747 consensus_queue.cc:976] T 6d61649b204f4e3e83fee610942dc9f6 P e92a2036de454238809663ac303c6ade [LEADER]: Connected to new peer: Peer: permanent_uuid: "33b43dabe1b543f39e7ed84247c575e8" member_type: VOTER last_known_addr { host: "127.7.150.3" port: 44373 }, Status: LMP_MISMATCH, Last received: 0.0, Next index: 1, Last known committed idx: 0, Time since last communication: 0.000s
I1102 21:39:18.219370 9069 catalog_manager.cc:3873] TS 33b43dabe1b543f39e7ed84247c575e8 (127.7.150.3:44373) does not have the latest schema for tablet 6d61649b204f4e3e83fee610942dc9f6 (table default.test_table [id=e93179f4d3eb4a26a760d9d76293265f]). Expected version 38 got 0
I1102 21:39:18.220813 9647 raft_consensus.cc:1180] T 6d61649b204f4e3e83fee610942dc9f6 P c36abe6b2bdb4e778576473f60926b7b [term 1 FOLLOWER]: Refusing update from remote peer e92a2036de454238809663ac303c6ade: Log matching property violated. Preceding OpId in replica: term: 0 index: 0. Preceding OpId from leader: term: 1 index: 2. (index mismatch)
I1102 21:39:18.221027 9808 tablet.cc:1257] T 1652ac19c70f4370809e3baad1c10e4e P c36abe6b2bdb4e778576473f60926b7b: Already running schema version 38 got alter request for version 38
