W1102 21:39:12.355442 9058 catalog_manager.cc:2977] Async tablet task 7da034d210fc4d4e82b926081d6ad12e (table default.test_table [id=e93179f4d3eb4a26a760d9d76293265f]) Alter Table RPC failed: Not found: failed to reset TS proxy: No leader found: Tablet 7da034d210fc4d4e82b926081d6ad12e consensus state has no leader
W1102 21:39:12.357240 9476 tablet.cc:1747] T 7da034d210fc4d4e82b926081d6ad12e P c36abe6b2bdb4e778576473f60926b7b: Can't schedule compaction. Clean time has not been advanced past its initial value.
I1102 21:39:12.357468 9476 maintenance_manager.cc:304] P c36abe6b2bdb4e778576473f60926b7b: Scheduling UndoDeltaBlockGCOp(9effeaa3138b4770b35fa96a5173bf88): 421 bytes on disk
I1102 21:39:12.358067 9369 maintenance_manager.cc:494] P c36abe6b2bdb4e778576473f60926b7b: UndoDeltaBlockGCOp(9effeaa3138b4770b35fa96a5173bf88) complete. Timing: real 0.000s user 0.000s sys 0.000s Metrics: {"cfile_init":1,"lbm_read_time_us":80,"lbm_reads_lt_1ms":4}
I1102 21:39:12.392361 9056 catalog_manager.cc:2958] Scheduling retry of 7da034d210fc4d4e82b926081d6ad12e (table default.test_table [id=e93179f4d3eb4a26a760d9d76293265f]) Alter Table RPC with a delay of 154 ms (attempt = 4)
W1102 21:39:12.392448 9056 catalog_manager.cc:2977] Async tablet task 7da034d210fc4d4e82b926081d6ad12e (table default.test_table [id=e93179f4d3eb4a26a760d9d76293265f]) Alter Table RPC failed: Not found: failed to reset TS proxy: No leader found: Tablet 7da034d210fc4d4e82b926081d6ad12e consensus state has no leader
I1102 21:39:12.462502 9057 catalog_manager.cc:2958] Scheduling retry of 7da034d210fc4d4e82b926081d6ad12e (table default.test_table [id=e93179f4d3eb4a26a760d9d76293265f]) Alter Table RPC with a delay of 289 ms (attempt = 5)
W1102 21:39:12.462574 9057 catalog_manager.cc:2977] Async tablet task 7da034d210fc4d4e82b926081d6ad12e (table default.test_table [id=e93179f4d3eb4a26a760d9d76293265f]) Alter Table RPC failed: Not found: failed to reset TS proxy: No leader found: Tablet 7da034d210fc4d4e82b926081d6ad12e consensus state has no leader
I1102 21:39:12.472546 9484 raft_consensus.cc:471] T 7da034d210fc4d4e82b926081d6ad12e P c36abe6b2bdb4e778576473f60926b7b [term 0 FOLLOWER]: Starting pre-election (no leader contacted us within the election timeout)
I1102 21:39:12.472623 9484 raft_consensus.cc:2840] T 7da034d210fc4d4e82b926081d6ad12e P c36abe6b2bdb4e778576473f60926b7b: Snoozing failure detection for 1.550s (starting election)
I1102 21:39:12.472714 9484 raft_consensus.cc:493] T 7da034d210fc4d4e82b926081d6ad12e P c36abe6b2bdb4e778576473f60926b7b [term 0 FOLLOWER]: Starting pre-election with config: opid_index: -1 OBSOLETE_local: false peers { permanent_uuid: "e92a2036de454238809663ac303c6ade" member_type: VOTER last_known_addr { host: "127.7.150.2" port: 39313 } } peers { permanent_uuid: "33b43dabe1b543f39e7ed84247c575e8" member_type: VOTER last_known_addr { host: "127.7.150.3" port: 44373 } } peers { permanent_uuid: "c36abe6b2bdb4e778576473f60926b7b" member_type: VOTER last_known_addr { host: "127.7.150.1" port: 46291 } }
I1102 21:39:12.473253 9484 leader_election.cc:251] T 7da034d210fc4d4e82b926081d6ad12e P c36abe6b2bdb4e778576473f60926b7b [CANDIDATE]: Term 1 pre-election: Requesting pre-vote from peer e92a2036de454238809663ac303c6ade (127.7.150.2:39313)
I1102 21:39:12.473485 9484 leader_election.cc:251] T 7da034d210fc4d4e82b926081d6ad12e P c36abe6b2bdb4e778576473f60926b7b [CANDIDATE]: Term 1 pre-election: Requesting pre-vote from peer 33b43dabe1b543f39e7ed84247c575e8 (127.7.150.3:44373)
I1102 21:39:12.479686 9271 tablet_service.cc:1001] Received RequestConsensusVote() RPC: tablet_id: "7da034d210fc4d4e82b926081d6ad12e" candidate_uuid: "c36abe6b2bdb4e778576473f60926b7b" candidate_term: 1 candidate_status { last_received { term: 0 index: 0 } } ignore_live_leader: false dest_uuid: "e92a2036de454238809663ac303c6ade" is_pre_election: true
I1102 21:39:12.479686 8519 tablet_service.cc:1001] Received RequestConsensusVote() RPC: tablet_id: "7da034d210fc4d4e82b926081d6ad12e" candidate_uuid: "c36abe6b2bdb4e778576473f60926b7b" candidate_term: 1 candidate_status { last_received { term: 0 index: 0 } } ignore_live_leader: false dest_uuid: "33b43dabe1b543f39e7ed84247c575e8" is_pre_election: true
I1102 21:39:12.479775 9271 raft_consensus.cc:2840] T 7da034d210fc4d4e82b926081d6ad12e P e92a2036de454238809663ac303c6ade: Snoozing failure detection for 2.043s (vote granted)
I1102 21:39:12.479794 8519 raft_consensus.cc:2840] T 7da034d210fc4d4e82b926081d6ad12e P 33b43dabe1b543f39e7ed84247c575e8: Snoozing failure detection for 2.204s (vote granted)
I1102 21:39:12.479813 9271 raft_consensus.cc:2352] T 7da034d210fc4d4e82b926081d6ad12e P e92a2036de454238809663ac303c6ade [term 0 FOLLOWER]: Leader pre-election vote request: Granting yes vote for candidate c36abe6b2bdb4e778576473f60926b7b in term 0.
I1102 21:39:12.479826 8519 raft_consensus.cc:2352] T 7da034d210fc4d4e82b926081d6ad12e P 33b43dabe1b543f39e7ed84247c575e8 [term 0 FOLLOWER]: Leader pre-election vote request: Granting yes vote for candidate c36abe6b2bdb4e778576473f60926b7b in term 0.
I1102 21:39:12.480192 9365 leader_election.cc:387] T 7da034d210fc4d4e82b926081d6ad12e P c36abe6b2bdb4e778576473f60926b7b [CANDIDATE]: Term 1 pre-election: Vote granted by peer 33b43dabe1b543f39e7ed84247c575e8 (127.7.150.3:44373)
I1102 21:39:12.480253 9365 leader_election.cc:278] T 7da034d210fc4d4e82b926081d6ad12e P c36abe6b2bdb4e778576473f60926b7b [CANDIDATE]: Term 1 pre-election: Election decided. Result: candidate won.
I1102 21:39:12.480314 9362 leader_election.cc:387] T 7da034d210fc4d4e82b926081d6ad12e P c36abe6b2bdb4e778576473f60926b7b [CANDIDATE]: Term 1 pre-election: Vote granted by peer e92a2036de454238809663ac303c6ade (127.7.150.2:39313)
I1102 21:39:12.480585 9484 raft_consensus.cc:2840] T 7da034d210fc4d4e82b926081d6ad12e P c36abe6b2bdb4e778576473f60926b7b: Snoozing failure detection for 2.185s (election complete)
I1102 21:39:12.480631 9484 raft_consensus.cc:2646] T 7da034d210fc4d4e82b926081d6ad12e P c36abe6b2bdb4e778576473f60926b7b [term 0 FOLLOWER]: Leader pre-election won for term 1
I1102 21:39:12.480659 9484 raft_consensus.cc:471] T 7da034d210fc4d4e82b926081d6ad12e P c36abe6b2bdb4e778576473f60926b7b [term 0 FOLLOWER]: Starting leader election (no leader contacted us within the election timeout)
I1102 21:39:12.480674 9484 raft_consensus.cc:2840] T 7da034d210fc4d4e82b926081d6ad12e P c36abe6b2bdb4e778576473f60926b7b: Snoozing failure detection for 1.917s (starting election)
I1102 21:39:12.480689 9484 raft_consensus.cc:2892] T 7da034d210fc4d4e82b926081d6ad12e P c36abe6b2bdb4e778576473f60926b7b [term 0 FOLLOWER]: Advancing to term 1
I1102 21:39:12.481581 9484 raft_consensus.cc:493] T 7da034d210fc4d4e82b926081d6ad12e P c36abe6b2bdb4e778576473f60926b7b [term 1 FOLLOWER]: Starting leader election with config: opid_index: -1 OBSOLETE_local: false peers { permanent_uuid: "e92a2036de454238809663ac303c6ade" member_type: VOTER last_known_addr { host: "127.7.150.2" port: 39313 } } peers { permanent_uuid: "33b43dabe1b543f39e7ed84247c575e8" member_type: VOTER last_known_addr { host: "127.7.150.3" port: 44373 } } peers { permanent_uuid: "c36abe6b2bdb4e778576473f60926b7b" member_type: VOTER last_known_addr { host: "127.7.150.1" port: 46291 } }
I1102 21:39:12.481717 9484 leader_election.cc:251] T 7da034d210fc4d4e82b926081d6ad12e P c36abe6b2bdb4e778576473f60926b7b [CANDIDATE]: Term 1 election: Requesting vote from peer e92a2036de454238809663ac303c6ade (127.7.150.2:39313)
I1102 21:39:12.481817 9484 leader_election.cc:251] T 7da034d210fc4d4e82b926081d6ad12e P c36abe6b2bdb4e778576473f60926b7b [CANDIDATE]: Term 1 election: Requesting vote from peer 33b43dabe1b543f39e7ed84247c575e8 (127.7.150.3:44373)
I1102 21:39:12.482291 9271 tablet_service.cc:1001] Received RequestConsensusVote() RPC: tablet_id: "7da034d210fc4d4e82b926081d6ad12e" candidate_uuid: "c36abe6b2bdb4e778576473f60926b7b" candidate_term: 1 candidate_status { last_received { term: 0 index: 0 } } ignore_live_leader: false dest_uuid: "e92a2036de454238809663ac303c6ade"
I1102 21:39:12.482372 9271 raft_consensus.cc:2892] T 7da034d210fc4d4e82b926081d6ad12e P e92a2036de454238809663ac303c6ade [term 0 FOLLOWER]: Advancing to term 1
I1102 21:39:12.482383 8519 tablet_service.cc:1001] Received RequestConsensusVote() RPC: tablet_id: "7da034d210fc4d4e82b926081d6ad12e" candidate_uuid: "c36abe6b2bdb4e778576473f60926b7b" candidate_term: 1 candidate_status { last_received { term: 0 index: 0 } } ignore_live_leader: false dest_uuid: "33b43dabe1b543f39e7ed84247c575e8"
I1102 21:39:12.482429 9271 raft_consensus.cc:2840] T 7da034d210fc4d4e82b926081d6ad12e P e92a2036de454238809663ac303c6ade: Snoozing failure detection for 1.746s (vote granted)
I1102 21:39:12.482460 8519 raft_consensus.cc:2892] T 7da034d210fc4d4e82b926081d6ad12e P 33b43dabe1b543f39e7ed84247c575e8 [term 0 FOLLOWER]: Advancing to term 1
I1102 21:39:12.482497 8519 raft_consensus.cc:2840] T 7da034d210fc4d4e82b926081d6ad12e P 33b43dabe1b543f39e7ed84247c575e8: Snoozing failure detection for 1.737s (vote granted)
I1102 21:39:12.483131 9271 raft_consensus.cc:2352] T 7da034d210fc4d4e82b926081d6ad12e P e92a2036de454238809663ac303c6ade [term 1 FOLLOWER]: Leader election vote request: Granting yes vote for candidate c36abe6b2bdb4e778576473f60926b7b in term 1.
I1102 21:39:12.483252 8519 raft_consensus.cc:2352] T 7da034d210fc4d4e82b926081d6ad12e P 33b43dabe1b543f39e7ed84247c575e8 [term 1 FOLLOWER]: Leader election vote request: Granting yes vote for candidate c36abe6b2bdb4e778576473f60926b7b in term 1.
I1102 21:39:12.483270 9058 catalog_manager.cc:2958] Scheduling retry of 7da034d210fc4d4e82b926081d6ad12e (table default.test_table [id=e93179f4d3eb4a26a760d9d76293265f]) Alter Table RPC with a delay of 295 ms (attempt = 5)
W1102 21:39:12.483327 9058 catalog_manager.cc:2977] Async tablet task 7da034d210fc4d4e82b926081d6ad12e (table default.test_table [id=e93179f4d3eb4a26a760d9d76293265f]) Alter Table RPC failed: Not found: failed to reset TS proxy: No leader found: Tablet 7da034d210fc4d4e82b926081d6ad12e consensus state has no leader
I1102 21:39:12.483464 9362 leader_election.cc:387] T 7da034d210fc4d4e82b926081d6ad12e P c36abe6b2bdb4e778576473f60926b7b [CANDIDATE]: Term 1 election: Vote granted by peer e92a2036de454238809663ac303c6ade (127.7.150.2:39313)
I1102 21:39:12.483498 9362 leader_election.cc:278] T 7da034d210fc4d4e82b926081d6ad12e P c36abe6b2bdb4e778576473f60926b7b [CANDIDATE]: Term 1 election: Election decided. Result: candidate won.
I1102 21:39:12.483592 9365 leader_election.cc:387] T 7da034d210fc4d4e82b926081d6ad12e P c36abe6b2bdb4e778576473f60926b7b [CANDIDATE]: Term 1 election: Vote granted by peer 33b43dabe1b543f39e7ed84247c575e8 (127.7.150.3:44373)
I1102 21:39:12.483611 9484 raft_consensus.cc:2840] T 7da034d210fc4d4e82b926081d6ad12e P c36abe6b2bdb4e778576473f60926b7b: Snoozing failure detection for 2.125s (election complete)
I1102 21:39:12.483644 9484 raft_consensus.cc:2646] T 7da034d210fc4d4e82b926081d6ad12e P c36abe6b2bdb4e778576473f60926b7b [term 1 FOLLOWER]: Leader election won for term 1
I1102 21:39:12.483779 9484 raft_consensus.cc:666] T 7da034d210fc4d4e82b926081d6ad12e P c36abe6b2bdb4e778576473f60926b7b [term 1 LEADER]: Becoming Leader. State: Replica: c36abe6b2bdb4e778576473f60926b7b, State: Running, Role: LEADER
I1102 21:39:12.483994 9484 consensus_queue.cc:206] T 7da034d210fc4d4e82b926081d6ad12e P c36abe6b2bdb4e778576473f60926b7b [LEADER]: Queue going to LEADER mode. State: All replicated index: 0, Majority replicated index: 0, Committed index: 0, Last appended: 0.0, Last appended by leader: 0, Current term: 1, Majority size: 2, State: 0, Mode: LEADER, active raft config: opid_index: -1 OBSOLETE_local: false peers { permanent_uuid: "e92a2036de454238809663ac303c6ade" member_type: VOTER last_known_addr { host: "127.7.150.2" port: 39313 } } peers { permanent_uuid: "33b43dabe1b543f39e7ed84247c575e8" member_type: VOTER last_known_addr { host: "127.7.150.3" port: 44373 } } peers { permanent_uuid: "c36abe6b2bdb4e778576473f60926b7b" member_type: VOTER last_known_addr { host: "127.7.150.1" port: 46291 } }
I1102 21:39:12.485898 9068 catalog_manager.cc:3778] T 7da034d210fc4d4e82b926081d6ad12e P c36abe6b2bdb4e778576473f60926b7b reported cstate change: term changed from 0 to 1, leader changed from to c36abe6b2bdb4e778576473f60926b7b (127.7.150.1). New cstate: current_term: 1 leader_uuid: "c36abe6b2bdb4e778576473f60926b7b" committed_config { opid_index: -1 OBSOLETE_local: false peers { permanent_uuid: "e92a2036de454238809663ac303c6ade" member_type: VOTER last_known_addr { host: "127.7.150.2" port: 39313 } health_report { overall_health: UNKNOWN } } peers { permanent_uuid: "33b43dabe1b543f39e7ed84247c575e8" member_type: VOTER last_known_addr { host: "127.7.150.3" port: 44373 } health_report { overall_health: UNKNOWN } } peers { permanent_uuid: "c36abe6b2bdb4e778576473f60926b7b" member_type: VOTER last_known_addr { host: "127.7.150.1" port: 46291 } health_report { overall_health: HEALTHY } } }
I1102 21:39:12.486006 9068 catalog_manager.cc:3873] TS c36abe6b2bdb4e778576473f60926b7b (127.7.150.1:46291) does not have the latest schema for tablet 7da034d210fc4d4e82b926081d6ad12e (table default.test_table [id=e93179f4d3eb4a26a760d9d76293265f]). Expected version 28 got 0
I1102 21:39:12.489975 9271 raft_consensus.cc:1180] T 7da034d210fc4d4e82b926081d6ad12e P e92a2036de454238809663ac303c6ade [term 1 FOLLOWER]: Refusing update from remote peer c36abe6b2bdb4e778576473f60926b7b: Log matching property violated. Preceding OpId in replica: term: 0 index: 0. Preceding OpId from leader: term: 1 index: 2. (index mismatch)
I1102 21:39:12.489977 8519 raft_consensus.cc:1180] T 7da034d210fc4d4e82b926081d6ad12e P 33b43dabe1b543f39e7ed84247c575e8 [term 1 FOLLOWER]: Refusing update from remote peer c36abe6b2bdb4e778576473f60926b7b: Log matching property violated. Preceding OpId in replica: term: 0 index: 0. Preceding OpId from leader: term: 1 index: 2. (index mismatch)
I1102 21:39:12.490694 9484 consensus_queue.cc:976] T 7da034d210fc4d4e82b926081d6ad12e P c36abe6b2bdb4e778576473f60926b7b [LEADER]: Connected to new peer: Peer: permanent_uuid: "33b43dabe1b543f39e7ed84247c575e8" member_type: VOTER last_known_addr { host: "127.7.150.3" port: 44373 }, Status: LMP_MISMATCH, Last received: 0.0, Next index: 1, Last known committed idx: 0, Time since last communication: 0.000s
I1102 21:39:12.490859 9506 consensus_queue.cc:976] T 7da034d210fc4d4e82b926081d6ad12e P c36abe6b2bdb4e778576473f60926b7b [LEADER]: Connected to new peer: Peer: permanent_uuid: "e92a2036de454238809663ac303c6ade" member_type: VOTER last_known_addr { host: "127.7.150.2" port: 39313 }, Status: LMP_MISMATCH, Last received: 0.0, Next index: 1, Last known committed idx: 0, Time since last communication: 0.000s
I1102 21:39:12.493082 9068 catalog_manager.cc:3873] TS e92a2036de454238809663ac303c6ade (127.7.150.2:39313) does not have the latest schema for tablet 7da034d210fc4d4e82b926081d6ad12e (table default.test_table [id=e93179f4d3eb4a26a760d9d76293265f]). Expected version 28 got 0
I1102 21:39:12.493754 9069 catalog_manager.cc:3873] TS 33b43dabe1b543f39e7ed84247c575e8 (127.7.150.3:44373) does not have the latest schema for tablet 7da034d210fc4d4e82b926081d6ad12e (table default.test_table [id=e93179f4d3eb4a26a760d9d76293265f]). Expected version 28 got 0
I1102 21:39:12.495600 9489 tablet.cc:1262] T 7da034d210fc4d4e82b926081d6ad12e P c36abe6b2bdb4e778576473f60926b7b: Alter schema from ( 10:c451 INT32 NOT NULL, 18:c712 INT32 NULLABLE, 20:c169 INT32 NULLABLE, 22:c865 INT32 NOT NULL, 23:c148 INT32 NULLABLE, 24:c764 INT32 NULLABLE, 25:c363 INT32 NULLABLE, 26:c840 INT32 NOT NULL, 28:c252 INT32 NULLABLE, 30:c46 INT32 NULLABLE, 31:c908 INT32 NOT NULL, 32:c241 INT32 NOT NULL, PRIMARY KEY (c451) ) version 0 to ( 10:c451 INT32 NOT NULL, 18:c712 INT32 NULLABLE, 20:c169 INT32 NULLABLE, 22:c865 INT32 NOT NULL, 23:c148 INT32 NULLABLE, 24:c764 INT32 NULLABLE, 25:c363 INT32 NULLABLE, 26:c840 INT32 NOT NULL, 28:c252 INT32 NULLABLE, 30:c46 INT32 NULLABLE, 31:c908 INT32 NOT NULL, 32:c241 INT32 NOT NULL, PRIMARY KEY (c451) ) version 28
I1102 21:39:12.495766 9327 mvcc.cc:203] Tried to move safe_time back from 6312733706194718720 to 6312733706175963136. Current Snapshot: MvccSnapshot[committed={T|T < 6312733706194718720}]
I1102 21:39:12.496062 9328 tablet.cc:1262] T 7da034d210fc4d4e82b926081d6ad12e P e92a2036de454238809663ac303c6ade: Alter schema from ( 10:c451 INT32 NOT NULL, 18:c712 INT32 NULLABLE, 20:c169 INT32 NULLABLE, 22:c865 INT32 NOT NULL, 23:c148 INT32 NULLABLE, 24:c764 INT32 NULLABLE, 25:c363 INT32 NULLABLE, 26:c840 INT32 NOT NULL, 28:c252 INT32 NULLABLE, 30:c46 INT32 NULLABLE, 31:c908 INT32 NOT NULL, 32:c241 INT32 NOT NULL, PRIMARY KEY (c451) ) version 0 to ( 10:c451 INT32 NOT NULL, 18:c712 INT32 NULLABLE, 20:c169 INT32 NULLABLE, 22:c865 INT32 NOT NULL, 23:c148 INT32 NULLABLE, 24:c764 INT32 NULLABLE, 25:c363 INT32 NULLABLE, 26:c840 INT32 NOT NULL, 28:c252 INT32 NULLABLE, 30:c46 INT32 NULLABLE, 31:c908 INT32 NOT NULL, 32:c241 INT32 NOT NULL, PRIMARY KEY (c451) ) version 28
I1102 21:39:12.496086 9135 tablet.cc:1262] T 7da034d210fc4d4e82b926081d6ad12e P 33b43dabe1b543f39e7ed84247c575e8: Alter schema from ( 10:c451 INT32 NOT NULL, 18:c712 INT32 NULLABLE, 20:c169 INT32 NULLABLE, 22:c865 INT32 NOT NULL, 23:c148 INT32 NULLABLE, 24:c764 INT32 NULLABLE, 25:c363 INT32 NULLABLE, 26:c840 INT32 NOT NULL, 28:c252 INT32 NULLABLE, 30:c46 INT32 NULLABLE, 31:c908 INT32 NOT NULL, 32:c241 INT32 NOT NULL, PRIMARY KEY (c451) ) version 0 to ( 10:c451 INT32 NOT NULL, 18:c712 INT32 NULLABLE, 20:c169 INT32 NULLABLE, 22:c865 INT32 NOT NULL, 23:c148 INT32 NULLABLE, 24:c764 INT32 NULLABLE, 25:c363 INT32 NULLABLE, 26:c840 INT32 NOT NULL, 28:c252 INT32 NULLABLE, 30:c46 INT32 NULLABLE, 31:c908 INT32 NOT NULL, 32:c241 INT32 NOT NULL, PRIMARY KEY (c451) ) version 28
I1102 21:39:12.496289 9069 catalog_manager.cc:3873] TS c36abe6b2bdb4e778576473f60926b7b (127.7.150.1:46291) does not have the latest schema for tablet 7da034d210fc4d4e82b926081d6ad12e (table default.test_table [id=e93179f4d3eb4a26a760d9d76293265f]). Expected version 28 got 0
I1102 21:39:12.499135 9069 catalog_manager.cc:4221] T 00000000000000000000000000000000 P 810977538c654d1a96a5c2a53c44d890: default.test_table [id=e93179f4d3eb4a26a760d9d76293265f] alter complete (version 28)
I1102 21:39:12.501013 9489 tablet.cc:1257] T 7da034d210fc4d4e82b926081d6ad12e P c36abe6b2bdb4e778576473f60926b7b: Already running schema version 28 got alter request for version 28
I1102 21:39:12.501855 9483 mvcc.cc:203] Tried to move safe_time back from 6312733706234212352 to 6312733706175963136. Current Snapshot: MvccSnapshot[committed={T|T < 6312733706234212352}]
I1102 21:39:12.503096 9135 tablet.cc:1257] T 7da034d210fc4d4e82b926081d6ad12e P 33b43dabe1b543f39e7ed84247c575e8: Already running schema version 28 got alter request for version 28
I1102 21:39:12.503247 9328 tablet.cc:1257] T 7da034d210fc4d4e82b926081d6ad12e P e92a2036de454238809663ac303c6ade: Already running schema version 28 got alter request for version 28
I1102 21:39:12.504595 9489 tablet.cc:1257] T 7da034d210fc4d4e82b926081d6ad12e P c36abe6b2bdb4e778576473f60926b7b: Already running schema version 28 got alter request for version 28
I1102 21:39:12.506194 9328 tablet.cc:1257] T 7da034d210fc4d4e82b926081d6ad12e P e92a2036de454238809663ac303c6ade: Already running schema version 28 got alter request for version 28
I1102 21:39:12.506477 9135 tablet.cc:1257] T 7da034d210fc4d4e82b926081d6ad12e P 33b43dabe1b543f39e7ed84247c575e8: Already running schema version 28 got alter request for version 28
I1102 21:39:12.508093 9489 tablet.cc:1257] T 7da034d210fc4d4e82b926081d6ad12e P c36abe6b2bdb4e778576473f60926b7b: Already running schema version 28 got alter request for version 28
I1102 21:39:12.508453 9328 tablet.cc:1257] T 7da034d210fc4d4e82b926081d6ad12e P e92a2036de454238809663ac303c6ade: Already running schema version 28 got alter request for version 28
I1102 21:39:12.509599 9135 tablet.cc:1257] T 7da034d210fc4d4e82b926081d6ad12e P 33b43dabe1b543f39e7ed84247c575e8: Already running schema version 28 got alter request for version 28
I1102 21:39:12.884600 7768 alter_table-randomized-test.cc:448] Beginning Alterations
I1102 21:39:12.885488 7768 alter_table-randomized-test.cc:507] Dropping column c252, existing columns: c451, c712, c169, c865, c148, c764, c363, c840, c252, c46, c908, c241
I1102 21:39:12.885541 7768 alter_table-randomized-test.cc:516] Renaming column c46 to c956
I1102 21:39:12.885566 7768 alter_table-randomized-test.cc:594] Dropping range partition: [1409286123, 1476394986) resulting partitions: (1275068397, 1342177260)
I1102 21:39:12.885639 7768 alter_table-randomized-test.cc:554] Changing block size of column c840 to 8388608
I1102 21:39:12.885680 7768 alter_table-randomized-test.cc:486] Adding column c996, existing columns: c451, c712, c169, c865, c148, c764, c363, c840, c956, c908, c241
I1102 21:39:12.885696 7768 alter_table-randomized-test.cc:480] Committing Alterations
I1102 21:39:12.886559 9066 catalog_manager.cc:2182] Servicing AlterTable request from {username='slave'} at 127.0.0.1:59072: table { table_name: "default.test_table" } alter_schema_steps { type: DROP_COLUMN drop_column { name: "c252" } } alter_schema_steps { type: RENAME_COLUMN rename_column { old_name: "c46" new_name: "c956" } } alter_schema_steps { type: DROP_RANGE_PARTITION drop_range_partition { range_bounds { rows: "\006\001\000\000\000\353\377\377S\007\001\000\000\000\352\377\377W" } } } alter_schema_steps { type: ALTER_COLUMN alter_column { delta { name: "c840" block_size: 8388608 } } } alter_schema_steps { type: ADD_COLUMN add_column { schema { name: "c996" type: INT32 is_nullable: false read_default_value: "E\234\227T" encoding: AUTO_ENCODING compression: DEFAULT_COMPRESSION cfile_block_size: 0 } } } schema { columns { name: "c451" type: INT32 is_key: true is_nullable: false encoding: AUTO_ENCODING compression: DEFAULT_COMPRESSION cfile_block_size: 0 } columns { name: "c712" type: INT32 is_key: false is_nullable: true encoding: RLE compression: DEFAULT_COMPRESSION cfile_block_size: 8388608 } columns { name: "c169" type: INT32 is_key: false is_nullable: true encoding: RLE compression: DEFAULT_COMPRESSION cfile_block_size: 0 } columns { name: "c865" type: INT32 is_key: false is_nullable: false read_default_value: "\274)Y\\" encoding: AUTO_ENCODING compression: DEFAULT_COMPRESSION cfile_block_size: 0 } columns { name: "c148" type: INT32 is_key: false is_nullable: true encoding: AUTO_ENCODING compression: DEFAULT_COMPRESSION cfile_block_size: 0 } columns { name: "c764" type: INT32 is_key: false is_nullable: true encoding: RLE compression: DEFAULT_COMPRESSION cfile_block_size: 2097152 } columns { name: "c363" type: INT32 is_key: false is_nullable: true encoding: AUTO_ENCODING compression: DEFAULT_COMPRESSION cfile_block_size: 0 } columns { name: "c840" type: INT32 is_key: false is_nullable: false read_default_value: "\237\304\341X" encoding: AUTO_ENCODING compression: NO_COMPRESSION cfile_block_size: 0 } columns { name: "c252" type: INT32 is_key: false is_nullable: true encoding: AUTO_ENCODING compression: DEFAULT_COMPRESSION cfile_block_size: 0 } columns { name: "c46" type: INT32 is_key: false is_nullable: true encoding: AUTO_ENCODING compression: DEFAULT_COMPRESSION cfile_block_size: 0 } columns { name: "c908" type: INT32 is_key: false is_nullable: false read_default_value: "\217\336\210M" encoding: AUTO_ENCODING compression: NO_COMPRESSION cfile_block_size: 0 } columns { name: "c241" type: INT32 is_key: false is_nullable: false read_default_value: "V\312\032=" encoding: AUTO_ENCODING compression: DEFAULT_COMPRESSION cfile_block_size: 0 } } modify_external_catalogs: true
I1102 21:39:12.889089 9066 catalog_manager.cc:4017] T 00000000000000000000000000000000 P 810977538c654d1a96a5c2a53c44d890: Sending DeleteTablet for 3 replicas of tablet 7da034d210fc4d4e82b926081d6ad12e
I1102 21:39:12.889150 9066 catalog_manager.cc:3180] Sending DeleteTablet(TABLET_DATA_DELETED) for tablet 7da034d210fc4d4e82b926081d6ad12e on e92a2036de454238809663ac303c6ade (127.7.150.2:39313) (Partition dropped at 2018-11-02 21:39:12 UTC)
I1102 21:39:12.889230 9066 catalog_manager.cc:3180] Sending DeleteTablet(TABLET_DATA_DELETED) for tablet 7da034d210fc4d4e82b926081d6ad12e on 33b43dabe1b543f39e7ed84247c575e8 (127.7.150.3:44373) (Partition dropped at 2018-11-02 21:39:12 UTC)
I1102 21:39:12.889324 9066 catalog_manager.cc:3180] Sending DeleteTablet(TABLET_DATA_DELETED) for tablet 7da034d210fc4d4e82b926081d6ad12e on c36abe6b2bdb4e778576473f60926b7b (127.7.150.1:46291) (Partition dropped at 2018-11-02 21:39:12 UTC)
I1102 21:39:12.889746 8500 tablet_service.cc:806] Processing DeleteTablet for tablet 7da034d210fc4d4e82b926081d6ad12e with delete_type TABLET_DATA_DELETED (Partition dropped at 2018-11-02 21:39:12 UTC) from {username='slave'} at 127.0.0.1:40328
I1102 21:39:12.889858 9251 tablet_service.cc:806] Processing DeleteTablet for tablet 7da034d210fc4d4e82b926081d6ad12e with delete_type TABLET_DATA_DELETED (Partition dropped at 2018-11-02 21:39:12 UTC) from {username='slave'} at 127.0.0.1:54852
I1102 21:39:12.889904 9411 tablet_service.cc:806] Processing DeleteTablet for tablet 7da034d210fc4d4e82b926081d6ad12e with delete_type TABLET_DATA_DELETED (Partition dropped at 2018-11-02 21:39:12 UTC) from {username='slave'} at 127.0.0.1:51186
I1102 21:39:12.889959 9513 tablet_replica.cc:263] T 7da034d210fc4d4e82b926081d6ad12e P 33b43dabe1b543f39e7ed84247c575e8: stopping tablet replica
I1102 21:39:12.889995 9513 maintenance_manager.cc:237] P 33b43dabe1b543f39e7ed84247c575e8: Unregistered op CompactRowSetsOp(7da034d210fc4d4e82b926081d6ad12e)
I1102 21:39:12.890012 9513 maintenance_manager.cc:237] P 33b43dabe1b543f39e7ed84247c575e8: Unregistered op MinorDeltaCompactionOp(7da034d210fc4d4e82b926081d6ad12e)
I1102 21:39:12.890022 9513 maintenance_manager.cc:237] P 33b43dabe1b543f39e7ed84247c575e8: Unregistered op MajorDeltaCompactionOp(7da034d210fc4d4e82b926081d6ad12e)
I1102 21:39:12.890031 9513 maintenance_manager.cc:237] P 33b43dabe1b543f39e7ed84247c575e8: Unregistered op UndoDeltaBlockGCOp(7da034d210fc4d4e82b926081d6ad12e)
I1102 21:39:12.890053 9513 maintenance_manager.cc:237] P 33b43dabe1b543f39e7ed84247c575e8: Unregistered op FlushMRSOp(7da034d210fc4d4e82b926081d6ad12e)
I1102 21:39:12.890065 9513 maintenance_manager.cc:237] P 33b43dabe1b543f39e7ed84247c575e8: Unregistered op FlushDeltaMemStoresOp(7da034d210fc4d4e82b926081d6ad12e)
I1102 21:39:12.890074 9513 maintenance_manager.cc:237] P 33b43dabe1b543f39e7ed84247c575e8: Unregistered op LogGCOp(7da034d210fc4d4e82b926081d6ad12e)
I1102 21:39:12.890100 9513 raft_consensus.cc:2149] T 7da034d210fc4d4e82b926081d6ad12e P 33b43dabe1b543f39e7ed84247c575e8 [term 1 FOLLOWER]: Raft consensus shutting down.
I1102 21:39:12.890182 9513 raft_consensus.cc:2176] T 7da034d210fc4d4e82b926081d6ad12e P 33b43dabe1b543f39e7ed84247c575e8 [term 1 FOLLOWER]: Raft consensus is shut down!
I1102 21:39:12.890347 9515 tablet_replica.cc:263] T 7da034d210fc4d4e82b926081d6ad12e P c36abe6b2bdb4e778576473f60926b7b: stopping tablet replica
I1102 21:39:12.890549 9515 maintenance_manager.cc:237] P c36abe6b2bdb4e778576473f60926b7b: Unregistered op CompactRowSetsOp(7da034d210fc4d4e82b926081d6ad12e)
I1102 21:39:12.890575 9515 maintenance_manager.cc:237] P c36abe6b2bdb4e778576473f60926b7b: Unregistered op MinorDeltaCompactionOp(7da034d210fc4d4e82b926081d6ad12e)
I1102 21:39:12.890588 9515 maintenance_manager.cc:237] P c36abe6b2bdb4e778576473f60926b7b: Unregistered op MajorDeltaCompactionOp(7da034d210fc4d4e82b926081d6ad12e)
I1102 21:39:12.890599 9515 maintenance_manager.cc:237] P c36abe6b2bdb4e778576473f60926b7b: Unregistered op UndoDeltaBlockGCOp(7da034d210fc4d4e82b926081d6ad12e)
I1102 21:39:12.890621 9515 maintenance_manager.cc:237] P c36abe6b2bdb4e778576473f60926b7b: Unregistered op FlushMRSOp(7da034d210fc4d4e82b926081d6ad12e)
I1102 21:39:12.890638 9515 maintenance_manager.cc:237] P c36abe6b2bdb4e778576473f60926b7b: Unregistered op FlushDeltaMemStoresOp(7da034d210fc4d4e82b926081d6ad12e)
I1102 21:39:12.890650 9515 maintenance_manager.cc:237] P c36abe6b2bdb4e778576473f60926b7b: Unregistered op LogGCOp(7da034d210fc4d4e82b926081d6ad12e)
I1102 21:39:12.890676 9515 raft_consensus.cc:2149] T 7da034d210fc4d4e82b926081d6ad12e P c36abe6b2bdb4e778576473f60926b7b [term 1 LEADER]: Raft consensus shutting down.
I1102 21:39:12.890717 9515 consensus_peers.cc:482] T 7da034d210fc4d4e82b926081d6ad12e P c36abe6b2bdb4e778576473f60926b7b -> Peer 33b43dabe1b543f39e7ed84247c575e8 (127.7.150.3:44373): Closing peer: 33b43dabe1b543f39e7ed84247c575e8
I1102 21:39:12.890754 9515 consensus_peers.cc:482] T 7da034d210fc4d4e82b926081d6ad12e P c36abe6b2bdb4e778576473f60926b7b -> Peer e92a2036de454238809663ac303c6ade (127.7.150.2:39313): Closing peer: e92a2036de454238809663ac303c6ade
I1102 21:39:12.890863 9513 ts_tablet_manager.cc:1369] T 7da034d210fc4d4e82b926081d6ad12e P 33b43dabe1b543f39e7ed84247c575e8: Deleting tablet data with delete state TABLET_DATA_DELETED
I1102 21:39:12.890910 9515 raft_consensus.cc:2176] T 7da034d210fc4d4e82b926081d6ad12e P c36abe6b2bdb4e778576473f60926b7b [term 1 FOLLOWER]: Raft consensus is shut down!
I1102 21:39:12.891616 9515 ts_tablet_manager.cc:1369] T 7da034d210fc4d4e82b926081d6ad12e P c36abe6b2bdb4e778576473f60926b7b: Deleting tablet data with delete state TABLET_DATA_DELETED
I1102 21:39:12.893115 9135 tablet.cc:1262] T 9effeaa3138b4770b35fa96a5173bf88 P 33b43dabe1b543f39e7ed84247c575e8: Alter schema from ( 10:c451 INT32 NOT NULL, 18:c712 INT32 NULLABLE, 20:c169 INT32 NULLABLE, 22:c865 INT32 NOT NULL, 23:c148 INT32 NULLABLE, 24:c764 INT32 NULLABLE, 25:c363 INT32 NULLABLE, 26:c840 INT32 NOT NULL, 28:c252 INT32 NULLABLE, 30:c46 INT32 NULLABLE, 31:c908 INT32 NOT NULL, 32:c241 INT32 NOT NULL, PRIMARY KEY (c451) ) version 28 to ( 10:c451 INT32 NOT NULL, 18:c712 INT32 NULLABLE, 20:c169 INT32 NULLABLE, 22:c865 INT32 NOT NULL, 23:c148 INT32 NULLABLE, 24:c764 INT32 NULLABLE, 25:c363 INT32 NULLABLE, 26:c840 INT32 NOT NULL, 30:c956 INT32 NULLABLE, 31:c908 INT32 NOT NULL, 32:c241 INT32 NOT NULL, 33:c996 INT32 NOT NULL, PRIMARY KEY (c451) ) version 29
I1102 21:39:12.893159 9513 ts_tablet_manager.cc:1382] T 7da034d210fc4d4e82b926081d6ad12e P 33b43dabe1b543f39e7ed84247c575e8: tablet deleted with delete type TABLET_DATA_DELETED: last-logged OpId 1.25
I1102 21:39:12.893200 9513 log.cc:986] T 7da034d210fc4d4e82b926081d6ad12e P 33b43dabe1b543f39e7ed84247c575e8: Deleting WAL directory at /tmp/dist-test-taskoKLkQa/test-tmp/alter_table-randomized-test.0.HmsConfigurations_AlterTableRandomized.TestRandomSequence_0.1541194740983682-7768/minicluster-data/ts-2/wal/wals/7da034d210fc4d4e82b926081d6ad12e
I1102 21:39:12.893477 9135 tablet.cc:1214] T 9effeaa3138b4770b35fa96a5173bf88 P 33b43dabe1b543f39e7ed84247c575e8: Flush: entering stage 1 (old memrowset already frozen for inserts)
I1102 21:39:12.893504 9135 compaction.cc:926] Selected 1 rowsets to compact:
I1102 21:39:12.893513 9135 compaction.cc:929] memrowset(current size on disk: ~0 bytes)
I1102 21:39:12.893525 9135 tablet.cc:1216] T 9effeaa3138b4770b35fa96a5173bf88 P 33b43dabe1b543f39e7ed84247c575e8: Memstore in-memory size: 3751 bytes
I1102 21:39:12.893546 9135 tablet.cc:1508] T 9effeaa3138b4770b35fa96a5173bf88 P 33b43dabe1b543f39e7ed84247c575e8: Flush: entering phase 1 (flushing snapshot). Phase 1 snapshot: MvccSnapshot[committed={T|T < 6312733707837616128}]
I1102 21:39:12.893573 9515 ts_tablet_manager.cc:1382] T 7da034d210fc4d4e82b926081d6ad12e P c36abe6b2bdb4e778576473f60926b7b: tablet deleted with delete type TABLET_DATA_DELETED: last-logged OpId 1.25
I1102 21:39:12.893568 9513 ts_tablet_manager.cc:1403] T 7da034d210fc4d4e82b926081d6ad12e P 33b43dabe1b543f39e7ed84247c575e8: Deleting consensus metadata
I1102 21:39:12.893623 9515 log.cc:986] T 7da034d210fc4d4e82b926081d6ad12e P c36abe6b2bdb4e778576473f60926b7b: Deleting WAL directory at /tmp/dist-test-taskoKLkQa/test-tmp/alter_table-randomized-test.0.HmsConfigurations_AlterTableRandomized.TestRandomSequence_0.1541194740983682-7768/minicluster-data/ts-0/wal/wals/7da034d210fc4d4e82b926081d6ad12e
I1102 21:39:12.894013 9515 ts_tablet_manager.cc:1403] T 7da034d210fc4d4e82b926081d6ad12e P c36abe6b2bdb4e778576473f60926b7b: Deleting consensus metadata
I1102 21:39:12.894294 9514 tablet_replica.cc:263] T 7da034d210fc4d4e82b926081d6ad12e P e92a2036de454238809663ac303c6ade: stopping tablet replica
I1102 21:39:12.894338 9514 maintenance_manager.cc:237] P e92a2036de454238809663ac303c6ade: Unregistered op CompactRowSetsOp(7da034d210fc4d4e82b926081d6ad12e)
I1102 21:39:12.894358 9514 maintenance_manager.cc:237] P e92a2036de454238809663ac303c6ade: Unregistered op MinorDeltaCompactionOp(7da034d210fc4d4e82b926081d6ad12e)
I1102 21:39:12.894369 9514 maintenance_manager.cc:237] P e92a2036de454238809663ac303c6ade: Unregistered op MajorDeltaCompactionOp(7da034d210fc4d4e82b926081d6ad12e)
I1102 21:39:12.894379 9514 maintenance_manager.cc:237] P e92a2036de454238809663ac303c6ade: Unregistered op UndoDeltaBlockGCOp(7da034d210fc4d4e82b926081d6ad12e)
I1102 21:39:12.894435 9514 maintenance_manager.cc:237] P e92a2036de454238809663ac303c6ade: Unregistered op FlushMRSOp(7da034d210fc4d4e82b926081d6ad12e)
I1102 21:39:12.894448 9514 maintenance_manager.cc:237] P e92a2036de454238809663ac303c6ade: Unregistered op FlushDeltaMemStoresOp(7da034d210fc4d4e82b926081d6ad12e)
I1102 21:39:12.894459 9514 maintenance_manager.cc:237] P e92a2036de454238809663ac303c6ade: Unregistered op LogGCOp(7da034d210fc4d4e82b926081d6ad12e)
I1102 21:39:12.894488 9514 raft_consensus.cc:2149] T 7da034d210fc4d4e82b926081d6ad12e P e92a2036de454238809663ac303c6ade [term 1 FOLLOWER]: Raft consensus shutting down.
I1102 21:39:12.894500 9059 catalog_manager.cc:3158] TS 33b43dabe1b543f39e7ed84247c575e8 (127.7.150.3:44373): tablet 7da034d210fc4d4e82b926081d6ad12e (table default.test_table [id=e93179f4d3eb4a26a760d9d76293265f]) successfully deleted
I1102 21:39:12.894546 9514 raft_consensus.cc:2176] T 7da034d210fc4d4e82b926081d6ad12e P e92a2036de454238809663ac303c6ade [term 1 FOLLOWER]: Raft consensus is shut down!
I1102 21:39:12.894836 9058 catalog_manager.cc:3158] TS c36abe6b2bdb4e778576473f60926b7b (127.7.150.1:46291): tablet 7da034d210fc4d4e82b926081d6ad12e (table default.test_table [id=e93179f4d3eb4a26a760d9d76293265f]) successfully deleted
I1102 21:39:12.895262 9514 ts_tablet_manager.cc:1369] T 7da034d210fc4d4e82b926081d6ad12e P e92a2036de454238809663ac303c6ade: Deleting tablet data with delete state TABLET_DATA_DELETED
I1102 21:39:12.895993 9135 multi_column_writer.cc:98] Opened CFile writers for 12 column(s)
I1102 21:39:12.896803 9328 tablet.cc:1262] T 9effeaa3138b4770b35fa96a5173bf88 P e92a2036de454238809663ac303c6ade: Alter schema from ( 10:c451 INT32 NOT NULL, 18:c712 INT32 NULLABLE, 20:c169 INT32 NULLABLE, 22:c865 INT32 NOT NULL, 23:c148 INT32 NULLABLE, 24:c764 INT32 NULLABLE, 25:c363 INT32 NULLABLE, 26:c840 INT32 NOT NULL, 28:c252 INT32 NULLABLE, 30:c46 INT32 NULLABLE, 31:c908 INT32 NOT NULL, 32:c241 INT32 NOT NULL, PRIMARY KEY (c451) ) version 28 to ( 10:c451 INT32 NOT NULL, 18:c712 INT32 NULLABLE, 20:c169 INT32 NULLABLE, 22:c865 INT32 NOT NULL, 23:c148 INT32 NULLABLE, 24:c764 INT32 NULLABLE, 25:c363 INT32 NULLABLE, 26:c840 INT32 NOT NULL, 30:c956 INT32 NULLABLE, 31:c908 INT32 NOT NULL, 32:c241 INT32 NOT NULL, 33:c996 INT32 NOT NULL, PRIMARY KEY (c451) ) version 29
I1102 21:39:12.897112 9328 tablet.cc:1214] T 9effeaa3138b4770b35fa96a5173bf88 P e92a2036de454238809663ac303c6ade: Flush: entering stage 1 (old memrowset already frozen for inserts)
I1102 21:39:12.897140 9328 compaction.cc:926] Selected 1 rowsets to compact:
I1102 21:39:12.897148 9328 compaction.cc:929] memrowset(current size on disk: ~0 bytes)
I1102 21:39:12.897161 9328 tablet.cc:1216] T 9effeaa3138b4770b35fa96a5173bf88 P e92a2036de454238809663ac303c6ade: Memstore in-memory size: 3751 bytes
I1102 21:39:12.897178 9328 tablet.cc:1508] T 9effeaa3138b4770b35fa96a5173bf88 P e92a2036de454238809663ac303c6ade: Flush: entering phase 1 (flushing snapshot). Phase 1 snapshot: MvccSnapshot[committed={T|T < 6312733707837616128}]
I1102 21:39:12.897467 9514 ts_tablet_manager.cc:1382] T 7da034d210fc4d4e82b926081d6ad12e P e92a2036de454238809663ac303c6ade: tablet deleted with delete type TABLET_DATA_DELETED: last-logged OpId 1.25
I1102 21:39:12.897516 9514 log.cc:986] T 7da034d210fc4d4e82b926081d6ad12e P e92a2036de454238809663ac303c6ade: Deleting WAL directory at /tmp/dist-test-taskoKLkQa/test-tmp/alter_table-randomized-test.0.HmsConfigurations_AlterTableRandomized.TestRandomSequence_0.1541194740983682-7768/minicluster-data/ts-1/wal/wals/7da034d210fc4d4e82b926081d6ad12e
I1102 21:39:12.897791 9514 ts_tablet_manager.cc:1403] T 7da034d210fc4d4e82b926081d6ad12e P e92a2036de454238809663ac303c6ade: Deleting consensus metadata
I1102 21:39:12.898620 9056 catalog_manager.cc:3158] TS e92a2036de454238809663ac303c6ade (127.7.150.2:39313): tablet 7da034d210fc4d4e82b926081d6ad12e (table default.test_table [id=e93179f4d3eb4a26a760d9d76293265f]) successfully deleted
I1102 21:39:12.899279 9489 tablet.cc:1262] T 9effeaa3138b4770b35fa96a5173bf88 P c36abe6b2bdb4e778576473f60926b7b: Alter schema from ( 10:c451 INT32 NOT NULL, 18:c712 INT32 NULLABLE, 20:c169 INT32 NULLABLE, 22:c865 INT32 NOT NULL, 23:c148 INT32 NULLABLE, 24:c764 INT32 NULLABLE, 25:c363 INT32 NULLABLE, 26:c840 INT32 NOT NULL, 28:c252 INT32 NULLABLE, 30:c46 INT32 NULLABLE, 31:c908 INT32 NOT NULL, 32:c241 INT32 NOT NULL, PRIMARY KEY (c451) ) version 28 to ( 10:c451 INT32 NOT NULL, 18:c712 INT32 NULLABLE, 20:c169 INT32 NULLABLE, 22:c865 INT32 NOT NULL, 23:c148 INT32 NULLABLE, 24:c764 INT32 NULLABLE, 25:c363 INT32 NULLABLE, 26:c840 INT32 NOT NULL, 30:c956 INT32 NULLABLE, 31:c908 INT32 NOT NULL, 32:c241 INT32 NOT NULL, 33:c996 INT32 NOT NULL, PRIMARY KEY (c451) ) version 29
I1102 21:39:12.899523 9328 multi_column_writer.cc:98] Opened CFile writers for 12 column(s)
I1102 21:39:12.899621 9489 tablet.cc:1214] T 9effeaa3138b4770b35fa96a5173bf88 P c36abe6b2bdb4e778576473f60926b7b: Flush: entering stage 1 (old memrowset already frozen for inserts)
I1102 21:39:12.899632 9489 compaction.cc:926] Selected 1 rowsets to compact:
I1102 21:39:12.899637 9489 compaction.cc:929] memrowset(current size on disk: ~0 bytes)
I1102 21:39:12.899644 9489 tablet.cc:1216] T 9effeaa3138b4770b35fa96a5173bf88 P c36abe6b2bdb4e778576473f60926b7b: Memstore in-memory size: 3751 bytes
I1102 21:39:12.899657 9489 tablet.cc:1508] T 9effeaa3138b4770b35fa96a5173bf88 P c36abe6b2bdb4e778576473f60926b7b: Flush: entering phase 1 (flushing snapshot). Phase 1 snapshot: MvccSnapshot[committed={T|T < 6312733707837616128}]
I1102 21:39:12.901374 9489 multi_column_writer.cc:98] Opened CFile writers for 12 column(s)
I1102 21:39:12.910248 9489 tablet.cc:1594] T 9effeaa3138b4770b35fa96a5173bf88 P c36abe6b2bdb4e778576473f60926b7b: Flush: entering phase 2 (starting to duplicate updates in new rowsets)
I1102 21:39:12.910567 9489 tablet.cc:1649] T 9effeaa3138b4770b35fa96a5173bf88 P c36abe6b2bdb4e778576473f60926b7b: Flush Phase 2: carrying over any updates which arrived during Phase 1
I1102 21:39:12.910607 9489 tablet.cc:1651] T 9effeaa3138b4770b35fa96a5173bf88 P c36abe6b2bdb4e778576473f60926b7b: Phase 2 snapshot: MvccSnapshot[committed={T|T < 6312733707837616128}]
I1102 21:39:12.910677 9328 tablet.cc:1594] T 9effeaa3138b4770b35fa96a5173bf88 P e92a2036de454238809663ac303c6ade: Flush: entering phase 2 (starting to duplicate updates in new rowsets)
I1102 21:39:12.910899 9328 tablet.cc:1649] T 9effeaa3138b4770b35fa96a5173bf88 P e92a2036de454238809663ac303c6ade: Flush Phase 2: carrying over any updates which arrived during Phase 1
I1102 21:39:12.910938 9328 tablet.cc:1651] T 9effeaa3138b4770b35fa96a5173bf88 P e92a2036de454238809663ac303c6ade: Phase 2 snapshot: MvccSnapshot[committed={T|T < 6312733707837616128}]
I1102 21:39:12.913182 9328 tablet.cc:1699] T 9effeaa3138b4770b35fa96a5173bf88 P e92a2036de454238809663ac303c6ade: Flush successful on 21 rows (1 rowsets, 6308 bytes)
I1102 21:39:12.913519 9489 tablet.cc:1699] T 9effeaa3138b4770b35fa96a5173bf88 P c36abe6b2bdb4e778576473f60926b7b: Flush successful on 21 rows (1 rowsets, 6308 bytes)
I1102 21:39:12.916343 9066 catalog_manager.cc:4221] T 00000000000000000000000000000000 P 810977538c654d1a96a5c2a53c44d890: default.test_table [id=e93179f4d3eb4a26a760d9d76293265f] alter complete (version 29)
I1102 21:39:12.927961 9135 tablet.cc:1594] T 9effeaa3138b4770b35fa96a5173bf88 P 33b43dabe1b543f39e7ed84247c575e8: Flush: entering phase 2 (starting to duplicate updates in new rowsets)
I1102 21:39:12.928203 9135 tablet.cc:1649] T 9effeaa3138b4770b35fa96a5173bf88 P 33b43dabe1b543f39e7ed84247c575e8: Flush Phase 2: carrying over any updates which arrived during Phase 1
I1102 21:39:12.928237 9135 tablet.cc:1651] T 9effeaa3138b4770b35fa96a5173bf88 P 33b43dabe1b543f39e7ed84247c575e8: Phase 2 snapshot: MvccSnapshot[committed={T|T < 6312733707837616128}]
I1102 21:39:12.931007 9135 tablet.cc:1699] T 9effeaa3138b4770b35fa96a5173bf88 P 33b43dabe1b543f39e7ed84247c575e8: Flush successful on 21 rows (1 rowsets, 6308 bytes)
I1102 21:39:12.992146 9316 maintenance_manager.cc:304] P e92a2036de454238809663ac303c6ade: Scheduling UndoDeltaBlockGCOp(9effeaa3138b4770b35fa96a5173bf88): 852 bytes on disk
I1102 21:39:12.992743 9209 maintenance_manager.cc:494] P e92a2036de454238809663ac303c6ade: UndoDeltaBlockGCOp(9effeaa3138b4770b35fa96a5173bf88) complete. Timing: real 0.000s user 0.000s sys 0.000s Metrics: {"cfile_init":1,"lbm_read_time_us":114,"lbm_reads_lt_1ms":4}
I1102 21:39:13.012997 8565 maintenance_manager.cc:304] P 33b43dabe1b543f39e7ed84247c575e8: Scheduling UndoDeltaBlockGCOp(9effeaa3138b4770b35fa96a5173bf88): 852 bytes on disk
I1102 21:39:13.013598 8458 maintenance_manager.cc:494] P 33b43dabe1b543f39e7ed84247c575e8: UndoDeltaBlockGCOp(9effeaa3138b4770b35fa96a5173bf88) complete. Timing: real 0.000s user 0.000s sys 0.000s Metrics: {"cfile_init":1,"lbm_read_time_us":53,"lbm_reads_lt_1ms":4}
I1102 21:39:13.041527 7768 alter_table-randomized-test.cc:448] Beginning Alterations
I1102 21:39:13.042771 7768 alter_table-randomized-test.cc:516] Renaming column c956 to c174
I1102 21:39:13.042812 7768 alter_table-randomized-test.cc:486] Adding column c229, existing columns: c451, c712, c169, c865, c148, c764, c363, c840, c174, c908, c241, c996
I1102 21:39:13.042850 7768 alter_table-randomized-test.cc:554] Changing block size of column c241 to 2097152
I1102 21:39:13.042863 7768 alter_table-randomized-test.cc:523] Renaming PrimaryKey column c451 to c153
I1102 21:39:13.042889 7768 alter_table-randomized-test.cc:594] Dropping range partition: [1275068397, 1342177260) resulting partitions: ()
I1102 21:39:13.042927 7768 alter_table-randomized-test.cc:562] Adding range partition: [1006632945, 1073741808) resulting partitions: (1006632945, 1073741808)
I1102 21:39:13.042951 7768 alter_table-randomized-test.cc:480] Committing Alterations
I1102 21:39:13.043908 9067 catalog_manager.cc:2182] Servicing AlterTable request from {username='slave'} at 127.0.0.1:59072: table { table_name: "default.test_table" } alter_schema_steps { type: RENAME_COLUMN rename_column { old_name: "c956" new_name: "c174" } } alter_schema_steps { type: ADD_COLUMN add_column { schema { name: "c229" type: INT32 is_nullable: true encoding: AUTO_ENCODING compression: DEFAULT_COMPRESSION cfile_block_size: 0 } } } alter_schema_steps { type: ALTER_COLUMN alter_column { delta { name: "c241" block_size: 2097152 } } } alter_schema_steps { type: RENAME_COLUMN rename_column { old_name: "c451" new_name: "c153" } } alter_schema_steps { type: DROP_RANGE_PARTITION drop_range_partition { range_bounds { rows: "\006\001\000\000\000\355\377\377K\007\001\000\000\000\354\377\377O" } } } alter_schema_steps { type: ADD_RANGE_PARTITION add_range_partition { range_bounds { rows: "\010\001\000\000\000\360\377\377;\t\001\000\000\000\357\377\377?" } } } schema { columns { name: "c451" type: INT32 is_key: true is_nullable: false encoding: AUTO_ENCODING compression: DEFAULT_COMPRESSION cfile_block_size: 0 } columns { name: "c712" type: INT32 is_key: false is_nullable: true encoding: RLE compression: DEFAULT_COMPRESSION cfile_block_size: 8388608 } columns { name: "c169" type: INT32 is_key: false is_nullable: true encoding: RLE compression: DEFAULT_COMPRESSION cfile_block_size: 0 } columns { name: "c865" type: INT32 is_key: false is_nullable: false read_default_value: "\274)Y\\" encoding: AUTO_ENCODING compression: DEFAULT_COMPRESSION cfile_block_size: 0 } columns { name: "c148" type: INT32 is_key: false is_nullable: true encoding: AUTO_ENCODING compression: DEFAULT_COMPRESSION cfile_block_size: 0 } columns { name: "c764" type: INT32 is_key: false is_nullable: true encoding: RLE compression: DEFAULT_COMPRESSION cfile_block_size: 2097152 } columns { name: "c363" type: INT32 is_key: false is_nullable: true encoding: AUTO_ENCODING compression: DEFAULT_COMPRESSION cfile_block_size: 0 } columns { name: "c840" type: INT32 is_key: false is_nullable: false read_default_value: "\237\304\341X" encoding: AUTO_ENCODING compression: NO_COMPRESSION cfile_block_size: 8388608 } columns { name: "c956" type: INT32 is_key: false is_nullable: true encoding: AUTO_ENCODING compression: DEFAULT_COMPRESSION cfile_block_size: 0 } columns { name: "c908" type: INT32 is_key: false is_nullable: false read_default_value: "\217\336\210M" encoding: AUTO_ENCODING compression: NO_COMPRESSION cfile_block_size: 0 } columns { name: "c241" type: INT32 is_key: false is_nullable: false read_default_value: "V\312\032=" encoding: AUTO_ENCODING compression: DEFAULT_COMPRESSION cfile_block_size: 0 } columns { name: "c996" type: INT32 is_key: false is_nullable: false read_default_value: "E\234\227T" encoding: AUTO_ENCODING compression: DEFAULT_COMPRESSION cfile_block_size: 0 } } modify_external_catalogs: true
I1102 21:39:13.047164 9067 catalog_manager.cc:2958] Scheduling retry of 0a806600516b49399fc42a2e3bc2b77f (table default.test_table [id=e93179f4d3eb4a26a760d9d76293265f]) Alter Table RPC with a delay of 56 ms (attempt = 1)
W1102 21:39:13.047225 9067 catalog_manager.cc:3990] Failed to send alter table request: Not found: failed to reset TS proxy: No leader found: Tablet 0a806600516b49399fc42a2e3bc2b77f has no consensus state
I1102 21:39:13.047250 9067 catalog_manager.cc:4017] T 00000000000000000000000000000000 P 810977538c654d1a96a5c2a53c44d890: Sending DeleteTablet for 3 replicas of tablet 9effeaa3138b4770b35fa96a5173bf88
I1102 21:39:13.047305 9067 catalog_manager.cc:3180] Sending DeleteTablet(TABLET_DATA_DELETED) for tablet 9effeaa3138b4770b35fa96a5173bf88 on 33b43dabe1b543f39e7ed84247c575e8 (127.7.150.3:44373) (Partition dropped at 2018-11-02 21:39:13 UTC)
I1102 21:39:13.047466 9067 catalog_manager.cc:3180] Sending DeleteTablet(TABLET_DATA_DELETED) for tablet 9effeaa3138b4770b35fa96a5173bf88 on e92a2036de454238809663ac303c6ade (127.7.150.2:39313) (Partition dropped at 2018-11-02 21:39:13 UTC)
I1102 21:39:13.047559 9067 catalog_manager.cc:3180] Sending DeleteTablet(TABLET_DATA_DELETED) for tablet 9effeaa3138b4770b35fa96a5173bf88 on c36abe6b2bdb4e778576473f60926b7b (127.7.150.1:46291) (Partition dropped at 2018-11-02 21:39:13 UTC)
I1102 21:39:13.047861 8500 tablet_service.cc:806] Processing DeleteTablet for tablet 9effeaa3138b4770b35fa96a5173bf88 with delete_type TABLET_DATA_DELETED (Partition dropped at 2018-11-02 21:39:13 UTC) from {username='slave'} at 127.0.0.1:40328
I1102 21:39:13.048025 9513 tablet_replica.cc:263] T 9effeaa3138b4770b35fa96a5173bf88 P 33b43dabe1b543f39e7ed84247c575e8: stopping tablet replica
I1102 21:39:13.048064 9513 maintenance_manager.cc:237] P 33b43dabe1b543f39e7ed84247c575e8: Unregistered op CompactRowSetsOp(9effeaa3138b4770b35fa96a5173bf88)
I1102 21:39:13.048081 9513 maintenance_manager.cc:237] P 33b43dabe1b543f39e7ed84247c575e8: Unregistered op MinorDeltaCompactionOp(9effeaa3138b4770b35fa96a5173bf88)
I1102 21:39:13.048092 9513 maintenance_manager.cc:237] P 33b43dabe1b543f39e7ed84247c575e8: Unregistered op MajorDeltaCompactionOp(9effeaa3138b4770b35fa96a5173bf88)
I1102 21:39:13.048101 9513 maintenance_manager.cc:237] P 33b43dabe1b543f39e7ed84247c575e8: Unregistered op UndoDeltaBlockGCOp(9effeaa3138b4770b35fa96a5173bf88)
I1102 21:39:13.048125 9513 maintenance_manager.cc:237] P 33b43dabe1b543f39e7ed84247c575e8: Unregistered op FlushMRSOp(9effeaa3138b4770b35fa96a5173bf88)
I1102 21:39:13.048135 9513 maintenance_manager.cc:237] P 33b43dabe1b543f39e7ed84247c575e8: Unregistered op FlushDeltaMemStoresOp(9effeaa3138b4770b35fa96a5173bf88)
I1102 21:39:13.048142 9513 maintenance_manager.cc:237] P 33b43dabe1b543f39e7ed84247c575e8: Unregistered op LogGCOp(9effeaa3138b4770b35fa96a5173bf88)
I1102 21:39:13.048171 9513 raft_consensus.cc:2149] T 9effeaa3138b4770b35fa96a5173bf88 P 33b43dabe1b543f39e7ed84247c575e8 [term 1 LEADER]: Raft consensus shutting down.
I1102 21:39:13.048187 9513 consensus_peers.cc:482] T 9effeaa3138b4770b35fa96a5173bf88 P 33b43dabe1b543f39e7ed84247c575e8 -> Peer c36abe6b2bdb4e778576473f60926b7b (127.7.150.1:46291): Closing peer: c36abe6b2bdb4e778576473f60926b7b
I1102 21:39:13.048211 9513 consensus_peers.cc:482] T 9effeaa3138b4770b35fa96a5173bf88 P 33b43dabe1b543f39e7ed84247c575e8 -> Peer e92a2036de454238809663ac303c6ade (127.7.150.2:39313): Closing peer: e92a2036de454238809663ac303c6ade
I1102 21:39:13.048333 9513 raft_consensus.cc:2176] T 9effeaa3138b4770b35fa96a5173bf88 P 33b43dabe1b543f39e7ed84247c575e8 [term 1 FOLLOWER]: Raft consensus is shut down!
I1102 21:39:13.048378 9411 tablet_service.cc:806] Processing DeleteTablet for tablet 9effeaa3138b4770b35fa96a5173bf88 with delete_type TABLET_DATA_DELETED (Partition dropped at 2018-11-02 21:39:13 UTC) from {username='slave'} at 127.0.0.1:51186
I1102 21:39:13.048540 9515 tablet_replica.cc:263] T 9effeaa3138b4770b35fa96a5173bf88 P c36abe6b2bdb4e778576473f60926b7b: stopping tablet replica
