I1102 21:39:01.580444 8224 raft_consensus.cc:339] T 86d9f762294b410e90228380a0b5aca5 P 33b43dabe1b543f39e7ed84247c575e8 [term 0 FOLLOWER]: Replica starting. Triggering 0 pending transactions. Active config: opid_index: -1 OBSOLETE_local: false peers { permanent_uuid: "e92a2036de454238809663ac303c6ade" member_type: VOTER last_known_addr { host: "127.7.150.2" port: 39313 } } peers { permanent_uuid: "33b43dabe1b543f39e7ed84247c575e8" member_type: VOTER last_known_addr { host: "127.7.150.3" port: 44373 } } peers { permanent_uuid: "c36abe6b2bdb4e778576473f60926b7b" member_type: VOTER last_known_addr { host: "127.7.150.1" port: 46291 } }
I1102 21:39:01.580466 8225 raft_consensus.cc:339] T 86d9f762294b410e90228380a0b5aca5 P c36abe6b2bdb4e778576473f60926b7b [term 0 FOLLOWER]: Replica starting. Triggering 0 pending transactions. Active config: opid_index: -1 OBSOLETE_local: false peers { permanent_uuid: "e92a2036de454238809663ac303c6ade" member_type: VOTER last_known_addr { host: "127.7.150.2" port: 39313 } } peers { permanent_uuid: "33b43dabe1b543f39e7ed84247c575e8" member_type: VOTER last_known_addr { host: "127.7.150.3" port: 44373 } } peers { permanent_uuid: "c36abe6b2bdb4e778576473f60926b7b" member_type: VOTER last_known_addr { host: "127.7.150.1" port: 46291 } }
I1102 21:39:01.580513 8225 raft_consensus.cc:365] T 86d9f762294b410e90228380a0b5aca5 P c36abe6b2bdb4e778576473f60926b7b [term 0 FOLLOWER]: Consensus starting up: Expiring failure detector timer to make a prompt election more likely
I1102 21:39:01.580571 8225 raft_consensus.cc:704] T 86d9f762294b410e90228380a0b5aca5 P c36abe6b2bdb4e778576473f60926b7b [term 0 FOLLOWER]: Becoming Follower/Learner. State: Replica: c36abe6b2bdb4e778576473f60926b7b, State: Initialized, Role: FOLLOWER
I1102 21:39:01.580762 8224 raft_consensus.cc:365] T 86d9f762294b410e90228380a0b5aca5 P 33b43dabe1b543f39e7ed84247c575e8 [term 0 FOLLOWER]: Consensus starting up: Expiring failure detector timer to make a prompt election more likely
I1102 21:39:01.580849 8224 raft_consensus.cc:704] T 86d9f762294b410e90228380a0b5aca5 P 33b43dabe1b543f39e7ed84247c575e8 [term 0 FOLLOWER]: Becoming Follower/Learner. State: Replica: 33b43dabe1b543f39e7ed84247c575e8, State: Initialized, Role: FOLLOWER
I1102 21:39:01.580992 8225 consensus_queue.cc:229] T 86d9f762294b410e90228380a0b5aca5 P c36abe6b2bdb4e778576473f60926b7b [NON_LEADER]: Queue going to NON_LEADER mode. State: All replicated index: 0, Majority replicated index: 0, Committed index: 0, Last appended: 0.0, Last appended by leader: 0, Current term: 0, Majority size: -1, State: 0, Mode: NON_LEADER, active raft config: opid_index: -1 OBSOLETE_local: false peers { permanent_uuid: "e92a2036de454238809663ac303c6ade" member_type: VOTER last_known_addr { host: "127.7.150.2" port: 39313 } } peers { permanent_uuid: "33b43dabe1b543f39e7ed84247c575e8" member_type: VOTER last_known_addr { host: "127.7.150.3" port: 44373 } } peers { permanent_uuid: "c36abe6b2bdb4e778576473f60926b7b" member_type: VOTER last_known_addr { host: "127.7.150.1" port: 46291 } }
I1102 21:39:01.581272 8224 consensus_queue.cc:229] T 86d9f762294b410e90228380a0b5aca5 P 33b43dabe1b543f39e7ed84247c575e8 [NON_LEADER]: Queue going to NON_LEADER mode. State: All replicated index: 0, Majority replicated index: 0, Committed index: 0, Last appended: 0.0, Last appended by leader: 0, Current term: 0, Majority size: -1, State: 0, Mode: NON_LEADER, active raft config: opid_index: -1 OBSOLETE_local: false peers { permanent_uuid: "e92a2036de454238809663ac303c6ade" member_type: VOTER last_known_addr { host: "127.7.150.2" port: 39313 } } peers { permanent_uuid: "33b43dabe1b543f39e7ed84247c575e8" member_type: VOTER last_known_addr { host: "127.7.150.3" port: 44373 } } peers { permanent_uuid: "c36abe6b2bdb4e778576473f60926b7b" member_type: VOTER last_known_addr { host: "127.7.150.1" port: 46291 } }
I1102 21:39:01.581444 7963 heartbeater.cc:467] Master 127.7.150.62:42573 was elected leader, sending a full tablet report...
I1102 21:39:01.582024 8224 ts_tablet_manager.cc:1073] T 86d9f762294b410e90228380a0b5aca5 P 33b43dabe1b543f39e7ed84247c575e8: Time spent starting tablet: real 0.004s user 0.004s sys 0.000s
I1102 21:39:01.582024 8225 ts_tablet_manager.cc:1073] T 86d9f762294b410e90228380a0b5aca5 P c36abe6b2bdb4e778576473f60926b7b: Time spent starting tablet: real 0.004s user 0.003s sys 0.001s
I1102 21:39:01.582521 8208 heartbeater.cc:467] Master 127.7.150.62:42573 was elected leader, sending a full tablet report...
W1102 21:39:01.621103 8087 tablet.cc:1747] T 86d9f762294b410e90228380a0b5aca5 P e92a2036de454238809663ac303c6ade: Can't schedule compaction. Clean time has not been advanced past its initial value.
I1102 21:39:01.688652 8230 raft_consensus.cc:471] T 86d9f762294b410e90228380a0b5aca5 P c36abe6b2bdb4e778576473f60926b7b [term 0 FOLLOWER]: Starting pre-election (no leader contacted us within the election timeout)
I1102 21:39:01.688742 8230 raft_consensus.cc:2840] T 86d9f762294b410e90228380a0b5aca5 P c36abe6b2bdb4e778576473f60926b7b: Snoozing failure detection for 2.107s (starting election)
I1102 21:39:01.688871 8230 raft_consensus.cc:493] T 86d9f762294b410e90228380a0b5aca5 P c36abe6b2bdb4e778576473f60926b7b [term 0 FOLLOWER]: Starting pre-election with config: opid_index: -1 OBSOLETE_local: false peers { permanent_uuid: "e92a2036de454238809663ac303c6ade" member_type: VOTER last_known_addr { host: "127.7.150.2" port: 39313 } } peers { permanent_uuid: "33b43dabe1b543f39e7ed84247c575e8" member_type: VOTER last_known_addr { host: "127.7.150.3" port: 44373 } } peers { permanent_uuid: "c36abe6b2bdb4e778576473f60926b7b" member_type: VOTER last_known_addr { host: "127.7.150.1" port: 46291 } }
I1102 21:39:01.689502 8230 leader_election.cc:251] T 86d9f762294b410e90228380a0b5aca5 P c36abe6b2bdb4e778576473f60926b7b [CANDIDATE]: Term 1 pre-election: Requesting pre-vote from peer e92a2036de454238809663ac303c6ade (127.7.150.2:39313)
I1102 21:39:01.689723 8230 leader_election.cc:251] T 86d9f762294b410e90228380a0b5aca5 P c36abe6b2bdb4e778576473f60926b7b [CANDIDATE]: Term 1 pre-election: Requesting pre-vote from peer 33b43dabe1b543f39e7ed84247c575e8 (127.7.150.3:44373)
I1102 21:39:01.694613 8043 tablet_service.cc:1001] Received RequestConsensusVote() RPC: tablet_id: "86d9f762294b410e90228380a0b5aca5" candidate_uuid: "c36abe6b2bdb4e778576473f60926b7b" candidate_term: 1 candidate_status { last_received { term: 0 index: 0 } } ignore_live_leader: false dest_uuid: "e92a2036de454238809663ac303c6ade" is_pre_election: true
I1102 21:39:01.694721 8165 tablet_service.cc:1001] Received RequestConsensusVote() RPC: tablet_id: "86d9f762294b410e90228380a0b5aca5" candidate_uuid: "c36abe6b2bdb4e778576473f60926b7b" candidate_term: 1 candidate_status { last_received { term: 0 index: 0 } } ignore_live_leader: false dest_uuid: "33b43dabe1b543f39e7ed84247c575e8" is_pre_election: true
I1102 21:39:01.694778 8043 raft_consensus.cc:2840] T 86d9f762294b410e90228380a0b5aca5 P e92a2036de454238809663ac303c6ade: Snoozing failure detection for 2.050s (vote granted)
I1102 21:39:01.694839 8043 raft_consensus.cc:2352] T 86d9f762294b410e90228380a0b5aca5 P e92a2036de454238809663ac303c6ade [term 0 FOLLOWER]: Leader pre-election vote request: Granting yes vote for candidate c36abe6b2bdb4e778576473f60926b7b in term 0.
I1102 21:39:01.694880 8165 raft_consensus.cc:2840] T 86d9f762294b410e90228380a0b5aca5 P 33b43dabe1b543f39e7ed84247c575e8: Snoozing failure detection for 1.997s (vote granted)
I1102 21:39:01.694921 8165 raft_consensus.cc:2352] T 86d9f762294b410e90228380a0b5aca5 P 33b43dabe1b543f39e7ed84247c575e8 [term 0 FOLLOWER]: Leader pre-election vote request: Granting yes vote for candidate c36abe6b2bdb4e778576473f60926b7b in term 0.
I1102 21:39:01.695283 7851 leader_election.cc:387] T 86d9f762294b410e90228380a0b5aca5 P c36abe6b2bdb4e778576473f60926b7b [CANDIDATE]: Term 1 pre-election: Vote granted by peer e92a2036de454238809663ac303c6ade (127.7.150.2:39313)
I1102 21:39:01.695355 7851 leader_election.cc:278] T 86d9f762294b410e90228380a0b5aca5 P c36abe6b2bdb4e778576473f60926b7b [CANDIDATE]: Term 1 pre-election: Election decided. Result: candidate won.
I1102 21:39:01.695454 7854 leader_election.cc:387] T 86d9f762294b410e90228380a0b5aca5 P c36abe6b2bdb4e778576473f60926b7b [CANDIDATE]: Term 1 pre-election: Vote granted by peer 33b43dabe1b543f39e7ed84247c575e8 (127.7.150.3:44373)
I1102 21:39:01.695636 8230 raft_consensus.cc:2840] T 86d9f762294b410e90228380a0b5aca5 P c36abe6b2bdb4e778576473f60926b7b: Snoozing failure detection for 2.053s (election complete)
I1102 21:39:01.695684 8230 raft_consensus.cc:2646] T 86d9f762294b410e90228380a0b5aca5 P c36abe6b2bdb4e778576473f60926b7b [term 0 FOLLOWER]: Leader pre-election won for term 1
I1102 21:39:01.695720 8230 raft_consensus.cc:471] T 86d9f762294b410e90228380a0b5aca5 P c36abe6b2bdb4e778576473f60926b7b [term 0 FOLLOWER]: Starting leader election (no leader contacted us within the election timeout)
I1102 21:39:01.695747 8230 raft_consensus.cc:2840] T 86d9f762294b410e90228380a0b5aca5 P c36abe6b2bdb4e778576473f60926b7b: Snoozing failure detection for 2.061s (starting election)
I1102 21:39:01.695772 8230 raft_consensus.cc:2892] T 86d9f762294b410e90228380a0b5aca5 P c36abe6b2bdb4e778576473f60926b7b [term 0 FOLLOWER]: Advancing to term 1
I1102 21:39:01.696768 8230 raft_consensus.cc:493] T 86d9f762294b410e90228380a0b5aca5 P c36abe6b2bdb4e778576473f60926b7b [term 1 FOLLOWER]: Starting leader election with config: opid_index: -1 OBSOLETE_local: false peers { permanent_uuid: "e92a2036de454238809663ac303c6ade" member_type: VOTER last_known_addr { host: "127.7.150.2" port: 39313 } } peers { permanent_uuid: "33b43dabe1b543f39e7ed84247c575e8" member_type: VOTER last_known_addr { host: "127.7.150.3" port: 44373 } } peers { permanent_uuid: "c36abe6b2bdb4e778576473f60926b7b" member_type: VOTER last_known_addr { host: "127.7.150.1" port: 46291 } }
I1102 21:39:01.696974 8230 leader_election.cc:251] T 86d9f762294b410e90228380a0b5aca5 P c36abe6b2bdb4e778576473f60926b7b [CANDIDATE]: Term 1 election: Requesting vote from peer e92a2036de454238809663ac303c6ade (127.7.150.2:39313)
I1102 21:39:01.697078 8230 leader_election.cc:251] T 86d9f762294b410e90228380a0b5aca5 P c36abe6b2bdb4e778576473f60926b7b [CANDIDATE]: Term 1 election: Requesting vote from peer 33b43dabe1b543f39e7ed84247c575e8 (127.7.150.3:44373)
I1102 21:39:01.697530 8043 tablet_service.cc:1001] Received RequestConsensusVote() RPC: tablet_id: "86d9f762294b410e90228380a0b5aca5" candidate_uuid: "c36abe6b2bdb4e778576473f60926b7b" candidate_term: 1 candidate_status { last_received { term: 0 index: 0 } } ignore_live_leader: false dest_uuid: "e92a2036de454238809663ac303c6ade"
I1102 21:39:01.697571 8165 tablet_service.cc:1001] Received RequestConsensusVote() RPC: tablet_id: "86d9f762294b410e90228380a0b5aca5" candidate_uuid: "c36abe6b2bdb4e778576473f60926b7b" candidate_term: 1 candidate_status { last_received { term: 0 index: 0 } } ignore_live_leader: false dest_uuid: "33b43dabe1b543f39e7ed84247c575e8"
I1102 21:39:01.697597 8043 raft_consensus.cc:2892] T 86d9f762294b410e90228380a0b5aca5 P e92a2036de454238809663ac303c6ade [term 0 FOLLOWER]: Advancing to term 1
I1102 21:39:01.697608 8165 raft_consensus.cc:2892] T 86d9f762294b410e90228380a0b5aca5 P 33b43dabe1b543f39e7ed84247c575e8 [term 0 FOLLOWER]: Advancing to term 1
I1102 21:39:01.697648 8043 raft_consensus.cc:2840] T 86d9f762294b410e90228380a0b5aca5 P e92a2036de454238809663ac303c6ade: Snoozing failure detection for 2.195s (vote granted)
I1102 21:39:01.697662 8165 raft_consensus.cc:2840] T 86d9f762294b410e90228380a0b5aca5 P 33b43dabe1b543f39e7ed84247c575e8: Snoozing failure detection for 1.647s (vote granted)
I1102 21:39:01.698442 8043 raft_consensus.cc:2352] T 86d9f762294b410e90228380a0b5aca5 P e92a2036de454238809663ac303c6ade [term 1 FOLLOWER]: Leader election vote request: Granting yes vote for candidate c36abe6b2bdb4e778576473f60926b7b in term 1.
I1102 21:39:01.698565 8165 raft_consensus.cc:2352] T 86d9f762294b410e90228380a0b5aca5 P 33b43dabe1b543f39e7ed84247c575e8 [term 1 FOLLOWER]: Leader election vote request: Granting yes vote for candidate c36abe6b2bdb4e778576473f60926b7b in term 1.
I1102 21:39:01.698735 7851 leader_election.cc:387] T 86d9f762294b410e90228380a0b5aca5 P c36abe6b2bdb4e778576473f60926b7b [CANDIDATE]: Term 1 election: Vote granted by peer e92a2036de454238809663ac303c6ade (127.7.150.2:39313)
I1102 21:39:01.698771 7851 leader_election.cc:278] T 86d9f762294b410e90228380a0b5aca5 P c36abe6b2bdb4e778576473f60926b7b [CANDIDATE]: Term 1 election: Election decided. Result: candidate won.
I1102 21:39:01.698859 7854 leader_election.cc:387] T 86d9f762294b410e90228380a0b5aca5 P c36abe6b2bdb4e778576473f60926b7b [CANDIDATE]: Term 1 election: Vote granted by peer 33b43dabe1b543f39e7ed84247c575e8 (127.7.150.3:44373)
I1102 21:39:01.698904 8230 raft_consensus.cc:2840] T 86d9f762294b410e90228380a0b5aca5 P c36abe6b2bdb4e778576473f60926b7b: Snoozing failure detection for 2.030s (election complete)
I1102 21:39:01.698938 8230 raft_consensus.cc:2646] T 86d9f762294b410e90228380a0b5aca5 P c36abe6b2bdb4e778576473f60926b7b [term 1 FOLLOWER]: Leader election won for term 1
I1102 21:39:01.699131 8230 raft_consensus.cc:666] T 86d9f762294b410e90228380a0b5aca5 P c36abe6b2bdb4e778576473f60926b7b [term 1 LEADER]: Becoming Leader. State: Replica: c36abe6b2bdb4e778576473f60926b7b, State: Running, Role: LEADER
I1102 21:39:01.699450 8230 consensus_queue.cc:206] T 86d9f762294b410e90228380a0b5aca5 P c36abe6b2bdb4e778576473f60926b7b [LEADER]: Queue going to LEADER mode. State: All replicated index: 0, Majority replicated index: 0, Committed index: 0, Last appended: 0.0, Last appended by leader: 0, Current term: 1, Majority size: 2, State: 0, Mode: LEADER, active raft config: opid_index: -1 OBSOLETE_local: false peers { permanent_uuid: "e92a2036de454238809663ac303c6ade" member_type: VOTER last_known_addr { host: "127.7.150.2" port: 39313 } } peers { permanent_uuid: "33b43dabe1b543f39e7ed84247c575e8" member_type: VOTER last_known_addr { host: "127.7.150.3" port: 44373 } } peers { permanent_uuid: "c36abe6b2bdb4e778576473f60926b7b" member_type: VOTER last_known_addr { host: "127.7.150.1" port: 46291 } }
I1102 21:39:01.701947 7799 catalog_manager.cc:3778] T 86d9f762294b410e90228380a0b5aca5 P c36abe6b2bdb4e778576473f60926b7b reported cstate change: term changed from 0 to 1, leader changed from to c36abe6b2bdb4e778576473f60926b7b (127.7.150.1). New cstate: current_term: 1 leader_uuid: "c36abe6b2bdb4e778576473f60926b7b" committed_config { opid_index: -1 OBSOLETE_local: false peers { permanent_uuid: "e92a2036de454238809663ac303c6ade" member_type: VOTER last_known_addr { host: "127.7.150.2" port: 39313 } health_report { overall_health: UNKNOWN } } peers { permanent_uuid: "33b43dabe1b543f39e7ed84247c575e8" member_type: VOTER last_known_addr { host: "127.7.150.3" port: 44373 } health_report { overall_health: UNKNOWN } } peers { permanent_uuid: "c36abe6b2bdb4e778576473f60926b7b" member_type: VOTER last_known_addr { host: "127.7.150.1" port: 46291 } health_report { overall_health: HEALTHY } } }
I1102 21:39:01.709981 7768 test_util.cc:209] Using random seed: 1562115218
I1102 21:39:01.723045 8165 raft_consensus.cc:1180] T 86d9f762294b410e90228380a0b5aca5 P 33b43dabe1b543f39e7ed84247c575e8 [term 1 FOLLOWER]: Refusing update from remote peer c36abe6b2bdb4e778576473f60926b7b: Log matching property violated. Preceding OpId in replica: term: 0 index: 0. Preceding OpId from leader: term: 1 index: 2. (index mismatch)
I1102 21:39:01.723083 8043 raft_consensus.cc:1180] T 86d9f762294b410e90228380a0b5aca5 P e92a2036de454238809663ac303c6ade [term 1 FOLLOWER]: Refusing update from remote peer c36abe6b2bdb4e778576473f60926b7b: Log matching property violated. Preceding OpId in replica: term: 0 index: 0. Preceding OpId from leader: term: 1 index: 2. (index mismatch)
I1102 21:39:01.723785 8233 consensus_queue.cc:976] T 86d9f762294b410e90228380a0b5aca5 P c36abe6b2bdb4e778576473f60926b7b [LEADER]: Connected to new peer: Peer: permanent_uuid: "33b43dabe1b543f39e7ed84247c575e8" member_type: VOTER last_known_addr { host: "127.7.150.3" port: 44373 }, Status: LMP_MISMATCH, Last received: 0.0, Next index: 1, Last known committed idx: 0, Time since last communication: 0.000s
I1102 21:39:01.723913 8230 consensus_queue.cc:976] T 86d9f762294b410e90228380a0b5aca5 P c36abe6b2bdb4e778576473f60926b7b [LEADER]: Connected to new peer: Peer: permanent_uuid: "e92a2036de454238809663ac303c6ade" member_type: VOTER last_known_addr { host: "127.7.150.2" port: 39313 }, Status: LMP_MISMATCH, Last received: 0.0, Next index: 1, Last known committed idx: 0, Time since last communication: 0.000s
I1102 21:39:01.729635 8236 mvcc.cc:203] Tried to move safe_time back from 6312733662091124736 to 6312733662002843648. Current Snapshot: MvccSnapshot[committed={T|T < 6312733662091124736}]
I1102 21:39:01.731629 8238 mvcc.cc:203] Tried to move safe_time back from 6312733662091124736 to 6312733662002843648. Current Snapshot: MvccSnapshot[committed={T|T < 6312733662091124736 or (T in {6312733662091124736})}]
I1102 21:39:01.733086 7768 alter_table-randomized-test.cc:621] Verifying 1 rows in 1 tablets
I1102 21:39:02.058995 7768 alter_table-randomized-test.cc:448] Beginning Alterations
I1102 21:39:02.060020 7768 alter_table-randomized-test.cc:562] Adding range partition: [1811939301, 1879048164) resulting partitions: (469762041, 536870904], (1811939301, 1879048164)
I1102 21:39:02.060132 7768 alter_table-randomized-test.cc:594] Dropping range partition: [469762041, 536870904) resulting partitions: (1811939301, 1879048164)
I1102 21:39:02.060171 7768 alter_table-randomized-test.cc:594] Dropping range partition: [1811939301, 1879048164) resulting partitions: ()
I1102 21:39:02.060192 7768 alter_table-randomized-test.cc:480] Committing Alterations
I1102 21:39:02.061094 7799 catalog_manager.cc:2182] Servicing AlterTable request from {username='slave'} at 127.0.0.1:59020: table { table_name: "default.test_table" } alter_schema_steps { type: ADD_RANGE_PARTITION add_range_partition { range_bounds { rows: "\010\001\344\377\377k\t\001\343\377\377o" } } } alter_schema_steps { type: DROP_RANGE_PARTITION drop_range_partition { range_bounds { rows: "\006\001\371\377\377\033\007\001\370\377\377\037" } } } alter_schema_steps { type: DROP_RANGE_PARTITION drop_range_partition { range_bounds { rows: "\006\001\345\377\377k\007\001\344\377\377o" } } } schema { columns { name: "key" type: INT32 is_key: true is_nullable: false encoding: AUTO_ENCODING compression: DEFAULT_COMPRESSION cfile_block_size: 0 } } modify_external_catalogs: true
I1102 21:39:02.063907 7799 catalog_manager.cc:4017] T 00000000000000000000000000000000 P 810977538c654d1a96a5c2a53c44d890: Sending DeleteTablet for 3 replicas of tablet 86d9f762294b410e90228380a0b5aca5
I1102 21:39:02.064038 7799 catalog_manager.cc:3180] Sending DeleteTablet(TABLET_DATA_DELETED) for tablet 86d9f762294b410e90228380a0b5aca5 on e92a2036de454238809663ac303c6ade (127.7.150.2:39313) (Partition dropped at 2018-11-02 21:39:02 UTC)
I1102 21:39:02.064180 7799 catalog_manager.cc:3180] Sending DeleteTablet(TABLET_DATA_DELETED) for tablet 86d9f762294b410e90228380a0b5aca5 on 33b43dabe1b543f39e7ed84247c575e8 (127.7.150.3:44373) (Partition dropped at 2018-11-02 21:39:02 UTC)
I1102 21:39:02.064272 7799 catalog_manager.cc:3180] Sending DeleteTablet(TABLET_DATA_DELETED) for tablet 86d9f762294b410e90228380a0b5aca5 on c36abe6b2bdb4e778576473f60926b7b (127.7.150.1:46291) (Partition dropped at 2018-11-02 21:39:02 UTC)
I1102 21:39:02.064765 8023 tablet_service.cc:806] Processing DeleteTablet for tablet 86d9f762294b410e90228380a0b5aca5 with delete_type TABLET_DATA_DELETED (Partition dropped at 2018-11-02 21:39:02 UTC) from {username='slave'} at 127.0.0.1:54792
I1102 21:39:02.064765 7898 tablet_service.cc:806] Processing DeleteTablet for tablet 86d9f762294b410e90228380a0b5aca5 with delete_type TABLET_DATA_DELETED (Partition dropped at 2018-11-02 21:39:02 UTC) from {username='slave'} at 127.0.0.1:51126
I1102 21:39:02.064860 8145 tablet_service.cc:806] Processing DeleteTablet for tablet 86d9f762294b410e90228380a0b5aca5 with delete_type TABLET_DATA_DELETED (Partition dropped at 2018-11-02 21:39:02 UTC) from {username='slave'} at 127.0.0.1:40274
I1102 21:39:02.065111 8247 tablet_replica.cc:263] T 86d9f762294b410e90228380a0b5aca5 P c36abe6b2bdb4e778576473f60926b7b: stopping tablet replica
I1102 21:39:02.065163 8248 tablet_replica.cc:263] T 86d9f762294b410e90228380a0b5aca5 P e92a2036de454238809663ac303c6ade: stopping tablet replica
I1102 21:39:02.065207 8247 maintenance_manager.cc:237] P c36abe6b2bdb4e778576473f60926b7b: Unregistered op CompactRowSetsOp(86d9f762294b410e90228380a0b5aca5)
I1102 21:39:02.065240 8247 maintenance_manager.cc:237] P c36abe6b2bdb4e778576473f60926b7b: Unregistered op MinorDeltaCompactionOp(86d9f762294b410e90228380a0b5aca5)
I1102 21:39:02.065259 8247 maintenance_manager.cc:237] P c36abe6b2bdb4e778576473f60926b7b: Unregistered op MajorDeltaCompactionOp(86d9f762294b410e90228380a0b5aca5)
I1102 21:39:02.065277 8247 maintenance_manager.cc:237] P c36abe6b2bdb4e778576473f60926b7b: Unregistered op UndoDeltaBlockGCOp(86d9f762294b410e90228380a0b5aca5)
I1102 21:39:02.065325 8247 maintenance_manager.cc:237] P c36abe6b2bdb4e778576473f60926b7b: Unregistered op FlushMRSOp(86d9f762294b410e90228380a0b5aca5)
I1102 21:39:02.065345 8247 maintenance_manager.cc:237] P c36abe6b2bdb4e778576473f60926b7b: Unregistered op FlushDeltaMemStoresOp(86d9f762294b410e90228380a0b5aca5)
I1102 21:39:02.065352 8247 maintenance_manager.cc:237] P c36abe6b2bdb4e778576473f60926b7b: Unregistered op LogGCOp(86d9f762294b410e90228380a0b5aca5)
I1102 21:39:02.065416 8247 raft_consensus.cc:2149] T 86d9f762294b410e90228380a0b5aca5 P c36abe6b2bdb4e778576473f60926b7b [term 1 LEADER]: Raft consensus shutting down.
I1102 21:39:02.065460 8247 consensus_peers.cc:482] T 86d9f762294b410e90228380a0b5aca5 P c36abe6b2bdb4e778576473f60926b7b -> Peer 33b43dabe1b543f39e7ed84247c575e8 (127.7.150.3:44373): Closing peer: 33b43dabe1b543f39e7ed84247c575e8
I1102 21:39:02.065459 8248 maintenance_manager.cc:237] P e92a2036de454238809663ac303c6ade: Unregistered op CompactRowSetsOp(86d9f762294b410e90228380a0b5aca5)
I1102 21:39:02.065485 8248 maintenance_manager.cc:237] P e92a2036de454238809663ac303c6ade: Unregistered op MinorDeltaCompactionOp(86d9f762294b410e90228380a0b5aca5)
I1102 21:39:02.065491 8248 maintenance_manager.cc:237] P e92a2036de454238809663ac303c6ade: Unregistered op MajorDeltaCompactionOp(86d9f762294b410e90228380a0b5aca5)
I1102 21:39:02.065521 8248 maintenance_manager.cc:237] P e92a2036de454238809663ac303c6ade: Unregistered op UndoDeltaBlockGCOp(86d9f762294b410e90228380a0b5aca5)
I1102 21:39:02.065562 8248 maintenance_manager.cc:237] P e92a2036de454238809663ac303c6ade: Unregistered op FlushMRSOp(86d9f762294b410e90228380a0b5aca5)
I1102 21:39:02.065575 8248 maintenance_manager.cc:237] P e92a2036de454238809663ac303c6ade: Unregistered op FlushDeltaMemStoresOp(86d9f762294b410e90228380a0b5aca5)
I1102 21:39:02.065580 8248 maintenance_manager.cc:237] P e92a2036de454238809663ac303c6ade: Unregistered op LogGCOp(86d9f762294b410e90228380a0b5aca5)
I1102 21:39:02.065614 8248 raft_consensus.cc:2149] T 86d9f762294b410e90228380a0b5aca5 P e92a2036de454238809663ac303c6ade [term 1 FOLLOWER]: Raft consensus shutting down.
I1102 21:39:02.065650 8249 tablet_replica.cc:263] T 86d9f762294b410e90228380a0b5aca5 P 33b43dabe1b543f39e7ed84247c575e8: stopping tablet replica
I1102 21:39:02.065675 7768 alter_table-randomized-test.cc:448] Beginning Alterations
I1102 21:39:02.065722 8249 maintenance_manager.cc:237] P 33b43dabe1b543f39e7ed84247c575e8: Unregistered op CompactRowSetsOp(86d9f762294b410e90228380a0b5aca5)
I1102 21:39:02.065726 8248 raft_consensus.cc:2176] T 86d9f762294b410e90228380a0b5aca5 P e92a2036de454238809663ac303c6ade [term 1 FOLLOWER]: Raft consensus is shut down!
I1102 21:39:02.065748 8249 maintenance_manager.cc:237] P 33b43dabe1b543f39e7ed84247c575e8: Unregistered op MinorDeltaCompactionOp(86d9f762294b410e90228380a0b5aca5)
I1102 21:39:02.065775 8249 maintenance_manager.cc:237] P 33b43dabe1b543f39e7ed84247c575e8: Unregistered op MajorDeltaCompactionOp(86d9f762294b410e90228380a0b5aca5)
I1102 21:39:02.065802 8249 maintenance_manager.cc:237] P 33b43dabe1b543f39e7ed84247c575e8: Unregistered op UndoDeltaBlockGCOp(86d9f762294b410e90228380a0b5aca5)
I1102 21:39:02.065858 8249 maintenance_manager.cc:237] P 33b43dabe1b543f39e7ed84247c575e8: Unregistered op FlushMRSOp(86d9f762294b410e90228380a0b5aca5)
I1102 21:39:02.065884 8249 maintenance_manager.cc:237] P 33b43dabe1b543f39e7ed84247c575e8: Unregistered op FlushDeltaMemStoresOp(86d9f762294b410e90228380a0b5aca5)
I1102 21:39:02.065893 8249 maintenance_manager.cc:237] P 33b43dabe1b543f39e7ed84247c575e8: Unregistered op LogGCOp(86d9f762294b410e90228380a0b5aca5)
I1102 21:39:02.065971 8249 raft_consensus.cc:2149] T 86d9f762294b410e90228380a0b5aca5 P 33b43dabe1b543f39e7ed84247c575e8 [term 1 FOLLOWER]: Raft consensus shutting down.
I1102 21:39:02.066186 8247 consensus_peers.cc:482] T 86d9f762294b410e90228380a0b5aca5 P c36abe6b2bdb4e778576473f60926b7b -> Peer e92a2036de454238809663ac303c6ade (127.7.150.2:39313): Closing peer: e92a2036de454238809663ac303c6ade
I1102 21:39:02.066434 8247 raft_consensus.cc:2176] T 86d9f762294b410e90228380a0b5aca5 P c36abe6b2bdb4e778576473f60926b7b [term 1 FOLLOWER]: Raft consensus is shut down!
I1102 21:39:02.066588 8249 raft_consensus.cc:2176] T 86d9f762294b410e90228380a0b5aca5 P 33b43dabe1b543f39e7ed84247c575e8 [term 1 FOLLOWER]: Raft consensus is shut down!
I1102 21:39:02.066769 8248 ts_tablet_manager.cc:1369] T 86d9f762294b410e90228380a0b5aca5 P e92a2036de454238809663ac303c6ade: Deleting tablet data with delete state TABLET_DATA_DELETED
I1102 21:39:02.066962 7768 alter_table-randomized-test.cc:562] Adding range partition: [2080374753, 2147483616) resulting partitions: (2080374753, 2147483616)
I1102 21:39:02.067039 7768 alter_table-randomized-test.cc:594] Dropping range partition: [2080374753, 2147483616) resulting partitions: ()
I1102 21:39:02.067070 7768 alter_table-randomized-test.cc:562] Adding range partition: [134217726, 201326589) resulting partitions: (134217726, 201326589)
I1102 21:39:02.067090 7768 alter_table-randomized-test.cc:594] Dropping range partition: [134217726, 201326589) resulting partitions: ()
I1102 21:39:02.067102 7768 alter_table-randomized-test.cc:562] Adding range partition: [268435452, 335544315) resulting partitions: (268435452, 335544315)
I1102 21:39:02.067114 7768 alter_table-randomized-test.cc:594] Dropping range partition: [268435452, 335544315) resulting partitions: ()
I1102 21:39:02.067127 7768 alter_table-randomized-test.cc:562] Adding range partition: [805306356, 872415219) resulting partitions: (805306356, 872415219)
I1102 21:39:02.067137 7768 alter_table-randomized-test.cc:480] Committing Alterations
I1102 21:39:02.067487 8249 ts_tablet_manager.cc:1369] T 86d9f762294b410e90228380a0b5aca5 P 33b43dabe1b543f39e7ed84247c575e8: Deleting tablet data with delete state TABLET_DATA_DELETED
I1102 21:39:02.067486 8247 ts_tablet_manager.cc:1369] T 86d9f762294b410e90228380a0b5aca5 P c36abe6b2bdb4e778576473f60926b7b: Deleting tablet data with delete state TABLET_DATA_DELETED
I1102 21:39:02.069313 8248 ts_tablet_manager.cc:1382] T 86d9f762294b410e90228380a0b5aca5 P e92a2036de454238809663ac303c6ade: tablet deleted with delete type TABLET_DATA_DELETED: last-logged OpId 1.68
I1102 21:39:02.069329 8247 ts_tablet_manager.cc:1382] T 86d9f762294b410e90228380a0b5aca5 P c36abe6b2bdb4e778576473f60926b7b: tablet deleted with delete type TABLET_DATA_DELETED: last-logged OpId 1.68
I1102 21:39:02.069331 8249 ts_tablet_manager.cc:1382] T 86d9f762294b410e90228380a0b5aca5 P 33b43dabe1b543f39e7ed84247c575e8: tablet deleted with delete type TABLET_DATA_DELETED: last-logged OpId 1.68
I1102 21:39:02.069365 8248 log.cc:986] T 86d9f762294b410e90228380a0b5aca5 P e92a2036de454238809663ac303c6ade: Deleting WAL directory at /tmp/dist-test-taskoKLkQa/test-tmp/alter_table-randomized-test.0.HmsConfigurations_AlterTableRandomized.TestRandomSequence_0.1541194740983682-7768/minicluster-data/ts-1/wal/wals/86d9f762294b410e90228380a0b5aca5
I1102 21:39:02.069367 8247 log.cc:986] T 86d9f762294b410e90228380a0b5aca5 P c36abe6b2bdb4e778576473f60926b7b: Deleting WAL directory at /tmp/dist-test-taskoKLkQa/test-tmp/alter_table-randomized-test.0.HmsConfigurations_AlterTableRandomized.TestRandomSequence_0.1541194740983682-7768/minicluster-data/ts-0/wal/wals/86d9f762294b410e90228380a0b5aca5
I1102 21:39:02.069376 8249 log.cc:986] T 86d9f762294b410e90228380a0b5aca5 P 33b43dabe1b543f39e7ed84247c575e8: Deleting WAL directory at /tmp/dist-test-taskoKLkQa/test-tmp/alter_table-randomized-test.0.HmsConfigurations_AlterTableRandomized.TestRandomSequence_0.1541194740983682-7768/minicluster-data/ts-2/wal/wals/86d9f762294b410e90228380a0b5aca5
I1102 21:39:02.069687 8248 ts_tablet_manager.cc:1403] T 86d9f762294b410e90228380a0b5aca5 P e92a2036de454238809663ac303c6ade: Deleting consensus metadata
I1102 21:39:02.069705 8247 ts_tablet_manager.cc:1403] T 86d9f762294b410e90228380a0b5aca5 P c36abe6b2bdb4e778576473f60926b7b: Deleting consensus metadata
I1102 21:39:02.069738 8249 ts_tablet_manager.cc:1403] T 86d9f762294b410e90228380a0b5aca5 P 33b43dabe1b543f39e7ed84247c575e8: Deleting consensus metadata
I1102 21:39:02.070420 7799 catalog_manager.cc:2182] Servicing AlterTable request from {username='slave'} at 127.0.0.1:59020: table { table_name: "default.test_table" } alter_schema_steps { type: ADD_RANGE_PARTITION add_range_partition { range_bounds { rows: "\006\001\341\377\377{\t\001\337\377\377\177" } } } alter_schema_steps { type: DROP_RANGE_PARTITION drop_range_partition { range_bounds { rows: "\006\001\341\377\377{\007\001\340\377\377\177" } } } alter_schema_steps { type: ADD_RANGE_PARTITION add_range_partition { range_bounds { rows: "\006\001\376\377\377\007\007\001\375\377\377\013" } } } alter_schema_steps { type: DROP_RANGE_PARTITION drop_range_partition { range_bounds { rows: "\006\001\376\377\377\007\007\001\375\377\377\013" } } } alter_schema_steps { type: ADD_RANGE_PARTITION add_range_partition { range_bounds { rows: "\010\001\373\377\377\017\007\001\373\377\377\023" } } } alter_schema_steps { type: DROP_RANGE_PARTITION drop_range_partition { range_bounds { rows: "\006\001\374\377\377\017\007\001\373\377\377\023" } } } alter_schema_steps { type: ADD_RANGE_PARTITION add_range_partition { range_bounds { rows: "\006\001\364\377\377/\007\001\363\377\3773" } } } schema { columns { name: "key" type: INT32 is_key: true is_nullable: false encoding: AUTO_ENCODING compression: DEFAULT_COMPRESSION cfile_block_size: 0 } } modify_external_catalogs: true
I1102 21:39:02.070823 7781 catalog_manager.cc:3158] TS e92a2036de454238809663ac303c6ade (127.7.150.2:39313): tablet 86d9f762294b410e90228380a0b5aca5 (table default.test_table [id=e93179f4d3eb4a26a760d9d76293265f]) successfully deleted
I1102 21:39:02.070950 7784 catalog_manager.cc:3158] TS 33b43dabe1b543f39e7ed84247c575e8 (127.7.150.3:44373): tablet 86d9f762294b410e90228380a0b5aca5 (table default.test_table [id=e93179f4d3eb4a26a760d9d76293265f]) successfully deleted
I1102 21:39:02.072576 7783 catalog_manager.cc:3158] TS c36abe6b2bdb4e778576473f60926b7b (127.7.150.1:46291): tablet 86d9f762294b410e90228380a0b5aca5 (table default.test_table [id=e93179f4d3eb4a26a760d9d76293265f]) successfully deleted
I1102 21:39:02.073369 7799 catalog_manager.cc:2958] Scheduling retry of ada842941fe84080be71d0ba1b216639 (table default.test_table [id=e93179f4d3eb4a26a760d9d76293265f]) Alter Table RPC with a delay of 32 ms (attempt = 1)
W1102 21:39:02.073464 7799 catalog_manager.cc:3990] Failed to send alter table request: Not found: failed to reset TS proxy: No leader found: Tablet ada842941fe84080be71d0ba1b216639 has no consensus state
I1102 21:39:02.076010 8023 tablet_service.cc:765] Processing CreateTablet for tablet ada842941fe84080be71d0ba1b216639 (table=default.test_table [id=e93179f4d3eb4a26a760d9d76293265f]), partition=RANGE (key) PARTITION 805306356 <= VALUES < 872415219
I1102 21:39:02.076045 8145 tablet_service.cc:765] Processing CreateTablet for tablet ada842941fe84080be71d0ba1b216639 (table=default.test_table [id=e93179f4d3eb4a26a760d9d76293265f]), partition=RANGE (key) PARTITION 805306356 <= VALUES < 872415219
I1102 21:39:02.076056 7898 tablet_service.cc:765] Processing CreateTablet for tablet ada842941fe84080be71d0ba1b216639 (table=default.test_table [id=e93179f4d3eb4a26a760d9d76293265f]), partition=RANGE (key) PARTITION 805306356 <= VALUES < 872415219
I1102 21:39:02.076211 8023 data_dirs.cc:938] Could only allocate 1 dirs of requested 3 for tablet ada842941fe84080be71d0ba1b216639. 1 dirs total, 0 dirs full, 0 dirs failed
I1102 21:39:02.076221 8145 data_dirs.cc:938] Could only allocate 1 dirs of requested 3 for tablet ada842941fe84080be71d0ba1b216639. 1 dirs total, 0 dirs full, 0 dirs failed
I1102 21:39:02.076263 7898 data_dirs.cc:938] Could only allocate 1 dirs of requested 3 for tablet ada842941fe84080be71d0ba1b216639. 1 dirs total, 0 dirs full, 0 dirs failed
I1102 21:39:02.077770 8023 ts_tablet_manager.cc:1173] T ada842941fe84080be71d0ba1b216639 P e92a2036de454238809663ac303c6ade: Registered tablet (data state: TABLET_DATA_READY)
I1102 21:39:02.077921 8223 ts_tablet_manager.cc:1028] T ada842941fe84080be71d0ba1b216639 P e92a2036de454238809663ac303c6ade: Bootstrapping tablet
I1102 21:39:02.078019 8223 tablet_bootstrap.cc:438] T ada842941fe84080be71d0ba1b216639 P e92a2036de454238809663ac303c6ade: Bootstrap starting.
I1102 21:39:02.078042 7898 ts_tablet_manager.cc:1173] T ada842941fe84080be71d0ba1b216639 P c36abe6b2bdb4e778576473f60926b7b: Registered tablet (data state: TABLET_DATA_READY)
I1102 21:39:02.078193 8225 ts_tablet_manager.cc:1028] T ada842941fe84080be71d0ba1b216639 P c36abe6b2bdb4e778576473f60926b7b: Bootstrapping tablet
I1102 21:39:02.078270 8225 tablet_bootstrap.cc:438] T ada842941fe84080be71d0ba1b216639 P c36abe6b2bdb4e778576473f60926b7b: Bootstrap starting.
I1102 21:39:02.078867 8223 tablet_bootstrap.cc:592] T ada842941fe84080be71d0ba1b216639 P e92a2036de454238809663ac303c6ade: No blocks or log segments found. Creating new log.
I1102 21:39:02.078953 8225 tablet_bootstrap.cc:592] T ada842941fe84080be71d0ba1b216639 P c36abe6b2bdb4e778576473f60926b7b: No blocks or log segments found. Creating new log.
I1102 21:39:02.078999 8145 ts_tablet_manager.cc:1173] T ada842941fe84080be71d0ba1b216639 P 33b43dabe1b543f39e7ed84247c575e8: Registered tablet (data state: TABLET_DATA_READY)
I1102 21:39:02.079156 8224 ts_tablet_manager.cc:1028] T ada842941fe84080be71d0ba1b216639 P 33b43dabe1b543f39e7ed84247c575e8: Bootstrapping tablet
I1102 21:39:02.079248 8224 tablet_bootstrap.cc:438] T ada842941fe84080be71d0ba1b216639 P 33b43dabe1b543f39e7ed84247c575e8: Bootstrap starting.
I1102 21:39:02.080322 8224 tablet_bootstrap.cc:592] T ada842941fe84080be71d0ba1b216639 P 33b43dabe1b543f39e7ed84247c575e8: No blocks or log segments found. Creating new log.
I1102 21:39:02.080447 8225 tablet_bootstrap.cc:438] T ada842941fe84080be71d0ba1b216639 P c36abe6b2bdb4e778576473f60926b7b: No bootstrap required, opened a new log
I1102 21:39:02.080504 8225 ts_tablet_manager.cc:1045] T ada842941fe84080be71d0ba1b216639 P c36abe6b2bdb4e778576473f60926b7b: Time spent bootstrapping tablet: real 0.002s user 0.001s sys 0.000s
I1102 21:39:02.080526 8223 tablet_bootstrap.cc:438] T ada842941fe84080be71d0ba1b216639 P e92a2036de454238809663ac303c6ade: No bootstrap required, opened a new log
I1102 21:39:02.080595 8223 ts_tablet_manager.cc:1045] T ada842941fe84080be71d0ba1b216639 P e92a2036de454238809663ac303c6ade: Time spent bootstrapping tablet: real 0.003s user 0.001s sys 0.000s
I1102 21:39:02.080895 8225 raft_consensus.cc:339] T ada842941fe84080be71d0ba1b216639 P c36abe6b2bdb4e778576473f60926b7b [term 0 FOLLOWER]: Replica starting. Triggering 0 pending transactions. Active config: opid_index: -1 OBSOLETE_local: false peers { permanent_uuid: "c36abe6b2bdb4e778576473f60926b7b" member_type: VOTER last_known_addr { host: "127.7.150.1" port: 46291 } } peers { permanent_uuid: "e92a2036de454238809663ac303c6ade" member_type: VOTER last_known_addr { host: "127.7.150.2" port: 39313 } } peers { permanent_uuid: "33b43dabe1b543f39e7ed84247c575e8" member_type: VOTER last_known_addr { host: "127.7.150.3" port: 44373 } }
I1102 21:39:02.080926 8225 raft_consensus.cc:365] T ada842941fe84080be71d0ba1b216639 P c36abe6b2bdb4e778576473f60926b7b [term 0 FOLLOWER]: Consensus starting up: Expiring failure detector timer to make a prompt election more likely
I1102 21:39:02.080938 8225 raft_consensus.cc:704] T ada842941fe84080be71d0ba1b216639 P c36abe6b2bdb4e778576473f60926b7b [term 0 FOLLOWER]: Becoming Follower/Learner. State: Replica: c36abe6b2bdb4e778576473f60926b7b, State: Initialized, Role: FOLLOWER
I1102 21:39:02.081045 8225 consensus_queue.cc:229] T ada842941fe84080be71d0ba1b216639 P c36abe6b2bdb4e778576473f60926b7b [NON_LEADER]: Queue going to NON_LEADER mode. State: All replicated index: 0, Majority replicated index: 0, Committed index: 0, Last appended: 0.0, Last appended by leader: 0, Current term: 0, Majority size: -1, State: 0, Mode: NON_LEADER, active raft config: opid_index: -1 OBSOLETE_local: false peers { permanent_uuid: "c36abe6b2bdb4e778576473f60926b7b" member_type: VOTER last_known_addr { host: "127.7.150.1" port: 46291 } } peers { permanent_uuid: "e92a2036de454238809663ac303c6ade" member_type: VOTER last_known_addr { host: "127.7.150.2" port: 39313 } } peers { permanent_uuid: "33b43dabe1b543f39e7ed84247c575e8" member_type: VOTER last_known_addr { host: "127.7.150.3" port: 44373 } }
I1102 21:39:02.081058 8223 raft_consensus.cc:339] T ada842941fe84080be71d0ba1b216639 P e92a2036de454238809663ac303c6ade [term 0 FOLLOWER]: Replica starting. Triggering 0 pending transactions. Active config: opid_index: -1 OBSOLETE_local: false peers { permanent_uuid: "c36abe6b2bdb4e778576473f60926b7b" member_type: VOTER last_known_addr { host: "127.7.150.1" port: 46291 } } peers { permanent_uuid: "e92a2036de454238809663ac303c6ade" member_type: VOTER last_known_addr { host: "127.7.150.2" port: 39313 } } peers { permanent_uuid: "33b43dabe1b543f39e7ed84247c575e8" member_type: VOTER last_known_addr { host: "127.7.150.3" port: 44373 } }
I1102 21:39:02.081080 8223 raft_consensus.cc:365] T ada842941fe84080be71d0ba1b216639 P e92a2036de454238809663ac303c6ade [term 0 FOLLOWER]: Consensus starting up: Expiring failure detector timer to make a prompt election more likely
I1102 21:39:02.081096 8223 raft_consensus.cc:704] T ada842941fe84080be71d0ba1b216639 P e92a2036de454238809663ac303c6ade [term 0 FOLLOWER]: Becoming Follower/Learner. State: Replica: e92a2036de454238809663ac303c6ade, State: Initialized, Role: FOLLOWER
I1102 21:39:02.081238 8223 consensus_queue.cc:229] T ada842941fe84080be71d0ba1b216639 P e92a2036de454238809663ac303c6ade [NON_LEADER]: Queue going to NON_LEADER mode. State: All replicated index: 0, Majority replicated index: 0, Committed index: 0, Last appended: 0.0, Last appended by leader: 0, Current term: 0, Majority size: -1, State: 0, Mode: NON_LEADER, active raft config: opid_index: -1 OBSOLETE_local: false peers { permanent_uuid: "c36abe6b2bdb4e778576473f60926b7b" member_type: VOTER last_known_addr { host: "127.7.150.1" port: 46291 } } peers { permanent_uuid: "e92a2036de454238809663ac303c6ade" member_type: VOTER last_known_addr { host: "127.7.150.2" port: 39313 } } peers { permanent_uuid: "33b43dabe1b543f39e7ed84247c575e8" member_type: VOTER last_known_addr { host: "127.7.150.3" port: 44373 } }
I1102 21:39:02.081240 8225 ts_tablet_manager.cc:1073] T ada842941fe84080be71d0ba1b216639 P c36abe6b2bdb4e778576473f60926b7b: Time spent starting tablet: real 0.001s user 0.001s sys 0.000s
I1102 21:39:02.081465 8223 ts_tablet_manager.cc:1073] T ada842941fe84080be71d0ba1b216639 P e92a2036de454238809663ac303c6ade: Time spent starting tablet: real 0.001s user 0.001s sys 0.000s
I1102 21:39:02.082300 8224 tablet_bootstrap.cc:438] T ada842941fe84080be71d0ba1b216639 P 33b43dabe1b543f39e7ed84247c575e8: No bootstrap required, opened a new log
I1102 21:39:02.082377 8224 ts_tablet_manager.cc:1045] T ada842941fe84080be71d0ba1b216639 P 33b43dabe1b543f39e7ed84247c575e8: Time spent bootstrapping tablet: real 0.003s user 0.002s sys 0.000s
I1102 21:39:02.082775 8224 raft_consensus.cc:339] T ada842941fe84080be71d0ba1b216639 P 33b43dabe1b543f39e7ed84247c575e8 [term 0 FOLLOWER]: Replica starting. Triggering 0 pending transactions. Active config: opid_index: -1 OBSOLETE_local: false peers { permanent_uuid: "c36abe6b2bdb4e778576473f60926b7b" member_type: VOTER last_known_addr { host: "127.7.150.1" port: 46291 } } peers { permanent_uuid: "e92a2036de454238809663ac303c6ade" member_type: VOTER last_known_addr { host: "127.7.150.2" port: 39313 } } peers { permanent_uuid: "33b43dabe1b543f39e7ed84247c575e8" member_type: VOTER last_known_addr { host: "127.7.150.3" port: 44373 } }
I1102 21:39:02.082818 8224 raft_consensus.cc:365] T ada842941fe84080be71d0ba1b216639 P 33b43dabe1b543f39e7ed84247c575e8 [term 0 FOLLOWER]: Consensus starting up: Expiring failure detector timer to make a prompt election more likely
I1102 21:39:02.082834 8224 raft_consensus.cc:704] T ada842941fe84080be71d0ba1b216639 P 33b43dabe1b543f39e7ed84247c575e8 [term 0 FOLLOWER]: Becoming Follower/Learner. State: Replica: 33b43dabe1b543f39e7ed84247c575e8, State: Initialized, Role: FOLLOWER
I1102 21:39:02.082968 8224 consensus_queue.cc:229] T ada842941fe84080be71d0ba1b216639 P 33b43dabe1b543f39e7ed84247c575e8 [NON_LEADER]: Queue going to NON_LEADER mode. State: All replicated index: 0, Majority replicated index: 0, Committed index: 0, Last appended: 0.0, Last appended by leader: 0, Current term: 0, Majority size: -1, State: 0, Mode: NON_LEADER, active raft config: opid_index: -1 OBSOLETE_local: false peers { permanent_uuid: "c36abe6b2bdb4e778576473f60926b7b" member_type: VOTER last_known_addr { host: "127.7.150.1" port: 46291 } } peers { permanent_uuid: "e92a2036de454238809663ac303c6ade" member_type: VOTER last_known_addr { host: "127.7.150.2" port: 39313 } } peers { permanent_uuid: "33b43dabe1b543f39e7ed84247c575e8" member_type: VOTER last_known_addr { host: "127.7.150.3" port: 44373 } }
I1102 21:39:02.083185 8224 ts_tablet_manager.cc:1073] T ada842941fe84080be71d0ba1b216639 P 33b43dabe1b543f39e7ed84247c575e8: Time spent starting tablet: real 0.001s user 0.000s sys 0.000s
I1102 21:39:02.084103 7800 catalog_manager.cc:4221] T 00000000000000000000000000000000 P 810977538c654d1a96a5c2a53c44d890: default.test_table [id=e93179f4d3eb4a26a760d9d76293265f] alter complete (version 0)
I1102 21:39:02.106626 7782 catalog_manager.cc:2958] Scheduling retry of ada842941fe84080be71d0ba1b216639 (table default.test_table [id=e93179f4d3eb4a26a760d9d76293265f]) Alter Table RPC with a delay of 80 ms (attempt = 2)
W1102 21:39:02.106683 7782 catalog_manager.cc:2977] Async tablet task ada842941fe84080be71d0ba1b216639 (table default.test_table [id=e93179f4d3eb4a26a760d9d76293265f]) Alter Table RPC failed: Not found: failed to reset TS proxy: No leader found: Tablet ada842941fe84080be71d0ba1b216639 consensus state has no leader
I1102 21:39:02.110776 8241 raft_consensus.cc:471] T ada842941fe84080be71d0ba1b216639 P c36abe6b2bdb4e778576473f60926b7b [term 0 FOLLOWER]: Starting pre-election (no leader contacted us within the election timeout)
I1102 21:39:02.110852 8241 raft_consensus.cc:2840] T ada842941fe84080be71d0ba1b216639 P c36abe6b2bdb4e778576473f60926b7b: Snoozing failure detection for 2.105s (starting election)
I1102 21:39:02.110991 8241 raft_consensus.cc:493] T ada842941fe84080be71d0ba1b216639 P c36abe6b2bdb4e778576473f60926b7b [term 0 FOLLOWER]: Starting pre-election with config: opid_index: -1 OBSOLETE_local: false peers { permanent_uuid: "c36abe6b2bdb4e778576473f60926b7b" member_type: VOTER last_known_addr { host: "127.7.150.1" port: 46291 } } peers { permanent_uuid: "e92a2036de454238809663ac303c6ade" member_type: VOTER last_known_addr { host: "127.7.150.2" port: 39313 } } peers { permanent_uuid: "33b43dabe1b543f39e7ed84247c575e8" member_type: VOTER last_known_addr { host: "127.7.150.3" port: 44373 } }
I1102 21:39:02.111250 8241 leader_election.cc:251] T ada842941fe84080be71d0ba1b216639 P c36abe6b2bdb4e778576473f60926b7b [CANDIDATE]: Term 1 pre-election: Requesting pre-vote from peer e92a2036de454238809663ac303c6ade (127.7.150.2:39313)
I1102 21:39:02.111393 8241 leader_election.cc:251] T ada842941fe84080be71d0ba1b216639 P c36abe6b2bdb4e778576473f60926b7b [CANDIDATE]: Term 1 pre-election: Requesting pre-vote from peer 33b43dabe1b543f39e7ed84247c575e8 (127.7.150.3:44373)
I1102 21:39:02.111999 8043 tablet_service.cc:1001] Received RequestConsensusVote() RPC: tablet_id: "ada842941fe84080be71d0ba1b216639" candidate_uuid: "c36abe6b2bdb4e778576473f60926b7b" candidate_term: 1 candidate_status { last_received { term: 0 index: 0 } } ignore_live_leader: false dest_uuid: "e92a2036de454238809663ac303c6ade" is_pre_election: true
I1102 21:39:02.112010 8164 tablet_service.cc:1001] Received RequestConsensusVote() RPC: tablet_id: "ada842941fe84080be71d0ba1b216639" candidate_uuid: "c36abe6b2bdb4e778576473f60926b7b" candidate_term: 1 candidate_status { last_received { term: 0 index: 0 } } ignore_live_leader: false dest_uuid: "33b43dabe1b543f39e7ed84247c575e8" is_pre_election: true
I1102 21:39:02.112069 8164 raft_consensus.cc:2840] T ada842941fe84080be71d0ba1b216639 P 33b43dabe1b543f39e7ed84247c575e8: Snoozing failure detection for 2.017s (vote granted)
I1102 21:39:02.112077 8043 raft_consensus.cc:2840] T ada842941fe84080be71d0ba1b216639 P e92a2036de454238809663ac303c6ade: Snoozing failure detection for 2.061s (vote granted)
I1102 21:39:02.112094 8164 raft_consensus.cc:2352] T ada842941fe84080be71d0ba1b216639 P 33b43dabe1b543f39e7ed84247c575e8 [term 0 FOLLOWER]: Leader pre-election vote request: Granting yes vote for candidate c36abe6b2bdb4e778576473f60926b7b in term 0.
I1102 21:39:02.112118 8043 raft_consensus.cc:2352] T ada842941fe84080be71d0ba1b216639 P e92a2036de454238809663ac303c6ade [term 0 FOLLOWER]: Leader pre-election vote request: Granting yes vote for candidate c36abe6b2bdb4e778576473f60926b7b in term 0.
I1102 21:39:02.112367 7854 leader_election.cc:387] T ada842941fe84080be71d0ba1b216639 P c36abe6b2bdb4e778576473f60926b7b [CANDIDATE]: Term 1 pre-election: Vote granted by peer 33b43dabe1b543f39e7ed84247c575e8 (127.7.150.3:44373)
I1102 21:39:02.112409 7854 leader_election.cc:278] T ada842941fe84080be71d0ba1b216639 P c36abe6b2bdb4e778576473f60926b7b [CANDIDATE]: Term 1 pre-election: Election decided. Result: candidate won.
I1102 21:39:02.112454 7851 leader_election.cc:387] T ada842941fe84080be71d0ba1b216639 P c36abe6b2bdb4e778576473f60926b7b [CANDIDATE]: Term 1 pre-election: Vote granted by peer e92a2036de454238809663ac303c6ade (127.7.150.2:39313)
I1102 21:39:02.112521 8241 raft_consensus.cc:2840] T ada842941fe84080be71d0ba1b216639 P c36abe6b2bdb4e778576473f60926b7b: Snoozing failure detection for 1.665s (election complete)
I1102 21:39:02.112553 8241 raft_consensus.cc:2646] T ada842941fe84080be71d0ba1b216639 P c36abe6b2bdb4e778576473f60926b7b [term 0 FOLLOWER]: Leader pre-election won for term 1
I1102 21:39:02.112571 8241 raft_consensus.cc:471] T ada842941fe84080be71d0ba1b216639 P c36abe6b2bdb4e778576473f60926b7b [term 0 FOLLOWER]: Starting leader election (no leader contacted us within the election timeout)
I1102 21:39:02.112584 8241 raft_consensus.cc:2840] T ada842941fe84080be71d0ba1b216639 P c36abe6b2bdb4e778576473f60926b7b: Snoozing failure detection for 1.693s (starting election)
I1102 21:39:02.112596 8241 raft_consensus.cc:2892] T ada842941fe84080be71d0ba1b216639 P c36abe6b2bdb4e778576473f60926b7b [term 0 FOLLOWER]: Advancing to term 1
I1102 21:39:02.113421 8241 raft_consensus.cc:493] T ada842941fe84080be71d0ba1b216639 P c36abe6b2bdb4e778576473f60926b7b [term 1 FOLLOWER]: Starting leader election with config: opid_index: -1 OBSOLETE_local: false peers { permanent_uuid: "c36abe6b2bdb4e778576473f60926b7b" member_type: VOTER last_known_addr { host: "127.7.150.1" port: 46291 } } peers { permanent_uuid: "e92a2036de454238809663ac303c6ade" member_type: VOTER last_known_addr { host: "127.7.150.2" port: 39313 } } peers { permanent_uuid: "33b43dabe1b543f39e7ed84247c575e8" member_type: VOTER last_known_addr { host: "127.7.150.3" port: 44373 } }
I1102 21:39:02.113534 8241 leader_election.cc:251] T ada842941fe84080be71d0ba1b216639 P c36abe6b2bdb4e778576473f60926b7b [CANDIDATE]: Term 1 election: Requesting vote from peer e92a2036de454238809663ac303c6ade (127.7.150.2:39313)
I1102 21:39:02.113613 8241 leader_election.cc:251] T ada842941fe84080be71d0ba1b216639 P c36abe6b2bdb4e778576473f60926b7b [CANDIDATE]: Term 1 election: Requesting vote from peer 33b43dabe1b543f39e7ed84247c575e8 (127.7.150.3:44373)
I1102 21:39:02.114048 8164 tablet_service.cc:1001] Received RequestConsensusVote() RPC: tablet_id: "ada842941fe84080be71d0ba1b216639" candidate_uuid: "c36abe6b2bdb4e778576473f60926b7b" candidate_term: 1 candidate_status { last_received { term: 0 index: 0 } } ignore_live_leader: false dest_uuid: "33b43dabe1b543f39e7ed84247c575e8"
I1102 21:39:02.114094 8164 raft_consensus.cc:2892] T ada842941fe84080be71d0ba1b216639 P 33b43dabe1b543f39e7ed84247c575e8 [term 0 FOLLOWER]: Advancing to term 1
I1102 21:39:02.114141 8164 raft_consensus.cc:2840] T ada842941fe84080be71d0ba1b216639 P 33b43dabe1b543f39e7ed84247c575e8: Snoozing failure detection for 2.059s (vote granted)
I1102 21:39:02.114156 8043 tablet_service.cc:1001] Received RequestConsensusVote() RPC: tablet_id: "ada842941fe84080be71d0ba1b216639" candidate_uuid: "c36abe6b2bdb4e778576473f60926b7b" candidate_term: 1 candidate_status { last_received { term: 0 index: 0 } } ignore_live_leader: false dest_uuid: "e92a2036de454238809663ac303c6ade"
