I1102 21:39:02.275656 8244 tablet.cc:1262] T 8af0294ac1e7467da98195130bc37703 P 33b43dabe1b543f39e7ed84247c575e8: Alter schema from ( 10:key INT32 NOT NULL, 11:c833 INT32 NULLABLE, PRIMARY KEY (key) ) version 0 to ( 10:key INT32 NOT NULL, 11:c833 INT32 NULLABLE, PRIMARY KEY (key) ) version 1
I1102 21:39:02.276208 8242 tablet.cc:1262] T 8af0294ac1e7467da98195130bc37703 P c36abe6b2bdb4e778576473f60926b7b: Alter schema from ( 10:key INT32 NOT NULL, 11:c833 INT32 NULLABLE, PRIMARY KEY (key) ) version 0 to ( 10:key INT32 NOT NULL, 11:c833 INT32 NULLABLE, PRIMARY KEY (key) ) version 1
I1102 21:39:02.277654 8243 tablet.cc:1262] T 8af0294ac1e7467da98195130bc37703 P e92a2036de454238809663ac303c6ade: Alter schema from ( 10:key INT32 NOT NULL, 11:c833 INT32 NULLABLE, PRIMARY KEY (key) ) version 0 to ( 10:key INT32 NOT NULL, 11:c833 INT32 NULLABLE, PRIMARY KEY (key) ) version 1
I1102 21:39:02.278514 7795 catalog_manager.cc:4221] T 00000000000000000000000000000000 P 810977538c654d1a96a5c2a53c44d890: default.test_table [id=e93179f4d3eb4a26a760d9d76293265f] alter complete (version 1)
I1102 21:39:02.278791 7799 catalog_manager.cc:3873] TS c36abe6b2bdb4e778576473f60926b7b (127.7.150.1:46291) does not have the latest schema for tablet 8af0294ac1e7467da98195130bc37703 (table default.test_table [id=e93179f4d3eb4a26a760d9d76293265f]). Expected version 1 got 0
I1102 21:39:02.282001 8244 tablet.cc:1257] T 8af0294ac1e7467da98195130bc37703 P 33b43dabe1b543f39e7ed84247c575e8: Already running schema version 1 got alter request for version 1
I1102 21:39:02.282614 8243 tablet.cc:1257] T 8af0294ac1e7467da98195130bc37703 P e92a2036de454238809663ac303c6ade: Already running schema version 1 got alter request for version 1
I1102 21:39:02.284832 8242 tablet.cc:1257] T 8af0294ac1e7467da98195130bc37703 P c36abe6b2bdb4e778576473f60926b7b: Already running schema version 1 got alter request for version 1
I1102 21:39:02.285784 8244 tablet.cc:1257] T 8af0294ac1e7467da98195130bc37703 P 33b43dabe1b543f39e7ed84247c575e8: Already running schema version 1 got alter request for version 1
I1102 21:39:02.287051 8242 tablet.cc:1257] T 8af0294ac1e7467da98195130bc37703 P c36abe6b2bdb4e778576473f60926b7b: Already running schema version 1 got alter request for version 1
I1102 21:39:02.287314 8243 tablet.cc:1257] T 8af0294ac1e7467da98195130bc37703 P e92a2036de454238809663ac303c6ade: Already running schema version 1 got alter request for version 1
I1102 21:39:02.288935 8244 tablet.cc:1257] T 8af0294ac1e7467da98195130bc37703 P 33b43dabe1b543f39e7ed84247c575e8: Already running schema version 1 got alter request for version 1
I1102 21:39:02.289515 8243 tablet.cc:1257] T 8af0294ac1e7467da98195130bc37703 P e92a2036de454238809663ac303c6ade: Already running schema version 1 got alter request for version 1
I1102 21:39:02.290910 8242 tablet.cc:1257] T 8af0294ac1e7467da98195130bc37703 P c36abe6b2bdb4e778576473f60926b7b: Already running schema version 1 got alter request for version 1
I1102 21:39:02.316270 7768 alter_table-randomized-test.cc:448] Beginning Alterations
I1102 21:39:02.317245 7768 alter_table-randomized-test.cc:523] Renaming PrimaryKey column key to c127
I1102 21:39:02.317276 7768 alter_table-randomized-test.cc:523] Renaming PrimaryKey column c127 to c780
I1102 21:39:02.317283 7768 alter_table-randomized-test.cc:516] Renaming column c833 to c628
I1102 21:39:02.317292 7768 alter_table-randomized-test.cc:594] Dropping range partition: [1342177260, 1409286123) resulting partitions: ()
I1102 21:39:02.317322 7768 alter_table-randomized-test.cc:480] Committing Alterations
I1102 21:39:02.318156 7799 catalog_manager.cc:2182] Servicing AlterTable request from {username='slave'} at 127.0.0.1:59020: table { table_name: "default.test_table" } alter_schema_steps { type: RENAME_COLUMN rename_column { old_name: "key" new_name: "c127" } } alter_schema_steps { type: RENAME_COLUMN rename_column { old_name: "c127" new_name: "c780" } } alter_schema_steps { type: RENAME_COLUMN rename_column { old_name: "c833" new_name: "c628" } } alter_schema_steps { type: DROP_RANGE_PARTITION drop_range_partition { range_bounds { rows: "\006\001\000\354\377\377O\007\001\000\353\377\377S" } } } schema { columns { name: "key" type: INT32 is_key: true is_nullable: false encoding: AUTO_ENCODING compression: DEFAULT_COMPRESSION cfile_block_size: 0 } columns { name: "c833" type: INT32 is_key: false is_nullable: true encoding: AUTO_ENCODING compression: SNAPPY cfile_block_size: 0 } } modify_external_catalogs: true
I1102 21:39:02.320488 7799 catalog_manager.cc:4017] T 00000000000000000000000000000000 P 810977538c654d1a96a5c2a53c44d890: Sending DeleteTablet for 3 replicas of tablet 8af0294ac1e7467da98195130bc37703
I1102 21:39:02.320572 7799 catalog_manager.cc:3180] Sending DeleteTablet(TABLET_DATA_DELETED) for tablet 8af0294ac1e7467da98195130bc37703 on c36abe6b2bdb4e778576473f60926b7b (127.7.150.1:46291) (Partition dropped at 2018-11-02 21:39:02 UTC)
I1102 21:39:02.320677 7799 catalog_manager.cc:3180] Sending DeleteTablet(TABLET_DATA_DELETED) for tablet 8af0294ac1e7467da98195130bc37703 on e92a2036de454238809663ac303c6ade (127.7.150.2:39313) (Partition dropped at 2018-11-02 21:39:02 UTC)
I1102 21:39:02.320907 7799 catalog_manager.cc:3180] Sending DeleteTablet(TABLET_DATA_DELETED) for tablet 8af0294ac1e7467da98195130bc37703 on 33b43dabe1b543f39e7ed84247c575e8 (127.7.150.3:44373) (Partition dropped at 2018-11-02 21:39:02 UTC)
I1102 21:39:02.321055 8023 tablet_service.cc:806] Processing DeleteTablet for tablet 8af0294ac1e7467da98195130bc37703 with delete_type TABLET_DATA_DELETED (Partition dropped at 2018-11-02 21:39:02 UTC) from {username='slave'} at 127.0.0.1:54792
I1102 21:39:02.321125 7898 tablet_service.cc:806] Processing DeleteTablet for tablet 8af0294ac1e7467da98195130bc37703 with delete_type TABLET_DATA_DELETED (Partition dropped at 2018-11-02 21:39:02 UTC) from {username='slave'} at 127.0.0.1:51126
I1102 21:39:02.321187 8248 tablet_replica.cc:263] T 8af0294ac1e7467da98195130bc37703 P e92a2036de454238809663ac303c6ade: stopping tablet replica
I1102 21:39:02.321213 8248 maintenance_manager.cc:237] P e92a2036de454238809663ac303c6ade: Unregistered op CompactRowSetsOp(8af0294ac1e7467da98195130bc37703)
I1102 21:39:02.321223 8248 maintenance_manager.cc:237] P e92a2036de454238809663ac303c6ade: Unregistered op MinorDeltaCompactionOp(8af0294ac1e7467da98195130bc37703)
I1102 21:39:02.321228 8248 maintenance_manager.cc:237] P e92a2036de454238809663ac303c6ade: Unregistered op MajorDeltaCompactionOp(8af0294ac1e7467da98195130bc37703)
I1102 21:39:02.321233 8248 maintenance_manager.cc:237] P e92a2036de454238809663ac303c6ade: Unregistered op UndoDeltaBlockGCOp(8af0294ac1e7467da98195130bc37703)
I1102 21:39:02.321247 8248 maintenance_manager.cc:237] P e92a2036de454238809663ac303c6ade: Unregistered op FlushMRSOp(8af0294ac1e7467da98195130bc37703)
I1102 21:39:02.321254 8248 maintenance_manager.cc:237] P e92a2036de454238809663ac303c6ade: Unregistered op FlushDeltaMemStoresOp(8af0294ac1e7467da98195130bc37703)
I1102 21:39:02.321259 8248 maintenance_manager.cc:237] P e92a2036de454238809663ac303c6ade: Unregistered op LogGCOp(8af0294ac1e7467da98195130bc37703)
I1102 21:39:02.321262 8247 tablet_replica.cc:263] T 8af0294ac1e7467da98195130bc37703 P c36abe6b2bdb4e778576473f60926b7b: stopping tablet replica
I1102 21:39:02.321276 8248 raft_consensus.cc:2149] T 8af0294ac1e7467da98195130bc37703 P e92a2036de454238809663ac303c6ade [term 1 FOLLOWER]: Raft consensus shutting down.
I1102 21:39:02.321306 8247 maintenance_manager.cc:237] P c36abe6b2bdb4e778576473f60926b7b: Unregistered op CompactRowSetsOp(8af0294ac1e7467da98195130bc37703)
I1102 21:39:02.321321 8248 raft_consensus.cc:2176] T 8af0294ac1e7467da98195130bc37703 P e92a2036de454238809663ac303c6ade [term 1 FOLLOWER]: Raft consensus is shut down!
I1102 21:39:02.321326 8247 maintenance_manager.cc:237] P c36abe6b2bdb4e778576473f60926b7b: Unregistered op MinorDeltaCompactionOp(8af0294ac1e7467da98195130bc37703)
I1102 21:39:02.321341 8247 maintenance_manager.cc:237] P c36abe6b2bdb4e778576473f60926b7b: Unregistered op MajorDeltaCompactionOp(8af0294ac1e7467da98195130bc37703)
I1102 21:39:02.321352 8247 maintenance_manager.cc:237] P c36abe6b2bdb4e778576473f60926b7b: Unregistered op UndoDeltaBlockGCOp(8af0294ac1e7467da98195130bc37703)
I1102 21:39:02.321362 8144 tablet_service.cc:806] Processing DeleteTablet for tablet 8af0294ac1e7467da98195130bc37703 with delete_type TABLET_DATA_DELETED (Partition dropped at 2018-11-02 21:39:02 UTC) from {username='slave'} at 127.0.0.1:40274
I1102 21:39:02.321377 8247 maintenance_manager.cc:237] P c36abe6b2bdb4e778576473f60926b7b: Unregistered op FlushMRSOp(8af0294ac1e7467da98195130bc37703)
I1102 21:39:02.321388 8247 maintenance_manager.cc:237] P c36abe6b2bdb4e778576473f60926b7b: Unregistered op FlushDeltaMemStoresOp(8af0294ac1e7467da98195130bc37703)
I1102 21:39:02.321418 8247 maintenance_manager.cc:237] P c36abe6b2bdb4e778576473f60926b7b: Unregistered op LogGCOp(8af0294ac1e7467da98195130bc37703)
I1102 21:39:02.321449 8247 raft_consensus.cc:2149] T 8af0294ac1e7467da98195130bc37703 P c36abe6b2bdb4e778576473f60926b7b [term 1 FOLLOWER]: Raft consensus shutting down.
I1102 21:39:02.321506 8247 raft_consensus.cc:2176] T 8af0294ac1e7467da98195130bc37703 P c36abe6b2bdb4e778576473f60926b7b [term 1 FOLLOWER]: Raft consensus is shut down!
I1102 21:39:02.321506 8249 tablet_replica.cc:263] T 8af0294ac1e7467da98195130bc37703 P 33b43dabe1b543f39e7ed84247c575e8: stopping tablet replica
I1102 21:39:02.321539 8249 maintenance_manager.cc:237] P 33b43dabe1b543f39e7ed84247c575e8: Unregistered op CompactRowSetsOp(8af0294ac1e7467da98195130bc37703)
I1102 21:39:02.321558 8249 maintenance_manager.cc:237] P 33b43dabe1b543f39e7ed84247c575e8: Unregistered op MinorDeltaCompactionOp(8af0294ac1e7467da98195130bc37703)
I1102 21:39:02.321578 8249 maintenance_manager.cc:237] P 33b43dabe1b543f39e7ed84247c575e8: Unregistered op MajorDeltaCompactionOp(8af0294ac1e7467da98195130bc37703)
I1102 21:39:02.321590 8249 maintenance_manager.cc:237] P 33b43dabe1b543f39e7ed84247c575e8: Unregistered op UndoDeltaBlockGCOp(8af0294ac1e7467da98195130bc37703)
I1102 21:39:02.321614 8249 maintenance_manager.cc:237] P 33b43dabe1b543f39e7ed84247c575e8: Unregistered op FlushMRSOp(8af0294ac1e7467da98195130bc37703)
I1102 21:39:02.321627 8249 maintenance_manager.cc:237] P 33b43dabe1b543f39e7ed84247c575e8: Unregistered op FlushDeltaMemStoresOp(8af0294ac1e7467da98195130bc37703)
I1102 21:39:02.321638 8249 maintenance_manager.cc:237] P 33b43dabe1b543f39e7ed84247c575e8: Unregistered op LogGCOp(8af0294ac1e7467da98195130bc37703)
I1102 21:39:02.321668 8249 raft_consensus.cc:2149] T 8af0294ac1e7467da98195130bc37703 P 33b43dabe1b543f39e7ed84247c575e8 [term 1 LEADER]: Raft consensus shutting down.
I1102 21:39:02.321699 8249 consensus_peers.cc:482] T 8af0294ac1e7467da98195130bc37703 P 33b43dabe1b543f39e7ed84247c575e8 -> Peer e92a2036de454238809663ac303c6ade (127.7.150.2:39313): Closing peer: e92a2036de454238809663ac303c6ade
I1102 21:39:02.321725 8249 consensus_peers.cc:482] T 8af0294ac1e7467da98195130bc37703 P 33b43dabe1b543f39e7ed84247c575e8 -> Peer c36abe6b2bdb4e778576473f60926b7b (127.7.150.1:46291): Closing peer: c36abe6b2bdb4e778576473f60926b7b
I1102 21:39:02.321863 8249 raft_consensus.cc:2176] T 8af0294ac1e7467da98195130bc37703 P 33b43dabe1b543f39e7ed84247c575e8 [term 1 FOLLOWER]: Raft consensus is shut down!
I1102 21:39:02.322185 8248 ts_tablet_manager.cc:1369] T 8af0294ac1e7467da98195130bc37703 P e92a2036de454238809663ac303c6ade: Deleting tablet data with delete state TABLET_DATA_DELETED
I1102 21:39:02.322296 8247 ts_tablet_manager.cc:1369] T 8af0294ac1e7467da98195130bc37703 P c36abe6b2bdb4e778576473f60926b7b: Deleting tablet data with delete state TABLET_DATA_DELETED
I1102 21:39:02.322576 8249 ts_tablet_manager.cc:1369] T 8af0294ac1e7467da98195130bc37703 P 33b43dabe1b543f39e7ed84247c575e8: Deleting tablet data with delete state TABLET_DATA_DELETED
I1102 21:39:02.323911 7768 alter_table-randomized-test.cc:120] Restarting TS 2
I1102 21:39:02.324088 8248 ts_tablet_manager.cc:1382] T 8af0294ac1e7467da98195130bc37703 P e92a2036de454238809663ac303c6ade: tablet deleted with delete type TABLET_DATA_DELETED: last-logged OpId 1.8
I1102 21:39:02.324136 8248 log.cc:986] T 8af0294ac1e7467da98195130bc37703 P e92a2036de454238809663ac303c6ade: Deleting WAL directory at /tmp/dist-test-taskoKLkQa/test-tmp/alter_table-randomized-test.0.HmsConfigurations_AlterTableRandomized.TestRandomSequence_0.1541194740983682-7768/minicluster-data/ts-1/wal/wals/8af0294ac1e7467da98195130bc37703
I1102 21:39:02.324205 7768 external_mini_cluster.cc:1043] Killing /tmp/dist-test-taskoKLkQa/build/debug/bin/kudu-tserver with pid 8089
I1102 21:39:02.324503 8249 ts_tablet_manager.cc:1382] T 8af0294ac1e7467da98195130bc37703 P 33b43dabe1b543f39e7ed84247c575e8: tablet deleted with delete type TABLET_DATA_DELETED: last-logged OpId 1.8
I1102 21:39:02.324553 8249 log.cc:986] T 8af0294ac1e7467da98195130bc37703 P 33b43dabe1b543f39e7ed84247c575e8: Deleting WAL directory at /tmp/dist-test-taskoKLkQa/test-tmp/alter_table-randomized-test.0.HmsConfigurations_AlterTableRandomized.TestRandomSequence_0.1541194740983682-7768/minicluster-data/ts-2/wal/wals/8af0294ac1e7467da98195130bc37703
I1102 21:39:02.324926 8247 ts_tablet_manager.cc:1382] T 8af0294ac1e7467da98195130bc37703 P c36abe6b2bdb4e778576473f60926b7b: tablet deleted with delete type TABLET_DATA_DELETED: last-logged OpId 1.8
I1102 21:39:02.325001 8247 log.cc:986] T 8af0294ac1e7467da98195130bc37703 P c36abe6b2bdb4e778576473f60926b7b: Deleting WAL directory at /tmp/dist-test-taskoKLkQa/test-tmp/alter_table-randomized-test.0.HmsConfigurations_AlterTableRandomized.TestRandomSequence_0.1541194740983682-7768/minicluster-data/ts-0/wal/wals/8af0294ac1e7467da98195130bc37703
I1102 21:39:02.325286 8247 ts_tablet_manager.cc:1403] T 8af0294ac1e7467da98195130bc37703 P c36abe6b2bdb4e778576473f60926b7b: Deleting consensus metadata
I1102 21:39:02.325891 8248 ts_tablet_manager.cc:1403] T 8af0294ac1e7467da98195130bc37703 P e92a2036de454238809663ac303c6ade: Deleting consensus metadata
I1102 21:39:02.326061 7783 catalog_manager.cc:3158] TS c36abe6b2bdb4e778576473f60926b7b (127.7.150.1:46291): tablet 8af0294ac1e7467da98195130bc37703 (table default.test_table [id=e93179f4d3eb4a26a760d9d76293265f]) successfully deleted
I1102 21:39:02.326548 7781 catalog_manager.cc:3158] TS e92a2036de454238809663ac303c6ade (127.7.150.2:39313): tablet 8af0294ac1e7467da98195130bc37703 (table default.test_table [id=e93179f4d3eb4a26a760d9d76293265f]) successfully deleted
W1102 21:39:02.328342 7974 connection.cc:512] server connection from 127.7.150.3:49905 recv error: Network error: failed to read from TLS socket (remote: 127.7.150.3:49905): Connection reset by peer (error 104)
W1102 21:39:02.328357 7854 connection.cc:512] client connection to 127.7.150.3:44373 recv error: Network error: failed to read from TLS socket (remote: 127.7.150.3:44373): Connection reset by peer (error 104)
W1102 21:39:02.328388 8215 connection.cc:512] client connection to 127.7.150.3:44373 recv error: Network error: failed to read from TLS socket (remote: 127.7.150.3:44373): Connection reset by peer (error 104)
W1102 21:39:02.328493 7781 connection.cc:512] server connection from 127.7.150.3:51027 recv error: Network error: failed to read from TLS socket (remote: 127.7.150.3:51027): Connection reset by peer (error 104)
W1102 21:39:02.328357 7851 connection.cc:512] server connection from 127.7.150.3:38177 recv error: Network error: failed to read from TLS socket (remote: 127.7.150.3:38177): Connection reset by peer (error 104)
W1102 21:39:02.328927 7784 connection.cc:512] client connection to 127.7.150.3:44373 recv error: Network error: failed to read from TLS socket (remote: 127.7.150.3:44373): Connection reset by peer (error 104)
W1102 21:39:02.328994 7784 catalog_manager.cc:2922] TS 33b43dabe1b543f39e7ed84247c575e8 (127.7.150.3:44373): Delete Tablet RPC failed for tablet 8af0294ac1e7467da98195130bc37703: Network error: failed to read from TLS socket (remote: 127.7.150.3:44373): Connection reset by peer (error 104)
I1102 21:39:02.329018 7784 catalog_manager.cc:2958] Scheduling retry of 8af0294ac1e7467da98195130bc37703 Delete Tablet RPC for TS=33b43dabe1b543f39e7ed84247c575e8 with a delay of 27 ms (attempt = 1)
I1102 21:39:02.329308 7768 external_mini_cluster.cc:845] Running /tmp/dist-test-taskoKLkQa/build/debug/bin/kudu-tserver /tmp/dist-test-taskoKLkQa/build/debug/bin/kudu-tserver --fs_wal_dir=/tmp/dist-test-taskoKLkQa/test-tmp/alter_table-randomized-test.0.HmsConfigurations_AlterTableRandomized.TestRandomSequence_0.1541194740983682-7768/minicluster-data/ts-2/wal --fs_data_dirs=/tmp/dist-test-taskoKLkQa/test-tmp/alter_table-randomized-test.0.HmsConfigurations_AlterTableRandomized.TestRandomSequence_0.1541194740983682-7768/minicluster-data/ts-2/data --block_manager=log --rpc_bind_addresses=127.7.150.3:44373 --local_ip_for_outbound_sockets=127.7.150.3 --webserver_port=39931 --webserver_interface=127.7.150.3 --tserver_master_addrs=127.7.150.62:42573 --never_fsync --ipki_server_key_size=1024 --enable_minidumps=false --redact=none --metrics_log_interval_ms=1000 --logtostderr --logbuflevel=-1 --log_dir=/tmp/dist-test-taskoKLkQa/test-tmp/alter_table-randomized-test.0.HmsConfigurations_AlterTableRandomized.TestRandomSequence_0.1541194740983682-7768/minicluster-data/ts-2/logs --server_dump_info_path=/tmp/dist-test-taskoKLkQa/test-tmp/alter_table-randomized-test.0.HmsConfigurations_AlterTableRandomized.TestRandomSequence_0.1541194740983682-7768/minicluster-data/ts-2/data/info.pb --server_dump_info_format=pb --rpc_server_allow_ephemeral_ports --unlock_experimental_flags --unlock_unsafe_flags --log_container_preallocate_bytes=0 with env {}
W1102 21:39:02.331826 7784 catalog_manager.cc:2922] TS 33b43dabe1b543f39e7ed84247c575e8 (127.7.150.3:44373): Alter Table RPC failed for tablet 8af0294ac1e7467da98195130bc37703: Network error: Client connection negotiation failed: client connection to 127.7.150.3:44373: connect: Connection refused (error 111)
I1102 21:39:02.331866 7784 catalog_manager.cc:2958] Scheduling retry of 8af0294ac1e7467da98195130bc37703 (table default.test_table [id=e93179f4d3eb4a26a760d9d76293265f]) Alter Table RPC with a delay of 134 ms (attempt = 4)
W1102 21:39:02.353961 7784 catalog_manager.cc:2922] TS 33b43dabe1b543f39e7ed84247c575e8 (127.7.150.3:44373): Alter Table RPC failed for tablet 8af0294ac1e7467da98195130bc37703: Network error: Client connection negotiation failed: client connection to 127.7.150.3:44373: connect: Connection refused (error 111)
I1102 21:39:02.354009 7784 catalog_manager.cc:2958] Scheduling retry of 8af0294ac1e7467da98195130bc37703 (table default.test_table [id=e93179f4d3eb4a26a760d9d76293265f]) Alter Table RPC with a delay of 162 ms (attempt = 4)
I1102 21:39:02.357319 7784 catalog_manager.cc:3180] Sending DeleteTablet(TABLET_DATA_DELETED) for tablet 8af0294ac1e7467da98195130bc37703 on 33b43dabe1b543f39e7ed84247c575e8 (127.7.150.3:44373) (Partition dropped at 2018-11-02 21:39:02 UTC)
W1102 21:39:02.357859 7784 catalog_manager.cc:2922] TS 33b43dabe1b543f39e7ed84247c575e8 (127.7.150.3:44373): Delete Tablet RPC failed for tablet 8af0294ac1e7467da98195130bc37703: Network error: Client connection negotiation failed: client connection to 127.7.150.3:44373: connect: Connection refused (error 111)
I1102 21:39:02.357892 7784 catalog_manager.cc:2958] Scheduling retry of 8af0294ac1e7467da98195130bc37703 Delete Tablet RPC for TS=33b43dabe1b543f39e7ed84247c575e8 with a delay of 35 ms (attempt = 2) WARNING: Logging before InitGoogleLogging() is written to STDERR
W1102 21:39:02.366142 8271 flags.cc:406] Enabled unsafe flag: --rpc_server_allow_ephemeral_ports=true
W1102 21:39:02.366659 8271 flags.cc:406] Enabled unsafe flag: --never_fsync=true
W1102 21:39:02.367516 8271 flags.cc:406] Enabled experimental flag: --ipki_server_key_size=1024
W1102 21:39:02.367584 8271 flags.cc:406] Enabled experimental flag: --local_ip_for_outbound_sockets=127.7.150.3
I1102 21:39:02.369096 8271 tablet_server_main.cc:78] Tablet server non-default flags: --fs_data_dirs=/tmp/dist-test-taskoKLkQa/test-tmp/alter_table-randomized-test.0.HmsConfigurations_AlterTableRandomized.TestRandomSequence_0.1541194740983682-7768/minicluster-data/ts-2/data --fs_wal_dir=/tmp/dist-test-taskoKLkQa/test-tmp/alter_table-randomized-test.0.HmsConfigurations_AlterTableRandomized.TestRandomSequence_0.1541194740983682-7768/minicluster-data/ts-2/wal --log_container_preallocate_bytes=0 --ipki_server_key_size=1024 --rpc_bind_addresses=127.7.150.3:44373 --rpc_server_allow_ephemeral_ports=true --metrics_log_interval_ms=1000 --server_dump_info_format=pb --server_dump_info_path=/tmp/dist-test-taskoKLkQa/test-tmp/alter_table-randomized-test.0.HmsConfigurations_AlterTableRandomized.TestRandomSequence_0.1541194740983682-7768/minicluster-data/ts-2/data/info.pb --webserver_interface=127.7.150.3 --webserver_port=39931 --tserver_master_addrs=127.7.150.62:42573 --never_fsync=true --redact=none --unlock_experimental_flags=true --unlock_unsafe_flags=true --enable_minidumps=false --local_ip_for_outbound_sockets=127.7.150.3 --log_dir=/tmp/dist-test-taskoKLkQa/test-tmp/alter_table-randomized-test.0.HmsConfigurations_AlterTableRandomized.TestRandomSequence_0.1541194740983682-7768/minicluster-data/ts-2/logs --logbuflevel=-1 --logtostderr=true Tablet server version: kudu 1.9.0-SNAPSHOT revision 3c1cfbf7247cd65a4bc092b843ef0247e57f2b73 build type DEBUG built by None at 02 Nov 2018 21:29:27 UTC on jenkins-slave-8qw8 build id 15573
W1102 21:39:02.369835 7784 catalog_manager.cc:2922] TS 33b43dabe1b543f39e7ed84247c575e8 (127.7.150.3:44373): Alter Table RPC failed for tablet 8af0294ac1e7467da98195130bc37703: Network error: Client connection negotiation failed: client connection to 127.7.150.3:44373: connect: Connection refused (error 111)
I1102 21:39:02.369875 7784 catalog_manager.cc:2958] Scheduling retry of 8af0294ac1e7467da98195130bc37703 (table default.test_table [id=e93179f4d3eb4a26a760d9d76293265f]) Alter Table RPC with a delay of 153 ms (attempt = 4)
I1102 21:39:02.373359 8271 tablet_server_main.cc:85] Initializing tablet server...
I1102 21:39:02.374012 8271 system_ntp.cc:199] NTP initialized. Skew: 500ppm Current error: 129876us
I1102 21:39:02.374480 8271 fs_manager.cc:263] Metadata directory not provided
I1102 21:39:02.374533 8271 fs_manager.cc:269] Using write-ahead log directory (fs_wal_dir) as metadata directory
I1102 21:39:02.377703 8271 fs_manager.cc:399] Time spent opening directory manager: real 0.002s user 0.003s sys 0.000s
I1102 21:39:02.378196 8271 env_posix.cc:1676] Not raising this process' open files per process limit of 1048576; it is already as high as it can go
I1102 21:39:02.378437 8271 file_cache.cc:466] Constructed file cache lbm with capacity 419430
I1102 21:39:02.381034 8271 fs_manager.cc:419] Time spent opening block manager: real 0.001s user 0.000s sys 0.000s
I1102 21:39:02.381520 8271 fs_manager.cc:436] Opened local filesystem: /tmp/dist-test-taskoKLkQa/test-tmp/alter_table-randomized-test.0.HmsConfigurations_AlterTableRandomized.TestRandomSequence_0.1541194740983682-7768/minicluster-data/ts-2/data,/tmp/dist-test-taskoKLkQa/test-tmp/alter_table-randomized-test.0.HmsConfigurations_AlterTableRandomized.TestRandomSequence_0.1541194740983682-7768/minicluster-data/ts-2/wal uuid: "33b43dabe1b543f39e7ed84247c575e8" format_stamp: "Formatted at 2018-11-02 21:39:01 on dist-test-slave-dist-test-slave-lx6r"
I1102 21:39:02.381615 8271 fs_report.cc:352] FS layout report -------------------- wal directory: /tmp/dist-test-taskoKLkQa/test-tmp/alter_table-randomized-test.0.HmsConfigurations_AlterTableRandomized.TestRandomSequence_0.1541194740983682-7768/minicluster-data/ts-2/wal metadata directory: /tmp/dist-test-taskoKLkQa/test-tmp/alter_table-randomized-test.0.HmsConfigurations_AlterTableRandomized.TestRandomSequence_0.1541194740983682-7768/minicluster-data/ts-2/wal 1 data directories: /tmp/dist-test-taskoKLkQa/test-tmp/alter_table-randomized-test.0.HmsConfigurations_AlterTableRandomized.TestRandomSequence_0.1541194740983682-7768/minicluster-data/ts-2/data/data Total live blocks: 0 Total live bytes: 0 Total live bytes (after alignment): 0 Total number of LBM containers: 0 (0 full) Did not check for missing blocks Did not check for orphaned blocks Total full LBM containers with extra space: 0 (0 repaired) Total full LBM container extra space in bytes: 0 (0 repaired) Total incomplete LBM containers: 0 (0 repaired) Total LBM partial records: 0 (0 repaired)
I1102 21:39:02.393096 7784 catalog_manager.cc:3180] Sending DeleteTablet(TABLET_DATA_DELETED) for tablet 8af0294ac1e7467da98195130bc37703 on 33b43dabe1b543f39e7ed84247c575e8 (127.7.150.3:44373) (Partition dropped at 2018-11-02 21:39:02 UTC)
W1102 21:39:02.393754 7784 catalog_manager.cc:2922] TS 33b43dabe1b543f39e7ed84247c575e8 (127.7.150.3:44373): Delete Tablet RPC failed for tablet 8af0294ac1e7467da98195130bc37703: Network error: Client connection negotiation failed: client connection to 127.7.150.3:44373: connect: Connection refused (error 111)
I1102 21:39:02.393786 7784 catalog_manager.cc:2958] Scheduling retry of 8af0294ac1e7467da98195130bc37703 Delete Tablet RPC for TS=33b43dabe1b543f39e7ed84247c575e8 with a delay of 98 ms (attempt = 3)
I1102 21:39:02.407279 8271 env_posix.cc:1676] Not raising this process' running threads per effective uid limit of 18446744073709551615; it is already as high as it can go
I1102 21:39:02.408125 8271 ts_tablet_manager.cc:344] Loading tablet metadata (0/1 complete)
I1102 21:39:02.408164 8271 ts_tablet_manager.cc:1005] T 8af0294ac1e7467da98195130bc37703 P 33b43dabe1b543f39e7ed84247c575e8: Loading tablet metadata
W1102 21:39:02.410382 8271 ts_tablet_manager.cc:1316] T 8af0294ac1e7467da98195130bc37703 P 33b43dabe1b543f39e7ed84247c575e8: Tablet Manager startup: Rolling forward tablet deletion of type TABLET_DATA_DELETED
I1102 21:39:02.410430 8271 ts_tablet_manager.cc:1369] T 8af0294ac1e7467da98195130bc37703 P 33b43dabe1b543f39e7ed84247c575e8: Deleting tablet data with delete state TABLET_DATA_DELETED
I1102 21:39:02.413849 8271 ts_tablet_manager.cc:1382] T 8af0294ac1e7467da98195130bc37703 P 33b43dabe1b543f39e7ed84247c575e8: tablet deleted with delete type TABLET_DATA_DELETED: last-logged OpId 1.8
I1102 21:39:02.413915 8271 log.cc:986] T 8af0294ac1e7467da98195130bc37703 P 33b43dabe1b543f39e7ed84247c575e8: Deleting WAL directory at /tmp/dist-test-taskoKLkQa/test-tmp/alter_table-randomized-test.0.HmsConfigurations_AlterTableRandomized.TestRandomSequence_0.1541194740983682-7768/minicluster-data/ts-2/wal/wals/8af0294ac1e7467da98195130bc37703
I1102 21:39:02.414252 8271 ts_tablet_manager.cc:1403] T 8af0294ac1e7467da98195130bc37703 P 33b43dabe1b543f39e7ed84247c575e8: Deleting consensus metadata
I1102 21:39:02.414595 8271 ts_tablet_manager.cc:356] Loaded tablet metadata (0 live tablets)
I1102 21:39:02.414763 8271 tablet_server_main.cc:90] Starting tablet server...
I1102 21:39:02.420430 8271 rpc_server.cc:205] RPC server started. Bound to: 127.7.150.3:44373
I1102 21:39:02.420696 8271 webserver.cc:175] Starting webserver on 127.7.150.3:39931
I1102 21:39:02.420722 8271 webserver.cc:186] Document root disabled
I1102 21:39:02.421059 8271 webserver.cc:313] Webserver started. Bound to: http://127.7.150.3:39931/
I1102 21:39:02.421509 8271 server_base.cc:607] Dumped server information to /tmp/dist-test-taskoKLkQa/test-tmp/alter_table-randomized-test.0.HmsConfigurations_AlterTableRandomized.TestRandomSequence_0.1541194740983682-7768/minicluster-data/ts-2/data/info.pb
I1102 21:39:02.422091 8271 tablet_server_main.cc:93] Tablet server successfully started.
I1102 21:39:02.422369 7768 external_mini_cluster.cc:907] Started /tmp/dist-test-taskoKLkQa/build/debug/bin/kudu-tserver as pid 8271
I1102 21:39:02.429435 8391 heartbeater.cc:346] Connected to a master server at 127.7.150.62:42573
I1102 21:39:02.429570 8391 heartbeater.cc:426] Registering TS with master...
I1102 21:39:02.429880 8391 heartbeater.cc:475] Master 127.7.150.62:42573 requested a full tablet report, sending...
I1102 21:39:02.430003 7768 alter_table-randomized-test.cc:125] TS 2 Restarted
I1102 21:39:02.430027 7768 alter_table-randomized-test.cc:448] Beginning Alterations
I1102 21:39:02.430747 7795 ts_manager.cc:104] Re-registered known tserver with Master: 33b43dabe1b543f39e7ed84247c575e8 (127.7.150.3:44373)
I1102 21:39:02.431187 7768 alter_table-randomized-test.cc:562] Adding range partition: [469762041, 536870904) resulting partitions: (469762041, 536870904)
I1102 21:39:02.431267 7768 alter_table-randomized-test.cc:544] Changing compression of column c628 to 1
I1102 21:39:02.431313 7768 alter_table-randomized-test.cc:486] Adding column c144, existing columns: c780, c628
I1102 21:39:02.431349 7768 alter_table-randomized-test.cc:516] Renaming column c628 to c555
I1102 21:39:02.431363 7768 alter_table-randomized-test.cc:486] Adding column c428, existing columns: c780, c555, c144
I1102 21:39:02.431371 7768 alter_table-randomized-test.cc:554] Changing block size of column c428 to 4194304
I1102 21:39:02.431377 7768 alter_table-randomized-test.cc:480] Committing Alterations
I1102 21:39:02.431495 7795 master_service.cc:253] Signed X509 certificate for tserver {username='slave'} at 127.7.150.3:43191
I1102 21:39:02.432246 7795 catalog_manager.cc:2182] Servicing AlterTable request from {username='slave'} at 127.0.0.1:59020: table { table_name: "default.test_table" } alter_schema_steps { type: ADD_RANGE_PARTITION add_range_partition { range_bounds { rows: "\006\001\000\371\377\377\033\t\001\000\367\377\377\037" } } } alter_schema_steps { type: ALTER_COLUMN alter_column { delta { name: "c628" compression: NO_COMPRESSION } } } alter_schema_steps { type: ADD_COLUMN add_column { schema { name: "c144" type: INT32 is_nullable: false read_default_value: "d\014\312(" encoding: AUTO_ENCODING compression: DEFAULT_COMPRESSION cfile_block_size: 0 } } } alter_schema_steps { type: RENAME_COLUMN rename_column { old_name: "c628" new_name: "c555" } } alter_schema_steps { type: ADD_COLUMN add_column { schema { name: "c428" type: INT32 is_nullable: false read_default_value: "g\177\2379" encoding: AUTO_ENCODING compression: DEFAULT_COMPRESSION cfile_block_size: 0 } } } alter_schema_steps { type: ALTER_COLUMN alter_column { delta { name: "c428" block_size: 4194304 } } } schema { columns { name: "c780" type: INT32 is_key: true is_nullable: false encoding: AUTO_ENCODING compression: DEFAULT_COMPRESSION cfile_block_size: 0 } columns { name: "c628" type: INT32 is_key: false is_nullable: true encoding: AUTO_ENCODING compression: SNAPPY cfile_block_size: 0 } } modify_external_catalogs: true
I1102 21:39:02.435040 7795 catalog_manager.cc:2958] Scheduling retry of 81a7052186c14f0eb60de4bc25c8414e (table default.test_table [id=e93179f4d3eb4a26a760d9d76293265f]) Alter Table RPC with a delay of 44 ms (attempt = 1)
W1102 21:39:02.435101 7795 catalog_manager.cc:3990] Failed to send alter table request: Not found: failed to reset TS proxy: No leader found: Tablet 81a7052186c14f0eb60de4bc25c8414e has no consensus state
I1102 21:39:02.437821 7898 tablet_service.cc:765] Processing CreateTablet for tablet 81a7052186c14f0eb60de4bc25c8414e (table=default.test_table [id=e93179f4d3eb4a26a760d9d76293265f]), partition=RANGE (c780) PARTITION 469762041 <= VALUES < 536870904
I1102 21:39:02.438055 7898 data_dirs.cc:938] Could only allocate 1 dirs of requested 3 for tablet 81a7052186c14f0eb60de4bc25c8414e. 1 dirs total, 0 dirs full, 0 dirs failed
I1102 21:39:02.438110 8023 tablet_service.cc:765] Processing CreateTablet for tablet 81a7052186c14f0eb60de4bc25c8414e (table=default.test_table [id=e93179f4d3eb4a26a760d9d76293265f]), partition=RANGE (c780) PARTITION 469762041 <= VALUES < 536870904
I1102 21:39:02.438313 8023 data_dirs.cc:938] Could only allocate 1 dirs of requested 3 for tablet 81a7052186c14f0eb60de4bc25c8414e. 1 dirs total, 0 dirs full, 0 dirs failed
I1102 21:39:02.439769 7898 ts_tablet_manager.cc:1173] T 81a7052186c14f0eb60de4bc25c8414e P c36abe6b2bdb4e778576473f60926b7b: Registered tablet (data state: TABLET_DATA_READY)
I1102 21:39:02.439826 8023 ts_tablet_manager.cc:1173] T 81a7052186c14f0eb60de4bc25c8414e P e92a2036de454238809663ac303c6ade: Registered tablet (data state: TABLET_DATA_READY)
I1102 21:39:02.439934 8225 ts_tablet_manager.cc:1028] T 81a7052186c14f0eb60de4bc25c8414e P c36abe6b2bdb4e778576473f60926b7b: Bootstrapping tablet
I1102 21:39:02.440016 8225 tablet_bootstrap.cc:438] T 81a7052186c14f0eb60de4bc25c8414e P c36abe6b2bdb4e778576473f60926b7b: Bootstrap starting.
I1102 21:39:02.440026 8223 ts_tablet_manager.cc:1028] T 81a7052186c14f0eb60de4bc25c8414e P e92a2036de454238809663ac303c6ade: Bootstrapping tablet
I1102 21:39:02.440117 8223 tablet_bootstrap.cc:438] T 81a7052186c14f0eb60de4bc25c8414e P e92a2036de454238809663ac303c6ade: Bootstrap starting.
I1102 21:39:02.440804 8225 tablet_bootstrap.cc:592] T 81a7052186c14f0eb60de4bc25c8414e P c36abe6b2bdb4e778576473f60926b7b: No blocks or log segments found. Creating new log.
I1102 21:39:02.440954 8223 tablet_bootstrap.cc:592] T 81a7052186c14f0eb60de4bc25c8414e P e92a2036de454238809663ac303c6ade: No blocks or log segments found. Creating new log.
I1102 21:39:02.441736 8225 tablet_bootstrap.cc:438] T 81a7052186c14f0eb60de4bc25c8414e P c36abe6b2bdb4e778576473f60926b7b: No bootstrap required, opened a new log
I1102 21:39:02.441817 8225 ts_tablet_manager.cc:1045] T 81a7052186c14f0eb60de4bc25c8414e P c36abe6b2bdb4e778576473f60926b7b: Time spent bootstrapping tablet: real 0.002s user 0.001s sys 0.000s
I1102 21:39:02.442365 8225 raft_consensus.cc:339] T 81a7052186c14f0eb60de4bc25c8414e P c36abe6b2bdb4e778576473f60926b7b [term 0 FOLLOWER]: Replica starting. Triggering 0 pending transactions. Active config: opid_index: -1 OBSOLETE_local: false peers { permanent_uuid: "c36abe6b2bdb4e778576473f60926b7b" member_type: VOTER last_known_addr { host: "127.7.150.1" port: 46291 } } peers { permanent_uuid: "33b43dabe1b543f39e7ed84247c575e8" member_type: VOTER last_known_addr { host: "127.7.150.3" port: 44373 } } peers { permanent_uuid: "e92a2036de454238809663ac303c6ade" member_type: VOTER last_known_addr { host: "127.7.150.2" port: 39313 } }
I1102 21:39:02.442414 8225 raft_consensus.cc:365] T 81a7052186c14f0eb60de4bc25c8414e P c36abe6b2bdb4e778576473f60926b7b [term 0 FOLLOWER]: Consensus starting up: Expiring failure detector timer to make a prompt election more likely
I1102 21:39:02.442430 8225 raft_consensus.cc:704] T 81a7052186c14f0eb60de4bc25c8414e P c36abe6b2bdb4e778576473f60926b7b [term 0 FOLLOWER]: Becoming Follower/Learner. State: Replica: c36abe6b2bdb4e778576473f60926b7b, State: Initialized, Role: FOLLOWER
I1102 21:39:02.442565 8225 consensus_queue.cc:229] T 81a7052186c14f0eb60de4bc25c8414e P c36abe6b2bdb4e778576473f60926b7b [NON_LEADER]: Queue going to NON_LEADER mode. State: All replicated index: 0, Majority replicated index: 0, Committed index: 0, Last appended: 0.0, Last appended by leader: 0, Current term: 0, Majority size: -1, State: 0, Mode: NON_LEADER, active raft config: opid_index: -1 OBSOLETE_local: false peers { permanent_uuid: "c36abe6b2bdb4e778576473f60926b7b" member_type: VOTER last_known_addr { host: "127.7.150.1" port: 46291 } } peers { permanent_uuid: "33b43dabe1b543f39e7ed84247c575e8" member_type: VOTER last_known_addr { host: "127.7.150.3" port: 44373 } } peers { permanent_uuid: "e92a2036de454238809663ac303c6ade" member_type: VOTER last_known_addr { host: "127.7.150.2" port: 39313 } }
I1102 21:39:02.442786 8225 ts_tablet_manager.cc:1073] T 81a7052186c14f0eb60de4bc25c8414e P c36abe6b2bdb4e778576473f60926b7b: Time spent starting tablet: real 0.001s user 0.000s sys 0.001s
I1102 21:39:02.443413 8223 tablet_bootstrap.cc:438] T 81a7052186c14f0eb60de4bc25c8414e P e92a2036de454238809663ac303c6ade: No bootstrap required, opened a new log
I1102 21:39:02.443470 7795 catalog_manager.cc:3873] TS c36abe6b2bdb4e778576473f60926b7b (127.7.150.1:46291) does not have the latest schema for tablet 81a7052186c14f0eb60de4bc25c8414e (table default.test_table [id=e93179f4d3eb4a26a760d9d76293265f]). Expected version 3 got 0
I1102 21:39:02.443488 8223 ts_tablet_manager.cc:1045] T 81a7052186c14f0eb60de4bc25c8414e P e92a2036de454238809663ac303c6ade: Time spent bootstrapping tablet: real 0.003s user 0.002s sys 0.000s
I1102 21:39:02.443662 7795 catalog_manager.cc:2958] Scheduling retry of 81a7052186c14f0eb60de4bc25c8414e (table default.test_table [id=e93179f4d3eb4a26a760d9d76293265f]) Alter Table RPC with a delay of 29 ms (attempt = 1)
W1102 21:39:02.443779 7795 catalog_manager.cc:3937] Failed to send 81a7052186c14f0eb60de4bc25c8414e (table default.test_table [id=e93179f4d3eb4a26a760d9d76293265f]) Alter Table RPC: Not found: failed to reset TS proxy: No leader found: Tablet 81a7052186c14f0eb60de4bc25c8414e consensus state has no leader
I1102 21:39:02.443862 8223 raft_consensus.cc:339] T 81a7052186c14f0eb60de4bc25c8414e P e92a2036de454238809663ac303c6ade [term 0 FOLLOWER]: Replica starting. Triggering 0 pending transactions. Active config: opid_index: -1 OBSOLETE_local: false peers { permanent_uuid: "c36abe6b2bdb4e778576473f60926b7b" member_type: VOTER last_known_addr { host: "127.7.150.1" port: 46291 } } peers { permanent_uuid: "33b43dabe1b543f39e7ed84247c575e8" member_type: VOTER last_known_addr { host: "127.7.150.3" port: 44373 } } peers { permanent_uuid: "e92a2036de454238809663ac303c6ade" member_type: VOTER last_known_addr { host: "127.7.150.2" port: 39313 } }
I1102 21:39:02.443881 8223 raft_consensus.cc:365] T 81a7052186c14f0eb60de4bc25c8414e P e92a2036de454238809663ac303c6ade [term 0 FOLLOWER]: Consensus starting up: Expiring failure detector timer to make a prompt election more likely
I1102 21:39:02.443891 8223 raft_consensus.cc:704] T 81a7052186c14f0eb60de4bc25c8414e P e92a2036de454238809663ac303c6ade [term 0 FOLLOWER]: Becoming Follower/Learner. State: Replica: e92a2036de454238809663ac303c6ade, State: Initialized, Role: FOLLOWER
I1102 21:39:02.444015 8223 consensus_queue.cc:229] T 81a7052186c14f0eb60de4bc25c8414e P e92a2036de454238809663ac303c6ade [NON_LEADER]: Queue going to NON_LEADER mode. State: All replicated index: 0, Majority replicated index: 0, Committed index: 0, Last appended: 0.0, Last appended by leader: 0, Current term: 0, Majority size: -1, State: 0, Mode: NON_LEADER, active raft config: opid_index: -1 OBSOLETE_local: false peers { permanent_uuid: "c36abe6b2bdb4e778576473f60926b7b" member_type: VOTER last_known_addr { host: "127.7.150.1" port: 46291 } } peers { permanent_uuid: "33b43dabe1b543f39e7ed84247c575e8" member_type: VOTER last_known_addr { host: "127.7.150.3" port: 44373 } } peers { permanent_uuid: "e92a2036de454238809663ac303c6ade" member_type: VOTER last_known_addr { host: "127.7.150.2" port: 39313 } }
I1102 21:39:02.444187 8223 ts_tablet_manager.cc:1073] T 81a7052186c14f0eb60de4bc25c8414e P e92a2036de454238809663ac303c6ade: Time spent starting tablet: real 0.001s user 0.001s sys 0.000s
I1102 21:39:02.444800 7799 catalog_manager.cc:3873] TS c36abe6b2bdb4e778576473f60926b7b (127.7.150.1:46291) does not have the latest schema for tablet 81a7052186c14f0eb60de4bc25c8414e (table default.test_table [id=e93179f4d3eb4a26a760d9d76293265f]). Expected version 3 got 0
I1102 21:39:02.444939 7799 catalog_manager.cc:2958] Scheduling retry of 81a7052186c14f0eb60de4bc25c8414e (table default.test_table [id=e93179f4d3eb4a26a760d9d76293265f]) Alter Table RPC with a delay of 31 ms (attempt = 1)
W1102 21:39:02.444983 7799 catalog_manager.cc:3937] Failed to send 81a7052186c14f0eb60de4bc25c8414e (table default.test_table [id=e93179f4d3eb4a26a760d9d76293265f]) Alter Table RPC: Not found: failed to reset TS proxy: No leader found: Tablet 81a7052186c14f0eb60de4bc25c8414e consensus state has no leader
I1102 21:39:02.445013 7800 catalog_manager.cc:3873] TS e92a2036de454238809663ac303c6ade (127.7.150.2:39313) does not have the latest schema for tablet 81a7052186c14f0eb60de4bc25c8414e (table default.test_table [id=e93179f4d3eb4a26a760d9d76293265f]). Expected version 3 got 0
I1102 21:39:02.445178 7800 catalog_manager.cc:2958] Scheduling retry of 81a7052186c14f0eb60de4bc25c8414e (table default.test_table [id=e93179f4d3eb4a26a760d9d76293265f]) Alter Table RPC with a delay of 47 ms (attempt = 1)
W1102 21:39:02.445209 7800 catalog_manager.cc:3937] Failed to send 81a7052186c14f0eb60de4bc25c8414e (table default.test_table [id=e93179f4d3eb4a26a760d9d76293265f]) Alter Table RPC: Not found: failed to reset TS proxy: No leader found: Tablet 81a7052186c14f0eb60de4bc25c8414e consensus state has no leader
I1102 21:39:02.446887 8328 tablet_service.cc:765] Processing CreateTablet for tablet 81a7052186c14f0eb60de4bc25c8414e (table=default.test_table [id=e93179f4d3eb4a26a760d9d76293265f]), partition=RANGE (c780) PARTITION 469762041 <= VALUES < 536870904
I1102 21:39:02.447190 8328 data_dirs.cc:938] Could only allocate 1 dirs of requested 3 for tablet 81a7052186c14f0eb60de4bc25c8414e. 1 dirs total, 0 dirs full, 0 dirs failed
I1102 21:39:02.449821 8328 ts_tablet_manager.cc:1173] T 81a7052186c14f0eb60de4bc25c8414e P 33b43dabe1b543f39e7ed84247c575e8: Registered tablet (data state: TABLET_DATA_READY)
I1102 21:39:02.450170 8399 ts_tablet_manager.cc:1028] T 81a7052186c14f0eb60de4bc25c8414e P 33b43dabe1b543f39e7ed84247c575e8: Bootstrapping tablet
I1102 21:39:02.450425 8399 tablet_bootstrap.cc:438] T 81a7052186c14f0eb60de4bc25c8414e P 33b43dabe1b543f39e7ed84247c575e8: Bootstrap starting.
I1102 21:39:02.451874 8399 tablet_bootstrap.cc:592] T 81a7052186c14f0eb60de4bc25c8414e P 33b43dabe1b543f39e7ed84247c575e8: No blocks or log segments found. Creating new log.
I1102 21:39:02.452515 8399 log.cc:525] T 81a7052186c14f0eb60de4bc25c8414e P 33b43dabe1b543f39e7ed84247c575e8: Log is configured to *not* fsync() on all Append() calls
I1102 21:39:02.453492 8399 tablet_bootstrap.cc:438] T 81a7052186c14f0eb60de4bc25c8414e P 33b43dabe1b543f39e7ed84247c575e8: No bootstrap required, opened a new log
I1102 21:39:02.453639 8399 ts_tablet_manager.cc:1045] T 81a7052186c14f0eb60de4bc25c8414e P 33b43dabe1b543f39e7ed84247c575e8: Time spent bootstrapping tablet: real 0.003s user 0.003s sys 0.000s
I1102 21:39:02.455852 8399 raft_consensus.cc:339] T 81a7052186c14f0eb60de4bc25c8414e P 33b43dabe1b543f39e7ed84247c575e8 [term 0 FOLLOWER]: Replica starting. Triggering 0 pending transactions. Active config: opid_index: -1 OBSOLETE_local: false peers { permanent_uuid: "c36abe6b2bdb4e778576473f60926b7b" member_type: VOTER last_known_addr { host: "127.7.150.1" port: 46291 } } peers { permanent_uuid: "33b43dabe1b543f39e7ed84247c575e8" member_type: VOTER last_known_addr { host: "127.7.150.3" port: 44373 } } peers { permanent_uuid: "e92a2036de454238809663ac303c6ade" member_type: VOTER last_known_addr { host: "127.7.150.2" port: 39313 } }
I1102 21:39:02.455905 8399 raft_consensus.cc:365] T 81a7052186c14f0eb60de4bc25c8414e P 33b43dabe1b543f39e7ed84247c575e8 [term 0 FOLLOWER]: Consensus starting up: Expiring failure detector timer to make a prompt election more likely
I1102 21:39:02.455930 8399 raft_consensus.cc:704] T 81a7052186c14f0eb60de4bc25c8414e P 33b43dabe1b543f39e7ed84247c575e8 [term 0 FOLLOWER]: Becoming Follower/Learner. State: Replica: 33b43dabe1b543f39e7ed84247c575e8, State: Initialized, Role: FOLLOWER
I1102 21:39:02.456293 8399 consensus_queue.cc:229] T 81a7052186c14f0eb60de4bc25c8414e P 33b43dabe1b543f39e7ed84247c575e8 [NON_LEADER]: Queue going to NON_LEADER mode. State: All replicated index: 0, Majority replicated index: 0, Committed index: 0, Last appended: 0.0, Last appended by leader: 0, Current term: 0, Majority size: -1, State: 0, Mode: NON_LEADER, active raft config: opid_index: -1 OBSOLETE_local: false peers { permanent_uuid: "c36abe6b2bdb4e778576473f60926b7b" member_type: VOTER last_known_addr { host: "127.7.150.1" port: 46291 } } peers { permanent_uuid: "33b43dabe1b543f39e7ed84247c575e8" member_type: VOTER last_known_addr { host: "127.7.150.3" port: 44373 } } peers { permanent_uuid: "e92a2036de454238809663ac303c6ade" member_type: VOTER last_known_addr { host: "127.7.150.2" port: 39313 } }
I1102 21:39:02.456665 8391 heartbeater.cc:467] Master 127.7.150.62:42573 was elected leader, sending a full tablet report...
I1102 21:39:02.456784 8399 ts_tablet_manager.cc:1073] T 81a7052186c14f0eb60de4bc25c8414e P 33b43dabe1b543f39e7ed84247c575e8: Time spent starting tablet: real 0.003s user 0.004s sys 0.000s
I1102 21:39:02.457569 7799 catalog_manager.cc:3873] TS 33b43dabe1b543f39e7ed84247c575e8 (127.7.150.3:44373) does not have the latest schema for tablet 81a7052186c14f0eb60de4bc25c8414e (table default.test_table [id=e93179f4d3eb4a26a760d9d76293265f]). Expected version 3 got 0
I1102 21:39:02.457767 7799 catalog_manager.cc:2958] Scheduling retry of 81a7052186c14f0eb60de4bc25c8414e (table default.test_table [id=e93179f4d3eb4a26a760d9d76293265f]) Alter Table RPC with a delay of 51 ms (attempt = 1)
W1102 21:39:02.457844 7799 catalog_manager.cc:3937] Failed to send 81a7052186c14f0eb60de4bc25c8414e (table default.test_table [id=e93179f4d3eb4a26a760d9d76293265f]) Alter Table RPC: Not found: failed to reset TS proxy: No leader found: Tablet 81a7052186c14f0eb60de4bc25c8414e consensus state has no leader
W1102 21:39:02.467965 7784 catalog_manager.cc:3230] TS 33b43dabe1b543f39e7ed84247c575e8 (127.7.150.3:44373): alter failed for tablet 8af0294ac1e7467da98195130bc37703 (table default.test_table [id=e93179f4d3eb4a26a760d9d76293265f]),no further retry: Not found: Tablet not found: 8af0294ac1e7467da98195130bc37703
I1102 21:39:02.473428 7782 catalog_manager.cc:2958] Scheduling retry of 81a7052186c14f0eb60de4bc25c8414e (table default.test_table [id=e93179f4d3eb4a26a760d9d76293265f]) Alter Table RPC with a delay of 32 ms (attempt = 2)
W1102 21:39:02.473484 7782 catalog_manager.cc:2977] Async tablet task 81a7052186c14f0eb60de4bc25c8414e (table default.test_table [id=e93179f4d3eb4a26a760d9d76293265f]) Alter Table RPC failed: Not found: failed to reset TS proxy: No leader found: Tablet 81a7052186c14f0eb60de4bc25c8414e consensus state has no leader
I1102 21:39:02.476491 7781 catalog_manager.cc:2958] Scheduling retry of 81a7052186c14f0eb60de4bc25c8414e (table default.test_table [id=e93179f4d3eb4a26a760d9d76293265f]) Alter Table RPC with a delay of 79 ms (attempt = 2)
W1102 21:39:02.476538 7781 catalog_manager.cc:2977] Async tablet task 81a7052186c14f0eb60de4bc25c8414e (table default.test_table [id=e93179f4d3eb4a26a760d9d76293265f]) Alter Table RPC failed: Not found: failed to reset TS proxy: No leader found: Tablet 81a7052186c14f0eb60de4bc25c8414e consensus state has no leader
I1102 21:39:02.479729 7782 catalog_manager.cc:2958] Scheduling retry of 81a7052186c14f0eb60de4bc25c8414e (table default.test_table [id=e93179f4d3eb4a26a760d9d76293265f]) Alter Table RPC with a delay of 40 ms (attempt = 2)
W1102 21:39:02.479773 7782 catalog_manager.cc:2977] Async tablet task 81a7052186c14f0eb60de4bc25c8414e (table default.test_table [id=e93179f4d3eb4a26a760d9d76293265f]) Alter Table RPC failed: Not found: failed to reset TS proxy: No leader found: Tablet 81a7052186c14f0eb60de4bc25c8414e consensus state has no leader
I1102 21:39:02.492358 7784 catalog_manager.cc:3180] Sending DeleteTablet(TABLET_DATA_DELETED) for tablet 8af0294ac1e7467da98195130bc37703 on 33b43dabe1b543f39e7ed84247c575e8 (127.7.150.3:44373) (Partition dropped at 2018-11-02 21:39:02 UTC)
I1102 21:39:02.492991 7783 catalog_manager.cc:2958] Scheduling retry of 81a7052186c14f0eb60de4bc25c8414e (table default.test_table [id=e93179f4d3eb4a26a760d9d76293265f]) Alter Table RPC with a delay of 61 ms (attempt = 2)
I1102 21:39:02.493008 8328 tablet_service.cc:806] Processing DeleteTablet for tablet 8af0294ac1e7467da98195130bc37703 with delete_type TABLET_DATA_DELETED (Partition dropped at 2018-11-02 21:39:02 UTC) from {username='slave'} at 127.0.0.1:40294
W1102 21:39:02.493044 7783 catalog_manager.cc:2977] Async tablet task 81a7052186c14f0eb60de4bc25c8414e (table default.test_table [id=e93179f4d3eb4a26a760d9d76293265f]) Alter Table RPC failed: Not found: failed to reset TS proxy: No leader found: Tablet 81a7052186c14f0eb60de4bc25c8414e consensus state has no leader
W1102 21:39:02.493763 7784 catalog_manager.cc:3138] TS 33b43dabe1b543f39e7ed84247c575e8 (127.7.150.3:44373): delete failed for tablet 8af0294ac1e7467da98195130bc37703 because the tablet was not found. No further retry: Not found: Tablet not found: 8af0294ac1e7467da98195130bc37703
I1102 21:39:02.506036 7782 catalog_manager.cc:2958] Scheduling retry of 81a7052186c14f0eb60de4bc25c8414e (table default.test_table [id=e93179f4d3eb4a26a760d9d76293265f]) Alter Table RPC with a delay of 113 ms (attempt = 3)
W1102 21:39:02.506091 7782 catalog_manager.cc:2977] Async tablet task 81a7052186c14f0eb60de4bc25c8414e (table default.test_table [id=e93179f4d3eb4a26a760d9d76293265f]) Alter Table RPC failed: Not found: failed to reset TS proxy: No leader found: Tablet 81a7052186c14f0eb60de4bc25c8414e consensus state has no leader
I1102 21:39:02.509336 7782 catalog_manager.cc:2958] Scheduling retry of 81a7052186c14f0eb60de4bc25c8414e (table default.test_table [id=e93179f4d3eb4a26a760d9d76293265f]) Alter Table RPC with a delay of 45 ms (attempt = 2)
W1102 21:39:02.509379 7782 catalog_manager.cc:2977] Async tablet task 81a7052186c14f0eb60de4bc25c8414e (table default.test_table [id=e93179f4d3eb4a26a760d9d76293265f]) Alter Table RPC failed: Not found: failed to reset TS proxy: No leader found: Tablet 81a7052186c14f0eb60de4bc25c8414e consensus state has no leader
W1102 21:39:02.518149 7784 catalog_manager.cc:3230] TS 33b43dabe1b543f39e7ed84247c575e8 (127.7.150.3:44373): alter failed for tablet 8af0294ac1e7467da98195130bc37703 (table default.test_table [id=e93179f4d3eb4a26a760d9d76293265f]),no further retry: Not found: Tablet not found: 8af0294ac1e7467da98195130bc37703
