I1102 21:39:06.462087 8895 catalog_manager.cc:2958] Scheduling retry of 06f9d3b29f2a4de984e1289db815ff83 (table default.test_table [id=e93179f4d3eb4a26a760d9d76293265f]) Alter Table RPC with a delay of 49 ms (attempt = 2)
W1102 21:39:06.462244 8895 catalog_manager.cc:2977] Async tablet task 06f9d3b29f2a4de984e1289db815ff83 (table default.test_table [id=e93179f4d3eb4a26a760d9d76293265f]) Alter Table RPC failed: Not found: failed to reset TS proxy: No leader found: Tablet 06f9d3b29f2a4de984e1289db815ff83 consensus state has no leader
I1102 21:39:06.463193 8913 catalog_manager.cc:3873] TS c36abe6b2bdb4e778576473f60926b7b (127.7.150.1:46291) does not have the latest schema for tablet 06f9d3b29f2a4de984e1289db815ff83 (table default.test_table [id=e93179f4d3eb4a26a760d9d76293265f]). Expected version 17 got 0
I1102 21:39:06.463356 8913 catalog_manager.cc:2958] Scheduling retry of 06f9d3b29f2a4de984e1289db815ff83 (table default.test_table [id=e93179f4d3eb4a26a760d9d76293265f]) Alter Table RPC with a delay of 28 ms (attempt = 1)
W1102 21:39:06.463426 8913 catalog_manager.cc:3937] Failed to send 06f9d3b29f2a4de984e1289db815ff83 (table default.test_table [id=e93179f4d3eb4a26a760d9d76293265f]) Alter Table RPC: Not found: failed to reset TS proxy: No leader found: Tablet 06f9d3b29f2a4de984e1289db815ff83 consensus state has no leader
I1102 21:39:06.464468 8981 ts_tablet_manager.cc:1073] T 06f9d3b29f2a4de984e1289db815ff83 P c36abe6b2bdb4e778576473f60926b7b: Time spent starting tablet: real 0.005s user 0.001s sys 0.000s
I1102 21:39:06.475677 8896 catalog_manager.cc:2958] Scheduling retry of 06f9d3b29f2a4de984e1289db815ff83 (table default.test_table [id=e93179f4d3eb4a26a760d9d76293265f]) Alter Table RPC with a delay of 93 ms (attempt = 3)
W1102 21:39:06.475738 8896 catalog_manager.cc:2977] Async tablet task 06f9d3b29f2a4de984e1289db815ff83 (table default.test_table [id=e93179f4d3eb4a26a760d9d76293265f]) Alter Table RPC failed: Not found: failed to reset TS proxy: No leader found: Tablet 06f9d3b29f2a4de984e1289db815ff83 consensus state has no leader
I1102 21:39:06.479537 8897 catalog_manager.cc:2958] Scheduling retry of 06f9d3b29f2a4de984e1289db815ff83 (table default.test_table [id=e93179f4d3eb4a26a760d9d76293265f]) Alter Table RPC with a delay of 34 ms (attempt = 2)
W1102 21:39:06.479578 8897 catalog_manager.cc:2977] Async tablet task 06f9d3b29f2a4de984e1289db815ff83 (table default.test_table [id=e93179f4d3eb4a26a760d9d76293265f]) Alter Table RPC failed: Not found: failed to reset TS proxy: No leader found: Tablet 06f9d3b29f2a4de984e1289db815ff83 consensus state has no leader
I1102 21:39:06.482884 8897 catalog_manager.cc:2958] Scheduling retry of 06f9d3b29f2a4de984e1289db815ff83 (table default.test_table [id=e93179f4d3eb4a26a760d9d76293265f]) Alter Table RPC with a delay of 50 ms (attempt = 2)
W1102 21:39:06.482925 8897 catalog_manager.cc:2977] Async tablet task 06f9d3b29f2a4de984e1289db815ff83 (table default.test_table [id=e93179f4d3eb4a26a760d9d76293265f]) Alter Table RPC failed: Not found: failed to reset TS proxy: No leader found: Tablet 06f9d3b29f2a4de984e1289db815ff83 consensus state has no leader
I1102 21:39:06.485513 8565 maintenance_manager.cc:304] P 33b43dabe1b543f39e7ed84247c575e8: Scheduling UndoDeltaBlockGCOp(a8ae8156f3ad4fb3ab494ce26bb1a039): 462 bytes on disk
I1102 21:39:06.486515 8458 maintenance_manager.cc:494] P 33b43dabe1b543f39e7ed84247c575e8: UndoDeltaBlockGCOp(a8ae8156f3ad4fb3ab494ce26bb1a039) complete. Timing: real 0.000s user 0.000s sys 0.000s Metrics: {"cfile_init":1,"lbm_read_time_us":98,"lbm_reads_lt_1ms":4}
I1102 21:39:06.492270 8894 catalog_manager.cc:2958] Scheduling retry of 06f9d3b29f2a4de984e1289db815ff83 (table default.test_table [id=e93179f4d3eb4a26a760d9d76293265f]) Alter Table RPC with a delay of 63 ms (attempt = 2)
W1102 21:39:06.492314 8894 catalog_manager.cc:2977] Async tablet task 06f9d3b29f2a4de984e1289db815ff83 (table default.test_table [id=e93179f4d3eb4a26a760d9d76293265f]) Alter Table RPC failed: Not found: failed to reset TS proxy: No leader found: Tablet 06f9d3b29f2a4de984e1289db815ff83 consensus state has no leader
I1102 21:39:06.494267 8897 catalog_manager.cc:2958] Scheduling retry of 06f9d3b29f2a4de984e1289db815ff83 (table default.test_table [id=e93179f4d3eb4a26a760d9d76293265f]) Alter Table RPC with a delay of 34 ms (attempt = 2)
W1102 21:39:06.494305 8897 catalog_manager.cc:2977] Async tablet task 06f9d3b29f2a4de984e1289db815ff83 (table default.test_table [id=e93179f4d3eb4a26a760d9d76293265f]) Alter Table RPC failed: Not found: failed to reset TS proxy: No leader found: Tablet 06f9d3b29f2a4de984e1289db815ff83 consensus state has no leader
I1102 21:39:06.503458 8894 catalog_manager.cc:2958] Scheduling retry of 06f9d3b29f2a4de984e1289db815ff83 (table default.test_table [id=e93179f4d3eb4a26a760d9d76293265f]) Alter Table RPC with a delay of 88 ms (attempt = 3)
W1102 21:39:06.503525 8894 catalog_manager.cc:2977] Async tablet task 06f9d3b29f2a4de984e1289db815ff83 (table default.test_table [id=e93179f4d3eb4a26a760d9d76293265f]) Alter Table RPC failed: Not found: failed to reset TS proxy: No leader found: Tablet 06f9d3b29f2a4de984e1289db815ff83 consensus state has no leader
I1102 21:39:06.505339 8983 raft_consensus.cc:471] T 06f9d3b29f2a4de984e1289db815ff83 P c36abe6b2bdb4e778576473f60926b7b [term 0 FOLLOWER]: Starting pre-election (no leader contacted us within the election timeout)
I1102 21:39:06.505393 8983 raft_consensus.cc:2840] T 06f9d3b29f2a4de984e1289db815ff83 P c36abe6b2bdb4e778576473f60926b7b: Snoozing failure detection for 1.829s (starting election)
I1102 21:39:06.505553 8983 raft_consensus.cc:493] T 06f9d3b29f2a4de984e1289db815ff83 P c36abe6b2bdb4e778576473f60926b7b [term 0 FOLLOWER]: Starting pre-election with config: opid_index: -1 OBSOLETE_local: false peers { permanent_uuid: "c36abe6b2bdb4e778576473f60926b7b" member_type: VOTER last_known_addr { host: "127.7.150.1" port: 46291 } } peers { permanent_uuid: "e92a2036de454238809663ac303c6ade" member_type: VOTER last_known_addr { host: "127.7.150.2" port: 39313 } } peers { permanent_uuid: "33b43dabe1b543f39e7ed84247c575e8" member_type: VOTER last_known_addr { host: "127.7.150.3" port: 44373 } }
I1102 21:39:06.505803 8983 leader_election.cc:251] T 06f9d3b29f2a4de984e1289db815ff83 P c36abe6b2bdb4e778576473f60926b7b [CANDIDATE]: Term 1 pre-election: Requesting pre-vote from peer e92a2036de454238809663ac303c6ade (127.7.150.2:39313)
I1102 21:39:06.505934 8983 leader_election.cc:251] T 06f9d3b29f2a4de984e1289db815ff83 P c36abe6b2bdb4e778576473f60926b7b [CANDIDATE]: Term 1 pre-election: Requesting pre-vote from peer 33b43dabe1b543f39e7ed84247c575e8 (127.7.150.3:44373)
I1102 21:39:06.506727 8519 tablet_service.cc:1001] Received RequestConsensusVote() RPC: tablet_id: "06f9d3b29f2a4de984e1289db815ff83" candidate_uuid: "c36abe6b2bdb4e778576473f60926b7b" candidate_term: 1 candidate_status { last_received { term: 0 index: 0 } } ignore_live_leader: false dest_uuid: "33b43dabe1b543f39e7ed84247c575e8" is_pre_election: true
I1102 21:39:06.506803 8519 raft_consensus.cc:2840] T 06f9d3b29f2a4de984e1289db815ff83 P 33b43dabe1b543f39e7ed84247c575e8: Snoozing failure detection for 1.516s (vote granted)
I1102 21:39:06.506841 8519 raft_consensus.cc:2352] T 06f9d3b29f2a4de984e1289db815ff83 P 33b43dabe1b543f39e7ed84247c575e8 [term 0 FOLLOWER]: Leader pre-election vote request: Granting yes vote for candidate c36abe6b2bdb4e778576473f60926b7b in term 0.
I1102 21:39:06.507203 7854 leader_election.cc:387] T 06f9d3b29f2a4de984e1289db815ff83 P c36abe6b2bdb4e778576473f60926b7b [CANDIDATE]: Term 1 pre-election: Vote granted by peer 33b43dabe1b543f39e7ed84247c575e8 (127.7.150.3:44373)
I1102 21:39:06.507258 7854 leader_election.cc:278] T 06f9d3b29f2a4de984e1289db815ff83 P c36abe6b2bdb4e778576473f60926b7b [CANDIDATE]: Term 1 pre-election: Election decided. Result: candidate won.
I1102 21:39:06.507381 8983 raft_consensus.cc:2840] T 06f9d3b29f2a4de984e1289db815ff83 P c36abe6b2bdb4e778576473f60926b7b: Snoozing failure detection for 1.698s (election complete)
I1102 21:39:06.507457 8983 raft_consensus.cc:2646] T 06f9d3b29f2a4de984e1289db815ff83 P c36abe6b2bdb4e778576473f60926b7b [term 0 FOLLOWER]: Leader pre-election won for term 1
I1102 21:39:06.507477 8983 raft_consensus.cc:471] T 06f9d3b29f2a4de984e1289db815ff83 P c36abe6b2bdb4e778576473f60926b7b [term 0 FOLLOWER]: Starting leader election (no leader contacted us within the election timeout)
I1102 21:39:06.507494 8983 raft_consensus.cc:2840] T 06f9d3b29f2a4de984e1289db815ff83 P c36abe6b2bdb4e778576473f60926b7b: Snoozing failure detection for 1.576s (starting election)
I1102 21:39:06.507514 8983 raft_consensus.cc:2892] T 06f9d3b29f2a4de984e1289db815ff83 P c36abe6b2bdb4e778576473f60926b7b [term 0 FOLLOWER]: Advancing to term 1
I1102 21:39:06.508859 8983 raft_consensus.cc:493] T 06f9d3b29f2a4de984e1289db815ff83 P c36abe6b2bdb4e778576473f60926b7b [term 1 FOLLOWER]: Starting leader election with config: opid_index: -1 OBSOLETE_local: false peers { permanent_uuid: "c36abe6b2bdb4e778576473f60926b7b" member_type: VOTER last_known_addr { host: "127.7.150.1" port: 46291 } } peers { permanent_uuid: "e92a2036de454238809663ac303c6ade" member_type: VOTER last_known_addr { host: "127.7.150.2" port: 39313 } } peers { permanent_uuid: "33b43dabe1b543f39e7ed84247c575e8" member_type: VOTER last_known_addr { host: "127.7.150.3" port: 44373 } }
I1102 21:39:06.509011 8983 leader_election.cc:251] T 06f9d3b29f2a4de984e1289db815ff83 P c36abe6b2bdb4e778576473f60926b7b [CANDIDATE]: Term 1 election: Requesting vote from peer e92a2036de454238809663ac303c6ade (127.7.150.2:39313)
I1102 21:39:06.509089 8983 leader_election.cc:251] T 06f9d3b29f2a4de984e1289db815ff83 P c36abe6b2bdb4e778576473f60926b7b [CANDIDATE]: Term 1 election: Requesting vote from peer 33b43dabe1b543f39e7ed84247c575e8 (127.7.150.3:44373)
I1102 21:39:06.509613 8519 tablet_service.cc:1001] Received RequestConsensusVote() RPC: tablet_id: "06f9d3b29f2a4de984e1289db815ff83" candidate_uuid: "c36abe6b2bdb4e778576473f60926b7b" candidate_term: 1 candidate_status { last_received { term: 0 index: 0 } } ignore_live_leader: false dest_uuid: "33b43dabe1b543f39e7ed84247c575e8"
I1102 21:39:06.509665 8519 raft_consensus.cc:2892] T 06f9d3b29f2a4de984e1289db815ff83 P 33b43dabe1b543f39e7ed84247c575e8 [term 0 FOLLOWER]: Advancing to term 1
I1102 21:39:06.509701 8519 raft_consensus.cc:2840] T 06f9d3b29f2a4de984e1289db815ff83 P 33b43dabe1b543f39e7ed84247c575e8: Snoozing failure detection for 1.822s (vote granted)
I1102 21:39:06.510771 8519 raft_consensus.cc:2352] T 06f9d3b29f2a4de984e1289db815ff83 P 33b43dabe1b543f39e7ed84247c575e8 [term 1 FOLLOWER]: Leader election vote request: Granting yes vote for candidate c36abe6b2bdb4e778576473f60926b7b in term 1.
I1102 21:39:06.511098 7854 leader_election.cc:387] T 06f9d3b29f2a4de984e1289db815ff83 P c36abe6b2bdb4e778576473f60926b7b [CANDIDATE]: Term 1 election: Vote granted by peer 33b43dabe1b543f39e7ed84247c575e8 (127.7.150.3:44373)
I1102 21:39:06.511121 7854 leader_election.cc:278] T 06f9d3b29f2a4de984e1289db815ff83 P c36abe6b2bdb4e778576473f60926b7b [CANDIDATE]: Term 1 election: Election decided. Result: candidate won.
I1102 21:39:06.511540 8895 catalog_manager.cc:2958] Scheduling retry of 06f9d3b29f2a4de984e1289db815ff83 (table default.test_table [id=e93179f4d3eb4a26a760d9d76293265f]) Alter Table RPC with a delay of 71 ms (attempt = 3)
W1102 21:39:06.511588 8895 catalog_manager.cc:2977] Async tablet task 06f9d3b29f2a4de984e1289db815ff83 (table default.test_table [id=e93179f4d3eb4a26a760d9d76293265f]) Alter Table RPC failed: Not found: failed to reset TS proxy: No leader found: Tablet 06f9d3b29f2a4de984e1289db815ff83 consensus state has no leader
I1102 21:39:06.512256 8983 raft_consensus.cc:2840] T 06f9d3b29f2a4de984e1289db815ff83 P c36abe6b2bdb4e778576473f60926b7b: Snoozing failure detection for 1.662s (election complete)
I1102 21:39:06.512292 8983 raft_consensus.cc:2646] T 06f9d3b29f2a4de984e1289db815ff83 P c36abe6b2bdb4e778576473f60926b7b [term 1 FOLLOWER]: Leader election won for term 1
I1102 21:39:06.512462 8983 raft_consensus.cc:666] T 06f9d3b29f2a4de984e1289db815ff83 P c36abe6b2bdb4e778576473f60926b7b [term 1 LEADER]: Becoming Leader. State: Replica: c36abe6b2bdb4e778576473f60926b7b, State: Running, Role: LEADER
I1102 21:39:06.512625 8983 consensus_queue.cc:206] T 06f9d3b29f2a4de984e1289db815ff83 P c36abe6b2bdb4e778576473f60926b7b [LEADER]: Queue going to LEADER mode. State: All replicated index: 0, Majority replicated index: 0, Committed index: 0, Last appended: 0.0, Last appended by leader: 0, Current term: 1, Majority size: 2, State: 0, Mode: LEADER, active raft config: opid_index: -1 OBSOLETE_local: false peers { permanent_uuid: "c36abe6b2bdb4e778576473f60926b7b" member_type: VOTER last_known_addr { host: "127.7.150.1" port: 46291 } } peers { permanent_uuid: "e92a2036de454238809663ac303c6ade" member_type: VOTER last_known_addr { host: "127.7.150.2" port: 39313 } } peers { permanent_uuid: "33b43dabe1b543f39e7ed84247c575e8" member_type: VOTER last_known_addr { host: "127.7.150.3" port: 44373 } }
I1102 21:39:06.514521 8913 catalog_manager.cc:3778] T 06f9d3b29f2a4de984e1289db815ff83 P c36abe6b2bdb4e778576473f60926b7b reported cstate change: term changed from 0 to 1, leader changed from to c36abe6b2bdb4e778576473f60926b7b (127.7.150.1). New cstate: current_term: 1 leader_uuid: "c36abe6b2bdb4e778576473f60926b7b" committed_config { opid_index: -1 OBSOLETE_local: false peers { permanent_uuid: "c36abe6b2bdb4e778576473f60926b7b" member_type: VOTER last_known_addr { host: "127.7.150.1" port: 46291 } health_report { overall_health: HEALTHY } } peers { permanent_uuid: "e92a2036de454238809663ac303c6ade" member_type: VOTER last_known_addr { host: "127.7.150.2" port: 39313 } health_report { overall_health: UNKNOWN } } peers { permanent_uuid: "33b43dabe1b543f39e7ed84247c575e8" member_type: VOTER last_known_addr { host: "127.7.150.3" port: 44373 } health_report { overall_health: UNKNOWN } } }
I1102 21:39:06.514834 8897 catalog_manager.cc:2958] Scheduling retry of 06f9d3b29f2a4de984e1289db815ff83 (table default.test_table [id=e93179f4d3eb4a26a760d9d76293265f]) Alter Table RPC with a delay of 82 ms (attempt = 3)
W1102 21:39:06.514924 8897 catalog_manager.cc:2977] Async tablet task 06f9d3b29f2a4de984e1289db815ff83 (table default.test_table [id=e93179f4d3eb4a26a760d9d76293265f]) Alter Table RPC failed: Not found: failed to reset TS proxy: No leader found: Tablet 06f9d3b29f2a4de984e1289db815ff83 consensus state has no leader
I1102 21:39:06.515002 8913 catalog_manager.cc:3873] TS c36abe6b2bdb4e778576473f60926b7b (127.7.150.1:46291) does not have the latest schema for tablet 06f9d3b29f2a4de984e1289db815ff83 (table default.test_table [id=e93179f4d3eb4a26a760d9d76293265f]). Expected version 17 got 0
I1102 21:39:06.518393 8835 tablet_service.cc:1001] Received RequestConsensusVote() RPC: tablet_id: "06f9d3b29f2a4de984e1289db815ff83" candidate_uuid: "c36abe6b2bdb4e778576473f60926b7b" candidate_term: 1 candidate_status { last_received { term: 0 index: 0 } } ignore_live_leader: false dest_uuid: "e92a2036de454238809663ac303c6ade" is_pre_election: true
I1102 21:39:06.518637 8835 raft_consensus.cc:2840] T 06f9d3b29f2a4de984e1289db815ff83 P e92a2036de454238809663ac303c6ade: Snoozing failure detection for 1.641s (vote granted)
I1102 21:39:06.518689 8835 raft_consensus.cc:2352] T 06f9d3b29f2a4de984e1289db815ff83 P e92a2036de454238809663ac303c6ade [term 0 FOLLOWER]: Leader pre-election vote request: Granting yes vote for candidate c36abe6b2bdb4e778576473f60926b7b in term 0.
I1102 21:39:06.519165 7851 leader_election.cc:387] T 06f9d3b29f2a4de984e1289db815ff83 P c36abe6b2bdb4e778576473f60926b7b [CANDIDATE]: Term 1 pre-election: Vote granted by peer e92a2036de454238809663ac303c6ade (127.7.150.2:39313)
I1102 21:39:06.519173 8519 raft_consensus.cc:1180] T 06f9d3b29f2a4de984e1289db815ff83 P 33b43dabe1b543f39e7ed84247c575e8 [term 1 FOLLOWER]: Refusing update from remote peer c36abe6b2bdb4e778576473f60926b7b: Log matching property violated. Preceding OpId in replica: term: 0 index: 0. Preceding OpId from leader: term: 1 index: 2. (index mismatch)
I1102 21:39:06.519541 8835 tablet_service.cc:1001] Received RequestConsensusVote() RPC: tablet_id: "06f9d3b29f2a4de984e1289db815ff83" candidate_uuid: "c36abe6b2bdb4e778576473f60926b7b" candidate_term: 1 candidate_status { last_received { term: 0 index: 0 } } ignore_live_leader: false dest_uuid: "e92a2036de454238809663ac303c6ade"
I1102 21:39:06.519588 8835 raft_consensus.cc:2892] T 06f9d3b29f2a4de984e1289db815ff83 P e92a2036de454238809663ac303c6ade [term 0 FOLLOWER]: Advancing to term 1
I1102 21:39:06.519641 8835 raft_consensus.cc:2840] T 06f9d3b29f2a4de984e1289db815ff83 P e92a2036de454238809663ac303c6ade: Snoozing failure detection for 1.948s (vote granted)
I1102 21:39:06.519889 8983 consensus_queue.cc:976] T 06f9d3b29f2a4de984e1289db815ff83 P c36abe6b2bdb4e778576473f60926b7b [LEADER]: Connected to new peer: Peer: permanent_uuid: "33b43dabe1b543f39e7ed84247c575e8" member_type: VOTER last_known_addr { host: "127.7.150.3" port: 44373 }, Status: LMP_MISMATCH, Last received: 0.0, Next index: 1, Last known committed idx: 0, Time since last communication: 0.000s
I1102 21:39:06.520742 8835 raft_consensus.cc:2352] T 06f9d3b29f2a4de984e1289db815ff83 P e92a2036de454238809663ac303c6ade [term 1 FOLLOWER]: Leader election vote request: Granting yes vote for candidate c36abe6b2bdb4e778576473f60926b7b in term 1.
I1102 21:39:06.522027 7851 leader_election.cc:387] T 06f9d3b29f2a4de984e1289db815ff83 P c36abe6b2bdb4e778576473f60926b7b [CANDIDATE]: Term 1 election: Vote granted by peer e92a2036de454238809663ac303c6ade (127.7.150.2:39313)
I1102 21:39:06.522735 8913 catalog_manager.cc:3873] TS 33b43dabe1b543f39e7ed84247c575e8 (127.7.150.3:44373) does not have the latest schema for tablet 06f9d3b29f2a4de984e1289db815ff83 (table default.test_table [id=e93179f4d3eb4a26a760d9d76293265f]). Expected version 17 got 0
I1102 21:39:06.522863 7964 maintenance_manager.cc:304] P c36abe6b2bdb4e778576473f60926b7b: Scheduling UndoDeltaBlockGCOp(a8ae8156f3ad4fb3ab494ce26bb1a039): 462 bytes on disk
I1102 21:39:06.523456 7858 maintenance_manager.cc:494] P c36abe6b2bdb4e778576473f60926b7b: UndoDeltaBlockGCOp(a8ae8156f3ad4fb3ab494ce26bb1a039) complete. Timing: real 0.000s user 0.000s sys 0.000s Metrics: {"cfile_init":1,"lbm_read_time_us":86,"lbm_reads_lt_1ms":4}
I1102 21:39:06.523993 8835 raft_consensus.cc:1180] T 06f9d3b29f2a4de984e1289db815ff83 P e92a2036de454238809663ac303c6ade [term 1 FOLLOWER]: Refusing update from remote peer c36abe6b2bdb4e778576473f60926b7b: Log matching property violated. Preceding OpId in replica: term: 0 index: 0. Preceding OpId from leader: term: 1 index: 2. (index mismatch)
I1102 21:39:06.524616 8985 consensus_queue.cc:976] T 06f9d3b29f2a4de984e1289db815ff83 P c36abe6b2bdb4e778576473f60926b7b [LEADER]: Connected to new peer: Peer: permanent_uuid: "e92a2036de454238809663ac303c6ade" member_type: VOTER last_known_addr { host: "127.7.150.2" port: 39313 }, Status: LMP_MISMATCH, Last received: 0.0, Next index: 1, Last known committed idx: 0, Time since last communication: 0.000s
I1102 21:39:06.527246 8913 catalog_manager.cc:3873] TS e92a2036de454238809663ac303c6ade (127.7.150.2:39313) does not have the latest schema for tablet 06f9d3b29f2a4de984e1289db815ff83 (table default.test_table [id=e93179f4d3eb4a26a760d9d76293265f]). Expected version 17 got 0
I1102 21:39:06.529865 8622 tablet.cc:1262] T 06f9d3b29f2a4de984e1289db815ff83 P c36abe6b2bdb4e778576473f60926b7b: Alter schema from ( 10:c908 INT32 NOT NULL, 11:c552 INT32 NULLABLE, 13:c119 INT32 NOT NULL, 15:c524 INT32 NULLABLE, 18:c340 INT32 NULLABLE, 19:c432 INT32 NOT NULL, 20:c537 INT32 NULLABLE, 21:c749 INT32 NOT NULL, 22:c875 INT32 NOT NULL, PRIMARY KEY (c908) ) version 0 to ( 10:c908 INT32 NOT NULL, 11:c552 INT32 NULLABLE, 13:c119 INT32 NOT NULL, 15:c524 INT32 NULLABLE, 18:c340 INT32 NULLABLE, 19:c432 INT32 NOT NULL, 20:c537 INT32 NULLABLE, 21:c749 INT32 NOT NULL, 22:c875 INT32 NOT NULL, PRIMARY KEY (c908) ) version 17
I1102 21:39:06.532447 8594 tablet.cc:1262] T 06f9d3b29f2a4de984e1289db815ff83 P 33b43dabe1b543f39e7ed84247c575e8: Alter schema from ( 10:c908 INT32 NOT NULL, 11:c552 INT32 NULLABLE, 13:c119 INT32 NOT NULL, 15:c524 INT32 NULLABLE, 18:c340 INT32 NULLABLE, 19:c432 INT32 NOT NULL, 20:c537 INT32 NULLABLE, 21:c749 INT32 NOT NULL, 22:c875 INT32 NOT NULL, PRIMARY KEY (c908) ) version 0 to ( 10:c908 INT32 NOT NULL, 11:c552 INT32 NULLABLE, 13:c119 INT32 NOT NULL, 15:c524 INT32 NULLABLE, 18:c340 INT32 NULLABLE, 19:c432 INT32 NOT NULL, 20:c537 INT32 NULLABLE, 21:c749 INT32 NOT NULL, 22:c875 INT32 NOT NULL, PRIMARY KEY (c908) ) version 17
I1102 21:39:06.534525 8913 catalog_manager.cc:4221] T 00000000000000000000000000000000 P 810977538c654d1a96a5c2a53c44d890: default.test_table [id=e93179f4d3eb4a26a760d9d76293265f] alter complete (version 17)
I1102 21:39:06.542520 7768 alter_table-randomized-test.cc:448] Beginning Alterations
I1102 21:39:06.543756 7768 alter_table-randomized-test.cc:486] Adding column c389, existing columns: c908, c552, c119, c524, c340, c432, c537, c749, c875
I1102 21:39:06.543824 7768 alter_table-randomized-test.cc:523] Renaming PrimaryKey column c908 to c264
I1102 21:39:06.543846 7768 alter_table-randomized-test.cc:516] Renaming column c524 to c386
I1102 21:39:06.543860 7768 alter_table-randomized-test.cc:507] Dropping column c432, existing columns: c264, c552, c119, c386, c340, c432, c537, c749, c875, c389
I1102 21:39:06.543884 7768 alter_table-randomized-test.cc:480] Committing Alterations
I1102 21:39:06.544556 8912 catalog_manager.cc:2182] Servicing AlterTable request from {username='slave'} at 127.0.0.1:59060: table { table_name: "default.test_table" } alter_schema_steps { type: ADD_COLUMN add_column { schema { name: "c389" type: INT32 is_nullable: true encoding: AUTO_ENCODING compression: DEFAULT_COMPRESSION cfile_block_size: 0 } } } alter_schema_steps { type: RENAME_COLUMN rename_column { old_name: "c908" new_name: "c264" } } alter_schema_steps { type: RENAME_COLUMN rename_column { old_name: "c524" new_name: "c386" } } alter_schema_steps { type: DROP_COLUMN drop_column { name: "c432" } } modify_external_catalogs: true
W1102 21:39:06.549430 8880 tablet.cc:1747] T 06f9d3b29f2a4de984e1289db815ff83 P e92a2036de454238809663ac303c6ade: Can't schedule compaction. Clean time has not been advanced past its initial value.
I1102 21:39:06.549691 8880 maintenance_manager.cc:304] P e92a2036de454238809663ac303c6ade: Scheduling UndoDeltaBlockGCOp(a8ae8156f3ad4fb3ab494ce26bb1a039): 462 bytes on disk
I1102 21:39:06.550384 8773 maintenance_manager.cc:494] P e92a2036de454238809663ac303c6ade: UndoDeltaBlockGCOp(a8ae8156f3ad4fb3ab494ce26bb1a039) complete. Timing: real 0.000s user 0.000s sys 0.000s Metrics: {"cfile_init":1,"lbm_read_time_us":90,"lbm_reads_lt_1ms":4}
I1102 21:39:06.554208 8885 mvcc.cc:203] Tried to move safe_time back from 6312733681738829824 to 6312733681716842496. Current Snapshot: MvccSnapshot[committed={T|T < 6312733681738829824}]
I1102 21:39:06.555518 8962 tablet.cc:1262] T 06f9d3b29f2a4de984e1289db815ff83 P e92a2036de454238809663ac303c6ade: Alter schema from ( 10:c908 INT32 NOT NULL, 11:c552 INT32 NULLABLE, 13:c119 INT32 NOT NULL, 15:c524 INT32 NULLABLE, 18:c340 INT32 NULLABLE, 19:c432 INT32 NOT NULL, 20:c537 INT32 NULLABLE, 21:c749 INT32 NOT NULL, 22:c875 INT32 NOT NULL, PRIMARY KEY (c908) ) version 0 to ( 10:c908 INT32 NOT NULL, 11:c552 INT32 NULLABLE, 13:c119 INT32 NOT NULL, 15:c524 INT32 NULLABLE, 18:c340 INT32 NULLABLE, 19:c432 INT32 NOT NULL, 20:c537 INT32 NULLABLE, 21:c749 INT32 NOT NULL, 22:c875 INT32 NOT NULL, PRIMARY KEY (c908) ) version 17
I1102 21:39:06.555531 8622 tablet.cc:1257] T 06f9d3b29f2a4de984e1289db815ff83 P c36abe6b2bdb4e778576473f60926b7b: Already running schema version 17 got alter request for version 17
I1102 21:39:06.556699 8594 tablet.cc:1262] T a8ae8156f3ad4fb3ab494ce26bb1a039 P 33b43dabe1b543f39e7ed84247c575e8: Alter schema from ( 10:c908 INT32 NOT NULL, 11:c552 INT32 NULLABLE, 13:c119 INT32 NOT NULL, 15:c524 INT32 NULLABLE, 18:c340 INT32 NULLABLE, 19:c432 INT32 NOT NULL, 20:c537 INT32 NULLABLE, 21:c749 INT32 NOT NULL, 22:c875 INT32 NOT NULL, PRIMARY KEY (c908) ) version 17 to ( 10:c264 INT32 NOT NULL, 11:c552 INT32 NULLABLE, 13:c119 INT32 NOT NULL, 15:c386 INT32 NULLABLE, 18:c340 INT32 NULLABLE, 20:c537 INT32 NULLABLE, 21:c749 INT32 NOT NULL, 22:c875 INT32 NOT NULL, 23:c389 INT32 NULLABLE, PRIMARY KEY (c264) ) version 18
I1102 21:39:06.556818 8963 tablet.cc:1262] T a8ae8156f3ad4fb3ab494ce26bb1a039 P e92a2036de454238809663ac303c6ade: Alter schema from ( 10:c908 INT32 NOT NULL, 11:c552 INT32 NULLABLE, 13:c119 INT32 NOT NULL, 15:c524 INT32 NULLABLE, 18:c340 INT32 NULLABLE, 19:c432 INT32 NOT NULL, 20:c537 INT32 NULLABLE, 21:c749 INT32 NOT NULL, 22:c875 INT32 NOT NULL, PRIMARY KEY (c908) ) version 17 to ( 10:c264 INT32 NOT NULL, 11:c552 INT32 NULLABLE, 13:c119 INT32 NOT NULL, 15:c386 INT32 NULLABLE, 18:c340 INT32 NULLABLE, 20:c537 INT32 NULLABLE, 21:c749 INT32 NOT NULL, 22:c875 INT32 NOT NULL, 23:c389 INT32 NULLABLE, PRIMARY KEY (c264) ) version 18
I1102 21:39:06.557085 8594 tablet.cc:1205] T a8ae8156f3ad4fb3ab494ce26bb1a039 P 33b43dabe1b543f39e7ed84247c575e8: MemRowSet was empty: no flush needed.
I1102 21:39:06.557345 8963 tablet.cc:1205] T a8ae8156f3ad4fb3ab494ce26bb1a039 P e92a2036de454238809663ac303c6ade: MemRowSet was empty: no flush needed.
I1102 21:39:06.557535 8962 tablet.cc:1257] T 06f9d3b29f2a4de984e1289db815ff83 P e92a2036de454238809663ac303c6ade: Already running schema version 17 got alter request for version 17
I1102 21:39:06.558341 8913 catalog_manager.cc:3873] TS e92a2036de454238809663ac303c6ade (127.7.150.2:39313) does not have the latest schema for tablet 06f9d3b29f2a4de984e1289db815ff83 (table default.test_table [id=e93179f4d3eb4a26a760d9d76293265f]). Expected version 18 got 0
I1102 21:39:06.561547 8913 catalog_manager.cc:3873] TS e92a2036de454238809663ac303c6ade (127.7.150.2:39313) does not have the latest schema for tablet 06f9d3b29f2a4de984e1289db815ff83 (table default.test_table [id=e93179f4d3eb4a26a760d9d76293265f]). Expected version 18 got 17
I1102 21:39:06.561844 8972 tablet.cc:1257] T 06f9d3b29f2a4de984e1289db815ff83 P 33b43dabe1b543f39e7ed84247c575e8: Already running schema version 17 got alter request for version 17
I1102 21:39:06.563855 8622 tablet.cc:1262] T a8ae8156f3ad4fb3ab494ce26bb1a039 P c36abe6b2bdb4e778576473f60926b7b: Alter schema from ( 10:c908 INT32 NOT NULL, 11:c552 INT32 NULLABLE, 13:c119 INT32 NOT NULL, 15:c524 INT32 NULLABLE, 18:c340 INT32 NULLABLE, 19:c432 INT32 NOT NULL, 20:c537 INT32 NULLABLE, 21:c749 INT32 NOT NULL, 22:c875 INT32 NOT NULL, PRIMARY KEY (c908) ) version 17 to ( 10:c264 INT32 NOT NULL, 11:c552 INT32 NULLABLE, 13:c119 INT32 NOT NULL, 15:c386 INT32 NULLABLE, 18:c340 INT32 NULLABLE, 20:c537 INT32 NULLABLE, 21:c749 INT32 NOT NULL, 22:c875 INT32 NOT NULL, 23:c389 INT32 NULLABLE, PRIMARY KEY (c264) ) version 18
I1102 21:39:06.564206 8622 tablet.cc:1205] T a8ae8156f3ad4fb3ab494ce26bb1a039 P c36abe6b2bdb4e778576473f60926b7b: MemRowSet was empty: no flush needed.
I1102 21:39:06.568219 8912 catalog_manager.cc:3873] TS c36abe6b2bdb4e778576473f60926b7b (127.7.150.1:46291) does not have the latest schema for tablet 06f9d3b29f2a4de984e1289db815ff83 (table default.test_table [id=e93179f4d3eb4a26a760d9d76293265f]). Expected version 18 got 17
I1102 21:39:06.571105 8911 catalog_manager.cc:3873] TS 33b43dabe1b543f39e7ed84247c575e8 (127.7.150.3:44373) does not have the latest schema for tablet 06f9d3b29f2a4de984e1289db815ff83 (table default.test_table [id=e93179f4d3eb4a26a760d9d76293265f]). Expected version 18 got 17
I1102 21:39:06.572676 8991 tablet.cc:1257] T 06f9d3b29f2a4de984e1289db815ff83 P e92a2036de454238809663ac303c6ade: Already running schema version 17 got alter request for version 17
I1102 21:39:06.573333 8912 catalog_manager.cc:3873] TS c36abe6b2bdb4e778576473f60926b7b (127.7.150.1:46291) does not have the latest schema for tablet 06f9d3b29f2a4de984e1289db815ff83 (table default.test_table [id=e93179f4d3eb4a26a760d9d76293265f]). Expected version 18 got 17
I1102 21:39:06.574502 8622 tablet.cc:1257] T 06f9d3b29f2a4de984e1289db815ff83 P c36abe6b2bdb4e778576473f60926b7b: Already running schema version 17 got alter request for version 17
I1102 21:39:06.575459 8911 catalog_manager.cc:3873] TS c36abe6b2bdb4e778576473f60926b7b (127.7.150.1:46291) does not have the latest schema for tablet 06f9d3b29f2a4de984e1289db815ff83 (table default.test_table [id=e93179f4d3eb4a26a760d9d76293265f]). Expected version 18 got 17
I1102 21:39:06.578157 8594 tablet.cc:1257] T 06f9d3b29f2a4de984e1289db815ff83 P 33b43dabe1b543f39e7ed84247c575e8: Already running schema version 17 got alter request for version 17
I1102 21:39:06.579128 8911 catalog_manager.cc:3873] TS 33b43dabe1b543f39e7ed84247c575e8 (127.7.150.3:44373) does not have the latest schema for tablet 06f9d3b29f2a4de984e1289db815ff83 (table default.test_table [id=e93179f4d3eb4a26a760d9d76293265f]). Expected version 18 got 17
I1102 21:39:06.580281 8911 catalog_manager.cc:3873] TS e92a2036de454238809663ac303c6ade (127.7.150.2:39313) does not have the latest schema for tablet 06f9d3b29f2a4de984e1289db815ff83 (table default.test_table [id=e93179f4d3eb4a26a760d9d76293265f]). Expected version 18 got 17
I1102 21:39:06.582581 8622 tablet.cc:1257] T 06f9d3b29f2a4de984e1289db815ff83 P c36abe6b2bdb4e778576473f60926b7b: Already running schema version 17 got alter request for version 17
I1102 21:39:06.583643 8594 tablet.cc:1257] T 06f9d3b29f2a4de984e1289db815ff83 P 33b43dabe1b543f39e7ed84247c575e8: Already running schema version 17 got alter request for version 17
I1102 21:39:06.583683 8911 catalog_manager.cc:3873] TS c36abe6b2bdb4e778576473f60926b7b (127.7.150.1:46291) does not have the latest schema for tablet 06f9d3b29f2a4de984e1289db815ff83 (table default.test_table [id=e93179f4d3eb4a26a760d9d76293265f]). Expected version 18 got 17
I1102 21:39:06.585227 8911 catalog_manager.cc:3873] TS 33b43dabe1b543f39e7ed84247c575e8 (127.7.150.3:44373) does not have the latest schema for tablet 06f9d3b29f2a4de984e1289db815ff83 (table default.test_table [id=e93179f4d3eb4a26a760d9d76293265f]). Expected version 18 got 17
I1102 21:39:06.585881 8991 tablet.cc:1257] T 06f9d3b29f2a4de984e1289db815ff83 P e92a2036de454238809663ac303c6ade: Already running schema version 17 got alter request for version 17
I1102 21:39:06.587595 8911 catalog_manager.cc:3873] TS e92a2036de454238809663ac303c6ade (127.7.150.2:39313) does not have the latest schema for tablet 06f9d3b29f2a4de984e1289db815ff83 (table default.test_table [id=e93179f4d3eb4a26a760d9d76293265f]). Expected version 18 got 17
I1102 21:39:06.589973 8622 tablet.cc:1262] T 06f9d3b29f2a4de984e1289db815ff83 P c36abe6b2bdb4e778576473f60926b7b: Alter schema from ( 10:c908 INT32 NOT NULL, 11:c552 INT32 NULLABLE, 13:c119 INT32 NOT NULL, 15:c524 INT32 NULLABLE, 18:c340 INT32 NULLABLE, 19:c432 INT32 NOT NULL, 20:c537 INT32 NULLABLE, 21:c749 INT32 NOT NULL, 22:c875 INT32 NOT NULL, PRIMARY KEY (c908) ) version 17 to ( 10:c264 INT32 NOT NULL, 11:c552 INT32 NULLABLE, 13:c119 INT32 NOT NULL, 15:c386 INT32 NULLABLE, 18:c340 INT32 NULLABLE, 20:c537 INT32 NULLABLE, 21:c749 INT32 NOT NULL, 22:c875 INT32 NOT NULL, 23:c389 INT32 NULLABLE, PRIMARY KEY (c264) ) version 18
I1102 21:39:06.590431 8622 tablet.cc:1205] T 06f9d3b29f2a4de984e1289db815ff83 P c36abe6b2bdb4e778576473f60926b7b: MemRowSet was empty: no flush needed.
I1102 21:39:06.591207 8594 tablet.cc:1262] T 06f9d3b29f2a4de984e1289db815ff83 P 33b43dabe1b543f39e7ed84247c575e8: Alter schema from ( 10:c908 INT32 NOT NULL, 11:c552 INT32 NULLABLE, 13:c119 INT32 NOT NULL, 15:c524 INT32 NULLABLE, 18:c340 INT32 NULLABLE, 19:c432 INT32 NOT NULL, 20:c537 INT32 NULLABLE, 21:c749 INT32 NOT NULL, 22:c875 INT32 NOT NULL, PRIMARY KEY (c908) ) version 17 to ( 10:c264 INT32 NOT NULL, 11:c552 INT32 NULLABLE, 13:c119 INT32 NOT NULL, 15:c386 INT32 NULLABLE, 18:c340 INT32 NULLABLE, 20:c537 INT32 NULLABLE, 21:c749 INT32 NOT NULL, 22:c875 INT32 NOT NULL, 23:c389 INT32 NULLABLE, PRIMARY KEY (c264) ) version 18
I1102 21:39:06.591528 8594 tablet.cc:1205] T 06f9d3b29f2a4de984e1289db815ff83 P 33b43dabe1b543f39e7ed84247c575e8: MemRowSet was empty: no flush needed.
I1102 21:39:06.598839 8911 catalog_manager.cc:4221] T 00000000000000000000000000000000 P 810977538c654d1a96a5c2a53c44d890: default.test_table [id=e93179f4d3eb4a26a760d9d76293265f] alter complete (version 18)
I1102 21:39:06.602305 8622 tablet.cc:1257] T 06f9d3b29f2a4de984e1289db815ff83 P c36abe6b2bdb4e778576473f60926b7b: Already running schema version 18 got alter request for version 18
I1102 21:39:06.609280 8594 tablet.cc:1257] T 06f9d3b29f2a4de984e1289db815ff83 P 33b43dabe1b543f39e7ed84247c575e8: Already running schema version 18 got alter request for version 18
I1102 21:39:06.609716 8622 tablet.cc:1257] T 06f9d3b29f2a4de984e1289db815ff83 P c36abe6b2bdb4e778576473f60926b7b: Already running schema version 18 got alter request for version 18
I1102 21:39:06.610371 8594 tablet.cc:1257] T 06f9d3b29f2a4de984e1289db815ff83 P 33b43dabe1b543f39e7ed84247c575e8: Already running schema version 18 got alter request for version 18
I1102 21:39:06.613857 8622 tablet.cc:1257] T 06f9d3b29f2a4de984e1289db815ff83 P c36abe6b2bdb4e778576473f60926b7b: Already running schema version 18 got alter request for version 18
I1102 21:39:06.615526 8594 tablet.cc:1257] T 06f9d3b29f2a4de984e1289db815ff83 P 33b43dabe1b543f39e7ed84247c575e8: Already running schema version 18 got alter request for version 18
I1102 21:39:06.617511 8991 tablet.cc:1262] T 06f9d3b29f2a4de984e1289db815ff83 P e92a2036de454238809663ac303c6ade: Alter schema from ( 10:c908 INT32 NOT NULL, 11:c552 INT32 NULLABLE, 13:c119 INT32 NOT NULL, 15:c524 INT32 NULLABLE, 18:c340 INT32 NULLABLE, 19:c432 INT32 NOT NULL, 20:c537 INT32 NULLABLE, 21:c749 INT32 NOT NULL, 22:c875 INT32 NOT NULL, PRIMARY KEY (c908) ) version 17 to ( 10:c264 INT32 NOT NULL, 11:c552 INT32 NULLABLE, 13:c119 INT32 NOT NULL, 15:c386 INT32 NULLABLE, 18:c340 INT32 NULLABLE, 20:c537 INT32 NULLABLE, 21:c749 INT32 NOT NULL, 22:c875 INT32 NOT NULL, 23:c389 INT32 NULLABLE, PRIMARY KEY (c264) ) version 18
I1102 21:39:06.617841 8991 tablet.cc:1205] T 06f9d3b29f2a4de984e1289db815ff83 P e92a2036de454238809663ac303c6ade: MemRowSet was empty: no flush needed.
I1102 21:39:06.621157 8963 tablet.cc:1257] T 06f9d3b29f2a4de984e1289db815ff83 P e92a2036de454238809663ac303c6ade: Already running schema version 18 got alter request for version 18
I1102 21:39:06.621755 8963 tablet.cc:1257] T 06f9d3b29f2a4de984e1289db815ff83 P e92a2036de454238809663ac303c6ade: Already running schema version 18 got alter request for version 18
I1102 21:39:06.622320 8963 tablet.cc:1257] T 06f9d3b29f2a4de984e1289db815ff83 P e92a2036de454238809663ac303c6ade: Already running schema version 18 got alter request for version 18
I1102 21:39:06.624550 8622 tablet.cc:1257] T 06f9d3b29f2a4de984e1289db815ff83 P c36abe6b2bdb4e778576473f60926b7b: Already running schema version 18 got alter request for version 18
I1102 21:39:06.627600 8594 tablet.cc:1257] T 06f9d3b29f2a4de984e1289db815ff83 P 33b43dabe1b543f39e7ed84247c575e8: Already running schema version 18 got alter request for version 18
I1102 21:39:06.628629 8622 tablet.cc:1257] T 06f9d3b29f2a4de984e1289db815ff83 P c36abe6b2bdb4e778576473f60926b7b: Already running schema version 18 got alter request for version 18
I1102 21:39:06.630782 8991 tablet.cc:1257] T 06f9d3b29f2a4de984e1289db815ff83 P e92a2036de454238809663ac303c6ade: Already running schema version 18 got alter request for version 18
I1102 21:39:06.632932 8622 tablet.cc:1257] T 06f9d3b29f2a4de984e1289db815ff83 P c36abe6b2bdb4e778576473f60926b7b: Already running schema version 18 got alter request for version 18
I1102 21:39:06.635272 8594 tablet.cc:1257] T 06f9d3b29f2a4de984e1289db815ff83 P 33b43dabe1b543f39e7ed84247c575e8: Already running schema version 18 got alter request for version 18
I1102 21:39:06.635946 8972 tablet.cc:1257] T 06f9d3b29f2a4de984e1289db815ff83 P 33b43dabe1b543f39e7ed84247c575e8: Already running schema version 18 got alter request for version 18
I1102 21:39:06.638247 8991 tablet.cc:1257] T 06f9d3b29f2a4de984e1289db815ff83 P e92a2036de454238809663ac303c6ade: Already running schema version 18 got alter request for version 18
I1102 21:39:06.639829 8622 tablet.cc:1257] T 06f9d3b29f2a4de984e1289db815ff83 P c36abe6b2bdb4e778576473f60926b7b: Already running schema version 18 got alter request for version 18
I1102 21:39:06.641520 8594 tablet.cc:1257] T 06f9d3b29f2a4de984e1289db815ff83 P 33b43dabe1b543f39e7ed84247c575e8: Already running schema version 18 got alter request for version 18
I1102 21:39:06.643056 8963 tablet.cc:1257] T 06f9d3b29f2a4de984e1289db815ff83 P e92a2036de454238809663ac303c6ade: Already running schema version 18 got alter request for version 18
I1102 21:39:06.643296 8963 tablet.cc:1257] T 06f9d3b29f2a4de984e1289db815ff83 P e92a2036de454238809663ac303c6ade: Already running schema version 18 got alter request for version 18
I1102 21:39:06.643790 8622 tablet.cc:1257] T 06f9d3b29f2a4de984e1289db815ff83 P c36abe6b2bdb4e778576473f60926b7b: Already running schema version 18 got alter request for version 18
I1102 21:39:06.646164 8594 tablet.cc:1257] T 06f9d3b29f2a4de984e1289db815ff83 P 33b43dabe1b543f39e7ed84247c575e8: Already running schema version 18 got alter request for version 18
I1102 21:39:06.647673 8622 tablet.cc:1257] T 06f9d3b29f2a4de984e1289db815ff83 P c36abe6b2bdb4e778576473f60926b7b: Already running schema version 18 got alter request for version 18
I1102 21:39:06.647917 8963 tablet.cc:1257] T 06f9d3b29f2a4de984e1289db815ff83 P e92a2036de454238809663ac303c6ade: Already running schema version 18 got alter request for version 18
I1102 21:39:06.650427 8594 tablet.cc:1257] T 06f9d3b29f2a4de984e1289db815ff83 P 33b43dabe1b543f39e7ed84247c575e8: Already running schema version 18 got alter request for version 18
I1102 21:39:06.650969 8963 tablet.cc:1257] T 06f9d3b29f2a4de984e1289db815ff83 P e92a2036de454238809663ac303c6ade: Already running schema version 18 got alter request for version 18
I1102 21:39:06.652258 8622 tablet.cc:1257] T 06f9d3b29f2a4de984e1289db815ff83 P c36abe6b2bdb4e778576473f60926b7b: Already running schema version 18 got alter request for version 18
I1102 21:39:06.653730 8963 tablet.cc:1257] T 06f9d3b29f2a4de984e1289db815ff83 P e92a2036de454238809663ac303c6ade: Already running schema version 18 got alter request for version 18
I1102 21:39:06.655108 8594 tablet.cc:1257] T 06f9d3b29f2a4de984e1289db815ff83 P 33b43dabe1b543f39e7ed84247c575e8: Already running schema version 18 got alter request for version 18
I1102 21:39:06.656829 8622 tablet.cc:1257] T 06f9d3b29f2a4de984e1289db815ff83 P c36abe6b2bdb4e778576473f60926b7b: Already running schema version 18 got alter request for version 18
I1102 21:39:06.658340 8963 tablet.cc:1257] T 06f9d3b29f2a4de984e1289db815ff83 P e92a2036de454238809663ac303c6ade: Already running schema version 18 got alter request for version 18
I1102 21:39:06.660130 8594 tablet.cc:1257] T 06f9d3b29f2a4de984e1289db815ff83 P 33b43dabe1b543f39e7ed84247c575e8: Already running schema version 18 got alter request for version 18
I1102 21:39:06.660677 8622 tablet.cc:1257] T 06f9d3b29f2a4de984e1289db815ff83 P c36abe6b2bdb4e778576473f60926b7b: Already running schema version 18 got alter request for version 18
I1102 21:39:06.661950 8963 tablet.cc:1257] T 06f9d3b29f2a4de984e1289db815ff83 P e92a2036de454238809663ac303c6ade: Already running schema version 18 got alter request for version 18
I1102 21:39:06.663535 8594 tablet.cc:1257] T 06f9d3b29f2a4de984e1289db815ff83 P 33b43dabe1b543f39e7ed84247c575e8: Already running schema version 18 got alter request for version 18
I1102 21:39:06.664644 8622 tablet.cc:1257] T 06f9d3b29f2a4de984e1289db815ff83 P c36abe6b2bdb4e778576473f60926b7b: Already running schema version 18 got alter request for version 18
I1102 21:39:06.666059 8594 tablet.cc:1257] T 06f9d3b29f2a4de984e1289db815ff83 P 33b43dabe1b543f39e7ed84247c575e8: Already running schema version 18 got alter request for version 18
I1102 21:39:06.667526 8622 tablet.cc:1257] T 06f9d3b29f2a4de984e1289db815ff83 P c36abe6b2bdb4e778576473f60926b7b: Already running schema version 18 got alter request for version 18
I1102 21:39:06.668575 8594 tablet.cc:1257] T 06f9d3b29f2a4de984e1289db815ff83 P 33b43dabe1b543f39e7ed84247c575e8: Already running schema version 18 got alter request for version 18
I1102 21:39:06.673117 8963 tablet.cc:1257] T 06f9d3b29f2a4de984e1289db815ff83 P e92a2036de454238809663ac303c6ade: Already running schema version 18 got alter request for version 18
I1102 21:39:06.674054 8963 tablet.cc:1257] T 06f9d3b29f2a4de984e1289db815ff83 P e92a2036de454238809663ac303c6ade: Already running schema version 18 got alter request for version 18
I1102 21:39:06.790354 7768 alter_table-randomized-test.cc:448] Beginning Alterations
I1102 21:39:06.791350 7768 alter_table-randomized-test.cc:562] Adding range partition: [1744830438, 1811939301) resulting partitions: (402653178, 469762041], (805306356, 872415219], (1744830438, 1811939301)
I1102 21:39:06.791430 7768 alter_table-randomized-test.cc:516] Renaming column c119 to c839
I1102 21:39:06.791450 7768 alter_table-randomized-test.cc:523] Renaming PrimaryKey column c264 to c429
I1102 21:39:06.791513 7768 alter_table-randomized-test.cc:486] Adding column c34, existing columns: c429, c552, c839, c386, c340, c537, c749, c875, c389
I1102 21:39:06.791551 7768 alter_table-randomized-test.cc:562] Adding range partition: [738197493, 805306356) resulting partitions: (402653178, 469762041], (738197493, 805306356], (805306356, 872415219], (1744830438, 1811939301)
I1102 21:39:06.791622 7768 alter_table-randomized-test.cc:516] Renaming column c839 to c27
I1102 21:39:06.791641 7768 alter_table-randomized-test.cc:554] Changing block size of column c34 to 2097152
I1102 21:39:06.791662 7768 alter_table-randomized-test.cc:594] Dropping range partition: [1744830438, 1811939301) resulting partitions: (402653178, 469762041], (738197493, 805306356], (805306356, 872415219)
I1102 21:39:06.791687 7768 alter_table-randomized-test.cc:480] Committing Alterations
I1102 21:39:06.792544 8913 catalog_manager.cc:2182] Servicing AlterTable request from {username='slave'} at 127.0.0.1:59060: table { table_name: "default.test_table" } alter_schema_steps { type: ADD_RANGE_PARTITION add_range_partition { range_bounds { rows: "\010\001\000\000\000\345\377\377g\007\001\000\000\000\345\377\377k" } } } alter_schema_steps { type: RENAME_COLUMN rename_column { old_name: "c119" new_name: "c839" } } alter_schema_steps { type: RENAME_COLUMN rename_column { old_name: "c264" new_name: "c429" } } alter_schema_steps { type: ADD_COLUMN add_column { schema { name: "c34" type: INT32 is_nullable: true encoding: AUTO_ENCODING compression: DEFAULT_COMPRESSION cfile_block_size: 0 } } } alter_schema_steps { type: ADD_RANGE_PARTITION add_range_partition { range_bounds { rows: "\006\001\000\000\000\365\377\377+\007\001\000\000\000\364\377\377/" } } } alter_schema_steps { type: RENAME_COLUMN rename_column { old_name: "c839" new_name: "c27" } } alter_schema_steps { type: ALTER_COLUMN alter_column { delta { name: "c34" block_size: 2097152 } } } alter_schema_steps { type: DROP_RANGE_PARTITION drop_range_partition { range_bounds { rows: "\006\001\000\000\000\346\377\377g\007\001\000\000\000\345\377\377k" } } } schema { columns { name: "c264" type: INT32 is_key: true is_nullable: false encoding: AUTO_ENCODING compression: DEFAULT_COMPRESSION cfile_block_size: 0 } columns { name: "c552" type: INT32 is_key: false is_nullable: true encoding: BIT_SHUFFLE compression: NO_COMPRESSION cfile_block_size: 0 } columns { name: "c119" type: INT32 is_key: false is_nullable: false read_default_value: "g\177\2379" encoding: AUTO_ENCODING compression: LZ4 cfile_block_size: 4194304 } columns { name: "c386" type: INT32 is_key: false is_nullable: true encoding: AUTO_ENCODING compression: DEFAULT_COMPRESSION cfile_block_size: 4194304 } columns { name: "c340" type: INT32 is_key: false is_nullable: true encoding: AUTO_ENCODING compression: DEFAULT_COMPRESSION cfile_block_size: 0 } columns { name: "c537" type: INT32 is_key: false is_nullable: true encoding: RLE compression: DEFAULT_COMPRESSION cfile_block_size: 0 } columns { name: "c749" type: INT32 is_key: false is_nullable: false read_default_value: "\010\00511" encoding: AUTO_ENCODING compression: DEFAULT_COMPRESSION cfile_block_size: 0 } columns { name: "c875" type: INT32 is_key: false is_nullable: false read_default_value: "\274)Y\\" encoding: AUTO_ENCODING compression: DEFAULT_COMPRESSION cfile_block_size: 0 } columns { name: "c389" type: INT32 is_key: false is_nullable: true encoding: AUTO_ENCODING compression: DEFAULT_COMPRESSION cfile_block_size: 0 } } modify_external_catalogs: true
I1102 21:39:06.795661 8913 catalog_manager.cc:2958] Scheduling retry of 1566ebff80a74910a6a6ff4e2a75bea0 (table default.test_table [id=e93179f4d3eb4a26a760d9d76293265f]) Alter Table RPC with a delay of 32 ms (attempt = 1)
W1102 21:39:06.795706 8913 catalog_manager.cc:3990] Failed to send alter table request: Not found: failed to reset TS proxy: No leader found: Tablet 1566ebff80a74910a6a6ff4e2a75bea0 has no consensus state
I1102 21:39:06.798449 8501 tablet_service.cc:765] Processing CreateTablet for tablet 1566ebff80a74910a6a6ff4e2a75bea0 (table=default.test_table [id=e93179f4d3eb4a26a760d9d76293265f]), partition=RANGE (c429) PARTITION 738197493 <= VALUES < 805306356
I1102 21:39:06.798683 8501 data_dirs.cc:938] Could only allocate 1 dirs of requested 3 for tablet 1566ebff80a74910a6a6ff4e2a75bea0. 1 dirs total, 0 dirs full, 0 dirs failed
I1102 21:39:06.799294 7898 tablet_service.cc:765] Processing CreateTablet for tablet 1566ebff80a74910a6a6ff4e2a75bea0 (table=default.test_table [id=e93179f4d3eb4a26a760d9d76293265f]), partition=RANGE (c429) PARTITION 738197493 <= VALUES < 805306356
I1102 21:39:06.799518 7898 data_dirs.cc:938] Could only allocate 1 dirs of requested 3 for tablet 1566ebff80a74910a6a6ff4e2a75bea0. 1 dirs total, 0 dirs full, 0 dirs failed
I1102 21:39:06.799790 8812 tablet_service.cc:765] Processing CreateTablet for tablet 1566ebff80a74910a6a6ff4e2a75bea0 (table=default.test_table [id=e93179f4d3eb4a26a760d9d76293265f]), partition=RANGE (c429) PARTITION 738197493 <= VALUES < 805306356
I1102 21:39:06.799959 8812 data_dirs.cc:938] Could only allocate 1 dirs of requested 3 for tablet 1566ebff80a74910a6a6ff4e2a75bea0. 1 dirs total, 0 dirs full, 0 dirs failed
I1102 21:39:06.800860 8501 ts_tablet_manager.cc:1173] T 1566ebff80a74910a6a6ff4e2a75bea0 P 33b43dabe1b543f39e7ed84247c575e8: Registered tablet (data state: TABLET_DATA_READY)
I1102 21:39:06.801486 7898 ts_tablet_manager.cc:1173] T 1566ebff80a74910a6a6ff4e2a75bea0 P c36abe6b2bdb4e778576473f60926b7b: Registered tablet (data state: TABLET_DATA_READY)
I1102 21:39:06.801589 8981 ts_tablet_manager.cc:1028] T 1566ebff80a74910a6a6ff4e2a75bea0 P c36abe6b2bdb4e778576473f60926b7b: Bootstrapping tablet
I1102 21:39:06.801666 8981 tablet_bootstrap.cc:438] T 1566ebff80a74910a6a6ff4e2a75bea0 P c36abe6b2bdb4e778576473f60926b7b: Bootstrap starting.
I1102 21:39:06.801898 8812 ts_tablet_manager.cc:1173] T 1566ebff80a74910a6a6ff4e2a75bea0 P e92a2036de454238809663ac303c6ade: Registered tablet (data state: TABLET_DATA_READY)
I1102 21:39:06.802078 8978 ts_tablet_manager.cc:1028] T 1566ebff80a74910a6a6ff4e2a75bea0 P e92a2036de454238809663ac303c6ade: Bootstrapping tablet
I1102 21:39:06.802088 8594 tablet.cc:1262] T a8ae8156f3ad4fb3ab494ce26bb1a039 P 33b43dabe1b543f39e7ed84247c575e8: Alter schema from ( 10:c264 INT32 NOT NULL, 11:c552 INT32 NULLABLE, 13:c119 INT32 NOT NULL, 15:c386 INT32 NULLABLE, 18:c340 INT32 NULLABLE, 20:c537 INT32 NULLABLE, 21:c749 INT32 NOT NULL, 22:c875 INT32 NOT NULL, 23:c389 INT32 NULLABLE, PRIMARY KEY (c264) ) version 18 to ( 10:c429 INT32 NOT NULL, 11:c552 INT32 NULLABLE, 13:c27 INT32 NOT NULL, 15:c386 INT32 NULLABLE, 18:c340 INT32 NULLABLE, 20:c537 INT32 NULLABLE, 21:c749 INT32 NOT NULL, 22:c875 INT32 NOT NULL, 23:c389 INT32 NULLABLE, 24:c34 INT32 NULLABLE, PRIMARY KEY (c429) ) version 19
I1102 21:39:06.802178 8978 tablet_bootstrap.cc:438] T 1566ebff80a74910a6a6ff4e2a75bea0 P e92a2036de454238809663ac303c6ade: Bootstrap starting.
I1102 21:39:06.802487 8594 tablet.cc:1214] T a8ae8156f3ad4fb3ab494ce26bb1a039 P 33b43dabe1b543f39e7ed84247c575e8: Flush: entering stage 1 (old memrowset already frozen for inserts)
I1102 21:39:06.802517 8594 compaction.cc:926] Selected 1 rowsets to compact:
I1102 21:39:06.802526 8594 compaction.cc:929] memrowset(current size on disk: ~0 bytes)
I1102 21:39:06.802537 8594 tablet.cc:1216] T a8ae8156f3ad4fb3ab494ce26bb1a039 P 33b43dabe1b543f39e7ed84247c575e8: Memstore in-memory size: 763 bytes
I1102 21:39:06.802557 8594 tablet.cc:1508] T a8ae8156f3ad4fb3ab494ce26bb1a039 P 33b43dabe1b543f39e7ed84247c575e8: Flush: entering phase 1 (flushing snapshot). Phase 1 snapshot: MvccSnapshot[committed={T|T < 6312733682878455808}]
I1102 21:39:06.802738 8981 tablet_bootstrap.cc:592] T 1566ebff80a74910a6a6ff4e2a75bea0 P c36abe6b2bdb4e778576473f60926b7b: No blocks or log segments found. Creating new log.
I1102 21:39:06.802932 8978 tablet_bootstrap.cc:592] T 1566ebff80a74910a6a6ff4e2a75bea0 P e92a2036de454238809663ac303c6ade: No blocks or log segments found. Creating new log.
