I1102 21:39:07.226166 8991 tablet.cc:1262] T 1566ebff80a74910a6a6ff4e2a75bea0 P e92a2036de454238809663ac303c6ade: Alter schema from ( 10:c429 INT32 NOT NULL, 11:c552 INT32 NULLABLE, 13:c27 INT32 NOT NULL, 15:c386 INT32 NULLABLE, 18:c340 INT32 NULLABLE, 20:c537 INT32 NULLABLE, 21:c749 INT32 NOT NULL, 22:c875 INT32 NOT NULL, 23:c389 INT32 NULLABLE, 24:c34 INT32 NULLABLE, PRIMARY KEY (c429) ) version 19 to ( 10:c429 INT32 NOT NULL, 11:c18 INT32 NULLABLE, 13:c27 INT32 NOT NULL, 15:c386 INT32 NULLABLE, 18:c340 INT32 NULLABLE, 20:c537 INT32 NULLABLE, 22:c875 INT32 NOT NULL, 23:c389 INT32 NULLABLE, 24:c764 INT32 NULLABLE, 25:c606 INT32 NULLABLE, 26:c399 INT32 NOT NULL, PRIMARY KEY (c429) ) version 20
I1102 21:39:07.226094 8622 compaction.cc:926] Selected 1 rowsets to compact:
I1102 21:39:07.226477 8991 tablet.cc:1214] T 1566ebff80a74910a6a6ff4e2a75bea0 P e92a2036de454238809663ac303c6ade: Flush: entering stage 1 (old memrowset already frozen for inserts)
I1102 21:39:07.226491 8991 compaction.cc:926] Selected 1 rowsets to compact:
I1102 21:39:07.226500 8991 compaction.cc:929] memrowset(current size on disk: ~0 bytes)
I1102 21:39:07.226516 8991 tablet.cc:1216] T 1566ebff80a74910a6a6ff4e2a75bea0 P e92a2036de454238809663ac303c6ade: Memstore in-memory size: 763 bytes
I1102 21:39:07.226537 8991 tablet.cc:1508] T 1566ebff80a74910a6a6ff4e2a75bea0 P e92a2036de454238809663ac303c6ade: Flush: entering phase 1 (flushing snapshot). Phase 1 snapshot: MvccSnapshot[committed={T|T < 6312733684625076224}]
I1102 21:39:07.226589 8622 compaction.cc:929] memrowset(current size on disk: ~0 bytes)
I1102 21:39:07.226614 8972 tablet.cc:1262] T 06f9d3b29f2a4de984e1289db815ff83 P 33b43dabe1b543f39e7ed84247c575e8: Alter schema from ( 10:c429 INT32 NOT NULL, 11:c552 INT32 NULLABLE, 13:c27 INT32 NOT NULL, 15:c386 INT32 NULLABLE, 18:c340 INT32 NULLABLE, 20:c537 INT32 NULLABLE, 21:c749 INT32 NOT NULL, 22:c875 INT32 NOT NULL, 23:c389 INT32 NULLABLE, 24:c34 INT32 NULLABLE, PRIMARY KEY (c429) ) version 19 to ( 10:c429 INT32 NOT NULL, 11:c18 INT32 NULLABLE, 13:c27 INT32 NOT NULL, 15:c386 INT32 NULLABLE, 18:c340 INT32 NULLABLE, 20:c537 INT32 NULLABLE, 22:c875 INT32 NOT NULL, 23:c389 INT32 NULLABLE, 24:c764 INT32 NULLABLE, 25:c606 INT32 NULLABLE, 26:c399 INT32 NOT NULL, PRIMARY KEY (c429) ) version 20
I1102 21:39:07.226714 8622 tablet.cc:1216] T 06f9d3b29f2a4de984e1289db815ff83 P c36abe6b2bdb4e778576473f60926b7b: Memstore in-memory size: 763 bytes
I1102 21:39:07.226773 8622 tablet.cc:1508] T 06f9d3b29f2a4de984e1289db815ff83 P c36abe6b2bdb4e778576473f60926b7b: Flush: entering phase 1 (flushing snapshot). Phase 1 snapshot: MvccSnapshot[committed={T|T < 6312733684626440192}]
I1102 21:39:07.226905 8972 tablet.cc:1214] T 06f9d3b29f2a4de984e1289db815ff83 P 33b43dabe1b543f39e7ed84247c575e8: Flush: entering stage 1 (old memrowset already frozen for inserts)
I1102 21:39:07.226933 8972 compaction.cc:926] Selected 1 rowsets to compact:
I1102 21:39:07.226941 8972 compaction.cc:929] memrowset(current size on disk: ~0 bytes)
I1102 21:39:07.226958 8972 tablet.cc:1216] T 06f9d3b29f2a4de984e1289db815ff83 P 33b43dabe1b543f39e7ed84247c575e8: Memstore in-memory size: 763 bytes
I1102 21:39:07.226976 8972 tablet.cc:1508] T 06f9d3b29f2a4de984e1289db815ff83 P 33b43dabe1b543f39e7ed84247c575e8: Flush: entering phase 1 (flushing snapshot). Phase 1 snapshot: MvccSnapshot[committed={T|T < 6312733684626440192}]
I1102 21:39:07.228114 8963 tablet.cc:1262] T a8ae8156f3ad4fb3ab494ce26bb1a039 P e92a2036de454238809663ac303c6ade: Alter schema from ( 10:c429 INT32 NOT NULL, 11:c552 INT32 NULLABLE, 13:c27 INT32 NOT NULL, 15:c386 INT32 NULLABLE, 18:c340 INT32 NULLABLE, 20:c537 INT32 NULLABLE, 21:c749 INT32 NOT NULL, 22:c875 INT32 NOT NULL, 23:c389 INT32 NULLABLE, 24:c34 INT32 NULLABLE, PRIMARY KEY (c429) ) version 19 to ( 10:c429 INT32 NOT NULL, 11:c18 INT32 NULLABLE, 13:c27 INT32 NOT NULL, 15:c386 INT32 NULLABLE, 18:c340 INT32 NULLABLE, 20:c537 INT32 NULLABLE, 22:c875 INT32 NOT NULL, 23:c389 INT32 NULLABLE, 24:c764 INT32 NULLABLE, 25:c606 INT32 NULLABLE, 26:c399 INT32 NOT NULL, PRIMARY KEY (c429) ) version 20
I1102 21:39:07.228358 9017 tablet.cc:1262] T 1566ebff80a74910a6a6ff4e2a75bea0 P 33b43dabe1b543f39e7ed84247c575e8: Alter schema from ( 10:c429 INT32 NOT NULL, 11:c552 INT32 NULLABLE, 13:c27 INT32 NOT NULL, 15:c386 INT32 NULLABLE, 18:c340 INT32 NULLABLE, 20:c537 INT32 NULLABLE, 21:c749 INT32 NOT NULL, 22:c875 INT32 NOT NULL, 23:c389 INT32 NULLABLE, 24:c34 INT32 NULLABLE, PRIMARY KEY (c429) ) version 19 to ( 10:c429 INT32 NOT NULL, 11:c18 INT32 NULLABLE, 13:c27 INT32 NOT NULL, 15:c386 INT32 NULLABLE, 18:c340 INT32 NULLABLE, 20:c537 INT32 NULLABLE, 22:c875 INT32 NOT NULL, 23:c389 INT32 NULLABLE, 24:c764 INT32 NULLABLE, 25:c606 INT32 NULLABLE, 26:c399 INT32 NOT NULL, PRIMARY KEY (c429) ) version 20
I1102 21:39:07.228436 8963 tablet.cc:1214] T a8ae8156f3ad4fb3ab494ce26bb1a039 P e92a2036de454238809663ac303c6ade: Flush: entering stage 1 (old memrowset already frozen for inserts)
I1102 21:39:07.228451 8963 compaction.cc:926] Selected 1 rowsets to compact:
I1102 21:39:07.228457 8963 compaction.cc:929] memrowset(current size on disk: ~0 bytes)
I1102 21:39:07.228469 8963 tablet.cc:1216] T a8ae8156f3ad4fb3ab494ce26bb1a039 P e92a2036de454238809663ac303c6ade: Memstore in-memory size: 763 bytes
I1102 21:39:07.228488 8963 tablet.cc:1508] T a8ae8156f3ad4fb3ab494ce26bb1a039 P e92a2036de454238809663ac303c6ade: Flush: entering phase 1 (flushing snapshot). Phase 1 snapshot: MvccSnapshot[committed={T|T < 6312733684625125376}]
I1102 21:39:07.228641 9017 tablet.cc:1214] T 1566ebff80a74910a6a6ff4e2a75bea0 P 33b43dabe1b543f39e7ed84247c575e8: Flush: entering stage 1 (old memrowset already frozen for inserts)
I1102 21:39:07.228653 9017 compaction.cc:926] Selected 1 rowsets to compact:
I1102 21:39:07.228660 9017 compaction.cc:929] memrowset(current size on disk: ~0 bytes)
I1102 21:39:07.228672 9017 tablet.cc:1216] T 1566ebff80a74910a6a6ff4e2a75bea0 P 33b43dabe1b543f39e7ed84247c575e8: Memstore in-memory size: 763 bytes
I1102 21:39:07.228690 9017 tablet.cc:1508] T 1566ebff80a74910a6a6ff4e2a75bea0 P 33b43dabe1b543f39e7ed84247c575e8: Flush: entering phase 1 (flushing snapshot). Phase 1 snapshot: MvccSnapshot[committed={T|T < 6312733684625076224}]
I1102 21:39:07.229152 8972 multi_column_writer.cc:98] Opened CFile writers for 11 column(s)
I1102 21:39:07.229379 8594 tablet.cc:1262] T a8ae8156f3ad4fb3ab494ce26bb1a039 P 33b43dabe1b543f39e7ed84247c575e8: Alter schema from ( 10:c429 INT32 NOT NULL, 11:c552 INT32 NULLABLE, 13:c27 INT32 NOT NULL, 15:c386 INT32 NULLABLE, 18:c340 INT32 NULLABLE, 20:c537 INT32 NULLABLE, 21:c749 INT32 NOT NULL, 22:c875 INT32 NOT NULL, 23:c389 INT32 NULLABLE, 24:c34 INT32 NULLABLE, PRIMARY KEY (c429) ) version 19 to ( 10:c429 INT32 NOT NULL, 11:c18 INT32 NULLABLE, 13:c27 INT32 NOT NULL, 15:c386 INT32 NULLABLE, 18:c340 INT32 NULLABLE, 20:c537 INT32 NULLABLE, 22:c875 INT32 NOT NULL, 23:c389 INT32 NULLABLE, 24:c764 INT32 NULLABLE, 25:c606 INT32 NULLABLE, 26:c399 INT32 NOT NULL, PRIMARY KEY (c429) ) version 20
I1102 21:39:07.229682 8594 tablet.cc:1214] T a8ae8156f3ad4fb3ab494ce26bb1a039 P 33b43dabe1b543f39e7ed84247c575e8: Flush: entering stage 1 (old memrowset already frozen for inserts)
I1102 21:39:07.229694 8594 compaction.cc:926] Selected 1 rowsets to compact:
I1102 21:39:07.229701 8594 compaction.cc:929] memrowset(current size on disk: ~0 bytes)
I1102 21:39:07.229712 8594 tablet.cc:1216] T a8ae8156f3ad4fb3ab494ce26bb1a039 P 33b43dabe1b543f39e7ed84247c575e8: Memstore in-memory size: 763 bytes
I1102 21:39:07.229727 8594 tablet.cc:1508] T a8ae8156f3ad4fb3ab494ce26bb1a039 P 33b43dabe1b543f39e7ed84247c575e8: Flush: entering phase 1 (flushing snapshot). Phase 1 snapshot: MvccSnapshot[committed={T|T < 6312733684625125376}]
I1102 21:39:07.230845 8963 multi_column_writer.cc:98] Opened CFile writers for 11 column(s)
I1102 21:39:07.231268 8622 multi_column_writer.cc:98] Opened CFile writers for 11 column(s)
I1102 21:39:07.238090 8993 tablet.cc:1262] T a8ae8156f3ad4fb3ab494ce26bb1a039 P c36abe6b2bdb4e778576473f60926b7b: Alter schema from ( 10:c429 INT32 NOT NULL, 11:c552 INT32 NULLABLE, 13:c27 INT32 NOT NULL, 15:c386 INT32 NULLABLE, 18:c340 INT32 NULLABLE, 20:c537 INT32 NULLABLE, 21:c749 INT32 NOT NULL, 22:c875 INT32 NOT NULL, 23:c389 INT32 NULLABLE, 24:c34 INT32 NULLABLE, PRIMARY KEY (c429) ) version 19 to ( 10:c429 INT32 NOT NULL, 11:c18 INT32 NULLABLE, 13:c27 INT32 NOT NULL, 15:c386 INT32 NULLABLE, 18:c340 INT32 NULLABLE, 20:c537 INT32 NULLABLE, 22:c875 INT32 NOT NULL, 23:c389 INT32 NULLABLE, 24:c764 INT32 NULLABLE, 25:c606 INT32 NULLABLE, 26:c399 INT32 NOT NULL, PRIMARY KEY (c429) ) version 20
I1102 21:39:07.238747 8993 tablet.cc:1214] T a8ae8156f3ad4fb3ab494ce26bb1a039 P c36abe6b2bdb4e778576473f60926b7b: Flush: entering stage 1 (old memrowset already frozen for inserts)
I1102 21:39:07.238771 8993 compaction.cc:926] Selected 1 rowsets to compact:
I1102 21:39:07.238780 8993 compaction.cc:929] memrowset(current size on disk: ~0 bytes)
I1102 21:39:07.238792 8993 tablet.cc:1216] T a8ae8156f3ad4fb3ab494ce26bb1a039 P c36abe6b2bdb4e778576473f60926b7b: Memstore in-memory size: 763 bytes
I1102 21:39:07.238816 8993 tablet.cc:1508] T a8ae8156f3ad4fb3ab494ce26bb1a039 P c36abe6b2bdb4e778576473f60926b7b: Flush: entering phase 1 (flushing snapshot). Phase 1 snapshot: MvccSnapshot[committed={T|T < 6312733684625125376}]
I1102 21:39:07.239609 8622 tablet.cc:1594] T 06f9d3b29f2a4de984e1289db815ff83 P c36abe6b2bdb4e778576473f60926b7b: Flush: entering phase 2 (starting to duplicate updates in new rowsets)
I1102 21:39:07.239845 8622 tablet.cc:1649] T 06f9d3b29f2a4de984e1289db815ff83 P c36abe6b2bdb4e778576473f60926b7b: Flush Phase 2: carrying over any updates which arrived during Phase 1
I1102 21:39:07.239908 8622 tablet.cc:1651] T 06f9d3b29f2a4de984e1289db815ff83 P c36abe6b2bdb4e778576473f60926b7b: Phase 2 snapshot: MvccSnapshot[committed={T|T < 6312733684626440192}]
I1102 21:39:07.242808 8993 multi_column_writer.cc:98] Opened CFile writers for 11 column(s)
I1102 21:39:07.243021 8622 tablet.cc:1699] T 06f9d3b29f2a4de984e1289db815ff83 P c36abe6b2bdb4e778576473f60926b7b: Flush successful on 3 rows (1 rowsets, 5572 bytes)
I1102 21:39:07.244698 8963 tablet.cc:1594] T a8ae8156f3ad4fb3ab494ce26bb1a039 P e92a2036de454238809663ac303c6ade: Flush: entering phase 2 (starting to duplicate updates in new rowsets)
I1102 21:39:07.245028 8963 tablet.cc:1649] T a8ae8156f3ad4fb3ab494ce26bb1a039 P e92a2036de454238809663ac303c6ade: Flush Phase 2: carrying over any updates which arrived during Phase 1
I1102 21:39:07.245067 8963 tablet.cc:1651] T a8ae8156f3ad4fb3ab494ce26bb1a039 P e92a2036de454238809663ac303c6ade: Phase 2 snapshot: MvccSnapshot[committed={T|T < 6312733684625125376}]
I1102 21:39:07.245806 8972 tablet.cc:1594] T 06f9d3b29f2a4de984e1289db815ff83 P 33b43dabe1b543f39e7ed84247c575e8: Flush: entering phase 2 (starting to duplicate updates in new rowsets)
I1102 21:39:07.246028 8972 tablet.cc:1649] T 06f9d3b29f2a4de984e1289db815ff83 P 33b43dabe1b543f39e7ed84247c575e8: Flush Phase 2: carrying over any updates which arrived during Phase 1
I1102 21:39:07.246058 8972 tablet.cc:1651] T 06f9d3b29f2a4de984e1289db815ff83 P 33b43dabe1b543f39e7ed84247c575e8: Phase 2 snapshot: MvccSnapshot[committed={T|T < 6312733684626440192}]
I1102 21:39:07.247617 8963 tablet.cc:1699] T a8ae8156f3ad4fb3ab494ce26bb1a039 P e92a2036de454238809663ac303c6ade: Flush successful on 3 rows (1 rowsets, 5688 bytes)
I1102 21:39:07.253240 9017 multi_column_writer.cc:98] Opened CFile writers for 11 column(s)
I1102 21:39:07.254830 8991 multi_column_writer.cc:98] Opened CFile writers for 11 column(s)
I1102 21:39:07.255329 8594 multi_column_writer.cc:98] Opened CFile writers for 11 column(s)
I1102 21:39:07.255753 8993 tablet.cc:1594] T a8ae8156f3ad4fb3ab494ce26bb1a039 P c36abe6b2bdb4e778576473f60926b7b: Flush: entering phase 2 (starting to duplicate updates in new rowsets)
I1102 21:39:07.256039 8993 tablet.cc:1649] T a8ae8156f3ad4fb3ab494ce26bb1a039 P c36abe6b2bdb4e778576473f60926b7b: Flush Phase 2: carrying over any updates which arrived during Phase 1
I1102 21:39:07.256073 8993 tablet.cc:1651] T a8ae8156f3ad4fb3ab494ce26bb1a039 P c36abe6b2bdb4e778576473f60926b7b: Phase 2 snapshot: MvccSnapshot[committed={T|T < 6312733684625125376}]
I1102 21:39:07.257706 8972 tablet.cc:1699] T 06f9d3b29f2a4de984e1289db815ff83 P 33b43dabe1b543f39e7ed84247c575e8: Flush successful on 3 rows (1 rowsets, 5583 bytes)
I1102 21:39:07.263090 8963 tablet.cc:1262] T 06f9d3b29f2a4de984e1289db815ff83 P e92a2036de454238809663ac303c6ade: Alter schema from ( 10:c429 INT32 NOT NULL, 11:c552 INT32 NULLABLE, 13:c27 INT32 NOT NULL, 15:c386 INT32 NULLABLE, 18:c340 INT32 NULLABLE, 20:c537 INT32 NULLABLE, 21:c749 INT32 NOT NULL, 22:c875 INT32 NOT NULL, 23:c389 INT32 NULLABLE, 24:c34 INT32 NULLABLE, PRIMARY KEY (c429) ) version 19 to ( 10:c429 INT32 NOT NULL, 11:c18 INT32 NULLABLE, 13:c27 INT32 NOT NULL, 15:c386 INT32 NULLABLE, 18:c340 INT32 NULLABLE, 20:c537 INT32 NULLABLE, 22:c875 INT32 NOT NULL, 23:c389 INT32 NULLABLE, 24:c764 INT32 NULLABLE, 25:c606 INT32 NULLABLE, 26:c399 INT32 NOT NULL, PRIMARY KEY (c429) ) version 20
I1102 21:39:07.263537 8963 tablet.cc:1214] T 06f9d3b29f2a4de984e1289db815ff83 P e92a2036de454238809663ac303c6ade: Flush: entering stage 1 (old memrowset already frozen for inserts)
I1102 21:39:07.263586 8963 compaction.cc:926] Selected 1 rowsets to compact:
I1102 21:39:07.263622 8963 compaction.cc:929] memrowset(current size on disk: ~0 bytes)
I1102 21:39:07.263674 8963 tablet.cc:1216] T 06f9d3b29f2a4de984e1289db815ff83 P e92a2036de454238809663ac303c6ade: Memstore in-memory size: 763 bytes
I1102 21:39:07.263743 8963 tablet.cc:1508] T 06f9d3b29f2a4de984e1289db815ff83 P e92a2036de454238809663ac303c6ade: Flush: entering phase 1 (flushing snapshot). Phase 1 snapshot: MvccSnapshot[committed={T|T < 6312733684626440192}]
I1102 21:39:07.264037 8622 tablet.cc:1262] T 1566ebff80a74910a6a6ff4e2a75bea0 P c36abe6b2bdb4e778576473f60926b7b: Alter schema from ( 10:c429 INT32 NOT NULL, 11:c552 INT32 NULLABLE, 13:c27 INT32 NOT NULL, 15:c386 INT32 NULLABLE, 18:c340 INT32 NULLABLE, 20:c537 INT32 NULLABLE, 21:c749 INT32 NOT NULL, 22:c875 INT32 NOT NULL, 23:c389 INT32 NULLABLE, 24:c34 INT32 NULLABLE, PRIMARY KEY (c429) ) version 19 to ( 10:c429 INT32 NOT NULL, 11:c18 INT32 NULLABLE, 13:c27 INT32 NOT NULL, 15:c386 INT32 NULLABLE, 18:c340 INT32 NULLABLE, 20:c537 INT32 NULLABLE, 22:c875 INT32 NOT NULL, 23:c389 INT32 NULLABLE, 24:c764 INT32 NULLABLE, 25:c606 INT32 NULLABLE, 26:c399 INT32 NOT NULL, PRIMARY KEY (c429) ) version 20
I1102 21:39:07.264279 8622 tablet.cc:1214] T 1566ebff80a74910a6a6ff4e2a75bea0 P c36abe6b2bdb4e778576473f60926b7b: Flush: entering stage 1 (old memrowset already frozen for inserts)
I1102 21:39:07.264302 8622 compaction.cc:926] Selected 1 rowsets to compact:
I1102 21:39:07.264308 8622 compaction.cc:929] memrowset(current size on disk: ~0 bytes)
I1102 21:39:07.264318 8622 tablet.cc:1216] T 1566ebff80a74910a6a6ff4e2a75bea0 P c36abe6b2bdb4e778576473f60926b7b: Memstore in-memory size: 763 bytes
I1102 21:39:07.264338 8622 tablet.cc:1508] T 1566ebff80a74910a6a6ff4e2a75bea0 P c36abe6b2bdb4e778576473f60926b7b: Flush: entering phase 1 (flushing snapshot). Phase 1 snapshot: MvccSnapshot[committed={T|T < 6312733684625076224}]
I1102 21:39:07.266578 8622 multi_column_writer.cc:98] Opened CFile writers for 11 column(s)
I1102 21:39:07.267518 8993 tablet.cc:1699] T a8ae8156f3ad4fb3ab494ce26bb1a039 P c36abe6b2bdb4e778576473f60926b7b: Flush successful on 3 rows (1 rowsets, 5657 bytes)
I1102 21:39:07.268206 8991 tablet.cc:1594] T 1566ebff80a74910a6a6ff4e2a75bea0 P e92a2036de454238809663ac303c6ade: Flush: entering phase 2 (starting to duplicate updates in new rowsets)
I1102 21:39:07.268362 8991 tablet.cc:1649] T 1566ebff80a74910a6a6ff4e2a75bea0 P e92a2036de454238809663ac303c6ade: Flush Phase 2: carrying over any updates which arrived during Phase 1
I1102 21:39:07.268386 8991 tablet.cc:1651] T 1566ebff80a74910a6a6ff4e2a75bea0 P e92a2036de454238809663ac303c6ade: Phase 2 snapshot: MvccSnapshot[committed={T|T < 6312733684625076224}]
I1102 21:39:07.270761 8963 multi_column_writer.cc:98] Opened CFile writers for 11 column(s)
I1102 21:39:07.276170 8622 tablet.cc:1594] T 1566ebff80a74910a6a6ff4e2a75bea0 P c36abe6b2bdb4e778576473f60926b7b: Flush: entering phase 2 (starting to duplicate updates in new rowsets)
I1102 21:39:07.276212 7964 maintenance_manager.cc:304] P c36abe6b2bdb4e778576473f60926b7b: Scheduling UndoDeltaBlockGCOp(a8ae8156f3ad4fb3ab494ce26bb1a039): 276 bytes on disk
I1102 21:39:07.276314 8622 tablet.cc:1649] T 1566ebff80a74910a6a6ff4e2a75bea0 P c36abe6b2bdb4e778576473f60926b7b: Flush Phase 2: carrying over any updates which arrived during Phase 1
I1102 21:39:07.276337 8622 tablet.cc:1651] T 1566ebff80a74910a6a6ff4e2a75bea0 P c36abe6b2bdb4e778576473f60926b7b: Phase 2 snapshot: MvccSnapshot[committed={T|T < 6312733684625076224}]
I1102 21:39:07.276736 7858 maintenance_manager.cc:494] P c36abe6b2bdb4e778576473f60926b7b: UndoDeltaBlockGCOp(a8ae8156f3ad4fb3ab494ce26bb1a039) complete. Timing: real 0.000s user 0.000s sys 0.000s Metrics: {"cfile_init":1,"lbm_read_time_us":60,"lbm_reads_lt_1ms":4}
I1102 21:39:07.277046 7964 maintenance_manager.cc:304] P c36abe6b2bdb4e778576473f60926b7b: Scheduling UndoDeltaBlockGCOp(06f9d3b29f2a4de984e1289db815ff83): 185 bytes on disk
I1102 21:39:07.277492 7858 maintenance_manager.cc:494] P c36abe6b2bdb4e778576473f60926b7b: UndoDeltaBlockGCOp(06f9d3b29f2a4de984e1289db815ff83) complete. Timing: real 0.000s user 0.000s sys 0.000s Metrics: {"cfile_init":1,"lbm_read_time_us":73,"lbm_reads_lt_1ms":4}
I1102 21:39:07.278345 8622 tablet.cc:1699] T 1566ebff80a74910a6a6ff4e2a75bea0 P c36abe6b2bdb4e778576473f60926b7b: Flush successful on 2 rows (1 rowsets, 5691 bytes)
I1102 21:39:07.282445 8911 catalog_manager.cc:4221] T 00000000000000000000000000000000 P 810977538c654d1a96a5c2a53c44d890: default.test_table [id=e93179f4d3eb4a26a760d9d76293265f] alter complete (version 20)
I1102 21:39:07.282941 9017 tablet.cc:1594] T 1566ebff80a74910a6a6ff4e2a75bea0 P 33b43dabe1b543f39e7ed84247c575e8: Flush: entering phase 2 (starting to duplicate updates in new rowsets)
I1102 21:39:07.283103 9017 tablet.cc:1649] T 1566ebff80a74910a6a6ff4e2a75bea0 P 33b43dabe1b543f39e7ed84247c575e8: Flush Phase 2: carrying over any updates which arrived during Phase 1
I1102 21:39:07.283141 9017 tablet.cc:1651] T 1566ebff80a74910a6a6ff4e2a75bea0 P 33b43dabe1b543f39e7ed84247c575e8: Phase 2 snapshot: MvccSnapshot[committed={T|T < 6312733684625076224}]
I1102 21:39:07.283453 8991 tablet.cc:1699] T 1566ebff80a74910a6a6ff4e2a75bea0 P e92a2036de454238809663ac303c6ade: Flush successful on 2 rows (1 rowsets, 5702 bytes)
I1102 21:39:07.284029 8963 tablet.cc:1594] T 06f9d3b29f2a4de984e1289db815ff83 P e92a2036de454238809663ac303c6ade: Flush: entering phase 2 (starting to duplicate updates in new rowsets)
I1102 21:39:07.284229 8963 tablet.cc:1649] T 06f9d3b29f2a4de984e1289db815ff83 P e92a2036de454238809663ac303c6ade: Flush Phase 2: carrying over any updates which arrived during Phase 1
I1102 21:39:07.284277 8963 tablet.cc:1651] T 06f9d3b29f2a4de984e1289db815ff83 P e92a2036de454238809663ac303c6ade: Phase 2 snapshot: MvccSnapshot[committed={T|T < 6312733684626440192}]
I1102 21:39:07.285467 8594 tablet.cc:1594] T a8ae8156f3ad4fb3ab494ce26bb1a039 P 33b43dabe1b543f39e7ed84247c575e8: Flush: entering phase 2 (starting to duplicate updates in new rowsets)
I1102 21:39:07.285729 8594 tablet.cc:1649] T a8ae8156f3ad4fb3ab494ce26bb1a039 P 33b43dabe1b543f39e7ed84247c575e8: Flush Phase 2: carrying over any updates which arrived during Phase 1
I1102 21:39:07.285765 8594 tablet.cc:1651] T a8ae8156f3ad4fb3ab494ce26bb1a039 P 33b43dabe1b543f39e7ed84247c575e8: Phase 2 snapshot: MvccSnapshot[committed={T|T < 6312733684625125376}]
I1102 21:39:07.287385 8963 tablet.cc:1699] T 06f9d3b29f2a4de984e1289db815ff83 P e92a2036de454238809663ac303c6ade: Flush successful on 3 rows (1 rowsets, 5572 bytes)
I1102 21:39:07.289039 8594 tablet.cc:1699] T a8ae8156f3ad4fb3ab494ce26bb1a039 P 33b43dabe1b543f39e7ed84247c575e8: Flush successful on 3 rows (1 rowsets, 5676 bytes)
I1102 21:39:07.291330 9017 tablet.cc:1699] T 1566ebff80a74910a6a6ff4e2a75bea0 P 33b43dabe1b543f39e7ed84247c575e8: Flush successful on 2 rows (1 rowsets, 5694 bytes)
I1102 21:39:07.303256 8880 maintenance_manager.cc:304] P e92a2036de454238809663ac303c6ade: Scheduling UndoDeltaBlockGCOp(a8ae8156f3ad4fb3ab494ce26bb1a039): 276 bytes on disk
I1102 21:39:07.303825 8773 maintenance_manager.cc:494] P e92a2036de454238809663ac303c6ade: UndoDeltaBlockGCOp(a8ae8156f3ad4fb3ab494ce26bb1a039) complete. Timing: real 0.000s user 0.000s sys 0.000s Metrics: {"cfile_init":1,"lbm_read_time_us":78,"lbm_reads_lt_1ms":4}
I1102 21:39:07.304055 8880 maintenance_manager.cc:304] P e92a2036de454238809663ac303c6ade: Scheduling UndoDeltaBlockGCOp(06f9d3b29f2a4de984e1289db815ff83): 185 bytes on disk
I1102 21:39:07.304464 8773 maintenance_manager.cc:494] P e92a2036de454238809663ac303c6ade: UndoDeltaBlockGCOp(06f9d3b29f2a4de984e1289db815ff83) complete. Timing: real 0.000s user 0.000s sys 0.000s Metrics: {"cfile_init":1,"lbm_read_time_us":79,"lbm_reads_lt_1ms":4}
I1102 21:39:07.304690 8880 maintenance_manager.cc:304] P e92a2036de454238809663ac303c6ade: Scheduling UndoDeltaBlockGCOp(1566ebff80a74910a6a6ff4e2a75bea0): 174 bytes on disk
I1102 21:39:07.305039 8773 maintenance_manager.cc:494] P e92a2036de454238809663ac303c6ade: UndoDeltaBlockGCOp(1566ebff80a74910a6a6ff4e2a75bea0) complete. Timing: real 0.000s user 0.000s sys 0.000s Metrics: {"cfile_init":1,"lbm_read_time_us":65,"lbm_reads_lt_1ms":4}
I1102 21:39:07.491035 8565 maintenance_manager.cc:304] P 33b43dabe1b543f39e7ed84247c575e8: Scheduling UndoDeltaBlockGCOp(a8ae8156f3ad4fb3ab494ce26bb1a039): 276 bytes on disk
I1102 21:39:07.491672 8458 maintenance_manager.cc:494] P 33b43dabe1b543f39e7ed84247c575e8: UndoDeltaBlockGCOp(a8ae8156f3ad4fb3ab494ce26bb1a039) complete. Timing: real 0.000s user 0.000s sys 0.000s Metrics: {"cfile_init":1,"lbm_read_time_us":112,"lbm_reads_lt_1ms":4}
I1102 21:39:07.492040 8565 maintenance_manager.cc:304] P 33b43dabe1b543f39e7ed84247c575e8: Scheduling UndoDeltaBlockGCOp(06f9d3b29f2a4de984e1289db815ff83): 185 bytes on disk
I1102 21:39:07.492496 8458 maintenance_manager.cc:494] P 33b43dabe1b543f39e7ed84247c575e8: UndoDeltaBlockGCOp(06f9d3b29f2a4de984e1289db815ff83) complete. Timing: real 0.000s user 0.000s sys 0.000s Metrics: {"cfile_init":1,"lbm_read_time_us":68,"lbm_reads_lt_1ms":4}
I1102 21:39:07.492923 8565 maintenance_manager.cc:304] P 33b43dabe1b543f39e7ed84247c575e8: Scheduling UndoDeltaBlockGCOp(1566ebff80a74910a6a6ff4e2a75bea0): 174 bytes on disk
I1102 21:39:07.493327 8458 maintenance_manager.cc:494] P 33b43dabe1b543f39e7ed84247c575e8: UndoDeltaBlockGCOp(1566ebff80a74910a6a6ff4e2a75bea0) complete. Timing: real 0.000s user 0.000s sys 0.000s Metrics: {"cfile_init":1,"lbm_read_time_us":68,"lbm_reads_lt_1ms":4}
I1102 21:39:07.528105 7964 maintenance_manager.cc:304] P c36abe6b2bdb4e778576473f60926b7b: Scheduling UndoDeltaBlockGCOp(1566ebff80a74910a6a6ff4e2a75bea0): 174 bytes on disk
I1102 21:39:07.528692 7858 maintenance_manager.cc:494] P c36abe6b2bdb4e778576473f60926b7b: UndoDeltaBlockGCOp(1566ebff80a74910a6a6ff4e2a75bea0) complete. Timing: real 0.000s user 0.000s sys 0.000s Metrics: {"cfile_init":1,"lbm_read_time_us":123,"lbm_reads_lt_1ms":4}
I1102 21:39:07.711874 7768 alter_table-randomized-test.cc:448] Beginning Alterations
I1102 21:39:07.713130 7768 alter_table-randomized-test.cc:516] Renaming column c340 to c330
I1102 21:39:07.713182 7768 alter_table-randomized-test.cc:549] Changing encoding of column c386 to 4
I1102 21:39:07.713220 7768 alter_table-randomized-test.cc:562] Adding range partition: [1946157027, 2013265890) resulting partitions: (402653178, 469762041], (738197493, 805306356], (805306356, 872415219], (1946157027, 2013265890)
I1102 21:39:07.713296 7768 alter_table-randomized-test.cc:516] Renaming column c399 to c840
I1102 21:39:07.713333 7768 alter_table-randomized-test.cc:507] Dropping column c27, existing columns: c429, c18, c27, c386, c330, c537, c875, c389, c764, c606, c840
I1102 21:39:07.713387 7768 alter_table-randomized-test.cc:562] Adding range partition: [1342177260, 1409286123) resulting partitions: (402653178, 469762041], (738197493, 805306356], (805306356, 872415219], (1342177260, 1409286123], (1946157027, 2013265890)
I1102 21:39:07.713456 7768 alter_table-randomized-test.cc:480] Committing Alterations
I1102 21:39:07.714372 8911 catalog_manager.cc:2182] Servicing AlterTable request from {username='slave'} at 127.0.0.1:59060: table { table_name: "default.test_table" } alter_schema_steps { type: RENAME_COLUMN rename_column { old_name: "c340" new_name: "c330" } } alter_schema_steps { type: ALTER_COLUMN alter_column { delta { name: "c386" encoding: RLE } } } alter_schema_steps { type: ADD_RANGE_PARTITION add_range_partition { range_bounds { rows: "\006\001\000\000\000\343\377\377s\t\001\000\000\000\341\377\377w" } } } alter_schema_steps { type: RENAME_COLUMN rename_column { old_name: "c399" new_name: "c840" } } alter_schema_steps { type: DROP_COLUMN drop_column { name: "c27" } } alter_schema_steps { type: ADD_RANGE_PARTITION add_range_partition { range_bounds { rows: "\006\001\000\000\000\354\377\377O\t\001\000\000\000\352\377\377S" } } } schema { columns { name: "c429" type: INT32 is_key: true is_nullable: false encoding: AUTO_ENCODING compression: DEFAULT_COMPRESSION cfile_block_size: 0 } columns { name: "c18" type: INT32 is_key: false is_nullable: true encoding: BIT_SHUFFLE compression: NO_COMPRESSION cfile_block_size: 0 } columns { name: "c27" type: INT32 is_key: false is_nullable: false read_default_value: "g\177\2379" encoding: AUTO_ENCODING compression: LZ4 cfile_block_size: 4194304 } columns { name: "c386" type: INT32 is_key: false is_nullable: true encoding: AUTO_ENCODING compression: DEFAULT_COMPRESSION cfile_block_size: 4194304 } columns { name: "c340" type: INT32 is_key: false is_nullable: true encoding: AUTO_ENCODING compression: DEFAULT_COMPRESSION cfile_block_size: 0 } columns { name: "c537" type: INT32 is_key: false is_nullable: true encoding: RLE compression: DEFAULT_COMPRESSION cfile_block_size: 0 } columns { name: "c875" type: INT32 is_key: false is_nullable: false read_default_value: "\274)Y\\" encoding: AUTO_ENCODING compression: DEFAULT_COMPRESSION cfile_block_size: 0 } columns { name: "c389" type: INT32 is_key: false is_nullable: true encoding: AUTO_ENCODING compression: DEFAULT_COMPRESSION cfile_block_size: 0 } columns { name: "c764" type: INT32 is_key: false is_nullable: true encoding: AUTO_ENCODING compression: DEFAULT_COMPRESSION cfile_block_size: 2097152 } columns { name: "c606" type: INT32 is_key: false is_nullable: true encoding: AUTO_ENCODING compression: DEFAULT_COMPRESSION cfile_block_size: 0 } columns { name: "c399" type: INT32 is_key: false is_nullable: false read_default_value: "\237\304\341X" encoding: AUTO_ENCODING compression: DEFAULT_COMPRESSION cfile_block_size: 0 } } modify_external_catalogs: true
I1102 21:39:07.722792 8911 catalog_manager.cc:2958] Scheduling retry of 38d0c648538040ba8a64bbabbcdbc234 (table default.test_table [id=e93179f4d3eb4a26a760d9d76293265f]) Alter Table RPC with a delay of 64 ms (attempt = 1)
W1102 21:39:07.724563 8911 catalog_manager.cc:3990] Failed to send alter table request: Not found: failed to reset TS proxy: No leader found: Tablet 38d0c648538040ba8a64bbabbcdbc234 has no consensus state
I1102 21:39:07.724642 8911 catalog_manager.cc:2958] Scheduling retry of 3972e3725a634c6b8a9c57fc18cb789d (table default.test_table [id=e93179f4d3eb4a26a760d9d76293265f]) Alter Table RPC with a delay of 46 ms (attempt = 1)
W1102 21:39:07.724714 8911 catalog_manager.cc:3990] Failed to send alter table request: Not found: failed to reset TS proxy: No leader found: Tablet 3972e3725a634c6b8a9c57fc18cb789d has no consensus state
I1102 21:39:07.726986 9017 tablet.cc:1262] T a8ae8156f3ad4fb3ab494ce26bb1a039 P 33b43dabe1b543f39e7ed84247c575e8: Alter schema from ( 10:c429 INT32 NOT NULL, 11:c18 INT32 NULLABLE, 13:c27 INT32 NOT NULL, 15:c386 INT32 NULLABLE, 18:c340 INT32 NULLABLE, 20:c537 INT32 NULLABLE, 22:c875 INT32 NOT NULL, 23:c389 INT32 NULLABLE, 24:c764 INT32 NULLABLE, 25:c606 INT32 NULLABLE, 26:c399 INT32 NOT NULL, PRIMARY KEY (c429) ) version 20 to ( 10:c429 INT32 NOT NULL, 11:c18 INT32 NULLABLE, 15:c386 INT32 NULLABLE, 18:c330 INT32 NULLABLE, 20:c537 INT32 NULLABLE, 22:c875 INT32 NOT NULL, 23:c389 INT32 NULLABLE, 24:c764 INT32 NULLABLE, 25:c606 INT32 NULLABLE, 26:c840 INT32 NOT NULL, PRIMARY KEY (c429) ) version 21
I1102 21:39:07.726992 8963 tablet.cc:1262] T 1566ebff80a74910a6a6ff4e2a75bea0 P e92a2036de454238809663ac303c6ade: Alter schema from ( 10:c429 INT32 NOT NULL, 11:c18 INT32 NULLABLE, 13:c27 INT32 NOT NULL, 15:c386 INT32 NULLABLE, 18:c340 INT32 NULLABLE, 20:c537 INT32 NULLABLE, 22:c875 INT32 NOT NULL, 23:c389 INT32 NULLABLE, 24:c764 INT32 NULLABLE, 25:c606 INT32 NULLABLE, 26:c399 INT32 NOT NULL, PRIMARY KEY (c429) ) version 20 to ( 10:c429 INT32 NOT NULL, 11:c18 INT32 NULLABLE, 15:c386 INT32 NULLABLE, 18:c330 INT32 NULLABLE, 20:c537 INT32 NULLABLE, 22:c875 INT32 NOT NULL, 23:c389 INT32 NULLABLE, 24:c764 INT32 NULLABLE, 25:c606 INT32 NULLABLE, 26:c840 INT32 NOT NULL, PRIMARY KEY (c429) ) version 21
I1102 21:39:07.727293 8963 tablet.cc:1214] T 1566ebff80a74910a6a6ff4e2a75bea0 P e92a2036de454238809663ac303c6ade: Flush: entering stage 1 (old memrowset already frozen for inserts)
I1102 21:39:07.727313 8963 compaction.cc:926] Selected 1 rowsets to compact:
I1102 21:39:07.727320 8963 compaction.cc:929] memrowset(current size on disk: ~0 bytes)
I1102 21:39:07.727331 8963 tablet.cc:1216] T 1566ebff80a74910a6a6ff4e2a75bea0 P e92a2036de454238809663ac303c6ade: Memstore in-memory size: 763 bytes
I1102 21:39:07.727329 9017 tablet.cc:1214] T a8ae8156f3ad4fb3ab494ce26bb1a039 P 33b43dabe1b543f39e7ed84247c575e8: Flush: entering stage 1 (old memrowset already frozen for inserts)
I1102 21:39:07.727340 9017 compaction.cc:926] Selected 1 rowsets to compact:
I1102 21:39:07.727347 9017 compaction.cc:929] memrowset(current size on disk: ~0 bytes)
I1102 21:39:07.727351 8963 tablet.cc:1508] T 1566ebff80a74910a6a6ff4e2a75bea0 P e92a2036de454238809663ac303c6ade: Flush: entering phase 1 (flushing snapshot). Phase 1 snapshot: MvccSnapshot[committed={T|T < 6312733686677225472}]
I1102 21:39:07.727358 9017 tablet.cc:1216] T a8ae8156f3ad4fb3ab494ce26bb1a039 P 33b43dabe1b543f39e7ed84247c575e8: Memstore in-memory size: 1759 bytes
I1102 21:39:07.727375 9017 tablet.cc:1508] T a8ae8156f3ad4fb3ab494ce26bb1a039 P 33b43dabe1b543f39e7ed84247c575e8: Flush: entering phase 1 (flushing snapshot). Phase 1 snapshot: MvccSnapshot[committed={T|T < 6312733686676103168}]
I1102 21:39:07.729449 8594 tablet.cc:1262] T 1566ebff80a74910a6a6ff4e2a75bea0 P 33b43dabe1b543f39e7ed84247c575e8: Alter schema from ( 10:c429 INT32 NOT NULL, 11:c18 INT32 NULLABLE, 13:c27 INT32 NOT NULL, 15:c386 INT32 NULLABLE, 18:c340 INT32 NULLABLE, 20:c537 INT32 NULLABLE, 22:c875 INT32 NOT NULL, 23:c389 INT32 NULLABLE, 24:c764 INT32 NULLABLE, 25:c606 INT32 NULLABLE, 26:c399 INT32 NOT NULL, PRIMARY KEY (c429) ) version 20 to ( 10:c429 INT32 NOT NULL, 11:c18 INT32 NULLABLE, 15:c386 INT32 NULLABLE, 18:c330 INT32 NULLABLE, 20:c537 INT32 NULLABLE, 22:c875 INT32 NOT NULL, 23:c389 INT32 NULLABLE, 24:c764 INT32 NULLABLE, 25:c606 INT32 NULLABLE, 26:c840 INT32 NOT NULL, PRIMARY KEY (c429) ) version 21
I1102 21:39:07.729542 8500 tablet_service.cc:765] Processing CreateTablet for tablet 3972e3725a634c6b8a9c57fc18cb789d (table=default.test_table [id=e93179f4d3eb4a26a760d9d76293265f]), partition=RANGE (c429) PARTITION 1946157027 <= VALUES < 2013265890
I1102 21:39:07.729656 9017 multi_column_writer.cc:98] Opened CFile writers for 10 column(s)
I1102 21:39:07.729704 8594 tablet.cc:1214] T 1566ebff80a74910a6a6ff4e2a75bea0 P 33b43dabe1b543f39e7ed84247c575e8: Flush: entering stage 1 (old memrowset already frozen for inserts)
I1102 21:39:07.729717 8594 compaction.cc:926] Selected 1 rowsets to compact:
I1102 21:39:07.729723 8594 compaction.cc:929] memrowset(current size on disk: ~0 bytes)
I1102 21:39:07.729730 8500 data_dirs.cc:938] Could only allocate 1 dirs of requested 3 for tablet 3972e3725a634c6b8a9c57fc18cb789d. 1 dirs total, 0 dirs full, 0 dirs failed
I1102 21:39:07.729733 8594 tablet.cc:1216] T 1566ebff80a74910a6a6ff4e2a75bea0 P 33b43dabe1b543f39e7ed84247c575e8: Memstore in-memory size: 763 bytes
I1102 21:39:07.729768 8594 tablet.cc:1508] T 1566ebff80a74910a6a6ff4e2a75bea0 P 33b43dabe1b543f39e7ed84247c575e8: Flush: entering phase 1 (flushing snapshot). Phase 1 snapshot: MvccSnapshot[committed={T|T < 6312733686677225472}]
I1102 21:39:07.729923 8501 tablet_service.cc:765] Processing CreateTablet for tablet 38d0c648538040ba8a64bbabbcdbc234 (table=default.test_table [id=e93179f4d3eb4a26a760d9d76293265f]), partition=RANGE (c429) PARTITION 1342177260 <= VALUES < 1409286123
I1102 21:39:07.730495 8812 tablet_service.cc:765] Processing CreateTablet for tablet 3972e3725a634c6b8a9c57fc18cb789d (table=default.test_table [id=e93179f4d3eb4a26a760d9d76293265f]), partition=RANGE (c429) PARTITION 1946157027 <= VALUES < 2013265890
I1102 21:39:07.730662 8812 data_dirs.cc:938] Could only allocate 1 dirs of requested 3 for tablet 3972e3725a634c6b8a9c57fc18cb789d. 1 dirs total, 0 dirs full, 0 dirs failed
I1102 21:39:07.730779 8501 data_dirs.cc:938] Could only allocate 1 dirs of requested 3 for tablet 38d0c648538040ba8a64bbabbcdbc234. 1 dirs total, 0 dirs full, 0 dirs failed
I1102 21:39:07.731573 8594 multi_column_writer.cc:98] Opened CFile writers for 10 column(s)
I1102 21:39:07.732635 8812 ts_tablet_manager.cc:1173] T 3972e3725a634c6b8a9c57fc18cb789d P e92a2036de454238809663ac303c6ade: Registered tablet (data state: TABLET_DATA_READY)
I1102 21:39:07.732699 8501 ts_tablet_manager.cc:1173] T 38d0c648538040ba8a64bbabbcdbc234 P 33b43dabe1b543f39e7ed84247c575e8: Registered tablet (data state: TABLET_DATA_READY)
I1102 21:39:07.733450 8811 tablet_service.cc:765] Processing CreateTablet for tablet 38d0c648538040ba8a64bbabbcdbc234 (table=default.test_table [id=e93179f4d3eb4a26a760d9d76293265f]), partition=RANGE (c429) PARTITION 1342177260 <= VALUES < 1409286123
I1102 21:39:07.733616 8811 data_dirs.cc:938] Could only allocate 1 dirs of requested 3 for tablet 38d0c648538040ba8a64bbabbcdbc234. 1 dirs total, 0 dirs full, 0 dirs failed
I1102 21:39:07.734067 8963 multi_column_writer.cc:98] Opened CFile writers for 10 column(s)
I1102 21:39:07.734349 8991 tablet.cc:1262] T a8ae8156f3ad4fb3ab494ce26bb1a039 P e92a2036de454238809663ac303c6ade: Alter schema from ( 10:c429 INT32 NOT NULL, 11:c18 INT32 NULLABLE, 13:c27 INT32 NOT NULL, 15:c386 INT32 NULLABLE, 18:c340 INT32 NULLABLE, 20:c537 INT32 NULLABLE, 22:c875 INT32 NOT NULL, 23:c389 INT32 NULLABLE, 24:c764 INT32 NULLABLE, 25:c606 INT32 NULLABLE, 26:c399 INT32 NOT NULL, PRIMARY KEY (c429) ) version 20 to ( 10:c429 INT32 NOT NULL, 11:c18 INT32 NULLABLE, 15:c386 INT32 NULLABLE, 18:c330 INT32 NULLABLE, 20:c537 INT32 NULLABLE, 22:c875 INT32 NOT NULL, 23:c389 INT32 NULLABLE, 24:c764 INT32 NULLABLE, 25:c606 INT32 NULLABLE, 26:c840 INT32 NOT NULL, PRIMARY KEY (c429) ) version 21
I1102 21:39:07.734707 8991 tablet.cc:1214] T a8ae8156f3ad4fb3ab494ce26bb1a039 P e92a2036de454238809663ac303c6ade: Flush: entering stage 1 (old memrowset already frozen for inserts)
I1102 21:39:07.734720 8991 compaction.cc:926] Selected 1 rowsets to compact:
I1102 21:39:07.734741 8991 compaction.cc:929] memrowset(current size on disk: ~0 bytes)
I1102 21:39:07.734752 8991 tablet.cc:1216] T a8ae8156f3ad4fb3ab494ce26bb1a039 P e92a2036de454238809663ac303c6ade: Memstore in-memory size: 1759 bytes
I1102 21:39:07.734772 8991 tablet.cc:1508] T a8ae8156f3ad4fb3ab494ce26bb1a039 P e92a2036de454238809663ac303c6ade: Flush: entering phase 1 (flushing snapshot). Phase 1 snapshot: MvccSnapshot[committed={T|T < 6312733686676103168}]
I1102 21:39:07.735800 8500 ts_tablet_manager.cc:1173] T 3972e3725a634c6b8a9c57fc18cb789d P 33b43dabe1b543f39e7ed84247c575e8: Registered tablet (data state: TABLET_DATA_READY)
I1102 21:39:07.736636 8991 multi_column_writer.cc:98] Opened CFile writers for 10 column(s)
I1102 21:39:07.737977 9020 ts_tablet_manager.cc:1028] T 3972e3725a634c6b8a9c57fc18cb789d P e92a2036de454238809663ac303c6ade: Bootstrapping tablet
I1102 21:39:07.738065 9020 tablet_bootstrap.cc:438] T 3972e3725a634c6b8a9c57fc18cb789d P e92a2036de454238809663ac303c6ade: Bootstrap starting.
I1102 21:39:07.738495 8811 ts_tablet_manager.cc:1173] T 38d0c648538040ba8a64bbabbcdbc234 P e92a2036de454238809663ac303c6ade: Registered tablet (data state: TABLET_DATA_READY)
I1102 21:39:07.738965 9020 tablet_bootstrap.cc:592] T 3972e3725a634c6b8a9c57fc18cb789d P e92a2036de454238809663ac303c6ade: No blocks or log segments found. Creating new log.
I1102 21:39:07.742239 9021 ts_tablet_manager.cc:1028] T 38d0c648538040ba8a64bbabbcdbc234 P 33b43dabe1b543f39e7ed84247c575e8: Bootstrapping tablet
I1102 21:39:07.742336 9021 tablet_bootstrap.cc:438] T 38d0c648538040ba8a64bbabbcdbc234 P 33b43dabe1b543f39e7ed84247c575e8: Bootstrap starting.
I1102 21:39:07.743310 9021 tablet_bootstrap.cc:592] T 38d0c648538040ba8a64bbabbcdbc234 P 33b43dabe1b543f39e7ed84247c575e8: No blocks or log segments found. Creating new log.
I1102 21:39:07.746594 7898 tablet_service.cc:765] Processing CreateTablet for tablet 38d0c648538040ba8a64bbabbcdbc234 (table=default.test_table [id=e93179f4d3eb4a26a760d9d76293265f]), partition=RANGE (c429) PARTITION 1342177260 <= VALUES < 1409286123
I1102 21:39:07.746801 7898 data_dirs.cc:938] Could only allocate 1 dirs of requested 3 for tablet 38d0c648538040ba8a64bbabbcdbc234. 1 dirs total, 0 dirs full, 0 dirs failed
I1102 21:39:07.746803 9021 tablet_bootstrap.cc:438] T 38d0c648538040ba8a64bbabbcdbc234 P 33b43dabe1b543f39e7ed84247c575e8: No bootstrap required, opened a new log
I1102 21:39:07.746871 9021 ts_tablet_manager.cc:1045] T 38d0c648538040ba8a64bbabbcdbc234 P 33b43dabe1b543f39e7ed84247c575e8: Time spent bootstrapping tablet: real 0.005s user 0.002s sys 0.000s
I1102 21:39:07.747046 8622 tablet.cc:1262] T a8ae8156f3ad4fb3ab494ce26bb1a039 P c36abe6b2bdb4e778576473f60926b7b: Alter schema from ( 10:c429 INT32 NOT NULL, 11:c18 INT32 NULLABLE, 13:c27 INT32 NOT NULL, 15:c386 INT32 NULLABLE, 18:c340 INT32 NULLABLE, 20:c537 INT32 NULLABLE, 22:c875 INT32 NOT NULL, 23:c389 INT32 NULLABLE, 24:c764 INT32 NULLABLE, 25:c606 INT32 NULLABLE, 26:c399 INT32 NOT NULL, PRIMARY KEY (c429) ) version 20 to ( 10:c429 INT32 NOT NULL, 11:c18 INT32 NULLABLE, 15:c386 INT32 NULLABLE, 18:c330 INT32 NULLABLE, 20:c537 INT32 NULLABLE, 22:c875 INT32 NOT NULL, 23:c389 INT32 NULLABLE, 24:c764 INT32 NULLABLE, 25:c606 INT32 NULLABLE, 26:c840 INT32 NOT NULL, PRIMARY KEY (c429) ) version 21
I1102 21:39:07.747354 9021 raft_consensus.cc:339] T 38d0c648538040ba8a64bbabbcdbc234 P 33b43dabe1b543f39e7ed84247c575e8 [term 0 FOLLOWER]: Replica starting. Triggering 0 pending transactions. Active config: opid_index: -1 OBSOLETE_local: false peers { permanent_uuid: "33b43dabe1b543f39e7ed84247c575e8" member_type: VOTER last_known_addr { host: "127.7.150.3" port: 44373 } } peers { permanent_uuid: "e92a2036de454238809663ac303c6ade" member_type: VOTER last_known_addr { host: "127.7.150.2" port: 39313 } } peers { permanent_uuid: "c36abe6b2bdb4e778576473f60926b7b" member_type: VOTER last_known_addr { host: "127.7.150.1" port: 46291 } }
I1102 21:39:07.747381 9021 raft_consensus.cc:365] T 38d0c648538040ba8a64bbabbcdbc234 P 33b43dabe1b543f39e7ed84247c575e8 [term 0 FOLLOWER]: Consensus starting up: Expiring failure detector timer to make a prompt election more likely
I1102 21:39:07.747378 8622 tablet.cc:1214] T a8ae8156f3ad4fb3ab494ce26bb1a039 P c36abe6b2bdb4e778576473f60926b7b: Flush: entering stage 1 (old memrowset already frozen for inserts)
I1102 21:39:07.747390 8622 compaction.cc:926] Selected 1 rowsets to compact:
I1102 21:39:07.747431 8622 compaction.cc:929] memrowset(current size on disk: ~0 bytes)
I1102 21:39:07.747431 9021 raft_consensus.cc:704] T 38d0c648538040ba8a64bbabbcdbc234 P 33b43dabe1b543f39e7ed84247c575e8 [term 0 FOLLOWER]: Becoming Follower/Learner. State: Replica: 33b43dabe1b543f39e7ed84247c575e8, State: Initialized, Role: FOLLOWER
I1102 21:39:07.747445 8622 tablet.cc:1216] T a8ae8156f3ad4fb3ab494ce26bb1a039 P c36abe6b2bdb4e778576473f60926b7b: Memstore in-memory size: 1759 bytes
I1102 21:39:07.747465 8622 tablet.cc:1508] T a8ae8156f3ad4fb3ab494ce26bb1a039 P c36abe6b2bdb4e778576473f60926b7b: Flush: entering phase 1 (flushing snapshot). Phase 1 snapshot: MvccSnapshot[committed={T|T < 6312733686676103168}]
I1102 21:39:07.747604 9021 consensus_queue.cc:229] T 38d0c648538040ba8a64bbabbcdbc234 P 33b43dabe1b543f39e7ed84247c575e8 [NON_LEADER]: Queue going to NON_LEADER mode. State: All replicated index: 0, Majority replicated index: 0, Committed index: 0, Last appended: 0.0, Last appended by leader: 0, Current term: 0, Majority size: -1, State: 0, Mode: NON_LEADER, active raft config: opid_index: -1 OBSOLETE_local: false peers { permanent_uuid: "33b43dabe1b543f39e7ed84247c575e8" member_type: VOTER last_known_addr { host: "127.7.150.3" port: 44373 } } peers { permanent_uuid: "e92a2036de454238809663ac303c6ade" member_type: VOTER last_known_addr { host: "127.7.150.2" port: 39313 } } peers { permanent_uuid: "c36abe6b2bdb4e778576473f60926b7b" member_type: VOTER last_known_addr { host: "127.7.150.1" port: 46291 } }
I1102 21:39:07.748034 9021 ts_tablet_manager.cc:1073] T 38d0c648538040ba8a64bbabbcdbc234 P 33b43dabe1b543f39e7ed84247c575e8: Time spent starting tablet: real 0.001s user 0.001s sys 0.000s
I1102 21:39:07.748117 9021 ts_tablet_manager.cc:1028] T 3972e3725a634c6b8a9c57fc18cb789d P 33b43dabe1b543f39e7ed84247c575e8: Bootstrapping tablet
I1102 21:39:07.748181 9021 tablet_bootstrap.cc:438] T 3972e3725a634c6b8a9c57fc18cb789d P 33b43dabe1b543f39e7ed84247c575e8: Bootstrap starting.
I1102 21:39:07.748694 8972 tablet.cc:1262] T 06f9d3b29f2a4de984e1289db815ff83 P 33b43dabe1b543f39e7ed84247c575e8: Alter schema from ( 10:c429 INT32 NOT NULL, 11:c18 INT32 NULLABLE, 13:c27 INT32 NOT NULL, 15:c386 INT32 NULLABLE, 18:c340 INT32 NULLABLE, 20:c537 INT32 NULLABLE, 22:c875 INT32 NOT NULL, 23:c389 INT32 NULLABLE, 24:c764 INT32 NULLABLE, 25:c606 INT32 NULLABLE, 26:c399 INT32 NOT NULL, PRIMARY KEY (c429) ) version 20 to ( 10:c429 INT32 NOT NULL, 11:c18 INT32 NULLABLE, 15:c386 INT32 NULLABLE, 18:c330 INT32 NULLABLE, 20:c537 INT32 NULLABLE, 22:c875 INT32 NOT NULL, 23:c389 INT32 NULLABLE, 24:c764 INT32 NULLABLE, 25:c606 INT32 NULLABLE, 26:c840 INT32 NOT NULL, PRIMARY KEY (c429) ) version 21
I1102 21:39:07.748926 8993 tablet.cc:1262] T 06f9d3b29f2a4de984e1289db815ff83 P c36abe6b2bdb4e778576473f60926b7b: Alter schema from ( 10:c429 INT32 NOT NULL, 11:c18 INT32 NULLABLE, 13:c27 INT32 NOT NULL, 15:c386 INT32 NULLABLE, 18:c340 INT32 NULLABLE, 20:c537 INT32 NULLABLE, 22:c875 INT32 NOT NULL, 23:c389 INT32 NULLABLE, 24:c764 INT32 NULLABLE, 25:c606 INT32 NULLABLE, 26:c399 INT32 NOT NULL, PRIMARY KEY (c429) ) version 20 to ( 10:c429 INT32 NOT NULL, 11:c18 INT32 NULLABLE, 15:c386 INT32 NULLABLE, 18:c330 INT32 NULLABLE, 20:c537 INT32 NULLABLE, 22:c875 INT32 NOT NULL, 23:c389 INT32 NULLABLE, 24:c764 INT32 NULLABLE, 25:c606 INT32 NULLABLE, 26:c840 INT32 NOT NULL, PRIMARY KEY (c429) ) version 21
I1102 21:39:07.748965 8972 tablet.cc:1214] T 06f9d3b29f2a4de984e1289db815ff83 P 33b43dabe1b543f39e7ed84247c575e8: Flush: entering stage 1 (old memrowset already frozen for inserts)
I1102 21:39:07.748978 8972 compaction.cc:926] Selected 1 rowsets to compact:
I1102 21:39:07.748986 8972 compaction.cc:929] memrowset(current size on disk: ~0 bytes)
I1102 21:39:07.748996 8972 tablet.cc:1216] T 06f9d3b29f2a4de984e1289db815ff83 P 33b43dabe1b543f39e7ed84247c575e8: Memstore in-memory size: 1759 bytes
I1102 21:39:07.749014 8972 tablet.cc:1508] T 06f9d3b29f2a4de984e1289db815ff83 P 33b43dabe1b543f39e7ed84247c575e8: Flush: entering phase 1 (flushing snapshot). Phase 1 snapshot: MvccSnapshot[committed={T|T < 6312733686762897408}]
I1102 21:39:07.749042 9021 tablet_bootstrap.cc:592] T 3972e3725a634c6b8a9c57fc18cb789d P 33b43dabe1b543f39e7ed84247c575e8: No blocks or log segments found. Creating new log.
I1102 21:39:07.749184 8993 tablet.cc:1214] T 06f9d3b29f2a4de984e1289db815ff83 P c36abe6b2bdb4e778576473f60926b7b: Flush: entering stage 1 (old memrowset already frozen for inserts)
I1102 21:39:07.749198 8993 compaction.cc:926] Selected 1 rowsets to compact:
I1102 21:39:07.749205 8993 compaction.cc:929] memrowset(current size on disk: ~0 bytes)
I1102 21:39:07.749219 8993 tablet.cc:1216] T 06f9d3b29f2a4de984e1289db815ff83 P c36abe6b2bdb4e778576473f60926b7b: Memstore in-memory size: 1759 bytes
I1102 21:39:07.749238 8993 tablet.cc:1508] T 06f9d3b29f2a4de984e1289db815ff83 P c36abe6b2bdb4e778576473f60926b7b: Flush: entering phase 1 (flushing snapshot). Phase 1 snapshot: MvccSnapshot[committed={T|T < 6312733686762897408}]
I1102 21:39:07.749466 8622 multi_column_writer.cc:98] Opened CFile writers for 10 column(s)
I1102 21:39:07.750825 7898 ts_tablet_manager.cc:1173] T 38d0c648538040ba8a64bbabbcdbc234 P c36abe6b2bdb4e778576473f60926b7b: Registered tablet (data state: TABLET_DATA_READY)
I1102 21:39:07.751076 9025 ts_tablet_manager.cc:1028] T 38d0c648538040ba8a64bbabbcdbc234 P c36abe6b2bdb4e778576473f60926b7b: Bootstrapping tablet
I1102 21:39:07.751322 8972 multi_column_writer.cc:98] Opened CFile writers for 10 column(s)
I1102 21:39:07.751482 9025 tablet_bootstrap.cc:438] T 38d0c648538040ba8a64bbabbcdbc234 P c36abe6b2bdb4e778576473f60926b7b: Bootstrap starting.
I1102 21:39:07.752379 9025 tablet_bootstrap.cc:592] T 38d0c648538040ba8a64bbabbcdbc234 P c36abe6b2bdb4e778576473f60926b7b: No blocks or log segments found. Creating new log.
I1102 21:39:07.752599 9021 tablet_bootstrap.cc:438] T 3972e3725a634c6b8a9c57fc18cb789d P 33b43dabe1b543f39e7ed84247c575e8: No bootstrap required, opened a new log
I1102 21:39:07.752707 9021 ts_tablet_manager.cc:1045] T 3972e3725a634c6b8a9c57fc18cb789d P 33b43dabe1b543f39e7ed84247c575e8: Time spent bootstrapping tablet: real 0.005s user 0.002s sys 0.000s
I1102 21:39:07.752723 8911 catalog_manager.cc:3873] TS 33b43dabe1b543f39e7ed84247c575e8 (127.7.150.3:44373) does not have the latest schema for tablet 38d0c648538040ba8a64bbabbcdbc234 (table default.test_table [id=e93179f4d3eb4a26a760d9d76293265f]). Expected version 21 got 0
I1102 21:39:07.752992 8911 catalog_manager.cc:2958] Scheduling retry of 38d0c648538040ba8a64bbabbcdbc234 (table default.test_table [id=e93179f4d3eb4a26a760d9d76293265f]) Alter Table RPC with a delay of 25 ms (attempt = 1)
I1102 21:39:07.753381 9021 raft_consensus.cc:339] T 3972e3725a634c6b8a9c57fc18cb789d P 33b43dabe1b543f39e7ed84247c575e8 [term 0 FOLLOWER]: Replica starting. Triggering 0 pending transactions. Active config: opid_index: -1 OBSOLETE_local: false peers { permanent_uuid: "33b43dabe1b543f39e7ed84247c575e8" member_type: VOTER last_known_addr { host: "127.7.150.3" port: 44373 } } peers { permanent_uuid: "e92a2036de454238809663ac303c6ade" member_type: VOTER last_known_addr { host: "127.7.150.2" port: 39313 } } peers { permanent_uuid: "c36abe6b2bdb4e778576473f60926b7b" member_type: VOTER last_known_addr { host: "127.7.150.1" port: 46291 } }
I1102 21:39:07.753582 9021 raft_consensus.cc:365] T 3972e3725a634c6b8a9c57fc18cb789d P 33b43dabe1b543f39e7ed84247c575e8 [term 0 FOLLOWER]: Consensus starting up: Expiring failure detector timer to make a prompt election more likely
I1102 21:39:07.753639 9021 raft_consensus.cc:704] T 3972e3725a634c6b8a9c57fc18cb789d P 33b43dabe1b543f39e7ed84247c575e8 [term 0 FOLLOWER]: Becoming Follower/Learner. State: Replica: 33b43dabe1b543f39e7ed84247c575e8, State: Initialized, Role: FOLLOWER
W1102 21:39:07.754595 8911 catalog_manager.cc:3937] Failed to send 38d0c648538040ba8a64bbabbcdbc234 (table default.test_table [id=e93179f4d3eb4a26a760d9d76293265f]) Alter Table RPC: Not found: failed to reset TS proxy: No leader found: Tablet 38d0c648538040ba8a64bbabbcdbc234 consensus state has no leader
I1102 21:39:07.755142 9021 consensus_queue.cc:229] T 3972e3725a634c6b8a9c57fc18cb789d P 33b43dabe1b543f39e7ed84247c575e8 [NON_LEADER]: Queue going to NON_LEADER mode. State: All replicated index: 0, Majority replicated index: 0, Committed index: 0, Last appended: 0.0, Last appended by leader: 0, Current term: 0, Majority size: -1, State: 0, Mode: NON_LEADER, active raft config: opid_index: -1 OBSOLETE_local: false peers { permanent_uuid: "33b43dabe1b543f39e7ed84247c575e8" member_type: VOTER last_known_addr { host: "127.7.150.3" port: 44373 } } peers { permanent_uuid: "e92a2036de454238809663ac303c6ade" member_type: VOTER last_known_addr { host: "127.7.150.2" port: 39313 } } peers { permanent_uuid: "c36abe6b2bdb4e778576473f60926b7b" member_type: VOTER last_known_addr { host: "127.7.150.1" port: 46291 } }
I1102 21:39:07.755443 9021 ts_tablet_manager.cc:1073] T 3972e3725a634c6b8a9c57fc18cb789d P 33b43dabe1b543f39e7ed84247c575e8: Time spent starting tablet: real 0.003s user 0.001s sys 0.000s
I1102 21:39:07.755753 8912 catalog_manager.cc:3873] TS 33b43dabe1b543f39e7ed84247c575e8 (127.7.150.3:44373) does not have the latest schema for tablet 38d0c648538040ba8a64bbabbcdbc234 (table default.test_table [id=e93179f4d3eb4a26a760d9d76293265f]). Expected version 21 got 0
I1102 21:39:07.755926 8912 catalog_manager.cc:2958] Scheduling retry of 38d0c648538040ba8a64bbabbcdbc234 (table default.test_table [id=e93179f4d3eb4a26a760d9d76293265f]) Alter Table RPC with a delay of 26 ms (attempt = 1)
W1102 21:39:07.755982 8912 catalog_manager.cc:3937] Failed to send 38d0c648538040ba8a64bbabbcdbc234 (table default.test_table [id=e93179f4d3eb4a26a760d9d76293265f]) Alter Table RPC: Not found: failed to reset TS proxy: No leader found: Tablet 38d0c648538040ba8a64bbabbcdbc234 consensus state has no leader
