I1102 21:39:07.913966 8894 catalog_manager.cc:2958] Scheduling retry of 3972e3725a634c6b8a9c57fc18cb789d (table default.test_table [id=e93179f4d3eb4a26a760d9d76293265f]) Alter Table RPC with a delay of 81 ms (attempt = 3)
W1102 21:39:07.914011 8894 catalog_manager.cc:2977] Async tablet task 3972e3725a634c6b8a9c57fc18cb789d (table default.test_table [id=e93179f4d3eb4a26a760d9d76293265f]) Alter Table RPC failed: Not found: failed to reset TS proxy: No leader found: Tablet 3972e3725a634c6b8a9c57fc18cb789d consensus state has no leader
I1102 21:39:07.937335 8983 raft_consensus.cc:471] T 3972e3725a634c6b8a9c57fc18cb789d P c36abe6b2bdb4e778576473f60926b7b [term 0 FOLLOWER]: Starting pre-election (no leader contacted us within the election timeout)
I1102 21:39:07.937423 8983 raft_consensus.cc:2840] T 3972e3725a634c6b8a9c57fc18cb789d P c36abe6b2bdb4e778576473f60926b7b: Snoozing failure detection for 2.225s (starting election)
I1102 21:39:07.937542 8983 raft_consensus.cc:493] T 3972e3725a634c6b8a9c57fc18cb789d P c36abe6b2bdb4e778576473f60926b7b [term 0 FOLLOWER]: Starting pre-election with config: opid_index: -1 OBSOLETE_local: false peers { permanent_uuid: "33b43dabe1b543f39e7ed84247c575e8" member_type: VOTER last_known_addr { host: "127.7.150.3" port: 44373 } } peers { permanent_uuid: "e92a2036de454238809663ac303c6ade" member_type: VOTER last_known_addr { host: "127.7.150.2" port: 39313 } } peers { permanent_uuid: "c36abe6b2bdb4e778576473f60926b7b" member_type: VOTER last_known_addr { host: "127.7.150.1" port: 46291 } }
I1102 21:39:07.937825 8983 leader_election.cc:251] T 3972e3725a634c6b8a9c57fc18cb789d P c36abe6b2bdb4e778576473f60926b7b [CANDIDATE]: Term 1 pre-election: Requesting pre-vote from peer 33b43dabe1b543f39e7ed84247c575e8 (127.7.150.3:44373)
I1102 21:39:07.937958 8983 leader_election.cc:251] T 3972e3725a634c6b8a9c57fc18cb789d P c36abe6b2bdb4e778576473f60926b7b [CANDIDATE]: Term 1 pre-election: Requesting pre-vote from peer e92a2036de454238809663ac303c6ade (127.7.150.2:39313)
I1102 21:39:07.938648 8519 tablet_service.cc:1001] Received RequestConsensusVote() RPC: tablet_id: "3972e3725a634c6b8a9c57fc18cb789d" candidate_uuid: "c36abe6b2bdb4e778576473f60926b7b" candidate_term: 1 candidate_status { last_received { term: 0 index: 0 } } ignore_live_leader: false dest_uuid: "33b43dabe1b543f39e7ed84247c575e8" is_pre_election: true
I1102 21:39:07.938691 8833 tablet_service.cc:1001] Received RequestConsensusVote() RPC: tablet_id: "3972e3725a634c6b8a9c57fc18cb789d" candidate_uuid: "c36abe6b2bdb4e778576473f60926b7b" candidate_term: 1 candidate_status { last_received { term: 0 index: 0 } } ignore_live_leader: false dest_uuid: "e92a2036de454238809663ac303c6ade" is_pre_election: true
I1102 21:39:07.938727 8519 raft_consensus.cc:2840] T 3972e3725a634c6b8a9c57fc18cb789d P 33b43dabe1b543f39e7ed84247c575e8: Snoozing failure detection for 2.177s (vote granted)
I1102 21:39:07.938758 8833 raft_consensus.cc:2840] T 3972e3725a634c6b8a9c57fc18cb789d P e92a2036de454238809663ac303c6ade: Snoozing failure detection for 2.193s (vote granted)
I1102 21:39:07.938779 8519 raft_consensus.cc:2352] T 3972e3725a634c6b8a9c57fc18cb789d P 33b43dabe1b543f39e7ed84247c575e8 [term 0 FOLLOWER]: Leader pre-election vote request: Granting yes vote for candidate c36abe6b2bdb4e778576473f60926b7b in term 0.
I1102 21:39:07.938793 8833 raft_consensus.cc:2352] T 3972e3725a634c6b8a9c57fc18cb789d P e92a2036de454238809663ac303c6ade [term 0 FOLLOWER]: Leader pre-election vote request: Granting yes vote for candidate c36abe6b2bdb4e778576473f60926b7b in term 0.
I1102 21:39:07.939118 7851 leader_election.cc:387] T 3972e3725a634c6b8a9c57fc18cb789d P c36abe6b2bdb4e778576473f60926b7b [CANDIDATE]: Term 1 pre-election: Vote granted by peer e92a2036de454238809663ac303c6ade (127.7.150.2:39313)
I1102 21:39:07.939138 7851 leader_election.cc:278] T 3972e3725a634c6b8a9c57fc18cb789d P c36abe6b2bdb4e778576473f60926b7b [CANDIDATE]: Term 1 pre-election: Election decided. Result: candidate won.
I1102 21:39:07.939287 8983 raft_consensus.cc:2840] T 3972e3725a634c6b8a9c57fc18cb789d P c36abe6b2bdb4e778576473f60926b7b: Snoozing failure detection for 2.130s (election complete)
I1102 21:39:07.939319 8983 raft_consensus.cc:2646] T 3972e3725a634c6b8a9c57fc18cb789d P c36abe6b2bdb4e778576473f60926b7b [term 0 FOLLOWER]: Leader pre-election won for term 1
I1102 21:39:07.939347 8983 raft_consensus.cc:471] T 3972e3725a634c6b8a9c57fc18cb789d P c36abe6b2bdb4e778576473f60926b7b [term 0 FOLLOWER]: Starting leader election (no leader contacted us within the election timeout)
I1102 21:39:07.939363 8983 raft_consensus.cc:2840] T 3972e3725a634c6b8a9c57fc18cb789d P c36abe6b2bdb4e778576473f60926b7b: Snoozing failure detection for 1.869s (starting election)
I1102 21:39:07.939378 8983 raft_consensus.cc:2892] T 3972e3725a634c6b8a9c57fc18cb789d P c36abe6b2bdb4e778576473f60926b7b [term 0 FOLLOWER]: Advancing to term 1
I1102 21:39:07.940439 8983 raft_consensus.cc:493] T 3972e3725a634c6b8a9c57fc18cb789d P c36abe6b2bdb4e778576473f60926b7b [term 1 FOLLOWER]: Starting leader election with config: opid_index: -1 OBSOLETE_local: false peers { permanent_uuid: "33b43dabe1b543f39e7ed84247c575e8" member_type: VOTER last_known_addr { host: "127.7.150.3" port: 44373 } } peers { permanent_uuid: "e92a2036de454238809663ac303c6ade" member_type: VOTER last_known_addr { host: "127.7.150.2" port: 39313 } } peers { permanent_uuid: "c36abe6b2bdb4e778576473f60926b7b" member_type: VOTER last_known_addr { host: "127.7.150.1" port: 46291 } }
I1102 21:39:07.940601 8983 leader_election.cc:251] T 3972e3725a634c6b8a9c57fc18cb789d P c36abe6b2bdb4e778576473f60926b7b [CANDIDATE]: Term 1 election: Requesting vote from peer 33b43dabe1b543f39e7ed84247c575e8 (127.7.150.3:44373)
I1102 21:39:07.940688 8983 leader_election.cc:251] T 3972e3725a634c6b8a9c57fc18cb789d P c36abe6b2bdb4e778576473f60926b7b [CANDIDATE]: Term 1 election: Requesting vote from peer e92a2036de454238809663ac303c6ade (127.7.150.2:39313)
I1102 21:39:07.939321 7854 leader_election.cc:387] T 3972e3725a634c6b8a9c57fc18cb789d P c36abe6b2bdb4e778576473f60926b7b [CANDIDATE]: Term 1 pre-election: Vote granted by peer 33b43dabe1b543f39e7ed84247c575e8 (127.7.150.3:44373)
I1102 21:39:07.941172 8519 tablet_service.cc:1001] Received RequestConsensusVote() RPC: tablet_id: "3972e3725a634c6b8a9c57fc18cb789d" candidate_uuid: "c36abe6b2bdb4e778576473f60926b7b" candidate_term: 1 candidate_status { last_received { term: 0 index: 0 } } ignore_live_leader: false dest_uuid: "33b43dabe1b543f39e7ed84247c575e8"
I1102 21:39:07.941170 8833 tablet_service.cc:1001] Received RequestConsensusVote() RPC: tablet_id: "3972e3725a634c6b8a9c57fc18cb789d" candidate_uuid: "c36abe6b2bdb4e778576473f60926b7b" candidate_term: 1 candidate_status { last_received { term: 0 index: 0 } } ignore_live_leader: false dest_uuid: "e92a2036de454238809663ac303c6ade"
I1102 21:39:07.941218 8519 raft_consensus.cc:2892] T 3972e3725a634c6b8a9c57fc18cb789d P 33b43dabe1b543f39e7ed84247c575e8 [term 0 FOLLOWER]: Advancing to term 1
I1102 21:39:07.941218 8833 raft_consensus.cc:2892] T 3972e3725a634c6b8a9c57fc18cb789d P e92a2036de454238809663ac303c6ade [term 0 FOLLOWER]: Advancing to term 1
I1102 21:39:07.941254 8519 raft_consensus.cc:2840] T 3972e3725a634c6b8a9c57fc18cb789d P 33b43dabe1b543f39e7ed84247c575e8: Snoozing failure detection for 1.667s (vote granted)
I1102 21:39:07.941267 8833 raft_consensus.cc:2840] T 3972e3725a634c6b8a9c57fc18cb789d P e92a2036de454238809663ac303c6ade: Snoozing failure detection for 2.234s (vote granted)
I1102 21:39:07.942011 8519 raft_consensus.cc:2352] T 3972e3725a634c6b8a9c57fc18cb789d P 33b43dabe1b543f39e7ed84247c575e8 [term 1 FOLLOWER]: Leader election vote request: Granting yes vote for candidate c36abe6b2bdb4e778576473f60926b7b in term 1.
I1102 21:39:07.942358 7854 leader_election.cc:387] T 3972e3725a634c6b8a9c57fc18cb789d P c36abe6b2bdb4e778576473f60926b7b [CANDIDATE]: Term 1 election: Vote granted by peer 33b43dabe1b543f39e7ed84247c575e8 (127.7.150.3:44373)
I1102 21:39:07.942386 7854 leader_election.cc:278] T 3972e3725a634c6b8a9c57fc18cb789d P c36abe6b2bdb4e778576473f60926b7b [CANDIDATE]: Term 1 election: Election decided. Result: candidate won.
I1102 21:39:07.942574 8983 raft_consensus.cc:2840] T 3972e3725a634c6b8a9c57fc18cb789d P c36abe6b2bdb4e778576473f60926b7b: Snoozing failure detection for 1.935s (election complete)
I1102 21:39:07.942606 8983 raft_consensus.cc:2646] T 3972e3725a634c6b8a9c57fc18cb789d P c36abe6b2bdb4e778576473f60926b7b [term 1 FOLLOWER]: Leader election won for term 1
I1102 21:39:07.942656 8983 raft_consensus.cc:666] T 3972e3725a634c6b8a9c57fc18cb789d P c36abe6b2bdb4e778576473f60926b7b [term 1 LEADER]: Becoming Leader. State: Replica: c36abe6b2bdb4e778576473f60926b7b, State: Running, Role: LEADER
I1102 21:39:07.942818 8983 consensus_queue.cc:206] T 3972e3725a634c6b8a9c57fc18cb789d P c36abe6b2bdb4e778576473f60926b7b [LEADER]: Queue going to LEADER mode. State: All replicated index: 0, Majority replicated index: 0, Committed index: 0, Last appended: 0.0, Last appended by leader: 0, Current term: 1, Majority size: 2, State: 0, Mode: LEADER, active raft config: opid_index: -1 OBSOLETE_local: false peers { permanent_uuid: "33b43dabe1b543f39e7ed84247c575e8" member_type: VOTER last_known_addr { host: "127.7.150.3" port: 44373 } } peers { permanent_uuid: "e92a2036de454238809663ac303c6ade" member_type: VOTER last_known_addr { host: "127.7.150.2" port: 39313 } } peers { permanent_uuid: "c36abe6b2bdb4e778576473f60926b7b" member_type: VOTER last_known_addr { host: "127.7.150.1" port: 46291 } }
I1102 21:39:07.943151 8833 raft_consensus.cc:2352] T 3972e3725a634c6b8a9c57fc18cb789d P e92a2036de454238809663ac303c6ade [term 1 FOLLOWER]: Leader election vote request: Granting yes vote for candidate c36abe6b2bdb4e778576473f60926b7b in term 1.
I1102 21:39:07.943470 7851 leader_election.cc:387] T 3972e3725a634c6b8a9c57fc18cb789d P c36abe6b2bdb4e778576473f60926b7b [CANDIDATE]: Term 1 election: Vote granted by peer e92a2036de454238809663ac303c6ade (127.7.150.2:39313)
I1102 21:39:07.944648 8913 catalog_manager.cc:3778] T 3972e3725a634c6b8a9c57fc18cb789d P c36abe6b2bdb4e778576473f60926b7b reported cstate change: term changed from 0 to 1, leader changed from to c36abe6b2bdb4e778576473f60926b7b (127.7.150.1). New cstate: current_term: 1 leader_uuid: "c36abe6b2bdb4e778576473f60926b7b" committed_config { opid_index: -1 OBSOLETE_local: false peers { permanent_uuid: "33b43dabe1b543f39e7ed84247c575e8" member_type: VOTER last_known_addr { host: "127.7.150.3" port: 44373 } health_report { overall_health: UNKNOWN } } peers { permanent_uuid: "e92a2036de454238809663ac303c6ade" member_type: VOTER last_known_addr { host: "127.7.150.2" port: 39313 } health_report { overall_health: UNKNOWN } } peers { permanent_uuid: "c36abe6b2bdb4e778576473f60926b7b" member_type: VOTER last_known_addr { host: "127.7.150.1" port: 46291 } health_report { overall_health: HEALTHY } } }
I1102 21:39:07.944757 8913 catalog_manager.cc:3873] TS c36abe6b2bdb4e778576473f60926b7b (127.7.150.1:46291) does not have the latest schema for tablet 3972e3725a634c6b8a9c57fc18cb789d (table default.test_table [id=e93179f4d3eb4a26a760d9d76293265f]). Expected version 21 got 0
I1102 21:39:07.948371 8519 raft_consensus.cc:1180] T 3972e3725a634c6b8a9c57fc18cb789d P 33b43dabe1b543f39e7ed84247c575e8 [term 1 FOLLOWER]: Refusing update from remote peer c36abe6b2bdb4e778576473f60926b7b: Log matching property violated. Preceding OpId in replica: term: 0 index: 0. Preceding OpId from leader: term: 1 index: 2. (index mismatch)
I1102 21:39:07.948473 8833 raft_consensus.cc:1180] T 3972e3725a634c6b8a9c57fc18cb789d P e92a2036de454238809663ac303c6ade [term 1 FOLLOWER]: Refusing update from remote peer c36abe6b2bdb4e778576473f60926b7b: Log matching property violated. Preceding OpId in replica: term: 0 index: 0. Preceding OpId from leader: term: 1 index: 2. (index mismatch)
I1102 21:39:07.948843 8987 consensus_queue.cc:976] T 3972e3725a634c6b8a9c57fc18cb789d P c36abe6b2bdb4e778576473f60926b7b [LEADER]: Connected to new peer: Peer: permanent_uuid: "33b43dabe1b543f39e7ed84247c575e8" member_type: VOTER last_known_addr { host: "127.7.150.3" port: 44373 }, Status: LMP_MISMATCH, Last received: 0.0, Next index: 1, Last known committed idx: 0, Time since last communication: 0.000s
I1102 21:39:07.949066 8987 consensus_queue.cc:976] T 3972e3725a634c6b8a9c57fc18cb789d P c36abe6b2bdb4e778576473f60926b7b [LEADER]: Connected to new peer: Peer: permanent_uuid: "e92a2036de454238809663ac303c6ade" member_type: VOTER last_known_addr { host: "127.7.150.2" port: 39313 }, Status: LMP_MISMATCH, Last received: 0.0, Next index: 1, Last known committed idx: 0, Time since last communication: 0.000s
I1102 21:39:07.951663 8913 catalog_manager.cc:3873] TS e92a2036de454238809663ac303c6ade (127.7.150.2:39313) does not have the latest schema for tablet 3972e3725a634c6b8a9c57fc18cb789d (table default.test_table [id=e93179f4d3eb4a26a760d9d76293265f]). Expected version 21 got 0
I1102 21:39:07.955003 8913 catalog_manager.cc:3873] TS 33b43dabe1b543f39e7ed84247c575e8 (127.7.150.3:44373) does not have the latest schema for tablet 3972e3725a634c6b8a9c57fc18cb789d (table default.test_table [id=e93179f4d3eb4a26a760d9d76293265f]). Expected version 21 got 0
I1102 21:39:07.955252 8911 catalog_manager.cc:3873] TS c36abe6b2bdb4e778576473f60926b7b (127.7.150.1:46291) does not have the latest schema for tablet 3972e3725a634c6b8a9c57fc18cb789d (table default.test_table [id=e93179f4d3eb4a26a760d9d76293265f]). Expected version 21 got 0
I1102 21:39:07.955585 9017 tablet.cc:1262] T 3972e3725a634c6b8a9c57fc18cb789d P 33b43dabe1b543f39e7ed84247c575e8: Alter schema from ( 10:c429 INT32 NOT NULL, 11:c18 INT32 NULLABLE, 15:c386 INT32 NULLABLE, 18:c330 INT32 NULLABLE, 20:c537 INT32 NULLABLE, 22:c875 INT32 NOT NULL, 23:c389 INT32 NULLABLE, 24:c764 INT32 NULLABLE, 25:c606 INT32 NULLABLE, 26:c840 INT32 NOT NULL, PRIMARY KEY (c429) ) version 0 to ( 10:c429 INT32 NOT NULL, 11:c18 INT32 NULLABLE, 15:c386 INT32 NULLABLE, 18:c330 INT32 NULLABLE, 20:c537 INT32 NULLABLE, 22:c875 INT32 NOT NULL, 23:c389 INT32 NULLABLE, 24:c764 INT32 NULLABLE, 25:c606 INT32 NULLABLE, 26:c840 INT32 NOT NULL, PRIMARY KEY (c429) ) version 21
I1102 21:39:07.957221 8911 catalog_manager.cc:3873] TS c36abe6b2bdb4e778576473f60926b7b (127.7.150.1:46291) does not have the latest schema for tablet 3972e3725a634c6b8a9c57fc18cb789d (table default.test_table [id=e93179f4d3eb4a26a760d9d76293265f]). Expected version 21 got 0
I1102 21:39:07.958209 8911 catalog_manager.cc:3873] TS e92a2036de454238809663ac303c6ade (127.7.150.2:39313) does not have the latest schema for tablet 3972e3725a634c6b8a9c57fc18cb789d (table default.test_table [id=e93179f4d3eb4a26a760d9d76293265f]). Expected version 21 got 0
I1102 21:39:07.959286 9029 tablet.cc:1262] T 3972e3725a634c6b8a9c57fc18cb789d P e92a2036de454238809663ac303c6ade: Alter schema from ( 10:c429 INT32 NOT NULL, 11:c18 INT32 NULLABLE, 15:c386 INT32 NULLABLE, 18:c330 INT32 NULLABLE, 20:c537 INT32 NULLABLE, 22:c875 INT32 NOT NULL, 23:c389 INT32 NULLABLE, 24:c764 INT32 NULLABLE, 25:c606 INT32 NULLABLE, 26:c840 INT32 NOT NULL, PRIMARY KEY (c429) ) version 0 to ( 10:c429 INT32 NOT NULL, 11:c18 INT32 NULLABLE, 15:c386 INT32 NULLABLE, 18:c330 INT32 NULLABLE, 20:c537 INT32 NULLABLE, 22:c875 INT32 NOT NULL, 23:c389 INT32 NULLABLE, 24:c764 INT32 NULLABLE, 25:c606 INT32 NULLABLE, 26:c840 INT32 NOT NULL, PRIMARY KEY (c429) ) version 21
I1102 21:39:07.963655 8911 catalog_manager.cc:4221] T 00000000000000000000000000000000 P 810977538c654d1a96a5c2a53c44d890: default.test_table [id=e93179f4d3eb4a26a760d9d76293265f] alter complete (version 21)
I1102 21:39:07.965101 9027 tablet.cc:1262] T 3972e3725a634c6b8a9c57fc18cb789d P c36abe6b2bdb4e778576473f60926b7b: Alter schema from ( 10:c429 INT32 NOT NULL, 11:c18 INT32 NULLABLE, 15:c386 INT32 NULLABLE, 18:c330 INT32 NULLABLE, 20:c537 INT32 NULLABLE, 22:c875 INT32 NOT NULL, 23:c389 INT32 NULLABLE, 24:c764 INT32 NULLABLE, 25:c606 INT32 NULLABLE, 26:c840 INT32 NOT NULL, PRIMARY KEY (c429) ) version 0 to ( 10:c429 INT32 NOT NULL, 11:c18 INT32 NULLABLE, 15:c386 INT32 NULLABLE, 18:c330 INT32 NULLABLE, 20:c537 INT32 NULLABLE, 22:c875 INT32 NOT NULL, 23:c389 INT32 NULLABLE, 24:c764 INT32 NULLABLE, 25:c606 INT32 NULLABLE, 26:c840 INT32 NOT NULL, PRIMARY KEY (c429) ) version 21
I1102 21:39:07.971181 9027 tablet.cc:1257] T 3972e3725a634c6b8a9c57fc18cb789d P c36abe6b2bdb4e778576473f60926b7b: Already running schema version 21 got alter request for version 21
I1102 21:39:07.972865 9029 tablet.cc:1257] T 3972e3725a634c6b8a9c57fc18cb789d P e92a2036de454238809663ac303c6ade: Already running schema version 21 got alter request for version 21
I1102 21:39:07.974100 9017 tablet.cc:1257] T 3972e3725a634c6b8a9c57fc18cb789d P 33b43dabe1b543f39e7ed84247c575e8: Already running schema version 21 got alter request for version 21
I1102 21:39:07.978485 9029 tablet.cc:1257] T 3972e3725a634c6b8a9c57fc18cb789d P e92a2036de454238809663ac303c6ade: Already running schema version 21 got alter request for version 21
I1102 21:39:07.980005 9027 tablet.cc:1257] T 3972e3725a634c6b8a9c57fc18cb789d P c36abe6b2bdb4e778576473f60926b7b: Already running schema version 21 got alter request for version 21
I1102 21:39:07.981521 9017 tablet.cc:1257] T 3972e3725a634c6b8a9c57fc18cb789d P 33b43dabe1b543f39e7ed84247c575e8: Already running schema version 21 got alter request for version 21
I1102 21:39:07.987712 8993 tablet.cc:1257] T 3972e3725a634c6b8a9c57fc18cb789d P c36abe6b2bdb4e778576473f60926b7b: Already running schema version 21 got alter request for version 21
I1102 21:39:07.989428 7768 alter_table-randomized-test.cc:448] Beginning Alterations
I1102 21:39:07.989765 9017 tablet.cc:1257] T 3972e3725a634c6b8a9c57fc18cb789d P 33b43dabe1b543f39e7ed84247c575e8: Already running schema version 21 got alter request for version 21
I1102 21:39:07.990567 7768 alter_table-randomized-test.cc:516] Renaming column c606 to c134
I1102 21:39:07.990628 7768 alter_table-randomized-test.cc:594] Dropping range partition: [738197493, 805306356) resulting partitions: (402653178, 469762041], (805306356, 872415219], (1342177260, 1409286123], (1946157027, 2013265890)
I1102 21:39:07.990684 7768 alter_table-randomized-test.cc:486] Adding column c176, existing columns: c429, c18, c386, c330, c537, c875, c389, c764, c134, c840
I1102 21:39:07.990721 7768 alter_table-randomized-test.cc:486] Adding column c252, existing columns: c429, c18, c386, c330, c537, c875, c389, c764, c134, c840, c176
I1102 21:39:07.990782 7768 alter_table-randomized-test.cc:594] Dropping range partition: [1342177260, 1409286123) resulting partitions: (402653178, 469762041], (805306356, 872415219], (1946157027, 2013265890)
I1102 21:39:07.990821 7768 alter_table-randomized-test.cc:480] Committing Alterations
I1102 21:39:07.991775 9027 tablet.cc:1257] T 3972e3725a634c6b8a9c57fc18cb789d P c36abe6b2bdb4e778576473f60926b7b: Already running schema version 21 got alter request for version 21
I1102 21:39:07.992367 9017 tablet.cc:1257] T 3972e3725a634c6b8a9c57fc18cb789d P 33b43dabe1b543f39e7ed84247c575e8: Already running schema version 21 got alter request for version 21
I1102 21:39:07.993615 8911 catalog_manager.cc:2182] Servicing AlterTable request from {username='slave'} at 127.0.0.1:59060: table { table_name: "default.test_table" } alter_schema_steps { type: RENAME_COLUMN rename_column { old_name: "c606" new_name: "c134" } } alter_schema_steps { type: DROP_RANGE_PARTITION drop_range_partition { range_bounds { rows: "\006\001\000\000\000\365\377\377+\007\001\000\000\000\364\377\377/" } } } alter_schema_steps { type: ADD_COLUMN add_column { schema { name: "c176" type: INT32 is_nullable: false read_default_value: "\344\316\263." encoding: AUTO_ENCODING compression: DEFAULT_COMPRESSION cfile_block_size: 0 } } } alter_schema_steps { type: ADD_COLUMN add_column { schema { name: "c252" type: INT32 is_nullable: true encoding: AUTO_ENCODING compression: DEFAULT_COMPRESSION cfile_block_size: 0 } } } alter_schema_steps { type: DROP_RANGE_PARTITION drop_range_partition { range_bounds { rows: "\006\001\000\000\000\354\377\377O\007\001\000\000\000\353\377\377S" } } } schema { columns { name: "c429" type: INT32 is_key: true is_nullable: false encoding: AUTO_ENCODING compression: DEFAULT_COMPRESSION cfile_block_size: 0 } columns { name: "c18" type: INT32 is_key: false is_nullable: true encoding: BIT_SHUFFLE compression: NO_COMPRESSION cfile_block_size: 0 } columns { name: "c386" type: INT32 is_key: false is_nullable: true encoding: RLE compression: DEFAULT_COMPRESSION cfile_block_size: 4194304 } columns { name: "c330" type: INT32 is_key: false is_nullable: true encoding: AUTO_ENCODING compression: DEFAULT_COMPRESSION cfile_block_size: 0 } columns { name: "c537" type: INT32 is_key: false is_nullable: true encoding: RLE compression: DEFAULT_COMPRESSION cfile_block_size: 0 } columns { name: "c875" type: INT32 is_key: false is_nullable: false read_default_value: "\274)Y\\" encoding: AUTO_ENCODING compression: DEFAULT_COMPRESSION cfile_block_size: 0 } columns { name: "c389" type: INT32 is_key: false is_nullable: true encoding: AUTO_ENCODING compression: DEFAULT_COMPRESSION cfile_block_size: 0 } columns { name: "c764" type: INT32 is_key: false is_nullable: true encoding: AUTO_ENCODING compression: DEFAULT_COMPRESSION cfile_block_size: 2097152 } columns { name: "c606" type: INT32 is_key: false is_nullable: true encoding: AUTO_ENCODING compression: DEFAULT_COMPRESSION cfile_block_size: 0 } columns { name: "c840" type: INT32 is_key: false is_nullable: false read_default_value: "\237\304\341X" encoding: AUTO_ENCODING compression: DEFAULT_COMPRESSION cfile_block_size: 0 } } modify_external_catalogs: true
I1102 21:39:07.995844 8565 maintenance_manager.cc:304] P 33b43dabe1b543f39e7ed84247c575e8: Scheduling UndoDeltaBlockGCOp(06f9d3b29f2a4de984e1289db815ff83): 355 bytes on disk
I1102 21:39:07.996368 8458 maintenance_manager.cc:494] P 33b43dabe1b543f39e7ed84247c575e8: UndoDeltaBlockGCOp(06f9d3b29f2a4de984e1289db815ff83) complete. Timing: real 0.000s user 0.000s sys 0.000s Metrics: {"cfile_init":1,"lbm_read_time_us":75,"lbm_reads_lt_1ms":4}
I1102 21:39:07.996896 8565 maintenance_manager.cc:304] P 33b43dabe1b543f39e7ed84247c575e8: Scheduling UndoDeltaBlockGCOp(a8ae8156f3ad4fb3ab494ce26bb1a039): 355 bytes on disk
I1102 21:39:07.997328 8458 maintenance_manager.cc:494] P 33b43dabe1b543f39e7ed84247c575e8: UndoDeltaBlockGCOp(a8ae8156f3ad4fb3ab494ce26bb1a039) complete. Timing: real 0.000s user 0.000s sys 0.000s Metrics: {"cfile_init":1,"lbm_read_time_us":70,"lbm_reads_lt_1ms":4}
I1102 21:39:07.997643 8565 maintenance_manager.cc:304] P 33b43dabe1b543f39e7ed84247c575e8: Scheduling UndoDeltaBlockGCOp(1566ebff80a74910a6a6ff4e2a75bea0): 185 bytes on disk
I1102 21:39:07.998039 8458 maintenance_manager.cc:494] P 33b43dabe1b543f39e7ed84247c575e8: UndoDeltaBlockGCOp(1566ebff80a74910a6a6ff4e2a75bea0) complete. Timing: real 0.000s user 0.000s sys 0.000s Metrics: {"cfile_init":1,"lbm_read_time_us":67,"lbm_reads_lt_1ms":4}
I1102 21:39:07.999897 9029 tablet.cc:1257] T 3972e3725a634c6b8a9c57fc18cb789d P e92a2036de454238809663ac303c6ade: Already running schema version 21 got alter request for version 21
I1102 21:39:08.000268 9029 tablet.cc:1257] T 3972e3725a634c6b8a9c57fc18cb789d P e92a2036de454238809663ac303c6ade: Already running schema version 21 got alter request for version 21
I1102 21:39:08.004073 9027 tablet.cc:1257] T 3972e3725a634c6b8a9c57fc18cb789d P c36abe6b2bdb4e778576473f60926b7b: Already running schema version 21 got alter request for version 21
I1102 21:39:08.004539 9029 tablet.cc:1257] T 3972e3725a634c6b8a9c57fc18cb789d P e92a2036de454238809663ac303c6ade: Already running schema version 21 got alter request for version 21
I1102 21:39:08.004662 9017 tablet.cc:1257] T 3972e3725a634c6b8a9c57fc18cb789d P 33b43dabe1b543f39e7ed84247c575e8: Already running schema version 21 got alter request for version 21
I1102 21:39:08.009543 8912 catalog_manager.cc:3873] TS 33b43dabe1b543f39e7ed84247c575e8 (127.7.150.3:44373) does not have the latest schema for tablet 3972e3725a634c6b8a9c57fc18cb789d (table default.test_table [id=e93179f4d3eb4a26a760d9d76293265f]). Expected version 22 got 21
I1102 21:39:08.011167 9027 tablet.cc:1257] T 3972e3725a634c6b8a9c57fc18cb789d P c36abe6b2bdb4e778576473f60926b7b: Already running schema version 21 got alter request for version 21
I1102 21:39:08.011981 9029 tablet.cc:1257] T 3972e3725a634c6b8a9c57fc18cb789d P e92a2036de454238809663ac303c6ade: Already running schema version 21 got alter request for version 21
I1102 21:39:08.016429 9027 tablet.cc:1262] T 06f9d3b29f2a4de984e1289db815ff83 P c36abe6b2bdb4e778576473f60926b7b: Alter schema from ( 10:c429 INT32 NOT NULL, 11:c18 INT32 NULLABLE, 15:c386 INT32 NULLABLE, 18:c330 INT32 NULLABLE, 20:c537 INT32 NULLABLE, 22:c875 INT32 NOT NULL, 23:c389 INT32 NULLABLE, 24:c764 INT32 NULLABLE, 25:c606 INT32 NULLABLE, 26:c840 INT32 NOT NULL, PRIMARY KEY (c429) ) version 21 to ( 10:c429 INT32 NOT NULL, 11:c18 INT32 NULLABLE, 15:c386 INT32 NULLABLE, 18:c330 INT32 NULLABLE, 20:c537 INT32 NULLABLE, 22:c875 INT32 NOT NULL, 23:c389 INT32 NULLABLE, 24:c764 INT32 NULLABLE, 25:c134 INT32 NULLABLE, 26:c840 INT32 NOT NULL, 27:c176 INT32 NOT NULL, 28:c252 INT32 NULLABLE, PRIMARY KEY (c429) ) version 22
I1102 21:39:08.016530 9017 tablet.cc:1262] T a8ae8156f3ad4fb3ab494ce26bb1a039 P 33b43dabe1b543f39e7ed84247c575e8: Alter schema from ( 10:c429 INT32 NOT NULL, 11:c18 INT32 NULLABLE, 15:c386 INT32 NULLABLE, 18:c330 INT32 NULLABLE, 20:c537 INT32 NULLABLE, 22:c875 INT32 NOT NULL, 23:c389 INT32 NULLABLE, 24:c764 INT32 NULLABLE, 25:c606 INT32 NULLABLE, 26:c840 INT32 NOT NULL, PRIMARY KEY (c429) ) version 21 to ( 10:c429 INT32 NOT NULL, 11:c18 INT32 NULLABLE, 15:c386 INT32 NULLABLE, 18:c330 INT32 NULLABLE, 20:c537 INT32 NULLABLE, 22:c875 INT32 NOT NULL, 23:c389 INT32 NULLABLE, 24:c764 INT32 NULLABLE, 25:c134 INT32 NULLABLE, 26:c840 INT32 NOT NULL, 27:c176 INT32 NOT NULL, 28:c252 INT32 NULLABLE, PRIMARY KEY (c429) ) version 22
I1102 21:39:08.016815 9027 tablet.cc:1205] T 06f9d3b29f2a4de984e1289db815ff83 P c36abe6b2bdb4e778576473f60926b7b: MemRowSet was empty: no flush needed.
I1102 21:39:08.016917 9017 tablet.cc:1205] T a8ae8156f3ad4fb3ab494ce26bb1a039 P 33b43dabe1b543f39e7ed84247c575e8: MemRowSet was empty: no flush needed.
I1102 21:39:08.017549 8910 catalog_manager.cc:3873] TS e92a2036de454238809663ac303c6ade (127.7.150.2:39313) does not have the latest schema for tablet 3972e3725a634c6b8a9c57fc18cb789d (table default.test_table [id=e93179f4d3eb4a26a760d9d76293265f]). Expected version 22 got 21
I1102 21:39:08.018543 8972 tablet.cc:1257] T 3972e3725a634c6b8a9c57fc18cb789d P 33b43dabe1b543f39e7ed84247c575e8: Already running schema version 21 got alter request for version 21
I1102 21:39:08.019304 9027 tablet.cc:1262] T a8ae8156f3ad4fb3ab494ce26bb1a039 P c36abe6b2bdb4e778576473f60926b7b: Alter schema from ( 10:c429 INT32 NOT NULL, 11:c18 INT32 NULLABLE, 15:c386 INT32 NULLABLE, 18:c330 INT32 NULLABLE, 20:c537 INT32 NULLABLE, 22:c875 INT32 NOT NULL, 23:c389 INT32 NULLABLE, 24:c764 INT32 NULLABLE, 25:c606 INT32 NULLABLE, 26:c840 INT32 NOT NULL, PRIMARY KEY (c429) ) version 21 to ( 10:c429 INT32 NOT NULL, 11:c18 INT32 NULLABLE, 15:c386 INT32 NULLABLE, 18:c330 INT32 NULLABLE, 20:c537 INT32 NULLABLE, 22:c875 INT32 NOT NULL, 23:c389 INT32 NULLABLE, 24:c764 INT32 NULLABLE, 25:c134 INT32 NULLABLE, 26:c840 INT32 NOT NULL, 27:c176 INT32 NOT NULL, 28:c252 INT32 NULLABLE, PRIMARY KEY (c429) ) version 22
I1102 21:39:08.019585 8910 catalog_manager.cc:3873] TS 33b43dabe1b543f39e7ed84247c575e8 (127.7.150.3:44373) does not have the latest schema for tablet 3972e3725a634c6b8a9c57fc18cb789d (table default.test_table [id=e93179f4d3eb4a26a760d9d76293265f]). Expected version 22 got 21
I1102 21:39:08.019641 9027 tablet.cc:1205] T a8ae8156f3ad4fb3ab494ce26bb1a039 P c36abe6b2bdb4e778576473f60926b7b: MemRowSet was empty: no flush needed.
I1102 21:39:08.020115 9029 tablet.cc:1262] T 06f9d3b29f2a4de984e1289db815ff83 P e92a2036de454238809663ac303c6ade: Alter schema from ( 10:c429 INT32 NOT NULL, 11:c18 INT32 NULLABLE, 15:c386 INT32 NULLABLE, 18:c330 INT32 NULLABLE, 20:c537 INT32 NULLABLE, 22:c875 INT32 NOT NULL, 23:c389 INT32 NULLABLE, 24:c764 INT32 NULLABLE, 25:c606 INT32 NULLABLE, 26:c840 INT32 NOT NULL, PRIMARY KEY (c429) ) version 21 to ( 10:c429 INT32 NOT NULL, 11:c18 INT32 NULLABLE, 15:c386 INT32 NULLABLE, 18:c330 INT32 NULLABLE, 20:c537 INT32 NULLABLE, 22:c875 INT32 NOT NULL, 23:c389 INT32 NULLABLE, 24:c764 INT32 NULLABLE, 25:c134 INT32 NULLABLE, 26:c840 INT32 NOT NULL, 27:c176 INT32 NOT NULL, 28:c252 INT32 NULLABLE, PRIMARY KEY (c429) ) version 22
I1102 21:39:08.020486 9029 tablet.cc:1205] T 06f9d3b29f2a4de984e1289db815ff83 P e92a2036de454238809663ac303c6ade: MemRowSet was empty: no flush needed.
I1102 21:39:08.022965 8963 tablet.cc:1262] T a8ae8156f3ad4fb3ab494ce26bb1a039 P e92a2036de454238809663ac303c6ade: Alter schema from ( 10:c429 INT32 NOT NULL, 11:c18 INT32 NULLABLE, 15:c386 INT32 NULLABLE, 18:c330 INT32 NULLABLE, 20:c537 INT32 NULLABLE, 22:c875 INT32 NOT NULL, 23:c389 INT32 NULLABLE, 24:c764 INT32 NULLABLE, 25:c606 INT32 NULLABLE, 26:c840 INT32 NOT NULL, PRIMARY KEY (c429) ) version 21 to ( 10:c429 INT32 NOT NULL, 11:c18 INT32 NULLABLE, 15:c386 INT32 NULLABLE, 18:c330 INT32 NULLABLE, 20:c537 INT32 NULLABLE, 22:c875 INT32 NOT NULL, 23:c389 INT32 NULLABLE, 24:c764 INT32 NULLABLE, 25:c134 INT32 NULLABLE, 26:c840 INT32 NOT NULL, 27:c176 INT32 NOT NULL, 28:c252 INT32 NULLABLE, PRIMARY KEY (c429) ) version 22
I1102 21:39:08.023130 8911 catalog_manager.cc:4017] T 00000000000000000000000000000000 P 810977538c654d1a96a5c2a53c44d890: Sending DeleteTablet for 3 replicas of tablet 1566ebff80a74910a6a6ff4e2a75bea0
I1102 21:39:08.023284 8963 tablet.cc:1205] T a8ae8156f3ad4fb3ab494ce26bb1a039 P e92a2036de454238809663ac303c6ade: MemRowSet was empty: no flush needed.
I1102 21:39:08.024495 8910 catalog_manager.cc:3873] TS c36abe6b2bdb4e778576473f60926b7b (127.7.150.1:46291) does not have the latest schema for tablet 3972e3725a634c6b8a9c57fc18cb789d (table default.test_table [id=e93179f4d3eb4a26a760d9d76293265f]). Expected version 22 got 21
I1102 21:39:08.030293 8972 tablet.cc:1262] T 06f9d3b29f2a4de984e1289db815ff83 P 33b43dabe1b543f39e7ed84247c575e8: Alter schema from ( 10:c429 INT32 NOT NULL, 11:c18 INT32 NULLABLE, 15:c386 INT32 NULLABLE, 18:c330 INT32 NULLABLE, 20:c537 INT32 NULLABLE, 22:c875 INT32 NOT NULL, 23:c389 INT32 NULLABLE, 24:c764 INT32 NULLABLE, 25:c606 INT32 NULLABLE, 26:c840 INT32 NOT NULL, PRIMARY KEY (c429) ) version 21 to ( 10:c429 INT32 NOT NULL, 11:c18 INT32 NULLABLE, 15:c386 INT32 NULLABLE, 18:c330 INT32 NULLABLE, 20:c537 INT32 NULLABLE, 22:c875 INT32 NOT NULL, 23:c389 INT32 NULLABLE, 24:c764 INT32 NULLABLE, 25:c134 INT32 NULLABLE, 26:c840 INT32 NOT NULL, 27:c176 INT32 NOT NULL, 28:c252 INT32 NULLABLE, PRIMARY KEY (c429) ) version 22
I1102 21:39:08.030452 7964 maintenance_manager.cc:304] P c36abe6b2bdb4e778576473f60926b7b: Scheduling UndoDeltaBlockGCOp(06f9d3b29f2a4de984e1289db815ff83): 355 bytes on disk
I1102 21:39:08.030630 8972 tablet.cc:1205] T 06f9d3b29f2a4de984e1289db815ff83 P 33b43dabe1b543f39e7ed84247c575e8: MemRowSet was empty: no flush needed.
I1102 21:39:08.030921 8963 tablet.cc:1257] T 3972e3725a634c6b8a9c57fc18cb789d P e92a2036de454238809663ac303c6ade: Already running schema version 21 got alter request for version 21
I1102 21:39:08.030973 7858 maintenance_manager.cc:494] P c36abe6b2bdb4e778576473f60926b7b: UndoDeltaBlockGCOp(06f9d3b29f2a4de984e1289db815ff83) complete. Timing: real 0.000s user 0.000s sys 0.000s Metrics: {"cfile_init":1,"lbm_read_time_us":74,"lbm_reads_lt_1ms":4}
I1102 21:39:08.031563 7964 maintenance_manager.cc:304] P c36abe6b2bdb4e778576473f60926b7b: Scheduling UndoDeltaBlockGCOp(a8ae8156f3ad4fb3ab494ce26bb1a039): 355 bytes on disk
I1102 21:39:08.031952 7858 maintenance_manager.cc:494] P c36abe6b2bdb4e778576473f60926b7b: UndoDeltaBlockGCOp(a8ae8156f3ad4fb3ab494ce26bb1a039) complete. Timing: real 0.000s user 0.000s sys 0.000s Metrics: {"cfile_init":1,"lbm_read_time_us":58,"lbm_reads_lt_1ms":4}
I1102 21:39:08.032066 8912 catalog_manager.cc:3873] TS e92a2036de454238809663ac303c6ade (127.7.150.2:39313) does not have the latest schema for tablet 3972e3725a634c6b8a9c57fc18cb789d (table default.test_table [id=e93179f4d3eb4a26a760d9d76293265f]). Expected version 22 got 21
I1102 21:39:08.032200 7964 maintenance_manager.cc:304] P c36abe6b2bdb4e778576473f60926b7b: Scheduling UndoDeltaBlockGCOp(1566ebff80a74910a6a6ff4e2a75bea0): 185 bytes on disk
I1102 21:39:08.032574 7858 maintenance_manager.cc:494] P c36abe6b2bdb4e778576473f60926b7b: UndoDeltaBlockGCOp(1566ebff80a74910a6a6ff4e2a75bea0) complete. Timing: real 0.000s user 0.000s sys 0.000s Metrics: {"cfile_init":1,"lbm_read_time_us":56,"lbm_reads_lt_1ms":4}
I1102 21:39:08.033694 8911 catalog_manager.cc:3180] Sending DeleteTablet(TABLET_DATA_DELETED) for tablet 1566ebff80a74910a6a6ff4e2a75bea0 on 33b43dabe1b543f39e7ed84247c575e8 (127.7.150.3:44373) (Partition dropped at 2018-11-02 21:39:07 UTC)
I1102 21:39:08.033931 8972 tablet.cc:1257] T 3972e3725a634c6b8a9c57fc18cb789d P 33b43dabe1b543f39e7ed84247c575e8: Already running schema version 21 got alter request for version 21
I1102 21:39:08.034251 8500 tablet_service.cc:806] Processing DeleteTablet for tablet 1566ebff80a74910a6a6ff4e2a75bea0 with delete_type TABLET_DATA_DELETED (Partition dropped at 2018-11-02 21:39:07 UTC) from {username='slave'} at 127.0.0.1:40312
I1102 21:39:08.034554 8911 catalog_manager.cc:3180] Sending DeleteTablet(TABLET_DATA_DELETED) for tablet 1566ebff80a74910a6a6ff4e2a75bea0 on e92a2036de454238809663ac303c6ade (127.7.150.2:39313) (Partition dropped at 2018-11-02 21:39:07 UTC)
I1102 21:39:08.034945 8913 catalog_manager.cc:3873] TS 33b43dabe1b543f39e7ed84247c575e8 (127.7.150.3:44373) does not have the latest schema for tablet 3972e3725a634c6b8a9c57fc18cb789d (table default.test_table [id=e93179f4d3eb4a26a760d9d76293265f]). Expected version 22 got 21
I1102 21:39:08.035030 8811 tablet_service.cc:806] Processing DeleteTablet for tablet 1566ebff80a74910a6a6ff4e2a75bea0 with delete_type TABLET_DATA_DELETED (Partition dropped at 2018-11-02 21:39:07 UTC) from {username='slave'} at 127.0.0.1:54834
I1102 21:39:08.035280 8911 catalog_manager.cc:3180] Sending DeleteTablet(TABLET_DATA_DELETED) for tablet 1566ebff80a74910a6a6ff4e2a75bea0 on c36abe6b2bdb4e778576473f60926b7b (127.7.150.1:46291) (Partition dropped at 2018-11-02 21:39:07 UTC)
I1102 21:39:08.035305 9027 tablet.cc:1257] T 3972e3725a634c6b8a9c57fc18cb789d P c36abe6b2bdb4e778576473f60926b7b: Already running schema version 21 got alter request for version 21
I1102 21:39:08.035352 8911 catalog_manager.cc:4017] T 00000000000000000000000000000000 P 810977538c654d1a96a5c2a53c44d890: Sending DeleteTablet for 3 replicas of tablet 38d0c648538040ba8a64bbabbcdbc234
I1102 21:39:08.035883 7900 tablet_service.cc:806] Processing DeleteTablet for tablet 1566ebff80a74910a6a6ff4e2a75bea0 with delete_type TABLET_DATA_DELETED (Partition dropped at 2018-11-02 21:39:07 UTC) from {username='slave'} at 127.0.0.1:51166
I1102 21:39:08.036528 8912 catalog_manager.cc:3873] TS c36abe6b2bdb4e778576473f60926b7b (127.7.150.1:46291) does not have the latest schema for tablet 3972e3725a634c6b8a9c57fc18cb789d (table default.test_table [id=e93179f4d3eb4a26a760d9d76293265f]). Expected version 22 got 21
I1102 21:39:08.038281 9042 tablet_replica.cc:263] T 1566ebff80a74910a6a6ff4e2a75bea0 P 33b43dabe1b543f39e7ed84247c575e8: stopping tablet replica
I1102 21:39:08.038493 9043 tablet_replica.cc:263] T 1566ebff80a74910a6a6ff4e2a75bea0 P e92a2036de454238809663ac303c6ade: stopping tablet replica
I1102 21:39:08.038630 9044 tablet_replica.cc:263] T 1566ebff80a74910a6a6ff4e2a75bea0 P c36abe6b2bdb4e778576473f60926b7b: stopping tablet replica
I1102 21:39:08.038722 9044 maintenance_manager.cc:237] P c36abe6b2bdb4e778576473f60926b7b: Unregistered op CompactRowSetsOp(1566ebff80a74910a6a6ff4e2a75bea0)
I1102 21:39:08.038787 9044 maintenance_manager.cc:237] P c36abe6b2bdb4e778576473f60926b7b: Unregistered op MinorDeltaCompactionOp(1566ebff80a74910a6a6ff4e2a75bea0)
I1102 21:39:08.038892 9043 maintenance_manager.cc:237] P e92a2036de454238809663ac303c6ade: Unregistered op CompactRowSetsOp(1566ebff80a74910a6a6ff4e2a75bea0)
I1102 21:39:08.038964 9044 maintenance_manager.cc:237] P c36abe6b2bdb4e778576473f60926b7b: Unregistered op MajorDeltaCompactionOp(1566ebff80a74910a6a6ff4e2a75bea0)
I1102 21:39:08.039016 9044 maintenance_manager.cc:237] P c36abe6b2bdb4e778576473f60926b7b: Unregistered op UndoDeltaBlockGCOp(1566ebff80a74910a6a6ff4e2a75bea0)
I1102 21:39:08.039068 9044 maintenance_manager.cc:237] P c36abe6b2bdb4e778576473f60926b7b: Unregistered op FlushMRSOp(1566ebff80a74910a6a6ff4e2a75bea0)
I1102 21:39:08.039125 9043 maintenance_manager.cc:237] P e92a2036de454238809663ac303c6ade: Unregistered op MinorDeltaCompactionOp(1566ebff80a74910a6a6ff4e2a75bea0)
I1102 21:39:08.039178 9044 maintenance_manager.cc:237] P c36abe6b2bdb4e778576473f60926b7b: Unregistered op FlushDeltaMemStoresOp(1566ebff80a74910a6a6ff4e2a75bea0)
I1102 21:39:08.039222 9044 maintenance_manager.cc:237] P c36abe6b2bdb4e778576473f60926b7b: Unregistered op LogGCOp(1566ebff80a74910a6a6ff4e2a75bea0)
I1102 21:39:08.039284 9043 maintenance_manager.cc:237] P e92a2036de454238809663ac303c6ade: Unregistered op MajorDeltaCompactionOp(1566ebff80a74910a6a6ff4e2a75bea0)
I1102 21:39:08.039352 9044 raft_consensus.cc:2149] T 1566ebff80a74910a6a6ff4e2a75bea0 P c36abe6b2bdb4e778576473f60926b7b [term 1 FOLLOWER]: Raft consensus shutting down.
I1102 21:39:08.039446 9043 maintenance_manager.cc:237] P e92a2036de454238809663ac303c6ade: Unregistered op UndoDeltaBlockGCOp(1566ebff80a74910a6a6ff4e2a75bea0)
I1102 21:39:08.039542 9044 raft_consensus.cc:2176] T 1566ebff80a74910a6a6ff4e2a75bea0 P c36abe6b2bdb4e778576473f60926b7b [term 1 FOLLOWER]: Raft consensus is shut down!
I1102 21:39:08.039650 9043 maintenance_manager.cc:237] P e92a2036de454238809663ac303c6ade: Unregistered op FlushMRSOp(1566ebff80a74910a6a6ff4e2a75bea0)
I1102 21:39:08.039783 9043 maintenance_manager.cc:237] P e92a2036de454238809663ac303c6ade: Unregistered op FlushDeltaMemStoresOp(1566ebff80a74910a6a6ff4e2a75bea0)
I1102 21:39:08.039834 9043 maintenance_manager.cc:237] P e92a2036de454238809663ac303c6ade: Unregistered op LogGCOp(1566ebff80a74910a6a6ff4e2a75bea0)
I1102 21:39:08.039906 9043 raft_consensus.cc:2149] T 1566ebff80a74910a6a6ff4e2a75bea0 P e92a2036de454238809663ac303c6ade [term 1 LEADER]: Raft consensus shutting down.
I1102 21:39:08.039964 9043 consensus_peers.cc:482] T 1566ebff80a74910a6a6ff4e2a75bea0 P e92a2036de454238809663ac303c6ade -> Peer c36abe6b2bdb4e778576473f60926b7b (127.7.150.1:46291): Closing peer: c36abe6b2bdb4e778576473f60926b7b
I1102 21:39:08.040033 9043 consensus_peers.cc:482] T 1566ebff80a74910a6a6ff4e2a75bea0 P e92a2036de454238809663ac303c6ade -> Peer 33b43dabe1b543f39e7ed84247c575e8 (127.7.150.3:44373): Closing peer: 33b43dabe1b543f39e7ed84247c575e8
I1102 21:39:08.040298 9043 raft_consensus.cc:2176] T 1566ebff80a74910a6a6ff4e2a75bea0 P e92a2036de454238809663ac303c6ade [term 1 FOLLOWER]: Raft consensus is shut down!
I1102 21:39:08.040954 9044 ts_tablet_manager.cc:1369] T 1566ebff80a74910a6a6ff4e2a75bea0 P c36abe6b2bdb4e778576473f60926b7b: Deleting tablet data with delete state TABLET_DATA_DELETED
I1102 21:39:08.042078 9043 ts_tablet_manager.cc:1369] T 1566ebff80a74910a6a6ff4e2a75bea0 P e92a2036de454238809663ac303c6ade: Deleting tablet data with delete state TABLET_DATA_DELETED
I1102 21:39:08.041828 9027 tablet.cc:1262] T 3972e3725a634c6b8a9c57fc18cb789d P c36abe6b2bdb4e778576473f60926b7b: Alter schema from ( 10:c429 INT32 NOT NULL, 11:c18 INT32 NULLABLE, 15:c386 INT32 NULLABLE, 18:c330 INT32 NULLABLE, 20:c537 INT32 NULLABLE, 22:c875 INT32 NOT NULL, 23:c389 INT32 NULLABLE, 24:c764 INT32 NULLABLE, 25:c606 INT32 NULLABLE, 26:c840 INT32 NOT NULL, PRIMARY KEY (c429) ) version 21 to ( 10:c429 INT32 NOT NULL, 11:c18 INT32 NULLABLE, 15:c386 INT32 NULLABLE, 18:c330 INT32 NULLABLE, 20:c537 INT32 NULLABLE, 22:c875 INT32 NOT NULL, 23:c389 INT32 NULLABLE, 24:c764 INT32 NULLABLE, 25:c134 INT32 NULLABLE, 26:c840 INT32 NOT NULL, 27:c176 INT32 NOT NULL, 28:c252 INT32 NULLABLE, PRIMARY KEY (c429) ) version 22
I1102 21:39:08.042203 9042 maintenance_manager.cc:237] P 33b43dabe1b543f39e7ed84247c575e8: Unregistered op CompactRowSetsOp(1566ebff80a74910a6a6ff4e2a75bea0)
I1102 21:39:08.042227 9042 maintenance_manager.cc:237] P 33b43dabe1b543f39e7ed84247c575e8: Unregistered op MinorDeltaCompactionOp(1566ebff80a74910a6a6ff4e2a75bea0)
I1102 21:39:08.042250 9042 maintenance_manager.cc:237] P 33b43dabe1b543f39e7ed84247c575e8: Unregistered op MajorDeltaCompactionOp(1566ebff80a74910a6a6ff4e2a75bea0)
I1102 21:39:08.042263 9042 maintenance_manager.cc:237] P 33b43dabe1b543f39e7ed84247c575e8: Unregistered op UndoDeltaBlockGCOp(1566ebff80a74910a6a6ff4e2a75bea0)
I1102 21:39:08.042290 9042 maintenance_manager.cc:237] P 33b43dabe1b543f39e7ed84247c575e8: Unregistered op FlushMRSOp(1566ebff80a74910a6a6ff4e2a75bea0)
I1102 21:39:08.042302 9042 maintenance_manager.cc:237] P 33b43dabe1b543f39e7ed84247c575e8: Unregistered op FlushDeltaMemStoresOp(1566ebff80a74910a6a6ff4e2a75bea0)
I1102 21:39:08.042312 9042 maintenance_manager.cc:237] P 33b43dabe1b543f39e7ed84247c575e8: Unregistered op LogGCOp(1566ebff80a74910a6a6ff4e2a75bea0)
I1102 21:39:08.042343 9042 raft_consensus.cc:2149] T 1566ebff80a74910a6a6ff4e2a75bea0 P 33b43dabe1b543f39e7ed84247c575e8 [term 1 FOLLOWER]: Raft consensus shutting down.
I1102 21:39:08.042441 9042 raft_consensus.cc:2176] T 1566ebff80a74910a6a6ff4e2a75bea0 P 33b43dabe1b543f39e7ed84247c575e8 [term 1 FOLLOWER]: Raft consensus is shut down!
I1102 21:39:08.042495 9027 tablet.cc:1205] T 3972e3725a634c6b8a9c57fc18cb789d P c36abe6b2bdb4e778576473f60926b7b: MemRowSet was empty: no flush needed.
I1102 21:39:08.042912 9017 tablet.cc:1262] T 3972e3725a634c6b8a9c57fc18cb789d P 33b43dabe1b543f39e7ed84247c575e8: Alter schema from ( 10:c429 INT32 NOT NULL, 11:c18 INT32 NULLABLE, 15:c386 INT32 NULLABLE, 18:c330 INT32 NULLABLE, 20:c537 INT32 NULLABLE, 22:c875 INT32 NOT NULL, 23:c389 INT32 NULLABLE, 24:c764 INT32 NULLABLE, 25:c606 INT32 NULLABLE, 26:c840 INT32 NOT NULL, PRIMARY KEY (c429) ) version 21 to ( 10:c429 INT32 NOT NULL, 11:c18 INT32 NULLABLE, 15:c386 INT32 NULLABLE, 18:c330 INT32 NULLABLE, 20:c537 INT32 NULLABLE, 22:c875 INT32 NOT NULL, 23:c389 INT32 NULLABLE, 24:c764 INT32 NULLABLE, 25:c134 INT32 NULLABLE, 26:c840 INT32 NOT NULL, 27:c176 INT32 NOT NULL, 28:c252 INT32 NULLABLE, PRIMARY KEY (c429) ) version 22
I1102 21:39:08.043172 9017 tablet.cc:1205] T 3972e3725a634c6b8a9c57fc18cb789d P 33b43dabe1b543f39e7ed84247c575e8: MemRowSet was empty: no flush needed.
I1102 21:39:08.043200 9042 ts_tablet_manager.cc:1369] T 1566ebff80a74910a6a6ff4e2a75bea0 P 33b43dabe1b543f39e7ed84247c575e8: Deleting tablet data with delete state TABLET_DATA_DELETED
I1102 21:39:08.035436 8911 catalog_manager.cc:3180] Sending DeleteTablet(TABLET_DATA_DELETED) for tablet 38d0c648538040ba8a64bbabbcdbc234 on 33b43dabe1b543f39e7ed84247c575e8 (127.7.150.3:44373) (Partition dropped at 2018-11-02 21:39:07 UTC)
I1102 21:39:08.049808 8500 tablet_service.cc:806] Processing DeleteTablet for tablet 38d0c648538040ba8a64bbabbcdbc234 with delete_type TABLET_DATA_DELETED (Partition dropped at 2018-11-02 21:39:07 UTC) from {username='slave'} at 127.0.0.1:40312
I1102 21:39:08.049940 8911 catalog_manager.cc:3180] Sending DeleteTablet(TABLET_DATA_DELETED) for tablet 38d0c648538040ba8a64bbabbcdbc234 on e92a2036de454238809663ac303c6ade (127.7.150.2:39313) (Partition dropped at 2018-11-02 21:39:07 UTC)
I1102 21:39:08.049943 8912 catalog_manager.cc:4221] T 00000000000000000000000000000000 P 810977538c654d1a96a5c2a53c44d890: default.test_table [id=e93179f4d3eb4a26a760d9d76293265f] alter complete (version 22)
I1102 21:39:08.047332 8963 tablet.cc:1262] T 3972e3725a634c6b8a9c57fc18cb789d P e92a2036de454238809663ac303c6ade: Alter schema from ( 10:c429 INT32 NOT NULL, 11:c18 INT32 NULLABLE, 15:c386 INT32 NULLABLE, 18:c330 INT32 NULLABLE, 20:c537 INT32 NULLABLE, 22:c875 INT32 NOT NULL, 23:c389 INT32 NULLABLE, 24:c764 INT32 NULLABLE, 25:c606 INT32 NULLABLE, 26:c840 INT32 NOT NULL, PRIMARY KEY (c429) ) version 21 to ( 10:c429 INT32 NOT NULL, 11:c18 INT32 NULLABLE, 15:c386 INT32 NULLABLE, 18:c330 INT32 NULLABLE, 20:c537 INT32 NULLABLE, 22:c875 INT32 NOT NULL, 23:c389 INT32 NULLABLE, 24:c764 INT32 NULLABLE, 25:c134 INT32 NULLABLE, 26:c840 INT32 NOT NULL, 27:c176 INT32 NOT NULL, 28:c252 INT32 NULLABLE, PRIMARY KEY (c429) ) version 22
I1102 21:39:08.050873 8963 tablet.cc:1205] T 3972e3725a634c6b8a9c57fc18cb789d P e92a2036de454238809663ac303c6ade: MemRowSet was empty: no flush needed.
I1102 21:39:08.050907 9042 ts_tablet_manager.cc:1382] T 1566ebff80a74910a6a6ff4e2a75bea0 P 33b43dabe1b543f39e7ed84247c575e8: tablet deleted with delete type TABLET_DATA_DELETED: last-logged OpId 1.11
I1102 21:39:08.050954 9042 log.cc:986] T 1566ebff80a74910a6a6ff4e2a75bea0 P 33b43dabe1b543f39e7ed84247c575e8: Deleting WAL directory at /tmp/dist-test-taskoKLkQa/test-tmp/alter_table-randomized-test.0.HmsConfigurations_AlterTableRandomized.TestRandomSequence_0.1541194740983682-7768/minicluster-data/ts-2/wal/wals/1566ebff80a74910a6a6ff4e2a75bea0
I1102 21:39:08.050956 8911 catalog_manager.cc:3180] Sending DeleteTablet(TABLET_DATA_DELETED) for tablet 38d0c648538040ba8a64bbabbcdbc234 on c36abe6b2bdb4e778576473f60926b7b (127.7.150.1:46291) (Partition dropped at 2018-11-02 21:39:07 UTC)
I1102 21:39:08.050390 8811 tablet_service.cc:806] Processing DeleteTablet for tablet 38d0c648538040ba8a64bbabbcdbc234 with delete_type TABLET_DATA_DELETED (Partition dropped at 2018-11-02 21:39:07 UTC) from {username='slave'} at 127.0.0.1:54834
I1102 21:39:08.051338 9042 ts_tablet_manager.cc:1403] T 1566ebff80a74910a6a6ff4e2a75bea0 P 33b43dabe1b543f39e7ed84247c575e8: Deleting consensus metadata
I1102 21:39:08.051435 7898 tablet_service.cc:806] Processing DeleteTablet for tablet 38d0c648538040ba8a64bbabbcdbc234 with delete_type TABLET_DATA_DELETED (Partition dropped at 2018-11-02 21:39:07 UTC) from {username='slave'} at 127.0.0.1:51166
I1102 21:39:08.052170 8897 catalog_manager.cc:3158] TS 33b43dabe1b543f39e7ed84247c575e8 (127.7.150.3:44373): tablet 1566ebff80a74910a6a6ff4e2a75bea0 (table default.test_table [id=e93179f4d3eb4a26a760d9d76293265f]) successfully deleted
I1102 21:39:08.052330 9042 tablet_replica.cc:263] T 38d0c648538040ba8a64bbabbcdbc234 P 33b43dabe1b543f39e7ed84247c575e8: stopping tablet replica
I1102 21:39:08.052366 9042 maintenance_manager.cc:237] P 33b43dabe1b543f39e7ed84247c575e8: Unregistered op CompactRowSetsOp(38d0c648538040ba8a64bbabbcdbc234)
I1102 21:39:08.052383 9042 maintenance_manager.cc:237] P 33b43dabe1b543f39e7ed84247c575e8: Unregistered op MinorDeltaCompactionOp(38d0c648538040ba8a64bbabbcdbc234)
I1102 21:39:08.052428 9042 maintenance_manager.cc:237] P 33b43dabe1b543f39e7ed84247c575e8: Unregistered op MajorDeltaCompactionOp(38d0c648538040ba8a64bbabbcdbc234)
I1102 21:39:08.052443 9042 maintenance_manager.cc:237] P 33b43dabe1b543f39e7ed84247c575e8: Unregistered op UndoDeltaBlockGCOp(38d0c648538040ba8a64bbabbcdbc234)
I1102 21:39:08.052466 9042 maintenance_manager.cc:237] P 33b43dabe1b543f39e7ed84247c575e8: Unregistered op FlushMRSOp(38d0c648538040ba8a64bbabbcdbc234)
I1102 21:39:08.052479 9042 maintenance_manager.cc:237] P 33b43dabe1b543f39e7ed84247c575e8: Unregistered op FlushDeltaMemStoresOp(38d0c648538040ba8a64bbabbcdbc234)
I1102 21:39:08.052489 9042 maintenance_manager.cc:237] P 33b43dabe1b543f39e7ed84247c575e8: Unregistered op LogGCOp(38d0c648538040ba8a64bbabbcdbc234)
I1102 21:39:08.052515 9042 raft_consensus.cc:2149] T 38d0c648538040ba8a64bbabbcdbc234 P 33b43dabe1b543f39e7ed84247c575e8 [term 1 LEADER]: Raft consensus shutting down.
I1102 21:39:08.052532 9042 consensus_peers.cc:482] T 38d0c648538040ba8a64bbabbcdbc234 P 33b43dabe1b543f39e7ed84247c575e8 -> Peer c36abe6b2bdb4e778576473f60926b7b (127.7.150.1:46291): Closing peer: c36abe6b2bdb4e778576473f60926b7b
I1102 21:39:08.052558 9042 consensus_peers.cc:482] T 38d0c648538040ba8a64bbabbcdbc234 P 33b43dabe1b543f39e7ed84247c575e8 -> Peer e92a2036de454238809663ac303c6ade (127.7.150.2:39313): Closing peer: e92a2036de454238809663ac303c6ade
I1102 21:39:08.052681 9042 raft_consensus.cc:2176] T 38d0c648538040ba8a64bbabbcdbc234 P 33b43dabe1b543f39e7ed84247c575e8 [term 1 FOLLOWER]: Raft consensus is shut down!
I1102 21:39:08.054728 9042 ts_tablet_manager.cc:1369] T 38d0c648538040ba8a64bbabbcdbc234 P 33b43dabe1b543f39e7ed84247c575e8: Deleting tablet data with delete state TABLET_DATA_DELETED
I1102 21:39:08.055227 9017 tablet.cc:1257] T 3972e3725a634c6b8a9c57fc18cb789d P 33b43dabe1b543f39e7ed84247c575e8: Already running schema version 22 got alter request for version 22
I1102 21:39:08.056836 9042 ts_tablet_manager.cc:1382] T 38d0c648538040ba8a64bbabbcdbc234 P 33b43dabe1b543f39e7ed84247c575e8: tablet deleted with delete type TABLET_DATA_DELETED: last-logged OpId 1.2
I1102 21:39:08.056895 9042 log.cc:986] T 38d0c648538040ba8a64bbabbcdbc234 P 33b43dabe1b543f39e7ed84247c575e8: Deleting WAL directory at /tmp/dist-test-taskoKLkQa/test-tmp/alter_table-randomized-test.0.HmsConfigurations_AlterTableRandomized.TestRandomSequence_0.1541194740983682-7768/minicluster-data/ts-2/wal/wals/38d0c648538040ba8a64bbabbcdbc234
I1102 21:39:08.057565 9044 ts_tablet_manager.cc:1382] T 1566ebff80a74910a6a6ff4e2a75bea0 P c36abe6b2bdb4e778576473f60926b7b: tablet deleted with delete type TABLET_DATA_DELETED: last-logged OpId 1.11
I1102 21:39:08.057947 8880 maintenance_manager.cc:304] P e92a2036de454238809663ac303c6ade: Scheduling UndoDeltaBlockGCOp(06f9d3b29f2a4de984e1289db815ff83): 355 bytes on disk
