I1102 21:39:05.680873 8887 master_main.cc:80] Initializing master server...
I1102 21:39:05.681252 8887 system_ntp.cc:199] NTP initialized. Skew: 500ppm Current error: 131376us
I1102 21:39:05.681864 8887 fs_manager.cc:263] Metadata directory not provided
I1102 21:39:05.681913 8887 fs_manager.cc:269] Using write-ahead log directory (fs_wal_dir) as metadata directory
I1102 21:39:05.685102 8887 fs_manager.cc:399] Time spent opening directory manager: real 0.002s user 0.002s sys 0.000s
I1102 21:39:05.685555 8887 env_posix.cc:1676] Not raising this process' open files per process limit of 1048576; it is already as high as it can go
I1102 21:39:05.685770 8887 file_cache.cc:466] Constructed file cache lbm with capacity 419430
I1102 21:39:05.688117 8887 fs_manager.cc:419] Time spent opening block manager: real 0.001s user 0.000s sys 0.000s
I1102 21:39:05.688557 8887 fs_manager.cc:436] Opened local filesystem: /tmp/dist-test-taskoKLkQa/test-tmp/alter_table-randomized-test.0.HmsConfigurations_AlterTableRandomized.TestRandomSequence_0.1541194740983682-7768/minicluster-data/master-0/data,/tmp/dist-test-taskoKLkQa/test-tmp/alter_table-randomized-test.0.HmsConfigurations_AlterTableRandomized.TestRandomSequence_0.1541194740983682-7768/minicluster-data/master-0/wal uuid: "810977538c654d1a96a5c2a53c44d890" format_stamp: "Formatted at 2018-11-02 21:39:01 on dist-test-slave-dist-test-slave-lx6r"
I1102 21:39:05.688649 8887 fs_report.cc:352] FS layout report -------------------- wal directory: /tmp/dist-test-taskoKLkQa/test-tmp/alter_table-randomized-test.0.HmsConfigurations_AlterTableRandomized.TestRandomSequence_0.1541194740983682-7768/minicluster-data/master-0/wal metadata directory: /tmp/dist-test-taskoKLkQa/test-tmp/alter_table-randomized-test.0.HmsConfigurations_AlterTableRandomized.TestRandomSequence_0.1541194740983682-7768/minicluster-data/master-0/wal 1 data directories: /tmp/dist-test-taskoKLkQa/test-tmp/alter_table-randomized-test.0.HmsConfigurations_AlterTableRandomized.TestRandomSequence_0.1541194740983682-7768/minicluster-data/master-0/data/data Total live blocks: 0 Total live bytes: 0 Total live bytes (after alignment): 0 Total number of LBM containers: 0 (0 full) Did not check for missing blocks Did not check for orphaned blocks Total full LBM containers with extra space: 0 (0 repaired) Total full LBM container extra space in bytes: 0 (0 repaired) Total incomplete LBM containers: 0 (0 repaired) Total LBM partial records: 0 (0 repaired)
I1102 21:39:05.715651 8887 env_posix.cc:1676] Not raising this process' running threads per effective uid limit of 18446744073709551615; it is already as high as it can go
I1102 21:39:05.716147 8887 master_main.cc:83] Starting Master server...
I1102 21:39:05.720165 8887 rpc_server.cc:205] RPC server started. Bound to: 127.7.150.62:42573
I1102 21:39:05.720445 8887 webserver.cc:175] Starting webserver on 127.7.150.62:44329
I1102 21:39:05.720466 8887 webserver.cc:186] Document root disabled
I1102 21:39:05.720783 8887 webserver.cc:313] Webserver started. Bound to: http://127.7.150.62:44329/
I1102 21:39:05.721258 8887 server_base.cc:607] Dumped server information to /tmp/dist-test-taskoKLkQa/test-tmp/alter_table-randomized-test.0.HmsConfigurations_AlterTableRandomized.TestRandomSequence_0.1541194740983682-7768/minicluster-data/master-0/data/info.pb
I1102 21:39:05.724483 7768 external_mini_cluster.cc:907] Started /tmp/dist-test-taskoKLkQa/build/debug/bin/kudu-master as pid 8887
I1102 21:39:05.725422 8946 tablet_bootstrap.cc:438] T 00000000000000000000000000000000 P 810977538c654d1a96a5c2a53c44d890: Bootstrap starting.
I1102 21:39:05.737884 8946 log.cc:525] T 00000000000000000000000000000000 P 810977538c654d1a96a5c2a53c44d890: Log is configured to *not* fsync() on all Append() calls
I1102 21:39:05.764967 8946 tablet_bootstrap.cc:438] T 00000000000000000000000000000000 P 810977538c654d1a96a5c2a53c44d890: Bootstrap replayed 1/1 log segments. Stats: ops{read=52 overwritten=0 applied=52 ignored=1} inserts{seen=12 ignored=0} mutations{seen=55 ignored=0} orphaned_commits=0. Pending: 0 replicates
I1102 21:39:05.765439 8946 tablet_bootstrap.cc:438] T 00000000000000000000000000000000 P 810977538c654d1a96a5c2a53c44d890: Bootstrap complete.
I1102 21:39:05.768647 8946 raft_consensus.cc:339] T 00000000000000000000000000000000 P 810977538c654d1a96a5c2a53c44d890 [term 1 FOLLOWER]: Replica starting. Triggering 0 pending transactions. Active config: opid_index: -1 OBSOLETE_local: true peers { permanent_uuid: "810977538c654d1a96a5c2a53c44d890" member_type: VOTER }
I1102 21:39:05.768708 8946 raft_consensus.cc:704] T 00000000000000000000000000000000 P 810977538c654d1a96a5c2a53c44d890 [term 1 FOLLOWER]: Becoming Follower/Learner. State: Replica: 810977538c654d1a96a5c2a53c44d890, State: Initialized, Role: FOLLOWER
I1102 21:39:05.769001 8946 consensus_queue.cc:229] T 00000000000000000000000000000000 P 810977538c654d1a96a5c2a53c44d890 [NON_LEADER]: Queue going to NON_LEADER mode. State: All replicated index: 0, Majority replicated index: 0, Committed index: 52, Last appended: 1.52, Last appended by leader: 52, Current term: 0, Majority size: -1, State: 0, Mode: NON_LEADER, active raft config: opid_index: -1 OBSOLETE_local: true peers { permanent_uuid: "810977538c654d1a96a5c2a53c44d890" member_type: VOTER }
I1102 21:39:05.769047 8946 raft_consensus.cc:379] T 00000000000000000000000000000000 P 810977538c654d1a96a5c2a53c44d890 [term 1 FOLLOWER]: Only one voter in the Raft config. Triggering election immediately
I1102 21:39:05.769079 8946 raft_consensus.cc:471] T 00000000000000000000000000000000 P 810977538c654d1a96a5c2a53c44d890 [term 1 FOLLOWER]: Starting leader election (initial election of a single-replica configuration)
I1102 21:39:05.769140 8946 raft_consensus.cc:2840] T 00000000000000000000000000000000 P 810977538c654d1a96a5c2a53c44d890: Snoozing failure detection for 1.566s (starting election)
I1102 21:39:05.769170 8946 raft_consensus.cc:2892] T 00000000000000000000000000000000 P 810977538c654d1a96a5c2a53c44d890 [term 1 FOLLOWER]: Advancing to term 2
I1102 21:39:05.770776 8946 raft_consensus.cc:493] T 00000000000000000000000000000000 P 810977538c654d1a96a5c2a53c44d890 [term 2 FOLLOWER]: Starting leader election with config: opid_index: -1 OBSOLETE_local: true peers { permanent_uuid: "810977538c654d1a96a5c2a53c44d890" member_type: VOTER }
I1102 21:39:05.770993 8946 leader_election.cc:278] T 00000000000000000000000000000000 P 810977538c654d1a96a5c2a53c44d890 [CANDIDATE]: Term 2 election: Election decided. Result: candidate won.
I1102 21:39:05.771363 8949 raft_consensus.cc:2840] T 00000000000000000000000000000000 P 810977538c654d1a96a5c2a53c44d890: Snoozing failure detection for 1.720s (election complete)
I1102 21:39:05.771421 8949 raft_consensus.cc:2646] T 00000000000000000000000000000000 P 810977538c654d1a96a5c2a53c44d890 [term 2 FOLLOWER]: Leader election won for term 2
I1102 21:39:05.771569 8949 raft_consensus.cc:666] T 00000000000000000000000000000000 P 810977538c654d1a96a5c2a53c44d890 [term 2 LEADER]: Becoming Leader. State: Replica: 810977538c654d1a96a5c2a53c44d890, State: Running, Role: LEADER
I1102 21:39:05.771775 8949 consensus_queue.cc:206] T 00000000000000000000000000000000 P 810977538c654d1a96a5c2a53c44d890 [LEADER]: Queue going to LEADER mode. State: All replicated index: 0, Majority replicated index: 52, Committed index: 52, Last appended: 1.52, Last appended by leader: 52, Current term: 2, Majority size: 1, State: 0, Mode: LEADER, active raft config: opid_index: -1 OBSOLETE_local: true peers { permanent_uuid: "810977538c654d1a96a5c2a53c44d890" member_type: VOTER }
I1102 21:39:05.772357 8946 sys_catalog.cc:337] T 00000000000000000000000000000000 P 810977538c654d1a96a5c2a53c44d890 [sys.catalog]: SysCatalogTable state changed. Reason: Started TabletReplica. Latest consensus state: current_term: 2 leader_uuid: "810977538c654d1a96a5c2a53c44d890" committed_config { opid_index: -1 OBSOLETE_local: true peers { permanent_uuid: "810977538c654d1a96a5c2a53c44d890" member_type: VOTER } }
I1102 21:39:05.772357 8949 sys_catalog.cc:337] T 00000000000000000000000000000000 P 810977538c654d1a96a5c2a53c44d890 [sys.catalog]: SysCatalogTable state changed. Reason: RaftConsensus started. Latest consensus state: current_term: 2 leader_uuid: "810977538c654d1a96a5c2a53c44d890" committed_config { opid_index: -1 OBSOLETE_local: true peers { permanent_uuid: "810977538c654d1a96a5c2a53c44d890" member_type: VOTER } }
I1102 21:39:05.772418 8946 sys_catalog.cc:340] T 00000000000000000000000000000000 P 810977538c654d1a96a5c2a53c44d890 [sys.catalog]: This master's current role is: LEADER
I1102 21:39:05.772472 8949 sys_catalog.cc:340] T 00000000000000000000000000000000 P 810977538c654d1a96a5c2a53c44d890 [sys.catalog]: This master's current role is: LEADER
I1102 21:39:05.772483 8950 sys_catalog.cc:337] T 00000000000000000000000000000000 P 810977538c654d1a96a5c2a53c44d890 [sys.catalog]: SysCatalogTable state changed. Reason: New leader 810977538c654d1a96a5c2a53c44d890. Latest consensus state: current_term: 2 leader_uuid: "810977538c654d1a96a5c2a53c44d890" committed_config { opid_index: -1 OBSOLETE_local: true peers { permanent_uuid: "810977538c654d1a96a5c2a53c44d890" member_type: VOTER } }
I1102 21:39:05.772505 8950 sys_catalog.cc:340] T 00000000000000000000000000000000 P 810977538c654d1a96a5c2a53c44d890 [sys.catalog]: This master's current role is: LEADER
I1102 21:39:05.773389 8946 sys_catalog.cc:424] T 00000000000000000000000000000000 P 810977538c654d1a96a5c2a53c44d890 [sys.catalog]: configured and running, proceeding with master startup.
I1102 21:39:05.773514 8953 catalog_manager.cc:1033] Loading table and tablet metadata into memory...
I1102 21:39:05.773777 8887 master_main.cc:86] Master server successfully started.
I1102 21:39:05.775954 8953 catalog_manager.cc:344] Loaded metadata for table default.test_table [id=e93179f4d3eb4a26a760d9d76293265f]
I1102 21:39:05.777254 8953 catalog_manager.cc:398] Loaded metadata for tablet a8ae8156f3ad4fb3ab494ce26bb1a039 (table default.test_table [id=e93179f4d3eb4a26a760d9d76293265f])
I1102 21:39:05.777549 8953 catalog_manager.cc:1044] Initializing Kudu internal certificate authority...
I1102 21:39:05.778439 8880 maintenance_manager.cc:304] P e92a2036de454238809663ac303c6ade: Scheduling CompactRowSetsOp(a8ae8156f3ad4fb3ab494ce26bb1a039): perf score=0.996297
I1102 21:39:05.778872 8773 tablet.cc:1732] T a8ae8156f3ad4fb3ab494ce26bb1a039 P e92a2036de454238809663ac303c6ade: Compaction: stage 1 complete, picked 2 rowsets to compact or flush
I1102 21:39:05.778905 8773 compaction.cc:926] Selected 2 rowsets to compact:
I1102 21:39:05.778924 8773 compaction.cc:929] RowSet(0)(current size on disk: ~5460 bytes)
I1102 21:39:05.778935 8773 compaction.cc:929] RowSet(1)(current size on disk: ~6338 bytes)
I1102 21:39:05.778995 8773 tablet.cc:1508] T a8ae8156f3ad4fb3ab494ce26bb1a039 P e92a2036de454238809663ac303c6ade: Compaction: entering phase 1 (flushing snapshot). Phase 1 snapshot: MvccSnapshot[committed={T|T < 6312733677193367552 or (T in {6312733677193367552})}]
I1102 21:39:05.780233 8953 catalog_manager.cc:1053] Loading token signing keys...
I1102 21:39:05.781208 8953 catalog_manager.cc:4093] T 00000000000000000000000000000000 P 810977538c654d1a96a5c2a53c44d890: Loaded TSK: 0
I1102 21:39:05.782011 8773 multi_column_writer.cc:98] Opened CFile writers for 8 column(s)
I1102 21:39:05.791923 8773 tablet.cc:1594] T a8ae8156f3ad4fb3ab494ce26bb1a039 P e92a2036de454238809663ac303c6ade: Compaction: entering phase 2 (starting to duplicate updates in new rowsets)
I1102 21:39:05.792126 8773 tablet.cc:1649] T a8ae8156f3ad4fb3ab494ce26bb1a039 P e92a2036de454238809663ac303c6ade: Compaction Phase 2: carrying over any updates which arrived during Phase 1
I1102 21:39:05.792157 8773 tablet.cc:1651] T a8ae8156f3ad4fb3ab494ce26bb1a039 P e92a2036de454238809663ac303c6ade: Phase 2 snapshot: MvccSnapshot[committed={T|T < 6312733677193367552 or (T in {6312733677193367552})}]
I1102 21:39:05.796074 8773 tablet.cc:1699] T a8ae8156f3ad4fb3ab494ce26bb1a039 P e92a2036de454238809663ac303c6ade: Compaction successful on 22 rows (1 rowsets, 5685 bytes)
I1102 21:39:05.796834 8773 maintenance_manager.cc:494] P e92a2036de454238809663ac303c6ade: CompactRowSetsOp(a8ae8156f3ad4fb3ab494ce26bb1a039) complete. Timing: real 0.018s user 0.017s sys 0.000s Metrics: {"cfile_cache_hit":27,"cfile_cache_hit_bytes":1187,"cfile_cache_miss":41,"cfile_cache_miss_bytes":3231,"cfile_init":14,"data dirs.queue_time_us":70,"delta_iterators_relevant":8,"lbm_read_time_us":918,"lbm_reads_lt_1ms":97,"lbm_write_time_us":1830,"lbm_writes_lt_1ms":45,"mutex_wait_us":17,"spinlock_wait_cycles":7552}
I1102 21:39:05.797230 8880 maintenance_manager.cc:304] P e92a2036de454238809663ac303c6ade: Scheduling UndoDeltaBlockGCOp(a8ae8156f3ad4fb3ab494ce26bb1a039): 1302 bytes on disk
I1102 21:39:05.797770 8773 maintenance_manager.cc:494] P e92a2036de454238809663ac303c6ade: UndoDeltaBlockGCOp(a8ae8156f3ad4fb3ab494ce26bb1a039) complete. Timing: real 0.000s user 0.000s sys 0.000s Metrics: {"cfile_init":1,"lbm_read_time_us":67,"lbm_reads_lt_1ms":4}
I1102 21:39:05.862892 8913 master_service.cc:209] Got heartbeat from unknown tserver (permanent_uuid: "33b43dabe1b543f39e7ed84247c575e8" instance_seqno: 1541194743724833) as {username='slave'} at 127.7.150.3:51049; Asking this server to re-register.
I1102 21:39:05.863342 8564 heartbeater.cc:426] Registering TS with master...
I1102 21:39:05.863472 8564 heartbeater.cc:475] Master 127.7.150.62:42573 requested a full tablet report, sending...
I1102 21:39:05.864287 8913 ts_manager.cc:98] Registered new tserver with Master: 33b43dabe1b543f39e7ed84247c575e8 (127.7.150.3:44373)
I1102 21:39:05.873841 8913 master_service.cc:209] Got heartbeat from unknown tserver (permanent_uuid: "e92a2036de454238809663ac303c6ade" instance_seqno: 1541194745522761) as {username='slave'} at 127.7.150.2:47407; Asking this server to re-register.
I1102 21:39:05.874200 8879 heartbeater.cc:426] Registering TS with master...
I1102 21:39:05.874315 8879 heartbeater.cc:475] Master 127.7.150.62:42573 requested a full tablet report, sending...
I1102 21:39:05.874933 8913 ts_manager.cc:98] Registered new tserver with Master: e92a2036de454238809663ac303c6ade (127.7.150.2:39313)
I1102 21:39:05.996419 8913 master_service.cc:209] Got heartbeat from unknown tserver (permanent_uuid: "c36abe6b2bdb4e778576473f60926b7b" instance_seqno: 1541194741256575) as {username='slave'} at 127.7.150.1:51263; Asking this server to re-register.
I1102 21:39:05.996801 7963 heartbeater.cc:426] Registering TS with master...
I1102 21:39:05.996932 7963 heartbeater.cc:475] Master 127.7.150.62:42573 requested a full tablet report, sending...
I1102 21:39:05.997552 8912 ts_manager.cc:98] Registered new tserver with Master: c36abe6b2bdb4e778576473f60926b7b (127.7.150.1:46291)
I1102 21:39:05.998800 7768 external_mini_cluster.cc:535] 3 TS(s) registered with all masters
I1102 21:39:05.998831 7768 alter_table-randomized-test.cc:134] Master Restarted
I1102 21:39:06.096379 7768 alter_table-randomized-test.cc:448] Beginning Alterations
I1102 21:39:06.097298 7768 alter_table-randomized-test.cc:523] Renaming PrimaryKey column c113 to c176
I1102 21:39:06.097333 7768 alter_table-randomized-test.cc:486] Adding column c875, existing columns: c176, c459, c119, c524, c340, c600, c537, c749
I1102 21:39:06.097362 7768 alter_table-randomized-test.cc:480] Committing Alterations
I1102 21:39:06.099114 8912 catalog_manager.cc:2182] Servicing AlterTable request from {username='slave'} at 127.0.0.1:59060: table { table_name: "default.test_table" } alter_schema_steps { type: RENAME_COLUMN rename_column { old_name: "c113" new_name: "c176" } } alter_schema_steps { type: ADD_COLUMN add_column { schema { name: "c875" type: INT32 is_nullable: false read_default_value: "\274)Y\\" encoding: AUTO_ENCODING compression: DEFAULT_COMPRESSION cfile_block_size: 0 } } } modify_external_catalogs: true
I1102 21:39:06.109863 8594 tablet.cc:1262] T a8ae8156f3ad4fb3ab494ce26bb1a039 P 33b43dabe1b543f39e7ed84247c575e8: Alter schema from ( 10:c113 INT32 NOT NULL, 11:c459 INT32 NULLABLE, 13:c119 INT32 NOT NULL, 15:c524 INT32 NULLABLE, 18:c340 INT32 NULLABLE, 19:c600 INT32 NOT NULL, 20:c537 INT32 NULLABLE, 21:c749 INT32 NOT NULL, PRIMARY KEY (c113) ) version 15 to ( 10:c176 INT32 NOT NULL, 11:c459 INT32 NULLABLE, 13:c119 INT32 NOT NULL, 15:c524 INT32 NULLABLE, 18:c340 INT32 NULLABLE, 19:c600 INT32 NOT NULL, 20:c537 INT32 NULLABLE, 21:c749 INT32 NOT NULL, 22:c875 INT32 NOT NULL, PRIMARY KEY (c176) ) version 16
I1102 21:39:06.110273 8594 tablet.cc:1214] T a8ae8156f3ad4fb3ab494ce26bb1a039 P 33b43dabe1b543f39e7ed84247c575e8: Flush: entering stage 1 (old memrowset already frozen for inserts)
I1102 21:39:06.110311 8594 compaction.cc:926] Selected 1 rowsets to compact:
I1102 21:39:06.110319 8594 compaction.cc:929] memrowset(current size on disk: ~0 bytes)
I1102 21:39:06.110330 8594 tablet.cc:1216] T a8ae8156f3ad4fb3ab494ce26bb1a039 P 33b43dabe1b543f39e7ed84247c575e8: Memstore in-memory size: 3751 bytes
I1102 21:39:06.110352 8594 tablet.cc:1508] T a8ae8156f3ad4fb3ab494ce26bb1a039 P 33b43dabe1b543f39e7ed84247c575e8: Flush: entering phase 1 (flushing snapshot). Phase 1 snapshot: MvccSnapshot[committed={T|T < 6312733680056610816}]
I1102 21:39:06.110378 8622 tablet.cc:1262] T a8ae8156f3ad4fb3ab494ce26bb1a039 P c36abe6b2bdb4e778576473f60926b7b: Alter schema from ( 10:c113 INT32 NOT NULL, 11:c459 INT32 NULLABLE, 13:c119 INT32 NOT NULL, 15:c524 INT32 NULLABLE, 18:c340 INT32 NULLABLE, 19:c600 INT32 NOT NULL, 20:c537 INT32 NULLABLE, 21:c749 INT32 NOT NULL, PRIMARY KEY (c113) ) version 15 to ( 10:c176 INT32 NOT NULL, 11:c459 INT32 NULLABLE, 13:c119 INT32 NOT NULL, 15:c524 INT32 NULLABLE, 18:c340 INT32 NULLABLE, 19:c600 INT32 NOT NULL, 20:c537 INT32 NULLABLE, 21:c749 INT32 NOT NULL, 22:c875 INT32 NOT NULL, PRIMARY KEY (c176) ) version 16
I1102 21:39:06.110390 8963 tablet.cc:1262] T a8ae8156f3ad4fb3ab494ce26bb1a039 P e92a2036de454238809663ac303c6ade: Alter schema from ( 10:c113 INT32 NOT NULL, 11:c459 INT32 NULLABLE, 13:c119 INT32 NOT NULL, 15:c524 INT32 NULLABLE, 18:c340 INT32 NULLABLE, 19:c600 INT32 NOT NULL, 20:c537 INT32 NULLABLE, 21:c749 INT32 NOT NULL, PRIMARY KEY (c113) ) version 15 to ( 10:c176 INT32 NOT NULL, 11:c459 INT32 NULLABLE, 13:c119 INT32 NOT NULL, 15:c524 INT32 NULLABLE, 18:c340 INT32 NULLABLE, 19:c600 INT32 NOT NULL, 20:c537 INT32 NULLABLE, 21:c749 INT32 NOT NULL, 22:c875 INT32 NOT NULL, PRIMARY KEY (c176) ) version 16
I1102 21:39:06.110718 8622 tablet.cc:1214] T a8ae8156f3ad4fb3ab494ce26bb1a039 P c36abe6b2bdb4e778576473f60926b7b: Flush: entering stage 1 (old memrowset already frozen for inserts)
I1102 21:39:06.110719 8963 tablet.cc:1214] T a8ae8156f3ad4fb3ab494ce26bb1a039 P e92a2036de454238809663ac303c6ade: Flush: entering stage 1 (old memrowset already frozen for inserts)
I1102 21:39:06.110731 8622 compaction.cc:926] Selected 1 rowsets to compact:
I1102 21:39:06.110733 8963 compaction.cc:926] Selected 1 rowsets to compact:
I1102 21:39:06.110736 8622 compaction.cc:929] memrowset(current size on disk: ~0 bytes)
I1102 21:39:06.110744 8622 tablet.cc:1216] T a8ae8156f3ad4fb3ab494ce26bb1a039 P c36abe6b2bdb4e778576473f60926b7b: Memstore in-memory size: 3751 bytes
I1102 21:39:06.110751 8963 compaction.cc:929] memrowset(current size on disk: ~0 bytes)
I1102 21:39:06.110757 8622 tablet.cc:1508] T a8ae8156f3ad4fb3ab494ce26bb1a039 P c36abe6b2bdb4e778576473f60926b7b: Flush: entering phase 1 (flushing snapshot). Phase 1 snapshot: MvccSnapshot[committed={T|T < 6312733680056610816}]
I1102 21:39:06.110764 8963 tablet.cc:1216] T a8ae8156f3ad4fb3ab494ce26bb1a039 P e92a2036de454238809663ac303c6ade: Memstore in-memory size: 3751 bytes
I1102 21:39:06.110782 8963 tablet.cc:1508] T a8ae8156f3ad4fb3ab494ce26bb1a039 P e92a2036de454238809663ac303c6ade: Flush: entering phase 1 (flushing snapshot). Phase 1 snapshot: MvccSnapshot[committed={T|T < 6312733680056610816}]
I1102 21:39:06.112306 8594 multi_column_writer.cc:98] Opened CFile writers for 9 column(s)
I1102 21:39:06.112620 8622 multi_column_writer.cc:98] Opened CFile writers for 9 column(s)
I1102 21:39:06.112937 8963 multi_column_writer.cc:98] Opened CFile writers for 9 column(s)
I1102 21:39:06.121549 8963 tablet.cc:1594] T a8ae8156f3ad4fb3ab494ce26bb1a039 P e92a2036de454238809663ac303c6ade: Flush: entering phase 2 (starting to duplicate updates in new rowsets)
I1102 21:39:06.121771 8963 tablet.cc:1649] T a8ae8156f3ad4fb3ab494ce26bb1a039 P e92a2036de454238809663ac303c6ade: Flush Phase 2: carrying over any updates which arrived during Phase 1
I1102 21:39:06.121803 8963 tablet.cc:1651] T a8ae8156f3ad4fb3ab494ce26bb1a039 P e92a2036de454238809663ac303c6ade: Phase 2 snapshot: MvccSnapshot[committed={T|T < 6312733680056610816}]
I1102 21:39:06.124518 8963 tablet.cc:1699] T a8ae8156f3ad4fb3ab494ce26bb1a039 P e92a2036de454238809663ac303c6ade: Flush successful on 25 rows (1 rowsets, 6039 bytes)
I1102 21:39:06.127151 8594 tablet.cc:1594] T a8ae8156f3ad4fb3ab494ce26bb1a039 P 33b43dabe1b543f39e7ed84247c575e8: Flush: entering phase 2 (starting to duplicate updates in new rowsets)
I1102 21:39:06.127354 8912 catalog_manager.cc:4221] T 00000000000000000000000000000000 P 810977538c654d1a96a5c2a53c44d890: default.test_table [id=e93179f4d3eb4a26a760d9d76293265f] alter complete (version 16)
I1102 21:39:06.131734 8622 tablet.cc:1594] T a8ae8156f3ad4fb3ab494ce26bb1a039 P c36abe6b2bdb4e778576473f60926b7b: Flush: entering phase 2 (starting to duplicate updates in new rowsets)
I1102 21:39:06.132055 8622 tablet.cc:1649] T a8ae8156f3ad4fb3ab494ce26bb1a039 P c36abe6b2bdb4e778576473f60926b7b: Flush Phase 2: carrying over any updates which arrived during Phase 1
I1102 21:39:06.132092 8622 tablet.cc:1651] T a8ae8156f3ad4fb3ab494ce26bb1a039 P c36abe6b2bdb4e778576473f60926b7b: Phase 2 snapshot: MvccSnapshot[committed={T|T < 6312733680056610816}]
I1102 21:39:06.133677 8594 tablet.cc:1649] T a8ae8156f3ad4fb3ab494ce26bb1a039 P 33b43dabe1b543f39e7ed84247c575e8: Flush Phase 2: carrying over any updates which arrived during Phase 1
I1102 21:39:06.133718 8594 tablet.cc:1651] T a8ae8156f3ad4fb3ab494ce26bb1a039 P 33b43dabe1b543f39e7ed84247c575e8: Phase 2 snapshot: MvccSnapshot[committed={T|T < 6312733680056610816}]
I1102 21:39:06.135993 8622 tablet.cc:1699] T a8ae8156f3ad4fb3ab494ce26bb1a039 P c36abe6b2bdb4e778576473f60926b7b: Flush successful on 25 rows (1 rowsets, 6042 bytes)
I1102 21:39:06.139305 8594 tablet.cc:1699] T a8ae8156f3ad4fb3ab494ce26bb1a039 P 33b43dabe1b543f39e7ed84247c575e8: Flush successful on 25 rows (1 rowsets, 6039 bytes)
I1102 21:39:06.234310 8565 maintenance_manager.cc:304] P 33b43dabe1b543f39e7ed84247c575e8: Scheduling UndoDeltaBlockGCOp(a8ae8156f3ad4fb3ab494ce26bb1a039): 885 bytes on disk
I1102 21:39:06.234867 8458 maintenance_manager.cc:494] P 33b43dabe1b543f39e7ed84247c575e8: UndoDeltaBlockGCOp(a8ae8156f3ad4fb3ab494ce26bb1a039) complete. Timing: real 0.000s user 0.000s sys 0.000s Metrics: {"cfile_init":1,"lbm_read_time_us":73,"lbm_reads_lt_1ms":4}
I1102 21:39:06.271698 7964 maintenance_manager.cc:304] P c36abe6b2bdb4e778576473f60926b7b: Scheduling UndoDeltaBlockGCOp(a8ae8156f3ad4fb3ab494ce26bb1a039): 885 bytes on disk
I1102 21:39:06.272261 7858 maintenance_manager.cc:494] P c36abe6b2bdb4e778576473f60926b7b: UndoDeltaBlockGCOp(a8ae8156f3ad4fb3ab494ce26bb1a039) complete. Timing: real 0.000s user 0.000s sys 0.000s Metrics: {"cfile_init":1,"lbm_read_time_us":78,"lbm_reads_lt_1ms":4}
I1102 21:39:06.298475 8880 maintenance_manager.cc:304] P e92a2036de454238809663ac303c6ade: Scheduling UndoDeltaBlockGCOp(a8ae8156f3ad4fb3ab494ce26bb1a039): 885 bytes on disk
I1102 21:39:06.299052 8773 maintenance_manager.cc:494] P e92a2036de454238809663ac303c6ade: UndoDeltaBlockGCOp(a8ae8156f3ad4fb3ab494ce26bb1a039) complete. Timing: real 0.000s user 0.000s sys 0.000s Metrics: {"cfile_init":1,"lbm_read_time_us":81,"lbm_reads_lt_1ms":4}
I1102 21:39:06.397276 7768 alter_table-randomized-test.cc:448] Beginning Alterations
I1102 21:39:06.398480 7768 alter_table-randomized-test.cc:534] Changing default of column c524 to 164299060
I1102 21:39:06.398514 7768 alter_table-randomized-test.cc:534] Changing default of column c524 to 360006512
I1102 21:39:06.398530 7768 alter_table-randomized-test.cc:562] Adding range partition: [805306356, 872415219) resulting partitions: (402653178, 469762041], (805306356, 872415219)
I1102 21:39:06.398566 7768 alter_table-randomized-test.cc:516] Renaming column c600 to c432
I1102 21:39:06.398608 7768 alter_table-randomized-test.cc:534] Changing default of column c119 to 555846745
I1102 21:39:06.398622 7768 alter_table-randomized-test.cc:523] Renaming PrimaryKey column c176 to c908
I1102 21:39:06.398633 7768 alter_table-randomized-test.cc:516] Renaming column c459 to c552
I1102 21:39:06.398650 7768 alter_table-randomized-test.cc:480] Committing Alterations
I1102 21:39:06.399550 8912 catalog_manager.cc:2182] Servicing AlterTable request from {username='slave'} at 127.0.0.1:59060: table { table_name: "default.test_table" } alter_schema_steps { type: ALTER_COLUMN alter_column { delta { name: "c524" default_value: "4\001\313\t\000\000\000\000" } } } alter_schema_steps { type: ALTER_COLUMN alter_column { delta { name: "c524" default_value: "pCu\025\000\000\000\000" } } } alter_schema_steps { type: ADD_RANGE_PARTITION add_range_partition { range_bounds { rows: "\010\001\000\000\000\363\377\377/\t\001\000\000\000\362\377\3773" } } } alter_schema_steps { type: RENAME_COLUMN rename_column { old_name: "c600" new_name: "c432" } } alter_schema_steps { type: ALTER_COLUMN alter_column { delta { name: "c119" default_value: "Y\214!!\000\000\000\000" } } } alter_schema_steps { type: RENAME_COLUMN rename_column { old_name: "c176" new_name: "c908" } } alter_schema_steps { type: RENAME_COLUMN rename_column { old_name: "c459" new_name: "c552" } } schema { columns { name: "c176" type: INT32 is_key: true is_nullable: false encoding: AUTO_ENCODING compression: DEFAULT_COMPRESSION cfile_block_size: 0 } columns { name: "c459" type: INT32 is_key: false is_nullable: true encoding: BIT_SHUFFLE compression: NO_COMPRESSION cfile_block_size: 0 } columns { name: "c119" type: INT32 is_key: false is_nullable: false read_default_value: "g\177\2379" encoding: AUTO_ENCODING compression: LZ4 cfile_block_size: 4194304 } columns { name: "c524" type: INT32 is_key: false is_nullable: true encoding: AUTO_ENCODING compression: DEFAULT_COMPRESSION cfile_block_size: 4194304 } columns { name: "c340" type: INT32 is_key: false is_nullable: true encoding: AUTO_ENCODING compression: DEFAULT_COMPRESSION cfile_block_size: 0 } columns { name: "c600" type: INT32 is_key: false is_nullable: false read_default_value: "\310\022\010T" encoding: AUTO_ENCODING compression: DEFAULT_COMPRESSION cfile_block_size: 0 } columns { name: "c537" type: INT32 is_key: false is_nullable: true encoding: RLE compression: DEFAULT_COMPRESSION cfile_block_size: 0 } columns { name: "c749" type: INT32 is_key: false is_nullable: false read_default_value: "\010\00511" encoding: AUTO_ENCODING compression: DEFAULT_COMPRESSION cfile_block_size: 0 } columns { name: "c875" type: INT32 is_key: false is_nullable: false read_default_value: "\274)Y\\" encoding: AUTO_ENCODING compression: DEFAULT_COMPRESSION cfile_block_size: 0 } } modify_external_catalogs: true
I1102 21:39:06.402904 8912 catalog_manager.cc:2958] Scheduling retry of 06f9d3b29f2a4de984e1289db815ff83 (table default.test_table [id=e93179f4d3eb4a26a760d9d76293265f]) Alter Table RPC with a delay of 35 ms (attempt = 1)
W1102 21:39:06.402985 8912 catalog_manager.cc:3990] Failed to send alter table request: Not found: failed to reset TS proxy: No leader found: Tablet 06f9d3b29f2a4de984e1289db815ff83 has no consensus state
I1102 21:39:06.406430 8594 tablet.cc:1262] T a8ae8156f3ad4fb3ab494ce26bb1a039 P 33b43dabe1b543f39e7ed84247c575e8: Alter schema from ( 10:c176 INT32 NOT NULL, 11:c459 INT32 NULLABLE, 13:c119 INT32 NOT NULL, 15:c524 INT32 NULLABLE, 18:c340 INT32 NULLABLE, 19:c600 INT32 NOT NULL, 20:c537 INT32 NULLABLE, 21:c749 INT32 NOT NULL, 22:c875 INT32 NOT NULL, PRIMARY KEY (c176) ) version 16 to ( 10:c908 INT32 NOT NULL, 11:c552 INT32 NULLABLE, 13:c119 INT32 NOT NULL, 15:c524 INT32 NULLABLE, 18:c340 INT32 NULLABLE, 19:c432 INT32 NOT NULL, 20:c537 INT32 NULLABLE, 21:c749 INT32 NOT NULL, 22:c875 INT32 NOT NULL, PRIMARY KEY (c908) ) version 17
I1102 21:39:06.406684 8501 tablet_service.cc:765] Processing CreateTablet for tablet 06f9d3b29f2a4de984e1289db815ff83 (table=default.test_table [id=e93179f4d3eb4a26a760d9d76293265f]), partition=RANGE (c908) PARTITION 805306356 <= VALUES < 872415219
I1102 21:39:06.406896 8501 data_dirs.cc:938] Could only allocate 1 dirs of requested 3 for tablet 06f9d3b29f2a4de984e1289db815ff83. 1 dirs total, 0 dirs full, 0 dirs failed
I1102 21:39:06.407516 8594 tablet.cc:1214] T a8ae8156f3ad4fb3ab494ce26bb1a039 P 33b43dabe1b543f39e7ed84247c575e8: Flush: entering stage 1 (old memrowset already frozen for inserts)
I1102 21:39:06.407528 8594 compaction.cc:926] Selected 1 rowsets to compact:
I1102 21:39:06.407534 8594 compaction.cc:929] memrowset(current size on disk: ~0 bytes)
I1102 21:39:06.407543 8594 tablet.cc:1216] T a8ae8156f3ad4fb3ab494ce26bb1a039 P 33b43dabe1b543f39e7ed84247c575e8: Memstore in-memory size: 1759 bytes
I1102 21:39:06.407562 8594 tablet.cc:1508] T a8ae8156f3ad4fb3ab494ce26bb1a039 P 33b43dabe1b543f39e7ed84247c575e8: Flush: entering phase 1 (flushing snapshot). Phase 1 snapshot: MvccSnapshot[committed={T|T < 6312733681269997568}]
I1102 21:39:06.407815 8963 tablet.cc:1262] T a8ae8156f3ad4fb3ab494ce26bb1a039 P e92a2036de454238809663ac303c6ade: Alter schema from ( 10:c176 INT32 NOT NULL, 11:c459 INT32 NULLABLE, 13:c119 INT32 NOT NULL, 15:c524 INT32 NULLABLE, 18:c340 INT32 NULLABLE, 19:c600 INT32 NOT NULL, 20:c537 INT32 NULLABLE, 21:c749 INT32 NOT NULL, 22:c875 INT32 NOT NULL, PRIMARY KEY (c176) ) version 16 to ( 10:c908 INT32 NOT NULL, 11:c552 INT32 NULLABLE, 13:c119 INT32 NOT NULL, 15:c524 INT32 NULLABLE, 18:c340 INT32 NULLABLE, 19:c432 INT32 NOT NULL, 20:c537 INT32 NULLABLE, 21:c749 INT32 NOT NULL, 22:c875 INT32 NOT NULL, PRIMARY KEY (c908) ) version 17
I1102 21:39:06.408100 8963 tablet.cc:1214] T a8ae8156f3ad4fb3ab494ce26bb1a039 P e92a2036de454238809663ac303c6ade: Flush: entering stage 1 (old memrowset already frozen for inserts)
I1102 21:39:06.408112 8963 compaction.cc:926] Selected 1 rowsets to compact:
I1102 21:39:06.408116 8963 compaction.cc:929] memrowset(current size on disk: ~0 bytes)
I1102 21:39:06.408123 8963 tablet.cc:1216] T a8ae8156f3ad4fb3ab494ce26bb1a039 P e92a2036de454238809663ac303c6ade: Memstore in-memory size: 1759 bytes
I1102 21:39:06.408135 8963 tablet.cc:1508] T a8ae8156f3ad4fb3ab494ce26bb1a039 P e92a2036de454238809663ac303c6ade: Flush: entering phase 1 (flushing snapshot). Phase 1 snapshot: MvccSnapshot[committed={T|T < 6312733681269997568}]
I1102 21:39:06.408953 8501 ts_tablet_manager.cc:1173] T 06f9d3b29f2a4de984e1289db815ff83 P 33b43dabe1b543f39e7ed84247c575e8: Registered tablet (data state: TABLET_DATA_READY)
I1102 21:39:06.409894 8963 multi_column_writer.cc:98] Opened CFile writers for 9 column(s)
I1102 21:39:06.410261 8622 tablet.cc:1262] T a8ae8156f3ad4fb3ab494ce26bb1a039 P c36abe6b2bdb4e778576473f60926b7b: Alter schema from ( 10:c176 INT32 NOT NULL, 11:c459 INT32 NULLABLE, 13:c119 INT32 NOT NULL, 15:c524 INT32 NULLABLE, 18:c340 INT32 NULLABLE, 19:c600 INT32 NOT NULL, 20:c537 INT32 NULLABLE, 21:c749 INT32 NOT NULL, 22:c875 INT32 NOT NULL, PRIMARY KEY (c176) ) version 16 to ( 10:c908 INT32 NOT NULL, 11:c552 INT32 NULLABLE, 13:c119 INT32 NOT NULL, 15:c524 INT32 NULLABLE, 18:c340 INT32 NULLABLE, 19:c432 INT32 NOT NULL, 20:c537 INT32 NULLABLE, 21:c749 INT32 NOT NULL, 22:c875 INT32 NOT NULL, PRIMARY KEY (c908) ) version 17
I1102 21:39:06.410717 8622 tablet.cc:1214] T a8ae8156f3ad4fb3ab494ce26bb1a039 P c36abe6b2bdb4e778576473f60926b7b: Flush: entering stage 1 (old memrowset already frozen for inserts)
I1102 21:39:06.410778 8622 compaction.cc:926] Selected 1 rowsets to compact:
I1102 21:39:06.410815 8622 compaction.cc:929] memrowset(current size on disk: ~0 bytes)
I1102 21:39:06.410861 8622 tablet.cc:1216] T a8ae8156f3ad4fb3ab494ce26bb1a039 P c36abe6b2bdb4e778576473f60926b7b: Memstore in-memory size: 1759 bytes
I1102 21:39:06.410920 8622 tablet.cc:1508] T a8ae8156f3ad4fb3ab494ce26bb1a039 P c36abe6b2bdb4e778576473f60926b7b: Flush: entering phase 1 (flushing snapshot). Phase 1 snapshot: MvccSnapshot[committed={T|T < 6312733681269997568}]
I1102 21:39:06.415782 8594 multi_column_writer.cc:98] Opened CFile writers for 9 column(s)
I1102 21:39:06.417351 8622 multi_column_writer.cc:98] Opened CFile writers for 9 column(s)
I1102 21:39:06.418236 8976 ts_tablet_manager.cc:1028] T 06f9d3b29f2a4de984e1289db815ff83 P 33b43dabe1b543f39e7ed84247c575e8: Bootstrapping tablet
I1102 21:39:06.418339 8812 tablet_service.cc:765] Processing CreateTablet for tablet 06f9d3b29f2a4de984e1289db815ff83 (table=default.test_table [id=e93179f4d3eb4a26a760d9d76293265f]), partition=RANGE (c908) PARTITION 805306356 <= VALUES < 872415219
I1102 21:39:06.418349 8976 tablet_bootstrap.cc:438] T 06f9d3b29f2a4de984e1289db815ff83 P 33b43dabe1b543f39e7ed84247c575e8: Bootstrap starting.
I1102 21:39:06.418644 8812 data_dirs.cc:938] Could only allocate 1 dirs of requested 3 for tablet 06f9d3b29f2a4de984e1289db815ff83. 1 dirs total, 0 dirs full, 0 dirs failed
I1102 21:39:06.419306 8976 tablet_bootstrap.cc:592] T 06f9d3b29f2a4de984e1289db815ff83 P 33b43dabe1b543f39e7ed84247c575e8: No blocks or log segments found. Creating new log.
I1102 21:39:06.420902 8812 ts_tablet_manager.cc:1173] T 06f9d3b29f2a4de984e1289db815ff83 P e92a2036de454238809663ac303c6ade: Registered tablet (data state: TABLET_DATA_READY)
I1102 21:39:06.422230 8978 ts_tablet_manager.cc:1028] T 06f9d3b29f2a4de984e1289db815ff83 P e92a2036de454238809663ac303c6ade: Bootstrapping tablet
I1102 21:39:06.422372 8978 tablet_bootstrap.cc:438] T 06f9d3b29f2a4de984e1289db815ff83 P e92a2036de454238809663ac303c6ade: Bootstrap starting.
I1102 21:39:06.423863 8976 tablet_bootstrap.cc:438] T 06f9d3b29f2a4de984e1289db815ff83 P 33b43dabe1b543f39e7ed84247c575e8: No bootstrap required, opened a new log
I1102 21:39:06.423980 8976 ts_tablet_manager.cc:1045] T 06f9d3b29f2a4de984e1289db815ff83 P 33b43dabe1b543f39e7ed84247c575e8: Time spent bootstrapping tablet: real 0.006s user 0.002s sys 0.000s
I1102 21:39:06.424582 8976 raft_consensus.cc:339] T 06f9d3b29f2a4de984e1289db815ff83 P 33b43dabe1b543f39e7ed84247c575e8 [term 0 FOLLOWER]: Replica starting. Triggering 0 pending transactions. Active config: opid_index: -1 OBSOLETE_local: false peers { permanent_uuid: "c36abe6b2bdb4e778576473f60926b7b" member_type: VOTER last_known_addr { host: "127.7.150.1" port: 46291 } } peers { permanent_uuid: "e92a2036de454238809663ac303c6ade" member_type: VOTER last_known_addr { host: "127.7.150.2" port: 39313 } } peers { permanent_uuid: "33b43dabe1b543f39e7ed84247c575e8" member_type: VOTER last_known_addr { host: "127.7.150.3" port: 44373 } }
I1102 21:39:06.424695 8976 raft_consensus.cc:365] T 06f9d3b29f2a4de984e1289db815ff83 P 33b43dabe1b543f39e7ed84247c575e8 [term 0 FOLLOWER]: Consensus starting up: Expiring failure detector timer to make a prompt election more likely
I1102 21:39:06.424773 8976 raft_consensus.cc:704] T 06f9d3b29f2a4de984e1289db815ff83 P 33b43dabe1b543f39e7ed84247c575e8 [term 0 FOLLOWER]: Becoming Follower/Learner. State: Replica: 33b43dabe1b543f39e7ed84247c575e8, State: Initialized, Role: FOLLOWER
I1102 21:39:06.425016 8976 consensus_queue.cc:229] T 06f9d3b29f2a4de984e1289db815ff83 P 33b43dabe1b543f39e7ed84247c575e8 [NON_LEADER]: Queue going to NON_LEADER mode. State: All replicated index: 0, Majority replicated index: 0, Committed index: 0, Last appended: 0.0, Last appended by leader: 0, Current term: 0, Majority size: -1, State: 0, Mode: NON_LEADER, active raft config: opid_index: -1 OBSOLETE_local: false peers { permanent_uuid: "c36abe6b2bdb4e778576473f60926b7b" member_type: VOTER last_known_addr { host: "127.7.150.1" port: 46291 } } peers { permanent_uuid: "e92a2036de454238809663ac303c6ade" member_type: VOTER last_known_addr { host: "127.7.150.2" port: 39313 } } peers { permanent_uuid: "33b43dabe1b543f39e7ed84247c575e8" member_type: VOTER last_known_addr { host: "127.7.150.3" port: 44373 } }
I1102 21:39:06.425567 8963 tablet.cc:1594] T a8ae8156f3ad4fb3ab494ce26bb1a039 P e92a2036de454238809663ac303c6ade: Flush: entering phase 2 (starting to duplicate updates in new rowsets)
I1102 21:39:06.425712 8976 ts_tablet_manager.cc:1073] T 06f9d3b29f2a4de984e1289db815ff83 P 33b43dabe1b543f39e7ed84247c575e8: Time spent starting tablet: real 0.002s user 0.001s sys 0.000s
I1102 21:39:06.425825 8963 tablet.cc:1649] T a8ae8156f3ad4fb3ab494ce26bb1a039 P e92a2036de454238809663ac303c6ade: Flush Phase 2: carrying over any updates which arrived during Phase 1
I1102 21:39:06.425863 8963 tablet.cc:1651] T a8ae8156f3ad4fb3ab494ce26bb1a039 P e92a2036de454238809663ac303c6ade: Phase 2 snapshot: MvccSnapshot[committed={T|T < 6312733681269997568}]
I1102 21:39:06.426204 8912 catalog_manager.cc:3873] TS 33b43dabe1b543f39e7ed84247c575e8 (127.7.150.3:44373) does not have the latest schema for tablet 06f9d3b29f2a4de984e1289db815ff83 (table default.test_table [id=e93179f4d3eb4a26a760d9d76293265f]). Expected version 17 got 0
I1102 21:39:06.426293 8978 tablet_bootstrap.cc:592] T 06f9d3b29f2a4de984e1289db815ff83 P e92a2036de454238809663ac303c6ade: No blocks or log segments found. Creating new log.
I1102 21:39:06.426504 8912 catalog_manager.cc:2958] Scheduling retry of 06f9d3b29f2a4de984e1289db815ff83 (table default.test_table [id=e93179f4d3eb4a26a760d9d76293265f]) Alter Table RPC with a delay of 17 ms (attempt = 1)
W1102 21:39:06.426565 8912 catalog_manager.cc:3937] Failed to send 06f9d3b29f2a4de984e1289db815ff83 (table default.test_table [id=e93179f4d3eb4a26a760d9d76293265f]) Alter Table RPC: Not found: failed to reset TS proxy: No leader found: Tablet 06f9d3b29f2a4de984e1289db815ff83 consensus state has no leader
I1102 21:39:06.428721 8963 tablet.cc:1699] T a8ae8156f3ad4fb3ab494ce26bb1a039 P e92a2036de454238809663ac303c6ade: Flush successful on 13 rows (1 rowsets, 5647 bytes)
I1102 21:39:06.428803 8912 catalog_manager.cc:3873] TS 33b43dabe1b543f39e7ed84247c575e8 (127.7.150.3:44373) does not have the latest schema for tablet 06f9d3b29f2a4de984e1289db815ff83 (table default.test_table [id=e93179f4d3eb4a26a760d9d76293265f]). Expected version 17 got 0
I1102 21:39:06.428993 8912 catalog_manager.cc:2958] Scheduling retry of 06f9d3b29f2a4de984e1289db815ff83 (table default.test_table [id=e93179f4d3eb4a26a760d9d76293265f]) Alter Table RPC with a delay of 49 ms (attempt = 1)
W1102 21:39:06.429050 8912 catalog_manager.cc:3937] Failed to send 06f9d3b29f2a4de984e1289db815ff83 (table default.test_table [id=e93179f4d3eb4a26a760d9d76293265f]) Alter Table RPC: Not found: failed to reset TS proxy: No leader found: Tablet 06f9d3b29f2a4de984e1289db815ff83 consensus state has no leader
I1102 21:39:06.430367 8978 tablet_bootstrap.cc:438] T 06f9d3b29f2a4de984e1289db815ff83 P e92a2036de454238809663ac303c6ade: No bootstrap required, opened a new log
I1102 21:39:06.430485 8978 ts_tablet_manager.cc:1045] T 06f9d3b29f2a4de984e1289db815ff83 P e92a2036de454238809663ac303c6ade: Time spent bootstrapping tablet: real 0.008s user 0.002s sys 0.000s
I1102 21:39:06.431025 8978 raft_consensus.cc:339] T 06f9d3b29f2a4de984e1289db815ff83 P e92a2036de454238809663ac303c6ade [term 0 FOLLOWER]: Replica starting. Triggering 0 pending transactions. Active config: opid_index: -1 OBSOLETE_local: false peers { permanent_uuid: "c36abe6b2bdb4e778576473f60926b7b" member_type: VOTER last_known_addr { host: "127.7.150.1" port: 46291 } } peers { permanent_uuid: "e92a2036de454238809663ac303c6ade" member_type: VOTER last_known_addr { host: "127.7.150.2" port: 39313 } } peers { permanent_uuid: "33b43dabe1b543f39e7ed84247c575e8" member_type: VOTER last_known_addr { host: "127.7.150.3" port: 44373 } }
I1102 21:39:06.431066 8978 raft_consensus.cc:365] T 06f9d3b29f2a4de984e1289db815ff83 P e92a2036de454238809663ac303c6ade [term 0 FOLLOWER]: Consensus starting up: Expiring failure detector timer to make a prompt election more likely
I1102 21:39:06.431095 8978 raft_consensus.cc:704] T 06f9d3b29f2a4de984e1289db815ff83 P e92a2036de454238809663ac303c6ade [term 0 FOLLOWER]: Becoming Follower/Learner. State: Replica: e92a2036de454238809663ac303c6ade, State: Initialized, Role: FOLLOWER
I1102 21:39:06.431291 8978 consensus_queue.cc:229] T 06f9d3b29f2a4de984e1289db815ff83 P e92a2036de454238809663ac303c6ade [NON_LEADER]: Queue going to NON_LEADER mode. State: All replicated index: 0, Majority replicated index: 0, Committed index: 0, Last appended: 0.0, Last appended by leader: 0, Current term: 0, Majority size: -1, State: 0, Mode: NON_LEADER, active raft config: opid_index: -1 OBSOLETE_local: false peers { permanent_uuid: "c36abe6b2bdb4e778576473f60926b7b" member_type: VOTER last_known_addr { host: "127.7.150.1" port: 46291 } } peers { permanent_uuid: "e92a2036de454238809663ac303c6ade" member_type: VOTER last_known_addr { host: "127.7.150.2" port: 39313 } } peers { permanent_uuid: "33b43dabe1b543f39e7ed84247c575e8" member_type: VOTER last_known_addr { host: "127.7.150.3" port: 44373 } }
I1102 21:39:06.431607 8978 ts_tablet_manager.cc:1073] T 06f9d3b29f2a4de984e1289db815ff83 P e92a2036de454238809663ac303c6ade: Time spent starting tablet: real 0.001s user 0.001s sys 0.000s
I1102 21:39:06.432196 8912 catalog_manager.cc:3873] TS e92a2036de454238809663ac303c6ade (127.7.150.2:39313) does not have the latest schema for tablet 06f9d3b29f2a4de984e1289db815ff83 (table default.test_table [id=e93179f4d3eb4a26a760d9d76293265f]). Expected version 17 got 0
I1102 21:39:06.432368 8912 catalog_manager.cc:2958] Scheduling retry of 06f9d3b29f2a4de984e1289db815ff83 (table default.test_table [id=e93179f4d3eb4a26a760d9d76293265f]) Alter Table RPC with a delay of 49 ms (attempt = 1)
W1102 21:39:06.432448 8912 catalog_manager.cc:3937] Failed to send 06f9d3b29f2a4de984e1289db815ff83 (table default.test_table [id=e93179f4d3eb4a26a760d9d76293265f]) Alter Table RPC: Not found: failed to reset TS proxy: No leader found: Tablet 06f9d3b29f2a4de984e1289db815ff83 consensus state has no leader
I1102 21:39:06.437801 8594 tablet.cc:1594] T a8ae8156f3ad4fb3ab494ce26bb1a039 P 33b43dabe1b543f39e7ed84247c575e8: Flush: entering phase 2 (starting to duplicate updates in new rowsets)
I1102 21:39:06.438911 8896 catalog_manager.cc:2958] Scheduling retry of 06f9d3b29f2a4de984e1289db815ff83 (table default.test_table [id=e93179f4d3eb4a26a760d9d76293265f]) Alter Table RPC with a delay of 36 ms (attempt = 2)
W1102 21:39:06.438951 8896 catalog_manager.cc:2977] Async tablet task 06f9d3b29f2a4de984e1289db815ff83 (table default.test_table [id=e93179f4d3eb4a26a760d9d76293265f]) Alter Table RPC failed: Not found: failed to reset TS proxy: No leader found: Tablet 06f9d3b29f2a4de984e1289db815ff83 consensus state has no leader
I1102 21:39:06.439482 8912 catalog_manager.cc:3873] TS e92a2036de454238809663ac303c6ade (127.7.150.2:39313) does not have the latest schema for tablet 06f9d3b29f2a4de984e1289db815ff83 (table default.test_table [id=e93179f4d3eb4a26a760d9d76293265f]). Expected version 17 got 0
I1102 21:39:06.439693 8912 catalog_manager.cc:2958] Scheduling retry of 06f9d3b29f2a4de984e1289db815ff83 (table default.test_table [id=e93179f4d3eb4a26a760d9d76293265f]) Alter Table RPC with a delay of 22 ms (attempt = 1)
W1102 21:39:06.439741 8912 catalog_manager.cc:3937] Failed to send 06f9d3b29f2a4de984e1289db815ff83 (table default.test_table [id=e93179f4d3eb4a26a760d9d76293265f]) Alter Table RPC: Not found: failed to reset TS proxy: No leader found: Tablet 06f9d3b29f2a4de984e1289db815ff83 consensus state has no leader
I1102 21:39:06.444356 8622 tablet.cc:1594] T a8ae8156f3ad4fb3ab494ce26bb1a039 P c36abe6b2bdb4e778576473f60926b7b: Flush: entering phase 2 (starting to duplicate updates in new rowsets)
I1102 21:39:06.444686 8622 tablet.cc:1649] T a8ae8156f3ad4fb3ab494ce26bb1a039 P c36abe6b2bdb4e778576473f60926b7b: Flush Phase 2: carrying over any updates which arrived during Phase 1
I1102 21:39:06.444712 8622 tablet.cc:1651] T a8ae8156f3ad4fb3ab494ce26bb1a039 P c36abe6b2bdb4e778576473f60926b7b: Phase 2 snapshot: MvccSnapshot[committed={T|T < 6312733681269997568}]
I1102 21:39:06.445670 8894 catalog_manager.cc:2958] Scheduling retry of 06f9d3b29f2a4de984e1289db815ff83 (table default.test_table [id=e93179f4d3eb4a26a760d9d76293265f]) Alter Table RPC with a delay of 57 ms (attempt = 2)
W1102 21:39:06.445706 8894 catalog_manager.cc:2977] Async tablet task 06f9d3b29f2a4de984e1289db815ff83 (table default.test_table [id=e93179f4d3eb4a26a760d9d76293265f]) Alter Table RPC failed: Not found: failed to reset TS proxy: No leader found: Tablet 06f9d3b29f2a4de984e1289db815ff83 consensus state has no leader
I1102 21:39:06.445878 8594 tablet.cc:1649] T a8ae8156f3ad4fb3ab494ce26bb1a039 P 33b43dabe1b543f39e7ed84247c575e8: Flush Phase 2: carrying over any updates which arrived during Phase 1
I1102 21:39:06.445926 8594 tablet.cc:1651] T a8ae8156f3ad4fb3ab494ce26bb1a039 P 33b43dabe1b543f39e7ed84247c575e8: Phase 2 snapshot: MvccSnapshot[committed={T|T < 6312733681269997568}]
I1102 21:39:06.448367 7900 tablet_service.cc:765] Processing CreateTablet for tablet 06f9d3b29f2a4de984e1289db815ff83 (table=default.test_table [id=e93179f4d3eb4a26a760d9d76293265f]), partition=RANGE (c908) PARTITION 805306356 <= VALUES < 872415219
I1102 21:39:06.448621 7900 data_dirs.cc:938] Could only allocate 1 dirs of requested 3 for tablet 06f9d3b29f2a4de984e1289db815ff83. 1 dirs total, 0 dirs full, 0 dirs failed
I1102 21:39:06.450752 7900 ts_tablet_manager.cc:1173] T 06f9d3b29f2a4de984e1289db815ff83 P c36abe6b2bdb4e778576473f60926b7b: Registered tablet (data state: TABLET_DATA_READY)
I1102 21:39:06.452584 8594 tablet.cc:1699] T a8ae8156f3ad4fb3ab494ce26bb1a039 P 33b43dabe1b543f39e7ed84247c575e8: Flush successful on 13 rows (1 rowsets, 5647 bytes)
I1102 21:39:06.454257 8981 ts_tablet_manager.cc:1028] T 06f9d3b29f2a4de984e1289db815ff83 P c36abe6b2bdb4e778576473f60926b7b: Bootstrapping tablet
I1102 21:39:06.454387 8981 tablet_bootstrap.cc:438] T 06f9d3b29f2a4de984e1289db815ff83 P c36abe6b2bdb4e778576473f60926b7b: Bootstrap starting.
I1102 21:39:06.455435 8981 tablet_bootstrap.cc:592] T 06f9d3b29f2a4de984e1289db815ff83 P c36abe6b2bdb4e778576473f60926b7b: No blocks or log segments found. Creating new log.
I1102 21:39:06.455448 8622 tablet.cc:1699] T a8ae8156f3ad4fb3ab494ce26bb1a039 P c36abe6b2bdb4e778576473f60926b7b: Flush successful on 13 rows (1 rowsets, 5647 bytes)
I1102 21:39:06.459039 8981 tablet_bootstrap.cc:438] T 06f9d3b29f2a4de984e1289db815ff83 P c36abe6b2bdb4e778576473f60926b7b: No bootstrap required, opened a new log
I1102 21:39:06.459167 8981 ts_tablet_manager.cc:1045] T 06f9d3b29f2a4de984e1289db815ff83 P c36abe6b2bdb4e778576473f60926b7b: Time spent bootstrapping tablet: real 0.005s user 0.002s sys 0.000s
I1102 21:39:06.459800 8981 raft_consensus.cc:339] T 06f9d3b29f2a4de984e1289db815ff83 P c36abe6b2bdb4e778576473f60926b7b [term 0 FOLLOWER]: Replica starting. Triggering 0 pending transactions. Active config: opid_index: -1 OBSOLETE_local: false peers { permanent_uuid: "c36abe6b2bdb4e778576473f60926b7b" member_type: VOTER last_known_addr { host: "127.7.150.1" port: 46291 } } peers { permanent_uuid: "e92a2036de454238809663ac303c6ade" member_type: VOTER last_known_addr { host: "127.7.150.2" port: 39313 } } peers { permanent_uuid: "33b43dabe1b543f39e7ed84247c575e8" member_type: VOTER last_known_addr { host: "127.7.150.3" port: 44373 } }
I1102 21:39:06.459892 8981 raft_consensus.cc:365] T 06f9d3b29f2a4de984e1289db815ff83 P c36abe6b2bdb4e778576473f60926b7b [term 0 FOLLOWER]: Consensus starting up: Expiring failure detector timer to make a prompt election more likely
I1102 21:39:06.459944 8981 raft_consensus.cc:704] T 06f9d3b29f2a4de984e1289db815ff83 P c36abe6b2bdb4e778576473f60926b7b [term 0 FOLLOWER]: Becoming Follower/Learner. State: Replica: c36abe6b2bdb4e778576473f60926b7b, State: Initialized, Role: FOLLOWER
I1102 21:39:06.460165 8981 consensus_queue.cc:229] T 06f9d3b29f2a4de984e1289db815ff83 P c36abe6b2bdb4e778576473f60926b7b [NON_LEADER]: Queue going to NON_LEADER mode. State: All replicated index: 0, Majority replicated index: 0, Committed index: 0, Last appended: 0.0, Last appended by leader: 0, Current term: 0, Majority size: -1, State: 0, Mode: NON_LEADER, active raft config: opid_index: -1 OBSOLETE_local: false peers { permanent_uuid: "c36abe6b2bdb4e778576473f60926b7b" member_type: VOTER last_known_addr { host: "127.7.150.1" port: 46291 } } peers { permanent_uuid: "e92a2036de454238809663ac303c6ade" member_type: VOTER last_known_addr { host: "127.7.150.2" port: 39313 } } peers { permanent_uuid: "33b43dabe1b543f39e7ed84247c575e8" member_type: VOTER last_known_addr { host: "127.7.150.3" port: 44373 } }
I1102 21:39:06.461607 8913 catalog_manager.cc:3873] TS c36abe6b2bdb4e778576473f60926b7b (127.7.150.1:46291) does not have the latest schema for tablet 06f9d3b29f2a4de984e1289db815ff83 (table default.test_table [id=e93179f4d3eb4a26a760d9d76293265f]). Expected version 17 got 0
I1102 21:39:06.461784 8913 catalog_manager.cc:2958] Scheduling retry of 06f9d3b29f2a4de984e1289db815ff83 (table default.test_table [id=e93179f4d3eb4a26a760d9d76293265f]) Alter Table RPC with a delay of 32 ms (attempt = 1)
W1102 21:39:06.461832 8913 catalog_manager.cc:3937] Failed to send 06f9d3b29f2a4de984e1289db815ff83 (table default.test_table [id=e93179f4d3eb4a26a760d9d76293265f]) Alter Table RPC: Not found: failed to reset TS proxy: No leader found: Tablet 06f9d3b29f2a4de984e1289db815ff83 consensus state has no leader
