I1102 21:39:13.934788 9411 tablet_service.cc:765] Processing CreateTablet for tablet 96875be6f1124d25ba150b3bd8ed725f (table=default.test_table [id=e93179f4d3eb4a26a760d9d76293265f]), partition=RANGE (c429) PARTITION 1744830438 <= VALUES < 1811939301
I1102 21:39:13.934974 9411 data_dirs.cc:938] Could only allocate 1 dirs of requested 3 for tablet 96875be6f1124d25ba150b3bd8ed725f. 1 dirs total, 0 dirs full, 0 dirs failed
I1102 21:39:13.936275 8500 ts_tablet_manager.cc:1173] T 96875be6f1124d25ba150b3bd8ed725f P 33b43dabe1b543f39e7ed84247c575e8: Registered tablet (data state: TABLET_DATA_READY)
I1102 21:39:13.936674 9135 tablet.cc:1262] T 22e7d538ba0b4d13baca67b168a47317 P 33b43dabe1b543f39e7ed84247c575e8: Alter schema from ( 10:c429 INT32 NOT NULL, 18:c712 INT32 NULLABLE, 20:c169 INT32 NULLABLE, 22:c865 INT32 NOT NULL, 23:c148 INT32 NULLABLE, 24:c764 INT32 NULLABLE, 25:c363 INT32 NULLABLE, 26:c840 INT32 NOT NULL, 30:c174 INT32 NULLABLE, 31:c908 INT32 NOT NULL, 32:c241 INT32 NOT NULL, 33:c996 INT32 NOT NULL, PRIMARY KEY (c429) ) version 31 to ( 10:c429 INT32 NOT NULL, 18:c712 INT32 NULLABLE, 20:c169 INT32 NULLABLE, 22:c865 INT32 NOT NULL, 23:c148 INT32 NULLABLE, 24:c764 INT32 NULLABLE, 26:c840 INT32 NOT NULL, 30:c592 INT32 NULLABLE, 31:c908 INT32 NOT NULL, 32:c241 INT32 NOT NULL, 33:c996 INT32 NOT NULL, PRIMARY KEY (c429) ) version 32
I1102 21:39:13.936950 9328 multi_column_writer.cc:98] Opened CFile writers for 11 column(s)
I1102 21:39:13.936969 9135 tablet.cc:1214] T 22e7d538ba0b4d13baca67b168a47317 P 33b43dabe1b543f39e7ed84247c575e8: Flush: entering stage 1 (old memrowset already frozen for inserts)
I1102 21:39:13.936980 9135 compaction.cc:926] Selected 1 rowsets to compact:
I1102 21:39:13.936986 9135 compaction.cc:929] memrowset(current size on disk: ~0 bytes)
I1102 21:39:13.936998 9135 tablet.cc:1216] T 22e7d538ba0b4d13baca67b168a47317 P 33b43dabe1b543f39e7ed84247c575e8: Memstore in-memory size: 15703 bytes
I1102 21:39:13.937018 9135 tablet.cc:1508] T 22e7d538ba0b4d13baca67b168a47317 P 33b43dabe1b543f39e7ed84247c575e8: Flush: entering phase 1 (flushing snapshot). Phase 1 snapshot: MvccSnapshot[committed={T|T < 6312733712105222144}]
I1102 21:39:13.937077 9411 ts_tablet_manager.cc:1173] T 96875be6f1124d25ba150b3bd8ed725f P c36abe6b2bdb4e778576473f60926b7b: Registered tablet (data state: TABLET_DATA_READY)
I1102 21:39:13.937304 9252 tablet_service.cc:765] Processing CreateTablet for tablet 96875be6f1124d25ba150b3bd8ed725f (table=default.test_table [id=e93179f4d3eb4a26a760d9d76293265f]), partition=RANGE (c429) PARTITION 1744830438 <= VALUES < 1811939301
I1102 21:39:13.937525 9252 data_dirs.cc:938] Could only allocate 1 dirs of requested 3 for tablet 96875be6f1124d25ba150b3bd8ed725f. 1 dirs total, 0 dirs full, 0 dirs failed
I1102 21:39:13.938315 9489 tablet.cc:1262] T 22e7d538ba0b4d13baca67b168a47317 P c36abe6b2bdb4e778576473f60926b7b: Alter schema from ( 10:c429 INT32 NOT NULL, 18:c712 INT32 NULLABLE, 20:c169 INT32 NULLABLE, 22:c865 INT32 NOT NULL, 23:c148 INT32 NULLABLE, 24:c764 INT32 NULLABLE, 25:c363 INT32 NULLABLE, 26:c840 INT32 NOT NULL, 30:c174 INT32 NULLABLE, 31:c908 INT32 NOT NULL, 32:c241 INT32 NOT NULL, 33:c996 INT32 NOT NULL, PRIMARY KEY (c429) ) version 31 to ( 10:c429 INT32 NOT NULL, 18:c712 INT32 NULLABLE, 20:c169 INT32 NULLABLE, 22:c865 INT32 NOT NULL, 23:c148 INT32 NULLABLE, 24:c764 INT32 NULLABLE, 26:c840 INT32 NOT NULL, 30:c592 INT32 NULLABLE, 31:c908 INT32 NOT NULL, 32:c241 INT32 NOT NULL, 33:c996 INT32 NOT NULL, PRIMARY KEY (c429) ) version 32
I1102 21:39:13.938616 9489 tablet.cc:1214] T 22e7d538ba0b4d13baca67b168a47317 P c36abe6b2bdb4e778576473f60926b7b: Flush: entering stage 1 (old memrowset already frozen for inserts)
I1102 21:39:13.938630 9489 compaction.cc:926] Selected 1 rowsets to compact:
I1102 21:39:13.938637 9489 compaction.cc:929] memrowset(current size on disk: ~0 bytes)
I1102 21:39:13.938648 9489 tablet.cc:1216] T 22e7d538ba0b4d13baca67b168a47317 P c36abe6b2bdb4e778576473f60926b7b: Memstore in-memory size: 15703 bytes
I1102 21:39:13.938668 9489 tablet.cc:1508] T 22e7d538ba0b4d13baca67b168a47317 P c36abe6b2bdb4e778576473f60926b7b: Flush: entering phase 1 (flushing snapshot). Phase 1 snapshot: MvccSnapshot[committed={T|T < 6312733712105222144}]
I1102 21:39:13.939144 9135 multi_column_writer.cc:98] Opened CFile writers for 11 column(s)
I1102 21:39:13.939338 9252 ts_tablet_manager.cc:1173] T 96875be6f1124d25ba150b3bd8ed725f P e92a2036de454238809663ac303c6ade: Registered tablet (data state: TABLET_DATA_READY)
I1102 21:39:13.940965 9489 multi_column_writer.cc:98] Opened CFile writers for 11 column(s)
I1102 21:39:13.950232 9552 ts_tablet_manager.cc:1028] T 96875be6f1124d25ba150b3bd8ed725f P 33b43dabe1b543f39e7ed84247c575e8: Bootstrapping tablet
I1102 21:39:13.950222 9556 ts_tablet_manager.cc:1028] T 96875be6f1124d25ba150b3bd8ed725f P e92a2036de454238809663ac303c6ade: Bootstrapping tablet
I1102 21:39:13.950352 9552 tablet_bootstrap.cc:438] T 96875be6f1124d25ba150b3bd8ed725f P 33b43dabe1b543f39e7ed84247c575e8: Bootstrap starting.
I1102 21:39:13.950523 9556 tablet_bootstrap.cc:438] T 96875be6f1124d25ba150b3bd8ed725f P e92a2036de454238809663ac303c6ade: Bootstrap starting.
I1102 21:39:13.951325 9552 tablet_bootstrap.cc:592] T 96875be6f1124d25ba150b3bd8ed725f P 33b43dabe1b543f39e7ed84247c575e8: No blocks or log segments found. Creating new log.
I1102 21:39:13.953217 9328 tablet.cc:1594] T 22e7d538ba0b4d13baca67b168a47317 P e92a2036de454238809663ac303c6ade: Flush: entering phase 2 (starting to duplicate updates in new rowsets)
I1102 21:39:13.953379 9328 tablet.cc:1649] T 22e7d538ba0b4d13baca67b168a47317 P e92a2036de454238809663ac303c6ade: Flush Phase 2: carrying over any updates which arrived during Phase 1
I1102 21:39:13.953444 9328 tablet.cc:1651] T 22e7d538ba0b4d13baca67b168a47317 P e92a2036de454238809663ac303c6ade: Phase 2 snapshot: MvccSnapshot[committed={T|T < 6312733712105222144}]
I1102 21:39:13.954589 9556 tablet_bootstrap.cc:592] T 96875be6f1124d25ba150b3bd8ed725f P e92a2036de454238809663ac303c6ade: No blocks or log segments found. Creating new log.
I1102 21:39:13.954795 9489 tablet.cc:1594] T 22e7d538ba0b4d13baca67b168a47317 P c36abe6b2bdb4e778576473f60926b7b: Flush: entering phase 2 (starting to duplicate updates in new rowsets)
I1102 21:39:13.954979 9489 tablet.cc:1649] T 22e7d538ba0b4d13baca67b168a47317 P c36abe6b2bdb4e778576473f60926b7b: Flush Phase 2: carrying over any updates which arrived during Phase 1
I1102 21:39:13.955022 9135 tablet.cc:1594] T 22e7d538ba0b4d13baca67b168a47317 P 33b43dabe1b543f39e7ed84247c575e8: Flush: entering phase 2 (starting to duplicate updates in new rowsets)
I1102 21:39:13.955077 9489 tablet.cc:1651] T 22e7d538ba0b4d13baca67b168a47317 P c36abe6b2bdb4e778576473f60926b7b: Phase 2 snapshot: MvccSnapshot[committed={T|T < 6312733712105222144}]
I1102 21:39:13.955162 9135 tablet.cc:1649] T 22e7d538ba0b4d13baca67b168a47317 P 33b43dabe1b543f39e7ed84247c575e8: Flush Phase 2: carrying over any updates which arrived during Phase 1
I1102 21:39:13.955197 9135 tablet.cc:1651] T 22e7d538ba0b4d13baca67b168a47317 P 33b43dabe1b543f39e7ed84247c575e8: Phase 2 snapshot: MvccSnapshot[committed={T|T < 6312733712105222144}]
I1102 21:39:13.958250 9556 tablet_bootstrap.cc:438] T 96875be6f1124d25ba150b3bd8ed725f P e92a2036de454238809663ac303c6ade: No bootstrap required, opened a new log
I1102 21:39:13.958371 9556 ts_tablet_manager.cc:1045] T 96875be6f1124d25ba150b3bd8ed725f P e92a2036de454238809663ac303c6ade: Time spent bootstrapping tablet: real 0.008s user 0.002s sys 0.000s
I1102 21:39:13.958992 9556 raft_consensus.cc:339] T 96875be6f1124d25ba150b3bd8ed725f P e92a2036de454238809663ac303c6ade [term 0 FOLLOWER]: Replica starting. Triggering 0 pending transactions. Active config: opid_index: -1 OBSOLETE_local: false peers { permanent_uuid: "33b43dabe1b543f39e7ed84247c575e8" member_type: VOTER last_known_addr { host: "127.7.150.3" port: 44373 } } peers { permanent_uuid: "e92a2036de454238809663ac303c6ade" member_type: VOTER last_known_addr { host: "127.7.150.2" port: 39313 } } peers { permanent_uuid: "c36abe6b2bdb4e778576473f60926b7b" member_type: VOTER last_known_addr { host: "127.7.150.1" port: 46291 } }
I1102 21:39:13.959108 9556 raft_consensus.cc:365] T 96875be6f1124d25ba150b3bd8ed725f P e92a2036de454238809663ac303c6ade [term 0 FOLLOWER]: Consensus starting up: Expiring failure detector timer to make a prompt election more likely
I1102 21:39:13.959169 9556 raft_consensus.cc:704] T 96875be6f1124d25ba150b3bd8ed725f P e92a2036de454238809663ac303c6ade [term 0 FOLLOWER]: Becoming Follower/Learner. State: Replica: e92a2036de454238809663ac303c6ade, State: Initialized, Role: FOLLOWER
I1102 21:39:13.959458 9328 tablet.cc:1699] T 22e7d538ba0b4d13baca67b168a47317 P e92a2036de454238809663ac303c6ade: Flush successful on 56 rows (1 rowsets, 7455 bytes)
I1102 21:39:13.959475 9556 consensus_queue.cc:229] T 96875be6f1124d25ba150b3bd8ed725f P e92a2036de454238809663ac303c6ade [NON_LEADER]: Queue going to NON_LEADER mode. State: All replicated index: 0, Majority replicated index: 0, Committed index: 0, Last appended: 0.0, Last appended by leader: 0, Current term: 0, Majority size: -1, State: 0, Mode: NON_LEADER, active raft config: opid_index: -1 OBSOLETE_local: false peers { permanent_uuid: "33b43dabe1b543f39e7ed84247c575e8" member_type: VOTER last_known_addr { host: "127.7.150.3" port: 44373 } } peers { permanent_uuid: "e92a2036de454238809663ac303c6ade" member_type: VOTER last_known_addr { host: "127.7.150.2" port: 39313 } } peers { permanent_uuid: "c36abe6b2bdb4e778576473f60926b7b" member_type: VOTER last_known_addr { host: "127.7.150.1" port: 46291 } }
I1102 21:39:13.960019 9556 ts_tablet_manager.cc:1073] T 96875be6f1124d25ba150b3bd8ed725f P e92a2036de454238809663ac303c6ade: Time spent starting tablet: real 0.002s user 0.000s sys 0.001s
I1102 21:39:13.960552 9552 tablet_bootstrap.cc:438] T 96875be6f1124d25ba150b3bd8ed725f P 33b43dabe1b543f39e7ed84247c575e8: No bootstrap required, opened a new log
I1102 21:39:13.960670 9552 ts_tablet_manager.cc:1045] T 96875be6f1124d25ba150b3bd8ed725f P 33b43dabe1b543f39e7ed84247c575e8: Time spent bootstrapping tablet: real 0.010s user 0.002s sys 0.000s
I1102 21:39:13.960676 9067 catalog_manager.cc:3873] TS e92a2036de454238809663ac303c6ade (127.7.150.2:39313) does not have the latest schema for tablet 96875be6f1124d25ba150b3bd8ed725f (table default.test_table [id=e93179f4d3eb4a26a760d9d76293265f]). Expected version 32 got 0
I1102 21:39:13.960921 9067 catalog_manager.cc:2958] Scheduling retry of 96875be6f1124d25ba150b3bd8ed725f (table default.test_table [id=e93179f4d3eb4a26a760d9d76293265f]) Alter Table RPC with a delay of 45 ms (attempt = 1)
W1102 21:39:13.960986 9067 catalog_manager.cc:3937] Failed to send 96875be6f1124d25ba150b3bd8ed725f (table default.test_table [id=e93179f4d3eb4a26a760d9d76293265f]) Alter Table RPC: Not found: failed to reset TS proxy: No leader found: Tablet 96875be6f1124d25ba150b3bd8ed725f consensus state has no leader
I1102 21:39:13.961227 9059 catalog_manager.cc:2958] Scheduling retry of 96875be6f1124d25ba150b3bd8ed725f (table default.test_table [id=e93179f4d3eb4a26a760d9d76293265f]) Alter Table RPC with a delay of 81 ms (attempt = 2)
W1102 21:39:13.961277 9059 catalog_manager.cc:2977] Async tablet task 96875be6f1124d25ba150b3bd8ed725f (table default.test_table [id=e93179f4d3eb4a26a760d9d76293265f]) Alter Table RPC failed: Not found: failed to reset TS proxy: No leader found: Tablet 96875be6f1124d25ba150b3bd8ed725f consensus state has no leader
I1102 21:39:13.961308 9552 raft_consensus.cc:339] T 96875be6f1124d25ba150b3bd8ed725f P 33b43dabe1b543f39e7ed84247c575e8 [term 0 FOLLOWER]: Replica starting. Triggering 0 pending transactions. Active config: opid_index: -1 OBSOLETE_local: false peers { permanent_uuid: "33b43dabe1b543f39e7ed84247c575e8" member_type: VOTER last_known_addr { host: "127.7.150.3" port: 44373 } } peers { permanent_uuid: "e92a2036de454238809663ac303c6ade" member_type: VOTER last_known_addr { host: "127.7.150.2" port: 39313 } } peers { permanent_uuid: "c36abe6b2bdb4e778576473f60926b7b" member_type: VOTER last_known_addr { host: "127.7.150.1" port: 46291 } }
I1102 21:39:13.961331 9552 raft_consensus.cc:365] T 96875be6f1124d25ba150b3bd8ed725f P 33b43dabe1b543f39e7ed84247c575e8 [term 0 FOLLOWER]: Consensus starting up: Expiring failure detector timer to make a prompt election more likely
I1102 21:39:13.961347 9552 raft_consensus.cc:704] T 96875be6f1124d25ba150b3bd8ed725f P 33b43dabe1b543f39e7ed84247c575e8 [term 0 FOLLOWER]: Becoming Follower/Learner. State: Replica: 33b43dabe1b543f39e7ed84247c575e8, State: Initialized, Role: FOLLOWER
I1102 21:39:13.961527 9552 consensus_queue.cc:229] T 96875be6f1124d25ba150b3bd8ed725f P 33b43dabe1b543f39e7ed84247c575e8 [NON_LEADER]: Queue going to NON_LEADER mode. State: All replicated index: 0, Majority replicated index: 0, Committed index: 0, Last appended: 0.0, Last appended by leader: 0, Current term: 0, Majority size: -1, State: 0, Mode: NON_LEADER, active raft config: opid_index: -1 OBSOLETE_local: false peers { permanent_uuid: "33b43dabe1b543f39e7ed84247c575e8" member_type: VOTER last_known_addr { host: "127.7.150.3" port: 44373 } } peers { permanent_uuid: "e92a2036de454238809663ac303c6ade" member_type: VOTER last_known_addr { host: "127.7.150.2" port: 39313 } } peers { permanent_uuid: "c36abe6b2bdb4e778576473f60926b7b" member_type: VOTER last_known_addr { host: "127.7.150.1" port: 46291 } }
I1102 21:39:13.962240 9553 ts_tablet_manager.cc:1028] T 96875be6f1124d25ba150b3bd8ed725f P c36abe6b2bdb4e778576473f60926b7b: Bootstrapping tablet
I1102 21:39:13.962340 9553 tablet_bootstrap.cc:438] T 96875be6f1124d25ba150b3bd8ed725f P c36abe6b2bdb4e778576473f60926b7b: Bootstrap starting.
I1102 21:39:13.962369 9552 ts_tablet_manager.cc:1073] T 96875be6f1124d25ba150b3bd8ed725f P 33b43dabe1b543f39e7ed84247c575e8: Time spent starting tablet: real 0.002s user 0.001s sys 0.000s
I1102 21:39:13.962977 9069 catalog_manager.cc:3873] TS 33b43dabe1b543f39e7ed84247c575e8 (127.7.150.3:44373) does not have the latest schema for tablet 96875be6f1124d25ba150b3bd8ed725f (table default.test_table [id=e93179f4d3eb4a26a760d9d76293265f]). Expected version 32 got 0
I1102 21:39:13.963146 9069 catalog_manager.cc:2958] Scheduling retry of 96875be6f1124d25ba150b3bd8ed725f (table default.test_table [id=e93179f4d3eb4a26a760d9d76293265f]) Alter Table RPC with a delay of 65 ms (attempt = 1)
W1102 21:39:13.963191 9069 catalog_manager.cc:3937] Failed to send 96875be6f1124d25ba150b3bd8ed725f (table default.test_table [id=e93179f4d3eb4a26a760d9d76293265f]) Alter Table RPC: Not found: failed to reset TS proxy: No leader found: Tablet 96875be6f1124d25ba150b3bd8ed725f consensus state has no leader
I1102 21:39:13.963325 9553 tablet_bootstrap.cc:592] T 96875be6f1124d25ba150b3bd8ed725f P c36abe6b2bdb4e778576473f60926b7b: No blocks or log segments found. Creating new log.
I1102 21:39:13.964102 9489 tablet.cc:1699] T 22e7d538ba0b4d13baca67b168a47317 P c36abe6b2bdb4e778576473f60926b7b: Flush successful on 56 rows (1 rowsets, 7455 bytes)
I1102 21:39:13.964323 9066 catalog_manager.cc:3873] TS 33b43dabe1b543f39e7ed84247c575e8 (127.7.150.3:44373) does not have the latest schema for tablet 96875be6f1124d25ba150b3bd8ed725f (table default.test_table [id=e93179f4d3eb4a26a760d9d76293265f]). Expected version 32 got 0
I1102 21:39:13.964509 9066 catalog_manager.cc:2958] Scheduling retry of 96875be6f1124d25ba150b3bd8ed725f (table default.test_table [id=e93179f4d3eb4a26a760d9d76293265f]) Alter Table RPC with a delay of 55 ms (attempt = 1)
W1102 21:39:13.964551 9066 catalog_manager.cc:3937] Failed to send 96875be6f1124d25ba150b3bd8ed725f (table default.test_table [id=e93179f4d3eb4a26a760d9d76293265f]) Alter Table RPC: Not found: failed to reset TS proxy: No leader found: Tablet 96875be6f1124d25ba150b3bd8ed725f consensus state has no leader
I1102 21:39:13.965312 9135 tablet.cc:1699] T 22e7d538ba0b4d13baca67b168a47317 P 33b43dabe1b543f39e7ed84247c575e8: Flush successful on 56 rows (1 rowsets, 7456 bytes)
I1102 21:39:13.965783 9553 tablet_bootstrap.cc:438] T 96875be6f1124d25ba150b3bd8ed725f P c36abe6b2bdb4e778576473f60926b7b: No bootstrap required, opened a new log
I1102 21:39:13.965855 9553 ts_tablet_manager.cc:1045] T 96875be6f1124d25ba150b3bd8ed725f P c36abe6b2bdb4e778576473f60926b7b: Time spent bootstrapping tablet: real 0.004s user 0.002s sys 0.000s
I1102 21:39:13.966586 9553 raft_consensus.cc:339] T 96875be6f1124d25ba150b3bd8ed725f P c36abe6b2bdb4e778576473f60926b7b [term 0 FOLLOWER]: Replica starting. Triggering 0 pending transactions. Active config: opid_index: -1 OBSOLETE_local: false peers { permanent_uuid: "33b43dabe1b543f39e7ed84247c575e8" member_type: VOTER last_known_addr { host: "127.7.150.3" port: 44373 } } peers { permanent_uuid: "e92a2036de454238809663ac303c6ade" member_type: VOTER last_known_addr { host: "127.7.150.2" port: 39313 } } peers { permanent_uuid: "c36abe6b2bdb4e778576473f60926b7b" member_type: VOTER last_known_addr { host: "127.7.150.1" port: 46291 } }
I1102 21:39:13.966620 9553 raft_consensus.cc:365] T 96875be6f1124d25ba150b3bd8ed725f P c36abe6b2bdb4e778576473f60926b7b [term 0 FOLLOWER]: Consensus starting up: Expiring failure detector timer to make a prompt election more likely
I1102 21:39:13.966639 9553 raft_consensus.cc:704] T 96875be6f1124d25ba150b3bd8ed725f P c36abe6b2bdb4e778576473f60926b7b [term 0 FOLLOWER]: Becoming Follower/Learner. State: Replica: c36abe6b2bdb4e778576473f60926b7b, State: Initialized, Role: FOLLOWER
I1102 21:39:13.966781 9553 consensus_queue.cc:229] T 96875be6f1124d25ba150b3bd8ed725f P c36abe6b2bdb4e778576473f60926b7b [NON_LEADER]: Queue going to NON_LEADER mode. State: All replicated index: 0, Majority replicated index: 0, Committed index: 0, Last appended: 0.0, Last appended by leader: 0, Current term: 0, Majority size: -1, State: 0, Mode: NON_LEADER, active raft config: opid_index: -1 OBSOLETE_local: false peers { permanent_uuid: "33b43dabe1b543f39e7ed84247c575e8" member_type: VOTER last_known_addr { host: "127.7.150.3" port: 44373 } } peers { permanent_uuid: "e92a2036de454238809663ac303c6ade" member_type: VOTER last_known_addr { host: "127.7.150.2" port: 39313 } } peers { permanent_uuid: "c36abe6b2bdb4e778576473f60926b7b" member_type: VOTER last_known_addr { host: "127.7.150.1" port: 46291 } }
I1102 21:39:13.967017 9553 ts_tablet_manager.cc:1073] T 96875be6f1124d25ba150b3bd8ed725f P c36abe6b2bdb4e778576473f60926b7b: Time spent starting tablet: real 0.001s user 0.001s sys 0.000s
I1102 21:39:13.968168 9067 catalog_manager.cc:3873] TS c36abe6b2bdb4e778576473f60926b7b (127.7.150.1:46291) does not have the latest schema for tablet 96875be6f1124d25ba150b3bd8ed725f (table default.test_table [id=e93179f4d3eb4a26a760d9d76293265f]). Expected version 32 got 0
I1102 21:39:13.968339 9067 catalog_manager.cc:2958] Scheduling retry of 96875be6f1124d25ba150b3bd8ed725f (table default.test_table [id=e93179f4d3eb4a26a760d9d76293265f]) Alter Table RPC with a delay of 58 ms (attempt = 1)
W1102 21:39:13.968385 9067 catalog_manager.cc:3937] Failed to send 96875be6f1124d25ba150b3bd8ed725f (table default.test_table [id=e93179f4d3eb4a26a760d9d76293265f]) Alter Table RPC: Not found: failed to reset TS proxy: No leader found: Tablet 96875be6f1124d25ba150b3bd8ed725f consensus state has no leader
I1102 21:39:13.987926 9069 catalog_manager.cc:3873] TS c36abe6b2bdb4e778576473f60926b7b (127.7.150.1:46291) does not have the latest schema for tablet 96875be6f1124d25ba150b3bd8ed725f (table default.test_table [id=e93179f4d3eb4a26a760d9d76293265f]). Expected version 32 got 0
I1102 21:39:13.988157 9069 catalog_manager.cc:2958] Scheduling retry of 96875be6f1124d25ba150b3bd8ed725f (table default.test_table [id=e93179f4d3eb4a26a760d9d76293265f]) Alter Table RPC with a delay of 52 ms (attempt = 1)
W1102 21:39:13.988207 9069 catalog_manager.cc:3937] Failed to send 96875be6f1124d25ba150b3bd8ed725f (table default.test_table [id=e93179f4d3eb4a26a760d9d76293265f]) Alter Table RPC: Not found: failed to reset TS proxy: No leader found: Tablet 96875be6f1124d25ba150b3bd8ed725f consensus state has no leader
I1102 21:39:13.994024 9316 maintenance_manager.cc:304] P e92a2036de454238809663ac303c6ade: Scheduling UndoDeltaBlockGCOp(22e7d538ba0b4d13baca67b168a47317): 1692 bytes on disk
I1102 21:39:13.994808 9209 maintenance_manager.cc:494] P e92a2036de454238809663ac303c6ade: UndoDeltaBlockGCOp(22e7d538ba0b4d13baca67b168a47317) complete. Timing: real 0.001s user 0.000s sys 0.000s Metrics: {"cfile_init":1,"lbm_read_time_us":106,"lbm_reads_lt_1ms":4}
I1102 21:39:14.006736 9058 catalog_manager.cc:2958] Scheduling retry of 96875be6f1124d25ba150b3bd8ed725f (table default.test_table [id=e93179f4d3eb4a26a760d9d76293265f]) Alter Table RPC with a delay of 81 ms (attempt = 2)
W1102 21:39:14.006796 9058 catalog_manager.cc:2977] Async tablet task 96875be6f1124d25ba150b3bd8ed725f (table default.test_table [id=e93179f4d3eb4a26a760d9d76293265f]) Alter Table RPC failed: Not found: failed to reset TS proxy: No leader found: Tablet 96875be6f1124d25ba150b3bd8ed725f consensus state has no leader
I1102 21:39:14.014902 8565 maintenance_manager.cc:304] P 33b43dabe1b543f39e7ed84247c575e8: Scheduling UndoDeltaBlockGCOp(22e7d538ba0b4d13baca67b168a47317): 1692 bytes on disk
I1102 21:39:14.015609 8458 maintenance_manager.cc:494] P 33b43dabe1b543f39e7ed84247c575e8: UndoDeltaBlockGCOp(22e7d538ba0b4d13baca67b168a47317) complete. Timing: real 0.000s user 0.000s sys 0.000s Metrics: {"cfile_init":1,"lbm_read_time_us":107,"lbm_reads_lt_1ms":4}
I1102 21:39:14.021495 9056 catalog_manager.cc:2958] Scheduling retry of 96875be6f1124d25ba150b3bd8ed725f (table default.test_table [id=e93179f4d3eb4a26a760d9d76293265f]) Alter Table RPC with a delay of 47 ms (attempt = 2)
W1102 21:39:14.021549 9056 catalog_manager.cc:2977] Async tablet task 96875be6f1124d25ba150b3bd8ed725f (table default.test_table [id=e93179f4d3eb4a26a760d9d76293265f]) Alter Table RPC failed: Not found: failed to reset TS proxy: No leader found: Tablet 96875be6f1124d25ba150b3bd8ed725f consensus state has no leader
I1102 21:39:14.027635 9058 catalog_manager.cc:2958] Scheduling retry of 96875be6f1124d25ba150b3bd8ed725f (table default.test_table [id=e93179f4d3eb4a26a760d9d76293265f]) Alter Table RPC with a delay of 68 ms (attempt = 2)
W1102 21:39:14.027684 9058 catalog_manager.cc:2977] Async tablet task 96875be6f1124d25ba150b3bd8ed725f (table default.test_table [id=e93179f4d3eb4a26a760d9d76293265f]) Alter Table RPC failed: Not found: failed to reset TS proxy: No leader found: Tablet 96875be6f1124d25ba150b3bd8ed725f consensus state has no leader
I1102 21:39:14.029109 9059 catalog_manager.cc:2958] Scheduling retry of 96875be6f1124d25ba150b3bd8ed725f (table default.test_table [id=e93179f4d3eb4a26a760d9d76293265f]) Alter Table RPC with a delay of 63 ms (attempt = 2)
W1102 21:39:14.029148 9059 catalog_manager.cc:2977] Async tablet task 96875be6f1124d25ba150b3bd8ed725f (table default.test_table [id=e93179f4d3eb4a26a760d9d76293265f]) Alter Table RPC failed: Not found: failed to reset TS proxy: No leader found: Tablet 96875be6f1124d25ba150b3bd8ed725f consensus state has no leader
I1102 21:39:14.041515 9059 catalog_manager.cc:2958] Scheduling retry of 96875be6f1124d25ba150b3bd8ed725f (table default.test_table [id=e93179f4d3eb4a26a760d9d76293265f]) Alter Table RPC with a delay of 43 ms (attempt = 2)
W1102 21:39:14.041570 9059 catalog_manager.cc:2977] Async tablet task 96875be6f1124d25ba150b3bd8ed725f (table default.test_table [id=e93179f4d3eb4a26a760d9d76293265f]) Alter Table RPC failed: Not found: failed to reset TS proxy: No leader found: Tablet 96875be6f1124d25ba150b3bd8ed725f consensus state has no leader
I1102 21:39:14.042771 9059 catalog_manager.cc:2958] Scheduling retry of 96875be6f1124d25ba150b3bd8ed725f (table default.test_table [id=e93179f4d3eb4a26a760d9d76293265f]) Alter Table RPC with a delay of 98 ms (attempt = 3)
W1102 21:39:14.042809 9059 catalog_manager.cc:2977] Async tablet task 96875be6f1124d25ba150b3bd8ed725f (table default.test_table [id=e93179f4d3eb4a26a760d9d76293265f]) Alter Table RPC failed: Not found: failed to reset TS proxy: No leader found: Tablet 96875be6f1124d25ba150b3bd8ed725f consensus state has no leader
I1102 21:39:14.069113 9056 catalog_manager.cc:2958] Scheduling retry of 96875be6f1124d25ba150b3bd8ed725f (table default.test_table [id=e93179f4d3eb4a26a760d9d76293265f]) Alter Table RPC with a delay of 97 ms (attempt = 3)
W1102 21:39:14.069183 9056 catalog_manager.cc:2977] Async tablet task 96875be6f1124d25ba150b3bd8ed725f (table default.test_table [id=e93179f4d3eb4a26a760d9d76293265f]) Alter Table RPC failed: Not found: failed to reset TS proxy: No leader found: Tablet 96875be6f1124d25ba150b3bd8ed725f consensus state has no leader
I1102 21:39:14.085211 9059 catalog_manager.cc:2958] Scheduling retry of 96875be6f1124d25ba150b3bd8ed725f (table default.test_table [id=e93179f4d3eb4a26a760d9d76293265f]) Alter Table RPC with a delay of 101 ms (attempt = 3)
W1102 21:39:14.085297 9059 catalog_manager.cc:2977] Async tablet task 96875be6f1124d25ba150b3bd8ed725f (table default.test_table [id=e93179f4d3eb4a26a760d9d76293265f]) Alter Table RPC failed: Not found: failed to reset TS proxy: No leader found: Tablet 96875be6f1124d25ba150b3bd8ed725f consensus state has no leader
I1102 21:39:14.088167 9058 catalog_manager.cc:2958] Scheduling retry of 96875be6f1124d25ba150b3bd8ed725f (table default.test_table [id=e93179f4d3eb4a26a760d9d76293265f]) Alter Table RPC with a delay of 86 ms (attempt = 3)
W1102 21:39:14.088213 9058 catalog_manager.cc:2977] Async tablet task 96875be6f1124d25ba150b3bd8ed725f (table default.test_table [id=e93179f4d3eb4a26a760d9d76293265f]) Alter Table RPC failed: Not found: failed to reset TS proxy: No leader found: Tablet 96875be6f1124d25ba150b3bd8ed725f consensus state has no leader
I1102 21:39:14.092646 9059 catalog_manager.cc:2958] Scheduling retry of 96875be6f1124d25ba150b3bd8ed725f (table default.test_table [id=e93179f4d3eb4a26a760d9d76293265f]) Alter Table RPC with a delay of 101 ms (attempt = 3)
W1102 21:39:14.092694 9059 catalog_manager.cc:2977] Async tablet task 96875be6f1124d25ba150b3bd8ed725f (table default.test_table [id=e93179f4d3eb4a26a760d9d76293265f]) Alter Table RPC failed: Not found: failed to reset TS proxy: No leader found: Tablet 96875be6f1124d25ba150b3bd8ed725f consensus state has no leader
I1102 21:39:14.096537 9058 catalog_manager.cc:2958] Scheduling retry of 96875be6f1124d25ba150b3bd8ed725f (table default.test_table [id=e93179f4d3eb4a26a760d9d76293265f]) Alter Table RPC with a delay of 87 ms (attempt = 3)
W1102 21:39:14.096586 9058 catalog_manager.cc:2977] Async tablet task 96875be6f1124d25ba150b3bd8ed725f (table default.test_table [id=e93179f4d3eb4a26a760d9d76293265f]) Alter Table RPC failed: Not found: failed to reset TS proxy: No leader found: Tablet 96875be6f1124d25ba150b3bd8ed725f consensus state has no leader
I1102 21:39:14.110062 9476 maintenance_manager.cc:304] P c36abe6b2bdb4e778576473f60926b7b: Scheduling UndoDeltaBlockGCOp(22e7d538ba0b4d13baca67b168a47317): 1692 bytes on disk
I1102 21:39:14.110833 9369 maintenance_manager.cc:494] P c36abe6b2bdb4e778576473f60926b7b: UndoDeltaBlockGCOp(22e7d538ba0b4d13baca67b168a47317) complete. Timing: real 0.000s user 0.000s sys 0.000s Metrics: {"cfile_init":1,"lbm_read_time_us":132,"lbm_reads_lt_1ms":4}
I1102 21:39:14.141304 9059 catalog_manager.cc:2958] Scheduling retry of 96875be6f1124d25ba150b3bd8ed725f (table default.test_table [id=e93179f4d3eb4a26a760d9d76293265f]) Alter Table RPC with a delay of 171 ms (attempt = 4)
W1102 21:39:14.141361 9059 catalog_manager.cc:2977] Async tablet task 96875be6f1124d25ba150b3bd8ed725f (table default.test_table [id=e93179f4d3eb4a26a760d9d76293265f]) Alter Table RPC failed: Not found: failed to reset TS proxy: No leader found: Tablet 96875be6f1124d25ba150b3bd8ed725f consensus state has no leader
I1102 21:39:14.166872 9056 catalog_manager.cc:2958] Scheduling retry of 96875be6f1124d25ba150b3bd8ed725f (table default.test_table [id=e93179f4d3eb4a26a760d9d76293265f]) Alter Table RPC with a delay of 147 ms (attempt = 4)
W1102 21:39:14.166934 9056 catalog_manager.cc:2977] Async tablet task 96875be6f1124d25ba150b3bd8ed725f (table default.test_table [id=e93179f4d3eb4a26a760d9d76293265f]) Alter Table RPC failed: Not found: failed to reset TS proxy: No leader found: Tablet 96875be6f1124d25ba150b3bd8ed725f consensus state has no leader
I1102 21:39:14.174958 9058 catalog_manager.cc:2958] Scheduling retry of 96875be6f1124d25ba150b3bd8ed725f (table default.test_table [id=e93179f4d3eb4a26a760d9d76293265f]) Alter Table RPC with a delay of 170 ms (attempt = 4)
W1102 21:39:14.175009 9058 catalog_manager.cc:2977] Async tablet task 96875be6f1124d25ba150b3bd8ed725f (table default.test_table [id=e93179f4d3eb4a26a760d9d76293265f]) Alter Table RPC failed: Not found: failed to reset TS proxy: No leader found: Tablet 96875be6f1124d25ba150b3bd8ed725f consensus state has no leader
I1102 21:39:14.183822 9058 catalog_manager.cc:2958] Scheduling retry of 96875be6f1124d25ba150b3bd8ed725f (table default.test_table [id=e93179f4d3eb4a26a760d9d76293265f]) Alter Table RPC with a delay of 132 ms (attempt = 4)
W1102 21:39:14.183869 9058 catalog_manager.cc:2977] Async tablet task 96875be6f1124d25ba150b3bd8ed725f (table default.test_table [id=e93179f4d3eb4a26a760d9d76293265f]) Alter Table RPC failed: Not found: failed to reset TS proxy: No leader found: Tablet 96875be6f1124d25ba150b3bd8ed725f consensus state has no leader
I1102 21:39:14.186652 9059 catalog_manager.cc:2958] Scheduling retry of 96875be6f1124d25ba150b3bd8ed725f (table default.test_table [id=e93179f4d3eb4a26a760d9d76293265f]) Alter Table RPC with a delay of 172 ms (attempt = 4)
W1102 21:39:14.186695 9059 catalog_manager.cc:2977] Async tablet task 96875be6f1124d25ba150b3bd8ed725f (table default.test_table [id=e93179f4d3eb4a26a760d9d76293265f]) Alter Table RPC failed: Not found: failed to reset TS proxy: No leader found: Tablet 96875be6f1124d25ba150b3bd8ed725f consensus state has no leader
I1102 21:39:14.193962 9059 catalog_manager.cc:2958] Scheduling retry of 96875be6f1124d25ba150b3bd8ed725f (table default.test_table [id=e93179f4d3eb4a26a760d9d76293265f]) Alter Table RPC with a delay of 152 ms (attempt = 4)
W1102 21:39:14.194005 9059 catalog_manager.cc:2977] Async tablet task 96875be6f1124d25ba150b3bd8ed725f (table default.test_table [id=e93179f4d3eb4a26a760d9d76293265f]) Alter Table RPC failed: Not found: failed to reset TS proxy: No leader found: Tablet 96875be6f1124d25ba150b3bd8ed725f consensus state has no leader
I1102 21:39:14.214089 9561 raft_consensus.cc:471] T 96875be6f1124d25ba150b3bd8ed725f P c36abe6b2bdb4e778576473f60926b7b [term 0 FOLLOWER]: Starting pre-election (no leader contacted us within the election timeout)
I1102 21:39:14.214175 9561 raft_consensus.cc:2840] T 96875be6f1124d25ba150b3bd8ed725f P c36abe6b2bdb4e778576473f60926b7b: Snoozing failure detection for 1.891s (starting election)
I1102 21:39:14.214293 9561 raft_consensus.cc:493] T 96875be6f1124d25ba150b3bd8ed725f P c36abe6b2bdb4e778576473f60926b7b [term 0 FOLLOWER]: Starting pre-election with config: opid_index: -1 OBSOLETE_local: false peers { permanent_uuid: "33b43dabe1b543f39e7ed84247c575e8" member_type: VOTER last_known_addr { host: "127.7.150.3" port: 44373 } } peers { permanent_uuid: "e92a2036de454238809663ac303c6ade" member_type: VOTER last_known_addr { host: "127.7.150.2" port: 39313 } } peers { permanent_uuid: "c36abe6b2bdb4e778576473f60926b7b" member_type: VOTER last_known_addr { host: "127.7.150.1" port: 46291 } }
I1102 21:39:14.214567 9561 leader_election.cc:251] T 96875be6f1124d25ba150b3bd8ed725f P c36abe6b2bdb4e778576473f60926b7b [CANDIDATE]: Term 1 pre-election: Requesting pre-vote from peer 33b43dabe1b543f39e7ed84247c575e8 (127.7.150.3:44373)
I1102 21:39:14.214709 9561 leader_election.cc:251] T 96875be6f1124d25ba150b3bd8ed725f P c36abe6b2bdb4e778576473f60926b7b [CANDIDATE]: Term 1 pre-election: Requesting pre-vote from peer e92a2036de454238809663ac303c6ade (127.7.150.2:39313)
I1102 21:39:14.215451 8519 tablet_service.cc:1001] Received RequestConsensusVote() RPC: tablet_id: "96875be6f1124d25ba150b3bd8ed725f" candidate_uuid: "c36abe6b2bdb4e778576473f60926b7b" candidate_term: 1 candidate_status { last_received { term: 0 index: 0 } } ignore_live_leader: false dest_uuid: "33b43dabe1b543f39e7ed84247c575e8" is_pre_election: true
I1102 21:39:14.215495 9272 tablet_service.cc:1001] Received RequestConsensusVote() RPC: tablet_id: "96875be6f1124d25ba150b3bd8ed725f" candidate_uuid: "c36abe6b2bdb4e778576473f60926b7b" candidate_term: 1 candidate_status { last_received { term: 0 index: 0 } } ignore_live_leader: false dest_uuid: "e92a2036de454238809663ac303c6ade" is_pre_election: true
I1102 21:39:14.215539 8519 raft_consensus.cc:2840] T 96875be6f1124d25ba150b3bd8ed725f P 33b43dabe1b543f39e7ed84247c575e8: Snoozing failure detection for 1.872s (vote granted)
I1102 21:39:14.215562 9272 raft_consensus.cc:2840] T 96875be6f1124d25ba150b3bd8ed725f P e92a2036de454238809663ac303c6ade: Snoozing failure detection for 1.587s (vote granted)
I1102 21:39:14.215607 9272 raft_consensus.cc:2352] T 96875be6f1124d25ba150b3bd8ed725f P e92a2036de454238809663ac303c6ade [term 0 FOLLOWER]: Leader pre-election vote request: Granting yes vote for candidate c36abe6b2bdb4e778576473f60926b7b in term 0.
I1102 21:39:14.215607 8519 raft_consensus.cc:2352] T 96875be6f1124d25ba150b3bd8ed725f P 33b43dabe1b543f39e7ed84247c575e8 [term 0 FOLLOWER]: Leader pre-election vote request: Granting yes vote for candidate c36abe6b2bdb4e778576473f60926b7b in term 0.
I1102 21:39:14.216027 9365 leader_election.cc:387] T 96875be6f1124d25ba150b3bd8ed725f P c36abe6b2bdb4e778576473f60926b7b [CANDIDATE]: Term 1 pre-election: Vote granted by peer 33b43dabe1b543f39e7ed84247c575e8 (127.7.150.3:44373)
I1102 21:39:14.216096 9365 leader_election.cc:278] T 96875be6f1124d25ba150b3bd8ed725f P c36abe6b2bdb4e778576473f60926b7b [CANDIDATE]: Term 1 pre-election: Election decided. Result: candidate won.
I1102 21:39:14.216152 9362 leader_election.cc:387] T 96875be6f1124d25ba150b3bd8ed725f P c36abe6b2bdb4e778576473f60926b7b [CANDIDATE]: Term 1 pre-election: Vote granted by peer e92a2036de454238809663ac303c6ade (127.7.150.2:39313)
I1102 21:39:14.216280 9561 raft_consensus.cc:2840] T 96875be6f1124d25ba150b3bd8ed725f P c36abe6b2bdb4e778576473f60926b7b: Snoozing failure detection for 2.143s (election complete)
I1102 21:39:14.216325 9561 raft_consensus.cc:2646] T 96875be6f1124d25ba150b3bd8ed725f P c36abe6b2bdb4e778576473f60926b7b [term 0 FOLLOWER]: Leader pre-election won for term 1
I1102 21:39:14.216349 9561 raft_consensus.cc:471] T 96875be6f1124d25ba150b3bd8ed725f P c36abe6b2bdb4e778576473f60926b7b [term 0 FOLLOWER]: Starting leader election (no leader contacted us within the election timeout)
I1102 21:39:14.216370 9561 raft_consensus.cc:2840] T 96875be6f1124d25ba150b3bd8ed725f P c36abe6b2bdb4e778576473f60926b7b: Snoozing failure detection for 1.685s (starting election)
I1102 21:39:14.216393 9561 raft_consensus.cc:2892] T 96875be6f1124d25ba150b3bd8ed725f P c36abe6b2bdb4e778576473f60926b7b [term 0 FOLLOWER]: Advancing to term 1
I1102 21:39:14.217262 9561 raft_consensus.cc:493] T 96875be6f1124d25ba150b3bd8ed725f P c36abe6b2bdb4e778576473f60926b7b [term 1 FOLLOWER]: Starting leader election with config: opid_index: -1 OBSOLETE_local: false peers { permanent_uuid: "33b43dabe1b543f39e7ed84247c575e8" member_type: VOTER last_known_addr { host: "127.7.150.3" port: 44373 } } peers { permanent_uuid: "e92a2036de454238809663ac303c6ade" member_type: VOTER last_known_addr { host: "127.7.150.2" port: 39313 } } peers { permanent_uuid: "c36abe6b2bdb4e778576473f60926b7b" member_type: VOTER last_known_addr { host: "127.7.150.1" port: 46291 } }
I1102 21:39:14.217444 9561 leader_election.cc:251] T 96875be6f1124d25ba150b3bd8ed725f P c36abe6b2bdb4e778576473f60926b7b [CANDIDATE]: Term 1 election: Requesting vote from peer 33b43dabe1b543f39e7ed84247c575e8 (127.7.150.3:44373)
I1102 21:39:14.217545 9561 leader_election.cc:251] T 96875be6f1124d25ba150b3bd8ed725f P c36abe6b2bdb4e778576473f60926b7b [CANDIDATE]: Term 1 election: Requesting vote from peer e92a2036de454238809663ac303c6ade (127.7.150.2:39313)
I1102 21:39:14.218029 8519 tablet_service.cc:1001] Received RequestConsensusVote() RPC: tablet_id: "96875be6f1124d25ba150b3bd8ed725f" candidate_uuid: "c36abe6b2bdb4e778576473f60926b7b" candidate_term: 1 candidate_status { last_received { term: 0 index: 0 } } ignore_live_leader: false dest_uuid: "33b43dabe1b543f39e7ed84247c575e8"
I1102 21:39:14.218088 8519 raft_consensus.cc:2892] T 96875be6f1124d25ba150b3bd8ed725f P 33b43dabe1b543f39e7ed84247c575e8 [term 0 FOLLOWER]: Advancing to term 1
I1102 21:39:14.218152 8519 raft_consensus.cc:2840] T 96875be6f1124d25ba150b3bd8ed725f P 33b43dabe1b543f39e7ed84247c575e8: Snoozing failure detection for 1.771s (vote granted)
I1102 21:39:14.218159 9272 tablet_service.cc:1001] Received RequestConsensusVote() RPC: tablet_id: "96875be6f1124d25ba150b3bd8ed725f" candidate_uuid: "c36abe6b2bdb4e778576473f60926b7b" candidate_term: 1 candidate_status { last_received { term: 0 index: 0 } } ignore_live_leader: false dest_uuid: "e92a2036de454238809663ac303c6ade"
I1102 21:39:14.218210 9272 raft_consensus.cc:2892] T 96875be6f1124d25ba150b3bd8ed725f P e92a2036de454238809663ac303c6ade [term 0 FOLLOWER]: Advancing to term 1
I1102 21:39:14.218257 9272 raft_consensus.cc:2840] T 96875be6f1124d25ba150b3bd8ed725f P e92a2036de454238809663ac303c6ade: Snoozing failure detection for 1.752s (vote granted)
I1102 21:39:14.218955 8519 raft_consensus.cc:2352] T 96875be6f1124d25ba150b3bd8ed725f P 33b43dabe1b543f39e7ed84247c575e8 [term 1 FOLLOWER]: Leader election vote request: Granting yes vote for candidate c36abe6b2bdb4e778576473f60926b7b in term 1.
I1102 21:39:14.219048 9272 raft_consensus.cc:2352] T 96875be6f1124d25ba150b3bd8ed725f P e92a2036de454238809663ac303c6ade [term 1 FOLLOWER]: Leader election vote request: Granting yes vote for candidate c36abe6b2bdb4e778576473f60926b7b in term 1.
I1102 21:39:14.219310 9365 leader_election.cc:387] T 96875be6f1124d25ba150b3bd8ed725f P c36abe6b2bdb4e778576473f60926b7b [CANDIDATE]: Term 1 election: Vote granted by peer 33b43dabe1b543f39e7ed84247c575e8 (127.7.150.3:44373)
I1102 21:39:14.219348 9365 leader_election.cc:278] T 96875be6f1124d25ba150b3bd8ed725f P c36abe6b2bdb4e778576473f60926b7b [CANDIDATE]: Term 1 election: Election decided. Result: candidate won.
I1102 21:39:14.219432 9362 leader_election.cc:387] T 96875be6f1124d25ba150b3bd8ed725f P c36abe6b2bdb4e778576473f60926b7b [CANDIDATE]: Term 1 election: Vote granted by peer e92a2036de454238809663ac303c6ade (127.7.150.2:39313)
I1102 21:39:14.219504 9561 raft_consensus.cc:2840] T 96875be6f1124d25ba150b3bd8ed725f P c36abe6b2bdb4e778576473f60926b7b: Snoozing failure detection for 1.688s (election complete)
I1102 21:39:14.219539 9561 raft_consensus.cc:2646] T 96875be6f1124d25ba150b3bd8ed725f P c36abe6b2bdb4e778576473f60926b7b [term 1 FOLLOWER]: Leader election won for term 1
I1102 21:39:14.219662 9561 raft_consensus.cc:666] T 96875be6f1124d25ba150b3bd8ed725f P c36abe6b2bdb4e778576473f60926b7b [term 1 LEADER]: Becoming Leader. State: Replica: c36abe6b2bdb4e778576473f60926b7b, State: Running, Role: LEADER
I1102 21:39:14.219822 9561 consensus_queue.cc:206] T 96875be6f1124d25ba150b3bd8ed725f P c36abe6b2bdb4e778576473f60926b7b [LEADER]: Queue going to LEADER mode. State: All replicated index: 0, Majority replicated index: 0, Committed index: 0, Last appended: 0.0, Last appended by leader: 0, Current term: 1, Majority size: 2, State: 0, Mode: LEADER, active raft config: opid_index: -1 OBSOLETE_local: false peers { permanent_uuid: "33b43dabe1b543f39e7ed84247c575e8" member_type: VOTER last_known_addr { host: "127.7.150.3" port: 44373 } } peers { permanent_uuid: "e92a2036de454238809663ac303c6ade" member_type: VOTER last_known_addr { host: "127.7.150.2" port: 39313 } } peers { permanent_uuid: "c36abe6b2bdb4e778576473f60926b7b" member_type: VOTER last_known_addr { host: "127.7.150.1" port: 46291 } }
I1102 21:39:14.221444 9067 catalog_manager.cc:3778] T 96875be6f1124d25ba150b3bd8ed725f P c36abe6b2bdb4e778576473f60926b7b reported cstate change: term changed from 0 to 1, leader changed from to c36abe6b2bdb4e778576473f60926b7b (127.7.150.1). New cstate: current_term: 1 leader_uuid: "c36abe6b2bdb4e778576473f60926b7b" committed_config { opid_index: -1 OBSOLETE_local: false peers { permanent_uuid: "33b43dabe1b543f39e7ed84247c575e8" member_type: VOTER last_known_addr { host: "127.7.150.3" port: 44373 } health_report { overall_health: UNKNOWN } } peers { permanent_uuid: "e92a2036de454238809663ac303c6ade" member_type: VOTER last_known_addr { host: "127.7.150.2" port: 39313 } health_report { overall_health: UNKNOWN } } peers { permanent_uuid: "c36abe6b2bdb4e778576473f60926b7b" member_type: VOTER last_known_addr { host: "127.7.150.1" port: 46291 } health_report { overall_health: HEALTHY } } }
I1102 21:39:14.221536 9067 catalog_manager.cc:3873] TS c36abe6b2bdb4e778576473f60926b7b (127.7.150.1:46291) does not have the latest schema for tablet 96875be6f1124d25ba150b3bd8ed725f (table default.test_table [id=e93179f4d3eb4a26a760d9d76293265f]). Expected version 32 got 0
I1102 21:39:14.225324 9272 raft_consensus.cc:1180] T 96875be6f1124d25ba150b3bd8ed725f P e92a2036de454238809663ac303c6ade [term 1 FOLLOWER]: Refusing update from remote peer c36abe6b2bdb4e778576473f60926b7b: Log matching property violated. Preceding OpId in replica: term: 0 index: 0. Preceding OpId from leader: term: 1 index: 2. (index mismatch)
I1102 21:39:14.225481 8519 raft_consensus.cc:1180] T 96875be6f1124d25ba150b3bd8ed725f P 33b43dabe1b543f39e7ed84247c575e8 [term 1 FOLLOWER]: Refusing update from remote peer c36abe6b2bdb4e778576473f60926b7b: Log matching property violated. Preceding OpId in replica: term: 0 index: 0. Preceding OpId from leader: term: 1 index: 2. (index mismatch)
I1102 21:39:14.225878 9562 consensus_queue.cc:976] T 96875be6f1124d25ba150b3bd8ed725f P c36abe6b2bdb4e778576473f60926b7b [LEADER]: Connected to new peer: Peer: permanent_uuid: "e92a2036de454238809663ac303c6ade" member_type: VOTER last_known_addr { host: "127.7.150.2" port: 39313 }, Status: LMP_MISMATCH, Last received: 0.0, Next index: 1, Last known committed idx: 0, Time since last communication: 0.000s
I1102 21:39:14.225996 9561 consensus_queue.cc:976] T 96875be6f1124d25ba150b3bd8ed725f P c36abe6b2bdb4e778576473f60926b7b [LEADER]: Connected to new peer: Peer: permanent_uuid: "33b43dabe1b543f39e7ed84247c575e8" member_type: VOTER last_known_addr { host: "127.7.150.3" port: 44373 }, Status: LMP_MISMATCH, Last received: 0.0, Next index: 1, Last known committed idx: 0, Time since last communication: 0.000s
I1102 21:39:14.227942 9067 catalog_manager.cc:3873] TS 33b43dabe1b543f39e7ed84247c575e8 (127.7.150.3:44373) does not have the latest schema for tablet 96875be6f1124d25ba150b3bd8ed725f (table default.test_table [id=e93179f4d3eb4a26a760d9d76293265f]). Expected version 32 got 0
I1102 21:39:14.228214 9069 catalog_manager.cc:3873] TS e92a2036de454238809663ac303c6ade (127.7.150.2:39313) does not have the latest schema for tablet 96875be6f1124d25ba150b3bd8ed725f (table default.test_table [id=e93179f4d3eb4a26a760d9d76293265f]). Expected version 32 got 0
I1102 21:39:14.229869 9489 tablet.cc:1262] T 96875be6f1124d25ba150b3bd8ed725f P c36abe6b2bdb4e778576473f60926b7b: Alter schema from ( 10:c429 INT32 NOT NULL, 18:c712 INT32 NULLABLE, 20:c169 INT32 NULLABLE, 22:c865 INT32 NOT NULL, 23:c148 INT32 NULLABLE, 24:c764 INT32 NULLABLE, 26:c840 INT32 NOT NULL, 30:c592 INT32 NULLABLE, 31:c908 INT32 NOT NULL, 32:c241 INT32 NOT NULL, 33:c996 INT32 NOT NULL, PRIMARY KEY (c429) ) version 0 to ( 10:c429 INT32 NOT NULL, 18:c712 INT32 NULLABLE, 20:c169 INT32 NULLABLE, 22:c865 INT32 NOT NULL, 23:c148 INT32 NULLABLE, 24:c764 INT32 NULLABLE, 26:c840 INT32 NOT NULL, 30:c592 INT32 NULLABLE, 31:c908 INT32 NOT NULL, 32:c241 INT32 NOT NULL, 33:c996 INT32 NOT NULL, PRIMARY KEY (c429) ) version 32
I1102 21:39:14.231148 9135 tablet.cc:1262] T 96875be6f1124d25ba150b3bd8ed725f P 33b43dabe1b543f39e7ed84247c575e8: Alter schema from ( 10:c429 INT32 NOT NULL, 18:c712 INT32 NULLABLE, 20:c169 INT32 NULLABLE, 22:c865 INT32 NOT NULL, 23:c148 INT32 NULLABLE, 24:c764 INT32 NULLABLE, 26:c840 INT32 NOT NULL, 30:c592 INT32 NULLABLE, 31:c908 INT32 NOT NULL, 32:c241 INT32 NOT NULL, 33:c996 INT32 NOT NULL, PRIMARY KEY (c429) ) version 0 to ( 10:c429 INT32 NOT NULL, 18:c712 INT32 NULLABLE, 20:c169 INT32 NULLABLE, 22:c865 INT32 NOT NULL, 23:c148 INT32 NULLABLE, 24:c764 INT32 NULLABLE, 26:c840 INT32 NOT NULL, 30:c592 INT32 NULLABLE, 31:c908 INT32 NOT NULL, 32:c241 INT32 NOT NULL, 33:c996 INT32 NOT NULL, PRIMARY KEY (c429) ) version 32
I1102 21:39:14.231281 9328 tablet.cc:1262] T 96875be6f1124d25ba150b3bd8ed725f P e92a2036de454238809663ac303c6ade: Alter schema from ( 10:c429 INT32 NOT NULL, 18:c712 INT32 NULLABLE, 20:c169 INT32 NULLABLE, 22:c865 INT32 NOT NULL, 23:c148 INT32 NULLABLE, 24:c764 INT32 NULLABLE, 26:c840 INT32 NOT NULL, 30:c592 INT32 NULLABLE, 31:c908 INT32 NOT NULL, 32:c241 INT32 NOT NULL, 33:c996 INT32 NOT NULL, PRIMARY KEY (c429) ) version 0 to ( 10:c429 INT32 NOT NULL, 18:c712 INT32 NULLABLE, 20:c169 INT32 NULLABLE, 22:c865 INT32 NOT NULL, 23:c148 INT32 NULLABLE, 24:c764 INT32 NULLABLE, 26:c840 INT32 NOT NULL, 30:c592 INT32 NULLABLE, 31:c908 INT32 NOT NULL, 32:c241 INT32 NOT NULL, 33:c996 INT32 NOT NULL, PRIMARY KEY (c429) ) version 32
I1102 21:39:14.232319 9069 catalog_manager.cc:3873] TS e92a2036de454238809663ac303c6ade (127.7.150.2:39313) does not have the latest schema for tablet 96875be6f1124d25ba150b3bd8ed725f (table default.test_table [id=e93179f4d3eb4a26a760d9d76293265f]). Expected version 32 got 0
I1102 21:39:14.233057 9067 catalog_manager.cc:3873] TS 33b43dabe1b543f39e7ed84247c575e8 (127.7.150.3:44373) does not have the latest schema for tablet 96875be6f1124d25ba150b3bd8ed725f (table default.test_table [id=e93179f4d3eb4a26a760d9d76293265f]). Expected version 32 got 0
I1102 21:39:14.235857 9489 tablet.cc:1257] T 96875be6f1124d25ba150b3bd8ed725f P c36abe6b2bdb4e778576473f60926b7b: Already running schema version 32 got alter request for version 32
I1102 21:39:14.236923 9069 catalog_manager.cc:4221] T 00000000000000000000000000000000 P 810977538c654d1a96a5c2a53c44d890: default.test_table [id=e93179f4d3eb4a26a760d9d76293265f] alter complete (version 32)
I1102 21:39:14.237009 9328 tablet.cc:1257] T 96875be6f1124d25ba150b3bd8ed725f P e92a2036de454238809663ac303c6ade: Already running schema version 32 got alter request for version 32
I1102 21:39:14.237903 9135 tablet.cc:1257] T 96875be6f1124d25ba150b3bd8ed725f P 33b43dabe1b543f39e7ed84247c575e8: Already running schema version 32 got alter request for version 32
I1102 21:39:14.239313 9489 tablet.cc:1257] T 96875be6f1124d25ba150b3bd8ed725f P c36abe6b2bdb4e778576473f60926b7b: Already running schema version 32 got alter request for version 32
I1102 21:39:14.240069 9135 tablet.cc:1257] T 96875be6f1124d25ba150b3bd8ed725f P 33b43dabe1b543f39e7ed84247c575e8: Already running schema version 32 got alter request for version 32
I1102 21:39:14.240638 9328 tablet.cc:1257] T 96875be6f1124d25ba150b3bd8ed725f P e92a2036de454238809663ac303c6ade: Already running schema version 32 got alter request for version 32
I1102 21:39:14.249300 7768 alter_table-randomized-test.cc:448] Beginning Alterations
I1102 21:39:14.250453 7768 alter_table-randomized-test.cc:507] Dropping column c148, existing columns: c429, c712, c169, c865, c148, c764, c840, c592, c908, c241, c996
I1102 21:39:14.250499 7768 alter_table-randomized-test.cc:480] Committing Alterations
I1102 21:39:14.251031 9067 catalog_manager.cc:2182] Servicing AlterTable request from {username='slave'} at 127.0.0.1:59072: table { table_name: "default.test_table" } alter_schema_steps { type: DROP_COLUMN drop_column { name: "c148" } } modify_external_catalogs: true
I1102 21:39:14.256076 9489 tablet.cc:1262] T 96875be6f1124d25ba150b3bd8ed725f P c36abe6b2bdb4e778576473f60926b7b: Alter schema from ( 10:c429 INT32 NOT NULL, 18:c712 INT32 NULLABLE, 20:c169 INT32 NULLABLE, 22:c865 INT32 NOT NULL, 23:c148 INT32 NULLABLE, 24:c764 INT32 NULLABLE, 26:c840 INT32 NOT NULL, 30:c592 INT32 NULLABLE, 31:c908 INT32 NOT NULL, 32:c241 INT32 NOT NULL, 33:c996 INT32 NOT NULL, PRIMARY KEY (c429) ) version 32 to ( 10:c429 INT32 NOT NULL, 18:c712 INT32 NULLABLE, 20:c169 INT32 NULLABLE, 22:c865 INT32 NOT NULL, 24:c764 INT32 NULLABLE, 26:c840 INT32 NOT NULL, 30:c592 INT32 NULLABLE, 31:c908 INT32 NOT NULL, 32:c241 INT32 NOT NULL, 33:c996 INT32 NOT NULL, PRIMARY KEY (c429) ) version 33
I1102 21:39:14.256816 9328 tablet.cc:1262] T 22e7d538ba0b4d13baca67b168a47317 P e92a2036de454238809663ac303c6ade: Alter schema from ( 10:c429 INT32 NOT NULL, 18:c712 INT32 NULLABLE, 20:c169 INT32 NULLABLE, 22:c865 INT32 NOT NULL, 23:c148 INT32 NULLABLE, 24:c764 INT32 NULLABLE, 26:c840 INT32 NOT NULL, 30:c592 INT32 NULLABLE, 31:c908 INT32 NOT NULL, 32:c241 INT32 NOT NULL, 33:c996 INT32 NOT NULL, PRIMARY KEY (c429) ) version 32 to ( 10:c429 INT32 NOT NULL, 18:c712 INT32 NULLABLE, 20:c169 INT32 NULLABLE, 22:c865 INT32 NOT NULL, 24:c764 INT32 NULLABLE, 26:c840 INT32 NOT NULL, 30:c592 INT32 NULLABLE, 31:c908 INT32 NOT NULL, 32:c241 INT32 NOT NULL, 33:c996 INT32 NOT NULL, PRIMARY KEY (c429) ) version 33
I1102 21:39:14.257115 9328 tablet.cc:1205] T 22e7d538ba0b4d13baca67b168a47317 P e92a2036de454238809663ac303c6ade: MemRowSet was empty: no flush needed.
