I1102 21:39:11.888723 9370 ts_tablet_manager.cc:1045] T 96d99047b6c94ea7944254b27508c1bc P c36abe6b2bdb4e778576473f60926b7b: Time spent bootstrapping tablet: real 0.042s user 0.025s sys 0.008s
I1102 21:39:11.890637 9370 raft_consensus.cc:339] T 96d99047b6c94ea7944254b27508c1bc P c36abe6b2bdb4e778576473f60926b7b [term 1 FOLLOWER]: Replica starting. Triggering 1 pending transactions. Active config: opid_index: -1 OBSOLETE_local: false peers { permanent_uuid: "c36abe6b2bdb4e778576473f60926b7b" member_type: VOTER last_known_addr { host: "127.7.150.1" port: 46291 } } peers { permanent_uuid: "e92a2036de454238809663ac303c6ade" member_type: VOTER last_known_addr { host: "127.7.150.2" port: 39313 } } peers { permanent_uuid: "33b43dabe1b543f39e7ed84247c575e8" member_type: VOTER last_known_addr { host: "127.7.150.3" port: 44373 } }
I1102 21:39:11.891439 9370 raft_consensus.cc:704] T 96d99047b6c94ea7944254b27508c1bc P c36abe6b2bdb4e778576473f60926b7b [term 1 FOLLOWER]: Becoming Follower/Learner. State: Replica: c36abe6b2bdb4e778576473f60926b7b, State: Initialized, Role: FOLLOWER
I1102 21:39:11.891813 9370 consensus_queue.cc:229] T 96d99047b6c94ea7944254b27508c1bc P c36abe6b2bdb4e778576473f60926b7b [NON_LEADER]: Queue going to NON_LEADER mode. State: All replicated index: 0, Majority replicated index: 0, Committed index: 20, Last appended: 1.21, Last appended by leader: 21, Current term: 0, Majority size: -1, State: 0, Mode: NON_LEADER, active raft config: opid_index: -1 OBSOLETE_local: false peers { permanent_uuid: "c36abe6b2bdb4e778576473f60926b7b" member_type: VOTER last_known_addr { host: "127.7.150.1" port: 46291 } } peers { permanent_uuid: "e92a2036de454238809663ac303c6ade" member_type: VOTER last_known_addr { host: "127.7.150.2" port: 39313 } } peers { permanent_uuid: "33b43dabe1b543f39e7ed84247c575e8" member_type: VOTER last_known_addr { host: "127.7.150.3" port: 44373 } }
I1102 21:39:11.892164 9475 heartbeater.cc:467] Master 127.7.150.62:42573 was elected leader, sending a full tablet report...
I1102 21:39:11.892310 9370 ts_tablet_manager.cc:1073] T 96d99047b6c94ea7944254b27508c1bc P c36abe6b2bdb4e778576473f60926b7b: Time spent starting tablet: real 0.004s user 0.005s sys 0.000s
I1102 21:39:11.892459 9370 ts_tablet_manager.cc:1028] T 9effeaa3138b4770b35fa96a5173bf88 P c36abe6b2bdb4e778576473f60926b7b: Bootstrapping tablet
I1102 21:39:11.892524 9370 tablet_bootstrap.cc:438] T 9effeaa3138b4770b35fa96a5173bf88 P c36abe6b2bdb4e778576473f60926b7b: Bootstrap starting.
I1102 21:39:11.907989 9370 tablet.cc:1262] T 9effeaa3138b4770b35fa96a5173bf88 P c36abe6b2bdb4e778576473f60926b7b: Alter schema from ( 10:c451 INT32 NOT NULL, 18:c712 INT32 NULLABLE, 20:c169 INT32 NULLABLE, 22:c553 INT32 NOT NULL, 23:c389 INT32 NULLABLE, 24:c764 INT32 NULLABLE, 25:c363 INT32 NULLABLE, 26:c840 INT32 NOT NULL, 28:c252 INT32 NULLABLE, 30:c46 INT32 NULLABLE, 31:c908 INT32 NOT NULL, 32:c241 INT32 NOT NULL, PRIMARY KEY (c451) ) version 0 to ( 10:c451 INT32 NOT NULL, 18:c712 INT32 NULLABLE, 20:c169 INT32 NULLABLE, 22:c553 INT32 NOT NULL, 23:c389 INT32 NULLABLE, 24:c764 INT32 NULLABLE, 25:c363 INT32 NULLABLE, 26:c840 INT32 NOT NULL, 28:c252 INT32 NULLABLE, 30:c46 INT32 NULLABLE, 31:c908 INT32 NOT NULL, 32:c241 INT32 NOT NULL, PRIMARY KEY (c451) ) version 27
I1102 21:39:11.908093 9370 tablet_metadata.cc:531] Not flushing: waiting for 1 pins to be released.
I1102 21:39:11.908555 9370 tablet.cc:1257] T 9effeaa3138b4770b35fa96a5173bf88 P c36abe6b2bdb4e778576473f60926b7b: Already running schema version 27 got alter request for version 27
I1102 21:39:11.908851 9370 tablet.cc:1257] T 9effeaa3138b4770b35fa96a5173bf88 P c36abe6b2bdb4e778576473f60926b7b: Already running schema version 27 got alter request for version 27
I1102 21:39:11.909025 9370 tablet_bootstrap.cc:438] T 9effeaa3138b4770b35fa96a5173bf88 P c36abe6b2bdb4e778576473f60926b7b: Bootstrap replayed 1/1 log segments. Stats: ops{read=4 overwritten=0 applied=4 ignored=0} inserts{seen=0 ignored=0} mutations{seen=0 ignored=0} orphaned_commits=0. Pending: 0 replicates
I1102 21:39:11.909349 9370 tablet_bootstrap.cc:438] T 9effeaa3138b4770b35fa96a5173bf88 P c36abe6b2bdb4e778576473f60926b7b: Bootstrap complete.
I1102 21:39:11.911842 9370 ts_tablet_manager.cc:1045] T 9effeaa3138b4770b35fa96a5173bf88 P c36abe6b2bdb4e778576473f60926b7b: Time spent bootstrapping tablet: real 0.019s user 0.008s sys 0.004s
I1102 21:39:11.912277 9370 raft_consensus.cc:339] T 9effeaa3138b4770b35fa96a5173bf88 P c36abe6b2bdb4e778576473f60926b7b [term 1 FOLLOWER]: Replica starting. Triggering 0 pending transactions. Active config: opid_index: -1 OBSOLETE_local: false peers { permanent_uuid: "33b43dabe1b543f39e7ed84247c575e8" member_type: VOTER last_known_addr { host: "127.7.150.3" port: 44373 } } peers { permanent_uuid: "e92a2036de454238809663ac303c6ade" member_type: VOTER last_known_addr { host: "127.7.150.2" port: 39313 } } peers { permanent_uuid: "c36abe6b2bdb4e778576473f60926b7b" member_type: VOTER last_known_addr { host: "127.7.150.1" port: 46291 } }
I1102 21:39:11.912317 9370 raft_consensus.cc:704] T 9effeaa3138b4770b35fa96a5173bf88 P c36abe6b2bdb4e778576473f60926b7b [term 1 FOLLOWER]: Becoming Follower/Learner. State: Replica: c36abe6b2bdb4e778576473f60926b7b, State: Initialized, Role: FOLLOWER
I1102 21:39:11.912520 9370 consensus_queue.cc:229] T 9effeaa3138b4770b35fa96a5173bf88 P c36abe6b2bdb4e778576473f60926b7b [NON_LEADER]: Queue going to NON_LEADER mode. State: All replicated index: 0, Majority replicated index: 0, Committed index: 4, Last appended: 1.4, Last appended by leader: 4, Current term: 0, Majority size: -1, State: 0, Mode: NON_LEADER, active raft config: opid_index: -1 OBSOLETE_local: false peers { permanent_uuid: "33b43dabe1b543f39e7ed84247c575e8" member_type: VOTER last_known_addr { host: "127.7.150.3" port: 44373 } } peers { permanent_uuid: "e92a2036de454238809663ac303c6ade" member_type: VOTER last_known_addr { host: "127.7.150.2" port: 39313 } } peers { permanent_uuid: "c36abe6b2bdb4e778576473f60926b7b" member_type: VOTER last_known_addr { host: "127.7.150.1" port: 46291 } }
I1102 21:39:11.912940 9370 ts_tablet_manager.cc:1073] T 9effeaa3138b4770b35fa96a5173bf88 P c36abe6b2bdb4e778576473f60926b7b: Time spent starting tablet: real 0.001s user 0.002s sys 0.001s
I1102 21:39:11.918794 7768 alter_table-randomized-test.cc:125] TS 0 Restarted
I1102 21:39:12.105803 9476 maintenance_manager.cc:304] P c36abe6b2bdb4e778576473f60926b7b: Scheduling UndoDeltaBlockGCOp(96d99047b6c94ea7944254b27508c1bc): 416 bytes on disk
I1102 21:39:12.106801 9369 maintenance_manager.cc:494] P c36abe6b2bdb4e778576473f60926b7b: UndoDeltaBlockGCOp(96d99047b6c94ea7944254b27508c1bc) complete. Timing: real 0.001s user 0.000s sys 0.000s Metrics: {"cfile_init":1,"lbm_read_time_us":88,"lbm_reads_lt_1ms":4}
I1102 21:39:12.133292 7768 alter_table-randomized-test.cc:448] Beginning Alterations
I1102 21:39:12.134423 7768 alter_table-randomized-test.cc:516] Renaming column c553 to c865
I1102 21:39:12.134459 7768 alter_table-randomized-test.cc:516] Renaming column c389 to c148
I1102 21:39:12.134482 7768 alter_table-randomized-test.cc:594] Dropping range partition: [1476394986, 1543503849) resulting partitions: (1275068397, 1342177260)
I1102 21:39:12.134522 7768 alter_table-randomized-test.cc:562] Adding range partition: [1409286123, 1476394986) resulting partitions: (1275068397, 1342177260], (1409286123, 1476394986)
I1102 21:39:12.134557 7768 alter_table-randomized-test.cc:480] Committing Alterations
I1102 21:39:12.135324 9069 catalog_manager.cc:2182] Servicing AlterTable request from {username='slave'} at 127.0.0.1:59072: table { table_name: "default.test_table" } alter_schema_steps { type: RENAME_COLUMN rename_column { old_name: "c553" new_name: "c865" } } alter_schema_steps { type: RENAME_COLUMN rename_column { old_name: "c389" new_name: "c148" } } alter_schema_steps { type: DROP_RANGE_PARTITION drop_range_partition { range_bounds { rows: "\006\001\000\000\000\352\377\377W\007\001\000\000\000\351\377\377[" } } } alter_schema_steps { type: ADD_RANGE_PARTITION add_range_partition { range_bounds { rows: "\010\001\000\000\000\352\377\377S\t\001\000\000\000\351\377\377W" } } } schema { columns { name: "c451" type: INT32 is_key: true is_nullable: false encoding: AUTO_ENCODING compression: DEFAULT_COMPRESSION cfile_block_size: 0 } columns { name: "c712" type: INT32 is_key: false is_nullable: true encoding: RLE compression: DEFAULT_COMPRESSION cfile_block_size: 8388608 } columns { name: "c169" type: INT32 is_key: false is_nullable: true encoding: RLE compression: DEFAULT_COMPRESSION cfile_block_size: 0 } columns { name: "c553" type: INT32 is_key: false is_nullable: false read_default_value: "\274)Y\\" encoding: AUTO_ENCODING compression: DEFAULT_COMPRESSION cfile_block_size: 0 } columns { name: "c389" type: INT32 is_key: false is_nullable: true encoding: AUTO_ENCODING compression: DEFAULT_COMPRESSION cfile_block_size: 0 } columns { name: "c764" type: INT32 is_key: false is_nullable: true encoding: RLE compression: DEFAULT_COMPRESSION cfile_block_size: 2097152 } columns { name: "c363" type: INT32 is_key: false is_nullable: true encoding: AUTO_ENCODING compression: DEFAULT_COMPRESSION cfile_block_size: 0 } columns { name: "c840" type: INT32 is_key: false is_nullable: false read_default_value: "\237\304\341X" encoding: AUTO_ENCODING compression: NO_COMPRESSION cfile_block_size: 0 } columns { name: "c252" type: INT32 is_key: false is_nullable: true encoding: AUTO_ENCODING compression: DEFAULT_COMPRESSION cfile_block_size: 0 } columns { name: "c46" type: INT32 is_key: false is_nullable: true encoding: AUTO_ENCODING compression: DEFAULT_COMPRESSION cfile_block_size: 0 } columns { name: "c908" type: INT32 is_key: false is_nullable: false read_default_value: "\217\336\210M" encoding: AUTO_ENCODING compression: NO_COMPRESSION cfile_block_size: 0 } columns { name: "c241" type: INT32 is_key: false is_nullable: false read_default_value: "V\312\032=" encoding: AUTO_ENCODING compression: DEFAULT_COMPRESSION cfile_block_size: 0 } } modify_external_catalogs: true
I1102 21:39:12.138254 9069 catalog_manager.cc:2958] Scheduling retry of 7da034d210fc4d4e82b926081d6ad12e (table default.test_table [id=e93179f4d3eb4a26a760d9d76293265f]) Alter Table RPC with a delay of 62 ms (attempt = 1)
W1102 21:39:12.138306 9069 catalog_manager.cc:3990] Failed to send alter table request: Not found: failed to reset TS proxy: No leader found: Tablet 7da034d210fc4d4e82b926081d6ad12e has no consensus state
I1102 21:39:12.138329 9069 catalog_manager.cc:4017] T 00000000000000000000000000000000 P 810977538c654d1a96a5c2a53c44d890: Sending DeleteTablet for 3 replicas of tablet 96d99047b6c94ea7944254b27508c1bc
I1102 21:39:12.138543 9069 catalog_manager.cc:3180] Sending DeleteTablet(TABLET_DATA_DELETED) for tablet 96d99047b6c94ea7944254b27508c1bc on c36abe6b2bdb4e778576473f60926b7b (127.7.150.1:46291) (Partition dropped at 2018-11-02 21:39:12 UTC)
I1102 21:39:12.138651 9069 catalog_manager.cc:3180] Sending DeleteTablet(TABLET_DATA_DELETED) for tablet 96d99047b6c94ea7944254b27508c1bc on e92a2036de454238809663ac303c6ade (127.7.150.2:39313) (Partition dropped at 2018-11-02 21:39:12 UTC)
I1102 21:39:12.138751 9069 catalog_manager.cc:3180] Sending DeleteTablet(TABLET_DATA_DELETED) for tablet 96d99047b6c94ea7944254b27508c1bc on 33b43dabe1b543f39e7ed84247c575e8 (127.7.150.3:44373) (Partition dropped at 2018-11-02 21:39:12 UTC)
I1102 21:39:12.139143 9251 tablet_service.cc:806] Processing DeleteTablet for tablet 96d99047b6c94ea7944254b27508c1bc with delete_type TABLET_DATA_DELETED (Partition dropped at 2018-11-02 21:39:12 UTC) from {username='slave'} at 127.0.0.1:54852
I1102 21:39:12.139798 8501 tablet_service.cc:806] Processing DeleteTablet for tablet 96d99047b6c94ea7944254b27508c1bc with delete_type TABLET_DATA_DELETED (Partition dropped at 2018-11-02 21:39:12 UTC) from {username='slave'} at 127.0.0.1:40328
I1102 21:39:12.140362 9490 tablet_replica.cc:263] T 96d99047b6c94ea7944254b27508c1bc P e92a2036de454238809663ac303c6ade: stopping tablet replica
I1102 21:39:12.140439 9490 maintenance_manager.cc:237] P e92a2036de454238809663ac303c6ade: Unregistered op CompactRowSetsOp(96d99047b6c94ea7944254b27508c1bc)
I1102 21:39:12.140784 9492 tablet_replica.cc:263] T 96d99047b6c94ea7944254b27508c1bc P 33b43dabe1b543f39e7ed84247c575e8: stopping tablet replica
I1102 21:39:12.140868 9492 maintenance_manager.cc:237] P 33b43dabe1b543f39e7ed84247c575e8: Unregistered op CompactRowSetsOp(96d99047b6c94ea7944254b27508c1bc)
I1102 21:39:12.140938 9492 maintenance_manager.cc:237] P 33b43dabe1b543f39e7ed84247c575e8: Unregistered op MinorDeltaCompactionOp(96d99047b6c94ea7944254b27508c1bc)
I1102 21:39:12.140991 9492 maintenance_manager.cc:237] P 33b43dabe1b543f39e7ed84247c575e8: Unregistered op MajorDeltaCompactionOp(96d99047b6c94ea7944254b27508c1bc)
I1102 21:39:12.141041 9492 maintenance_manager.cc:237] P 33b43dabe1b543f39e7ed84247c575e8: Unregistered op UndoDeltaBlockGCOp(96d99047b6c94ea7944254b27508c1bc)
I1102 21:39:12.141109 9492 maintenance_manager.cc:237] P 33b43dabe1b543f39e7ed84247c575e8: Unregistered op FlushMRSOp(96d99047b6c94ea7944254b27508c1bc)
I1102 21:39:12.141170 9490 maintenance_manager.cc:237] P e92a2036de454238809663ac303c6ade: Unregistered op MinorDeltaCompactionOp(96d99047b6c94ea7944254b27508c1bc)
I1102 21:39:12.141327 9492 maintenance_manager.cc:237] P 33b43dabe1b543f39e7ed84247c575e8: Unregistered op FlushDeltaMemStoresOp(96d99047b6c94ea7944254b27508c1bc)
I1102 21:39:12.141393 9490 maintenance_manager.cc:237] P e92a2036de454238809663ac303c6ade: Unregistered op MajorDeltaCompactionOp(96d99047b6c94ea7944254b27508c1bc)
I1102 21:39:12.141490 9492 maintenance_manager.cc:237] P 33b43dabe1b543f39e7ed84247c575e8: Unregistered op LogGCOp(96d99047b6c94ea7944254b27508c1bc)
I1102 21:39:12.141563 9492 raft_consensus.cc:2149] T 96d99047b6c94ea7944254b27508c1bc P 33b43dabe1b543f39e7ed84247c575e8 [term 1 LEADER]: Raft consensus shutting down.
I1102 21:39:12.141624 9490 maintenance_manager.cc:237] P e92a2036de454238809663ac303c6ade: Unregistered op UndoDeltaBlockGCOp(96d99047b6c94ea7944254b27508c1bc)
I1102 21:39:12.141692 9490 maintenance_manager.cc:237] P e92a2036de454238809663ac303c6ade: Unregistered op FlushMRSOp(96d99047b6c94ea7944254b27508c1bc)
I1102 21:39:12.141757 9492 consensus_peers.cc:482] T 96d99047b6c94ea7944254b27508c1bc P 33b43dabe1b543f39e7ed84247c575e8 -> Peer e92a2036de454238809663ac303c6ade (127.7.150.2:39313): Closing peer: e92a2036de454238809663ac303c6ade
I1102 21:39:12.141818 9492 consensus_peers.cc:482] T 96d99047b6c94ea7944254b27508c1bc P 33b43dabe1b543f39e7ed84247c575e8 -> Peer c36abe6b2bdb4e778576473f60926b7b (127.7.150.1:46291): Closing peer: c36abe6b2bdb4e778576473f60926b7b
I1102 21:39:12.141887 9490 maintenance_manager.cc:237] P e92a2036de454238809663ac303c6ade: Unregistered op FlushDeltaMemStoresOp(96d99047b6c94ea7944254b27508c1bc)
I1102 21:39:12.141960 8501 tablet_service.cc:765] Processing CreateTablet for tablet 7da034d210fc4d4e82b926081d6ad12e (table=default.test_table [id=e93179f4d3eb4a26a760d9d76293265f]), partition=RANGE (c451) PARTITION 1409286123 <= VALUES < 1476394986
I1102 21:39:12.142364 8501 data_dirs.cc:938] Could only allocate 1 dirs of requested 3 for tablet 7da034d210fc4d4e82b926081d6ad12e. 1 dirs total, 0 dirs full, 0 dirs failed
I1102 21:39:12.142228 9251 tablet_service.cc:765] Processing CreateTablet for tablet 7da034d210fc4d4e82b926081d6ad12e (table=default.test_table [id=e93179f4d3eb4a26a760d9d76293265f]), partition=RANGE (c451) PARTITION 1409286123 <= VALUES < 1476394986
I1102 21:39:12.142609 9251 data_dirs.cc:938] Could only allocate 1 dirs of requested 3 for tablet 7da034d210fc4d4e82b926081d6ad12e. 1 dirs total, 0 dirs full, 0 dirs failed
I1102 21:39:12.143005 9135 tablet.cc:1262] T 9effeaa3138b4770b35fa96a5173bf88 P 33b43dabe1b543f39e7ed84247c575e8: Alter schema from ( 10:c451 INT32 NOT NULL, 18:c712 INT32 NULLABLE, 20:c169 INT32 NULLABLE, 22:c553 INT32 NOT NULL, 23:c389 INT32 NULLABLE, 24:c764 INT32 NULLABLE, 25:c363 INT32 NULLABLE, 26:c840 INT32 NOT NULL, 28:c252 INT32 NULLABLE, 30:c46 INT32 NULLABLE, 31:c908 INT32 NOT NULL, 32:c241 INT32 NOT NULL, PRIMARY KEY (c451) ) version 27 to ( 10:c451 INT32 NOT NULL, 18:c712 INT32 NULLABLE, 20:c169 INT32 NULLABLE, 22:c865 INT32 NOT NULL, 23:c148 INT32 NULLABLE, 24:c764 INT32 NULLABLE, 25:c363 INT32 NULLABLE, 26:c840 INT32 NOT NULL, 28:c252 INT32 NULLABLE, 30:c46 INT32 NULLABLE, 31:c908 INT32 NOT NULL, 32:c241 INT32 NOT NULL, PRIMARY KEY (c451) ) version 28
I1102 21:39:12.143262 9135 tablet.cc:1214] T 9effeaa3138b4770b35fa96a5173bf88 P 33b43dabe1b543f39e7ed84247c575e8: Flush: entering stage 1 (old memrowset already frozen for inserts)
I1102 21:39:12.143275 9135 compaction.cc:926] Selected 1 rowsets to compact:
I1102 21:39:12.143282 9135 compaction.cc:929] memrowset(current size on disk: ~0 bytes)
I1102 21:39:12.143292 9135 tablet.cc:1216] T 9effeaa3138b4770b35fa96a5173bf88 P 33b43dabe1b543f39e7ed84247c575e8: Memstore in-memory size: 1759 bytes
I1102 21:39:12.143311 9135 tablet.cc:1508] T 9effeaa3138b4770b35fa96a5173bf88 P 33b43dabe1b543f39e7ed84247c575e8: Flush: entering phase 1 (flushing snapshot). Phase 1 snapshot: MvccSnapshot[committed={T|T < 6312733704761425920}]
I1102 21:39:12.144348 8501 ts_tablet_manager.cc:1173] T 7da034d210fc4d4e82b926081d6ad12e P 33b43dabe1b543f39e7ed84247c575e8: Registered tablet (data state: TABLET_DATA_READY)
I1102 21:39:12.144614 9251 ts_tablet_manager.cc:1173] T 7da034d210fc4d4e82b926081d6ad12e P e92a2036de454238809663ac303c6ade: Registered tablet (data state: TABLET_DATA_READY)
I1102 21:39:12.145097 9493 ts_tablet_manager.cc:1028] T 7da034d210fc4d4e82b926081d6ad12e P 33b43dabe1b543f39e7ed84247c575e8: Bootstrapping tablet
I1102 21:39:12.145212 9493 tablet_bootstrap.cc:438] T 7da034d210fc4d4e82b926081d6ad12e P 33b43dabe1b543f39e7ed84247c575e8: Bootstrap starting.
I1102 21:39:12.145527 9135 multi_column_writer.cc:98] Opened CFile writers for 12 column(s)
I1102 21:39:12.145599 9412 tablet_service.cc:806] Processing DeleteTablet for tablet 96d99047b6c94ea7944254b27508c1bc with delete_type TABLET_DATA_DELETED (Partition dropped at 2018-11-02 21:39:12 UTC) from {username='slave'} at 127.0.0.1:51186
I1102 21:39:12.145838 9490 maintenance_manager.cc:237] P e92a2036de454238809663ac303c6ade: Unregistered op LogGCOp(96d99047b6c94ea7944254b27508c1bc)
I1102 21:39:12.145891 9490 raft_consensus.cc:2149] T 96d99047b6c94ea7944254b27508c1bc P e92a2036de454238809663ac303c6ade [term 1 FOLLOWER]: Raft consensus shutting down.
I1102 21:39:12.145959 9490 raft_consensus.cc:2176] T 96d99047b6c94ea7944254b27508c1bc P e92a2036de454238809663ac303c6ade [term 1 FOLLOWER]: Raft consensus is shut down!
I1102 21:39:12.146073 9495 tablet_replica.cc:263] T 96d99047b6c94ea7944254b27508c1bc P c36abe6b2bdb4e778576473f60926b7b: stopping tablet replica
I1102 21:39:12.146232 9492 raft_consensus.cc:2176] T 96d99047b6c94ea7944254b27508c1bc P 33b43dabe1b543f39e7ed84247c575e8 [term 1 FOLLOWER]: Raft consensus is shut down!
I1102 21:39:12.146515 9493 tablet_bootstrap.cc:592] T 7da034d210fc4d4e82b926081d6ad12e P 33b43dabe1b543f39e7ed84247c575e8: No blocks or log segments found. Creating new log.
I1102 21:39:12.146237 9411 tablet_service.cc:765] Processing CreateTablet for tablet 7da034d210fc4d4e82b926081d6ad12e (table=default.test_table [id=e93179f4d3eb4a26a760d9d76293265f]), partition=RANGE (c451) PARTITION 1409286123 <= VALUES < 1476394986
I1102 21:39:12.146831 9411 data_dirs.cc:938] Could only allocate 1 dirs of requested 3 for tablet 7da034d210fc4d4e82b926081d6ad12e. 1 dirs total, 0 dirs full, 0 dirs failed
I1102 21:39:12.147760 9490 ts_tablet_manager.cc:1369] T 96d99047b6c94ea7944254b27508c1bc P e92a2036de454238809663ac303c6ade: Deleting tablet data with delete state TABLET_DATA_DELETED
I1102 21:39:12.148597 9411 ts_tablet_manager.cc:1173] T 7da034d210fc4d4e82b926081d6ad12e P c36abe6b2bdb4e778576473f60926b7b: Registered tablet (data state: TABLET_DATA_READY)
I1102 21:39:12.148748 9370 ts_tablet_manager.cc:1028] T 7da034d210fc4d4e82b926081d6ad12e P c36abe6b2bdb4e778576473f60926b7b: Bootstrapping tablet
I1102 21:39:12.148820 9370 tablet_bootstrap.cc:438] T 7da034d210fc4d4e82b926081d6ad12e P c36abe6b2bdb4e778576473f60926b7b: Bootstrap starting.
I1102 21:39:12.149173 9495 maintenance_manager.cc:237] P c36abe6b2bdb4e778576473f60926b7b: Unregistered op CompactRowSetsOp(96d99047b6c94ea7944254b27508c1bc)
I1102 21:39:12.149255 9495 maintenance_manager.cc:237] P c36abe6b2bdb4e778576473f60926b7b: Unregistered op MinorDeltaCompactionOp(96d99047b6c94ea7944254b27508c1bc)
I1102 21:39:12.149313 9495 maintenance_manager.cc:237] P c36abe6b2bdb4e778576473f60926b7b: Unregistered op MajorDeltaCompactionOp(96d99047b6c94ea7944254b27508c1bc)
I1102 21:39:12.149369 9495 maintenance_manager.cc:237] P c36abe6b2bdb4e778576473f60926b7b: Unregistered op UndoDeltaBlockGCOp(96d99047b6c94ea7944254b27508c1bc)
I1102 21:39:12.149482 9495 maintenance_manager.cc:237] P c36abe6b2bdb4e778576473f60926b7b: Unregistered op FlushMRSOp(96d99047b6c94ea7944254b27508c1bc)
I1102 21:39:12.149536 9495 maintenance_manager.cc:237] P c36abe6b2bdb4e778576473f60926b7b: Unregistered op FlushDeltaMemStoresOp(96d99047b6c94ea7944254b27508c1bc)
I1102 21:39:12.149586 9495 maintenance_manager.cc:237] P c36abe6b2bdb4e778576473f60926b7b: Unregistered op LogGCOp(96d99047b6c94ea7944254b27508c1bc)
I1102 21:39:12.149660 9495 raft_consensus.cc:2149] T 96d99047b6c94ea7944254b27508c1bc P c36abe6b2bdb4e778576473f60926b7b [term 1 FOLLOWER]: Raft consensus shutting down.
I1102 21:39:12.149714 9370 tablet_bootstrap.cc:592] T 7da034d210fc4d4e82b926081d6ad12e P c36abe6b2bdb4e778576473f60926b7b: No blocks or log segments found. Creating new log.
I1102 21:39:12.150826 9490 ts_tablet_manager.cc:1382] T 96d99047b6c94ea7944254b27508c1bc P e92a2036de454238809663ac303c6ade: tablet deleted with delete type TABLET_DATA_DELETED: last-logged OpId 1.51
I1102 21:39:12.147317 9492 ts_tablet_manager.cc:1369] T 96d99047b6c94ea7944254b27508c1bc P 33b43dabe1b543f39e7ed84247c575e8: Deleting tablet data with delete state TABLET_DATA_DELETED
I1102 21:39:12.150883 9490 log.cc:986] T 96d99047b6c94ea7944254b27508c1bc P e92a2036de454238809663ac303c6ade: Deleting WAL directory at /tmp/dist-test-taskoKLkQa/test-tmp/alter_table-randomized-test.0.HmsConfigurations_AlterTableRandomized.TestRandomSequence_0.1541194740983682-7768/minicluster-data/ts-1/wal/wals/96d99047b6c94ea7944254b27508c1bc
I1102 21:39:12.151032 9495 raft_consensus.cc:2176] T 96d99047b6c94ea7944254b27508c1bc P c36abe6b2bdb4e778576473f60926b7b [term 1 FOLLOWER]: Raft consensus is shut down!
I1102 21:39:12.151279 9494 ts_tablet_manager.cc:1028] T 7da034d210fc4d4e82b926081d6ad12e P e92a2036de454238809663ac303c6ade: Bootstrapping tablet
I1102 21:39:12.151432 9494 tablet_bootstrap.cc:438] T 7da034d210fc4d4e82b926081d6ad12e P e92a2036de454238809663ac303c6ade: Bootstrap starting.
I1102 21:39:12.152498 9370 tablet_bootstrap.cc:438] T 7da034d210fc4d4e82b926081d6ad12e P c36abe6b2bdb4e778576473f60926b7b: No bootstrap required, opened a new log
I1102 21:39:12.152585 9370 ts_tablet_manager.cc:1045] T 7da034d210fc4d4e82b926081d6ad12e P c36abe6b2bdb4e778576473f60926b7b: Time spent bootstrapping tablet: real 0.004s user 0.001s sys 0.000s
I1102 21:39:12.152803 9495 ts_tablet_manager.cc:1369] T 96d99047b6c94ea7944254b27508c1bc P c36abe6b2bdb4e778576473f60926b7b: Deleting tablet data with delete state TABLET_DATA_DELETED
I1102 21:39:12.152856 9328 tablet.cc:1262] T 9effeaa3138b4770b35fa96a5173bf88 P e92a2036de454238809663ac303c6ade: Alter schema from ( 10:c451 INT32 NOT NULL, 18:c712 INT32 NULLABLE, 20:c169 INT32 NULLABLE, 22:c553 INT32 NOT NULL, 23:c389 INT32 NULLABLE, 24:c764 INT32 NULLABLE, 25:c363 INT32 NULLABLE, 26:c840 INT32 NOT NULL, 28:c252 INT32 NULLABLE, 30:c46 INT32 NULLABLE, 31:c908 INT32 NOT NULL, 32:c241 INT32 NOT NULL, PRIMARY KEY (c451) ) version 27 to ( 10:c451 INT32 NOT NULL, 18:c712 INT32 NULLABLE, 20:c169 INT32 NULLABLE, 22:c865 INT32 NOT NULL, 23:c148 INT32 NULLABLE, 24:c764 INT32 NULLABLE, 25:c363 INT32 NULLABLE, 26:c840 INT32 NOT NULL, 28:c252 INT32 NULLABLE, 30:c46 INT32 NULLABLE, 31:c908 INT32 NOT NULL, 32:c241 INT32 NOT NULL, PRIMARY KEY (c451) ) version 28
I1102 21:39:12.153070 9370 raft_consensus.cc:339] T 7da034d210fc4d4e82b926081d6ad12e P c36abe6b2bdb4e778576473f60926b7b [term 0 FOLLOWER]: Replica starting. Triggering 0 pending transactions. Active config: opid_index: -1 OBSOLETE_local: false peers { permanent_uuid: "e92a2036de454238809663ac303c6ade" member_type: VOTER last_known_addr { host: "127.7.150.2" port: 39313 } } peers { permanent_uuid: "33b43dabe1b543f39e7ed84247c575e8" member_type: VOTER last_known_addr { host: "127.7.150.3" port: 44373 } } peers { permanent_uuid: "c36abe6b2bdb4e778576473f60926b7b" member_type: VOTER last_known_addr { host: "127.7.150.1" port: 46291 } }
I1102 21:39:12.153110 9370 raft_consensus.cc:365] T 7da034d210fc4d4e82b926081d6ad12e P c36abe6b2bdb4e778576473f60926b7b [term 0 FOLLOWER]: Consensus starting up: Expiring failure detector timer to make a prompt election more likely
I1102 21:39:12.153122 9328 tablet.cc:1214] T 9effeaa3138b4770b35fa96a5173bf88 P e92a2036de454238809663ac303c6ade: Flush: entering stage 1 (old memrowset already frozen for inserts)
I1102 21:39:12.153133 9328 compaction.cc:926] Selected 1 rowsets to compact:
I1102 21:39:12.153141 9328 compaction.cc:929] memrowset(current size on disk: ~0 bytes)
I1102 21:39:12.153144 9370 raft_consensus.cc:704] T 7da034d210fc4d4e82b926081d6ad12e P c36abe6b2bdb4e778576473f60926b7b [term 0 FOLLOWER]: Becoming Follower/Learner. State: Replica: c36abe6b2bdb4e778576473f60926b7b, State: Initialized, Role: FOLLOWER
I1102 21:39:12.153151 9328 tablet.cc:1216] T 9effeaa3138b4770b35fa96a5173bf88 P e92a2036de454238809663ac303c6ade: Memstore in-memory size: 1759 bytes
I1102 21:39:12.153177 9328 tablet.cc:1508] T 9effeaa3138b4770b35fa96a5173bf88 P e92a2036de454238809663ac303c6ade: Flush: entering phase 1 (flushing snapshot). Phase 1 snapshot: MvccSnapshot[committed={T|T < 6312733704761425920}]
I1102 21:39:12.153295 9370 consensus_queue.cc:229] T 7da034d210fc4d4e82b926081d6ad12e P c36abe6b2bdb4e778576473f60926b7b [NON_LEADER]: Queue going to NON_LEADER mode. State: All replicated index: 0, Majority replicated index: 0, Committed index: 0, Last appended: 0.0, Last appended by leader: 0, Current term: 0, Majority size: -1, State: 0, Mode: NON_LEADER, active raft config: opid_index: -1 OBSOLETE_local: false peers { permanent_uuid: "e92a2036de454238809663ac303c6ade" member_type: VOTER last_known_addr { host: "127.7.150.2" port: 39313 } } peers { permanent_uuid: "33b43dabe1b543f39e7ed84247c575e8" member_type: VOTER last_known_addr { host: "127.7.150.3" port: 44373 } } peers { permanent_uuid: "c36abe6b2bdb4e778576473f60926b7b" member_type: VOTER last_known_addr { host: "127.7.150.1" port: 46291 } }
I1102 21:39:12.153390 9494 tablet_bootstrap.cc:592] T 7da034d210fc4d4e82b926081d6ad12e P e92a2036de454238809663ac303c6ade: No blocks or log segments found. Creating new log.
I1102 21:39:12.153535 9370 ts_tablet_manager.cc:1073] T 7da034d210fc4d4e82b926081d6ad12e P c36abe6b2bdb4e778576473f60926b7b: Time spent starting tablet: real 0.001s user 0.001s sys 0.000s
I1102 21:39:12.154296 9489 tablet.cc:1262] T 9effeaa3138b4770b35fa96a5173bf88 P c36abe6b2bdb4e778576473f60926b7b: Alter schema from ( 10:c451 INT32 NOT NULL, 18:c712 INT32 NULLABLE, 20:c169 INT32 NULLABLE, 22:c553 INT32 NOT NULL, 23:c389 INT32 NULLABLE, 24:c764 INT32 NULLABLE, 25:c363 INT32 NULLABLE, 26:c840 INT32 NOT NULL, 28:c252 INT32 NULLABLE, 30:c46 INT32 NULLABLE, 31:c908 INT32 NOT NULL, 32:c241 INT32 NOT NULL, PRIMARY KEY (c451) ) version 27 to ( 10:c451 INT32 NOT NULL, 18:c712 INT32 NULLABLE, 20:c169 INT32 NULLABLE, 22:c865 INT32 NOT NULL, 23:c148 INT32 NULLABLE, 24:c764 INT32 NULLABLE, 25:c363 INT32 NULLABLE, 26:c840 INT32 NOT NULL, 28:c252 INT32 NULLABLE, 30:c46 INT32 NULLABLE, 31:c908 INT32 NOT NULL, 32:c241 INT32 NOT NULL, PRIMARY KEY (c451) ) version 28
I1102 21:39:12.154595 9069 catalog_manager.cc:3873] TS c36abe6b2bdb4e778576473f60926b7b (127.7.150.1:46291) does not have the latest schema for tablet 7da034d210fc4d4e82b926081d6ad12e (table default.test_table [id=e93179f4d3eb4a26a760d9d76293265f]). Expected version 28 got 0
I1102 21:39:12.154597 9489 tablet.cc:1214] T 9effeaa3138b4770b35fa96a5173bf88 P c36abe6b2bdb4e778576473f60926b7b: Flush: entering stage 1 (old memrowset already frozen for inserts)
I1102 21:39:12.154613 9489 compaction.cc:926] Selected 1 rowsets to compact:
I1102 21:39:12.154624 9489 compaction.cc:929] memrowset(current size on disk: ~0 bytes)
I1102 21:39:12.154636 9489 tablet.cc:1216] T 9effeaa3138b4770b35fa96a5173bf88 P c36abe6b2bdb4e778576473f60926b7b: Memstore in-memory size: 1759 bytes
I1102 21:39:12.154675 9489 tablet.cc:1508] T 9effeaa3138b4770b35fa96a5173bf88 P c36abe6b2bdb4e778576473f60926b7b: Flush: entering phase 1 (flushing snapshot). Phase 1 snapshot: MvccSnapshot[committed={T|T < 6312733704761425920}]
I1102 21:39:12.154815 9069 catalog_manager.cc:2958] Scheduling retry of 7da034d210fc4d4e82b926081d6ad12e (table default.test_table [id=e93179f4d3eb4a26a760d9d76293265f]) Alter Table RPC with a delay of 57 ms (attempt = 1)
W1102 21:39:12.154865 9069 catalog_manager.cc:3937] Failed to send 7da034d210fc4d4e82b926081d6ad12e (table default.test_table [id=e93179f4d3eb4a26a760d9d76293265f]) Alter Table RPC: Not found: failed to reset TS proxy: No leader found: Tablet 7da034d210fc4d4e82b926081d6ad12e consensus state has no leader
I1102 21:39:12.155488 9328 multi_column_writer.cc:98] Opened CFile writers for 12 column(s)
I1102 21:39:12.156769 9490 ts_tablet_manager.cc:1403] T 96d99047b6c94ea7944254b27508c1bc P e92a2036de454238809663ac303c6ade: Deleting consensus metadata
I1102 21:39:12.157588 9056 catalog_manager.cc:3158] TS e92a2036de454238809663ac303c6ade (127.7.150.2:39313): tablet 96d99047b6c94ea7944254b27508c1bc (table default.test_table [id=e93179f4d3eb4a26a760d9d76293265f]) successfully deleted
I1102 21:39:12.158318 9493 tablet_bootstrap.cc:438] T 7da034d210fc4d4e82b926081d6ad12e P 33b43dabe1b543f39e7ed84247c575e8: No bootstrap required, opened a new log
I1102 21:39:12.158486 9493 ts_tablet_manager.cc:1045] T 7da034d210fc4d4e82b926081d6ad12e P 33b43dabe1b543f39e7ed84247c575e8: Time spent bootstrapping tablet: real 0.013s user 0.001s sys 0.001s
I1102 21:39:12.158496 9494 tablet_bootstrap.cc:438] T 7da034d210fc4d4e82b926081d6ad12e P e92a2036de454238809663ac303c6ade: No bootstrap required, opened a new log
I1102 21:39:12.158560 9494 ts_tablet_manager.cc:1045] T 7da034d210fc4d4e82b926081d6ad12e P e92a2036de454238809663ac303c6ade: Time spent bootstrapping tablet: real 0.007s user 0.002s sys 0.000s
I1102 21:39:12.159003 9494 raft_consensus.cc:339] T 7da034d210fc4d4e82b926081d6ad12e P e92a2036de454238809663ac303c6ade [term 0 FOLLOWER]: Replica starting. Triggering 0 pending transactions. Active config: opid_index: -1 OBSOLETE_local: false peers { permanent_uuid: "e92a2036de454238809663ac303c6ade" member_type: VOTER last_known_addr { host: "127.7.150.2" port: 39313 } } peers { permanent_uuid: "33b43dabe1b543f39e7ed84247c575e8" member_type: VOTER last_known_addr { host: "127.7.150.3" port: 44373 } } peers { permanent_uuid: "c36abe6b2bdb4e778576473f60926b7b" member_type: VOTER last_known_addr { host: "127.7.150.1" port: 46291 } }
I1102 21:39:12.159036 9494 raft_consensus.cc:365] T 7da034d210fc4d4e82b926081d6ad12e P e92a2036de454238809663ac303c6ade [term 0 FOLLOWER]: Consensus starting up: Expiring failure detector timer to make a prompt election more likely
I1102 21:39:12.159054 9494 raft_consensus.cc:704] T 7da034d210fc4d4e82b926081d6ad12e P e92a2036de454238809663ac303c6ade [term 0 FOLLOWER]: Becoming Follower/Learner. State: Replica: e92a2036de454238809663ac303c6ade, State: Initialized, Role: FOLLOWER
I1102 21:39:12.159225 9494 consensus_queue.cc:229] T 7da034d210fc4d4e82b926081d6ad12e P e92a2036de454238809663ac303c6ade [NON_LEADER]: Queue going to NON_LEADER mode. State: All replicated index: 0, Majority replicated index: 0, Committed index: 0, Last appended: 0.0, Last appended by leader: 0, Current term: 0, Majority size: -1, State: 0, Mode: NON_LEADER, active raft config: opid_index: -1 OBSOLETE_local: false peers { permanent_uuid: "e92a2036de454238809663ac303c6ade" member_type: VOTER last_known_addr { host: "127.7.150.2" port: 39313 } } peers { permanent_uuid: "33b43dabe1b543f39e7ed84247c575e8" member_type: VOTER last_known_addr { host: "127.7.150.3" port: 44373 } } peers { permanent_uuid: "c36abe6b2bdb4e778576473f60926b7b" member_type: VOTER last_known_addr { host: "127.7.150.1" port: 46291 } }
I1102 21:39:12.159695 9494 ts_tablet_manager.cc:1073] T 7da034d210fc4d4e82b926081d6ad12e P e92a2036de454238809663ac303c6ade: Time spent starting tablet: real 0.001s user 0.001s sys 0.000s
I1102 21:39:12.160168 9069 catalog_manager.cc:3873] TS e92a2036de454238809663ac303c6ade (127.7.150.2:39313) does not have the latest schema for tablet 7da034d210fc4d4e82b926081d6ad12e (table default.test_table [id=e93179f4d3eb4a26a760d9d76293265f]). Expected version 28 got 0
I1102 21:39:12.160362 9069 catalog_manager.cc:2958] Scheduling retry of 7da034d210fc4d4e82b926081d6ad12e (table default.test_table [id=e93179f4d3eb4a26a760d9d76293265f]) Alter Table RPC with a delay of 42 ms (attempt = 1)
W1102 21:39:12.160447 9069 catalog_manager.cc:3937] Failed to send 7da034d210fc4d4e82b926081d6ad12e (table default.test_table [id=e93179f4d3eb4a26a760d9d76293265f]) Alter Table RPC: Not found: failed to reset TS proxy: No leader found: Tablet 7da034d210fc4d4e82b926081d6ad12e consensus state has no leader
I1102 21:39:12.160852 9495 ts_tablet_manager.cc:1382] T 96d99047b6c94ea7944254b27508c1bc P c36abe6b2bdb4e778576473f60926b7b: tablet deleted with delete type TABLET_DATA_DELETED: last-logged OpId 1.51
I1102 21:39:12.160902 9495 log.cc:986] T 96d99047b6c94ea7944254b27508c1bc P c36abe6b2bdb4e778576473f60926b7b: Deleting WAL directory at /tmp/dist-test-taskoKLkQa/test-tmp/alter_table-randomized-test.0.HmsConfigurations_AlterTableRandomized.TestRandomSequence_0.1541194740983682-7768/minicluster-data/ts-0/wal/wals/96d99047b6c94ea7944254b27508c1bc
I1102 21:39:12.161288 9495 ts_tablet_manager.cc:1403] T 96d99047b6c94ea7944254b27508c1bc P c36abe6b2bdb4e778576473f60926b7b: Deleting consensus metadata
I1102 21:39:12.161901 9069 catalog_manager.cc:3873] TS e92a2036de454238809663ac303c6ade (127.7.150.2:39313) does not have the latest schema for tablet 7da034d210fc4d4e82b926081d6ad12e (table default.test_table [id=e93179f4d3eb4a26a760d9d76293265f]). Expected version 28 got 0
I1102 21:39:12.162066 9069 catalog_manager.cc:2958] Scheduling retry of 7da034d210fc4d4e82b926081d6ad12e (table default.test_table [id=e93179f4d3eb4a26a760d9d76293265f]) Alter Table RPC with a delay of 46 ms (attempt = 1)
W1102 21:39:12.162114 9069 catalog_manager.cc:3937] Failed to send 7da034d210fc4d4e82b926081d6ad12e (table default.test_table [id=e93179f4d3eb4a26a760d9d76293265f]) Alter Table RPC: Not found: failed to reset TS proxy: No leader found: Tablet 7da034d210fc4d4e82b926081d6ad12e consensus state has no leader
I1102 21:39:12.163000 9493 raft_consensus.cc:339] T 7da034d210fc4d4e82b926081d6ad12e P 33b43dabe1b543f39e7ed84247c575e8 [term 0 FOLLOWER]: Replica starting. Triggering 0 pending transactions. Active config: opid_index: -1 OBSOLETE_local: false peers { permanent_uuid: "e92a2036de454238809663ac303c6ade" member_type: VOTER last_known_addr { host: "127.7.150.2" port: 39313 } } peers { permanent_uuid: "33b43dabe1b543f39e7ed84247c575e8" member_type: VOTER last_known_addr { host: "127.7.150.3" port: 44373 } } peers { permanent_uuid: "c36abe6b2bdb4e778576473f60926b7b" member_type: VOTER last_known_addr { host: "127.7.150.1" port: 46291 } }
I1102 21:39:12.163074 9493 raft_consensus.cc:365] T 7da034d210fc4d4e82b926081d6ad12e P 33b43dabe1b543f39e7ed84247c575e8 [term 0 FOLLOWER]: Consensus starting up: Expiring failure detector timer to make a prompt election more likely
I1102 21:39:12.163132 9493 raft_consensus.cc:704] T 7da034d210fc4d4e82b926081d6ad12e P 33b43dabe1b543f39e7ed84247c575e8 [term 0 FOLLOWER]: Becoming Follower/Learner. State: Replica: 33b43dabe1b543f39e7ed84247c575e8, State: Initialized, Role: FOLLOWER
I1102 21:39:12.163388 9493 consensus_queue.cc:229] T 7da034d210fc4d4e82b926081d6ad12e P 33b43dabe1b543f39e7ed84247c575e8 [NON_LEADER]: Queue going to NON_LEADER mode. State: All replicated index: 0, Majority replicated index: 0, Committed index: 0, Last appended: 0.0, Last appended by leader: 0, Current term: 0, Majority size: -1, State: 0, Mode: NON_LEADER, active raft config: opid_index: -1 OBSOLETE_local: false peers { permanent_uuid: "e92a2036de454238809663ac303c6ade" member_type: VOTER last_known_addr { host: "127.7.150.2" port: 39313 } } peers { permanent_uuid: "33b43dabe1b543f39e7ed84247c575e8" member_type: VOTER last_known_addr { host: "127.7.150.3" port: 44373 } } peers { permanent_uuid: "c36abe6b2bdb4e778576473f60926b7b" member_type: VOTER last_known_addr { host: "127.7.150.1" port: 46291 } }
I1102 21:39:12.163915 9493 ts_tablet_manager.cc:1073] T 7da034d210fc4d4e82b926081d6ad12e P 33b43dabe1b543f39e7ed84247c575e8: Time spent starting tablet: real 0.005s user 0.000s sys 0.000s
I1102 21:39:12.164394 9068 catalog_manager.cc:3873] TS 33b43dabe1b543f39e7ed84247c575e8 (127.7.150.3:44373) does not have the latest schema for tablet 7da034d210fc4d4e82b926081d6ad12e (table default.test_table [id=e93179f4d3eb4a26a760d9d76293265f]). Expected version 28 got 0
I1102 21:39:12.164598 9068 catalog_manager.cc:2958] Scheduling retry of 7da034d210fc4d4e82b926081d6ad12e (table default.test_table [id=e93179f4d3eb4a26a760d9d76293265f]) Alter Table RPC with a delay of 51 ms (attempt = 1)
W1102 21:39:12.164644 9068 catalog_manager.cc:3937] Failed to send 7da034d210fc4d4e82b926081d6ad12e (table default.test_table [id=e93179f4d3eb4a26a760d9d76293265f]) Alter Table RPC: Not found: failed to reset TS proxy: No leader found: Tablet 7da034d210fc4d4e82b926081d6ad12e consensus state has no leader
I1102 21:39:12.165218 9492 ts_tablet_manager.cc:1382] T 96d99047b6c94ea7944254b27508c1bc P 33b43dabe1b543f39e7ed84247c575e8: tablet deleted with delete type TABLET_DATA_DELETED: last-logged OpId 1.51
I1102 21:39:12.165288 9492 log.cc:986] T 96d99047b6c94ea7944254b27508c1bc P 33b43dabe1b543f39e7ed84247c575e8: Deleting WAL directory at /tmp/dist-test-taskoKLkQa/test-tmp/alter_table-randomized-test.0.HmsConfigurations_AlterTableRandomized.TestRandomSequence_0.1541194740983682-7768/minicluster-data/ts-2/wal/wals/96d99047b6c94ea7944254b27508c1bc
I1102 21:39:12.165680 9492 ts_tablet_manager.cc:1403] T 96d99047b6c94ea7944254b27508c1bc P 33b43dabe1b543f39e7ed84247c575e8: Deleting consensus metadata
I1102 21:39:12.166062 9135 tablet.cc:1594] T 9effeaa3138b4770b35fa96a5173bf88 P 33b43dabe1b543f39e7ed84247c575e8: Flush: entering phase 2 (starting to duplicate updates in new rowsets)
I1102 21:39:12.166654 9059 catalog_manager.cc:3158] TS 33b43dabe1b543f39e7ed84247c575e8 (127.7.150.3:44373): tablet 96d99047b6c94ea7944254b27508c1bc (table default.test_table [id=e93179f4d3eb4a26a760d9d76293265f]) successfully deleted
I1102 21:39:12.166903 9058 catalog_manager.cc:3158] TS c36abe6b2bdb4e778576473f60926b7b (127.7.150.1:46291): tablet 96d99047b6c94ea7944254b27508c1bc (table default.test_table [id=e93179f4d3eb4a26a760d9d76293265f]) successfully deleted
I1102 21:39:12.167032 9489 multi_column_writer.cc:98] Opened CFile writers for 12 column(s)
I1102 21:39:12.167034 9328 tablet.cc:1594] T 9effeaa3138b4770b35fa96a5173bf88 P e92a2036de454238809663ac303c6ade: Flush: entering phase 2 (starting to duplicate updates in new rowsets)
I1102 21:39:12.167256 9135 tablet.cc:1649] T 9effeaa3138b4770b35fa96a5173bf88 P 33b43dabe1b543f39e7ed84247c575e8: Flush Phase 2: carrying over any updates which arrived during Phase 1
I1102 21:39:12.167294 9135 tablet.cc:1651] T 9effeaa3138b4770b35fa96a5173bf88 P 33b43dabe1b543f39e7ed84247c575e8: Phase 2 snapshot: MvccSnapshot[committed={T|T < 6312733704761425920}]
I1102 21:39:12.167320 9328 tablet.cc:1649] T 9effeaa3138b4770b35fa96a5173bf88 P e92a2036de454238809663ac303c6ade: Flush Phase 2: carrying over any updates which arrived during Phase 1
I1102 21:39:12.167342 9328 tablet.cc:1651] T 9effeaa3138b4770b35fa96a5173bf88 P e92a2036de454238809663ac303c6ade: Phase 2 snapshot: MvccSnapshot[committed={T|T < 6312733704761425920}]
I1102 21:39:12.169606 9135 tablet.cc:1699] T 9effeaa3138b4770b35fa96a5173bf88 P 33b43dabe1b543f39e7ed84247c575e8: Flush successful on 6 rows (1 rowsets, 5791 bytes)
I1102 21:39:12.170383 9328 tablet.cc:1699] T 9effeaa3138b4770b35fa96a5173bf88 P e92a2036de454238809663ac303c6ade: Flush successful on 6 rows (1 rowsets, 5791 bytes)
I1102 21:39:12.176250 9489 tablet.cc:1594] T 9effeaa3138b4770b35fa96a5173bf88 P c36abe6b2bdb4e778576473f60926b7b: Flush: entering phase 2 (starting to duplicate updates in new rowsets)
I1102 21:39:12.176483 9489 tablet.cc:1649] T 9effeaa3138b4770b35fa96a5173bf88 P c36abe6b2bdb4e778576473f60926b7b: Flush Phase 2: carrying over any updates which arrived during Phase 1
I1102 21:39:12.176517 9489 tablet.cc:1651] T 9effeaa3138b4770b35fa96a5173bf88 P c36abe6b2bdb4e778576473f60926b7b: Phase 2 snapshot: MvccSnapshot[committed={T|T < 6312733704761425920}]
I1102 21:39:12.178653 9489 tablet.cc:1699] T 9effeaa3138b4770b35fa96a5173bf88 P c36abe6b2bdb4e778576473f60926b7b: Flush successful on 6 rows (1 rowsets, 5788 bytes)
I1102 21:39:12.200862 9058 catalog_manager.cc:2958] Scheduling retry of 7da034d210fc4d4e82b926081d6ad12e (table default.test_table [id=e93179f4d3eb4a26a760d9d76293265f]) Alter Table RPC with a delay of 37 ms (attempt = 2)
W1102 21:39:12.200929 9058 catalog_manager.cc:2977] Async tablet task 7da034d210fc4d4e82b926081d6ad12e (table default.test_table [id=e93179f4d3eb4a26a760d9d76293265f]) Alter Table RPC failed: Not found: failed to reset TS proxy: No leader found: Tablet 7da034d210fc4d4e82b926081d6ad12e consensus state has no leader
I1102 21:39:12.203245 9058 catalog_manager.cc:2958] Scheduling retry of 7da034d210fc4d4e82b926081d6ad12e (table default.test_table [id=e93179f4d3eb4a26a760d9d76293265f]) Alter Table RPC with a delay of 62 ms (attempt = 2)
W1102 21:39:12.203289 9058 catalog_manager.cc:2977] Async tablet task 7da034d210fc4d4e82b926081d6ad12e (table default.test_table [id=e93179f4d3eb4a26a760d9d76293265f]) Alter Table RPC failed: Not found: failed to reset TS proxy: No leader found: Tablet 7da034d210fc4d4e82b926081d6ad12e consensus state has no leader
I1102 21:39:12.208503 9057 catalog_manager.cc:2958] Scheduling retry of 7da034d210fc4d4e82b926081d6ad12e (table default.test_table [id=e93179f4d3eb4a26a760d9d76293265f]) Alter Table RPC with a delay of 61 ms (attempt = 2)
W1102 21:39:12.208549 9057 catalog_manager.cc:2977] Async tablet task 7da034d210fc4d4e82b926081d6ad12e (table default.test_table [id=e93179f4d3eb4a26a760d9d76293265f]) Alter Table RPC failed: Not found: failed to reset TS proxy: No leader found: Tablet 7da034d210fc4d4e82b926081d6ad12e consensus state has no leader
I1102 21:39:12.212829 9057 catalog_manager.cc:2958] Scheduling retry of 7da034d210fc4d4e82b926081d6ad12e (table default.test_table [id=e93179f4d3eb4a26a760d9d76293265f]) Alter Table RPC with a delay of 41 ms (attempt = 2)
W1102 21:39:12.212869 9057 catalog_manager.cc:2977] Async tablet task 7da034d210fc4d4e82b926081d6ad12e (table default.test_table [id=e93179f4d3eb4a26a760d9d76293265f]) Alter Table RPC failed: Not found: failed to reset TS proxy: No leader found: Tablet 7da034d210fc4d4e82b926081d6ad12e consensus state has no leader
I1102 21:39:12.216930 9056 catalog_manager.cc:2958] Scheduling retry of 7da034d210fc4d4e82b926081d6ad12e (table default.test_table [id=e93179f4d3eb4a26a760d9d76293265f]) Alter Table RPC with a delay of 80 ms (attempt = 2)
W1102 21:39:12.216976 9056 catalog_manager.cc:2977] Async tablet task 7da034d210fc4d4e82b926081d6ad12e (table default.test_table [id=e93179f4d3eb4a26a760d9d76293265f]) Alter Table RPC failed: Not found: failed to reset TS proxy: No leader found: Tablet 7da034d210fc4d4e82b926081d6ad12e consensus state has no leader
I1102 21:39:12.238982 9058 catalog_manager.cc:2958] Scheduling retry of 7da034d210fc4d4e82b926081d6ad12e (table default.test_table [id=e93179f4d3eb4a26a760d9d76293265f]) Alter Table RPC with a delay of 74 ms (attempt = 3)
W1102 21:39:12.239065 9058 catalog_manager.cc:2977] Async tablet task 7da034d210fc4d4e82b926081d6ad12e (table default.test_table [id=e93179f4d3eb4a26a760d9d76293265f]) Alter Table RPC failed: Not found: failed to reset TS proxy: No leader found: Tablet 7da034d210fc4d4e82b926081d6ad12e consensus state has no leader
W1102 21:39:12.240116 9316 tablet.cc:1747] T 7da034d210fc4d4e82b926081d6ad12e P e92a2036de454238809663ac303c6ade: Can't schedule compaction. Clean time has not been advanced past its initial value.
I1102 21:39:12.240491 9316 maintenance_manager.cc:304] P e92a2036de454238809663ac303c6ade: Scheduling UndoDeltaBlockGCOp(9effeaa3138b4770b35fa96a5173bf88): 421 bytes on disk
I1102 21:39:12.241212 9209 maintenance_manager.cc:494] P e92a2036de454238809663ac303c6ade: UndoDeltaBlockGCOp(9effeaa3138b4770b35fa96a5173bf88) complete. Timing: real 0.000s user 0.000s sys 0.000s Metrics: {"cfile_init":1,"lbm_read_time_us":103,"lbm_reads_lt_1ms":4}
I1102 21:39:12.254338 9057 catalog_manager.cc:2958] Scheduling retry of 7da034d210fc4d4e82b926081d6ad12e (table default.test_table [id=e93179f4d3eb4a26a760d9d76293265f]) Alter Table RPC with a delay of 76 ms (attempt = 3)
W1102 21:39:12.254423 9057 catalog_manager.cc:2977] Async tablet task 7da034d210fc4d4e82b926081d6ad12e (table default.test_table [id=e93179f4d3eb4a26a760d9d76293265f]) Alter Table RPC failed: Not found: failed to reset TS proxy: No leader found: Tablet 7da034d210fc4d4e82b926081d6ad12e consensus state has no leader
I1102 21:39:12.261327 8565 maintenance_manager.cc:304] P 33b43dabe1b543f39e7ed84247c575e8: Scheduling UndoDeltaBlockGCOp(9effeaa3138b4770b35fa96a5173bf88): 421 bytes on disk
I1102 21:39:12.261982 8458 maintenance_manager.cc:494] P 33b43dabe1b543f39e7ed84247c575e8: UndoDeltaBlockGCOp(9effeaa3138b4770b35fa96a5173bf88) complete. Timing: real 0.000s user 0.000s sys 0.000s Metrics: {"cfile_init":1,"lbm_read_time_us":65,"lbm_reads_lt_1ms":4}
I1102 21:39:12.266424 9058 catalog_manager.cc:2958] Scheduling retry of 7da034d210fc4d4e82b926081d6ad12e (table default.test_table [id=e93179f4d3eb4a26a760d9d76293265f]) Alter Table RPC with a delay of 88 ms (attempt = 3)
W1102 21:39:12.266482 9058 catalog_manager.cc:2977] Async tablet task 7da034d210fc4d4e82b926081d6ad12e (table default.test_table [id=e93179f4d3eb4a26a760d9d76293265f]) Alter Table RPC failed: Not found: failed to reset TS proxy: No leader found: Tablet 7da034d210fc4d4e82b926081d6ad12e consensus state has no leader
I1102 21:39:12.270718 9057 catalog_manager.cc:2958] Scheduling retry of 7da034d210fc4d4e82b926081d6ad12e (table default.test_table [id=e93179f4d3eb4a26a760d9d76293265f]) Alter Table RPC with a delay of 83 ms (attempt = 3)
W1102 21:39:12.270763 9057 catalog_manager.cc:2977] Async tablet task 7da034d210fc4d4e82b926081d6ad12e (table default.test_table [id=e93179f4d3eb4a26a760d9d76293265f]) Alter Table RPC failed: Not found: failed to reset TS proxy: No leader found: Tablet 7da034d210fc4d4e82b926081d6ad12e consensus state has no leader
I1102 21:39:12.297643 9056 catalog_manager.cc:2958] Scheduling retry of 7da034d210fc4d4e82b926081d6ad12e (table default.test_table [id=e93179f4d3eb4a26a760d9d76293265f]) Alter Table RPC with a delay of 94 ms (attempt = 3)
W1102 21:39:12.297709 9056 catalog_manager.cc:2977] Async tablet task 7da034d210fc4d4e82b926081d6ad12e (table default.test_table [id=e93179f4d3eb4a26a760d9d76293265f]) Alter Table RPC failed: Not found: failed to reset TS proxy: No leader found: Tablet 7da034d210fc4d4e82b926081d6ad12e consensus state has no leader
I1102 21:39:12.313576 9058 catalog_manager.cc:2958] Scheduling retry of 7da034d210fc4d4e82b926081d6ad12e (table default.test_table [id=e93179f4d3eb4a26a760d9d76293265f]) Alter Table RPC with a delay of 169 ms (attempt = 4)
W1102 21:39:12.313648 9058 catalog_manager.cc:2977] Async tablet task 7da034d210fc4d4e82b926081d6ad12e (table default.test_table [id=e93179f4d3eb4a26a760d9d76293265f]) Alter Table RPC failed: Not found: failed to reset TS proxy: No leader found: Tablet 7da034d210fc4d4e82b926081d6ad12e consensus state has no leader
I1102 21:39:12.331349 9057 catalog_manager.cc:2958] Scheduling retry of 7da034d210fc4d4e82b926081d6ad12e (table default.test_table [id=e93179f4d3eb4a26a760d9d76293265f]) Alter Table RPC with a delay of 130 ms (attempt = 4)
W1102 21:39:12.331441 9057 catalog_manager.cc:2977] Async tablet task 7da034d210fc4d4e82b926081d6ad12e (table default.test_table [id=e93179f4d3eb4a26a760d9d76293265f]) Alter Table RPC failed: Not found: failed to reset TS proxy: No leader found: Tablet 7da034d210fc4d4e82b926081d6ad12e consensus state has no leader
I1102 21:39:12.354796 9057 catalog_manager.cc:2958] Scheduling retry of 7da034d210fc4d4e82b926081d6ad12e (table default.test_table [id=e93179f4d3eb4a26a760d9d76293265f]) Alter Table RPC with a delay of 138 ms (attempt = 4)
W1102 21:39:12.354861 9057 catalog_manager.cc:2977] Async tablet task 7da034d210fc4d4e82b926081d6ad12e (table default.test_table [id=e93179f4d3eb4a26a760d9d76293265f]) Alter Table RPC failed: Not found: failed to reset TS proxy: No leader found: Tablet 7da034d210fc4d4e82b926081d6ad12e consensus state has no leader
I1102 21:39:12.355384 9058 catalog_manager.cc:2958] Scheduling retry of 7da034d210fc4d4e82b926081d6ad12e (table default.test_table [id=e93179f4d3eb4a26a760d9d76293265f]) Alter Table RPC with a delay of 158 ms (attempt = 4)
