I1102 21:39:20.501943 9849 maintenance_manager.cc:494] P c36abe6b2bdb4e778576473f60926b7b: UndoDeltaBlockGCOp(6d61649b204f4e3e83fee610942dc9f6) complete. Timing: real 0.000s user 0.000s sys 0.000s Metrics: {"cfile_init":1,"lbm_read_time_us":63,"lbm_reads_lt_1ms":4}
I1102 21:39:20.503144 10020 tablet.cc:1594] T 7a93909d4ddb4fc7984622e98c801c9b P c36abe6b2bdb4e778576473f60926b7b: Flush: entering phase 2 (starting to duplicate updates in new rowsets)
I1102 21:39:20.503216 10003 tablet.cc:1594] T a33395cf77dc424e86b496d77002510f P 33b43dabe1b543f39e7ed84247c575e8: Flush: entering phase 2 (starting to duplicate updates in new rowsets)
I1102 21:39:20.503494 10036 tablet.cc:1699] T a33395cf77dc424e86b496d77002510f P c36abe6b2bdb4e778576473f60926b7b: Flush successful on 5 rows (1 rowsets, 5615 bytes)
I1102 21:39:20.503509 10003 tablet.cc:1649] T a33395cf77dc424e86b496d77002510f P 33b43dabe1b543f39e7ed84247c575e8: Flush Phase 2: carrying over any updates which arrived during Phase 1
I1102 21:39:20.503535 10003 tablet.cc:1651] T a33395cf77dc424e86b496d77002510f P 33b43dabe1b543f39e7ed84247c575e8: Phase 2 snapshot: MvccSnapshot[committed={T|T < 6312733738698735616}]
I1102 21:39:20.503509 10020 tablet.cc:1649] T 7a93909d4ddb4fc7984622e98c801c9b P c36abe6b2bdb4e778576473f60926b7b: Flush Phase 2: carrying over any updates which arrived during Phase 1
I1102 21:39:20.503639 10020 tablet.cc:1651] T 7a93909d4ddb4fc7984622e98c801c9b P c36abe6b2bdb4e778576473f60926b7b: Phase 2 snapshot: MvccSnapshot[committed={T|T < 6312733738695897088}]
I1102 21:39:20.507757 10020 tablet.cc:1699] T 7a93909d4ddb4fc7984622e98c801c9b P c36abe6b2bdb4e778576473f60926b7b: Flush successful on 10 rows (1 rowsets, 5851 bytes)
I1102 21:39:20.507763 10041 tablet.cc:1594] T f9090285974a41d19310b6a5017793d2 P 33b43dabe1b543f39e7ed84247c575e8: Flush: entering phase 2 (starting to duplicate updates in new rowsets)
I1102 21:39:20.507978 10041 tablet.cc:1649] T f9090285974a41d19310b6a5017793d2 P 33b43dabe1b543f39e7ed84247c575e8: Flush Phase 2: carrying over any updates which arrived during Phase 1
I1102 21:39:20.508018 10041 tablet.cc:1651] T f9090285974a41d19310b6a5017793d2 P 33b43dabe1b543f39e7ed84247c575e8: Phase 2 snapshot: MvccSnapshot[committed={T|T < 6312733738700271616}]
I1102 21:39:20.509335 10037 tablet.cc:1699] T 7a93909d4ddb4fc7984622e98c801c9b P 33b43dabe1b543f39e7ed84247c575e8: Flush successful on 10 rows (1 rowsets, 5851 bytes)
I1102 21:39:20.509896 10040 tablet.cc:1699] T 6d61649b204f4e3e83fee610942dc9f6 P 33b43dabe1b543f39e7ed84247c575e8: Flush successful on 6 rows (1 rowsets, 5612 bytes)
I1102 21:39:20.510816 10041 tablet.cc:1699] T f9090285974a41d19310b6a5017793d2 P 33b43dabe1b543f39e7ed84247c575e8: Flush successful on 9 rows (1 rowsets, 5843 bytes)
I1102 21:39:20.511541 9069 catalog_manager.cc:4221] T 00000000000000000000000000000000 P 810977538c654d1a96a5c2a53c44d890: default.test_table [id=e93179f4d3eb4a26a760d9d76293265f] alter complete (version 39)
I1102 21:39:20.510977 10040 tablet.cc:1262] T 1652ac19c70f4370809e3baad1c10e4e P 33b43dabe1b543f39e7ed84247c575e8: Alter schema from ( 10:c52 INT32 NOT NULL, 18:c712 INT32 NULLABLE, 22:c252 INT32 NOT NULL, 26:c840 INT32 NOT NULL, 30:c592 INT32 NULLABLE, 31:c466 INT32 NOT NULL, 32:c121 INT32 NOT NULL, 33:c996 INT32 NOT NULL, 36:c864 INT32 NULLABLE, 37:c827 INT32 NOT NULL, PRIMARY KEY (c52) ) version 38 to ( 10:c960 INT32 NOT NULL, 18:c905 INT32 NULLABLE, 22:c252 INT32 NOT NULL, 26:c840 INT32 NOT NULL, 30:c592 INT32 NULLABLE, 31:c466 INT32 NOT NULL, 32:c121 INT32 NOT NULL, 33:c996 INT32 NOT NULL, 36:c253 INT32 NULLABLE, 37:c827 INT32 NOT NULL, 38:c842 INT32 NULLABLE, PRIMARY KEY (c960) ) version 39
I1102 21:39:20.512606 10003 tablet.cc:1699] T a33395cf77dc424e86b496d77002510f P 33b43dabe1b543f39e7ed84247c575e8: Flush successful on 5 rows (1 rowsets, 5615 bytes)
I1102 21:39:20.513520 10040 tablet.cc:1214] T 1652ac19c70f4370809e3baad1c10e4e P 33b43dabe1b543f39e7ed84247c575e8: Flush: entering stage 1 (old memrowset already frozen for inserts)
I1102 21:39:20.513540 10040 compaction.cc:926] Selected 1 rowsets to compact:
I1102 21:39:20.513550 10040 compaction.cc:929] memrowset(current size on disk: ~0 bytes)
I1102 21:39:20.513559 10040 tablet.cc:1216] T 1652ac19c70f4370809e3baad1c10e4e P 33b43dabe1b543f39e7ed84247c575e8: Memstore in-memory size: 763 bytes
I1102 21:39:20.513579 10040 tablet.cc:1508] T 1652ac19c70f4370809e3baad1c10e4e P 33b43dabe1b543f39e7ed84247c575e8: Flush: entering phase 1 (flushing snapshot). Phase 1 snapshot: MvccSnapshot[committed={T|T < 6312733738706432000}]
I1102 21:39:20.516356 10005 tablet.cc:1594] T 7a93909d4ddb4fc7984622e98c801c9b P e92a2036de454238809663ac303c6ade: Flush: entering phase 2 (starting to duplicate updates in new rowsets)
I1102 21:39:20.516530 10005 tablet.cc:1649] T 7a93909d4ddb4fc7984622e98c801c9b P e92a2036de454238809663ac303c6ade: Flush Phase 2: carrying over any updates which arrived during Phase 1
I1102 21:39:20.516561 10005 tablet.cc:1651] T 7a93909d4ddb4fc7984622e98c801c9b P e92a2036de454238809663ac303c6ade: Phase 2 snapshot: MvccSnapshot[committed={T|T < 6312733738695897088}]
I1102 21:39:20.517463 9316 maintenance_manager.cc:304] P e92a2036de454238809663ac303c6ade: Scheduling UndoDeltaBlockGCOp(6d61649b204f4e3e83fee610942dc9f6): 223 bytes on disk
I1102 21:39:20.517894 9209 maintenance_manager.cc:494] P e92a2036de454238809663ac303c6ade: UndoDeltaBlockGCOp(6d61649b204f4e3e83fee610942dc9f6) complete. Timing: real 0.000s user 0.000s sys 0.000s Metrics: {"cfile_init":1,"lbm_read_time_us":67,"lbm_reads_lt_1ms":4}
I1102 21:39:20.518793 10005 tablet.cc:1699] T 7a93909d4ddb4fc7984622e98c801c9b P e92a2036de454238809663ac303c6ade: Flush successful on 10 rows (1 rowsets, 5851 bytes)
I1102 21:39:20.519870 10033 tablet.cc:1594] T f9090285974a41d19310b6a5017793d2 P e92a2036de454238809663ac303c6ade: Flush: entering phase 2 (starting to duplicate updates in new rowsets)
I1102 21:39:20.520098 10033 tablet.cc:1649] T f9090285974a41d19310b6a5017793d2 P e92a2036de454238809663ac303c6ade: Flush Phase 2: carrying over any updates which arrived during Phase 1
I1102 21:39:20.520134 10033 tablet.cc:1651] T f9090285974a41d19310b6a5017793d2 P e92a2036de454238809663ac303c6ade: Phase 2 snapshot: MvccSnapshot[committed={T|T < 6312733738700271616}]
I1102 21:39:20.521104 10034 tablet.cc:1594] T 1652ac19c70f4370809e3baad1c10e4e P e92a2036de454238809663ac303c6ade: Flush: entering phase 2 (starting to duplicate updates in new rowsets)
I1102 21:39:20.521246 10034 tablet.cc:1649] T 1652ac19c70f4370809e3baad1c10e4e P e92a2036de454238809663ac303c6ade: Flush Phase 2: carrying over any updates which arrived during Phase 1
I1102 21:39:20.521277 10034 tablet.cc:1651] T 1652ac19c70f4370809e3baad1c10e4e P e92a2036de454238809663ac303c6ade: Phase 2 snapshot: MvccSnapshot[committed={T|T < 6312733738706432000}]
I1102 21:39:20.521733 10040 multi_column_writer.cc:98] Opened CFile writers for 11 column(s)
I1102 21:39:20.522553 10030 tablet.cc:1699] T a33395cf77dc424e86b496d77002510f P e92a2036de454238809663ac303c6ade: Flush successful on 5 rows (1 rowsets, 5615 bytes)
I1102 21:39:20.524328 10034 tablet.cc:1699] T 1652ac19c70f4370809e3baad1c10e4e P e92a2036de454238809663ac303c6ade: Flush successful on 3 rows (1 rowsets, 5593 bytes)
I1102 21:39:20.527676 10033 tablet.cc:1699] T f9090285974a41d19310b6a5017793d2 P e92a2036de454238809663ac303c6ade: Flush successful on 9 rows (1 rowsets, 5843 bytes)
I1102 21:39:20.537271 8565 maintenance_manager.cc:304] P 33b43dabe1b543f39e7ed84247c575e8: Scheduling UndoDeltaBlockGCOp(7a93909d4ddb4fc7984622e98c801c9b): 474 bytes on disk
I1102 21:39:20.537791 8458 maintenance_manager.cc:494] P 33b43dabe1b543f39e7ed84247c575e8: UndoDeltaBlockGCOp(7a93909d4ddb4fc7984622e98c801c9b) complete. Timing: real 0.000s user 0.000s sys 0.000s Metrics: {"cfile_init":1,"lbm_read_time_us":94,"lbm_reads_lt_1ms":4}
I1102 21:39:20.538107 8565 maintenance_manager.cc:304] P 33b43dabe1b543f39e7ed84247c575e8: Scheduling UndoDeltaBlockGCOp(f9090285974a41d19310b6a5017793d2): 370 bytes on disk
I1102 21:39:20.538630 8458 maintenance_manager.cc:494] P 33b43dabe1b543f39e7ed84247c575e8: UndoDeltaBlockGCOp(f9090285974a41d19310b6a5017793d2) complete. Timing: real 0.000s user 0.000s sys 0.000s Metrics: {"cfile_init":1,"lbm_read_time_us":66,"lbm_reads_lt_1ms":4}
I1102 21:39:20.538934 8565 maintenance_manager.cc:304] P 33b43dabe1b543f39e7ed84247c575e8: Scheduling UndoDeltaBlockGCOp(a33395cf77dc424e86b496d77002510f): 369 bytes on disk
I1102 21:39:20.539350 8458 maintenance_manager.cc:494] P 33b43dabe1b543f39e7ed84247c575e8: UndoDeltaBlockGCOp(a33395cf77dc424e86b496d77002510f) complete. Timing: real 0.000s user 0.000s sys 0.000s Metrics: {"cfile_init":1,"lbm_read_time_us":61,"lbm_reads_lt_1ms":4}
I1102 21:39:20.539665 8565 maintenance_manager.cc:304] P 33b43dabe1b543f39e7ed84247c575e8: Scheduling UndoDeltaBlockGCOp(6d61649b204f4e3e83fee610942dc9f6): 223 bytes on disk
I1102 21:39:20.540180 8458 maintenance_manager.cc:494] P 33b43dabe1b543f39e7ed84247c575e8: UndoDeltaBlockGCOp(6d61649b204f4e3e83fee610942dc9f6) complete. Timing: real 0.000s user 0.000s sys 0.000s Metrics: {"cfile_init":1,"lbm_read_time_us":57,"lbm_reads_lt_1ms":4}
I1102 21:39:20.542268 10040 tablet.cc:1594] T 1652ac19c70f4370809e3baad1c10e4e P 33b43dabe1b543f39e7ed84247c575e8: Flush: entering phase 2 (starting to duplicate updates in new rowsets)
I1102 21:39:20.542484 10040 tablet.cc:1649] T 1652ac19c70f4370809e3baad1c10e4e P 33b43dabe1b543f39e7ed84247c575e8: Flush Phase 2: carrying over any updates which arrived during Phase 1
I1102 21:39:20.542556 10040 tablet.cc:1651] T 1652ac19c70f4370809e3baad1c10e4e P 33b43dabe1b543f39e7ed84247c575e8: Phase 2 snapshot: MvccSnapshot[committed={T|T < 6312733738706432000}]
I1102 21:39:20.545153 10040 tablet.cc:1699] T 1652ac19c70f4370809e3baad1c10e4e P 33b43dabe1b543f39e7ed84247c575e8: Flush successful on 3 rows (1 rowsets, 5599 bytes)
I1102 21:39:20.632272 7768 alter_table-randomized-test.cc:448] Beginning Alterations
I1102 21:39:20.633383 7768 alter_table-randomized-test.cc:562] Adding range partition: [1744830438, 1811939301) resulting partitions: (805306356, 872415219], (939524082, 1006632945], (1140850671, 1207959534], (1476394986, 1543503849], (1744830438, 1811939301], (2080374753, 2147483616)
I1102 21:39:20.633484 7768 alter_table-randomized-test.cc:486] Adding column c363, existing columns: c960, c905, c252, c840, c592, c466, c121, c996, c253, c827, c842
I1102 21:39:20.633528 7768 alter_table-randomized-test.cc:480] Committing Alterations
I1102 21:39:20.634560 9066 catalog_manager.cc:2182] Servicing AlterTable request from {username='slave'} at 127.0.0.1:59072: table { table_name: "default.test_table" } alter_schema_steps { type: ADD_RANGE_PARTITION add_range_partition { range_bounds { rows: "\010\001\000\000\000\345\377\377g\007\001\000\000\000\345\377\377k" } } } alter_schema_steps { type: ADD_COLUMN add_column { schema { name: "c363" type: INT32 is_nullable: true encoding: AUTO_ENCODING compression: DEFAULT_COMPRESSION cfile_block_size: 0 } } } schema { columns { name: "c960" type: INT32 is_key: true is_nullable: false encoding: AUTO_ENCODING compression: DEFAULT_COMPRESSION cfile_block_size: 0 } columns { name: "c905" type: INT32 is_key: false is_nullable: true encoding: RLE compression: DEFAULT_COMPRESSION cfile_block_size: 8388608 } columns { name: "c252" type: INT32 is_key: false is_nullable: false read_default_value: "\274)Y\\" encoding: AUTO_ENCODING compression: DEFAULT_COMPRESSION cfile_block_size: 0 } columns { name: "c840" type: INT32 is_key: false is_nullable: false read_default_value: "\237\304\341X" encoding: AUTO_ENCODING compression: NO_COMPRESSION cfile_block_size: 8388608 } columns { name: "c592" type: INT32 is_key: false is_nullable: true encoding: AUTO_ENCODING compression: DEFAULT_COMPRESSION cfile_block_size: 0 } columns { name: "c466" type: INT32 is_key: false is_nullable: false read_default_value: "\217\336\210M" encoding: AUTO_ENCODING compression: NO_COMPRESSION cfile_block_size: 0 } columns { name: "c121" type: INT32 is_key: false is_nullable: false read_default_value: "V\312\032=" encoding: RLE compression: DEFAULT_COMPRESSION cfile_block_size: 2097152 } columns { name: "c996" type: INT32 is_key: false is_nullable: false read_default_value: "E\234\227T" encoding: AUTO_ENCODING compression: DEFAULT_COMPRESSION cfile_block_size: 0 } columns { name: "c253" type: INT32 is_key: false is_nullable: true encoding: PLAIN_ENCODING compression: DEFAULT_COMPRESSION cfile_block_size: 0 } columns { name: "c827" type: INT32 is_key: false is_nullable: false read_default_value: "\220v\364\017" encoding: AUTO_ENCODING compression: DEFAULT_COMPRESSION cfile_block_size: 0 } columns { name: "c842" type: INT32 is_key: false is_nullable: true encoding: AUTO_ENCODING compression: DEFAULT_COMPRESSION cfile_block_size: 0 } } modify_external_catalogs: true
I1102 21:39:20.644745 10020 tablet.cc:1262] T 7a93909d4ddb4fc7984622e98c801c9b P c36abe6b2bdb4e778576473f60926b7b: Alter schema from ( 10:c960 INT32 NOT NULL, 18:c905 INT32 NULLABLE, 22:c252 INT32 NOT NULL, 26:c840 INT32 NOT NULL, 30:c592 INT32 NULLABLE, 31:c466 INT32 NOT NULL, 32:c121 INT32 NOT NULL, 33:c996 INT32 NOT NULL, 36:c253 INT32 NULLABLE, 37:c827 INT32 NOT NULL, 38:c842 INT32 NULLABLE, PRIMARY KEY (c960) ) version 39 to ( 10:c960 INT32 NOT NULL, 18:c905 INT32 NULLABLE, 22:c252 INT32 NOT NULL, 26:c840 INT32 NOT NULL, 30:c592 INT32 NULLABLE, 31:c466 INT32 NOT NULL, 32:c121 INT32 NOT NULL, 33:c996 INT32 NOT NULL, 36:c253 INT32 NULLABLE, 37:c827 INT32 NOT NULL, 38:c842 INT32 NULLABLE, 39:c363 INT32 NULLABLE, PRIMARY KEY (c960) ) version 40
I1102 21:39:20.645069 10020 tablet.cc:1214] T 7a93909d4ddb4fc7984622e98c801c9b P c36abe6b2bdb4e778576473f60926b7b: Flush: entering stage 1 (old memrowset already frozen for inserts)
I1102 21:39:20.645097 10020 compaction.cc:926] Selected 1 rowsets to compact:
I1102 21:39:20.645104 10020 compaction.cc:929] memrowset(current size on disk: ~0 bytes)
I1102 21:39:20.645117 10020 tablet.cc:1216] T 7a93909d4ddb4fc7984622e98c801c9b P c36abe6b2bdb4e778576473f60926b7b: Memstore in-memory size: 763 bytes
I1102 21:39:20.645139 10020 tablet.cc:1508] T 7a93909d4ddb4fc7984622e98c801c9b P c36abe6b2bdb4e778576473f60926b7b: Flush: entering phase 1 (flushing snapshot). Phase 1 snapshot: MvccSnapshot[committed={T|T < 6312733739588407296}]
I1102 21:39:20.645669 10033 tablet.cc:1262] T 7a93909d4ddb4fc7984622e98c801c9b P e92a2036de454238809663ac303c6ade: Alter schema from ( 10:c960 INT32 NOT NULL, 18:c905 INT32 NULLABLE, 22:c252 INT32 NOT NULL, 26:c840 INT32 NOT NULL, 30:c592 INT32 NULLABLE, 31:c466 INT32 NOT NULL, 32:c121 INT32 NOT NULL, 33:c996 INT32 NOT NULL, 36:c253 INT32 NULLABLE, 37:c827 INT32 NOT NULL, 38:c842 INT32 NULLABLE, PRIMARY KEY (c960) ) version 39 to ( 10:c960 INT32 NOT NULL, 18:c905 INT32 NULLABLE, 22:c252 INT32 NOT NULL, 26:c840 INT32 NOT NULL, 30:c592 INT32 NULLABLE, 31:c466 INT32 NOT NULL, 32:c121 INT32 NOT NULL, 33:c996 INT32 NOT NULL, 36:c253 INT32 NULLABLE, 37:c827 INT32 NOT NULL, 38:c842 INT32 NULLABLE, 39:c363 INT32 NULLABLE, PRIMARY KEY (c960) ) version 40
I1102 21:39:20.646157 10033 tablet.cc:1214] T 7a93909d4ddb4fc7984622e98c801c9b P e92a2036de454238809663ac303c6ade: Flush: entering stage 1 (old memrowset already frozen for inserts)
I1102 21:39:20.646203 10033 compaction.cc:926] Selected 1 rowsets to compact:
I1102 21:39:20.646245 10033 compaction.cc:929] memrowset(current size on disk: ~0 bytes)
I1102 21:39:20.646294 10033 tablet.cc:1216] T 7a93909d4ddb4fc7984622e98c801c9b P e92a2036de454238809663ac303c6ade: Memstore in-memory size: 763 bytes
I1102 21:39:20.646359 10033 tablet.cc:1508] T 7a93909d4ddb4fc7984622e98c801c9b P e92a2036de454238809663ac303c6ade: Flush: entering phase 1 (flushing snapshot). Phase 1 snapshot: MvccSnapshot[committed={T|T < 6312733739588407296}]
I1102 21:39:20.647505 10020 multi_column_writer.cc:98] Opened CFile writers for 12 column(s)
I1102 21:39:20.647727 10040 tablet.cc:1262] T 7a93909d4ddb4fc7984622e98c801c9b P 33b43dabe1b543f39e7ed84247c575e8: Alter schema from ( 10:c960 INT32 NOT NULL, 18:c905 INT32 NULLABLE, 22:c252 INT32 NOT NULL, 26:c840 INT32 NOT NULL, 30:c592 INT32 NULLABLE, 31:c466 INT32 NOT NULL, 32:c121 INT32 NOT NULL, 33:c996 INT32 NOT NULL, 36:c253 INT32 NULLABLE, 37:c827 INT32 NOT NULL, 38:c842 INT32 NULLABLE, PRIMARY KEY (c960) ) version 39 to ( 10:c960 INT32 NOT NULL, 18:c905 INT32 NULLABLE, 22:c252 INT32 NOT NULL, 26:c840 INT32 NOT NULL, 30:c592 INT32 NULLABLE, 31:c466 INT32 NOT NULL, 32:c121 INT32 NOT NULL, 33:c996 INT32 NOT NULL, 36:c253 INT32 NULLABLE, 37:c827 INT32 NOT NULL, 38:c842 INT32 NULLABLE, 39:c363 INT32 NULLABLE, PRIMARY KEY (c960) ) version 40
I1102 21:39:20.648314 10040 tablet.cc:1214] T 7a93909d4ddb4fc7984622e98c801c9b P 33b43dabe1b543f39e7ed84247c575e8: Flush: entering stage 1 (old memrowset already frozen for inserts)
I1102 21:39:20.648362 10040 compaction.cc:926] Selected 1 rowsets to compact:
I1102 21:39:20.648444 10040 compaction.cc:929] memrowset(current size on disk: ~0 bytes)
I1102 21:39:20.648497 10040 tablet.cc:1216] T 7a93909d4ddb4fc7984622e98c801c9b P 33b43dabe1b543f39e7ed84247c575e8: Memstore in-memory size: 763 bytes
I1102 21:39:20.648560 10040 tablet.cc:1508] T 7a93909d4ddb4fc7984622e98c801c9b P 33b43dabe1b543f39e7ed84247c575e8: Flush: entering phase 1 (flushing snapshot). Phase 1 snapshot: MvccSnapshot[committed={T|T < 6312733739588407296}]
I1102 21:39:20.649067 10030 tablet.cc:1262] T 6d61649b204f4e3e83fee610942dc9f6 P e92a2036de454238809663ac303c6ade: Alter schema from ( 10:c960 INT32 NOT NULL, 18:c905 INT32 NULLABLE, 22:c252 INT32 NOT NULL, 26:c840 INT32 NOT NULL, 30:c592 INT32 NULLABLE, 31:c466 INT32 NOT NULL, 32:c121 INT32 NOT NULL, 33:c996 INT32 NOT NULL, 36:c253 INT32 NULLABLE, 37:c827 INT32 NOT NULL, 38:c842 INT32 NULLABLE, PRIMARY KEY (c960) ) version 39 to ( 10:c960 INT32 NOT NULL, 18:c905 INT32 NULLABLE, 22:c252 INT32 NOT NULL, 26:c840 INT32 NOT NULL, 30:c592 INT32 NULLABLE, 31:c466 INT32 NOT NULL, 32:c121 INT32 NOT NULL, 33:c996 INT32 NOT NULL, 36:c253 INT32 NULLABLE, 37:c827 INT32 NOT NULL, 38:c842 INT32 NULLABLE, 39:c363 INT32 NULLABLE, PRIMARY KEY (c960) ) version 40
I1102 21:39:20.649386 10030 tablet.cc:1214] T 6d61649b204f4e3e83fee610942dc9f6 P e92a2036de454238809663ac303c6ade: Flush: entering stage 1 (old memrowset already frozen for inserts)
I1102 21:39:20.649446 10030 compaction.cc:926] Selected 1 rowsets to compact:
I1102 21:39:20.649456 10030 compaction.cc:929] memrowset(current size on disk: ~0 bytes)
I1102 21:39:20.649467 10030 tablet.cc:1216] T 6d61649b204f4e3e83fee610942dc9f6 P e92a2036de454238809663ac303c6ade: Memstore in-memory size: 763 bytes
I1102 21:39:20.649487 10030 tablet.cc:1508] T 6d61649b204f4e3e83fee610942dc9f6 P e92a2036de454238809663ac303c6ade: Flush: entering phase 1 (flushing snapshot). Phase 1 snapshot: MvccSnapshot[committed={T|T < 6312733739601534976}]
I1102 21:39:20.650914 9066 catalog_manager.cc:2958] Scheduling retry of 291265fb155c467da5ce61ad8116ce67 (table default.test_table [id=e93179f4d3eb4a26a760d9d76293265f]) Alter Table RPC with a delay of 37 ms (attempt = 1)
W1102 21:39:20.651127 9066 catalog_manager.cc:3990] Failed to send alter table request: Not found: failed to reset TS proxy: No leader found: Tablet 291265fb155c467da5ce61ad8116ce67 has no consensus state
I1102 21:39:20.656025 10036 tablet.cc:1262] T 6d61649b204f4e3e83fee610942dc9f6 P c36abe6b2bdb4e778576473f60926b7b: Alter schema from ( 10:c960 INT32 NOT NULL, 18:c905 INT32 NULLABLE, 22:c252 INT32 NOT NULL, 26:c840 INT32 NOT NULL, 30:c592 INT32 NULLABLE, 31:c466 INT32 NOT NULL, 32:c121 INT32 NOT NULL, 33:c996 INT32 NOT NULL, 36:c253 INT32 NULLABLE, 37:c827 INT32 NOT NULL, 38:c842 INT32 NULLABLE, PRIMARY KEY (c960) ) version 39 to ( 10:c960 INT32 NOT NULL, 18:c905 INT32 NULLABLE, 22:c252 INT32 NOT NULL, 26:c840 INT32 NOT NULL, 30:c592 INT32 NULLABLE, 31:c466 INT32 NOT NULL, 32:c121 INT32 NOT NULL, 33:c996 INT32 NOT NULL, 36:c253 INT32 NULLABLE, 37:c827 INT32 NOT NULL, 38:c842 INT32 NULLABLE, 39:c363 INT32 NULLABLE, PRIMARY KEY (c960) ) version 40
I1102 21:39:20.656334 10036 tablet.cc:1214] T 6d61649b204f4e3e83fee610942dc9f6 P c36abe6b2bdb4e778576473f60926b7b: Flush: entering stage 1 (old memrowset already frozen for inserts)
I1102 21:39:20.656353 10036 compaction.cc:926] Selected 1 rowsets to compact:
I1102 21:39:20.656361 10036 compaction.cc:929] memrowset(current size on disk: ~0 bytes)
I1102 21:39:20.656373 10036 tablet.cc:1216] T 6d61649b204f4e3e83fee610942dc9f6 P c36abe6b2bdb4e778576473f60926b7b: Memstore in-memory size: 763 bytes
I1102 21:39:20.656392 10036 tablet.cc:1508] T 6d61649b204f4e3e83fee610942dc9f6 P c36abe6b2bdb4e778576473f60926b7b: Flush: entering phase 1 (flushing snapshot). Phase 1 snapshot: MvccSnapshot[committed={T|T < 6312733739601534976}]
I1102 21:39:20.656687 10030 multi_column_writer.cc:98] Opened CFile writers for 12 column(s)
I1102 21:39:20.657652 10034 tablet.cc:1262] T f9090285974a41d19310b6a5017793d2 P e92a2036de454238809663ac303c6ade: Alter schema from ( 10:c960 INT32 NOT NULL, 18:c905 INT32 NULLABLE, 22:c252 INT32 NOT NULL, 26:c840 INT32 NOT NULL, 30:c592 INT32 NULLABLE, 31:c466 INT32 NOT NULL, 32:c121 INT32 NOT NULL, 33:c996 INT32 NOT NULL, 36:c253 INT32 NULLABLE, 37:c827 INT32 NOT NULL, 38:c842 INT32 NULLABLE, PRIMARY KEY (c960) ) version 39 to ( 10:c960 INT32 NOT NULL, 18:c905 INT32 NULLABLE, 22:c252 INT32 NOT NULL, 26:c840 INT32 NOT NULL, 30:c592 INT32 NULLABLE, 31:c466 INT32 NOT NULL, 32:c121 INT32 NOT NULL, 33:c996 INT32 NOT NULL, 36:c253 INT32 NULLABLE, 37:c827 INT32 NOT NULL, 38:c842 INT32 NULLABLE, 39:c363 INT32 NULLABLE, PRIMARY KEY (c960) ) version 40
I1102 21:39:20.657956 10034 tablet.cc:1205] T f9090285974a41d19310b6a5017793d2 P e92a2036de454238809663ac303c6ade: MemRowSet was empty: no flush needed.
I1102 21:39:20.658306 10039 tablet.cc:1262] T f9090285974a41d19310b6a5017793d2 P c36abe6b2bdb4e778576473f60926b7b: Alter schema from ( 10:c960 INT32 NOT NULL, 18:c905 INT32 NULLABLE, 22:c252 INT32 NOT NULL, 26:c840 INT32 NOT NULL, 30:c592 INT32 NULLABLE, 31:c466 INT32 NOT NULL, 32:c121 INT32 NOT NULL, 33:c996 INT32 NOT NULL, 36:c253 INT32 NULLABLE, 37:c827 INT32 NOT NULL, 38:c842 INT32 NULLABLE, PRIMARY KEY (c960) ) version 39 to ( 10:c960 INT32 NOT NULL, 18:c905 INT32 NULLABLE, 22:c252 INT32 NOT NULL, 26:c840 INT32 NOT NULL, 30:c592 INT32 NULLABLE, 31:c466 INT32 NOT NULL, 32:c121 INT32 NOT NULL, 33:c996 INT32 NOT NULL, 36:c253 INT32 NULLABLE, 37:c827 INT32 NOT NULL, 38:c842 INT32 NULLABLE, 39:c363 INT32 NULLABLE, PRIMARY KEY (c960) ) version 40
I1102 21:39:20.658627 10039 tablet.cc:1205] T f9090285974a41d19310b6a5017793d2 P c36abe6b2bdb4e778576473f60926b7b: MemRowSet was empty: no flush needed.
I1102 21:39:20.659116 10006 tablet.cc:1262] T 1652ac19c70f4370809e3baad1c10e4e P c36abe6b2bdb4e778576473f60926b7b: Alter schema from ( 10:c960 INT32 NOT NULL, 18:c905 INT32 NULLABLE, 22:c252 INT32 NOT NULL, 26:c840 INT32 NOT NULL, 30:c592 INT32 NULLABLE, 31:c466 INT32 NOT NULL, 32:c121 INT32 NOT NULL, 33:c996 INT32 NOT NULL, 36:c253 INT32 NULLABLE, 37:c827 INT32 NOT NULL, 38:c842 INT32 NULLABLE, PRIMARY KEY (c960) ) version 39 to ( 10:c960 INT32 NOT NULL, 18:c905 INT32 NULLABLE, 22:c252 INT32 NOT NULL, 26:c840 INT32 NOT NULL, 30:c592 INT32 NULLABLE, 31:c466 INT32 NOT NULL, 32:c121 INT32 NOT NULL, 33:c996 INT32 NOT NULL, 36:c253 INT32 NULLABLE, 37:c827 INT32 NOT NULL, 38:c842 INT32 NULLABLE, 39:c363 INT32 NULLABLE, PRIMARY KEY (c960) ) version 40
I1102 21:39:20.659364 10006 tablet.cc:1214] T 1652ac19c70f4370809e3baad1c10e4e P c36abe6b2bdb4e778576473f60926b7b: Flush: entering stage 1 (old memrowset already frozen for inserts)
I1102 21:39:20.659377 10006 compaction.cc:926] Selected 1 rowsets to compact:
I1102 21:39:20.659384 10006 compaction.cc:929] memrowset(current size on disk: ~0 bytes)
I1102 21:39:20.659394 10006 tablet.cc:1216] T 1652ac19c70f4370809e3baad1c10e4e P c36abe6b2bdb4e778576473f60926b7b: Memstore in-memory size: 763 bytes
I1102 21:39:20.659448 10006 tablet.cc:1508] T 1652ac19c70f4370809e3baad1c10e4e P c36abe6b2bdb4e778576473f60926b7b: Flush: entering phase 1 (flushing snapshot). Phase 1 snapshot: MvccSnapshot[committed={T|T < 6312733739642187776}]
I1102 21:39:20.660452 10005 tablet.cc:1262] T 1652ac19c70f4370809e3baad1c10e4e P e92a2036de454238809663ac303c6ade: Alter schema from ( 10:c960 INT32 NOT NULL, 18:c905 INT32 NULLABLE, 22:c252 INT32 NOT NULL, 26:c840 INT32 NOT NULL, 30:c592 INT32 NULLABLE, 31:c466 INT32 NOT NULL, 32:c121 INT32 NOT NULL, 33:c996 INT32 NOT NULL, 36:c253 INT32 NULLABLE, 37:c827 INT32 NOT NULL, 38:c842 INT32 NULLABLE, PRIMARY KEY (c960) ) version 39 to ( 10:c960 INT32 NOT NULL, 18:c905 INT32 NULLABLE, 22:c252 INT32 NOT NULL, 26:c840 INT32 NOT NULL, 30:c592 INT32 NULLABLE, 31:c466 INT32 NOT NULL, 32:c121 INT32 NOT NULL, 33:c996 INT32 NOT NULL, 36:c253 INT32 NULLABLE, 37:c827 INT32 NOT NULL, 38:c842 INT32 NULLABLE, 39:c363 INT32 NULLABLE, PRIMARY KEY (c960) ) version 40
I1102 21:39:20.660720 10005 tablet.cc:1214] T 1652ac19c70f4370809e3baad1c10e4e P e92a2036de454238809663ac303c6ade: Flush: entering stage 1 (old memrowset already frozen for inserts)
I1102 21:39:20.660733 10005 compaction.cc:926] Selected 1 rowsets to compact:
I1102 21:39:20.660754 10005 compaction.cc:929] memrowset(current size on disk: ~0 bytes)
I1102 21:39:20.660768 10005 tablet.cc:1216] T 1652ac19c70f4370809e3baad1c10e4e P e92a2036de454238809663ac303c6ade: Memstore in-memory size: 763 bytes
I1102 21:39:20.660787 10005 tablet.cc:1508] T 1652ac19c70f4370809e3baad1c10e4e P e92a2036de454238809663ac303c6ade: Flush: entering phase 1 (flushing snapshot). Phase 1 snapshot: MvccSnapshot[committed={T|T < 6312733739642187776}]
I1102 21:39:20.662891 10006 multi_column_writer.cc:98] Opened CFile writers for 12 column(s)
I1102 21:39:20.664516 10003 tablet.cc:1262] T 6d61649b204f4e3e83fee610942dc9f6 P 33b43dabe1b543f39e7ed84247c575e8: Alter schema from ( 10:c960 INT32 NOT NULL, 18:c905 INT32 NULLABLE, 22:c252 INT32 NOT NULL, 26:c840 INT32 NOT NULL, 30:c592 INT32 NULLABLE, 31:c466 INT32 NOT NULL, 32:c121 INT32 NOT NULL, 33:c996 INT32 NOT NULL, 36:c253 INT32 NULLABLE, 37:c827 INT32 NOT NULL, 38:c842 INT32 NULLABLE, PRIMARY KEY (c960) ) version 39 to ( 10:c960 INT32 NOT NULL, 18:c905 INT32 NULLABLE, 22:c252 INT32 NOT NULL, 26:c840 INT32 NOT NULL, 30:c592 INT32 NULLABLE, 31:c466 INT32 NOT NULL, 32:c121 INT32 NOT NULL, 33:c996 INT32 NOT NULL, 36:c253 INT32 NULLABLE, 37:c827 INT32 NOT NULL, 38:c842 INT32 NULLABLE, 39:c363 INT32 NULLABLE, PRIMARY KEY (c960) ) version 40
I1102 21:39:20.664835 10003 tablet.cc:1214] T 6d61649b204f4e3e83fee610942dc9f6 P 33b43dabe1b543f39e7ed84247c575e8: Flush: entering stage 1 (old memrowset already frozen for inserts)
I1102 21:39:20.664849 10003 compaction.cc:926] Selected 1 rowsets to compact:
I1102 21:39:20.664856 10003 compaction.cc:929] memrowset(current size on disk: ~0 bytes)
I1102 21:39:20.664866 10003 tablet.cc:1216] T 6d61649b204f4e3e83fee610942dc9f6 P 33b43dabe1b543f39e7ed84247c575e8: Memstore in-memory size: 763 bytes
I1102 21:39:20.664885 10003 tablet.cc:1508] T 6d61649b204f4e3e83fee610942dc9f6 P 33b43dabe1b543f39e7ed84247c575e8: Flush: entering phase 1 (flushing snapshot). Phase 1 snapshot: MvccSnapshot[committed={T|T < 6312733739601534976}]
I1102 21:39:20.666332 10041 tablet.cc:1262] T 1652ac19c70f4370809e3baad1c10e4e P 33b43dabe1b543f39e7ed84247c575e8: Alter schema from ( 10:c960 INT32 NOT NULL, 18:c905 INT32 NULLABLE, 22:c252 INT32 NOT NULL, 26:c840 INT32 NOT NULL, 30:c592 INT32 NULLABLE, 31:c466 INT32 NOT NULL, 32:c121 INT32 NOT NULL, 33:c996 INT32 NOT NULL, 36:c253 INT32 NULLABLE, 37:c827 INT32 NOT NULL, 38:c842 INT32 NULLABLE, PRIMARY KEY (c960) ) version 39 to ( 10:c960 INT32 NOT NULL, 18:c905 INT32 NULLABLE, 22:c252 INT32 NOT NULL, 26:c840 INT32 NOT NULL, 30:c592 INT32 NULLABLE, 31:c466 INT32 NOT NULL, 32:c121 INT32 NOT NULL, 33:c996 INT32 NOT NULL, 36:c253 INT32 NULLABLE, 37:c827 INT32 NOT NULL, 38:c842 INT32 NULLABLE, 39:c363 INT32 NULLABLE, PRIMARY KEY (c960) ) version 40
I1102 21:39:20.666671 10037 tablet.cc:1262] T f9090285974a41d19310b6a5017793d2 P 33b43dabe1b543f39e7ed84247c575e8: Alter schema from ( 10:c960 INT32 NOT NULL, 18:c905 INT32 NULLABLE, 22:c252 INT32 NOT NULL, 26:c840 INT32 NOT NULL, 30:c592 INT32 NULLABLE, 31:c466 INT32 NOT NULL, 32:c121 INT32 NOT NULL, 33:c996 INT32 NOT NULL, 36:c253 INT32 NULLABLE, 37:c827 INT32 NOT NULL, 38:c842 INT32 NULLABLE, PRIMARY KEY (c960) ) version 39 to ( 10:c960 INT32 NOT NULL, 18:c905 INT32 NULLABLE, 22:c252 INT32 NOT NULL, 26:c840 INT32 NOT NULL, 30:c592 INT32 NULLABLE, 31:c466 INT32 NOT NULL, 32:c121 INT32 NOT NULL, 33:c996 INT32 NOT NULL, 36:c253 INT32 NULLABLE, 37:c827 INT32 NOT NULL, 38:c842 INT32 NULLABLE, 39:c363 INT32 NULLABLE, PRIMARY KEY (c960) ) version 40
I1102 21:39:20.666967 10037 tablet.cc:1205] T f9090285974a41d19310b6a5017793d2 P 33b43dabe1b543f39e7ed84247c575e8: MemRowSet was empty: no flush needed.
I1102 21:39:20.667326 10041 tablet.cc:1214] T 1652ac19c70f4370809e3baad1c10e4e P 33b43dabe1b543f39e7ed84247c575e8: Flush: entering stage 1 (old memrowset already frozen for inserts)
I1102 21:39:20.667352 10041 compaction.cc:926] Selected 1 rowsets to compact:
I1102 21:39:20.667361 10041 compaction.cc:929] memrowset(current size on disk: ~0 bytes)
I1102 21:39:20.667371 10041 tablet.cc:1216] T 1652ac19c70f4370809e3baad1c10e4e P 33b43dabe1b543f39e7ed84247c575e8: Memstore in-memory size: 763 bytes
I1102 21:39:20.667392 10041 tablet.cc:1508] T 1652ac19c70f4370809e3baad1c10e4e P 33b43dabe1b543f39e7ed84247c575e8: Flush: entering phase 1 (flushing snapshot). Phase 1 snapshot: MvccSnapshot[committed={T|T < 6312733739642187776}]
I1102 21:39:20.667662 10005 multi_column_writer.cc:98] Opened CFile writers for 12 column(s)
I1102 21:39:20.671913 10003 multi_column_writer.cc:98] Opened CFile writers for 12 column(s)
I1102 21:39:20.673136 10041 multi_column_writer.cc:98] Opened CFile writers for 12 column(s)
I1102 21:39:20.677778 8499 tablet_service.cc:765] Processing CreateTablet for tablet 291265fb155c467da5ce61ad8116ce67 (table=default.test_table [id=e93179f4d3eb4a26a760d9d76293265f]), partition=RANGE (c960) PARTITION 1744830438 <= VALUES < 1811939301
I1102 21:39:20.677860 9889 tablet_service.cc:765] Processing CreateTablet for tablet 291265fb155c467da5ce61ad8116ce67 (table=default.test_table [id=e93179f4d3eb4a26a760d9d76293265f]), partition=RANGE (c960) PARTITION 1744830438 <= VALUES < 1811939301
I1102 21:39:20.678653 9252 tablet_service.cc:765] Processing CreateTablet for tablet 291265fb155c467da5ce61ad8116ce67 (table=default.test_table [id=e93179f4d3eb4a26a760d9d76293265f]), partition=RANGE (c960) PARTITION 1744830438 <= VALUES < 1811939301
I1102 21:39:20.678839 9252 data_dirs.cc:938] Could only allocate 1 dirs of requested 3 for tablet 291265fb155c467da5ce61ad8116ce67. 1 dirs total, 0 dirs full, 0 dirs failed
I1102 21:39:20.680958 9252 ts_tablet_manager.cc:1173] T 291265fb155c467da5ce61ad8116ce67 P e92a2036de454238809663ac303c6ade: Registered tablet (data state: TABLET_DATA_READY)
I1102 21:39:20.681579 10046 ts_tablet_manager.cc:1028] T 291265fb155c467da5ce61ad8116ce67 P e92a2036de454238809663ac303c6ade: Bootstrapping tablet
I1102 21:39:20.681705 10046 tablet_bootstrap.cc:438] T 291265fb155c467da5ce61ad8116ce67 P e92a2036de454238809663ac303c6ade: Bootstrap starting.
I1102 21:39:20.682035 10040 multi_column_writer.cc:98] Opened CFile writers for 12 column(s)
I1102 21:39:20.682972 10046 tablet_bootstrap.cc:592] T 291265fb155c467da5ce61ad8116ce67 P e92a2036de454238809663ac303c6ade: No blocks or log segments found. Creating new log.
I1102 21:39:20.688736 9056 catalog_manager.cc:2958] Scheduling retry of 291265fb155c467da5ce61ad8116ce67 (table default.test_table [id=e93179f4d3eb4a26a760d9d76293265f]) Alter Table RPC with a delay of 58 ms (attempt = 2)
W1102 21:39:20.688783 9056 catalog_manager.cc:2977] Async tablet task 291265fb155c467da5ce61ad8116ce67 (table default.test_table [id=e93179f4d3eb4a26a760d9d76293265f]) Alter Table RPC failed: Not found: failed to reset TS proxy: No leader found: Tablet 291265fb155c467da5ce61ad8116ce67 consensus state has no leader
I1102 21:39:20.689035 10006 tablet.cc:1594] T 1652ac19c70f4370809e3baad1c10e4e P c36abe6b2bdb4e778576473f60926b7b: Flush: entering phase 2 (starting to duplicate updates in new rowsets)
I1102 21:39:20.689287 10006 tablet.cc:1649] T 1652ac19c70f4370809e3baad1c10e4e P c36abe6b2bdb4e778576473f60926b7b: Flush Phase 2: carrying over any updates which arrived during Phase 1
I1102 21:39:20.689324 10006 tablet.cc:1651] T 1652ac19c70f4370809e3baad1c10e4e P c36abe6b2bdb4e778576473f60926b7b: Phase 2 snapshot: MvccSnapshot[committed={T|T < 6312733739642187776}]
I1102 21:39:20.690893 10046 tablet_bootstrap.cc:438] T 291265fb155c467da5ce61ad8116ce67 P e92a2036de454238809663ac303c6ade: No bootstrap required, opened a new log
I1102 21:39:20.691025 10046 ts_tablet_manager.cc:1045] T 291265fb155c467da5ce61ad8116ce67 P e92a2036de454238809663ac303c6ade: Time spent bootstrapping tablet: real 0.009s user 0.002s sys 0.000s
I1102 21:39:20.691679 10046 raft_consensus.cc:339] T 291265fb155c467da5ce61ad8116ce67 P e92a2036de454238809663ac303c6ade [term 0 FOLLOWER]: Replica starting. Triggering 0 pending transactions. Active config: opid_index: -1 OBSOLETE_local: false peers { permanent_uuid: "33b43dabe1b543f39e7ed84247c575e8" member_type: VOTER last_known_addr { host: "127.7.150.3" port: 44373 } } peers { permanent_uuid: "e92a2036de454238809663ac303c6ade" member_type: VOTER last_known_addr { host: "127.7.150.2" port: 39313 } } peers { permanent_uuid: "c36abe6b2bdb4e778576473f60926b7b" member_type: VOTER last_known_addr { host: "127.7.150.1" port: 46291 } }
I1102 21:39:20.691807 10046 raft_consensus.cc:365] T 291265fb155c467da5ce61ad8116ce67 P e92a2036de454238809663ac303c6ade [term 0 FOLLOWER]: Consensus starting up: Expiring failure detector timer to make a prompt election more likely
I1102 21:39:20.692149 10046 raft_consensus.cc:704] T 291265fb155c467da5ce61ad8116ce67 P e92a2036de454238809663ac303c6ade [term 0 FOLLOWER]: Becoming Follower/Learner. State: Replica: e92a2036de454238809663ac303c6ade, State: Initialized, Role: FOLLOWER
I1102 21:39:20.692158 10037 tablet.cc:1262] T a33395cf77dc424e86b496d77002510f P 33b43dabe1b543f39e7ed84247c575e8: Alter schema from ( 10:c960 INT32 NOT NULL, 18:c905 INT32 NULLABLE, 22:c252 INT32 NOT NULL, 26:c840 INT32 NOT NULL, 30:c592 INT32 NULLABLE, 31:c466 INT32 NOT NULL, 32:c121 INT32 NOT NULL, 33:c996 INT32 NOT NULL, 36:c253 INT32 NULLABLE, 37:c827 INT32 NOT NULL, 38:c842 INT32 NULLABLE, PRIMARY KEY (c960) ) version 39 to ( 10:c960 INT32 NOT NULL, 18:c905 INT32 NULLABLE, 22:c252 INT32 NOT NULL, 26:c840 INT32 NOT NULL, 30:c592 INT32 NULLABLE, 31:c466 INT32 NOT NULL, 32:c121 INT32 NOT NULL, 33:c996 INT32 NOT NULL, 36:c253 INT32 NULLABLE, 37:c827 INT32 NOT NULL, 38:c842 INT32 NULLABLE, 39:c363 INT32 NULLABLE, PRIMARY KEY (c960) ) version 40
I1102 21:39:20.692493 10046 consensus_queue.cc:229] T 291265fb155c467da5ce61ad8116ce67 P e92a2036de454238809663ac303c6ade [NON_LEADER]: Queue going to NON_LEADER mode. State: All replicated index: 0, Majority replicated index: 0, Committed index: 0, Last appended: 0.0, Last appended by leader: 0, Current term: 0, Majority size: -1, State: 0, Mode: NON_LEADER, active raft config: opid_index: -1 OBSOLETE_local: false peers { permanent_uuid: "33b43dabe1b543f39e7ed84247c575e8" member_type: VOTER last_known_addr { host: "127.7.150.3" port: 44373 } } peers { permanent_uuid: "e92a2036de454238809663ac303c6ade" member_type: VOTER last_known_addr { host: "127.7.150.2" port: 39313 } } peers { permanent_uuid: "c36abe6b2bdb4e778576473f60926b7b" member_type: VOTER last_known_addr { host: "127.7.150.1" port: 46291 } }
I1102 21:39:20.692492 10037 tablet.cc:1214] T a33395cf77dc424e86b496d77002510f P 33b43dabe1b543f39e7ed84247c575e8: Flush: entering stage 1 (old memrowset already frozen for inserts)
I1102 21:39:20.692510 10037 compaction.cc:926] Selected 1 rowsets to compact:
I1102 21:39:20.692518 10037 compaction.cc:929] memrowset(current size on disk: ~0 bytes)
I1102 21:39:20.692529 10037 tablet.cc:1216] T a33395cf77dc424e86b496d77002510f P 33b43dabe1b543f39e7ed84247c575e8: Memstore in-memory size: 763 bytes
I1102 21:39:20.692551 10037 tablet.cc:1508] T a33395cf77dc424e86b496d77002510f P 33b43dabe1b543f39e7ed84247c575e8: Flush: entering phase 1 (flushing snapshot). Phase 1 snapshot: MvccSnapshot[committed={T|T < 6312733739632504832}]
I1102 21:39:20.693109 10046 ts_tablet_manager.cc:1073] T 291265fb155c467da5ce61ad8116ce67 P e92a2036de454238809663ac303c6ade: Time spent starting tablet: real 0.002s user 0.001s sys 0.000s
I1102 21:39:20.693125 8499 data_dirs.cc:938] Could only allocate 1 dirs of requested 3 for tablet 291265fb155c467da5ce61ad8116ce67. 1 dirs total, 0 dirs full, 0 dirs failed
I1102 21:39:20.697163 8499 ts_tablet_manager.cc:1173] T 291265fb155c467da5ce61ad8116ce67 P 33b43dabe1b543f39e7ed84247c575e8: Registered tablet (data state: TABLET_DATA_READY)
I1102 21:39:20.697391 10033 multi_column_writer.cc:98] Opened CFile writers for 12 column(s)
I1102 21:39:20.697439 10048 ts_tablet_manager.cc:1028] T 291265fb155c467da5ce61ad8116ce67 P 33b43dabe1b543f39e7ed84247c575e8: Bootstrapping tablet
I1102 21:39:20.697521 10048 tablet_bootstrap.cc:438] T 291265fb155c467da5ce61ad8116ce67 P 33b43dabe1b543f39e7ed84247c575e8: Bootstrap starting.
I1102 21:39:20.698655 9066 catalog_manager.cc:3873] TS e92a2036de454238809663ac303c6ade (127.7.150.2:39313) does not have the latest schema for tablet 291265fb155c467da5ce61ad8116ce67 (table default.test_table [id=e93179f4d3eb4a26a760d9d76293265f]). Expected version 40 got 0
I1102 21:39:20.698985 9066 catalog_manager.cc:2958] Scheduling retry of 291265fb155c467da5ce61ad8116ce67 (table default.test_table [id=e93179f4d3eb4a26a760d9d76293265f]) Alter Table RPC with a delay of 50 ms (attempt = 1)
W1102 21:39:20.699087 9066 catalog_manager.cc:3937] Failed to send 291265fb155c467da5ce61ad8116ce67 (table default.test_table [id=e93179f4d3eb4a26a760d9d76293265f]) Alter Table RPC: Not found: failed to reset TS proxy: No leader found: Tablet 291265fb155c467da5ce61ad8116ce67 consensus state has no leader
I1102 21:39:20.699862 10005 tablet.cc:1594] T 1652ac19c70f4370809e3baad1c10e4e P e92a2036de454238809663ac303c6ade: Flush: entering phase 2 (starting to duplicate updates in new rowsets)
I1102 21:39:20.699900 10048 tablet_bootstrap.cc:592] T 291265fb155c467da5ce61ad8116ce67 P 33b43dabe1b543f39e7ed84247c575e8: No blocks or log segments found. Creating new log.
I1102 21:39:20.700122 10005 tablet.cc:1649] T 1652ac19c70f4370809e3baad1c10e4e P e92a2036de454238809663ac303c6ade: Flush Phase 2: carrying over any updates which arrived during Phase 1
I1102 21:39:20.700161 10005 tablet.cc:1651] T 1652ac19c70f4370809e3baad1c10e4e P e92a2036de454238809663ac303c6ade: Phase 2 snapshot: MvccSnapshot[committed={T|T < 6312733739642187776}]
I1102 21:39:20.702831 10048 tablet_bootstrap.cc:438] T 291265fb155c467da5ce61ad8116ce67 P 33b43dabe1b543f39e7ed84247c575e8: No bootstrap required, opened a new log
I1102 21:39:20.702958 10048 ts_tablet_manager.cc:1045] T 291265fb155c467da5ce61ad8116ce67 P 33b43dabe1b543f39e7ed84247c575e8: Time spent bootstrapping tablet: real 0.005s user 0.002s sys 0.000s
I1102 21:39:20.703519 9066 catalog_manager.cc:3873] TS e92a2036de454238809663ac303c6ade (127.7.150.2:39313) does not have the latest schema for tablet 291265fb155c467da5ce61ad8116ce67 (table default.test_table [id=e93179f4d3eb4a26a760d9d76293265f]). Expected version 40 got 0
I1102 21:39:20.703747 9066 catalog_manager.cc:2958] Scheduling retry of 291265fb155c467da5ce61ad8116ce67 (table default.test_table [id=e93179f4d3eb4a26a760d9d76293265f]) Alter Table RPC with a delay of 41 ms (attempt = 1)
W1102 21:39:20.703927 9066 catalog_manager.cc:3937] Failed to send 291265fb155c467da5ce61ad8116ce67 (table default.test_table [id=e93179f4d3eb4a26a760d9d76293265f]) Alter Table RPC: Not found: failed to reset TS proxy: No leader found: Tablet 291265fb155c467da5ce61ad8116ce67 consensus state has no leader
I1102 21:39:20.706226 10048 raft_consensus.cc:339] T 291265fb155c467da5ce61ad8116ce67 P 33b43dabe1b543f39e7ed84247c575e8 [term 0 FOLLOWER]: Replica starting. Triggering 0 pending transactions. Active config: opid_index: -1 OBSOLETE_local: false peers { permanent_uuid: "33b43dabe1b543f39e7ed84247c575e8" member_type: VOTER last_known_addr { host: "127.7.150.3" port: 44373 } } peers { permanent_uuid: "e92a2036de454238809663ac303c6ade" member_type: VOTER last_known_addr { host: "127.7.150.2" port: 39313 } } peers { permanent_uuid: "c36abe6b2bdb4e778576473f60926b7b" member_type: VOTER last_known_addr { host: "127.7.150.1" port: 46291 } }
I1102 21:39:20.706579 10020 tablet.cc:1594] T 7a93909d4ddb4fc7984622e98c801c9b P c36abe6b2bdb4e778576473f60926b7b: Flush: entering phase 2 (starting to duplicate updates in new rowsets)
I1102 21:39:20.706660 10048 raft_consensus.cc:365] T 291265fb155c467da5ce61ad8116ce67 P 33b43dabe1b543f39e7ed84247c575e8 [term 0 FOLLOWER]: Consensus starting up: Expiring failure detector timer to make a prompt election more likely
I1102 21:39:20.706826 10048 raft_consensus.cc:704] T 291265fb155c467da5ce61ad8116ce67 P 33b43dabe1b543f39e7ed84247c575e8 [term 0 FOLLOWER]: Becoming Follower/Learner. State: Replica: 33b43dabe1b543f39e7ed84247c575e8, State: Initialized, Role: FOLLOWER
I1102 21:39:20.706884 10020 tablet.cc:1649] T 7a93909d4ddb4fc7984622e98c801c9b P c36abe6b2bdb4e778576473f60926b7b: Flush Phase 2: carrying over any updates which arrived during Phase 1
I1102 21:39:20.706921 10020 tablet.cc:1651] T 7a93909d4ddb4fc7984622e98c801c9b P c36abe6b2bdb4e778576473f60926b7b: Phase 2 snapshot: MvccSnapshot[committed={T|T < 6312733739588407296}]
I1102 21:39:20.707135 10048 consensus_queue.cc:229] T 291265fb155c467da5ce61ad8116ce67 P 33b43dabe1b543f39e7ed84247c575e8 [NON_LEADER]: Queue going to NON_LEADER mode. State: All replicated index: 0, Majority replicated index: 0, Committed index: 0, Last appended: 0.0, Last appended by leader: 0, Current term: 0, Majority size: -1, State: 0, Mode: NON_LEADER, active raft config: opid_index: -1 OBSOLETE_local: false peers { permanent_uuid: "33b43dabe1b543f39e7ed84247c575e8" member_type: VOTER last_known_addr { host: "127.7.150.3" port: 44373 } } peers { permanent_uuid: "e92a2036de454238809663ac303c6ade" member_type: VOTER last_known_addr { host: "127.7.150.2" port: 39313 } } peers { permanent_uuid: "c36abe6b2bdb4e778576473f60926b7b" member_type: VOTER last_known_addr { host: "127.7.150.1" port: 46291 } }
I1102 21:39:20.707700 10030 tablet.cc:1594] T 6d61649b204f4e3e83fee610942dc9f6 P e92a2036de454238809663ac303c6ade: Flush: entering phase 2 (starting to duplicate updates in new rowsets)
I1102 21:39:20.709177 10030 tablet.cc:1649] T 6d61649b204f4e3e83fee610942dc9f6 P e92a2036de454238809663ac303c6ade: Flush Phase 2: carrying over any updates which arrived during Phase 1
I1102 21:39:20.709219 10030 tablet.cc:1651] T 6d61649b204f4e3e83fee610942dc9f6 P e92a2036de454238809663ac303c6ade: Phase 2 snapshot: MvccSnapshot[committed={T|T < 6312733739601534976}]
I1102 21:39:20.709276 10040 tablet.cc:1594] T 7a93909d4ddb4fc7984622e98c801c9b P 33b43dabe1b543f39e7ed84247c575e8: Flush: entering phase 2 (starting to duplicate updates in new rowsets)
I1102 21:39:20.709584 10040 tablet.cc:1649] T 7a93909d4ddb4fc7984622e98c801c9b P 33b43dabe1b543f39e7ed84247c575e8: Flush Phase 2: carrying over any updates which arrived during Phase 1
I1102 21:39:20.709669 10040 tablet.cc:1651] T 7a93909d4ddb4fc7984622e98c801c9b P 33b43dabe1b543f39e7ed84247c575e8: Phase 2 snapshot: MvccSnapshot[committed={T|T < 6312733739588407296}]
I1102 21:39:20.709856 9066 catalog_manager.cc:3873] TS 33b43dabe1b543f39e7ed84247c575e8 (127.7.150.3:44373) does not have the latest schema for tablet 291265fb155c467da5ce61ad8116ce67 (table default.test_table [id=e93179f4d3eb4a26a760d9d76293265f]). Expected version 40 got 0
I1102 21:39:20.710074 9066 catalog_manager.cc:2958] Scheduling retry of 291265fb155c467da5ce61ad8116ce67 (table default.test_table [id=e93179f4d3eb4a26a760d9d76293265f]) Alter Table RPC with a delay of 18 ms (attempt = 1)
W1102 21:39:20.710157 9066 catalog_manager.cc:3937] Failed to send 291265fb155c467da5ce61ad8116ce67 (table default.test_table [id=e93179f4d3eb4a26a760d9d76293265f]) Alter Table RPC: Not found: failed to reset TS proxy: No leader found: Tablet 291265fb155c467da5ce61ad8116ce67 consensus state has no leader
I1102 21:39:20.710749 10048 ts_tablet_manager.cc:1073] T 291265fb155c467da5ce61ad8116ce67 P 33b43dabe1b543f39e7ed84247c575e8: Time spent starting tablet: real 0.008s user 0.001s sys 0.000s
I1102 21:39:20.714169 10041 tablet.cc:1594] T 1652ac19c70f4370809e3baad1c10e4e P 33b43dabe1b543f39e7ed84247c575e8: Flush: entering phase 2 (starting to duplicate updates in new rowsets)
I1102 21:39:20.714370 10041 tablet.cc:1649] T 1652ac19c70f4370809e3baad1c10e4e P 33b43dabe1b543f39e7ed84247c575e8: Flush Phase 2: carrying over any updates which arrived during Phase 1
I1102 21:39:20.714431 10041 tablet.cc:1651] T 1652ac19c70f4370809e3baad1c10e4e P 33b43dabe1b543f39e7ed84247c575e8: Phase 2 snapshot: MvccSnapshot[committed={T|T < 6312733739642187776}]
I1102 21:39:20.715019 10003 tablet.cc:1594] T 6d61649b204f4e3e83fee610942dc9f6 P 33b43dabe1b543f39e7ed84247c575e8: Flush: entering phase 2 (starting to duplicate updates in new rowsets)
I1102 21:39:20.715219 10003 tablet.cc:1649] T 6d61649b204f4e3e83fee610942dc9f6 P 33b43dabe1b543f39e7ed84247c575e8: Flush Phase 2: carrying over any updates which arrived during Phase 1
I1102 21:39:20.715255 10003 tablet.cc:1651] T 6d61649b204f4e3e83fee610942dc9f6 P 33b43dabe1b543f39e7ed84247c575e8: Phase 2 snapshot: MvccSnapshot[committed={T|T < 6312733739601534976}]
I1102 21:39:20.728639 9057 catalog_manager.cc:2958] Scheduling retry of 291265fb155c467da5ce61ad8116ce67 (table default.test_table [id=e93179f4d3eb4a26a760d9d76293265f]) Alter Table RPC with a delay of 54 ms (attempt = 2)
W1102 21:39:20.728691 9057 catalog_manager.cc:2977] Async tablet task 291265fb155c467da5ce61ad8116ce67 (table default.test_table [id=e93179f4d3eb4a26a760d9d76293265f]) Alter Table RPC failed: Not found: failed to reset TS proxy: No leader found: Tablet 291265fb155c467da5ce61ad8116ce67 consensus state has no leader
I1102 21:39:20.745995 9056 catalog_manager.cc:2958] Scheduling retry of 291265fb155c467da5ce61ad8116ce67 (table default.test_table [id=e93179f4d3eb4a26a760d9d76293265f]) Alter Table RPC with a delay of 78 ms (attempt = 2)
W1102 21:39:20.746068 9056 catalog_manager.cc:2977] Async tablet task 291265fb155c467da5ce61ad8116ce67 (table default.test_table [id=e93179f4d3eb4a26a760d9d76293265f]) Alter Table RPC failed: Not found: failed to reset TS proxy: No leader found: Tablet 291265fb155c467da5ce61ad8116ce67 consensus state has no leader
I1102 21:39:20.747298 9056 catalog_manager.cc:2958] Scheduling retry of 291265fb155c467da5ce61ad8116ce67 (table default.test_table [id=e93179f4d3eb4a26a760d9d76293265f]) Alter Table RPC with a delay of 103 ms (attempt = 3)
W1102 21:39:20.747349 9056 catalog_manager.cc:2977] Async tablet task 291265fb155c467da5ce61ad8116ce67 (table default.test_table [id=e93179f4d3eb4a26a760d9d76293265f]) Alter Table RPC failed: Not found: failed to reset TS proxy: No leader found: Tablet 291265fb155c467da5ce61ad8116ce67 consensus state has no leader
I1102 21:39:20.752827 9956 maintenance_manager.cc:304] P c36abe6b2bdb4e778576473f60926b7b: Scheduling UndoDeltaBlockGCOp(7a93909d4ddb4fc7984622e98c801c9b): 474 bytes on disk
I1102 21:39:20.753494 9058 catalog_manager.cc:2958] Scheduling retry of 291265fb155c467da5ce61ad8116ce67 (table default.test_table [id=e93179f4d3eb4a26a760d9d76293265f]) Alter Table RPC with a delay of 43 ms (attempt = 2)
I1102 21:39:20.753532 9849 maintenance_manager.cc:494] P c36abe6b2bdb4e778576473f60926b7b: UndoDeltaBlockGCOp(7a93909d4ddb4fc7984622e98c801c9b) complete. Timing: real 0.000s user 0.000s sys 0.000s Metrics: {"cfile_init":1,"lbm_read_time_us":91,"lbm_reads_lt_1ms":4}
W1102 21:39:20.753672 9058 catalog_manager.cc:2977] Async tablet task 291265fb155c467da5ce61ad8116ce67 (table default.test_table [id=e93179f4d3eb4a26a760d9d76293265f]) Alter Table RPC failed: Not found: failed to reset TS proxy: No leader found: Tablet 291265fb155c467da5ce61ad8116ce67 consensus state has no leader
I1102 21:39:20.753831 9956 maintenance_manager.cc:304] P c36abe6b2bdb4e778576473f60926b7b: Scheduling UndoDeltaBlockGCOp(a33395cf77dc424e86b496d77002510f): 369 bytes on disk
I1102 21:39:20.754256 9849 maintenance_manager.cc:494] P c36abe6b2bdb4e778576473f60926b7b: UndoDeltaBlockGCOp(a33395cf77dc424e86b496d77002510f) complete. Timing: real 0.000s user 0.000s sys 0.000s Metrics: {"cfile_init":1,"lbm_read_time_us":62,"lbm_reads_lt_1ms":4}
I1102 21:39:20.760154 10010 raft_consensus.cc:471] T 291265fb155c467da5ce61ad8116ce67 P e92a2036de454238809663ac303c6ade [term 0 FOLLOWER]: Starting pre-election (no leader contacted us within the election timeout)
I1102 21:39:20.760221 10010 raft_consensus.cc:2840] T 291265fb155c467da5ce61ad8116ce67 P e92a2036de454238809663ac303c6ade: Snoozing failure detection for 1.536s (starting election)
I1102 21:39:20.760391 10010 raft_consensus.cc:493] T 291265fb155c467da5ce61ad8116ce67 P e92a2036de454238809663ac303c6ade [term 0 FOLLOWER]: Starting pre-election with config: opid_index: -1 OBSOLETE_local: false peers { permanent_uuid: "33b43dabe1b543f39e7ed84247c575e8" member_type: VOTER last_known_addr { host: "127.7.150.3" port: 44373 } } peers { permanent_uuid: "e92a2036de454238809663ac303c6ade" member_type: VOTER last_known_addr { host: "127.7.150.2" port: 39313 } } peers { permanent_uuid: "c36abe6b2bdb4e778576473f60926b7b" member_type: VOTER last_known_addr { host: "127.7.150.1" port: 46291 } }
