I1102 21:39:02.520673 7782 catalog_manager.cc:2958] Scheduling retry of 81a7052186c14f0eb60de4bc25c8414e (table default.test_table [id=e93179f4d3eb4a26a760d9d76293265f]) Alter Table RPC with a delay of 93 ms (attempt = 3)
W1102 21:39:02.520712 7782 catalog_manager.cc:2977] Async tablet task 81a7052186c14f0eb60de4bc25c8414e (table default.test_table [id=e93179f4d3eb4a26a760d9d76293265f]) Alter Table RPC failed: Not found: failed to reset TS proxy: No leader found: Tablet 81a7052186c14f0eb60de4bc25c8414e consensus state has no leader
W1102 21:39:02.524230 7784 catalog_manager.cc:3230] TS 33b43dabe1b543f39e7ed84247c575e8 (127.7.150.3:44373): alter failed for tablet 8af0294ac1e7467da98195130bc37703 (table default.test_table [id=e93179f4d3eb4a26a760d9d76293265f]),no further retry: Not found: Tablet not found: 8af0294ac1e7467da98195130bc37703
I1102 21:39:02.554263 7783 catalog_manager.cc:2958] Scheduling retry of 81a7052186c14f0eb60de4bc25c8414e (table default.test_table [id=e93179f4d3eb4a26a760d9d76293265f]) Alter Table RPC with a delay of 98 ms (attempt = 3)
W1102 21:39:02.554350 7783 catalog_manager.cc:2977] Async tablet task 81a7052186c14f0eb60de4bc25c8414e (table default.test_table [id=e93179f4d3eb4a26a760d9d76293265f]) Alter Table RPC failed: Not found: failed to reset TS proxy: No leader found: Tablet 81a7052186c14f0eb60de4bc25c8414e consensus state has no leader
I1102 21:39:02.555069 7782 catalog_manager.cc:2958] Scheduling retry of 81a7052186c14f0eb60de4bc25c8414e (table default.test_table [id=e93179f4d3eb4a26a760d9d76293265f]) Alter Table RPC with a delay of 80 ms (attempt = 3)
W1102 21:39:02.555116 7782 catalog_manager.cc:2977] Async tablet task 81a7052186c14f0eb60de4bc25c8414e (table default.test_table [id=e93179f4d3eb4a26a760d9d76293265f]) Alter Table RPC failed: Not found: failed to reset TS proxy: No leader found: Tablet 81a7052186c14f0eb60de4bc25c8414e consensus state has no leader
I1102 21:39:02.555822 7781 catalog_manager.cc:2958] Scheduling retry of 81a7052186c14f0eb60de4bc25c8414e (table default.test_table [id=e93179f4d3eb4a26a760d9d76293265f]) Alter Table RPC with a delay of 78 ms (attempt = 3)
W1102 21:39:02.555855 7781 catalog_manager.cc:2977] Async tablet task 81a7052186c14f0eb60de4bc25c8414e (table default.test_table [id=e93179f4d3eb4a26a760d9d76293265f]) Alter Table RPC failed: Not found: failed to reset TS proxy: No leader found: Tablet 81a7052186c14f0eb60de4bc25c8414e consensus state has no leader
I1102 21:39:02.589047 8233 raft_consensus.cc:471] T 81a7052186c14f0eb60de4bc25c8414e P c36abe6b2bdb4e778576473f60926b7b [term 0 FOLLOWER]: Starting pre-election (no leader contacted us within the election timeout)
I1102 21:39:02.589123 8233 raft_consensus.cc:2840] T 81a7052186c14f0eb60de4bc25c8414e P c36abe6b2bdb4e778576473f60926b7b: Snoozing failure detection for 1.827s (starting election)
I1102 21:39:02.589231 8233 raft_consensus.cc:493] T 81a7052186c14f0eb60de4bc25c8414e P c36abe6b2bdb4e778576473f60926b7b [term 0 FOLLOWER]: Starting pre-election with config: opid_index: -1 OBSOLETE_local: false peers { permanent_uuid: "c36abe6b2bdb4e778576473f60926b7b" member_type: VOTER last_known_addr { host: "127.7.150.1" port: 46291 } } peers { permanent_uuid: "33b43dabe1b543f39e7ed84247c575e8" member_type: VOTER last_known_addr { host: "127.7.150.3" port: 44373 } } peers { permanent_uuid: "e92a2036de454238809663ac303c6ade" member_type: VOTER last_known_addr { host: "127.7.150.2" port: 39313 } }
I1102 21:39:02.589517 8233 leader_election.cc:251] T 81a7052186c14f0eb60de4bc25c8414e P c36abe6b2bdb4e778576473f60926b7b [CANDIDATE]: Term 1 pre-election: Requesting pre-vote from peer 33b43dabe1b543f39e7ed84247c575e8 (127.7.150.3:44373)
I1102 21:39:02.589661 8233 leader_election.cc:251] T 81a7052186c14f0eb60de4bc25c8414e P c36abe6b2bdb4e778576473f60926b7b [CANDIDATE]: Term 1 pre-election: Requesting pre-vote from peer e92a2036de454238809663ac303c6ade (127.7.150.2:39313)
I1102 21:39:02.590350 8043 tablet_service.cc:1001] Received RequestConsensusVote() RPC: tablet_id: "81a7052186c14f0eb60de4bc25c8414e" candidate_uuid: "c36abe6b2bdb4e778576473f60926b7b" candidate_term: 1 candidate_status { last_received { term: 0 index: 0 } } ignore_live_leader: false dest_uuid: "e92a2036de454238809663ac303c6ade" is_pre_election: true
I1102 21:39:02.590440 8043 raft_consensus.cc:2840] T 81a7052186c14f0eb60de4bc25c8414e P e92a2036de454238809663ac303c6ade: Snoozing failure detection for 2.065s (vote granted)
I1102 21:39:02.590468 8043 raft_consensus.cc:2352] T 81a7052186c14f0eb60de4bc25c8414e P e92a2036de454238809663ac303c6ade [term 0 FOLLOWER]: Leader pre-election vote request: Granting yes vote for candidate c36abe6b2bdb4e778576473f60926b7b in term 0.
I1102 21:39:02.590788 7851 leader_election.cc:387] T 81a7052186c14f0eb60de4bc25c8414e P c36abe6b2bdb4e778576473f60926b7b [CANDIDATE]: Term 1 pre-election: Vote granted by peer e92a2036de454238809663ac303c6ade (127.7.150.2:39313)
I1102 21:39:02.590823 7851 leader_election.cc:278] T 81a7052186c14f0eb60de4bc25c8414e P c36abe6b2bdb4e778576473f60926b7b [CANDIDATE]: Term 1 pre-election: Election decided. Result: candidate won.
I1102 21:39:02.590952 8233 raft_consensus.cc:2840] T 81a7052186c14f0eb60de4bc25c8414e P c36abe6b2bdb4e778576473f60926b7b: Snoozing failure detection for 1.509s (election complete)
I1102 21:39:02.591017 8233 raft_consensus.cc:2646] T 81a7052186c14f0eb60de4bc25c8414e P c36abe6b2bdb4e778576473f60926b7b [term 0 FOLLOWER]: Leader pre-election won for term 1
I1102 21:39:02.591053 8233 raft_consensus.cc:471] T 81a7052186c14f0eb60de4bc25c8414e P c36abe6b2bdb4e778576473f60926b7b [term 0 FOLLOWER]: Starting leader election (no leader contacted us within the election timeout)
I1102 21:39:02.591085 8233 raft_consensus.cc:2840] T 81a7052186c14f0eb60de4bc25c8414e P c36abe6b2bdb4e778576473f60926b7b: Snoozing failure detection for 2.042s (starting election)
I1102 21:39:02.591106 8233 raft_consensus.cc:2892] T 81a7052186c14f0eb60de4bc25c8414e P c36abe6b2bdb4e778576473f60926b7b [term 0 FOLLOWER]: Advancing to term 1
I1102 21:39:02.592177 8233 raft_consensus.cc:493] T 81a7052186c14f0eb60de4bc25c8414e P c36abe6b2bdb4e778576473f60926b7b [term 1 FOLLOWER]: Starting leader election with config: opid_index: -1 OBSOLETE_local: false peers { permanent_uuid: "c36abe6b2bdb4e778576473f60926b7b" member_type: VOTER last_known_addr { host: "127.7.150.1" port: 46291 } } peers { permanent_uuid: "33b43dabe1b543f39e7ed84247c575e8" member_type: VOTER last_known_addr { host: "127.7.150.3" port: 44373 } } peers { permanent_uuid: "e92a2036de454238809663ac303c6ade" member_type: VOTER last_known_addr { host: "127.7.150.2" port: 39313 } }
I1102 21:39:02.592391 8233 leader_election.cc:251] T 81a7052186c14f0eb60de4bc25c8414e P c36abe6b2bdb4e778576473f60926b7b [CANDIDATE]: Term 1 election: Requesting vote from peer 33b43dabe1b543f39e7ed84247c575e8 (127.7.150.3:44373)
I1102 21:39:02.592526 8233 leader_election.cc:251] T 81a7052186c14f0eb60de4bc25c8414e P c36abe6b2bdb4e778576473f60926b7b [CANDIDATE]: Term 1 election: Requesting vote from peer e92a2036de454238809663ac303c6ade (127.7.150.2:39313)
I1102 21:39:02.593072 8043 tablet_service.cc:1001] Received RequestConsensusVote() RPC: tablet_id: "81a7052186c14f0eb60de4bc25c8414e" candidate_uuid: "c36abe6b2bdb4e778576473f60926b7b" candidate_term: 1 candidate_status { last_received { term: 0 index: 0 } } ignore_live_leader: false dest_uuid: "e92a2036de454238809663ac303c6ade"
I1102 21:39:02.593123 8043 raft_consensus.cc:2892] T 81a7052186c14f0eb60de4bc25c8414e P e92a2036de454238809663ac303c6ade [term 0 FOLLOWER]: Advancing to term 1
I1102 21:39:02.593152 8043 raft_consensus.cc:2840] T 81a7052186c14f0eb60de4bc25c8414e P e92a2036de454238809663ac303c6ade: Snoozing failure detection for 2.015s (vote granted)
I1102 21:39:02.593847 8043 raft_consensus.cc:2352] T 81a7052186c14f0eb60de4bc25c8414e P e92a2036de454238809663ac303c6ade [term 1 FOLLOWER]: Leader election vote request: Granting yes vote for candidate c36abe6b2bdb4e778576473f60926b7b in term 1.
I1102 21:39:02.594161 7851 leader_election.cc:387] T 81a7052186c14f0eb60de4bc25c8414e P c36abe6b2bdb4e778576473f60926b7b [CANDIDATE]: Term 1 election: Vote granted by peer e92a2036de454238809663ac303c6ade (127.7.150.2:39313)
I1102 21:39:02.594192 7851 leader_election.cc:278] T 81a7052186c14f0eb60de4bc25c8414e P c36abe6b2bdb4e778576473f60926b7b [CANDIDATE]: Term 1 election: Election decided. Result: candidate won.
I1102 21:39:02.594302 8233 raft_consensus.cc:2840] T 81a7052186c14f0eb60de4bc25c8414e P c36abe6b2bdb4e778576473f60926b7b: Snoozing failure detection for 1.698s (election complete)
I1102 21:39:02.594339 8330 tablet_service.cc:1001] Received RequestConsensusVote() RPC: tablet_id: "81a7052186c14f0eb60de4bc25c8414e" candidate_uuid: "c36abe6b2bdb4e778576473f60926b7b" candidate_term: 1 candidate_status { last_received { term: 0 index: 0 } } ignore_live_leader: false dest_uuid: "33b43dabe1b543f39e7ed84247c575e8" is_pre_election: true
I1102 21:39:02.594369 8233 raft_consensus.cc:2646] T 81a7052186c14f0eb60de4bc25c8414e P c36abe6b2bdb4e778576473f60926b7b [term 1 FOLLOWER]: Leader election won for term 1
I1102 21:39:02.594388 8348 tablet_service.cc:1001] Received RequestConsensusVote() RPC: tablet_id: "81a7052186c14f0eb60de4bc25c8414e" candidate_uuid: "c36abe6b2bdb4e778576473f60926b7b" candidate_term: 1 candidate_status { last_received { term: 0 index: 0 } } ignore_live_leader: false dest_uuid: "33b43dabe1b543f39e7ed84247c575e8"
I1102 21:39:02.594449 8233 raft_consensus.cc:666] T 81a7052186c14f0eb60de4bc25c8414e P c36abe6b2bdb4e778576473f60926b7b [term 1 LEADER]: Becoming Leader. State: Replica: c36abe6b2bdb4e778576473f60926b7b, State: Running, Role: LEADER
I1102 21:39:02.594462 8330 raft_consensus.cc:2840] T 81a7052186c14f0eb60de4bc25c8414e P 33b43dabe1b543f39e7ed84247c575e8: Snoozing failure detection for 2.058s (vote granted)
I1102 21:39:02.594498 8330 raft_consensus.cc:2352] T 81a7052186c14f0eb60de4bc25c8414e P 33b43dabe1b543f39e7ed84247c575e8 [term 0 FOLLOWER]: Leader pre-election vote request: Granting yes vote for candidate c36abe6b2bdb4e778576473f60926b7b in term 0.
I1102 21:39:02.594588 8348 raft_consensus.cc:2327] T 81a7052186c14f0eb60de4bc25c8414e P 33b43dabe1b543f39e7ed84247c575e8 [term 0 FOLLOWER]: Leader election vote request: Denying vote to candidate c36abe6b2bdb4e778576473f60926b7b for term 1 because replica is already servicing an update from a current leader or another vote.
I1102 21:39:02.594624 8233 consensus_queue.cc:206] T 81a7052186c14f0eb60de4bc25c8414e P c36abe6b2bdb4e778576473f60926b7b [LEADER]: Queue going to LEADER mode. State: All replicated index: 0, Majority replicated index: 0, Committed index: 0, Last appended: 0.0, Last appended by leader: 0, Current term: 1, Majority size: 2, State: 0, Mode: LEADER, active raft config: opid_index: -1 OBSOLETE_local: false peers { permanent_uuid: "c36abe6b2bdb4e778576473f60926b7b" member_type: VOTER last_known_addr { host: "127.7.150.1" port: 46291 } } peers { permanent_uuid: "33b43dabe1b543f39e7ed84247c575e8" member_type: VOTER last_known_addr { host: "127.7.150.3" port: 44373 } } peers { permanent_uuid: "e92a2036de454238809663ac303c6ade" member_type: VOTER last_known_addr { host: "127.7.150.2" port: 39313 } }
I1102 21:39:02.594795 7854 leader_election.cc:387] T 81a7052186c14f0eb60de4bc25c8414e P c36abe6b2bdb4e778576473f60926b7b [CANDIDATE]: Term 1 pre-election: Vote granted by peer 33b43dabe1b543f39e7ed84247c575e8 (127.7.150.3:44373)
I1102 21:39:02.595072 7854 leader_election.cc:401] T 81a7052186c14f0eb60de4bc25c8414e P c36abe6b2bdb4e778576473f60926b7b [CANDIDATE]: Term 1 election: Vote denied by peer 33b43dabe1b543f39e7ed84247c575e8 (127.7.150.3:44373). Message: Service unavailable: T 81a7052186c14f0eb60de4bc25c8414e P 33b43dabe1b543f39e7ed84247c575e8 [term 0 FOLLOWER]: Leader election vote request: Denying vote to candidate c36abe6b2bdb4e778576473f60926b7b for term 1 because replica is already servicing an update from a current leader or another vote.
I1102 21:39:02.596362 7799 catalog_manager.cc:3778] T 81a7052186c14f0eb60de4bc25c8414e P c36abe6b2bdb4e778576473f60926b7b reported cstate change: term changed from 0 to 1, leader changed from to c36abe6b2bdb4e778576473f60926b7b (127.7.150.1). New cstate: current_term: 1 leader_uuid: "c36abe6b2bdb4e778576473f60926b7b" committed_config { opid_index: -1 OBSOLETE_local: false peers { permanent_uuid: "c36abe6b2bdb4e778576473f60926b7b" member_type: VOTER last_known_addr { host: "127.7.150.1" port: 46291 } health_report { overall_health: HEALTHY } } peers { permanent_uuid: "33b43dabe1b543f39e7ed84247c575e8" member_type: VOTER last_known_addr { host: "127.7.150.3" port: 44373 } health_report { overall_health: UNKNOWN } } peers { permanent_uuid: "e92a2036de454238809663ac303c6ade" member_type: VOTER last_known_addr { host: "127.7.150.2" port: 39313 } health_report { overall_health: UNKNOWN } } }
I1102 21:39:02.596487 7799 catalog_manager.cc:3873] TS c36abe6b2bdb4e778576473f60926b7b (127.7.150.1:46291) does not have the latest schema for tablet 81a7052186c14f0eb60de4bc25c8414e (table default.test_table [id=e93179f4d3eb4a26a760d9d76293265f]). Expected version 3 got 0
I1102 21:39:02.600306 8043 raft_consensus.cc:1180] T 81a7052186c14f0eb60de4bc25c8414e P e92a2036de454238809663ac303c6ade [term 1 FOLLOWER]: Refusing update from remote peer c36abe6b2bdb4e778576473f60926b7b: Log matching property violated. Preceding OpId in replica: term: 0 index: 0. Preceding OpId from leader: term: 1 index: 2. (index mismatch)
I1102 21:39:02.600525 8330 raft_consensus.cc:2892] T 81a7052186c14f0eb60de4bc25c8414e P 33b43dabe1b543f39e7ed84247c575e8 [term 0 FOLLOWER]: Advancing to term 1
I1102 21:39:02.600735 8230 consensus_queue.cc:976] T 81a7052186c14f0eb60de4bc25c8414e P c36abe6b2bdb4e778576473f60926b7b [LEADER]: Connected to new peer: Peer: permanent_uuid: "e92a2036de454238809663ac303c6ade" member_type: VOTER last_known_addr { host: "127.7.150.2" port: 39313 }, Status: LMP_MISMATCH, Last received: 0.0, Next index: 1, Last known committed idx: 0, Time since last communication: 0.000s
I1102 21:39:02.601585 8330 raft_consensus.cc:1180] T 81a7052186c14f0eb60de4bc25c8414e P 33b43dabe1b543f39e7ed84247c575e8 [term 1 FOLLOWER]: Refusing update from remote peer c36abe6b2bdb4e778576473f60926b7b: Log matching property violated. Preceding OpId in replica: term: 0 index: 0. Preceding OpId from leader: term: 1 index: 2. (index mismatch)
I1102 21:39:02.602104 8230 consensus_queue.cc:976] T 81a7052186c14f0eb60de4bc25c8414e P c36abe6b2bdb4e778576473f60926b7b [LEADER]: Connected to new peer: Peer: permanent_uuid: "33b43dabe1b543f39e7ed84247c575e8" member_type: VOTER last_known_addr { host: "127.7.150.3" port: 44373 }, Status: LMP_MISMATCH, Last received: 0.0, Next index: 1, Last known committed idx: 0, Time since last communication: 0.000s
I1102 21:39:02.602505 7799 catalog_manager.cc:3873] TS e92a2036de454238809663ac303c6ade (127.7.150.2:39313) does not have the latest schema for tablet 81a7052186c14f0eb60de4bc25c8414e (table default.test_table [id=e93179f4d3eb4a26a760d9d76293265f]). Expected version 3 got 0
I1102 21:39:02.603165 8242 tablet.cc:1262] T 81a7052186c14f0eb60de4bc25c8414e P c36abe6b2bdb4e778576473f60926b7b: Alter schema from ( 10:c780 INT32 NOT NULL, 11:c555 INT32 NULLABLE, 12:c144 INT32 NOT NULL, 13:c428 INT32 NOT NULL, PRIMARY KEY (c780) ) version 0 to ( 10:c780 INT32 NOT NULL, 11:c555 INT32 NULLABLE, 12:c144 INT32 NOT NULL, 13:c428 INT32 NOT NULL, PRIMARY KEY (c780) ) version 3
I1102 21:39:02.603830 8243 tablet.cc:1262] T 81a7052186c14f0eb60de4bc25c8414e P e92a2036de454238809663ac303c6ade: Alter schema from ( 10:c780 INT32 NOT NULL, 11:c555 INT32 NULLABLE, 12:c144 INT32 NOT NULL, 13:c428 INT32 NOT NULL, PRIMARY KEY (c780) ) version 0 to ( 10:c780 INT32 NOT NULL, 11:c555 INT32 NULLABLE, 12:c144 INT32 NOT NULL, 13:c428 INT32 NOT NULL, PRIMARY KEY (c780) ) version 3
I1102 21:39:02.603891 8237 mvcc.cc:203] Tried to move safe_time back from 6312733665687109632 to 6312733665668812800. Current Snapshot: MvccSnapshot[committed={T|T < 6312733665687109632}]
I1102 21:39:02.606176 7799 catalog_manager.cc:4221] T 00000000000000000000000000000000 P 810977538c654d1a96a5c2a53c44d890: default.test_table [id=e93179f4d3eb4a26a760d9d76293265f] alter complete (version 3)
I1102 21:39:02.607583 7799 catalog_manager.cc:3873] TS 33b43dabe1b543f39e7ed84247c575e8 (127.7.150.3:44373) does not have the latest schema for tablet 81a7052186c14f0eb60de4bc25c8414e (table default.test_table [id=e93179f4d3eb4a26a760d9d76293265f]). Expected version 3 got 0
I1102 21:39:02.609432 8406 mvcc.cc:203] Tried to move safe_time back from 6312733665687109632 to 6312733665668812800. Current Snapshot: MvccSnapshot[committed={T|T < 6312733665687109632}]
I1102 21:39:02.609561 8408 tablet.cc:1262] T 81a7052186c14f0eb60de4bc25c8414e P 33b43dabe1b543f39e7ed84247c575e8: Alter schema from ( 10:c780 INT32 NOT NULL, 11:c555 INT32 NULLABLE, 12:c144 INT32 NOT NULL, 13:c428 INT32 NOT NULL, PRIMARY KEY (c780) ) version 0 to ( 10:c780 INT32 NOT NULL, 11:c555 INT32 NULLABLE, 12:c144 INT32 NOT NULL, 13:c428 INT32 NOT NULL, PRIMARY KEY (c780) ) version 3
I1102 21:39:02.609616 7799 catalog_manager.cc:3873] TS 33b43dabe1b543f39e7ed84247c575e8 (127.7.150.3:44373) does not have the latest schema for tablet 81a7052186c14f0eb60de4bc25c8414e (table default.test_table [id=e93179f4d3eb4a26a760d9d76293265f]). Expected version 3 got 0
I1102 21:39:02.740377 7768 alter_table-randomized-test.cc:448] Beginning Alterations
I1102 21:39:02.741348 7768 alter_table-randomized-test.cc:486] Adding column c248, existing columns: c780, c555, c144, c428
I1102 21:39:02.741391 7768 alter_table-randomized-test.cc:480] Committing Alterations
I1102 21:39:02.741926 7799 catalog_manager.cc:2182] Servicing AlterTable request from {username='slave'} at 127.0.0.1:59020: table { table_name: "default.test_table" } alter_schema_steps { type: ADD_COLUMN add_column { schema { name: "c248" type: INT32 is_nullable: false read_default_value: "\n\235\023x" encoding: AUTO_ENCODING compression: DEFAULT_COMPRESSION cfile_block_size: 0 } } } modify_external_catalogs: true
I1102 21:39:02.746587 8242 tablet.cc:1262] T 81a7052186c14f0eb60de4bc25c8414e P c36abe6b2bdb4e778576473f60926b7b: Alter schema from ( 10:c780 INT32 NOT NULL, 11:c555 INT32 NULLABLE, 12:c144 INT32 NOT NULL, 13:c428 INT32 NOT NULL, PRIMARY KEY (c780) ) version 3 to ( 10:c780 INT32 NOT NULL, 11:c555 INT32 NULLABLE, 12:c144 INT32 NOT NULL, 13:c428 INT32 NOT NULL, 14:c248 INT32 NOT NULL, PRIMARY KEY (c780) ) version 4
I1102 21:39:02.746991 8242 tablet.cc:1214] T 81a7052186c14f0eb60de4bc25c8414e P c36abe6b2bdb4e778576473f60926b7b: Flush: entering stage 1 (old memrowset already frozen for inserts)
I1102 21:39:02.747014 8242 compaction.cc:926] Selected 1 rowsets to compact:
I1102 21:39:02.747021 8242 compaction.cc:929] memrowset(current size on disk: ~0 bytes)
I1102 21:39:02.747030 8242 tablet.cc:1216] T 81a7052186c14f0eb60de4bc25c8414e P c36abe6b2bdb4e778576473f60926b7b: Memstore in-memory size: 1759 bytes
I1102 21:39:02.747051 8242 tablet.cc:1508] T 81a7052186c14f0eb60de4bc25c8414e P c36abe6b2bdb4e778576473f60926b7b: Flush: entering phase 1 (flushing snapshot). Phase 1 snapshot: MvccSnapshot[committed={T|T < 6312733666282397696}]
I1102 21:39:02.747462 8408 tablet.cc:1262] T 81a7052186c14f0eb60de4bc25c8414e P 33b43dabe1b543f39e7ed84247c575e8: Alter schema from ( 10:c780 INT32 NOT NULL, 11:c555 INT32 NULLABLE, 12:c144 INT32 NOT NULL, 13:c428 INT32 NOT NULL, PRIMARY KEY (c780) ) version 3 to ( 10:c780 INT32 NOT NULL, 11:c555 INT32 NULLABLE, 12:c144 INT32 NOT NULL, 13:c428 INT32 NOT NULL, 14:c248 INT32 NOT NULL, PRIMARY KEY (c780) ) version 4
I1102 21:39:02.747865 8408 tablet.cc:1214] T 81a7052186c14f0eb60de4bc25c8414e P 33b43dabe1b543f39e7ed84247c575e8: Flush: entering stage 1 (old memrowset already frozen for inserts)
I1102 21:39:02.747895 8408 compaction.cc:926] Selected 1 rowsets to compact:
I1102 21:39:02.747906 8408 compaction.cc:929] memrowset(current size on disk: ~0 bytes)
I1102 21:39:02.747921 8408 tablet.cc:1216] T 81a7052186c14f0eb60de4bc25c8414e P 33b43dabe1b543f39e7ed84247c575e8: Memstore in-memory size: 1759 bytes
I1102 21:39:02.747949 8408 tablet.cc:1508] T 81a7052186c14f0eb60de4bc25c8414e P 33b43dabe1b543f39e7ed84247c575e8: Flush: entering phase 1 (flushing snapshot). Phase 1 snapshot: MvccSnapshot[committed={T|T < 6312733666282397696}]
I1102 21:39:02.749282 8243 tablet.cc:1262] T 81a7052186c14f0eb60de4bc25c8414e P e92a2036de454238809663ac303c6ade: Alter schema from ( 10:c780 INT32 NOT NULL, 11:c555 INT32 NULLABLE, 12:c144 INT32 NOT NULL, 13:c428 INT32 NOT NULL, PRIMARY KEY (c780) ) version 3 to ( 10:c780 INT32 NOT NULL, 11:c555 INT32 NULLABLE, 12:c144 INT32 NOT NULL, 13:c428 INT32 NOT NULL, 14:c248 INT32 NOT NULL, PRIMARY KEY (c780) ) version 4
I1102 21:39:02.749596 8243 tablet.cc:1214] T 81a7052186c14f0eb60de4bc25c8414e P e92a2036de454238809663ac303c6ade: Flush: entering stage 1 (old memrowset already frozen for inserts)
I1102 21:39:02.749608 8243 compaction.cc:926] Selected 1 rowsets to compact:
I1102 21:39:02.749614 8243 compaction.cc:929] memrowset(current size on disk: ~0 bytes)
I1102 21:39:02.749621 8243 tablet.cc:1216] T 81a7052186c14f0eb60de4bc25c8414e P e92a2036de454238809663ac303c6ade: Memstore in-memory size: 1759 bytes
I1102 21:39:02.749637 8243 tablet.cc:1508] T 81a7052186c14f0eb60de4bc25c8414e P e92a2036de454238809663ac303c6ade: Flush: entering phase 1 (flushing snapshot). Phase 1 snapshot: MvccSnapshot[committed={T|T < 6312733666282397696}]
I1102 21:39:02.751504 8242 multi_column_writer.cc:98] Opened CFile writers for 5 column(s)
I1102 21:39:02.752949 8243 multi_column_writer.cc:98] Opened CFile writers for 5 column(s)
I1102 21:39:02.759083 8243 tablet.cc:1594] T 81a7052186c14f0eb60de4bc25c8414e P e92a2036de454238809663ac303c6ade: Flush: entering phase 2 (starting to duplicate updates in new rowsets)
I1102 21:39:02.759315 8243 tablet.cc:1649] T 81a7052186c14f0eb60de4bc25c8414e P e92a2036de454238809663ac303c6ade: Flush Phase 2: carrying over any updates which arrived during Phase 1
I1102 21:39:02.759349 8243 tablet.cc:1651] T 81a7052186c14f0eb60de4bc25c8414e P e92a2036de454238809663ac303c6ade: Phase 2 snapshot: MvccSnapshot[committed={T|T < 6312733666282397696}]
I1102 21:39:02.759421 8408 multi_column_writer.cc:98] Opened CFile writers for 5 column(s)
I1102 21:39:02.761245 8243 tablet.cc:1699] T 81a7052186c14f0eb60de4bc25c8414e P e92a2036de454238809663ac303c6ade: Flush successful on 13 rows (1 rowsets, 5037 bytes)
I1102 21:39:02.763989 7799 catalog_manager.cc:4221] T 00000000000000000000000000000000 P 810977538c654d1a96a5c2a53c44d890: default.test_table [id=e93179f4d3eb4a26a760d9d76293265f] alter complete (version 4)
I1102 21:39:02.777021 8408 tablet.cc:1594] T 81a7052186c14f0eb60de4bc25c8414e P 33b43dabe1b543f39e7ed84247c575e8: Flush: entering phase 2 (starting to duplicate updates in new rowsets)
I1102 21:39:02.777021 8242 tablet.cc:1594] T 81a7052186c14f0eb60de4bc25c8414e P c36abe6b2bdb4e778576473f60926b7b: Flush: entering phase 2 (starting to duplicate updates in new rowsets)
I1102 21:39:02.777356 8242 tablet.cc:1649] T 81a7052186c14f0eb60de4bc25c8414e P c36abe6b2bdb4e778576473f60926b7b: Flush Phase 2: carrying over any updates which arrived during Phase 1
I1102 21:39:02.777353 8408 tablet.cc:1649] T 81a7052186c14f0eb60de4bc25c8414e P 33b43dabe1b543f39e7ed84247c575e8: Flush Phase 2: carrying over any updates which arrived during Phase 1
I1102 21:39:02.777413 8408 tablet.cc:1651] T 81a7052186c14f0eb60de4bc25c8414e P 33b43dabe1b543f39e7ed84247c575e8: Phase 2 snapshot: MvccSnapshot[committed={T|T < 6312733666282397696}]
I1102 21:39:02.777413 8242 tablet.cc:1651] T 81a7052186c14f0eb60de4bc25c8414e P c36abe6b2bdb4e778576473f60926b7b: Phase 2 snapshot: MvccSnapshot[committed={T|T < 6312733666282397696}]
I1102 21:39:02.784126 8408 tablet.cc:1699] T 81a7052186c14f0eb60de4bc25c8414e P 33b43dabe1b543f39e7ed84247c575e8: Flush successful on 13 rows (1 rowsets, 5037 bytes)
I1102 21:39:02.787895 8242 tablet.cc:1699] T 81a7052186c14f0eb60de4bc25c8414e P c36abe6b2bdb4e778576473f60926b7b: Flush successful on 13 rows (1 rowsets, 5037 bytes)
I1102 21:39:02.872766 8087 maintenance_manager.cc:304] P e92a2036de454238809663ac303c6ade: Scheduling UndoDeltaBlockGCOp(81a7052186c14f0eb60de4bc25c8414e): 411 bytes on disk
I1102 21:39:02.873486 7981 maintenance_manager.cc:494] P e92a2036de454238809663ac303c6ade: UndoDeltaBlockGCOp(81a7052186c14f0eb60de4bc25c8414e) complete. Timing: real 0.000s user 0.000s sys 0.000s Metrics: {"cfile_init":1,"lbm_read_time_us":54,"lbm_reads_lt_1ms":4}
I1102 21:39:02.924697 8392 maintenance_manager.cc:304] P 33b43dabe1b543f39e7ed84247c575e8: Scheduling UndoDeltaBlockGCOp(81a7052186c14f0eb60de4bc25c8414e): 411 bytes on disk
I1102 21:39:02.925590 8286 maintenance_manager.cc:494] P 33b43dabe1b543f39e7ed84247c575e8: UndoDeltaBlockGCOp(81a7052186c14f0eb60de4bc25c8414e) complete. Timing: real 0.000s user 0.000s sys 0.000s Metrics: {"cfile_init":1,"lbm_read_time_us":89,"lbm_reads_lt_1ms":4}
I1102 21:39:02.930449 7768 alter_table-randomized-test.cc:448] Beginning Alterations
I1102 21:39:02.931514 7768 alter_table-randomized-test.cc:516] Renaming column c555 to c761
I1102 21:39:02.931576 7768 alter_table-randomized-test.cc:594] Dropping range partition: [469762041, 536870904) resulting partitions: ()
I1102 21:39:02.931615 7768 alter_table-randomized-test.cc:480] Committing Alterations
I1102 21:39:02.932462 7799 catalog_manager.cc:2182] Servicing AlterTable request from {username='slave'} at 127.0.0.1:59020: table { table_name: "default.test_table" } alter_schema_steps { type: RENAME_COLUMN rename_column { old_name: "c555" new_name: "c761" } } alter_schema_steps { type: DROP_RANGE_PARTITION drop_range_partition { range_bounds { rows: "\006\001\000\371\377\377\033\007\001\000\370\377\377\037" } } } schema { columns { name: "c780" type: INT32 is_key: true is_nullable: false encoding: AUTO_ENCODING compression: DEFAULT_COMPRESSION cfile_block_size: 0 } columns { name: "c555" type: INT32 is_key: false is_nullable: true encoding: AUTO_ENCODING compression: NO_COMPRESSION cfile_block_size: 0 } columns { name: "c144" type: INT32 is_key: false is_nullable: false read_default_value: "d\014\312(" encoding: AUTO_ENCODING compression: DEFAULT_COMPRESSION cfile_block_size: 0 } columns { name: "c428" type: INT32 is_key: false is_nullable: false read_default_value: "g\177\2379" encoding: AUTO_ENCODING compression: DEFAULT_COMPRESSION cfile_block_size: 4194304 } columns { name: "c248" type: INT32 is_key: false is_nullable: false read_default_value: "\n\235\023x" encoding: AUTO_ENCODING compression: DEFAULT_COMPRESSION cfile_block_size: 0 } } modify_external_catalogs: true
I1102 21:39:02.934970 7799 catalog_manager.cc:4017] T 00000000000000000000000000000000 P 810977538c654d1a96a5c2a53c44d890: Sending DeleteTablet for 3 replicas of tablet 81a7052186c14f0eb60de4bc25c8414e
I1102 21:39:02.935050 7799 catalog_manager.cc:3180] Sending DeleteTablet(TABLET_DATA_DELETED) for tablet 81a7052186c14f0eb60de4bc25c8414e on c36abe6b2bdb4e778576473f60926b7b (127.7.150.1:46291) (Partition dropped at 2018-11-02 21:39:02 UTC)
I1102 21:39:02.935150 7799 catalog_manager.cc:3180] Sending DeleteTablet(TABLET_DATA_DELETED) for tablet 81a7052186c14f0eb60de4bc25c8414e on 33b43dabe1b543f39e7ed84247c575e8 (127.7.150.3:44373) (Partition dropped at 2018-11-02 21:39:02 UTC)
I1102 21:39:02.935230 7799 catalog_manager.cc:3180] Sending DeleteTablet(TABLET_DATA_DELETED) for tablet 81a7052186c14f0eb60de4bc25c8414e on e92a2036de454238809663ac303c6ade (127.7.150.2:39313) (Partition dropped at 2018-11-02 21:39:02 UTC)
I1102 21:39:02.935745 8328 tablet_service.cc:806] Processing DeleteTablet for tablet 81a7052186c14f0eb60de4bc25c8414e with delete_type TABLET_DATA_DELETED (Partition dropped at 2018-11-02 21:39:02 UTC) from {username='slave'} at 127.0.0.1:40294
I1102 21:39:02.935822 8023 tablet_service.cc:806] Processing DeleteTablet for tablet 81a7052186c14f0eb60de4bc25c8414e with delete_type TABLET_DATA_DELETED (Partition dropped at 2018-11-02 21:39:02 UTC) from {username='slave'} at 127.0.0.1:54792
I1102 21:39:02.935890 8402 tablet_replica.cc:263] T 81a7052186c14f0eb60de4bc25c8414e P 33b43dabe1b543f39e7ed84247c575e8: stopping tablet replica
I1102 21:39:02.935956 8402 maintenance_manager.cc:237] P 33b43dabe1b543f39e7ed84247c575e8: Unregistered op CompactRowSetsOp(81a7052186c14f0eb60de4bc25c8414e)
I1102 21:39:02.935977 8402 maintenance_manager.cc:237] P 33b43dabe1b543f39e7ed84247c575e8: Unregistered op MinorDeltaCompactionOp(81a7052186c14f0eb60de4bc25c8414e)
I1102 21:39:02.935984 8402 maintenance_manager.cc:237] P 33b43dabe1b543f39e7ed84247c575e8: Unregistered op MajorDeltaCompactionOp(81a7052186c14f0eb60de4bc25c8414e)
I1102 21:39:02.935991 8402 maintenance_manager.cc:237] P 33b43dabe1b543f39e7ed84247c575e8: Unregistered op UndoDeltaBlockGCOp(81a7052186c14f0eb60de4bc25c8414e)
I1102 21:39:02.936024 8402 maintenance_manager.cc:237] P 33b43dabe1b543f39e7ed84247c575e8: Unregistered op FlushMRSOp(81a7052186c14f0eb60de4bc25c8414e)
I1102 21:39:02.936031 8402 maintenance_manager.cc:237] P 33b43dabe1b543f39e7ed84247c575e8: Unregistered op FlushDeltaMemStoresOp(81a7052186c14f0eb60de4bc25c8414e)
I1102 21:39:02.936036 8402 maintenance_manager.cc:237] P 33b43dabe1b543f39e7ed84247c575e8: Unregistered op LogGCOp(81a7052186c14f0eb60de4bc25c8414e)
I1102 21:39:02.936069 8402 raft_consensus.cc:2149] T 81a7052186c14f0eb60de4bc25c8414e P 33b43dabe1b543f39e7ed84247c575e8 [term 1 FOLLOWER]: Raft consensus shutting down.
I1102 21:39:02.936187 8402 raft_consensus.cc:2176] T 81a7052186c14f0eb60de4bc25c8414e P 33b43dabe1b543f39e7ed84247c575e8 [term 1 FOLLOWER]: Raft consensus is shut down!
I1102 21:39:02.936748 7900 tablet_service.cc:806] Processing DeleteTablet for tablet 81a7052186c14f0eb60de4bc25c8414e with delete_type TABLET_DATA_DELETED (Partition dropped at 2018-11-02 21:39:02 UTC) from {username='slave'} at 127.0.0.1:51126
I1102 21:39:02.937248 8412 tablet_replica.cc:263] T 81a7052186c14f0eb60de4bc25c8414e P e92a2036de454238809663ac303c6ade: stopping tablet replica
I1102 21:39:02.937343 7768 alter_table-randomized-test.cc:448] Beginning Alterations
I1102 21:39:02.937475 8413 tablet_replica.cc:263] T 81a7052186c14f0eb60de4bc25c8414e P c36abe6b2bdb4e778576473f60926b7b: stopping tablet replica
I1102 21:39:02.937556 8413 maintenance_manager.cc:237] P c36abe6b2bdb4e778576473f60926b7b: Unregistered op CompactRowSetsOp(81a7052186c14f0eb60de4bc25c8414e)
I1102 21:39:02.937628 8412 maintenance_manager.cc:237] P e92a2036de454238809663ac303c6ade: Unregistered op CompactRowSetsOp(81a7052186c14f0eb60de4bc25c8414e)
I1102 21:39:02.937700 8402 ts_tablet_manager.cc:1369] T 81a7052186c14f0eb60de4bc25c8414e P 33b43dabe1b543f39e7ed84247c575e8: Deleting tablet data with delete state TABLET_DATA_DELETED
I1102 21:39:02.937772 8412 maintenance_manager.cc:237] P e92a2036de454238809663ac303c6ade: Unregistered op MinorDeltaCompactionOp(81a7052186c14f0eb60de4bc25c8414e)
I1102 21:39:02.937717 8413 maintenance_manager.cc:237] P c36abe6b2bdb4e778576473f60926b7b: Unregistered op MinorDeltaCompactionOp(81a7052186c14f0eb60de4bc25c8414e)
I1102 21:39:02.937866 8413 maintenance_manager.cc:237] P c36abe6b2bdb4e778576473f60926b7b: Unregistered op MajorDeltaCompactionOp(81a7052186c14f0eb60de4bc25c8414e)
I1102 21:39:02.937914 8412 maintenance_manager.cc:237] P e92a2036de454238809663ac303c6ade: Unregistered op MajorDeltaCompactionOp(81a7052186c14f0eb60de4bc25c8414e)
I1102 21:39:02.937959 8413 maintenance_manager.cc:237] P c36abe6b2bdb4e778576473f60926b7b: Unregistered op UndoDeltaBlockGCOp(81a7052186c14f0eb60de4bc25c8414e)
I1102 21:39:02.938005 8412 maintenance_manager.cc:237] P e92a2036de454238809663ac303c6ade: Unregistered op UndoDeltaBlockGCOp(81a7052186c14f0eb60de4bc25c8414e)
I1102 21:39:02.938037 7768 alter_table-randomized-test.cc:562] Adding range partition: [1006632945, 1073741808) resulting partitions: (1006632945, 1073741808)
I1102 21:39:02.938093 7768 alter_table-randomized-test.cc:516] Renaming column c144 to c485
I1102 21:39:02.938115 7768 alter_table-randomized-test.cc:562] Adding range partition: [738197493, 805306356) resulting partitions: (738197493, 805306356], (1006632945, 1073741808)
I1102 21:39:02.938163 7768 alter_table-randomized-test.cc:486] Adding column c273, existing columns: c780, c761, c485, c428, c248
I1102 21:39:02.938170 7768 alter_table-randomized-test.cc:480] Committing Alterations
I1102 21:39:02.938225 8413 maintenance_manager.cc:237] P c36abe6b2bdb4e778576473f60926b7b: Unregistered op FlushMRSOp(81a7052186c14f0eb60de4bc25c8414e)
I1102 21:39:02.938280 8412 maintenance_manager.cc:237] P e92a2036de454238809663ac303c6ade: Unregistered op FlushMRSOp(81a7052186c14f0eb60de4bc25c8414e)
I1102 21:39:02.938343 8413 maintenance_manager.cc:237] P c36abe6b2bdb4e778576473f60926b7b: Unregistered op FlushDeltaMemStoresOp(81a7052186c14f0eb60de4bc25c8414e)
I1102 21:39:02.938412 8412 maintenance_manager.cc:237] P e92a2036de454238809663ac303c6ade: Unregistered op FlushDeltaMemStoresOp(81a7052186c14f0eb60de4bc25c8414e)
I1102 21:39:02.938468 8413 maintenance_manager.cc:237] P c36abe6b2bdb4e778576473f60926b7b: Unregistered op LogGCOp(81a7052186c14f0eb60de4bc25c8414e)
I1102 21:39:02.938539 8413 raft_consensus.cc:2149] T 81a7052186c14f0eb60de4bc25c8414e P c36abe6b2bdb4e778576473f60926b7b [term 1 LEADER]: Raft consensus shutting down.
I1102 21:39:02.938596 8412 maintenance_manager.cc:237] P e92a2036de454238809663ac303c6ade: Unregistered op LogGCOp(81a7052186c14f0eb60de4bc25c8414e)
I1102 21:39:02.938665 8412 raft_consensus.cc:2149] T 81a7052186c14f0eb60de4bc25c8414e P e92a2036de454238809663ac303c6ade [term 1 FOLLOWER]: Raft consensus shutting down.
I1102 21:39:02.938720 8413 consensus_peers.cc:482] T 81a7052186c14f0eb60de4bc25c8414e P c36abe6b2bdb4e778576473f60926b7b -> Peer e92a2036de454238809663ac303c6ade (127.7.150.2:39313): Closing peer: e92a2036de454238809663ac303c6ade
I1102 21:39:02.938797 7799 catalog_manager.cc:2182] Servicing AlterTable request from {username='slave'} at 127.0.0.1:59020: table { table_name: "default.test_table" } alter_schema_steps { type: ADD_RANGE_PARTITION add_range_partition { range_bounds { rows: "\010\001\000\360\377\377;\007\001\000\360\377\377?" } } } alter_schema_steps { type: RENAME_COLUMN rename_column { old_name: "c144" new_name: "c485" } } alter_schema_steps { type: ADD_RANGE_PARTITION add_range_partition { range_bounds { rows: "\010\001\000\364\377\377+\007\001\000\364\377\377/" } } } alter_schema_steps { type: ADD_COLUMN add_column { schema { name: "c273" type: INT32 is_nullable: true encoding: AUTO_ENCODING compression: DEFAULT_COMPRESSION cfile_block_size: 0 } } } schema { columns { name: "c780" type: INT32 is_key: true is_nullable: false encoding: AUTO_ENCODING compression: DEFAULT_COMPRESSION cfile_block_size: 0 } columns { name: "c761" type: INT32 is_key: false is_nullable: true encoding: AUTO_ENCODING compression: NO_COMPRESSION cfile_block_size: 0 } columns { name: "c144" type: INT32 is_key: false is_nullable: false read_default_value: "d\014\312(" encoding: AUTO_ENCODING compression: DEFAULT_COMPRESSION cfile_block_size: 0 } columns { name: "c428" type: INT32 is_key: false is_nullable: false read_default_value: "g\177\2379" encoding: AUTO_ENCODING compression: DEFAULT_COMPRESSION cfile_block_size: 4194304 } columns { name: "c248" type: INT32 is_key: false is_nullable: false read_default_value: "\n\235\023x" encoding: AUTO_ENCODING compression: DEFAULT_COMPRESSION cfile_block_size: 0 } } modify_external_catalogs: true
I1102 21:39:02.939065 8413 consensus_peers.cc:482] T 81a7052186c14f0eb60de4bc25c8414e P c36abe6b2bdb4e778576473f60926b7b -> Peer 33b43dabe1b543f39e7ed84247c575e8 (127.7.150.3:44373): Closing peer: 33b43dabe1b543f39e7ed84247c575e8
I1102 21:39:02.939153 8412 raft_consensus.cc:2176] T 81a7052186c14f0eb60de4bc25c8414e P e92a2036de454238809663ac303c6ade [term 1 FOLLOWER]: Raft consensus is shut down!
I1102 21:39:02.939343 8413 raft_consensus.cc:2176] T 81a7052186c14f0eb60de4bc25c8414e P c36abe6b2bdb4e778576473f60926b7b [term 1 FOLLOWER]: Raft consensus is shut down!
I1102 21:39:02.940066 8402 ts_tablet_manager.cc:1382] T 81a7052186c14f0eb60de4bc25c8414e P 33b43dabe1b543f39e7ed84247c575e8: tablet deleted with delete type TABLET_DATA_DELETED: last-logged OpId 1.51
I1102 21:39:02.940100 8402 log.cc:986] T 81a7052186c14f0eb60de4bc25c8414e P 33b43dabe1b543f39e7ed84247c575e8: Deleting WAL directory at /tmp/dist-test-taskoKLkQa/test-tmp/alter_table-randomized-test.0.HmsConfigurations_AlterTableRandomized.TestRandomSequence_0.1541194740983682-7768/minicluster-data/ts-2/wal/wals/81a7052186c14f0eb60de4bc25c8414e
I1102 21:39:02.940348 8402 ts_tablet_manager.cc:1403] T 81a7052186c14f0eb60de4bc25c8414e P 33b43dabe1b543f39e7ed84247c575e8: Deleting consensus metadata
I1102 21:39:02.940994 8413 ts_tablet_manager.cc:1369] T 81a7052186c14f0eb60de4bc25c8414e P c36abe6b2bdb4e778576473f60926b7b: Deleting tablet data with delete state TABLET_DATA_DELETED
I1102 21:39:02.941231 8412 ts_tablet_manager.cc:1369] T 81a7052186c14f0eb60de4bc25c8414e P e92a2036de454238809663ac303c6ade: Deleting tablet data with delete state TABLET_DATA_DELETED
I1102 21:39:02.941931 7799 catalog_manager.cc:2958] Scheduling retry of f1152370f90240a49822dbd2afb2ba4e (table default.test_table [id=e93179f4d3eb4a26a760d9d76293265f]) Alter Table RPC with a delay of 51 ms (attempt = 1)
W1102 21:39:02.941982 7799 catalog_manager.cc:3990] Failed to send alter table request: Not found: failed to reset TS proxy: No leader found: Tablet f1152370f90240a49822dbd2afb2ba4e has no consensus state
I1102 21:39:02.942015 7799 catalog_manager.cc:2958] Scheduling retry of 104499548925431889627d5e89f490d6 (table default.test_table [id=e93179f4d3eb4a26a760d9d76293265f]) Alter Table RPC with a delay of 31 ms (attempt = 1)
W1102 21:39:02.942035 7799 catalog_manager.cc:3990] Failed to send alter table request: Not found: failed to reset TS proxy: No leader found: Tablet 104499548925431889627d5e89f490d6 has no consensus state
I1102 21:39:02.943220 7784 catalog_manager.cc:3158] TS 33b43dabe1b543f39e7ed84247c575e8 (127.7.150.3:44373): tablet 81a7052186c14f0eb60de4bc25c8414e (table default.test_table [id=e93179f4d3eb4a26a760d9d76293265f]) successfully deleted
I1102 21:39:02.944092 8412 ts_tablet_manager.cc:1382] T 81a7052186c14f0eb60de4bc25c8414e P e92a2036de454238809663ac303c6ade: tablet deleted with delete type TABLET_DATA_DELETED: last-logged OpId 1.51
I1102 21:39:02.944283 8412 log.cc:986] T 81a7052186c14f0eb60de4bc25c8414e P e92a2036de454238809663ac303c6ade: Deleting WAL directory at /tmp/dist-test-taskoKLkQa/test-tmp/alter_table-randomized-test.0.HmsConfigurations_AlterTableRandomized.TestRandomSequence_0.1541194740983682-7768/minicluster-data/ts-1/wal/wals/81a7052186c14f0eb60de4bc25c8414e
I1102 21:39:02.944880 8412 ts_tablet_manager.cc:1403] T 81a7052186c14f0eb60de4bc25c8414e P e92a2036de454238809663ac303c6ade: Deleting consensus metadata
I1102 21:39:02.945503 8023 tablet_service.cc:765] Processing CreateTablet for tablet f1152370f90240a49822dbd2afb2ba4e (table=default.test_table [id=e93179f4d3eb4a26a760d9d76293265f]), partition=RANGE (c780) PARTITION 738197493 <= VALUES < 805306356
I1102 21:39:02.945545 8022 tablet_service.cc:765] Processing CreateTablet for tablet 104499548925431889627d5e89f490d6 (table=default.test_table [id=e93179f4d3eb4a26a760d9d76293265f]), partition=RANGE (c780) PARTITION 1006632945 <= VALUES < 1073741808
I1102 21:39:02.945730 8023 data_dirs.cc:938] Could only allocate 1 dirs of requested 3 for tablet f1152370f90240a49822dbd2afb2ba4e. 1 dirs total, 0 dirs full, 0 dirs failed
I1102 21:39:02.945750 7781 catalog_manager.cc:3158] TS e92a2036de454238809663ac303c6ade (127.7.150.2:39313): tablet 81a7052186c14f0eb60de4bc25c8414e (table default.test_table [id=e93179f4d3eb4a26a760d9d76293265f]) successfully deleted
I1102 21:39:02.946550 7898 tablet_service.cc:765] Processing CreateTablet for tablet 104499548925431889627d5e89f490d6 (table=default.test_table [id=e93179f4d3eb4a26a760d9d76293265f]), partition=RANGE (c780) PARTITION 1006632945 <= VALUES < 1073741808
I1102 21:39:02.946660 8328 tablet_service.cc:765] Processing CreateTablet for tablet f1152370f90240a49822dbd2afb2ba4e (table=default.test_table [id=e93179f4d3eb4a26a760d9d76293265f]), partition=RANGE (c780) PARTITION 738197493 <= VALUES < 805306356
I1102 21:39:02.946738 7898 data_dirs.cc:938] Could only allocate 1 dirs of requested 3 for tablet 104499548925431889627d5e89f490d6. 1 dirs total, 0 dirs full, 0 dirs failed
I1102 21:39:02.946812 8328 data_dirs.cc:938] Could only allocate 1 dirs of requested 3 for tablet f1152370f90240a49822dbd2afb2ba4e. 1 dirs total, 0 dirs full, 0 dirs failed
I1102 21:39:02.948209 8328 ts_tablet_manager.cc:1173] T f1152370f90240a49822dbd2afb2ba4e P 33b43dabe1b543f39e7ed84247c575e8: Registered tablet (data state: TABLET_DATA_READY)
I1102 21:39:02.948559 8327 tablet_service.cc:765] Processing CreateTablet for tablet 104499548925431889627d5e89f490d6 (table=default.test_table [id=e93179f4d3eb4a26a760d9d76293265f]), partition=RANGE (c780) PARTITION 1006632945 <= VALUES < 1073741808
I1102 21:39:02.948688 8327 data_dirs.cc:938] Could only allocate 1 dirs of requested 3 for tablet 104499548925431889627d5e89f490d6. 1 dirs total, 0 dirs full, 0 dirs failed
I1102 21:39:02.949903 8327 ts_tablet_manager.cc:1173] T 104499548925431889627d5e89f490d6 P 33b43dabe1b543f39e7ed84247c575e8: Registered tablet (data state: TABLET_DATA_READY)
I1102 21:39:02.950084 8399 ts_tablet_manager.cc:1028] T f1152370f90240a49822dbd2afb2ba4e P 33b43dabe1b543f39e7ed84247c575e8: Bootstrapping tablet
I1102 21:39:02.950188 8399 tablet_bootstrap.cc:438] T f1152370f90240a49822dbd2afb2ba4e P 33b43dabe1b543f39e7ed84247c575e8: Bootstrap starting.
I1102 21:39:02.950855 8399 tablet_bootstrap.cc:592] T f1152370f90240a49822dbd2afb2ba4e P 33b43dabe1b543f39e7ed84247c575e8: No blocks or log segments found. Creating new log.
I1102 21:39:02.951378 8022 data_dirs.cc:938] Could only allocate 1 dirs of requested 3 for tablet 104499548925431889627d5e89f490d6. 1 dirs total, 0 dirs full, 0 dirs failed
I1102 21:39:02.952522 8413 ts_tablet_manager.cc:1382] T 81a7052186c14f0eb60de4bc25c8414e P c36abe6b2bdb4e778576473f60926b7b: tablet deleted with delete type TABLET_DATA_DELETED: last-logged OpId 1.51
I1102 21:39:02.952567 8413 log.cc:986] T 81a7052186c14f0eb60de4bc25c8414e P c36abe6b2bdb4e778576473f60926b7b: Deleting WAL directory at /tmp/dist-test-taskoKLkQa/test-tmp/alter_table-randomized-test.0.HmsConfigurations_AlterTableRandomized.TestRandomSequence_0.1541194740983682-7768/minicluster-data/ts-0/wal/wals/81a7052186c14f0eb60de4bc25c8414e
I1102 21:39:02.952783 8022 ts_tablet_manager.cc:1173] T 104499548925431889627d5e89f490d6 P e92a2036de454238809663ac303c6ade: Registered tablet (data state: TABLET_DATA_READY)
I1102 21:39:02.952914 8413 ts_tablet_manager.cc:1403] T 81a7052186c14f0eb60de4bc25c8414e P c36abe6b2bdb4e778576473f60926b7b: Deleting consensus metadata
I1102 21:39:02.953338 7900 tablet_service.cc:765] Processing CreateTablet for tablet f1152370f90240a49822dbd2afb2ba4e (table=default.test_table [id=e93179f4d3eb4a26a760d9d76293265f]), partition=RANGE (c780) PARTITION 738197493 <= VALUES < 805306356
I1102 21:39:02.953367 7898 ts_tablet_manager.cc:1173] T 104499548925431889627d5e89f490d6 P c36abe6b2bdb4e778576473f60926b7b: Registered tablet (data state: TABLET_DATA_READY)
I1102 21:39:02.953775 8418 ts_tablet_manager.cc:1028] T 104499548925431889627d5e89f490d6 P e92a2036de454238809663ac303c6ade: Bootstrapping tablet
I1102 21:39:02.953886 8418 tablet_bootstrap.cc:438] T 104499548925431889627d5e89f490d6 P e92a2036de454238809663ac303c6ade: Bootstrap starting.
I1102 21:39:02.954461 8023 ts_tablet_manager.cc:1173] T f1152370f90240a49822dbd2afb2ba4e P e92a2036de454238809663ac303c6ade: Registered tablet (data state: TABLET_DATA_READY)
I1102 21:39:02.954499 8399 tablet_bootstrap.cc:438] T f1152370f90240a49822dbd2afb2ba4e P 33b43dabe1b543f39e7ed84247c575e8: No bootstrap required, opened a new log
I1102 21:39:02.954571 8399 ts_tablet_manager.cc:1045] T f1152370f90240a49822dbd2afb2ba4e P 33b43dabe1b543f39e7ed84247c575e8: Time spent bootstrapping tablet: real 0.004s user 0.001s sys 0.000s
I1102 21:39:02.955102 8399 raft_consensus.cc:339] T f1152370f90240a49822dbd2afb2ba4e P 33b43dabe1b543f39e7ed84247c575e8 [term 0 FOLLOWER]: Replica starting. Triggering 0 pending transactions. Active config: opid_index: -1 OBSOLETE_local: false peers { permanent_uuid: "e92a2036de454238809663ac303c6ade" member_type: VOTER last_known_addr { host: "127.7.150.2" port: 39313 } } peers { permanent_uuid: "c36abe6b2bdb4e778576473f60926b7b" member_type: VOTER last_known_addr { host: "127.7.150.1" port: 46291 } } peers { permanent_uuid: "33b43dabe1b543f39e7ed84247c575e8" member_type: VOTER last_known_addr { host: "127.7.150.3" port: 44373 } }
I1102 21:39:02.955142 8399 raft_consensus.cc:365] T f1152370f90240a49822dbd2afb2ba4e P 33b43dabe1b543f39e7ed84247c575e8 [term 0 FOLLOWER]: Consensus starting up: Expiring failure detector timer to make a prompt election more likely
I1102 21:39:02.955165 8399 raft_consensus.cc:704] T f1152370f90240a49822dbd2afb2ba4e P 33b43dabe1b543f39e7ed84247c575e8 [term 0 FOLLOWER]: Becoming Follower/Learner. State: Replica: 33b43dabe1b543f39e7ed84247c575e8, State: Initialized, Role: FOLLOWER
I1102 21:39:02.955320 8399 consensus_queue.cc:229] T f1152370f90240a49822dbd2afb2ba4e P 33b43dabe1b543f39e7ed84247c575e8 [NON_LEADER]: Queue going to NON_LEADER mode. State: All replicated index: 0, Majority replicated index: 0, Committed index: 0, Last appended: 0.0, Last appended by leader: 0, Current term: 0, Majority size: -1, State: 0, Mode: NON_LEADER, active raft config: opid_index: -1 OBSOLETE_local: false peers { permanent_uuid: "e92a2036de454238809663ac303c6ade" member_type: VOTER last_known_addr { host: "127.7.150.2" port: 39313 } } peers { permanent_uuid: "c36abe6b2bdb4e778576473f60926b7b" member_type: VOTER last_known_addr { host: "127.7.150.1" port: 46291 } } peers { permanent_uuid: "33b43dabe1b543f39e7ed84247c575e8" member_type: VOTER last_known_addr { host: "127.7.150.3" port: 44373 } }
I1102 21:39:02.955552 8399 ts_tablet_manager.cc:1073] T f1152370f90240a49822dbd2afb2ba4e P 33b43dabe1b543f39e7ed84247c575e8: Time spent starting tablet: real 0.001s user 0.001s sys 0.000s
I1102 21:39:02.955639 8399 ts_tablet_manager.cc:1028] T 104499548925431889627d5e89f490d6 P 33b43dabe1b543f39e7ed84247c575e8: Bootstrapping tablet
I1102 21:39:02.955716 8399 tablet_bootstrap.cc:438] T 104499548925431889627d5e89f490d6 P 33b43dabe1b543f39e7ed84247c575e8: Bootstrap starting.
I1102 21:39:02.956619 8399 tablet_bootstrap.cc:592] T 104499548925431889627d5e89f490d6 P 33b43dabe1b543f39e7ed84247c575e8: No blocks or log segments found. Creating new log.
I1102 21:39:02.957947 7799 catalog_manager.cc:3873] TS 33b43dabe1b543f39e7ed84247c575e8 (127.7.150.3:44373) does not have the latest schema for tablet f1152370f90240a49822dbd2afb2ba4e (table default.test_table [id=e93179f4d3eb4a26a760d9d76293265f]). Expected version 6 got 0
I1102 21:39:02.958060 8418 tablet_bootstrap.cc:592] T 104499548925431889627d5e89f490d6 P e92a2036de454238809663ac303c6ade: No blocks or log segments found. Creating new log.
I1102 21:39:02.958221 7799 catalog_manager.cc:2958] Scheduling retry of f1152370f90240a49822dbd2afb2ba4e (table default.test_table [id=e93179f4d3eb4a26a760d9d76293265f]) Alter Table RPC with a delay of 46 ms (attempt = 1)
W1102 21:39:02.958271 7799 catalog_manager.cc:3937] Failed to send f1152370f90240a49822dbd2afb2ba4e (table default.test_table [id=e93179f4d3eb4a26a760d9d76293265f]) Alter Table RPC: Not found: failed to reset TS proxy: No leader found: Tablet f1152370f90240a49822dbd2afb2ba4e consensus state has no leader
I1102 21:39:02.958932 7900 data_dirs.cc:938] Could only allocate 1 dirs of requested 3 for tablet f1152370f90240a49822dbd2afb2ba4e. 1 dirs total, 0 dirs full, 0 dirs failed
I1102 21:39:02.960891 7900 ts_tablet_manager.cc:1173] T f1152370f90240a49822dbd2afb2ba4e P c36abe6b2bdb4e778576473f60926b7b: Registered tablet (data state: TABLET_DATA_READY)
I1102 21:39:02.961946 7783 catalog_manager.cc:3158] TS c36abe6b2bdb4e778576473f60926b7b (127.7.150.1:46291): tablet 81a7052186c14f0eb60de4bc25c8414e (table default.test_table [id=e93179f4d3eb4a26a760d9d76293265f]) successfully deleted
I1102 21:39:02.966471 8419 ts_tablet_manager.cc:1028] T 104499548925431889627d5e89f490d6 P c36abe6b2bdb4e778576473f60926b7b: Bootstrapping tablet
I1102 21:39:02.966595 8419 tablet_bootstrap.cc:438] T 104499548925431889627d5e89f490d6 P c36abe6b2bdb4e778576473f60926b7b: Bootstrap starting.
I1102 21:39:02.967450 8419 tablet_bootstrap.cc:592] T 104499548925431889627d5e89f490d6 P c36abe6b2bdb4e778576473f60926b7b: No blocks or log segments found. Creating new log.
I1102 21:39:02.968484 8399 tablet_bootstrap.cc:438] T 104499548925431889627d5e89f490d6 P 33b43dabe1b543f39e7ed84247c575e8: No bootstrap required, opened a new log
I1102 21:39:02.968596 8399 ts_tablet_manager.cc:1045] T 104499548925431889627d5e89f490d6 P 33b43dabe1b543f39e7ed84247c575e8: Time spent bootstrapping tablet: real 0.013s user 0.001s sys 0.000s
I1102 21:39:02.968696 8418 tablet_bootstrap.cc:438] T 104499548925431889627d5e89f490d6 P e92a2036de454238809663ac303c6ade: No bootstrap required, opened a new log
I1102 21:39:02.968812 8418 ts_tablet_manager.cc:1045] T 104499548925431889627d5e89f490d6 P e92a2036de454238809663ac303c6ade: Time spent bootstrapping tablet: real 0.015s user 0.001s sys 0.000s
