I1102 21:39:18.884146 9850 tablet.cc:1262] T f9090285974a41d19310b6a5017793d2 P c36abe6b2bdb4e778576473f60926b7b: Alter schema from ( 10:c52 INT32 NOT NULL, 18:c712 INT32 NULLABLE, 20:c169 INT32 NULLABLE, 22:c252 INT32 NOT NULL, 26:c840 INT32 NOT NULL, 30:c592 INT32 NULLABLE, 31:c466 INT32 NOT NULL, 32:c121 INT32 NOT NULL, 33:c996 INT32 NOT NULL, 36:c864 INT32 NULLABLE, 37:c827 INT32 NOT NULL, PRIMARY KEY (c52) ) version 37 to ( 10:c52 INT32 NOT NULL, 18:c712 INT32 NULLABLE, 22:c252 INT32 NOT NULL, 26:c840 INT32 NOT NULL, 30:c592 INT32 NULLABLE, 31:c466 INT32 NOT NULL, 32:c121 INT32 NOT NULL, 33:c996 INT32 NOT NULL, 36:c864 INT32 NULLABLE, 37:c827 INT32 NOT NULL, PRIMARY KEY (c52) ) version 38
I1102 21:39:18.884392 9850 tablet.cc:1205] T f9090285974a41d19310b6a5017793d2 P c36abe6b2bdb4e778576473f60926b7b: MemRowSet was empty: no flush needed.
I1102 21:39:18.884467 9850 tablet_metadata.cc:531] Not flushing: waiting for 1 pins to be released.
I1102 21:39:18.886922 9850 tablet_bootstrap.cc:438] T f9090285974a41d19310b6a5017793d2 P c36abe6b2bdb4e778576473f60926b7b: Bootstrap replayed 1/1 log segments. Stats: ops{read=17 overwritten=0 applied=17 ignored=8} inserts{seen=1 ignored=0} mutations{seen=3 ignored=0} orphaned_commits=0. Pending: 0 replicates
I1102 21:39:18.887329 9850 tablet_bootstrap.cc:438] T f9090285974a41d19310b6a5017793d2 P c36abe6b2bdb4e778576473f60926b7b: Bootstrap complete.
I1102 21:39:18.889441 9850 ts_tablet_manager.cc:1045] T f9090285974a41d19310b6a5017793d2 P c36abe6b2bdb4e778576473f60926b7b: Time spent bootstrapping tablet: real 0.022s user 0.012s sys 0.008s
I1102 21:39:18.889825 9850 raft_consensus.cc:339] T f9090285974a41d19310b6a5017793d2 P c36abe6b2bdb4e778576473f60926b7b [term 1 FOLLOWER]: Replica starting. Triggering 0 pending transactions. Active config: opid_index: -1 OBSOLETE_local: false peers { permanent_uuid: "33b43dabe1b543f39e7ed84247c575e8" member_type: VOTER last_known_addr { host: "127.7.150.3" port: 44373 } } peers { permanent_uuid: "e92a2036de454238809663ac303c6ade" member_type: VOTER last_known_addr { host: "127.7.150.2" port: 39313 } } peers { permanent_uuid: "c36abe6b2bdb4e778576473f60926b7b" member_type: VOTER last_known_addr { host: "127.7.150.1" port: 46291 } }
I1102 21:39:18.889856 9850 raft_consensus.cc:704] T f9090285974a41d19310b6a5017793d2 P c36abe6b2bdb4e778576473f60926b7b [term 1 FOLLOWER]: Becoming Follower/Learner. State: Replica: c36abe6b2bdb4e778576473f60926b7b, State: Initialized, Role: FOLLOWER
I1102 21:39:18.889995 9850 consensus_queue.cc:229] T f9090285974a41d19310b6a5017793d2 P c36abe6b2bdb4e778576473f60926b7b [NON_LEADER]: Queue going to NON_LEADER mode. State: All replicated index: 0, Majority replicated index: 0, Committed index: 17, Last appended: 1.17, Last appended by leader: 17, Current term: 0, Majority size: -1, State: 0, Mode: NON_LEADER, active raft config: opid_index: -1 OBSOLETE_local: false peers { permanent_uuid: "33b43dabe1b543f39e7ed84247c575e8" member_type: VOTER last_known_addr { host: "127.7.150.3" port: 44373 } } peers { permanent_uuid: "e92a2036de454238809663ac303c6ade" member_type: VOTER last_known_addr { host: "127.7.150.2" port: 39313 } } peers { permanent_uuid: "c36abe6b2bdb4e778576473f60926b7b" member_type: VOTER last_known_addr { host: "127.7.150.1" port: 46291 } }
I1102 21:39:18.890251 9850 ts_tablet_manager.cc:1073] T f9090285974a41d19310b6a5017793d2 P c36abe6b2bdb4e778576473f60926b7b: Time spent starting tablet: real 0.001s user 0.002s sys 0.000s
I1102 21:39:18.899358 7768 alter_table-randomized-test.cc:125] TS 0 Restarted
I1102 21:39:18.944836 9956 maintenance_manager.cc:304] P c36abe6b2bdb4e778576473f60926b7b: Scheduling CompactRowSetsOp(96875be6f1124d25ba150b3bd8ed725f): perf score=2.338441
I1102 21:39:18.945365 9849 tablet.cc:1732] T 96875be6f1124d25ba150b3bd8ed725f P c36abe6b2bdb4e778576473f60926b7b: Compaction: stage 1 complete, picked 4 rowsets to compact or flush
I1102 21:39:18.945435 9849 compaction.cc:926] Selected 4 rowsets to compact:
I1102 21:39:18.945457 9849 compaction.cc:929] RowSet(0)(current size on disk: ~7288 bytes)
I1102 21:39:18.945482 9849 compaction.cc:929] RowSet(1)(current size on disk: ~7752 bytes)
I1102 21:39:18.945494 9849 compaction.cc:929] RowSet(2)(current size on disk: ~5719 bytes)
I1102 21:39:18.945508 9849 compaction.cc:929] RowSet(3)(current size on disk: ~6104 bytes)
I1102 21:39:18.945565 9849 tablet.cc:1508] T 96875be6f1124d25ba150b3bd8ed725f P c36abe6b2bdb4e778576473f60926b7b: Compaction: entering phase 1 (flushing snapshot). Phase 1 snapshot: MvccSnapshot[committed={T|T < 6312733732488740864 or (T in {6312733732488740864})}]
I1102 21:39:18.949131 9849 multi_column_writer.cc:98] Opened CFile writers for 10 column(s)
I1102 21:39:18.966925 9849 tablet.cc:1594] T 96875be6f1124d25ba150b3bd8ed725f P c36abe6b2bdb4e778576473f60926b7b: Compaction: entering phase 2 (starting to duplicate updates in new rowsets)
I1102 21:39:18.967080 9849 tablet.cc:1649] T 96875be6f1124d25ba150b3bd8ed725f P c36abe6b2bdb4e778576473f60926b7b: Compaction Phase 2: carrying over any updates which arrived during Phase 1
I1102 21:39:18.967108 9849 tablet.cc:1651] T 96875be6f1124d25ba150b3bd8ed725f P c36abe6b2bdb4e778576473f60926b7b: Phase 2 snapshot: MvccSnapshot[committed={T|T < 6312733732647968768 or (T in {6312733732647968768})}]
I1102 21:39:18.971341 9849 delta_tracker.cc:737] T 96875be6f1124d25ba150b3bd8ed725f P c36abe6b2bdb4e778576473f60926b7b: Flushing 2 deltas (763 bytes in memory) from DMS 1
I1102 21:39:18.971930 9849 delta_tracker.cc:677] T 96875be6f1124d25ba150b3bd8ed725f P c36abe6b2bdb4e778576473f60926b7b: Flushed delta block 0000000000000500 (174 bytes on disk) stats: ts range=[6312733732623630336, 6312733732647968768], delete_count=[2], reinsert_count=[0], update_counts_by_col_id=[]
I1102 21:39:18.974764 9849 tablet.cc:1699] T 96875be6f1124d25ba150b3bd8ed725f P c36abe6b2bdb4e778576473f60926b7b: Compaction successful on 63 rows (1 rowsets, 7472 bytes)
I1102 21:39:18.975615 9849 maintenance_manager.cc:494] P c36abe6b2bdb4e778576473f60926b7b: CompactRowSetsOp(96875be6f1124d25ba150b3bd8ed725f) complete. Timing: real 0.030s user 0.021s sys 0.007s Metrics: {"cfile_cache_hit":60,"cfile_cache_hit_bytes":2395,"cfile_cache_miss":120,"cfile_cache_miss_bytes":9523,"cfile_init":39,"data dirs.queue_time_us":78,"delta_iterators_relevant":14,"lbm_read_time_us":2622,"lbm_reads_lt_1ms":276,"lbm_write_time_us":2227,"lbm_writes_lt_1ms":57,"mutex_wait_us":20,"spinlock_wait_cycles":6528}
I1102 21:39:18.976136 9956 maintenance_manager.cc:304] P c36abe6b2bdb4e778576473f60926b7b: Scheduling UndoDeltaBlockGCOp(96875be6f1124d25ba150b3bd8ed725f): 2321 bytes on disk
I1102 21:39:18.976694 9849 maintenance_manager.cc:494] P c36abe6b2bdb4e778576473f60926b7b: UndoDeltaBlockGCOp(96875be6f1124d25ba150b3bd8ed725f) complete. Timing: real 0.000s user 0.000s sys 0.000s Metrics: {"cfile_init":1,"lbm_read_time_us":59,"lbm_reads_lt_1ms":4}
I1102 21:39:18.977036 9956 maintenance_manager.cc:304] P c36abe6b2bdb4e778576473f60926b7b: Scheduling CompactRowSetsOp(f9090285974a41d19310b6a5017793d2): perf score=0.160595
I1102 21:39:18.977355 9849 tablet.cc:1732] T f9090285974a41d19310b6a5017793d2 P c36abe6b2bdb4e778576473f60926b7b: Compaction: stage 1 complete, picked 2 rowsets to compact or flush
I1102 21:39:18.977388 9849 compaction.cc:926] Selected 2 rowsets to compact:
I1102 21:39:18.977438 9849 compaction.cc:929] RowSet(0)(current size on disk: ~5860 bytes)
I1102 21:39:18.977458 9849 compaction.cc:929] RowSet(1)(current size on disk: ~5748 bytes)
I1102 21:39:18.977483 9849 tablet.cc:1508] T f9090285974a41d19310b6a5017793d2 P c36abe6b2bdb4e778576473f60926b7b: Compaction: entering phase 1 (flushing snapshot). Phase 1 snapshot: MvccSnapshot[committed={T|T < 6312733732601925632 or (T in {6312733732601925632})}]
I1102 21:39:18.979979 9849 multi_column_writer.cc:98] Opened CFile writers for 10 column(s)
I1102 21:39:18.988512 9849 tablet.cc:1594] T f9090285974a41d19310b6a5017793d2 P c36abe6b2bdb4e778576473f60926b7b: Compaction: entering phase 2 (starting to duplicate updates in new rowsets)
I1102 21:39:18.988632 9849 tablet.cc:1649] T f9090285974a41d19310b6a5017793d2 P c36abe6b2bdb4e778576473f60926b7b: Compaction Phase 2: carrying over any updates which arrived during Phase 1
I1102 21:39:18.988694 9849 tablet.cc:1651] T f9090285974a41d19310b6a5017793d2 P c36abe6b2bdb4e778576473f60926b7b: Phase 2 snapshot: MvccSnapshot[committed={T|T < 6312733732601925632 or (T in {6312733732601925632})}]
I1102 21:39:18.992234 9849 tablet.cc:1699] T f9090285974a41d19310b6a5017793d2 P c36abe6b2bdb4e778576473f60926b7b: Compaction successful on 8 rows (1 rowsets, 5583 bytes)
I1102 21:39:18.992627 9849 maintenance_manager.cc:494] P c36abe6b2bdb4e778576473f60926b7b: CompactRowSetsOp(f9090285974a41d19310b6a5017793d2) complete. Timing: real 0.015s user 0.012s sys 0.000s Metrics: {"cfile_cache_hit":26,"cfile_cache_hit_bytes":774,"cfile_cache_miss":62,"cfile_cache_miss_bytes":2826,"cfile_init":21,"delta_iterators_relevant":4,"lbm_read_time_us":1271,"lbm_reads_lt_1ms":146,"lbm_write_time_us":3269,"lbm_writes_lt_1ms":53}
I1102 21:39:18.992981 9956 maintenance_manager.cc:304] P c36abe6b2bdb4e778576473f60926b7b: Scheduling MinorDeltaCompactionOp(96875be6f1124d25ba150b3bd8ed725f): perf score=0.002000
I1102 21:39:18.993233 9849 delta_tracker.cc:182] T 96875be6f1124d25ba150b3bd8ed725f P c36abe6b2bdb4e778576473f60926b7b: Preparing to minor compact delta file: 0000000000000499
I1102 21:39:18.993275 9849 delta_tracker.cc:182] T 96875be6f1124d25ba150b3bd8ed725f P c36abe6b2bdb4e778576473f60926b7b: Preparing to minor compact delta file: 0000000000000500
I1102 21:39:18.993355 9849 delta_tracker.cc:544] T 96875be6f1124d25ba150b3bd8ed725f P c36abe6b2bdb4e778576473f60926b7b: Compacting 2 delta files.
I1102 21:39:18.994822 9849 delta_tracker.cc:551] T 96875be6f1124d25ba150b3bd8ed725f P c36abe6b2bdb4e778576473f60926b7b: Succesfully compacted the specified delta files.
I1102 21:39:18.994992 9849 delta_tracker.cc:407] T 96875be6f1124d25ba150b3bd8ed725f P c36abe6b2bdb4e778576473f60926b7b: Flushing compaction of 2 redo delta blocks { 0000000000000499,0000000000000500 } into block 0000000000000514
I1102 21:39:18.996376 9849 maintenance_manager.cc:494] P c36abe6b2bdb4e778576473f60926b7b: MinorDeltaCompactionOp(96875be6f1124d25ba150b3bd8ed725f) complete. Timing: real 0.003s user 0.002s sys 0.000s Metrics: {"cfile_cache_miss":4,"cfile_cache_miss_bytes":529,"cfile_init":2,"delta_iterators_relevant":2,"lbm_read_time_us":99,"lbm_reads_lt_1ms":12,"lbm_write_time_us":206,"lbm_writes_lt_1ms":4}
I1102 21:39:18.996673 9956 maintenance_manager.cc:304] P c36abe6b2bdb4e778576473f60926b7b: Scheduling UndoDeltaBlockGCOp(f9090285974a41d19310b6a5017793d2): 425 bytes on disk
I1102 21:39:18.997048 9849 maintenance_manager.cc:494] P c36abe6b2bdb4e778576473f60926b7b: UndoDeltaBlockGCOp(f9090285974a41d19310b6a5017793d2) complete. Timing: real 0.000s user 0.000s sys 0.000s Metrics: {"cfile_init":1,"lbm_read_time_us":44,"lbm_reads_lt_1ms":4}
I1102 21:39:18.997305 9956 maintenance_manager.cc:304] P c36abe6b2bdb4e778576473f60926b7b: Scheduling UndoDeltaBlockGCOp(a33395cf77dc424e86b496d77002510f): 163 bytes on disk
I1102 21:39:18.997670 9849 maintenance_manager.cc:494] P c36abe6b2bdb4e778576473f60926b7b: UndoDeltaBlockGCOp(a33395cf77dc424e86b496d77002510f) complete. Timing: real 0.000s user 0.000s sys 0.000s Metrics: {"cfile_init":1,"lbm_read_time_us":39,"lbm_reads_lt_1ms":4}
I1102 21:39:19.890045 9985 raft_consensus.cc:471] T a33395cf77dc424e86b496d77002510f P c36abe6b2bdb4e778576473f60926b7b [term 1 FOLLOWER]: Starting pre-election (no leader contacted us within the election timeout)
I1102 21:39:19.890163 9985 raft_consensus.cc:2840] T a33395cf77dc424e86b496d77002510f P c36abe6b2bdb4e778576473f60926b7b: Snoozing failure detection for 2.194s (starting election)
I1102 21:39:19.890269 9985 raft_consensus.cc:493] T a33395cf77dc424e86b496d77002510f P c36abe6b2bdb4e778576473f60926b7b [term 1 FOLLOWER]: Starting pre-election with config: opid_index: -1 OBSOLETE_local: false peers { permanent_uuid: "33b43dabe1b543f39e7ed84247c575e8" member_type: VOTER last_known_addr { host: "127.7.150.3" port: 44373 } } peers { permanent_uuid: "e92a2036de454238809663ac303c6ade" member_type: VOTER last_known_addr { host: "127.7.150.2" port: 39313 } } peers { permanent_uuid: "c36abe6b2bdb4e778576473f60926b7b" member_type: VOTER last_known_addr { host: "127.7.150.1" port: 46291 } }
I1102 21:39:19.890875 9985 leader_election.cc:251] T a33395cf77dc424e86b496d77002510f P c36abe6b2bdb4e778576473f60926b7b [CANDIDATE]: Term 2 pre-election: Requesting pre-vote from peer 33b43dabe1b543f39e7ed84247c575e8 (127.7.150.3:44373)
I1102 21:39:19.891086 9985 leader_election.cc:251] T a33395cf77dc424e86b496d77002510f P c36abe6b2bdb4e778576473f60926b7b [CANDIDATE]: Term 2 pre-election: Requesting pre-vote from peer e92a2036de454238809663ac303c6ade (127.7.150.2:39313)
I1102 21:39:19.897366 8519 tablet_service.cc:1001] Received RequestConsensusVote() RPC: tablet_id: "a33395cf77dc424e86b496d77002510f" candidate_uuid: "c36abe6b2bdb4e778576473f60926b7b" candidate_term: 2 candidate_status { last_received { term: 1 index: 10 } } ignore_live_leader: false dest_uuid: "33b43dabe1b543f39e7ed84247c575e8" is_pre_election: true
I1102 21:39:19.897469 8519 raft_consensus.cc:2313] T a33395cf77dc424e86b496d77002510f P 33b43dabe1b543f39e7ed84247c575e8 [term 1 FOLLOWER]: Leader pre-election vote request: Denying vote to candidate c36abe6b2bdb4e778576473f60926b7b for term 2 because replica is either leader or believes a valid leader to be alive.
I1102 21:39:19.897667 9271 tablet_service.cc:1001] Received RequestConsensusVote() RPC: tablet_id: "a33395cf77dc424e86b496d77002510f" candidate_uuid: "c36abe6b2bdb4e778576473f60926b7b" candidate_term: 2 candidate_status { last_received { term: 1 index: 10 } } ignore_live_leader: false dest_uuid: "e92a2036de454238809663ac303c6ade" is_pre_election: true
I1102 21:39:19.897754 9271 raft_consensus.cc:2313] T a33395cf77dc424e86b496d77002510f P e92a2036de454238809663ac303c6ade [term 1 FOLLOWER]: Leader pre-election vote request: Denying vote to candidate c36abe6b2bdb4e778576473f60926b7b for term 2 because replica is either leader or believes a valid leader to be alive.
I1102 21:39:19.897984 9845 leader_election.cc:401] T a33395cf77dc424e86b496d77002510f P c36abe6b2bdb4e778576473f60926b7b [CANDIDATE]: Term 2 pre-election: Vote denied by peer 33b43dabe1b543f39e7ed84247c575e8 (127.7.150.3:44373). Message: Invalid argument: T a33395cf77dc424e86b496d77002510f P 33b43dabe1b543f39e7ed84247c575e8 [term 1 FOLLOWER]: Leader pre-election vote request: Denying vote to candidate c36abe6b2bdb4e778576473f60926b7b for term 2 because replica is either leader or believes a valid leader to be alive.
I1102 21:39:19.898181 9842 leader_election.cc:401] T a33395cf77dc424e86b496d77002510f P c36abe6b2bdb4e778576473f60926b7b [CANDIDATE]: Term 2 pre-election: Vote denied by peer e92a2036de454238809663ac303c6ade (127.7.150.2:39313). Message: Invalid argument: T a33395cf77dc424e86b496d77002510f P e92a2036de454238809663ac303c6ade [term 1 FOLLOWER]: Leader pre-election vote request: Denying vote to candidate c36abe6b2bdb4e778576473f60926b7b for term 2 because replica is either leader or believes a valid leader to be alive.
I1102 21:39:19.898223 9842 leader_election.cc:278] T a33395cf77dc424e86b496d77002510f P c36abe6b2bdb4e778576473f60926b7b [CANDIDATE]: Term 2 pre-election: Election decided. Result: candidate lost.
I1102 21:39:19.898490 9985 raft_consensus.cc:2840] T a33395cf77dc424e86b496d77002510f P c36abe6b2bdb4e778576473f60926b7b: Snoozing failure detection for 2.090s (election complete)
I1102 21:39:19.898535 9985 raft_consensus.cc:2594] T a33395cf77dc424e86b496d77002510f P c36abe6b2bdb4e778576473f60926b7b [term 1 FOLLOWER]: Leader pre-election lost for term 2. Reason: could not achieve majority
I1102 21:39:19.982987 9726 raft_consensus.cc:471] T 1652ac19c70f4370809e3baad1c10e4e P e92a2036de454238809663ac303c6ade [term 1 FOLLOWER]: Starting pre-election (detected failure of leader c36abe6b2bdb4e778576473f60926b7b)
I1102 21:39:19.983032 9983 raft_consensus.cc:471] T 1652ac19c70f4370809e3baad1c10e4e P 33b43dabe1b543f39e7ed84247c575e8 [term 1 FOLLOWER]: Starting pre-election (detected failure of leader c36abe6b2bdb4e778576473f60926b7b)
I1102 21:39:19.983072 9983 raft_consensus.cc:2840] T 1652ac19c70f4370809e3baad1c10e4e P 33b43dabe1b543f39e7ed84247c575e8: Snoozing failure detection for 1.846s (starting election)
I1102 21:39:19.983075 9726 raft_consensus.cc:2840] T 1652ac19c70f4370809e3baad1c10e4e P e92a2036de454238809663ac303c6ade: Snoozing failure detection for 1.789s (starting election)
I1102 21:39:19.983182 9983 raft_consensus.cc:493] T 1652ac19c70f4370809e3baad1c10e4e P 33b43dabe1b543f39e7ed84247c575e8 [term 1 FOLLOWER]: Starting pre-election with config: opid_index: -1 OBSOLETE_local: false peers { permanent_uuid: "e92a2036de454238809663ac303c6ade" member_type: VOTER last_known_addr { host: "127.7.150.2" port: 39313 } } peers { permanent_uuid: "33b43dabe1b543f39e7ed84247c575e8" member_type: VOTER last_known_addr { host: "127.7.150.3" port: 44373 } } peers { permanent_uuid: "c36abe6b2bdb4e778576473f60926b7b" member_type: VOTER last_known_addr { host: "127.7.150.1" port: 46291 } }
I1102 21:39:19.983182 9726 raft_consensus.cc:493] T 1652ac19c70f4370809e3baad1c10e4e P e92a2036de454238809663ac303c6ade [term 1 FOLLOWER]: Starting pre-election with config: opid_index: -1 OBSOLETE_local: false peers { permanent_uuid: "e92a2036de454238809663ac303c6ade" member_type: VOTER last_known_addr { host: "127.7.150.2" port: 39313 } } peers { permanent_uuid: "33b43dabe1b543f39e7ed84247c575e8" member_type: VOTER last_known_addr { host: "127.7.150.3" port: 44373 } } peers { permanent_uuid: "c36abe6b2bdb4e778576473f60926b7b" member_type: VOTER last_known_addr { host: "127.7.150.1" port: 46291 } }
I1102 21:39:19.983472 9726 leader_election.cc:251] T 1652ac19c70f4370809e3baad1c10e4e P e92a2036de454238809663ac303c6ade [CANDIDATE]: Term 2 pre-election: Requesting pre-vote from peer 33b43dabe1b543f39e7ed84247c575e8 (127.7.150.3:44373)
I1102 21:39:19.983472 9983 leader_election.cc:251] T 1652ac19c70f4370809e3baad1c10e4e P 33b43dabe1b543f39e7ed84247c575e8 [CANDIDATE]: Term 2 pre-election: Requesting pre-vote from peer e92a2036de454238809663ac303c6ade (127.7.150.2:39313)
I1102 21:39:19.983614 9726 leader_election.cc:251] T 1652ac19c70f4370809e3baad1c10e4e P e92a2036de454238809663ac303c6ade [CANDIDATE]: Term 2 pre-election: Requesting pre-vote from peer c36abe6b2bdb4e778576473f60926b7b (127.7.150.1:46291)
I1102 21:39:19.983614 9983 leader_election.cc:251] T 1652ac19c70f4370809e3baad1c10e4e P 33b43dabe1b543f39e7ed84247c575e8 [CANDIDATE]: Term 2 pre-election: Requesting pre-vote from peer c36abe6b2bdb4e778576473f60926b7b (127.7.150.1:46291)
I1102 21:39:19.984189 9271 tablet_service.cc:1001] Received RequestConsensusVote() RPC: tablet_id: "1652ac19c70f4370809e3baad1c10e4e" candidate_uuid: "33b43dabe1b543f39e7ed84247c575e8" candidate_term: 2 candidate_status { last_received { term: 1 index: 12 } } ignore_live_leader: false dest_uuid: "e92a2036de454238809663ac303c6ade" is_pre_election: true
I1102 21:39:19.984251 9271 raft_consensus.cc:2840] T 1652ac19c70f4370809e3baad1c10e4e P e92a2036de454238809663ac303c6ade: Snoozing failure detection for 1.695s (vote granted)
I1102 21:39:19.984262 8519 tablet_service.cc:1001] Received RequestConsensusVote() RPC: tablet_id: "1652ac19c70f4370809e3baad1c10e4e" candidate_uuid: "e92a2036de454238809663ac303c6ade" candidate_term: 2 candidate_status { last_received { term: 1 index: 12 } } ignore_live_leader: false dest_uuid: "33b43dabe1b543f39e7ed84247c575e8" is_pre_election: true
I1102 21:39:19.984258 9910 tablet_service.cc:1001] Received RequestConsensusVote() RPC: tablet_id: "1652ac19c70f4370809e3baad1c10e4e" candidate_uuid: "e92a2036de454238809663ac303c6ade" candidate_term: 2 candidate_status { last_received { term: 1 index: 12 } } ignore_live_leader: false dest_uuid: "c36abe6b2bdb4e778576473f60926b7b" is_pre_election: true
I1102 21:39:19.984283 9271 raft_consensus.cc:2352] T 1652ac19c70f4370809e3baad1c10e4e P e92a2036de454238809663ac303c6ade [term 1 FOLLOWER]: Leader pre-election vote request: Granting yes vote for candidate 33b43dabe1b543f39e7ed84247c575e8 in term 1.
I1102 21:39:19.984320 8519 raft_consensus.cc:2840] T 1652ac19c70f4370809e3baad1c10e4e P 33b43dabe1b543f39e7ed84247c575e8: Snoozing failure detection for 2.153s (vote granted)
I1102 21:39:19.984338 9911 tablet_service.cc:1001] Received RequestConsensusVote() RPC: tablet_id: "1652ac19c70f4370809e3baad1c10e4e" candidate_uuid: "33b43dabe1b543f39e7ed84247c575e8" candidate_term: 2 candidate_status { last_received { term: 1 index: 12 } } ignore_live_leader: false dest_uuid: "c36abe6b2bdb4e778576473f60926b7b" is_pre_election: true
I1102 21:39:19.984354 8519 raft_consensus.cc:2352] T 1652ac19c70f4370809e3baad1c10e4e P 33b43dabe1b543f39e7ed84247c575e8 [term 1 FOLLOWER]: Leader pre-election vote request: Granting yes vote for candidate e92a2036de454238809663ac303c6ade in term 1.
I1102 21:39:19.984355 9910 raft_consensus.cc:2840] T 1652ac19c70f4370809e3baad1c10e4e P c36abe6b2bdb4e778576473f60926b7b: Snoozing failure detection for 1.820s (vote granted)
I1102 21:39:19.984446 9910 raft_consensus.cc:2352] T 1652ac19c70f4370809e3baad1c10e4e P c36abe6b2bdb4e778576473f60926b7b [term 1 FOLLOWER]: Leader pre-election vote request: Granting yes vote for candidate e92a2036de454238809663ac303c6ade in term 1.
I1102 21:39:19.984515 9911 raft_consensus.cc:2327] T 1652ac19c70f4370809e3baad1c10e4e P c36abe6b2bdb4e778576473f60926b7b [term 1 FOLLOWER]: Leader pre-election vote request: Denying vote to candidate 33b43dabe1b543f39e7ed84247c575e8 for term 2 because replica is already servicing an update from a current leader or another vote.
I1102 21:39:19.984643 9205 leader_election.cc:387] T 1652ac19c70f4370809e3baad1c10e4e P e92a2036de454238809663ac303c6ade [CANDIDATE]: Term 2 pre-election: Vote granted by peer 33b43dabe1b543f39e7ed84247c575e8 (127.7.150.3:44373)
I1102 21:39:19.984669 9205 leader_election.cc:278] T 1652ac19c70f4370809e3baad1c10e4e P e92a2036de454238809663ac303c6ade [CANDIDATE]: Term 2 pre-election: Election decided. Result: candidate won.
I1102 21:39:19.984772 8451 leader_election.cc:387] T 1652ac19c70f4370809e3baad1c10e4e P 33b43dabe1b543f39e7ed84247c575e8 [CANDIDATE]: Term 2 pre-election: Vote granted by peer e92a2036de454238809663ac303c6ade (127.7.150.2:39313)
I1102 21:39:19.984803 8451 leader_election.cc:278] T 1652ac19c70f4370809e3baad1c10e4e P 33b43dabe1b543f39e7ed84247c575e8 [CANDIDATE]: Term 2 pre-election: Election decided. Result: candidate won.
I1102 21:39:19.984807 9726 raft_consensus.cc:2840] T 1652ac19c70f4370809e3baad1c10e4e P e92a2036de454238809663ac303c6ade: Snoozing failure detection for 1.643s (election complete)
I1102 21:39:19.984858 9726 raft_consensus.cc:2646] T 1652ac19c70f4370809e3baad1c10e4e P e92a2036de454238809663ac303c6ade [term 1 FOLLOWER]: Leader pre-election won for term 2
I1102 21:39:19.984879 9726 raft_consensus.cc:471] T 1652ac19c70f4370809e3baad1c10e4e P e92a2036de454238809663ac303c6ade [term 1 FOLLOWER]: Starting leader election (detected failure of leader c36abe6b2bdb4e778576473f60926b7b)
I1102 21:39:19.984899 9726 raft_consensus.cc:2840] T 1652ac19c70f4370809e3baad1c10e4e P e92a2036de454238809663ac303c6ade: Snoozing failure detection for 1.517s (starting election)
I1102 21:39:19.984920 9983 raft_consensus.cc:2840] T 1652ac19c70f4370809e3baad1c10e4e P 33b43dabe1b543f39e7ed84247c575e8: Snoozing failure detection for 1.524s (election complete)
I1102 21:39:19.984925 9726 raft_consensus.cc:2892] T 1652ac19c70f4370809e3baad1c10e4e P e92a2036de454238809663ac303c6ade [term 1 FOLLOWER]: Advancing to term 2
I1102 21:39:19.984951 9983 raft_consensus.cc:2646] T 1652ac19c70f4370809e3baad1c10e4e P 33b43dabe1b543f39e7ed84247c575e8 [term 1 FOLLOWER]: Leader pre-election won for term 2
I1102 21:39:19.984962 8453 leader_election.cc:401] T 1652ac19c70f4370809e3baad1c10e4e P 33b43dabe1b543f39e7ed84247c575e8 [CANDIDATE]: Term 2 pre-election: Vote denied by peer c36abe6b2bdb4e778576473f60926b7b (127.7.150.1:46291). Message: Service unavailable: T 1652ac19c70f4370809e3baad1c10e4e P c36abe6b2bdb4e778576473f60926b7b [term 1 FOLLOWER]: Leader pre-election vote request: Denying vote to candidate 33b43dabe1b543f39e7ed84247c575e8 for term 2 because replica is already servicing an update from a current leader or another vote.
I1102 21:39:19.984972 9983 raft_consensus.cc:471] T 1652ac19c70f4370809e3baad1c10e4e P 33b43dabe1b543f39e7ed84247c575e8 [term 1 FOLLOWER]: Starting leader election (detected failure of leader c36abe6b2bdb4e778576473f60926b7b)
I1102 21:39:19.984987 9983 raft_consensus.cc:2840] T 1652ac19c70f4370809e3baad1c10e4e P 33b43dabe1b543f39e7ed84247c575e8: Snoozing failure detection for 1.899s (starting election)
I1102 21:39:19.985008 9983 raft_consensus.cc:2892] T 1652ac19c70f4370809e3baad1c10e4e P 33b43dabe1b543f39e7ed84247c575e8 [term 1 FOLLOWER]: Advancing to term 2
I1102 21:39:19.984808 9204 leader_election.cc:387] T 1652ac19c70f4370809e3baad1c10e4e P e92a2036de454238809663ac303c6ade [CANDIDATE]: Term 2 pre-election: Vote granted by peer c36abe6b2bdb4e778576473f60926b7b (127.7.150.1:46291)
I1102 21:39:19.986006 9726 raft_consensus.cc:493] T 1652ac19c70f4370809e3baad1c10e4e P e92a2036de454238809663ac303c6ade [term 2 FOLLOWER]: Starting leader election with config: opid_index: -1 OBSOLETE_local: false peers { permanent_uuid: "e92a2036de454238809663ac303c6ade" member_type: VOTER last_known_addr { host: "127.7.150.2" port: 39313 } } peers { permanent_uuid: "33b43dabe1b543f39e7ed84247c575e8" member_type: VOTER last_known_addr { host: "127.7.150.3" port: 44373 } } peers { permanent_uuid: "c36abe6b2bdb4e778576473f60926b7b" member_type: VOTER last_known_addr { host: "127.7.150.1" port: 46291 } }
I1102 21:39:19.986011 9983 raft_consensus.cc:493] T 1652ac19c70f4370809e3baad1c10e4e P 33b43dabe1b543f39e7ed84247c575e8 [term 2 FOLLOWER]: Starting leader election with config: opid_index: -1 OBSOLETE_local: false peers { permanent_uuid: "e92a2036de454238809663ac303c6ade" member_type: VOTER last_known_addr { host: "127.7.150.2" port: 39313 } } peers { permanent_uuid: "33b43dabe1b543f39e7ed84247c575e8" member_type: VOTER last_known_addr { host: "127.7.150.3" port: 44373 } } peers { permanent_uuid: "c36abe6b2bdb4e778576473f60926b7b" member_type: VOTER last_known_addr { host: "127.7.150.1" port: 46291 } }
I1102 21:39:19.986193 9726 leader_election.cc:251] T 1652ac19c70f4370809e3baad1c10e4e P e92a2036de454238809663ac303c6ade [CANDIDATE]: Term 2 election: Requesting vote from peer 33b43dabe1b543f39e7ed84247c575e8 (127.7.150.3:44373)
I1102 21:39:19.986214 9983 leader_election.cc:251] T 1652ac19c70f4370809e3baad1c10e4e P 33b43dabe1b543f39e7ed84247c575e8 [CANDIDATE]: Term 2 election: Requesting vote from peer e92a2036de454238809663ac303c6ade (127.7.150.2:39313)
I1102 21:39:19.986297 9726 leader_election.cc:251] T 1652ac19c70f4370809e3baad1c10e4e P e92a2036de454238809663ac303c6ade [CANDIDATE]: Term 2 election: Requesting vote from peer c36abe6b2bdb4e778576473f60926b7b (127.7.150.1:46291)
I1102 21:39:19.986713 9271 tablet_service.cc:1001] Received RequestConsensusVote() RPC: tablet_id: "1652ac19c70f4370809e3baad1c10e4e" candidate_uuid: "33b43dabe1b543f39e7ed84247c575e8" candidate_term: 2 candidate_status { last_received { term: 1 index: 12 } } ignore_live_leader: false dest_uuid: "e92a2036de454238809663ac303c6ade"
I1102 21:39:19.986793 9271 raft_consensus.cc:2282] T 1652ac19c70f4370809e3baad1c10e4e P e92a2036de454238809663ac303c6ade [term 2 FOLLOWER]: Leader election vote request: Denying vote to candidate 33b43dabe1b543f39e7ed84247c575e8 in current term 2: Already voted for candidate e92a2036de454238809663ac303c6ade in this term.
I1102 21:39:19.986829 9983 leader_election.cc:251] T 1652ac19c70f4370809e3baad1c10e4e P 33b43dabe1b543f39e7ed84247c575e8 [CANDIDATE]: Term 2 election: Requesting vote from peer c36abe6b2bdb4e778576473f60926b7b (127.7.150.1:46291)
I1102 21:39:19.986853 8519 tablet_service.cc:1001] Received RequestConsensusVote() RPC: tablet_id: "1652ac19c70f4370809e3baad1c10e4e" candidate_uuid: "e92a2036de454238809663ac303c6ade" candidate_term: 2 candidate_status { last_received { term: 1 index: 12 } } ignore_live_leader: false dest_uuid: "33b43dabe1b543f39e7ed84247c575e8"
I1102 21:39:19.986874 9911 tablet_service.cc:1001] Received RequestConsensusVote() RPC: tablet_id: "1652ac19c70f4370809e3baad1c10e4e" candidate_uuid: "e92a2036de454238809663ac303c6ade" candidate_term: 2 candidate_status { last_received { term: 1 index: 12 } } ignore_live_leader: false dest_uuid: "c36abe6b2bdb4e778576473f60926b7b"
I1102 21:39:19.986909 8519 raft_consensus.cc:2282] T 1652ac19c70f4370809e3baad1c10e4e P 33b43dabe1b543f39e7ed84247c575e8 [term 2 FOLLOWER]: Leader election vote request: Denying vote to candidate e92a2036de454238809663ac303c6ade in current term 2: Already voted for candidate 33b43dabe1b543f39e7ed84247c575e8 in this term.
I1102 21:39:19.986948 9911 raft_consensus.cc:2892] T 1652ac19c70f4370809e3baad1c10e4e P c36abe6b2bdb4e778576473f60926b7b [term 1 FOLLOWER]: Advancing to term 2
I1102 21:39:19.987017 9911 raft_consensus.cc:2840] T 1652ac19c70f4370809e3baad1c10e4e P c36abe6b2bdb4e778576473f60926b7b: Snoozing failure detection for 2.196s (vote granted)
I1102 21:39:19.987112 8451 leader_election.cc:401] T 1652ac19c70f4370809e3baad1c10e4e P 33b43dabe1b543f39e7ed84247c575e8 [CANDIDATE]: Term 2 election: Vote denied by peer e92a2036de454238809663ac303c6ade (127.7.150.2:39313). Message: Invalid argument: T 1652ac19c70f4370809e3baad1c10e4e P e92a2036de454238809663ac303c6ade [term 2 FOLLOWER]: Leader election vote request: Denying vote to candidate 33b43dabe1b543f39e7ed84247c575e8 in current term 2: Already voted for candidate e92a2036de454238809663ac303c6ade in this term.
I1102 21:39:19.987272 9205 leader_election.cc:401] T 1652ac19c70f4370809e3baad1c10e4e P e92a2036de454238809663ac303c6ade [CANDIDATE]: Term 2 election: Vote denied by peer 33b43dabe1b543f39e7ed84247c575e8 (127.7.150.3:44373). Message: Invalid argument: T 1652ac19c70f4370809e3baad1c10e4e P 33b43dabe1b543f39e7ed84247c575e8 [term 2 FOLLOWER]: Leader election vote request: Denying vote to candidate e92a2036de454238809663ac303c6ade in current term 2: Already voted for candidate 33b43dabe1b543f39e7ed84247c575e8 in this term.
I1102 21:39:19.987365 9910 tablet_service.cc:1001] Received RequestConsensusVote() RPC: tablet_id: "1652ac19c70f4370809e3baad1c10e4e" candidate_uuid: "33b43dabe1b543f39e7ed84247c575e8" candidate_term: 2 candidate_status { last_received { term: 1 index: 12 } } ignore_live_leader: false dest_uuid: "c36abe6b2bdb4e778576473f60926b7b"
I1102 21:39:19.987992 9911 raft_consensus.cc:2352] T 1652ac19c70f4370809e3baad1c10e4e P c36abe6b2bdb4e778576473f60926b7b [term 2 FOLLOWER]: Leader election vote request: Granting yes vote for candidate e92a2036de454238809663ac303c6ade in term 2.
I1102 21:39:19.988129 9910 raft_consensus.cc:2327] T 1652ac19c70f4370809e3baad1c10e4e P c36abe6b2bdb4e778576473f60926b7b [term 2 FOLLOWER]: Leader election vote request: Denying vote to candidate 33b43dabe1b543f39e7ed84247c575e8 for term 2 because replica is already servicing an update from a current leader or another vote.
I1102 21:39:19.988350 9204 leader_election.cc:387] T 1652ac19c70f4370809e3baad1c10e4e P e92a2036de454238809663ac303c6ade [CANDIDATE]: Term 2 election: Vote granted by peer c36abe6b2bdb4e778576473f60926b7b (127.7.150.1:46291)
I1102 21:39:19.988445 9204 leader_election.cc:278] T 1652ac19c70f4370809e3baad1c10e4e P e92a2036de454238809663ac303c6ade [CANDIDATE]: Term 2 election: Election decided. Result: candidate won.
I1102 21:39:19.988549 8453 leader_election.cc:401] T 1652ac19c70f4370809e3baad1c10e4e P 33b43dabe1b543f39e7ed84247c575e8 [CANDIDATE]: Term 2 election: Vote denied by peer c36abe6b2bdb4e778576473f60926b7b (127.7.150.1:46291). Message: Service unavailable: T 1652ac19c70f4370809e3baad1c10e4e P c36abe6b2bdb4e778576473f60926b7b [term 2 FOLLOWER]: Leader election vote request: Denying vote to candidate 33b43dabe1b543f39e7ed84247c575e8 for term 2 because replica is already servicing an update from a current leader or another vote.
I1102 21:39:19.988580 9726 raft_consensus.cc:2840] T 1652ac19c70f4370809e3baad1c10e4e P e92a2036de454238809663ac303c6ade: Snoozing failure detection for 2.248s (election complete)
I1102 21:39:19.988591 8453 leader_election.cc:278] T 1652ac19c70f4370809e3baad1c10e4e P 33b43dabe1b543f39e7ed84247c575e8 [CANDIDATE]: Term 2 election: Election decided. Result: candidate lost.
I1102 21:39:19.988615 9726 raft_consensus.cc:2646] T 1652ac19c70f4370809e3baad1c10e4e P e92a2036de454238809663ac303c6ade [term 2 FOLLOWER]: Leader election won for term 2
I1102 21:39:19.988685 9726 raft_consensus.cc:666] T 1652ac19c70f4370809e3baad1c10e4e P e92a2036de454238809663ac303c6ade [term 2 LEADER]: Becoming Leader. State: Replica: e92a2036de454238809663ac303c6ade, State: Running, Role: LEADER
I1102 21:39:19.988739 9983 raft_consensus.cc:2840] T 1652ac19c70f4370809e3baad1c10e4e P 33b43dabe1b543f39e7ed84247c575e8: Snoozing failure detection for 1.776s (election complete)
I1102 21:39:19.988783 9983 raft_consensus.cc:2594] T 1652ac19c70f4370809e3baad1c10e4e P 33b43dabe1b543f39e7ed84247c575e8 [term 2 FOLLOWER]: Leader election lost for term 2. Reason: could not achieve majority
I1102 21:39:19.988870 9726 consensus_queue.cc:206] T 1652ac19c70f4370809e3baad1c10e4e P e92a2036de454238809663ac303c6ade [LEADER]: Queue going to LEADER mode. State: All replicated index: 0, Majority replicated index: 12, Committed index: 12, Last appended: 1.12, Last appended by leader: 12, Current term: 2, Majority size: 2, State: 0, Mode: LEADER, active raft config: opid_index: -1 OBSOLETE_local: false peers { permanent_uuid: "e92a2036de454238809663ac303c6ade" member_type: VOTER last_known_addr { host: "127.7.150.2" port: 39313 } } peers { permanent_uuid: "33b43dabe1b543f39e7ed84247c575e8" member_type: VOTER last_known_addr { host: "127.7.150.3" port: 44373 } } peers { permanent_uuid: "c36abe6b2bdb4e778576473f60926b7b" member_type: VOTER last_known_addr { host: "127.7.150.1" port: 46291 } }
I1102 21:39:19.990599 9069 catalog_manager.cc:3778] T 1652ac19c70f4370809e3baad1c10e4e P e92a2036de454238809663ac303c6ade reported cstate change: term changed from 1 to 2, leader changed from c36abe6b2bdb4e778576473f60926b7b (127.7.150.1) to e92a2036de454238809663ac303c6ade (127.7.150.2). New cstate: current_term: 2 leader_uuid: "e92a2036de454238809663ac303c6ade" committed_config { opid_index: -1 OBSOLETE_local: false peers { permanent_uuid: "e92a2036de454238809663ac303c6ade" member_type: VOTER last_known_addr { host: "127.7.150.2" port: 39313 } health_report { overall_health: HEALTHY } } peers { permanent_uuid: "33b43dabe1b543f39e7ed84247c575e8" member_type: VOTER last_known_addr { host: "127.7.150.3" port: 44373 } health_report { overall_health: UNKNOWN } } peers { permanent_uuid: "c36abe6b2bdb4e778576473f60926b7b" member_type: VOTER last_known_addr { host: "127.7.150.1" port: 46291 } health_report { overall_health: UNKNOWN } } }
I1102 21:39:20.002763 9726 raft_consensus.cc:471] T a33395cf77dc424e86b496d77002510f P e92a2036de454238809663ac303c6ade [term 1 FOLLOWER]: Starting pre-election (detected failure of leader c36abe6b2bdb4e778576473f60926b7b)
I1102 21:39:20.002805 9726 raft_consensus.cc:2840] T a33395cf77dc424e86b496d77002510f P e92a2036de454238809663ac303c6ade: Snoozing failure detection for 1.737s (starting election)
I1102 21:39:20.002880 9726 raft_consensus.cc:493] T a33395cf77dc424e86b496d77002510f P e92a2036de454238809663ac303c6ade [term 1 FOLLOWER]: Starting pre-election with config: opid_index: -1 OBSOLETE_local: false peers { permanent_uuid: "33b43dabe1b543f39e7ed84247c575e8" member_type: VOTER last_known_addr { host: "127.7.150.3" port: 44373 } } peers { permanent_uuid: "e92a2036de454238809663ac303c6ade" member_type: VOTER last_known_addr { host: "127.7.150.2" port: 39313 } } peers { permanent_uuid: "c36abe6b2bdb4e778576473f60926b7b" member_type: VOTER last_known_addr { host: "127.7.150.1" port: 46291 } }
I1102 21:39:20.003029 9726 leader_election.cc:251] T a33395cf77dc424e86b496d77002510f P e92a2036de454238809663ac303c6ade [CANDIDATE]: Term 2 pre-election: Requesting pre-vote from peer 33b43dabe1b543f39e7ed84247c575e8 (127.7.150.3:44373)
I1102 21:39:20.003129 9726 leader_election.cc:251] T a33395cf77dc424e86b496d77002510f P e92a2036de454238809663ac303c6ade [CANDIDATE]: Term 2 pre-election: Requesting pre-vote from peer c36abe6b2bdb4e778576473f60926b7b (127.7.150.1:46291)
I1102 21:39:20.003538 9983 raft_consensus.cc:471] T a33395cf77dc424e86b496d77002510f P 33b43dabe1b543f39e7ed84247c575e8 [term 1 FOLLOWER]: Starting pre-election (detected failure of leader c36abe6b2bdb4e778576473f60926b7b)
I1102 21:39:20.003587 9983 raft_consensus.cc:2840] T a33395cf77dc424e86b496d77002510f P 33b43dabe1b543f39e7ed84247c575e8: Snoozing failure detection for 2.080s (starting election)
I1102 21:39:20.003620 8519 tablet_service.cc:1001] Received RequestConsensusVote() RPC: tablet_id: "a33395cf77dc424e86b496d77002510f" candidate_uuid: "e92a2036de454238809663ac303c6ade" candidate_term: 2 candidate_status { last_received { term: 1 index: 10 } } ignore_live_leader: false dest_uuid: "33b43dabe1b543f39e7ed84247c575e8" is_pre_election: true
I1102 21:39:20.003674 9983 raft_consensus.cc:493] T a33395cf77dc424e86b496d77002510f P 33b43dabe1b543f39e7ed84247c575e8 [term 1 FOLLOWER]: Starting pre-election with config: opid_index: -1 OBSOLETE_local: false peers { permanent_uuid: "33b43dabe1b543f39e7ed84247c575e8" member_type: VOTER last_known_addr { host: "127.7.150.3" port: 44373 } } peers { permanent_uuid: "e92a2036de454238809663ac303c6ade" member_type: VOTER last_known_addr { host: "127.7.150.2" port: 39313 } } peers { permanent_uuid: "c36abe6b2bdb4e778576473f60926b7b" member_type: VOTER last_known_addr { host: "127.7.150.1" port: 46291 } }
I1102 21:39:20.003878 8519 raft_consensus.cc:2840] T a33395cf77dc424e86b496d77002510f P 33b43dabe1b543f39e7ed84247c575e8: Snoozing failure detection for 1.568s (vote granted)
I1102 21:39:20.003917 9983 leader_election.cc:251] T a33395cf77dc424e86b496d77002510f P 33b43dabe1b543f39e7ed84247c575e8 [CANDIDATE]: Term 2 pre-election: Requesting pre-vote from peer e92a2036de454238809663ac303c6ade (127.7.150.2:39313)
I1102 21:39:20.003950 8519 raft_consensus.cc:2352] T a33395cf77dc424e86b496d77002510f P 33b43dabe1b543f39e7ed84247c575e8 [term 1 FOLLOWER]: Leader pre-election vote request: Granting yes vote for candidate e92a2036de454238809663ac303c6ade in term 1.
I1102 21:39:20.004009 9910 tablet_service.cc:1001] Received RequestConsensusVote() RPC: tablet_id: "a33395cf77dc424e86b496d77002510f" candidate_uuid: "e92a2036de454238809663ac303c6ade" candidate_term: 2 candidate_status { last_received { term: 1 index: 10 } } ignore_live_leader: false dest_uuid: "c36abe6b2bdb4e778576473f60926b7b" is_pre_election: true
I1102 21:39:20.004076 9910 raft_consensus.cc:2840] T a33395cf77dc424e86b496d77002510f P c36abe6b2bdb4e778576473f60926b7b: Snoozing failure detection for 3.254s (vote granted)
I1102 21:39:20.004108 9910 raft_consensus.cc:2352] T a33395cf77dc424e86b496d77002510f P c36abe6b2bdb4e778576473f60926b7b [term 1 FOLLOWER]: Leader pre-election vote request: Granting yes vote for candidate e92a2036de454238809663ac303c6ade in term 1.
I1102 21:39:20.004118 9983 leader_election.cc:251] T a33395cf77dc424e86b496d77002510f P 33b43dabe1b543f39e7ed84247c575e8 [CANDIDATE]: Term 2 pre-election: Requesting pre-vote from peer c36abe6b2bdb4e778576473f60926b7b (127.7.150.1:46291)
I1102 21:39:20.004480 9204 leader_election.cc:387] T a33395cf77dc424e86b496d77002510f P e92a2036de454238809663ac303c6ade [CANDIDATE]: Term 2 pre-election: Vote granted by peer c36abe6b2bdb4e778576473f60926b7b (127.7.150.1:46291)
I1102 21:39:20.004528 9205 leader_election.cc:387] T a33395cf77dc424e86b496d77002510f P e92a2036de454238809663ac303c6ade [CANDIDATE]: Term 2 pre-election: Vote granted by peer 33b43dabe1b543f39e7ed84247c575e8 (127.7.150.3:44373)
I1102 21:39:20.004565 9205 leader_election.cc:278] T a33395cf77dc424e86b496d77002510f P e92a2036de454238809663ac303c6ade [CANDIDATE]: Term 2 pre-election: Election decided. Result: candidate won.
I1102 21:39:20.004619 9910 tablet_service.cc:1001] Received RequestConsensusVote() RPC: tablet_id: "a33395cf77dc424e86b496d77002510f" candidate_uuid: "33b43dabe1b543f39e7ed84247c575e8" candidate_term: 2 candidate_status { last_received { term: 1 index: 10 } } ignore_live_leader: false dest_uuid: "c36abe6b2bdb4e778576473f60926b7b" is_pre_election: true
I1102 21:39:20.004680 9910 raft_consensus.cc:2840] T a33395cf77dc424e86b496d77002510f P c36abe6b2bdb4e778576473f60926b7b: Snoozing failure detection for 2.484s (vote granted)
I1102 21:39:20.004714 9910 raft_consensus.cc:2352] T a33395cf77dc424e86b496d77002510f P c36abe6b2bdb4e778576473f60926b7b [term 1 FOLLOWER]: Leader pre-election vote request: Granting yes vote for candidate 33b43dabe1b543f39e7ed84247c575e8 in term 1.
I1102 21:39:20.004766 9271 tablet_service.cc:1001] Received RequestConsensusVote() RPC: tablet_id: "a33395cf77dc424e86b496d77002510f" candidate_uuid: "33b43dabe1b543f39e7ed84247c575e8" candidate_term: 2 candidate_status { last_received { term: 1 index: 10 } } ignore_live_leader: false dest_uuid: "e92a2036de454238809663ac303c6ade" is_pre_election: true
I1102 21:39:20.004820 9271 raft_consensus.cc:2840] T a33395cf77dc424e86b496d77002510f P e92a2036de454238809663ac303c6ade: Snoozing failure detection for 2.091s (vote granted)
I1102 21:39:20.004851 9271 raft_consensus.cc:2352] T a33395cf77dc424e86b496d77002510f P e92a2036de454238809663ac303c6ade [term 1 FOLLOWER]: Leader pre-election vote request: Granting yes vote for candidate 33b43dabe1b543f39e7ed84247c575e8 in term 1.
I1102 21:39:20.004953 9984 raft_consensus.cc:2840] T a33395cf77dc424e86b496d77002510f P e92a2036de454238809663ac303c6ade: Snoozing failure detection for 1.617s (election complete)
I1102 21:39:20.004997 9984 raft_consensus.cc:2646] T a33395cf77dc424e86b496d77002510f P e92a2036de454238809663ac303c6ade [term 1 FOLLOWER]: Leader pre-election won for term 2
I1102 21:39:20.005022 9984 raft_consensus.cc:471] T a33395cf77dc424e86b496d77002510f P e92a2036de454238809663ac303c6ade [term 1 FOLLOWER]: Starting leader election (detected failure of leader c36abe6b2bdb4e778576473f60926b7b)
I1102 21:39:20.005022 8453 leader_election.cc:387] T a33395cf77dc424e86b496d77002510f P 33b43dabe1b543f39e7ed84247c575e8 [CANDIDATE]: Term 2 pre-election: Vote granted by peer c36abe6b2bdb4e778576473f60926b7b (127.7.150.1:46291)
I1102 21:39:20.005038 9984 raft_consensus.cc:2840] T a33395cf77dc424e86b496d77002510f P e92a2036de454238809663ac303c6ade: Snoozing failure detection for 1.653s (starting election)
I1102 21:39:20.005046 8453 leader_election.cc:278] T a33395cf77dc424e86b496d77002510f P 33b43dabe1b543f39e7ed84247c575e8 [CANDIDATE]: Term 2 pre-election: Election decided. Result: candidate won.
I1102 21:39:20.005064 9984 raft_consensus.cc:2892] T a33395cf77dc424e86b496d77002510f P e92a2036de454238809663ac303c6ade [term 1 FOLLOWER]: Advancing to term 2
I1102 21:39:20.005156 9983 raft_consensus.cc:2840] T a33395cf77dc424e86b496d77002510f P 33b43dabe1b543f39e7ed84247c575e8: Snoozing failure detection for 1.874s (election complete)
I1102 21:39:20.005200 9983 raft_consensus.cc:2646] T a33395cf77dc424e86b496d77002510f P 33b43dabe1b543f39e7ed84247c575e8 [term 1 FOLLOWER]: Leader pre-election won for term 2
I1102 21:39:20.005246 9983 raft_consensus.cc:471] T a33395cf77dc424e86b496d77002510f P 33b43dabe1b543f39e7ed84247c575e8 [term 1 FOLLOWER]: Starting leader election (detected failure of leader c36abe6b2bdb4e778576473f60926b7b)
I1102 21:39:20.005278 9983 raft_consensus.cc:2840] T a33395cf77dc424e86b496d77002510f P 33b43dabe1b543f39e7ed84247c575e8: Snoozing failure detection for 1.769s (starting election)
I1102 21:39:20.005304 9983 raft_consensus.cc:2892] T a33395cf77dc424e86b496d77002510f P 33b43dabe1b543f39e7ed84247c575e8 [term 1 FOLLOWER]: Advancing to term 2
I1102 21:39:20.006330 8451 leader_election.cc:387] T a33395cf77dc424e86b496d77002510f P 33b43dabe1b543f39e7ed84247c575e8 [CANDIDATE]: Term 2 pre-election: Vote granted by peer e92a2036de454238809663ac303c6ade (127.7.150.2:39313)
I1102 21:39:20.006559 9984 raft_consensus.cc:493] T a33395cf77dc424e86b496d77002510f P e92a2036de454238809663ac303c6ade [term 2 FOLLOWER]: Starting leader election with config: opid_index: -1 OBSOLETE_local: false peers { permanent_uuid: "33b43dabe1b543f39e7ed84247c575e8" member_type: VOTER last_known_addr { host: "127.7.150.3" port: 44373 } } peers { permanent_uuid: "e92a2036de454238809663ac303c6ade" member_type: VOTER last_known_addr { host: "127.7.150.2" port: 39313 } } peers { permanent_uuid: "c36abe6b2bdb4e778576473f60926b7b" member_type: VOTER last_known_addr { host: "127.7.150.1" port: 46291 } }
I1102 21:39:20.006584 9983 raft_consensus.cc:493] T a33395cf77dc424e86b496d77002510f P 33b43dabe1b543f39e7ed84247c575e8 [term 2 FOLLOWER]: Starting leader election with config: opid_index: -1 OBSOLETE_local: false peers { permanent_uuid: "33b43dabe1b543f39e7ed84247c575e8" member_type: VOTER last_known_addr { host: "127.7.150.3" port: 44373 } } peers { permanent_uuid: "e92a2036de454238809663ac303c6ade" member_type: VOTER last_known_addr { host: "127.7.150.2" port: 39313 } } peers { permanent_uuid: "c36abe6b2bdb4e778576473f60926b7b" member_type: VOTER last_known_addr { host: "127.7.150.1" port: 46291 } }
I1102 21:39:20.006731 9984 leader_election.cc:251] T a33395cf77dc424e86b496d77002510f P e92a2036de454238809663ac303c6ade [CANDIDATE]: Term 2 election: Requesting vote from peer 33b43dabe1b543f39e7ed84247c575e8 (127.7.150.3:44373)
I1102 21:39:20.006750 9983 leader_election.cc:251] T a33395cf77dc424e86b496d77002510f P 33b43dabe1b543f39e7ed84247c575e8 [CANDIDATE]: Term 2 election: Requesting vote from peer e92a2036de454238809663ac303c6ade (127.7.150.2:39313)
I1102 21:39:20.006839 9983 leader_election.cc:251] T a33395cf77dc424e86b496d77002510f P 33b43dabe1b543f39e7ed84247c575e8 [CANDIDATE]: Term 2 election: Requesting vote from peer c36abe6b2bdb4e778576473f60926b7b (127.7.150.1:46291)
I1102 21:39:20.006840 9984 leader_election.cc:251] T a33395cf77dc424e86b496d77002510f P e92a2036de454238809663ac303c6ade [CANDIDATE]: Term 2 election: Requesting vote from peer c36abe6b2bdb4e778576473f60926b7b (127.7.150.1:46291)
I1102 21:39:20.007184 9271 tablet_service.cc:1001] Received RequestConsensusVote() RPC: tablet_id: "a33395cf77dc424e86b496d77002510f" candidate_uuid: "33b43dabe1b543f39e7ed84247c575e8" candidate_term: 2 candidate_status { last_received { term: 1 index: 10 } } ignore_live_leader: false dest_uuid: "e92a2036de454238809663ac303c6ade"
I1102 21:39:20.007246 9271 raft_consensus.cc:2282] T a33395cf77dc424e86b496d77002510f P e92a2036de454238809663ac303c6ade [term 2 FOLLOWER]: Leader election vote request: Denying vote to candidate 33b43dabe1b543f39e7ed84247c575e8 in current term 2: Already voted for candidate e92a2036de454238809663ac303c6ade in this term.
I1102 21:39:20.007472 9910 tablet_service.cc:1001] Received RequestConsensusVote() RPC: tablet_id: "a33395cf77dc424e86b496d77002510f" candidate_uuid: "33b43dabe1b543f39e7ed84247c575e8" candidate_term: 2 candidate_status { last_received { term: 1 index: 10 } } ignore_live_leader: false dest_uuid: "c36abe6b2bdb4e778576473f60926b7b"
I1102 21:39:20.007519 9910 raft_consensus.cc:2892] T a33395cf77dc424e86b496d77002510f P c36abe6b2bdb4e778576473f60926b7b [term 1 FOLLOWER]: Advancing to term 2
I1102 21:39:20.007545 8519 tablet_service.cc:1001] Received RequestConsensusVote() RPC: tablet_id: "a33395cf77dc424e86b496d77002510f" candidate_uuid: "e92a2036de454238809663ac303c6ade" candidate_term: 2 candidate_status { last_received { term: 1 index: 10 } } ignore_live_leader: false dest_uuid: "33b43dabe1b543f39e7ed84247c575e8"
I1102 21:39:20.007557 9910 raft_consensus.cc:2840] T a33395cf77dc424e86b496d77002510f P c36abe6b2bdb4e778576473f60926b7b: Snoozing failure detection for 2.658s (vote granted)
I1102 21:39:20.007588 9911 tablet_service.cc:1001] Received RequestConsensusVote() RPC: tablet_id: "a33395cf77dc424e86b496d77002510f" candidate_uuid: "e92a2036de454238809663ac303c6ade" candidate_term: 2 candidate_status { last_received { term: 1 index: 10 } } ignore_live_leader: false dest_uuid: "c36abe6b2bdb4e778576473f60926b7b"
I1102 21:39:20.007596 8519 raft_consensus.cc:2282] T a33395cf77dc424e86b496d77002510f P 33b43dabe1b543f39e7ed84247c575e8 [term 2 FOLLOWER]: Leader election vote request: Denying vote to candidate e92a2036de454238809663ac303c6ade in current term 2: Already voted for candidate 33b43dabe1b543f39e7ed84247c575e8 in this term.
I1102 21:39:20.007627 8451 leader_election.cc:401] T a33395cf77dc424e86b496d77002510f P 33b43dabe1b543f39e7ed84247c575e8 [CANDIDATE]: Term 2 election: Vote denied by peer e92a2036de454238809663ac303c6ade (127.7.150.2:39313). Message: Invalid argument: T a33395cf77dc424e86b496d77002510f P e92a2036de454238809663ac303c6ade [term 2 FOLLOWER]: Leader election vote request: Denying vote to candidate 33b43dabe1b543f39e7ed84247c575e8 in current term 2: Already voted for candidate e92a2036de454238809663ac303c6ade in this term.
