I1102 21:39:04.438092 8501 ts_tablet_manager.cc:1173] T a8ae8156f3ad4fb3ab494ce26bb1a039 P 33b43dabe1b543f39e7ed84247c575e8: Registered tablet (data state: TABLET_DATA_READY)
I1102 21:39:04.438200 8578 raft_consensus.cc:2176] T 6d1caf19692440c98558c161b50a946a P c36abe6b2bdb4e778576473f60926b7b [term 1 FOLLOWER]: Raft consensus is shut down!
I1102 21:39:04.438331 8459 ts_tablet_manager.cc:1028] T a8ae8156f3ad4fb3ab494ce26bb1a039 P 33b43dabe1b543f39e7ed84247c575e8: Bootstrapping tablet
I1102 21:39:04.438423 8459 tablet_bootstrap.cc:438] T a8ae8156f3ad4fb3ab494ce26bb1a039 P 33b43dabe1b543f39e7ed84247c575e8: Bootstrap starting.
I1102 21:39:04.438891 8022 ts_tablet_manager.cc:1173] T a8ae8156f3ad4fb3ab494ce26bb1a039 P e92a2036de454238809663ac303c6ade: Registered tablet (data state: TABLET_DATA_READY)
I1102 21:39:04.439108 8577 ts_tablet_manager.cc:1369] T 6d1caf19692440c98558c161b50a946a P e92a2036de454238809663ac303c6ade: Deleting tablet data with delete state TABLET_DATA_DELETED
I1102 21:39:04.439108 8583 ts_tablet_manager.cc:1028] T a8ae8156f3ad4fb3ab494ce26bb1a039 P e92a2036de454238809663ac303c6ade: Bootstrapping tablet
I1102 21:39:04.439235 8583 tablet_bootstrap.cc:438] T a8ae8156f3ad4fb3ab494ce26bb1a039 P e92a2036de454238809663ac303c6ade: Bootstrap starting.
I1102 21:39:04.439288 8459 tablet_bootstrap.cc:592] T a8ae8156f3ad4fb3ab494ce26bb1a039 P 33b43dabe1b543f39e7ed84247c575e8: No blocks or log segments found. Creating new log.
I1102 21:39:04.439553 7783 catalog_manager.cc:3158] TS c36abe6b2bdb4e778576473f60926b7b (127.7.150.1:46291): tablet 9779ee4912cb4b43adac02788f49eb22 (table default.test_table [id=e93179f4d3eb4a26a760d9d76293265f]) successfully deleted
I1102 21:39:04.440493 8582 tablet_replica.cc:263] T 6d1caf19692440c98558c161b50a946a P 33b43dabe1b543f39e7ed84247c575e8: stopping tablet replica
I1102 21:39:04.440538 8582 maintenance_manager.cc:237] P 33b43dabe1b543f39e7ed84247c575e8: Unregistered op CompactRowSetsOp(6d1caf19692440c98558c161b50a946a)
I1102 21:39:04.440567 8582 maintenance_manager.cc:237] P 33b43dabe1b543f39e7ed84247c575e8: Unregistered op MinorDeltaCompactionOp(6d1caf19692440c98558c161b50a946a)
I1102 21:39:04.440580 8582 maintenance_manager.cc:237] P 33b43dabe1b543f39e7ed84247c575e8: Unregistered op MajorDeltaCompactionOp(6d1caf19692440c98558c161b50a946a)
I1102 21:39:04.440589 8582 maintenance_manager.cc:237] P 33b43dabe1b543f39e7ed84247c575e8: Unregistered op UndoDeltaBlockGCOp(6d1caf19692440c98558c161b50a946a)
I1102 21:39:04.440609 8582 maintenance_manager.cc:237] P 33b43dabe1b543f39e7ed84247c575e8: Unregistered op FlushMRSOp(6d1caf19692440c98558c161b50a946a)
I1102 21:39:04.440620 8582 maintenance_manager.cc:237] P 33b43dabe1b543f39e7ed84247c575e8: Unregistered op FlushDeltaMemStoresOp(6d1caf19692440c98558c161b50a946a)
I1102 21:39:04.440630 8582 maintenance_manager.cc:237] P 33b43dabe1b543f39e7ed84247c575e8: Unregistered op LogGCOp(6d1caf19692440c98558c161b50a946a)
I1102 21:39:04.440654 8582 raft_consensus.cc:2149] T 6d1caf19692440c98558c161b50a946a P 33b43dabe1b543f39e7ed84247c575e8 [term 1 FOLLOWER]: Raft consensus shutting down.
I1102 21:39:04.440714 8582 raft_consensus.cc:2176] T 6d1caf19692440c98558c161b50a946a P 33b43dabe1b543f39e7ed84247c575e8 [term 1 FOLLOWER]: Raft consensus is shut down!
I1102 21:39:04.441125 8578 ts_tablet_manager.cc:1369] T 6d1caf19692440c98558c161b50a946a P c36abe6b2bdb4e778576473f60926b7b: Deleting tablet data with delete state TABLET_DATA_DELETED
I1102 21:39:04.441490 8582 ts_tablet_manager.cc:1369] T 6d1caf19692440c98558c161b50a946a P 33b43dabe1b543f39e7ed84247c575e8: Deleting tablet data with delete state TABLET_DATA_DELETED
I1102 21:39:04.442682 8459 tablet_bootstrap.cc:438] T a8ae8156f3ad4fb3ab494ce26bb1a039 P 33b43dabe1b543f39e7ed84247c575e8: No bootstrap required, opened a new log
I1102 21:39:04.442771 8459 ts_tablet_manager.cc:1045] T a8ae8156f3ad4fb3ab494ce26bb1a039 P 33b43dabe1b543f39e7ed84247c575e8: Time spent bootstrapping tablet: real 0.004s user 0.001s sys 0.000s
I1102 21:39:04.443306 8459 raft_consensus.cc:339] T a8ae8156f3ad4fb3ab494ce26bb1a039 P 33b43dabe1b543f39e7ed84247c575e8 [term 0 FOLLOWER]: Replica starting. Triggering 0 pending transactions. Active config: opid_index: -1 OBSOLETE_local: false peers { permanent_uuid: "e92a2036de454238809663ac303c6ade" member_type: VOTER last_known_addr { host: "127.7.150.2" port: 39313 } } peers { permanent_uuid: "c36abe6b2bdb4e778576473f60926b7b" member_type: VOTER last_known_addr { host: "127.7.150.1" port: 46291 } } peers { permanent_uuid: "33b43dabe1b543f39e7ed84247c575e8" member_type: VOTER last_known_addr { host: "127.7.150.3" port: 44373 } }
I1102 21:39:04.443349 8459 raft_consensus.cc:365] T a8ae8156f3ad4fb3ab494ce26bb1a039 P 33b43dabe1b543f39e7ed84247c575e8 [term 0 FOLLOWER]: Consensus starting up: Expiring failure detector timer to make a prompt election more likely
I1102 21:39:04.443372 8459 raft_consensus.cc:704] T a8ae8156f3ad4fb3ab494ce26bb1a039 P 33b43dabe1b543f39e7ed84247c575e8 [term 0 FOLLOWER]: Becoming Follower/Learner. State: Replica: 33b43dabe1b543f39e7ed84247c575e8, State: Initialized, Role: FOLLOWER
I1102 21:39:04.443537 8459 consensus_queue.cc:229] T a8ae8156f3ad4fb3ab494ce26bb1a039 P 33b43dabe1b543f39e7ed84247c575e8 [NON_LEADER]: Queue going to NON_LEADER mode. State: All replicated index: 0, Majority replicated index: 0, Committed index: 0, Last appended: 0.0, Last appended by leader: 0, Current term: 0, Majority size: -1, State: 0, Mode: NON_LEADER, active raft config: opid_index: -1 OBSOLETE_local: false peers { permanent_uuid: "e92a2036de454238809663ac303c6ade" member_type: VOTER last_known_addr { host: "127.7.150.2" port: 39313 } } peers { permanent_uuid: "c36abe6b2bdb4e778576473f60926b7b" member_type: VOTER last_known_addr { host: "127.7.150.1" port: 46291 } } peers { permanent_uuid: "33b43dabe1b543f39e7ed84247c575e8" member_type: VOTER last_known_addr { host: "127.7.150.3" port: 44373 } }
I1102 21:39:04.443739 8459 ts_tablet_manager.cc:1073] T a8ae8156f3ad4fb3ab494ce26bb1a039 P 33b43dabe1b543f39e7ed84247c575e8: Time spent starting tablet: real 0.001s user 0.001s sys 0.000s
I1102 21:39:04.444170 8582 ts_tablet_manager.cc:1382] T 6d1caf19692440c98558c161b50a946a P 33b43dabe1b543f39e7ed84247c575e8: tablet deleted with delete type TABLET_DATA_DELETED: last-logged OpId 1.48
I1102 21:39:04.444224 8582 log.cc:986] T 6d1caf19692440c98558c161b50a946a P 33b43dabe1b543f39e7ed84247c575e8: Deleting WAL directory at /tmp/dist-test-taskoKLkQa/test-tmp/alter_table-randomized-test.0.HmsConfigurations_AlterTableRandomized.TestRandomSequence_0.1541194740983682-7768/minicluster-data/ts-2/wal/wals/6d1caf19692440c98558c161b50a946a
I1102 21:39:04.444701 7794 catalog_manager.cc:3873] TS 33b43dabe1b543f39e7ed84247c575e8 (127.7.150.3:44373) does not have the latest schema for tablet a8ae8156f3ad4fb3ab494ce26bb1a039 (table default.test_table [id=e93179f4d3eb4a26a760d9d76293265f]). Expected version 11 got 0
I1102 21:39:04.444731 8582 ts_tablet_manager.cc:1403] T 6d1caf19692440c98558c161b50a946a P 33b43dabe1b543f39e7ed84247c575e8: Deleting consensus metadata
I1102 21:39:04.444931 7794 catalog_manager.cc:2958] Scheduling retry of a8ae8156f3ad4fb3ab494ce26bb1a039 (table default.test_table [id=e93179f4d3eb4a26a760d9d76293265f]) Alter Table RPC with a delay of 40 ms (attempt = 1)
W1102 21:39:04.444990 7794 catalog_manager.cc:3937] Failed to send a8ae8156f3ad4fb3ab494ce26bb1a039 (table default.test_table [id=e93179f4d3eb4a26a760d9d76293265f]) Alter Table RPC: Not found: failed to reset TS proxy: No leader found: Tablet a8ae8156f3ad4fb3ab494ce26bb1a039 consensus state has no leader
I1102 21:39:04.445575 7784 catalog_manager.cc:3158] TS 33b43dabe1b543f39e7ed84247c575e8 (127.7.150.3:44373): tablet 6d1caf19692440c98558c161b50a946a (table default.test_table [id=e93179f4d3eb4a26a760d9d76293265f]) successfully deleted
I1102 21:39:04.446944 8583 tablet_bootstrap.cc:592] T a8ae8156f3ad4fb3ab494ce26bb1a039 P e92a2036de454238809663ac303c6ade: No blocks or log segments found. Creating new log.
I1102 21:39:04.447198 8577 ts_tablet_manager.cc:1382] T 6d1caf19692440c98558c161b50a946a P e92a2036de454238809663ac303c6ade: tablet deleted with delete type TABLET_DATA_DELETED: last-logged OpId 1.48
I1102 21:39:04.447242 8577 log.cc:986] T 6d1caf19692440c98558c161b50a946a P e92a2036de454238809663ac303c6ade: Deleting WAL directory at /tmp/dist-test-taskoKLkQa/test-tmp/alter_table-randomized-test.0.HmsConfigurations_AlterTableRandomized.TestRandomSequence_0.1541194740983682-7768/minicluster-data/ts-1/wal/wals/6d1caf19692440c98558c161b50a946a
I1102 21:39:04.447708 8577 ts_tablet_manager.cc:1403] T 6d1caf19692440c98558c161b50a946a P e92a2036de454238809663ac303c6ade: Deleting consensus metadata
I1102 21:39:04.447866 8578 ts_tablet_manager.cc:1382] T 6d1caf19692440c98558c161b50a946a P c36abe6b2bdb4e778576473f60926b7b: tablet deleted with delete type TABLET_DATA_DELETED: last-logged OpId 1.48
I1102 21:39:04.447959 8578 log.cc:986] T 6d1caf19692440c98558c161b50a946a P c36abe6b2bdb4e778576473f60926b7b: Deleting WAL directory at /tmp/dist-test-taskoKLkQa/test-tmp/alter_table-randomized-test.0.HmsConfigurations_AlterTableRandomized.TestRandomSequence_0.1541194740983682-7768/minicluster-data/ts-0/wal/wals/6d1caf19692440c98558c161b50a946a
I1102 21:39:04.448331 8578 ts_tablet_manager.cc:1403] T 6d1caf19692440c98558c161b50a946a P c36abe6b2bdb4e778576473f60926b7b: Deleting consensus metadata
I1102 21:39:04.448504 7781 catalog_manager.cc:3158] TS e92a2036de454238809663ac303c6ade (127.7.150.2:39313): tablet 6d1caf19692440c98558c161b50a946a (table default.test_table [id=e93179f4d3eb4a26a760d9d76293265f]) successfully deleted
I1102 21:39:04.448997 8583 tablet_bootstrap.cc:438] T a8ae8156f3ad4fb3ab494ce26bb1a039 P e92a2036de454238809663ac303c6ade: No bootstrap required, opened a new log
I1102 21:39:04.449088 8583 ts_tablet_manager.cc:1045] T a8ae8156f3ad4fb3ab494ce26bb1a039 P e92a2036de454238809663ac303c6ade: Time spent bootstrapping tablet: real 0.010s user 0.002s sys 0.000s
I1102 21:39:04.449364 7783 catalog_manager.cc:3158] TS c36abe6b2bdb4e778576473f60926b7b (127.7.150.1:46291): tablet 6d1caf19692440c98558c161b50a946a (table default.test_table [id=e93179f4d3eb4a26a760d9d76293265f]) successfully deleted
I1102 21:39:04.449659 8583 raft_consensus.cc:339] T a8ae8156f3ad4fb3ab494ce26bb1a039 P e92a2036de454238809663ac303c6ade [term 0 FOLLOWER]: Replica starting. Triggering 0 pending transactions. Active config: opid_index: -1 OBSOLETE_local: false peers { permanent_uuid: "e92a2036de454238809663ac303c6ade" member_type: VOTER last_known_addr { host: "127.7.150.2" port: 39313 } } peers { permanent_uuid: "c36abe6b2bdb4e778576473f60926b7b" member_type: VOTER last_known_addr { host: "127.7.150.1" port: 46291 } } peers { permanent_uuid: "33b43dabe1b543f39e7ed84247c575e8" member_type: VOTER last_known_addr { host: "127.7.150.3" port: 44373 } }
I1102 21:39:04.449698 8583 raft_consensus.cc:365] T a8ae8156f3ad4fb3ab494ce26bb1a039 P e92a2036de454238809663ac303c6ade [term 0 FOLLOWER]: Consensus starting up: Expiring failure detector timer to make a prompt election more likely
I1102 21:39:04.449717 8583 raft_consensus.cc:704] T a8ae8156f3ad4fb3ab494ce26bb1a039 P e92a2036de454238809663ac303c6ade [term 0 FOLLOWER]: Becoming Follower/Learner. State: Replica: e92a2036de454238809663ac303c6ade, State: Initialized, Role: FOLLOWER
I1102 21:39:04.449859 8583 consensus_queue.cc:229] T a8ae8156f3ad4fb3ab494ce26bb1a039 P e92a2036de454238809663ac303c6ade [NON_LEADER]: Queue going to NON_LEADER mode. State: All replicated index: 0, Majority replicated index: 0, Committed index: 0, Last appended: 0.0, Last appended by leader: 0, Current term: 0, Majority size: -1, State: 0, Mode: NON_LEADER, active raft config: opid_index: -1 OBSOLETE_local: false peers { permanent_uuid: "e92a2036de454238809663ac303c6ade" member_type: VOTER last_known_addr { host: "127.7.150.2" port: 39313 } } peers { permanent_uuid: "c36abe6b2bdb4e778576473f60926b7b" member_type: VOTER last_known_addr { host: "127.7.150.1" port: 46291 } } peers { permanent_uuid: "33b43dabe1b543f39e7ed84247c575e8" member_type: VOTER last_known_addr { host: "127.7.150.3" port: 44373 } }
I1102 21:39:04.450222 8608 raft_consensus.cc:471] T a8ae8156f3ad4fb3ab494ce26bb1a039 P 33b43dabe1b543f39e7ed84247c575e8 [term 0 FOLLOWER]: Starting pre-election (no leader contacted us within the election timeout)
I1102 21:39:04.450271 8608 raft_consensus.cc:2840] T a8ae8156f3ad4fb3ab494ce26bb1a039 P 33b43dabe1b543f39e7ed84247c575e8: Snoozing failure detection for 1.819s (starting election)
I1102 21:39:04.450356 8608 raft_consensus.cc:493] T a8ae8156f3ad4fb3ab494ce26bb1a039 P 33b43dabe1b543f39e7ed84247c575e8 [term 0 FOLLOWER]: Starting pre-election with config: opid_index: -1 OBSOLETE_local: false peers { permanent_uuid: "e92a2036de454238809663ac303c6ade" member_type: VOTER last_known_addr { host: "127.7.150.2" port: 39313 } } peers { permanent_uuid: "c36abe6b2bdb4e778576473f60926b7b" member_type: VOTER last_known_addr { host: "127.7.150.1" port: 46291 } } peers { permanent_uuid: "33b43dabe1b543f39e7ed84247c575e8" member_type: VOTER last_known_addr { host: "127.7.150.3" port: 44373 } }
I1102 21:39:04.450992 8608 leader_election.cc:251] T a8ae8156f3ad4fb3ab494ce26bb1a039 P 33b43dabe1b543f39e7ed84247c575e8 [CANDIDATE]: Term 1 pre-election: Requesting pre-vote from peer e92a2036de454238809663ac303c6ade (127.7.150.2:39313)
I1102 21:39:04.451166 8608 leader_election.cc:251] T a8ae8156f3ad4fb3ab494ce26bb1a039 P 33b43dabe1b543f39e7ed84247c575e8 [CANDIDATE]: Term 1 pre-election: Requesting pre-vote from peer c36abe6b2bdb4e778576473f60926b7b (127.7.150.1:46291)
I1102 21:39:04.452214 8584 tablet_bootstrap.cc:438] T a8ae8156f3ad4fb3ab494ce26bb1a039 P c36abe6b2bdb4e778576473f60926b7b: No bootstrap required, opened a new log
I1102 21:39:04.452291 8584 ts_tablet_manager.cc:1045] T a8ae8156f3ad4fb3ab494ce26bb1a039 P c36abe6b2bdb4e778576473f60926b7b: Time spent bootstrapping tablet: real 0.017s user 0.000s sys 0.001s
I1102 21:39:04.452446 8583 ts_tablet_manager.cc:1073] T a8ae8156f3ad4fb3ab494ce26bb1a039 P e92a2036de454238809663ac303c6ade: Time spent starting tablet: real 0.003s user 0.001s sys 0.000s
I1102 21:39:04.452801 8584 raft_consensus.cc:339] T a8ae8156f3ad4fb3ab494ce26bb1a039 P c36abe6b2bdb4e778576473f60926b7b [term 0 FOLLOWER]: Replica starting. Triggering 0 pending transactions. Active config: opid_index: -1 OBSOLETE_local: false peers { permanent_uuid: "e92a2036de454238809663ac303c6ade" member_type: VOTER last_known_addr { host: "127.7.150.2" port: 39313 } } peers { permanent_uuid: "c36abe6b2bdb4e778576473f60926b7b" member_type: VOTER last_known_addr { host: "127.7.150.1" port: 46291 } } peers { permanent_uuid: "33b43dabe1b543f39e7ed84247c575e8" member_type: VOTER last_known_addr { host: "127.7.150.3" port: 44373 } }
I1102 21:39:04.452824 8584 raft_consensus.cc:365] T a8ae8156f3ad4fb3ab494ce26bb1a039 P c36abe6b2bdb4e778576473f60926b7b [term 0 FOLLOWER]: Consensus starting up: Expiring failure detector timer to make a prompt election more likely
I1102 21:39:04.452838 8584 raft_consensus.cc:704] T a8ae8156f3ad4fb3ab494ce26bb1a039 P c36abe6b2bdb4e778576473f60926b7b [term 0 FOLLOWER]: Becoming Follower/Learner. State: Replica: c36abe6b2bdb4e778576473f60926b7b, State: Initialized, Role: FOLLOWER
I1102 21:39:04.452922 7794 catalog_manager.cc:3873] TS e92a2036de454238809663ac303c6ade (127.7.150.2:39313) does not have the latest schema for tablet a8ae8156f3ad4fb3ab494ce26bb1a039 (table default.test_table [id=e93179f4d3eb4a26a760d9d76293265f]). Expected version 11 got 0
I1102 21:39:04.452975 8584 consensus_queue.cc:229] T a8ae8156f3ad4fb3ab494ce26bb1a039 P c36abe6b2bdb4e778576473f60926b7b [NON_LEADER]: Queue going to NON_LEADER mode. State: All replicated index: 0, Majority replicated index: 0, Committed index: 0, Last appended: 0.0, Last appended by leader: 0, Current term: 0, Majority size: -1, State: 0, Mode: NON_LEADER, active raft config: opid_index: -1 OBSOLETE_local: false peers { permanent_uuid: "e92a2036de454238809663ac303c6ade" member_type: VOTER last_known_addr { host: "127.7.150.2" port: 39313 } } peers { permanent_uuid: "c36abe6b2bdb4e778576473f60926b7b" member_type: VOTER last_known_addr { host: "127.7.150.1" port: 46291 } } peers { permanent_uuid: "33b43dabe1b543f39e7ed84247c575e8" member_type: VOTER last_known_addr { host: "127.7.150.3" port: 44373 } }
I1102 21:39:04.453115 7794 catalog_manager.cc:2958] Scheduling retry of a8ae8156f3ad4fb3ab494ce26bb1a039 (table default.test_table [id=e93179f4d3eb4a26a760d9d76293265f]) Alter Table RPC with a delay of 31 ms (attempt = 1)
I1102 21:39:04.453155 8584 ts_tablet_manager.cc:1073] T a8ae8156f3ad4fb3ab494ce26bb1a039 P c36abe6b2bdb4e778576473f60926b7b: Time spent starting tablet: real 0.001s user 0.000s sys 0.001s
W1102 21:39:04.453166 7794 catalog_manager.cc:3937] Failed to send a8ae8156f3ad4fb3ab494ce26bb1a039 (table default.test_table [id=e93179f4d3eb4a26a760d9d76293265f]) Alter Table RPC: Not found: failed to reset TS proxy: No leader found: Tablet a8ae8156f3ad4fb3ab494ce26bb1a039 consensus state has no leader
I1102 21:39:04.454258 7794 catalog_manager.cc:3873] TS c36abe6b2bdb4e778576473f60926b7b (127.7.150.1:46291) does not have the latest schema for tablet a8ae8156f3ad4fb3ab494ce26bb1a039 (table default.test_table [id=e93179f4d3eb4a26a760d9d76293265f]). Expected version 11 got 0
I1102 21:39:04.454427 7794 catalog_manager.cc:2958] Scheduling retry of a8ae8156f3ad4fb3ab494ce26bb1a039 (table default.test_table [id=e93179f4d3eb4a26a760d9d76293265f]) Alter Table RPC with a delay of 32 ms (attempt = 1)
W1102 21:39:04.454466 7794 catalog_manager.cc:3937] Failed to send a8ae8156f3ad4fb3ab494ce26bb1a039 (table default.test_table [id=e93179f4d3eb4a26a760d9d76293265f]) Alter Table RPC: Not found: failed to reset TS proxy: No leader found: Tablet a8ae8156f3ad4fb3ab494ce26bb1a039 consensus state has no leader
I1102 21:39:04.466536 8043 tablet_service.cc:1001] Received RequestConsensusVote() RPC: tablet_id: "a8ae8156f3ad4fb3ab494ce26bb1a039" candidate_uuid: "33b43dabe1b543f39e7ed84247c575e8" candidate_term: 1 candidate_status { last_received { term: 0 index: 0 } } ignore_live_leader: false dest_uuid: "e92a2036de454238809663ac303c6ade" is_pre_election: true
I1102 21:39:04.466639 8043 raft_consensus.cc:2840] T a8ae8156f3ad4fb3ab494ce26bb1a039 P e92a2036de454238809663ac303c6ade: Snoozing failure detection for 1.806s (vote granted)
I1102 21:39:04.466679 8043 raft_consensus.cc:2352] T a8ae8156f3ad4fb3ab494ce26bb1a039 P e92a2036de454238809663ac303c6ade [term 0 FOLLOWER]: Leader pre-election vote request: Granting yes vote for candidate 33b43dabe1b543f39e7ed84247c575e8 in term 0.
I1102 21:39:04.467085 8451 leader_election.cc:387] T a8ae8156f3ad4fb3ab494ce26bb1a039 P 33b43dabe1b543f39e7ed84247c575e8 [CANDIDATE]: Term 1 pre-election: Vote granted by peer e92a2036de454238809663ac303c6ade (127.7.150.2:39313)
I1102 21:39:04.467154 8451 leader_election.cc:278] T a8ae8156f3ad4fb3ab494ce26bb1a039 P 33b43dabe1b543f39e7ed84247c575e8 [CANDIDATE]: Term 1 pre-election: Election decided. Result: candidate won.
I1102 21:39:04.467268 7920 tablet_service.cc:1001] Received RequestConsensusVote() RPC: tablet_id: "a8ae8156f3ad4fb3ab494ce26bb1a039" candidate_uuid: "33b43dabe1b543f39e7ed84247c575e8" candidate_term: 1 candidate_status { last_received { term: 0 index: 0 } } ignore_live_leader: false dest_uuid: "c36abe6b2bdb4e778576473f60926b7b" is_pre_election: true
I1102 21:39:04.467419 7920 raft_consensus.cc:2840] T a8ae8156f3ad4fb3ab494ce26bb1a039 P c36abe6b2bdb4e778576473f60926b7b: Snoozing failure detection for 2.079s (vote granted)
I1102 21:39:04.467471 8608 raft_consensus.cc:2840] T a8ae8156f3ad4fb3ab494ce26bb1a039 P 33b43dabe1b543f39e7ed84247c575e8: Snoozing failure detection for 1.799s (election complete)
I1102 21:39:04.467522 8608 raft_consensus.cc:2646] T a8ae8156f3ad4fb3ab494ce26bb1a039 P 33b43dabe1b543f39e7ed84247c575e8 [term 0 FOLLOWER]: Leader pre-election won for term 1
I1102 21:39:04.467552 8608 raft_consensus.cc:471] T a8ae8156f3ad4fb3ab494ce26bb1a039 P 33b43dabe1b543f39e7ed84247c575e8 [term 0 FOLLOWER]: Starting leader election (no leader contacted us within the election timeout)
I1102 21:39:04.467571 8608 raft_consensus.cc:2840] T a8ae8156f3ad4fb3ab494ce26bb1a039 P 33b43dabe1b543f39e7ed84247c575e8: Snoozing failure detection for 1.572s (starting election)
I1102 21:39:04.467592 8608 raft_consensus.cc:2892] T a8ae8156f3ad4fb3ab494ce26bb1a039 P 33b43dabe1b543f39e7ed84247c575e8 [term 0 FOLLOWER]: Advancing to term 1
I1102 21:39:04.467645 7920 raft_consensus.cc:2352] T a8ae8156f3ad4fb3ab494ce26bb1a039 P c36abe6b2bdb4e778576473f60926b7b [term 0 FOLLOWER]: Leader pre-election vote request: Granting yes vote for candidate 33b43dabe1b543f39e7ed84247c575e8 in term 0.
I1102 21:39:04.467983 8453 leader_election.cc:387] T a8ae8156f3ad4fb3ab494ce26bb1a039 P 33b43dabe1b543f39e7ed84247c575e8 [CANDIDATE]: Term 1 pre-election: Vote granted by peer c36abe6b2bdb4e778576473f60926b7b (127.7.150.1:46291)
I1102 21:39:04.468801 8608 raft_consensus.cc:493] T a8ae8156f3ad4fb3ab494ce26bb1a039 P 33b43dabe1b543f39e7ed84247c575e8 [term 1 FOLLOWER]: Starting leader election with config: opid_index: -1 OBSOLETE_local: false peers { permanent_uuid: "e92a2036de454238809663ac303c6ade" member_type: VOTER last_known_addr { host: "127.7.150.2" port: 39313 } } peers { permanent_uuid: "c36abe6b2bdb4e778576473f60926b7b" member_type: VOTER last_known_addr { host: "127.7.150.1" port: 46291 } } peers { permanent_uuid: "33b43dabe1b543f39e7ed84247c575e8" member_type: VOTER last_known_addr { host: "127.7.150.3" port: 44373 } }
I1102 21:39:04.469004 8608 leader_election.cc:251] T a8ae8156f3ad4fb3ab494ce26bb1a039 P 33b43dabe1b543f39e7ed84247c575e8 [CANDIDATE]: Term 1 election: Requesting vote from peer e92a2036de454238809663ac303c6ade (127.7.150.2:39313)
I1102 21:39:04.469115 8608 leader_election.cc:251] T a8ae8156f3ad4fb3ab494ce26bb1a039 P 33b43dabe1b543f39e7ed84247c575e8 [CANDIDATE]: Term 1 election: Requesting vote from peer c36abe6b2bdb4e778576473f60926b7b (127.7.150.1:46291)
I1102 21:39:04.469841 8043 tablet_service.cc:1001] Received RequestConsensusVote() RPC: tablet_id: "a8ae8156f3ad4fb3ab494ce26bb1a039" candidate_uuid: "33b43dabe1b543f39e7ed84247c575e8" candidate_term: 1 candidate_status { last_received { term: 0 index: 0 } } ignore_live_leader: false dest_uuid: "e92a2036de454238809663ac303c6ade"
I1102 21:39:04.469897 8043 raft_consensus.cc:2892] T a8ae8156f3ad4fb3ab494ce26bb1a039 P e92a2036de454238809663ac303c6ade [term 0 FOLLOWER]: Advancing to term 1
I1102 21:39:04.469936 8043 raft_consensus.cc:2840] T a8ae8156f3ad4fb3ab494ce26bb1a039 P e92a2036de454238809663ac303c6ade: Snoozing failure detection for 1.907s (vote granted)
I1102 21:39:04.470901 7920 tablet_service.cc:1001] Received RequestConsensusVote() RPC: tablet_id: "a8ae8156f3ad4fb3ab494ce26bb1a039" candidate_uuid: "33b43dabe1b543f39e7ed84247c575e8" candidate_term: 1 candidate_status { last_received { term: 0 index: 0 } } ignore_live_leader: false dest_uuid: "c36abe6b2bdb4e778576473f60926b7b"
I1102 21:39:04.470973 8043 raft_consensus.cc:2352] T a8ae8156f3ad4fb3ab494ce26bb1a039 P e92a2036de454238809663ac303c6ade [term 1 FOLLOWER]: Leader election vote request: Granting yes vote for candidate 33b43dabe1b543f39e7ed84247c575e8 in term 1.
I1102 21:39:04.471035 7920 raft_consensus.cc:2892] T a8ae8156f3ad4fb3ab494ce26bb1a039 P c36abe6b2bdb4e778576473f60926b7b [term 0 FOLLOWER]: Advancing to term 1
I1102 21:39:04.471276 8451 leader_election.cc:387] T a8ae8156f3ad4fb3ab494ce26bb1a039 P 33b43dabe1b543f39e7ed84247c575e8 [CANDIDATE]: Term 1 election: Vote granted by peer e92a2036de454238809663ac303c6ade (127.7.150.2:39313)
I1102 21:39:04.471314 8451 leader_election.cc:278] T a8ae8156f3ad4fb3ab494ce26bb1a039 P 33b43dabe1b543f39e7ed84247c575e8 [CANDIDATE]: Term 1 election: Election decided. Result: candidate won.
I1102 21:39:04.471419 7920 raft_consensus.cc:2840] T a8ae8156f3ad4fb3ab494ce26bb1a039 P c36abe6b2bdb4e778576473f60926b7b: Snoozing failure detection for 2.218s (vote granted)
I1102 21:39:04.471455 8608 raft_consensus.cc:2840] T a8ae8156f3ad4fb3ab494ce26bb1a039 P 33b43dabe1b543f39e7ed84247c575e8: Snoozing failure detection for 2.025s (election complete)
I1102 21:39:04.471499 8608 raft_consensus.cc:2646] T a8ae8156f3ad4fb3ab494ce26bb1a039 P 33b43dabe1b543f39e7ed84247c575e8 [term 1 FOLLOWER]: Leader election won for term 1
I1102 21:39:04.471571 8608 raft_consensus.cc:666] T a8ae8156f3ad4fb3ab494ce26bb1a039 P 33b43dabe1b543f39e7ed84247c575e8 [term 1 LEADER]: Becoming Leader. State: Replica: 33b43dabe1b543f39e7ed84247c575e8, State: Running, Role: LEADER
I1102 21:39:04.471818 8608 consensus_queue.cc:206] T a8ae8156f3ad4fb3ab494ce26bb1a039 P 33b43dabe1b543f39e7ed84247c575e8 [LEADER]: Queue going to LEADER mode. State: All replicated index: 0, Majority replicated index: 0, Committed index: 0, Last appended: 0.0, Last appended by leader: 0, Current term: 1, Majority size: 2, State: 0, Mode: LEADER, active raft config: opid_index: -1 OBSOLETE_local: false peers { permanent_uuid: "e92a2036de454238809663ac303c6ade" member_type: VOTER last_known_addr { host: "127.7.150.2" port: 39313 } } peers { permanent_uuid: "c36abe6b2bdb4e778576473f60926b7b" member_type: VOTER last_known_addr { host: "127.7.150.1" port: 46291 } } peers { permanent_uuid: "33b43dabe1b543f39e7ed84247c575e8" member_type: VOTER last_known_addr { host: "127.7.150.3" port: 44373 } }
I1102 21:39:04.472690 7920 raft_consensus.cc:2352] T a8ae8156f3ad4fb3ab494ce26bb1a039 P c36abe6b2bdb4e778576473f60926b7b [term 1 FOLLOWER]: Leader election vote request: Granting yes vote for candidate 33b43dabe1b543f39e7ed84247c575e8 in term 1.
I1102 21:39:04.473014 8453 leader_election.cc:387] T a8ae8156f3ad4fb3ab494ce26bb1a039 P 33b43dabe1b543f39e7ed84247c575e8 [CANDIDATE]: Term 1 election: Vote granted by peer c36abe6b2bdb4e778576473f60926b7b (127.7.150.1:46291)
I1102 21:39:04.473863 7794 catalog_manager.cc:3778] T a8ae8156f3ad4fb3ab494ce26bb1a039 P 33b43dabe1b543f39e7ed84247c575e8 reported cstate change: term changed from 0 to 1, leader changed from to 33b43dabe1b543f39e7ed84247c575e8 (127.7.150.3). New cstate: current_term: 1 leader_uuid: "33b43dabe1b543f39e7ed84247c575e8" committed_config { opid_index: -1 OBSOLETE_local: false peers { permanent_uuid: "e92a2036de454238809663ac303c6ade" member_type: VOTER last_known_addr { host: "127.7.150.2" port: 39313 } health_report { overall_health: UNKNOWN } } peers { permanent_uuid: "c36abe6b2bdb4e778576473f60926b7b" member_type: VOTER last_known_addr { host: "127.7.150.1" port: 46291 } health_report { overall_health: UNKNOWN } } peers { permanent_uuid: "33b43dabe1b543f39e7ed84247c575e8" member_type: VOTER last_known_addr { host: "127.7.150.3" port: 44373 } health_report { overall_health: HEALTHY } } }
I1102 21:39:04.473969 7794 catalog_manager.cc:3873] TS 33b43dabe1b543f39e7ed84247c575e8 (127.7.150.3:44373) does not have the latest schema for tablet a8ae8156f3ad4fb3ab494ce26bb1a039 (table default.test_table [id=e93179f4d3eb4a26a760d9d76293265f]). Expected version 11 got 0
I1102 21:39:04.478775 8043 raft_consensus.cc:1180] T a8ae8156f3ad4fb3ab494ce26bb1a039 P e92a2036de454238809663ac303c6ade [term 1 FOLLOWER]: Refusing update from remote peer 33b43dabe1b543f39e7ed84247c575e8: Log matching property violated. Preceding OpId in replica: term: 0 index: 0. Preceding OpId from leader: term: 1 index: 2. (index mismatch)
I1102 21:39:04.479888 7919 raft_consensus.cc:1180] T a8ae8156f3ad4fb3ab494ce26bb1a039 P c36abe6b2bdb4e778576473f60926b7b [term 1 FOLLOWER]: Refusing update from remote peer 33b43dabe1b543f39e7ed84247c575e8: Log matching property violated. Preceding OpId in replica: term: 0 index: 0. Preceding OpId from leader: term: 1 index: 2. (index mismatch)
I1102 21:39:04.480151 8573 consensus_queue.cc:976] T a8ae8156f3ad4fb3ab494ce26bb1a039 P 33b43dabe1b543f39e7ed84247c575e8 [LEADER]: Connected to new peer: Peer: permanent_uuid: "e92a2036de454238809663ac303c6ade" member_type: VOTER last_known_addr { host: "127.7.150.2" port: 39313 }, Status: LMP_MISMATCH, Last received: 0.0, Next index: 1, Last known committed idx: 0, Time since last communication: 0.000s
W1102 21:39:04.480365 8565 tablet.cc:1747] T a8ae8156f3ad4fb3ab494ce26bb1a039 P 33b43dabe1b543f39e7ed84247c575e8: Can't schedule compaction. Clean time has not been advanced past its initial value.
I1102 21:39:04.481108 8573 consensus_queue.cc:976] T a8ae8156f3ad4fb3ab494ce26bb1a039 P 33b43dabe1b543f39e7ed84247c575e8 [LEADER]: Connected to new peer: Peer: permanent_uuid: "c36abe6b2bdb4e778576473f60926b7b" member_type: VOTER last_known_addr { host: "127.7.150.1" port: 46291 }, Status: LMP_MISMATCH, Last received: 0.0, Next index: 1, Last known committed idx: 0, Time since last communication: 0.000s
I1102 21:39:04.483376 7799 catalog_manager.cc:3873] TS c36abe6b2bdb4e778576473f60926b7b (127.7.150.1:46291) does not have the latest schema for tablet a8ae8156f3ad4fb3ab494ce26bb1a039 (table default.test_table [id=e93179f4d3eb4a26a760d9d76293265f]). Expected version 11 got 0
I1102 21:39:04.484562 7794 catalog_manager.cc:3873] TS e92a2036de454238809663ac303c6ade (127.7.150.2:39313) does not have the latest schema for tablet a8ae8156f3ad4fb3ab494ce26bb1a039 (table default.test_table [id=e93179f4d3eb4a26a760d9d76293265f]). Expected version 11 got 0
I1102 21:39:04.489372 8594 tablet.cc:1262] T a8ae8156f3ad4fb3ab494ce26bb1a039 P 33b43dabe1b543f39e7ed84247c575e8: Alter schema from ( 10:c535 INT32 NOT NULL, 11:c761 INT32 NULLABLE, 13:c119 INT32 NOT NULL, 15:c524 INT32 NULLABLE, PRIMARY KEY (c535) ) version 0 to ( 10:c535 INT32 NOT NULL, 11:c761 INT32 NULLABLE, 13:c119 INT32 NOT NULL, 15:c524 INT32 NULLABLE, PRIMARY KEY (c535) ) version 11
I1102 21:39:04.489444 7794 catalog_manager.cc:3873] TS c36abe6b2bdb4e778576473f60926b7b (127.7.150.1:46291) does not have the latest schema for tablet a8ae8156f3ad4fb3ab494ce26bb1a039 (table default.test_table [id=e93179f4d3eb4a26a760d9d76293265f]). Expected version 11 got 0
I1102 21:39:04.491626 7799 catalog_manager.cc:3873] TS 33b43dabe1b543f39e7ed84247c575e8 (127.7.150.3:44373) does not have the latest schema for tablet a8ae8156f3ad4fb3ab494ce26bb1a039 (table default.test_table [id=e93179f4d3eb4a26a760d9d76293265f]). Expected version 11 got 0
I1102 21:39:04.491910 8243 tablet.cc:1262] T a8ae8156f3ad4fb3ab494ce26bb1a039 P e92a2036de454238809663ac303c6ade: Alter schema from ( 10:c535 INT32 NOT NULL, 11:c761 INT32 NULLABLE, 13:c119 INT32 NOT NULL, 15:c524 INT32 NULLABLE, PRIMARY KEY (c535) ) version 0 to ( 10:c535 INT32 NOT NULL, 11:c761 INT32 NULLABLE, 13:c119 INT32 NOT NULL, 15:c524 INT32 NULLABLE, PRIMARY KEY (c535) ) version 11
I1102 21:39:04.492187 8242 tablet.cc:1262] T a8ae8156f3ad4fb3ab494ce26bb1a039 P c36abe6b2bdb4e778576473f60926b7b: Alter schema from ( 10:c535 INT32 NOT NULL, 11:c761 INT32 NULLABLE, 13:c119 INT32 NOT NULL, 15:c524 INT32 NULLABLE, PRIMARY KEY (c535) ) version 0 to ( 10:c535 INT32 NOT NULL, 11:c761 INT32 NULLABLE, 13:c119 INT32 NOT NULL, 15:c524 INT32 NULLABLE, PRIMARY KEY (c535) ) version 11
I1102 21:39:04.498013 7799 catalog_manager.cc:4221] T 00000000000000000000000000000000 P 810977538c654d1a96a5c2a53c44d890: default.test_table [id=e93179f4d3eb4a26a760d9d76293265f] alter complete (version 11)
I1102 21:39:04.500988 8594 tablet.cc:1257] T a8ae8156f3ad4fb3ab494ce26bb1a039 P 33b43dabe1b543f39e7ed84247c575e8: Already running schema version 11 got alter request for version 11
I1102 21:39:04.510294 8243 tablet.cc:1257] T a8ae8156f3ad4fb3ab494ce26bb1a039 P e92a2036de454238809663ac303c6ade: Already running schema version 11 got alter request for version 11
I1102 21:39:04.512579 8594 tablet.cc:1257] T a8ae8156f3ad4fb3ab494ce26bb1a039 P 33b43dabe1b543f39e7ed84247c575e8: Already running schema version 11 got alter request for version 11
I1102 21:39:04.513934 8243 tablet.cc:1257] T a8ae8156f3ad4fb3ab494ce26bb1a039 P e92a2036de454238809663ac303c6ade: Already running schema version 11 got alter request for version 11
I1102 21:39:04.518877 8242 tablet.cc:1257] T a8ae8156f3ad4fb3ab494ce26bb1a039 P c36abe6b2bdb4e778576473f60926b7b: Already running schema version 11 got alter request for version 11
I1102 21:39:04.519598 8242 tablet.cc:1257] T a8ae8156f3ad4fb3ab494ce26bb1a039 P c36abe6b2bdb4e778576473f60926b7b: Already running schema version 11 got alter request for version 11
I1102 21:39:04.521608 8594 tablet.cc:1257] T a8ae8156f3ad4fb3ab494ce26bb1a039 P 33b43dabe1b543f39e7ed84247c575e8: Already running schema version 11 got alter request for version 11
I1102 21:39:04.523833 8243 tablet.cc:1257] T a8ae8156f3ad4fb3ab494ce26bb1a039 P e92a2036de454238809663ac303c6ade: Already running schema version 11 got alter request for version 11
I1102 21:39:04.525609 8622 tablet.cc:1257] T a8ae8156f3ad4fb3ab494ce26bb1a039 P c36abe6b2bdb4e778576473f60926b7b: Already running schema version 11 got alter request for version 11
I1102 21:39:04.527434 8594 tablet.cc:1257] T a8ae8156f3ad4fb3ab494ce26bb1a039 P 33b43dabe1b543f39e7ed84247c575e8: Already running schema version 11 got alter request for version 11
I1102 21:39:04.528632 8622 tablet.cc:1257] T a8ae8156f3ad4fb3ab494ce26bb1a039 P c36abe6b2bdb4e778576473f60926b7b: Already running schema version 11 got alter request for version 11
I1102 21:39:04.528775 8243 tablet.cc:1257] T a8ae8156f3ad4fb3ab494ce26bb1a039 P e92a2036de454238809663ac303c6ade: Already running schema version 11 got alter request for version 11
I1102 21:39:04.531281 8594 tablet.cc:1257] T a8ae8156f3ad4fb3ab494ce26bb1a039 P 33b43dabe1b543f39e7ed84247c575e8: Already running schema version 11 got alter request for version 11
I1102 21:39:04.532593 8243 tablet.cc:1257] T a8ae8156f3ad4fb3ab494ce26bb1a039 P e92a2036de454238809663ac303c6ade: Already running schema version 11 got alter request for version 11
I1102 21:39:04.534824 8594 tablet.cc:1257] T a8ae8156f3ad4fb3ab494ce26bb1a039 P 33b43dabe1b543f39e7ed84247c575e8: Already running schema version 11 got alter request for version 11
I1102 21:39:04.535751 8243 tablet.cc:1257] T a8ae8156f3ad4fb3ab494ce26bb1a039 P e92a2036de454238809663ac303c6ade: Already running schema version 11 got alter request for version 11
I1102 21:39:04.537330 8622 tablet.cc:1257] T a8ae8156f3ad4fb3ab494ce26bb1a039 P c36abe6b2bdb4e778576473f60926b7b: Already running schema version 11 got alter request for version 11
I1102 21:39:04.540485 8622 tablet.cc:1257] T a8ae8156f3ad4fb3ab494ce26bb1a039 P c36abe6b2bdb4e778576473f60926b7b: Already running schema version 11 got alter request for version 11
I1102 21:39:04.577000 7768 alter_table-randomized-test.cc:448] Beginning Alterations
I1102 21:39:04.577916 7768 alter_table-randomized-test.cc:486] Adding column c340, existing columns: c535, c761, c119, c524
I1102 21:39:04.577955 7768 alter_table-randomized-test.cc:523] Renaming PrimaryKey column c535 to c183
I1102 21:39:04.577970 7768 alter_table-randomized-test.cc:523] Renaming PrimaryKey column c183 to c113
I1102 21:39:04.577994 7768 alter_table-randomized-test.cc:486] Adding column c600, existing columns: c113, c761, c119, c524, c340
I1102 21:39:04.578004 7768 alter_table-randomized-test.cc:480] Committing Alterations
I1102 21:39:04.578701 7794 catalog_manager.cc:2182] Servicing AlterTable request from {username='slave'} at 127.0.0.1:59020: table { table_name: "default.test_table" } alter_schema_steps { type: ADD_COLUMN add_column { schema { name: "c340" type: INT32 is_nullable: true encoding: AUTO_ENCODING compression: DEFAULT_COMPRESSION cfile_block_size: 0 } } } alter_schema_steps { type: RENAME_COLUMN rename_column { old_name: "c535" new_name: "c183" } } alter_schema_steps { type: RENAME_COLUMN rename_column { old_name: "c183" new_name: "c113" } } alter_schema_steps { type: ADD_COLUMN add_column { schema { name: "c600" type: INT32 is_nullable: false read_default_value: "\310\022\010T" encoding: AUTO_ENCODING compression: DEFAULT_COMPRESSION cfile_block_size: 0 } } } modify_external_catalogs: true
I1102 21:39:04.583730 8594 tablet.cc:1262] T a8ae8156f3ad4fb3ab494ce26bb1a039 P 33b43dabe1b543f39e7ed84247c575e8: Alter schema from ( 10:c535 INT32 NOT NULL, 11:c761 INT32 NULLABLE, 13:c119 INT32 NOT NULL, 15:c524 INT32 NULLABLE, PRIMARY KEY (c535) ) version 11 to ( 10:c113 INT32 NOT NULL, 11:c761 INT32 NULLABLE, 13:c119 INT32 NOT NULL, 15:c524 INT32 NULLABLE, 18:c340 INT32 NULLABLE, 19:c600 INT32 NOT NULL, PRIMARY KEY (c113) ) version 12
I1102 21:39:04.584026 8594 tablet.cc:1214] T a8ae8156f3ad4fb3ab494ce26bb1a039 P 33b43dabe1b543f39e7ed84247c575e8: Flush: entering stage 1 (old memrowset already frozen for inserts)
I1102 21:39:04.584056 8594 compaction.cc:926] Selected 1 rowsets to compact:
I1102 21:39:04.584066 8594 compaction.cc:929] memrowset(current size on disk: ~0 bytes)
I1102 21:39:04.584085 8594 tablet.cc:1216] T a8ae8156f3ad4fb3ab494ce26bb1a039 P 33b43dabe1b543f39e7ed84247c575e8: Memstore in-memory size: 763 bytes
I1102 21:39:04.584107 8594 tablet.cc:1508] T a8ae8156f3ad4fb3ab494ce26bb1a039 P 33b43dabe1b543f39e7ed84247c575e8: Flush: entering phase 1 (flushing snapshot). Phase 1 snapshot: MvccSnapshot[committed={T|T < 6312733673806618624}]
I1102 21:39:04.584264 8622 tablet.cc:1262] T a8ae8156f3ad4fb3ab494ce26bb1a039 P c36abe6b2bdb4e778576473f60926b7b: Alter schema from ( 10:c535 INT32 NOT NULL, 11:c761 INT32 NULLABLE, 13:c119 INT32 NOT NULL, 15:c524 INT32 NULLABLE, PRIMARY KEY (c535) ) version 11 to ( 10:c113 INT32 NOT NULL, 11:c761 INT32 NULLABLE, 13:c119 INT32 NOT NULL, 15:c524 INT32 NULLABLE, 18:c340 INT32 NULLABLE, 19:c600 INT32 NOT NULL, PRIMARY KEY (c113) ) version 12
I1102 21:39:04.584547 8622 tablet.cc:1214] T a8ae8156f3ad4fb3ab494ce26bb1a039 P c36abe6b2bdb4e778576473f60926b7b: Flush: entering stage 1 (old memrowset already frozen for inserts)
I1102 21:39:04.584565 8622 compaction.cc:926] Selected 1 rowsets to compact:
I1102 21:39:04.584573 8622 compaction.cc:929] memrowset(current size on disk: ~0 bytes)
I1102 21:39:04.584583 8622 tablet.cc:1216] T a8ae8156f3ad4fb3ab494ce26bb1a039 P c36abe6b2bdb4e778576473f60926b7b: Memstore in-memory size: 763 bytes
I1102 21:39:04.584599 8622 tablet.cc:1508] T a8ae8156f3ad4fb3ab494ce26bb1a039 P c36abe6b2bdb4e778576473f60926b7b: Flush: entering phase 1 (flushing snapshot). Phase 1 snapshot: MvccSnapshot[committed={T|T < 6312733673806618624}]
I1102 21:39:04.584611 8243 tablet.cc:1262] T a8ae8156f3ad4fb3ab494ce26bb1a039 P e92a2036de454238809663ac303c6ade: Alter schema from ( 10:c535 INT32 NOT NULL, 11:c761 INT32 NULLABLE, 13:c119 INT32 NOT NULL, 15:c524 INT32 NULLABLE, PRIMARY KEY (c535) ) version 11 to ( 10:c113 INT32 NOT NULL, 11:c761 INT32 NULLABLE, 13:c119 INT32 NOT NULL, 15:c524 INT32 NULLABLE, 18:c340 INT32 NULLABLE, 19:c600 INT32 NOT NULL, PRIMARY KEY (c113) ) version 12
I1102 21:39:04.584873 8243 tablet.cc:1214] T a8ae8156f3ad4fb3ab494ce26bb1a039 P e92a2036de454238809663ac303c6ade: Flush: entering stage 1 (old memrowset already frozen for inserts)
I1102 21:39:04.584887 8243 compaction.cc:926] Selected 1 rowsets to compact:
I1102 21:39:04.584893 8243 compaction.cc:929] memrowset(current size on disk: ~0 bytes)
I1102 21:39:04.584903 8243 tablet.cc:1216] T a8ae8156f3ad4fb3ab494ce26bb1a039 P e92a2036de454238809663ac303c6ade: Memstore in-memory size: 763 bytes
I1102 21:39:04.584919 8243 tablet.cc:1508] T a8ae8156f3ad4fb3ab494ce26bb1a039 P e92a2036de454238809663ac303c6ade: Flush: entering phase 1 (flushing snapshot). Phase 1 snapshot: MvccSnapshot[committed={T|T < 6312733673806618624}]
I1102 21:39:04.585568 8594 multi_column_writer.cc:98] Opened CFile writers for 6 column(s)
I1102 21:39:04.586971 8243 multi_column_writer.cc:98] Opened CFile writers for 6 column(s)
I1102 21:39:04.591356 8622 multi_column_writer.cc:98] Opened CFile writers for 6 column(s)
I1102 21:39:04.592509 8243 tablet.cc:1594] T a8ae8156f3ad4fb3ab494ce26bb1a039 P e92a2036de454238809663ac303c6ade: Flush: entering phase 2 (starting to duplicate updates in new rowsets)
I1102 21:39:04.592662 8243 tablet.cc:1649] T a8ae8156f3ad4fb3ab494ce26bb1a039 P e92a2036de454238809663ac303c6ade: Flush Phase 2: carrying over any updates which arrived during Phase 1
I1102 21:39:04.592701 8243 tablet.cc:1651] T a8ae8156f3ad4fb3ab494ce26bb1a039 P e92a2036de454238809663ac303c6ade: Phase 2 snapshot: MvccSnapshot[committed={T|T < 6312733673806618624}]
I1102 21:39:04.595144 8243 tablet.cc:1699] T a8ae8156f3ad4fb3ab494ce26bb1a039 P e92a2036de454238809663ac303c6ade: Flush successful on 5 rows (1 rowsets, 5041 bytes)
I1102 21:39:04.597569 8594 tablet.cc:1594] T a8ae8156f3ad4fb3ab494ce26bb1a039 P 33b43dabe1b543f39e7ed84247c575e8: Flush: entering phase 2 (starting to duplicate updates in new rowsets)
I1102 21:39:04.597718 8594 tablet.cc:1649] T a8ae8156f3ad4fb3ab494ce26bb1a039 P 33b43dabe1b543f39e7ed84247c575e8: Flush Phase 2: carrying over any updates which arrived during Phase 1
I1102 21:39:04.597754 8594 tablet.cc:1651] T a8ae8156f3ad4fb3ab494ce26bb1a039 P 33b43dabe1b543f39e7ed84247c575e8: Phase 2 snapshot: MvccSnapshot[committed={T|T < 6312733673806618624}]
I1102 21:39:04.598896 7794 catalog_manager.cc:4221] T 00000000000000000000000000000000 P 810977538c654d1a96a5c2a53c44d890: default.test_table [id=e93179f4d3eb4a26a760d9d76293265f] alter complete (version 12)
I1102 21:39:04.600539 8594 tablet.cc:1699] T a8ae8156f3ad4fb3ab494ce26bb1a039 P 33b43dabe1b543f39e7ed84247c575e8: Flush successful on 5 rows (1 rowsets, 5041 bytes)
I1102 21:39:04.601351 8622 tablet.cc:1594] T a8ae8156f3ad4fb3ab494ce26bb1a039 P c36abe6b2bdb4e778576473f60926b7b: Flush: entering phase 2 (starting to duplicate updates in new rowsets)
I1102 21:39:04.601522 8622 tablet.cc:1649] T a8ae8156f3ad4fb3ab494ce26bb1a039 P c36abe6b2bdb4e778576473f60926b7b: Flush Phase 2: carrying over any updates which arrived during Phase 1
I1102 21:39:04.601546 8622 tablet.cc:1651] T a8ae8156f3ad4fb3ab494ce26bb1a039 P c36abe6b2bdb4e778576473f60926b7b: Phase 2 snapshot: MvccSnapshot[committed={T|T < 6312733673806618624}]
I1102 21:39:04.610908 8622 tablet.cc:1699] T a8ae8156f3ad4fb3ab494ce26bb1a039 P c36abe6b2bdb4e778576473f60926b7b: Flush successful on 5 rows (1 rowsets, 5041 bytes)
I1102 21:39:04.626984 8087 maintenance_manager.cc:304] P e92a2036de454238809663ac303c6ade: Scheduling UndoDeltaBlockGCOp(a8ae8156f3ad4fb3ab494ce26bb1a039): 245 bytes on disk
I1102 21:39:04.627496 7981 maintenance_manager.cc:494] P e92a2036de454238809663ac303c6ade: UndoDeltaBlockGCOp(a8ae8156f3ad4fb3ab494ce26bb1a039) complete. Timing: real 0.000s user 0.000s sys 0.000s Metrics: {"cfile_init":1,"lbm_read_time_us":69,"lbm_reads_lt_1ms":4}
I1102 21:39:04.730892 8565 maintenance_manager.cc:304] P 33b43dabe1b543f39e7ed84247c575e8: Scheduling UndoDeltaBlockGCOp(a8ae8156f3ad4fb3ab494ce26bb1a039): 245 bytes on disk
I1102 21:39:04.731472 8458 maintenance_manager.cc:494] P 33b43dabe1b543f39e7ed84247c575e8: UndoDeltaBlockGCOp(a8ae8156f3ad4fb3ab494ce26bb1a039) complete. Timing: real 0.000s user 0.000s sys 0.000s Metrics: {"cfile_init":1,"lbm_read_time_us":71,"lbm_reads_lt_1ms":4}
I1102 21:39:04.767588 7964 maintenance_manager.cc:304] P c36abe6b2bdb4e778576473f60926b7b: Scheduling UndoDeltaBlockGCOp(a8ae8156f3ad4fb3ab494ce26bb1a039): 245 bytes on disk
I1102 21:39:04.768260 7858 maintenance_manager.cc:494] P c36abe6b2bdb4e778576473f60926b7b: UndoDeltaBlockGCOp(a8ae8156f3ad4fb3ab494ce26bb1a039) complete. Timing: real 0.000s user 0.000s sys 0.000s Metrics: {"cfile_init":1,"lbm_read_time_us":93,"lbm_reads_lt_1ms":4}
I1102 21:39:04.904806 7768 alter_table-randomized-test.cc:448] Beginning Alterations
I1102 21:39:04.905704 7768 alter_table-randomized-test.cc:549] Changing encoding of column c761 to 6
I1102 21:39:04.905763 7768 alter_table-randomized-test.cc:480] Committing Alterations
I1102 21:39:04.906424 7794 catalog_manager.cc:2182] Servicing AlterTable request from {username='slave'} at 127.0.0.1:59020: table { table_name: "default.test_table" } alter_schema_steps { type: ALTER_COLUMN alter_column { delta { name: "c761" encoding: BIT_SHUFFLE } } } modify_external_catalogs: true
I1102 21:39:04.910887 8594 tablet.cc:1262] T a8ae8156f3ad4fb3ab494ce26bb1a039 P 33b43dabe1b543f39e7ed84247c575e8: Alter schema from ( 10:c113 INT32 NOT NULL, 11:c761 INT32 NULLABLE, 13:c119 INT32 NOT NULL, 15:c524 INT32 NULLABLE, 18:c340 INT32 NULLABLE, 19:c600 INT32 NOT NULL, PRIMARY KEY (c113) ) version 12 to ( 10:c113 INT32 NOT NULL, 11:c761 INT32 NULLABLE, 13:c119 INT32 NOT NULL, 15:c524 INT32 NULLABLE, 18:c340 INT32 NULLABLE, 19:c600 INT32 NOT NULL, PRIMARY KEY (c113) ) version 13
I1102 21:39:04.911329 8243 tablet.cc:1262] T a8ae8156f3ad4fb3ab494ce26bb1a039 P e92a2036de454238809663ac303c6ade: Alter schema from ( 10:c113 INT32 NOT NULL, 11:c761 INT32 NULLABLE, 13:c119 INT32 NOT NULL, 15:c524 INT32 NULLABLE, 18:c340 INT32 NULLABLE, 19:c600 INT32 NOT NULL, PRIMARY KEY (c113) ) version 12 to ( 10:c113 INT32 NOT NULL, 11:c761 INT32 NULLABLE, 13:c119 INT32 NOT NULL, 15:c524 INT32 NULLABLE, 18:c340 INT32 NULLABLE, 19:c600 INT32 NOT NULL, PRIMARY KEY (c113) ) version 13
I1102 21:39:04.911684 8622 tablet.cc:1262] T a8ae8156f3ad4fb3ab494ce26bb1a039 P c36abe6b2bdb4e778576473f60926b7b: Alter schema from ( 10:c113 INT32 NOT NULL, 11:c761 INT32 NULLABLE, 13:c119 INT32 NOT NULL, 15:c524 INT32 NULLABLE, 18:c340 INT32 NULLABLE, 19:c600 INT32 NOT NULL, PRIMARY KEY (c113) ) version 12 to ( 10:c113 INT32 NOT NULL, 11:c761 INT32 NULLABLE, 13:c119 INT32 NOT NULL, 15:c524 INT32 NULLABLE, 18:c340 INT32 NULLABLE, 19:c600 INT32 NOT NULL, PRIMARY KEY (c113) ) version 13
I1102 21:39:04.915153 7794 catalog_manager.cc:4221] T 00000000000000000000000000000000 P 810977538c654d1a96a5c2a53c44d890: default.test_table [id=e93179f4d3eb4a26a760d9d76293265f] alter complete (version 13)
I1102 21:39:04.920071 7768 alter_table-randomized-test.cc:448] Beginning Alterations
I1102 21:39:04.920931 7768 alter_table-randomized-test.cc:486] Adding column c537, existing columns: c113, c761, c119, c524, c340, c600
I1102 21:39:04.920989 7768 alter_table-randomized-test.cc:480] Committing Alterations
I1102 21:39:04.921531 7800 catalog_manager.cc:2182] Servicing AlterTable request from {username='slave'} at 127.0.0.1:59020: table { table_name: "default.test_table" } alter_schema_steps { type: ADD_COLUMN add_column { schema { name: "c537" type: INT32 is_nullable: true encoding: AUTO_ENCODING compression: DEFAULT_COMPRESSION cfile_block_size: 0 } } } modify_external_catalogs: true
I1102 21:39:04.925767 8594 tablet.cc:1262] T a8ae8156f3ad4fb3ab494ce26bb1a039 P 33b43dabe1b543f39e7ed84247c575e8: Alter schema from ( 10:c113 INT32 NOT NULL, 11:c761 INT32 NULLABLE, 13:c119 INT32 NOT NULL, 15:c524 INT32 NULLABLE, 18:c340 INT32 NULLABLE, 19:c600 INT32 NOT NULL, PRIMARY KEY (c113) ) version 13 to ( 10:c113 INT32 NOT NULL, 11:c761 INT32 NULLABLE, 13:c119 INT32 NOT NULL, 15:c524 INT32 NULLABLE, 18:c340 INT32 NULLABLE, 19:c600 INT32 NOT NULL, 20:c537 INT32 NULLABLE, PRIMARY KEY (c113) ) version 14
I1102 21:39:04.926146 8594 tablet.cc:1214] T a8ae8156f3ad4fb3ab494ce26bb1a039 P 33b43dabe1b543f39e7ed84247c575e8: Flush: entering stage 1 (old memrowset already frozen for inserts)
I1102 21:39:04.926192 8594 compaction.cc:926] Selected 1 rowsets to compact:
I1102 21:39:04.926239 8594 compaction.cc:929] memrowset(current size on disk: ~0 bytes)
I1102 21:39:04.926296 8594 tablet.cc:1216] T a8ae8156f3ad4fb3ab494ce26bb1a039 P 33b43dabe1b543f39e7ed84247c575e8: Memstore in-memory size: 3751 bytes
I1102 21:39:04.926332 8594 tablet.cc:1508] T a8ae8156f3ad4fb3ab494ce26bb1a039 P 33b43dabe1b543f39e7ed84247c575e8: Flush: entering phase 1 (flushing snapshot). Phase 1 snapshot: MvccSnapshot[committed={T|T < 6312733675207737344}]
I1102 21:39:04.926381 8622 tablet.cc:1262] T a8ae8156f3ad4fb3ab494ce26bb1a039 P c36abe6b2bdb4e778576473f60926b7b: Alter schema from ( 10:c113 INT32 NOT NULL, 11:c761 INT32 NULLABLE, 13:c119 INT32 NOT NULL, 15:c524 INT32 NULLABLE, 18:c340 INT32 NULLABLE, 19:c600 INT32 NOT NULL, PRIMARY KEY (c113) ) version 13 to ( 10:c113 INT32 NOT NULL, 11:c761 INT32 NULLABLE, 13:c119 INT32 NOT NULL, 15:c524 INT32 NULLABLE, 18:c340 INT32 NULLABLE, 19:c600 INT32 NOT NULL, 20:c537 INT32 NULLABLE, PRIMARY KEY (c113) ) version 14
I1102 21:39:04.926652 8243 tablet.cc:1262] T a8ae8156f3ad4fb3ab494ce26bb1a039 P e92a2036de454238809663ac303c6ade: Alter schema from ( 10:c113 INT32 NOT NULL, 11:c761 INT32 NULLABLE, 13:c119 INT32 NOT NULL, 15:c524 INT32 NULLABLE, 18:c340 INT32 NULLABLE, 19:c600 INT32 NOT NULL, PRIMARY KEY (c113) ) version 13 to ( 10:c113 INT32 NOT NULL, 11:c761 INT32 NULLABLE, 13:c119 INT32 NOT NULL, 15:c524 INT32 NULLABLE, 18:c340 INT32 NULLABLE, 19:c600 INT32 NOT NULL, 20:c537 INT32 NULLABLE, PRIMARY KEY (c113) ) version 14
I1102 21:39:04.926687 8622 tablet.cc:1214] T a8ae8156f3ad4fb3ab494ce26bb1a039 P c36abe6b2bdb4e778576473f60926b7b: Flush: entering stage 1 (old memrowset already frozen for inserts)
I1102 21:39:04.926699 8622 compaction.cc:926] Selected 1 rowsets to compact:
I1102 21:39:04.926707 8622 compaction.cc:929] memrowset(current size on disk: ~0 bytes)
I1102 21:39:04.926717 8622 tablet.cc:1216] T a8ae8156f3ad4fb3ab494ce26bb1a039 P c36abe6b2bdb4e778576473f60926b7b: Memstore in-memory size: 3751 bytes
I1102 21:39:04.926745 8622 tablet.cc:1508] T a8ae8156f3ad4fb3ab494ce26bb1a039 P c36abe6b2bdb4e778576473f60926b7b: Flush: entering phase 1 (flushing snapshot). Phase 1 snapshot: MvccSnapshot[committed={T|T < 6312733675207737344}]
I1102 21:39:04.926972 8243 tablet.cc:1214] T a8ae8156f3ad4fb3ab494ce26bb1a039 P e92a2036de454238809663ac303c6ade: Flush: entering stage 1 (old memrowset already frozen for inserts)
I1102 21:39:04.927000 8243 compaction.cc:926] Selected 1 rowsets to compact:
I1102 21:39:04.927008 8243 compaction.cc:929] memrowset(current size on disk: ~0 bytes)
I1102 21:39:04.927021 8243 tablet.cc:1216] T a8ae8156f3ad4fb3ab494ce26bb1a039 P e92a2036de454238809663ac303c6ade: Memstore in-memory size: 3751 bytes
