I1102 21:39:14.257258 9135 tablet.cc:1262] T 22e7d538ba0b4d13baca67b168a47317 P 33b43dabe1b543f39e7ed84247c575e8: Alter schema from ( 10:c429 INT32 NOT NULL, 18:c712 INT32 NULLABLE, 20:c169 INT32 NULLABLE, 22:c865 INT32 NOT NULL, 23:c148 INT32 NULLABLE, 24:c764 INT32 NULLABLE, 26:c840 INT32 NOT NULL, 30:c592 INT32 NULLABLE, 31:c908 INT32 NOT NULL, 32:c241 INT32 NOT NULL, 33:c996 INT32 NOT NULL, PRIMARY KEY (c429) ) version 32 to ( 10:c429 INT32 NOT NULL, 18:c712 INT32 NULLABLE, 20:c169 INT32 NULLABLE, 22:c865 INT32 NOT NULL, 24:c764 INT32 NULLABLE, 26:c840 INT32 NOT NULL, 30:c592 INT32 NULLABLE, 31:c908 INT32 NOT NULL, 32:c241 INT32 NOT NULL, 33:c996 INT32 NOT NULL, PRIMARY KEY (c429) ) version 33
I1102 21:39:14.257436 9489 tablet.cc:1205] T 96875be6f1124d25ba150b3bd8ed725f P c36abe6b2bdb4e778576473f60926b7b: MemRowSet was empty: no flush needed.
I1102 21:39:14.257591 9135 tablet.cc:1205] T 22e7d538ba0b4d13baca67b168a47317 P 33b43dabe1b543f39e7ed84247c575e8: MemRowSet was empty: no flush needed.
I1102 21:39:14.260071 9489 tablet.cc:1262] T 22e7d538ba0b4d13baca67b168a47317 P c36abe6b2bdb4e778576473f60926b7b: Alter schema from ( 10:c429 INT32 NOT NULL, 18:c712 INT32 NULLABLE, 20:c169 INT32 NULLABLE, 22:c865 INT32 NOT NULL, 23:c148 INT32 NULLABLE, 24:c764 INT32 NULLABLE, 26:c840 INT32 NOT NULL, 30:c592 INT32 NULLABLE, 31:c908 INT32 NOT NULL, 32:c241 INT32 NOT NULL, 33:c996 INT32 NOT NULL, PRIMARY KEY (c429) ) version 32 to ( 10:c429 INT32 NOT NULL, 18:c712 INT32 NULLABLE, 20:c169 INT32 NULLABLE, 22:c865 INT32 NOT NULL, 24:c764 INT32 NULLABLE, 26:c840 INT32 NOT NULL, 30:c592 INT32 NULLABLE, 31:c908 INT32 NOT NULL, 32:c241 INT32 NOT NULL, 33:c996 INT32 NOT NULL, PRIMARY KEY (c429) ) version 33
I1102 21:39:14.260121 9135 tablet.cc:1262] T 96875be6f1124d25ba150b3bd8ed725f P 33b43dabe1b543f39e7ed84247c575e8: Alter schema from ( 10:c429 INT32 NOT NULL, 18:c712 INT32 NULLABLE, 20:c169 INT32 NULLABLE, 22:c865 INT32 NOT NULL, 23:c148 INT32 NULLABLE, 24:c764 INT32 NULLABLE, 26:c840 INT32 NOT NULL, 30:c592 INT32 NULLABLE, 31:c908 INT32 NOT NULL, 32:c241 INT32 NOT NULL, 33:c996 INT32 NOT NULL, PRIMARY KEY (c429) ) version 32 to ( 10:c429 INT32 NOT NULL, 18:c712 INT32 NULLABLE, 20:c169 INT32 NULLABLE, 22:c865 INT32 NOT NULL, 24:c764 INT32 NULLABLE, 26:c840 INT32 NOT NULL, 30:c592 INT32 NULLABLE, 31:c908 INT32 NOT NULL, 32:c241 INT32 NOT NULL, 33:c996 INT32 NOT NULL, PRIMARY KEY (c429) ) version 33
I1102 21:39:14.260363 9135 tablet.cc:1205] T 96875be6f1124d25ba150b3bd8ed725f P 33b43dabe1b543f39e7ed84247c575e8: MemRowSet was empty: no flush needed.
I1102 21:39:14.260520 9489 tablet.cc:1205] T 22e7d538ba0b4d13baca67b168a47317 P c36abe6b2bdb4e778576473f60926b7b: MemRowSet was empty: no flush needed.
I1102 21:39:14.261904 9066 catalog_manager.cc:4221] T 00000000000000000000000000000000 P 810977538c654d1a96a5c2a53c44d890: default.test_table [id=e93179f4d3eb4a26a760d9d76293265f] alter complete (version 33)
I1102 21:39:14.262634 7768 alter_table-randomized-test.cc:448] Beginning Alterations
I1102 21:39:14.262743 9328 tablet.cc:1262] T 96875be6f1124d25ba150b3bd8ed725f P e92a2036de454238809663ac303c6ade: Alter schema from ( 10:c429 INT32 NOT NULL, 18:c712 INT32 NULLABLE, 20:c169 INT32 NULLABLE, 22:c865 INT32 NOT NULL, 23:c148 INT32 NULLABLE, 24:c764 INT32 NULLABLE, 26:c840 INT32 NOT NULL, 30:c592 INT32 NULLABLE, 31:c908 INT32 NOT NULL, 32:c241 INT32 NOT NULL, 33:c996 INT32 NOT NULL, PRIMARY KEY (c429) ) version 32 to ( 10:c429 INT32 NOT NULL, 18:c712 INT32 NULLABLE, 20:c169 INT32 NULLABLE, 22:c865 INT32 NOT NULL, 24:c764 INT32 NULLABLE, 26:c840 INT32 NOT NULL, 30:c592 INT32 NULLABLE, 31:c908 INT32 NOT NULL, 32:c241 INT32 NOT NULL, 33:c996 INT32 NOT NULL, PRIMARY KEY (c429) ) version 33
I1102 21:39:14.262971 9328 tablet.cc:1205] T 96875be6f1124d25ba150b3bd8ed725f P e92a2036de454238809663ac303c6ade: MemRowSet was empty: no flush needed.
I1102 21:39:14.264266 7768 alter_table-randomized-test.cc:516] Renaming column c241 to c448
I1102 21:39:14.264310 7768 alter_table-randomized-test.cc:480] Committing Alterations
I1102 21:39:14.264904 9066 catalog_manager.cc:2182] Servicing AlterTable request from {username='slave'} at 127.0.0.1:59072: table { table_name: "default.test_table" } alter_schema_steps { type: RENAME_COLUMN rename_column { old_name: "c241" new_name: "c448" } } modify_external_catalogs: true
I1102 21:39:14.270218 9568 tablet.cc:1262] T 96875be6f1124d25ba150b3bd8ed725f P c36abe6b2bdb4e778576473f60926b7b: Alter schema from ( 10:c429 INT32 NOT NULL, 18:c712 INT32 NULLABLE, 20:c169 INT32 NULLABLE, 22:c865 INT32 NOT NULL, 24:c764 INT32 NULLABLE, 26:c840 INT32 NOT NULL, 30:c592 INT32 NULLABLE, 31:c908 INT32 NOT NULL, 32:c241 INT32 NOT NULL, 33:c996 INT32 NOT NULL, PRIMARY KEY (c429) ) version 33 to ( 10:c429 INT32 NOT NULL, 18:c712 INT32 NULLABLE, 20:c169 INT32 NULLABLE, 22:c865 INT32 NOT NULL, 24:c764 INT32 NULLABLE, 26:c840 INT32 NOT NULL, 30:c592 INT32 NULLABLE, 31:c908 INT32 NOT NULL, 32:c448 INT32 NOT NULL, 33:c996 INT32 NOT NULL, PRIMARY KEY (c429) ) version 34
I1102 21:39:14.270498 9568 tablet.cc:1205] T 96875be6f1124d25ba150b3bd8ed725f P c36abe6b2bdb4e778576473f60926b7b: MemRowSet was empty: no flush needed.
I1102 21:39:14.270812 9569 tablet.cc:1262] T 22e7d538ba0b4d13baca67b168a47317 P e92a2036de454238809663ac303c6ade: Alter schema from ( 10:c429 INT32 NOT NULL, 18:c712 INT32 NULLABLE, 20:c169 INT32 NULLABLE, 22:c865 INT32 NOT NULL, 24:c764 INT32 NULLABLE, 26:c840 INT32 NOT NULL, 30:c592 INT32 NULLABLE, 31:c908 INT32 NOT NULL, 32:c241 INT32 NOT NULL, 33:c996 INT32 NOT NULL, PRIMARY KEY (c429) ) version 33 to ( 10:c429 INT32 NOT NULL, 18:c712 INT32 NULLABLE, 20:c169 INT32 NULLABLE, 22:c865 INT32 NOT NULL, 24:c764 INT32 NULLABLE, 26:c840 INT32 NOT NULL, 30:c592 INT32 NULLABLE, 31:c908 INT32 NOT NULL, 32:c448 INT32 NOT NULL, 33:c996 INT32 NOT NULL, PRIMARY KEY (c429) ) version 34
I1102 21:39:14.271081 9569 tablet.cc:1205] T 22e7d538ba0b4d13baca67b168a47317 P e92a2036de454238809663ac303c6ade: MemRowSet was empty: no flush needed.
I1102 21:39:14.271507 9570 tablet.cc:1262] T 22e7d538ba0b4d13baca67b168a47317 P 33b43dabe1b543f39e7ed84247c575e8: Alter schema from ( 10:c429 INT32 NOT NULL, 18:c712 INT32 NULLABLE, 20:c169 INT32 NULLABLE, 22:c865 INT32 NOT NULL, 24:c764 INT32 NULLABLE, 26:c840 INT32 NOT NULL, 30:c592 INT32 NULLABLE, 31:c908 INT32 NOT NULL, 32:c241 INT32 NOT NULL, 33:c996 INT32 NOT NULL, PRIMARY KEY (c429) ) version 33 to ( 10:c429 INT32 NOT NULL, 18:c712 INT32 NULLABLE, 20:c169 INT32 NULLABLE, 22:c865 INT32 NOT NULL, 24:c764 INT32 NULLABLE, 26:c840 INT32 NOT NULL, 30:c592 INT32 NULLABLE, 31:c908 INT32 NOT NULL, 32:c448 INT32 NOT NULL, 33:c996 INT32 NOT NULL, PRIMARY KEY (c429) ) version 34
I1102 21:39:14.271523 9489 tablet.cc:1262] T 22e7d538ba0b4d13baca67b168a47317 P c36abe6b2bdb4e778576473f60926b7b: Alter schema from ( 10:c429 INT32 NOT NULL, 18:c712 INT32 NULLABLE, 20:c169 INT32 NULLABLE, 22:c865 INT32 NOT NULL, 24:c764 INT32 NULLABLE, 26:c840 INT32 NOT NULL, 30:c592 INT32 NULLABLE, 31:c908 INT32 NOT NULL, 32:c241 INT32 NOT NULL, 33:c996 INT32 NOT NULL, PRIMARY KEY (c429) ) version 33 to ( 10:c429 INT32 NOT NULL, 18:c712 INT32 NULLABLE, 20:c169 INT32 NULLABLE, 22:c865 INT32 NOT NULL, 24:c764 INT32 NULLABLE, 26:c840 INT32 NOT NULL, 30:c592 INT32 NULLABLE, 31:c908 INT32 NOT NULL, 32:c448 INT32 NOT NULL, 33:c996 INT32 NOT NULL, PRIMARY KEY (c429) ) version 34
I1102 21:39:14.271661 9135 tablet.cc:1262] T 96875be6f1124d25ba150b3bd8ed725f P 33b43dabe1b543f39e7ed84247c575e8: Alter schema from ( 10:c429 INT32 NOT NULL, 18:c712 INT32 NULLABLE, 20:c169 INT32 NULLABLE, 22:c865 INT32 NOT NULL, 24:c764 INT32 NULLABLE, 26:c840 INT32 NOT NULL, 30:c592 INT32 NULLABLE, 31:c908 INT32 NOT NULL, 32:c241 INT32 NOT NULL, 33:c996 INT32 NOT NULL, PRIMARY KEY (c429) ) version 33 to ( 10:c429 INT32 NOT NULL, 18:c712 INT32 NULLABLE, 20:c169 INT32 NULLABLE, 22:c865 INT32 NOT NULL, 24:c764 INT32 NULLABLE, 26:c840 INT32 NOT NULL, 30:c592 INT32 NULLABLE, 31:c908 INT32 NOT NULL, 32:c448 INT32 NOT NULL, 33:c996 INT32 NOT NULL, PRIMARY KEY (c429) ) version 34
I1102 21:39:14.271782 9489 tablet.cc:1205] T 22e7d538ba0b4d13baca67b168a47317 P c36abe6b2bdb4e778576473f60926b7b: MemRowSet was empty: no flush needed.
I1102 21:39:14.271806 9570 tablet.cc:1205] T 22e7d538ba0b4d13baca67b168a47317 P 33b43dabe1b543f39e7ed84247c575e8: MemRowSet was empty: no flush needed.
I1102 21:39:14.272073 9135 tablet.cc:1205] T 96875be6f1124d25ba150b3bd8ed725f P 33b43dabe1b543f39e7ed84247c575e8: MemRowSet was empty: no flush needed.
I1102 21:39:14.272763 9328 tablet.cc:1262] T 96875be6f1124d25ba150b3bd8ed725f P e92a2036de454238809663ac303c6ade: Alter schema from ( 10:c429 INT32 NOT NULL, 18:c712 INT32 NULLABLE, 20:c169 INT32 NULLABLE, 22:c865 INT32 NOT NULL, 24:c764 INT32 NULLABLE, 26:c840 INT32 NOT NULL, 30:c592 INT32 NULLABLE, 31:c908 INT32 NOT NULL, 32:c241 INT32 NOT NULL, 33:c996 INT32 NOT NULL, PRIMARY KEY (c429) ) version 33 to ( 10:c429 INT32 NOT NULL, 18:c712 INT32 NULLABLE, 20:c169 INT32 NULLABLE, 22:c865 INT32 NOT NULL, 24:c764 INT32 NULLABLE, 26:c840 INT32 NOT NULL, 30:c592 INT32 NULLABLE, 31:c908 INT32 NOT NULL, 32:c448 INT32 NOT NULL, 33:c996 INT32 NOT NULL, PRIMARY KEY (c429) ) version 34
I1102 21:39:14.272992 9328 tablet.cc:1205] T 96875be6f1124d25ba150b3bd8ed725f P e92a2036de454238809663ac303c6ade: MemRowSet was empty: no flush needed.
I1102 21:39:14.277719 9069 catalog_manager.cc:4221] T 00000000000000000000000000000000 P 810977538c654d1a96a5c2a53c44d890: default.test_table [id=e93179f4d3eb4a26a760d9d76293265f] alter complete (version 34)
I1102 21:39:14.545583 7768 alter_table-randomized-test.cc:120] Restarting TS 0
I1102 21:39:14.545648 7768 external_mini_cluster.cc:1043] Killing /tmp/dist-test-taskoKLkQa/build/debug/bin/kudu-tserver with pid 9355
W1102 21:39:14.550189 9204 connection.cc:512] client connection to 127.7.150.1:46291 recv error: Network error: failed to read from TLS socket (remote: 127.7.150.1:46291): Connection reset by peer (error 104)
W1102 21:39:14.550196 8452 connection.cc:512] server connection from 127.7.150.1:35263 recv error: Network error: failed to read from TLS socket (remote: 127.7.150.1:35263): Connection reset by peer (error 104)
W1102 21:39:14.550233 8453 connection.cc:512] client connection to 127.7.150.1:46291 recv error: Network error: failed to read from TLS socket (remote: 127.7.150.1:46291): Connection reset by peer (error 104)
W1102 21:39:14.550387 9202 connection.cc:512] server connection from 127.7.150.1:56745 recv error: Network error: failed to read from TLS socket (remote: 127.7.150.1:56745): Connection reset by peer (error 104)
W1102 21:39:14.550514 8214 connection.cc:512] client connection to 127.7.150.1:46291 recv error: Network error: failed to read from TLS socket (remote: 127.7.150.1:46291): Connection reset by peer (error 104)
W1102 21:39:14.550554 9058 connection.cc:512] server connection from 127.7.150.1:55819 recv error: Network error: failed to read from TLS socket (remote: 127.7.150.1:55819): Connection reset by peer (error 104)
W1102 21:39:14.550815 9058 connection.cc:512] client connection to 127.7.150.1:46291 recv error: Network error: failed to read from TLS socket (remote: 127.7.150.1:46291): Connection reset by peer (error 104)
W1102 21:39:14.550881 7773 connection.cc:512] client connection to 127.7.150.1:46291 recv error: Network error: failed to read from TLS socket (remote: 127.7.150.1:46291): Connection reset by peer (error 104)
I1102 21:39:14.551385 7768 external_mini_cluster.cc:845] Running /tmp/dist-test-taskoKLkQa/build/debug/bin/kudu-tserver /tmp/dist-test-taskoKLkQa/build/debug/bin/kudu-tserver --fs_wal_dir=/tmp/dist-test-taskoKLkQa/test-tmp/alter_table-randomized-test.0.HmsConfigurations_AlterTableRandomized.TestRandomSequence_0.1541194740983682-7768/minicluster-data/ts-0/wal --fs_data_dirs=/tmp/dist-test-taskoKLkQa/test-tmp/alter_table-randomized-test.0.HmsConfigurations_AlterTableRandomized.TestRandomSequence_0.1541194740983682-7768/minicluster-data/ts-0/data --block_manager=log --rpc_bind_addresses=127.7.150.1:46291 --local_ip_for_outbound_sockets=127.7.150.1 --webserver_port=35429 --webserver_interface=127.7.150.1 --tserver_master_addrs=127.7.150.62:42573 --never_fsync --ipki_server_key_size=1024 --enable_minidumps=false --redact=none --metrics_log_interval_ms=1000 --logtostderr --logbuflevel=-1 --log_dir=/tmp/dist-test-taskoKLkQa/test-tmp/alter_table-randomized-test.0.HmsConfigurations_AlterTableRandomized.TestRandomSequence_0.1541194740983682-7768/minicluster-data/ts-0/logs --server_dump_info_path=/tmp/dist-test-taskoKLkQa/test-tmp/alter_table-randomized-test.0.HmsConfigurations_AlterTableRandomized.TestRandomSequence_0.1541194740983682-7768/minicluster-data/ts-0/data/info.pb --server_dump_info_format=pb --rpc_server_allow_ephemeral_ports --unlock_experimental_flags --unlock_unsafe_flags --log_container_preallocate_bytes=0 with env {} WARNING: Logging before InitGoogleLogging() is written to STDERR
W1102 21:39:14.587502 9572 flags.cc:406] Enabled unsafe flag: --rpc_server_allow_ephemeral_ports=true
W1102 21:39:14.587641 9572 flags.cc:406] Enabled unsafe flag: --never_fsync=true
W1102 21:39:14.588438 9572 flags.cc:406] Enabled experimental flag: --ipki_server_key_size=1024
W1102 21:39:14.588486 9572 flags.cc:406] Enabled experimental flag: --local_ip_for_outbound_sockets=127.7.150.1
I1102 21:39:14.589730 9572 tablet_server_main.cc:78] Tablet server non-default flags: --fs_data_dirs=/tmp/dist-test-taskoKLkQa/test-tmp/alter_table-randomized-test.0.HmsConfigurations_AlterTableRandomized.TestRandomSequence_0.1541194740983682-7768/minicluster-data/ts-0/data --fs_wal_dir=/tmp/dist-test-taskoKLkQa/test-tmp/alter_table-randomized-test.0.HmsConfigurations_AlterTableRandomized.TestRandomSequence_0.1541194740983682-7768/minicluster-data/ts-0/wal --log_container_preallocate_bytes=0 --ipki_server_key_size=1024 --rpc_bind_addresses=127.7.150.1:46291 --rpc_server_allow_ephemeral_ports=true --metrics_log_interval_ms=1000 --server_dump_info_format=pb --server_dump_info_path=/tmp/dist-test-taskoKLkQa/test-tmp/alter_table-randomized-test.0.HmsConfigurations_AlterTableRandomized.TestRandomSequence_0.1541194740983682-7768/minicluster-data/ts-0/data/info.pb --webserver_interface=127.7.150.1 --webserver_port=35429 --tserver_master_addrs=127.7.150.62:42573 --never_fsync=true --redact=none --unlock_experimental_flags=true --unlock_unsafe_flags=true --enable_minidumps=false --local_ip_for_outbound_sockets=127.7.150.1 --log_dir=/tmp/dist-test-taskoKLkQa/test-tmp/alter_table-randomized-test.0.HmsConfigurations_AlterTableRandomized.TestRandomSequence_0.1541194740983682-7768/minicluster-data/ts-0/logs --logbuflevel=-1 --logtostderr=true Tablet server version: kudu 1.9.0-SNAPSHOT revision 3c1cfbf7247cd65a4bc092b843ef0247e57f2b73 build type DEBUG built by None at 02 Nov 2018 21:29:27 UTC on jenkins-slave-8qw8 build id 15573
I1102 21:39:14.593634 9572 tablet_server_main.cc:85] Initializing tablet server...
I1102 21:39:14.594314 9572 system_ntp.cc:199] NTP initialized. Skew: 500ppm Current error: 135876us
I1102 21:39:14.594712 9572 fs_manager.cc:263] Metadata directory not provided
I1102 21:39:14.594753 9572 fs_manager.cc:269] Using write-ahead log directory (fs_wal_dir) as metadata directory
I1102 21:39:14.598315 9572 fs_manager.cc:399] Time spent opening directory manager: real 0.003s user 0.003s sys 0.000s
I1102 21:39:14.598846 9572 env_posix.cc:1676] Not raising this process' open files per process limit of 1048576; it is already as high as it can go
I1102 21:39:14.599064 9572 file_cache.cc:466] Constructed file cache lbm with capacity 419430
I1102 21:39:14.640223 9572 fs_manager.cc:419] Time spent opening block manager: real 0.040s user 0.000s sys 0.000s
I1102 21:39:14.640761 9572 fs_manager.cc:436] Opened local filesystem: /tmp/dist-test-taskoKLkQa/test-tmp/alter_table-randomized-test.0.HmsConfigurations_AlterTableRandomized.TestRandomSequence_0.1541194740983682-7768/minicluster-data/ts-0/data,/tmp/dist-test-taskoKLkQa/test-tmp/alter_table-randomized-test.0.HmsConfigurations_AlterTableRandomized.TestRandomSequence_0.1541194740983682-7768/minicluster-data/ts-0/wal uuid: "c36abe6b2bdb4e778576473f60926b7b" format_stamp: "Formatted at 2018-11-02 21:39:01 on dist-test-slave-dist-test-slave-lx6r"
I1102 21:39:14.640872 9572 fs_report.cc:352] FS layout report -------------------- wal directory: /tmp/dist-test-taskoKLkQa/test-tmp/alter_table-randomized-test.0.HmsConfigurations_AlterTableRandomized.TestRandomSequence_0.1541194740983682-7768/minicluster-data/ts-0/wal metadata directory: /tmp/dist-test-taskoKLkQa/test-tmp/alter_table-randomized-test.0.HmsConfigurations_AlterTableRandomized.TestRandomSequence_0.1541194740983682-7768/minicluster-data/ts-0/wal 1 data directories: /tmp/dist-test-taskoKLkQa/test-tmp/alter_table-randomized-test.0.HmsConfigurations_AlterTableRandomized.TestRandomSequence_0.1541194740983682-7768/minicluster-data/ts-0/data/data Total live blocks: 14 Total live bytes: 9541 Total live bytes (after alignment): 61440 Total number of LBM containers: 31 (0 full) Did not check for missing blocks Did not check for orphaned blocks Total full LBM containers with extra space: 0 (0 repaired) Total full LBM container extra space in bytes: 0 (0 repaired) Total incomplete LBM containers: 0 (0 repaired) Total LBM partial records: 0 (0 repaired)
I1102 21:39:14.669735 9572 env_posix.cc:1676] Not raising this process' running threads per effective uid limit of 18446744073709551615; it is already as high as it can go
I1102 21:39:14.670775 9572 ts_tablet_manager.cc:344] Loading tablet metadata (0/2 complete)
I1102 21:39:14.670807 9572 ts_tablet_manager.cc:1005] T 96875be6f1124d25ba150b3bd8ed725f P c36abe6b2bdb4e778576473f60926b7b: Loading tablet metadata
I1102 21:39:14.672868 9572 ts_tablet_manager.cc:1005] T 22e7d538ba0b4d13baca67b168a47317 P c36abe6b2bdb4e778576473f60926b7b: Loading tablet metadata
I1102 21:39:14.673885 9572 ts_tablet_manager.cc:356] Loaded tablet metadata (2 live tablets)
I1102 21:39:14.675165 9572 ts_tablet_manager.cc:1173] T 96875be6f1124d25ba150b3bd8ed725f P c36abe6b2bdb4e778576473f60926b7b: Registered tablet (data state: TABLET_DATA_READY)
I1102 21:39:14.675532 9587 ts_tablet_manager.cc:1028] T 96875be6f1124d25ba150b3bd8ed725f P c36abe6b2bdb4e778576473f60926b7b: Bootstrapping tablet
I1102 21:39:14.675760 9587 tablet_bootstrap.cc:438] T 96875be6f1124d25ba150b3bd8ed725f P c36abe6b2bdb4e778576473f60926b7b: Bootstrap starting.
I1102 21:39:14.676021 9572 ts_tablet_manager.cc:1173] T 22e7d538ba0b4d13baca67b168a47317 P c36abe6b2bdb4e778576473f60926b7b: Registered tablet (data state: TABLET_DATA_READY)
I1102 21:39:14.676156 9572 tablet_server_main.cc:90] Starting tablet server...
I1102 21:39:14.683627 9572 rpc_server.cc:205] RPC server started. Bound to: 127.7.150.1:46291
I1102 21:39:14.683928 9572 webserver.cc:175] Starting webserver on 127.7.150.1:35429
I1102 21:39:14.683946 9572 webserver.cc:186] Document root disabled
I1102 21:39:14.684239 9572 webserver.cc:313] Webserver started. Bound to: http://127.7.150.1:35429/
I1102 21:39:14.684664 9572 server_base.cc:607] Dumped server information to /tmp/dist-test-taskoKLkQa/test-tmp/alter_table-randomized-test.0.HmsConfigurations_AlterTableRandomized.TestRandomSequence_0.1541194740983682-7768/minicluster-data/ts-0/data/info.pb
I1102 21:39:14.685156 9572 tablet_server_main.cc:93] Tablet server successfully started.
I1102 21:39:14.685498 7768 external_mini_cluster.cc:907] Started /tmp/dist-test-taskoKLkQa/build/debug/bin/kudu-tserver as pid 9572
I1102 21:39:14.691998 9587 log.cc:525] T 96875be6f1124d25ba150b3bd8ed725f P c36abe6b2bdb4e778576473f60926b7b: Log is configured to *not* fsync() on all Append() calls
I1102 21:39:14.694878 9587 tablet.cc:1262] T 96875be6f1124d25ba150b3bd8ed725f P c36abe6b2bdb4e778576473f60926b7b: Alter schema from ( 10:c429 INT32 NOT NULL, 18:c712 INT32 NULLABLE, 20:c169 INT32 NULLABLE, 22:c865 INT32 NOT NULL, 23:c148 INT32 NULLABLE, 24:c764 INT32 NULLABLE, 26:c840 INT32 NOT NULL, 30:c592 INT32 NULLABLE, 31:c908 INT32 NOT NULL, 32:c241 INT32 NOT NULL, 33:c996 INT32 NOT NULL, PRIMARY KEY (c429) ) version 0 to ( 10:c429 INT32 NOT NULL, 18:c712 INT32 NULLABLE, 20:c169 INT32 NULLABLE, 22:c865 INT32 NOT NULL, 23:c148 INT32 NULLABLE, 24:c764 INT32 NULLABLE, 26:c840 INT32 NOT NULL, 30:c592 INT32 NULLABLE, 31:c908 INT32 NOT NULL, 32:c241 INT32 NOT NULL, 33:c996 INT32 NOT NULL, PRIMARY KEY (c429) ) version 32
I1102 21:39:14.695019 9587 tablet_metadata.cc:531] Not flushing: waiting for 1 pins to be released.
I1102 21:39:14.695626 9587 tablet.cc:1257] T 96875be6f1124d25ba150b3bd8ed725f P c36abe6b2bdb4e778576473f60926b7b: Already running schema version 32 got alter request for version 32
I1102 21:39:14.696142 9587 tablet.cc:1257] T 96875be6f1124d25ba150b3bd8ed725f P c36abe6b2bdb4e778576473f60926b7b: Already running schema version 32 got alter request for version 32
I1102 21:39:14.696777 9587 tablet.cc:1262] T 96875be6f1124d25ba150b3bd8ed725f P c36abe6b2bdb4e778576473f60926b7b: Alter schema from ( 10:c429 INT32 NOT NULL, 18:c712 INT32 NULLABLE, 20:c169 INT32 NULLABLE, 22:c865 INT32 NOT NULL, 23:c148 INT32 NULLABLE, 24:c764 INT32 NULLABLE, 26:c840 INT32 NOT NULL, 30:c592 INT32 NULLABLE, 31:c908 INT32 NOT NULL, 32:c241 INT32 NOT NULL, 33:c996 INT32 NOT NULL, PRIMARY KEY (c429) ) version 32 to ( 10:c429 INT32 NOT NULL, 18:c712 INT32 NULLABLE, 20:c169 INT32 NULLABLE, 22:c865 INT32 NOT NULL, 24:c764 INT32 NULLABLE, 26:c840 INT32 NOT NULL, 30:c592 INT32 NULLABLE, 31:c908 INT32 NOT NULL, 32:c241 INT32 NOT NULL, 33:c996 INT32 NOT NULL, PRIMARY KEY (c429) ) version 33
I1102 21:39:14.697262 9587 tablet.cc:1205] T 96875be6f1124d25ba150b3bd8ed725f P c36abe6b2bdb4e778576473f60926b7b: MemRowSet was empty: no flush needed.
I1102 21:39:14.697381 9587 tablet_metadata.cc:531] Not flushing: waiting for 1 pins to be released.
I1102 21:39:14.698179 9587 tablet.cc:1262] T 96875be6f1124d25ba150b3bd8ed725f P c36abe6b2bdb4e778576473f60926b7b: Alter schema from ( 10:c429 INT32 NOT NULL, 18:c712 INT32 NULLABLE, 20:c169 INT32 NULLABLE, 22:c865 INT32 NOT NULL, 24:c764 INT32 NULLABLE, 26:c840 INT32 NOT NULL, 30:c592 INT32 NULLABLE, 31:c908 INT32 NOT NULL, 32:c241 INT32 NOT NULL, 33:c996 INT32 NOT NULL, PRIMARY KEY (c429) ) version 33 to ( 10:c429 INT32 NOT NULL, 18:c712 INT32 NULLABLE, 20:c169 INT32 NULLABLE, 22:c865 INT32 NOT NULL, 24:c764 INT32 NULLABLE, 26:c840 INT32 NOT NULL, 30:c592 INT32 NULLABLE, 31:c908 INT32 NOT NULL, 32:c448 INT32 NOT NULL, 33:c996 INT32 NOT NULL, PRIMARY KEY (c429) ) version 34
I1102 21:39:14.698457 9587 tablet.cc:1205] T 96875be6f1124d25ba150b3bd8ed725f P c36abe6b2bdb4e778576473f60926b7b: MemRowSet was empty: no flush needed.
I1102 21:39:14.698493 9587 tablet_metadata.cc:531] Not flushing: waiting for 1 pins to be released.
I1102 21:39:14.699901 9692 heartbeater.cc:346] Connected to a master server at 127.7.150.62:42573
I1102 21:39:14.700016 9692 heartbeater.cc:426] Registering TS with master...
I1102 21:39:14.700428 9692 heartbeater.cc:475] Master 127.7.150.62:42573 requested a full tablet report, sending...
I1102 21:39:14.701547 9067 ts_manager.cc:104] Re-registered known tserver with Master: c36abe6b2bdb4e778576473f60926b7b (127.7.150.1:46291)
I1102 21:39:14.702497 9067 master_service.cc:253] Signed X509 certificate for tserver {username='slave'} at 127.7.150.1:37981
I1102 21:39:14.713932 9587 tablet_bootstrap.cc:438] T 96875be6f1124d25ba150b3bd8ed725f P c36abe6b2bdb4e778576473f60926b7b: Bootstrap replayed 1/1 log segments. Stats: ops{read=28 overwritten=0 applied=28 ignored=0} inserts{seen=17 ignored=0} mutations{seen=5 ignored=0} orphaned_commits=0. Pending: 0 replicates
I1102 21:39:14.714380 9587 tablet_bootstrap.cc:438] T 96875be6f1124d25ba150b3bd8ed725f P c36abe6b2bdb4e778576473f60926b7b: Bootstrap complete.
I1102 21:39:14.803688 9587 ts_tablet_manager.cc:1045] T 96875be6f1124d25ba150b3bd8ed725f P c36abe6b2bdb4e778576473f60926b7b: Time spent bootstrapping tablet: real 0.128s user 0.022s sys 0.018s
I1102 21:39:14.805904 9587 raft_consensus.cc:339] T 96875be6f1124d25ba150b3bd8ed725f P c36abe6b2bdb4e778576473f60926b7b [term 1 FOLLOWER]: Replica starting. Triggering 0 pending transactions. Active config: opid_index: -1 OBSOLETE_local: false peers { permanent_uuid: "33b43dabe1b543f39e7ed84247c575e8" member_type: VOTER last_known_addr { host: "127.7.150.3" port: 44373 } } peers { permanent_uuid: "e92a2036de454238809663ac303c6ade" member_type: VOTER last_known_addr { host: "127.7.150.2" port: 39313 } } peers { permanent_uuid: "c36abe6b2bdb4e778576473f60926b7b" member_type: VOTER last_known_addr { host: "127.7.150.1" port: 46291 } }
I1102 21:39:14.805979 9587 raft_consensus.cc:704] T 96875be6f1124d25ba150b3bd8ed725f P c36abe6b2bdb4e778576473f60926b7b [term 1 FOLLOWER]: Becoming Follower/Learner. State: Replica: c36abe6b2bdb4e778576473f60926b7b, State: Initialized, Role: FOLLOWER
I1102 21:39:14.806435 9587 consensus_queue.cc:229] T 96875be6f1124d25ba150b3bd8ed725f P c36abe6b2bdb4e778576473f60926b7b [NON_LEADER]: Queue going to NON_LEADER mode. State: All replicated index: 0, Majority replicated index: 0, Committed index: 28, Last appended: 1.28, Last appended by leader: 28, Current term: 0, Majority size: -1, State: 0, Mode: NON_LEADER, active raft config: opid_index: -1 OBSOLETE_local: false peers { permanent_uuid: "33b43dabe1b543f39e7ed84247c575e8" member_type: VOTER last_known_addr { host: "127.7.150.3" port: 44373 } } peers { permanent_uuid: "e92a2036de454238809663ac303c6ade" member_type: VOTER last_known_addr { host: "127.7.150.2" port: 39313 } } peers { permanent_uuid: "c36abe6b2bdb4e778576473f60926b7b" member_type: VOTER last_known_addr { host: "127.7.150.1" port: 46291 } }
I1102 21:39:14.806867 9692 heartbeater.cc:467] Master 127.7.150.62:42573 was elected leader, sending a full tablet report...
I1102 21:39:14.807016 9587 ts_tablet_manager.cc:1073] T 96875be6f1124d25ba150b3bd8ed725f P c36abe6b2bdb4e778576473f60926b7b: Time spent starting tablet: real 0.003s user 0.004s sys 0.000s
I1102 21:39:14.807147 9587 ts_tablet_manager.cc:1028] T 22e7d538ba0b4d13baca67b168a47317 P c36abe6b2bdb4e778576473f60926b7b: Bootstrapping tablet
I1102 21:39:14.807220 9587 tablet_bootstrap.cc:438] T 22e7d538ba0b4d13baca67b168a47317 P c36abe6b2bdb4e778576473f60926b7b: Bootstrap starting.
I1102 21:39:14.826705 9587 tablet.cc:1262] T 22e7d538ba0b4d13baca67b168a47317 P c36abe6b2bdb4e778576473f60926b7b: Alter schema from ( 10:c429 INT32 NOT NULL, 18:c712 INT32 NULLABLE, 20:c169 INT32 NULLABLE, 22:c865 INT32 NOT NULL, 23:c148 INT32 NULLABLE, 24:c764 INT32 NULLABLE, 25:c363 INT32 NULLABLE, 26:c840 INT32 NOT NULL, 30:c174 INT32 NULLABLE, 31:c908 INT32 NOT NULL, 32:c241 INT32 NOT NULL, 33:c996 INT32 NOT NULL, PRIMARY KEY (c429) ) version 0 to ( 10:c429 INT32 NOT NULL, 18:c712 INT32 NULLABLE, 20:c169 INT32 NULLABLE, 22:c865 INT32 NOT NULL, 23:c148 INT32 NULLABLE, 24:c764 INT32 NULLABLE, 25:c363 INT32 NULLABLE, 26:c840 INT32 NOT NULL, 30:c174 INT32 NULLABLE, 31:c908 INT32 NOT NULL, 32:c241 INT32 NOT NULL, 33:c996 INT32 NOT NULL, PRIMARY KEY (c429) ) version 31
I1102 21:39:14.826828 9587 tablet_metadata.cc:531] Not flushing: waiting for 1 pins to be released.
I1102 21:39:14.860575 9587 tablet.cc:1262] T 22e7d538ba0b4d13baca67b168a47317 P c36abe6b2bdb4e778576473f60926b7b: Alter schema from ( 10:c429 INT32 NOT NULL, 18:c712 INT32 NULLABLE, 20:c169 INT32 NULLABLE, 22:c865 INT32 NOT NULL, 23:c148 INT32 NULLABLE, 24:c764 INT32 NULLABLE, 25:c363 INT32 NULLABLE, 26:c840 INT32 NOT NULL, 30:c174 INT32 NULLABLE, 31:c908 INT32 NOT NULL, 32:c241 INT32 NOT NULL, 33:c996 INT32 NOT NULL, PRIMARY KEY (c429) ) version 31 to ( 10:c429 INT32 NOT NULL, 18:c712 INT32 NULLABLE, 20:c169 INT32 NULLABLE, 22:c865 INT32 NOT NULL, 23:c148 INT32 NULLABLE, 24:c764 INT32 NULLABLE, 26:c840 INT32 NOT NULL, 30:c592 INT32 NULLABLE, 31:c908 INT32 NOT NULL, 32:c241 INT32 NOT NULL, 33:c996 INT32 NOT NULL, PRIMARY KEY (c429) ) version 32
I1102 21:39:14.860924 9587 tablet.cc:1205] T 22e7d538ba0b4d13baca67b168a47317 P c36abe6b2bdb4e778576473f60926b7b: MemRowSet was empty: no flush needed.
I1102 21:39:14.861008 9587 tablet_metadata.cc:531] Not flushing: waiting for 1 pins to be released.
I1102 21:39:14.864125 9587 tablet.cc:1262] T 22e7d538ba0b4d13baca67b168a47317 P c36abe6b2bdb4e778576473f60926b7b: Alter schema from ( 10:c429 INT32 NOT NULL, 18:c712 INT32 NULLABLE, 20:c169 INT32 NULLABLE, 22:c865 INT32 NOT NULL, 23:c148 INT32 NULLABLE, 24:c764 INT32 NULLABLE, 26:c840 INT32 NOT NULL, 30:c592 INT32 NULLABLE, 31:c908 INT32 NOT NULL, 32:c241 INT32 NOT NULL, 33:c996 INT32 NOT NULL, PRIMARY KEY (c429) ) version 32 to ( 10:c429 INT32 NOT NULL, 18:c712 INT32 NULLABLE, 20:c169 INT32 NULLABLE, 22:c865 INT32 NOT NULL, 24:c764 INT32 NULLABLE, 26:c840 INT32 NOT NULL, 30:c592 INT32 NULLABLE, 31:c908 INT32 NOT NULL, 32:c241 INT32 NOT NULL, 33:c996 INT32 NOT NULL, PRIMARY KEY (c429) ) version 33
I1102 21:39:14.864358 9587 tablet.cc:1205] T 22e7d538ba0b4d13baca67b168a47317 P c36abe6b2bdb4e778576473f60926b7b: MemRowSet was empty: no flush needed.
I1102 21:39:14.864424 9587 tablet_metadata.cc:531] Not flushing: waiting for 1 pins to be released.
I1102 21:39:14.865039 9587 tablet.cc:1262] T 22e7d538ba0b4d13baca67b168a47317 P c36abe6b2bdb4e778576473f60926b7b: Alter schema from ( 10:c429 INT32 NOT NULL, 18:c712 INT32 NULLABLE, 20:c169 INT32 NULLABLE, 22:c865 INT32 NOT NULL, 24:c764 INT32 NULLABLE, 26:c840 INT32 NOT NULL, 30:c592 INT32 NULLABLE, 31:c908 INT32 NOT NULL, 32:c241 INT32 NOT NULL, 33:c996 INT32 NOT NULL, PRIMARY KEY (c429) ) version 33 to ( 10:c429 INT32 NOT NULL, 18:c712 INT32 NULLABLE, 20:c169 INT32 NULLABLE, 22:c865 INT32 NOT NULL, 24:c764 INT32 NULLABLE, 26:c840 INT32 NOT NULL, 30:c592 INT32 NULLABLE, 31:c908 INT32 NOT NULL, 32:c448 INT32 NOT NULL, 33:c996 INT32 NOT NULL, PRIMARY KEY (c429) ) version 34
I1102 21:39:14.865257 9587 tablet.cc:1205] T 22e7d538ba0b4d13baca67b168a47317 P c36abe6b2bdb4e778576473f60926b7b: MemRowSet was empty: no flush needed.
I1102 21:39:14.865303 9587 tablet_metadata.cc:531] Not flushing: waiting for 1 pins to be released.
I1102 21:39:14.886659 9587 tablet_bootstrap.cc:438] T 22e7d538ba0b4d13baca67b168a47317 P c36abe6b2bdb4e778576473f60926b7b: Bootstrap replayed 1/1 log segments. Stats: ops{read=133 overwritten=0 applied=132 ignored=98} inserts{seen=12 ignored=0} mutations{seen=17 ignored=0} orphaned_commits=0. Pending: 1 replicates
I1102 21:39:14.887172 9587 tablet_bootstrap.cc:438] T 22e7d538ba0b4d13baca67b168a47317 P c36abe6b2bdb4e778576473f60926b7b: Bootstrap complete.
I1102 21:39:14.922780 9587 ts_tablet_manager.cc:1045] T 22e7d538ba0b4d13baca67b168a47317 P c36abe6b2bdb4e778576473f60926b7b: Time spent bootstrapping tablet: real 0.116s user 0.064s sys 0.017s
I1102 21:39:14.923522 9587 raft_consensus.cc:339] T 22e7d538ba0b4d13baca67b168a47317 P c36abe6b2bdb4e778576473f60926b7b [term 1 FOLLOWER]: Replica starting. Triggering 1 pending transactions. Active config: opid_index: -1 OBSOLETE_local: false peers { permanent_uuid: "33b43dabe1b543f39e7ed84247c575e8" member_type: VOTER last_known_addr { host: "127.7.150.3" port: 44373 } } peers { permanent_uuid: "e92a2036de454238809663ac303c6ade" member_type: VOTER last_known_addr { host: "127.7.150.2" port: 39313 } } peers { permanent_uuid: "c36abe6b2bdb4e778576473f60926b7b" member_type: VOTER last_known_addr { host: "127.7.150.1" port: 46291 } }
I1102 21:39:14.924803 9587 raft_consensus.cc:704] T 22e7d538ba0b4d13baca67b168a47317 P c36abe6b2bdb4e778576473f60926b7b [term 1 FOLLOWER]: Becoming Follower/Learner. State: Replica: c36abe6b2bdb4e778576473f60926b7b, State: Initialized, Role: FOLLOWER
I1102 21:39:14.925015 9587 consensus_queue.cc:229] T 22e7d538ba0b4d13baca67b168a47317 P c36abe6b2bdb4e778576473f60926b7b [NON_LEADER]: Queue going to NON_LEADER mode. State: All replicated index: 0, Majority replicated index: 0, Committed index: 132, Last appended: 1.133, Last appended by leader: 133, Current term: 0, Majority size: -1, State: 0, Mode: NON_LEADER, active raft config: opid_index: -1 OBSOLETE_local: false peers { permanent_uuid: "33b43dabe1b543f39e7ed84247c575e8" member_type: VOTER last_known_addr { host: "127.7.150.3" port: 44373 } } peers { permanent_uuid: "e92a2036de454238809663ac303c6ade" member_type: VOTER last_known_addr { host: "127.7.150.2" port: 39313 } } peers { permanent_uuid: "c36abe6b2bdb4e778576473f60926b7b" member_type: VOTER last_known_addr { host: "127.7.150.1" port: 46291 } }
I1102 21:39:14.925550 9587 ts_tablet_manager.cc:1073] T 22e7d538ba0b4d13baca67b168a47317 P c36abe6b2bdb4e778576473f60926b7b: Time spent starting tablet: real 0.003s user 0.000s sys 0.003s
I1102 21:39:14.936287 7768 alter_table-randomized-test.cc:125] TS 0 Restarted
I1102 21:39:14.936475 9693 maintenance_manager.cc:304] P c36abe6b2bdb4e778576473f60926b7b: Scheduling UndoDeltaBlockGCOp(22e7d538ba0b4d13baca67b168a47317): 1692 bytes on disk
I1102 21:39:14.937537 9586 maintenance_manager.cc:494] P c36abe6b2bdb4e778576473f60926b7b: UndoDeltaBlockGCOp(22e7d538ba0b4d13baca67b168a47317) complete. Timing: real 0.001s user 0.000s sys 0.000s Metrics: {"cfile_init":1,"lbm_read_time_us":71,"lbm_reads_lt_1ms":4}
I1102 21:39:16.039777 9529 raft_consensus.cc:471] T 96875be6f1124d25ba150b3bd8ed725f P e92a2036de454238809663ac303c6ade [term 1 FOLLOWER]: Starting pre-election (detected failure of leader c36abe6b2bdb4e778576473f60926b7b)
I1102 21:39:16.039836 9529 raft_consensus.cc:2840] T 96875be6f1124d25ba150b3bd8ed725f P e92a2036de454238809663ac303c6ade: Snoozing failure detection for 2.055s (starting election)
I1102 21:39:16.039922 9529 raft_consensus.cc:493] T 96875be6f1124d25ba150b3bd8ed725f P e92a2036de454238809663ac303c6ade [term 1 FOLLOWER]: Starting pre-election with config: opid_index: -1 OBSOLETE_local: false peers { permanent_uuid: "33b43dabe1b543f39e7ed84247c575e8" member_type: VOTER last_known_addr { host: "127.7.150.3" port: 44373 } } peers { permanent_uuid: "e92a2036de454238809663ac303c6ade" member_type: VOTER last_known_addr { host: "127.7.150.2" port: 39313 } } peers { permanent_uuid: "c36abe6b2bdb4e778576473f60926b7b" member_type: VOTER last_known_addr { host: "127.7.150.1" port: 46291 } }
I1102 21:39:16.040132 9529 leader_election.cc:251] T 96875be6f1124d25ba150b3bd8ed725f P e92a2036de454238809663ac303c6ade [CANDIDATE]: Term 2 pre-election: Requesting pre-vote from peer 33b43dabe1b543f39e7ed84247c575e8 (127.7.150.3:44373)
I1102 21:39:16.040261 9529 leader_election.cc:251] T 96875be6f1124d25ba150b3bd8ed725f P e92a2036de454238809663ac303c6ade [CANDIDATE]: Term 2 pre-election: Requesting pre-vote from peer c36abe6b2bdb4e778576473f60926b7b (127.7.150.1:46291)
I1102 21:39:16.040719 9710 raft_consensus.cc:471] T 96875be6f1124d25ba150b3bd8ed725f P 33b43dabe1b543f39e7ed84247c575e8 [term 1 FOLLOWER]: Starting pre-election (detected failure of leader c36abe6b2bdb4e778576473f60926b7b)
I1102 21:39:16.040796 9710 raft_consensus.cc:2840] T 96875be6f1124d25ba150b3bd8ed725f P 33b43dabe1b543f39e7ed84247c575e8: Snoozing failure detection for 1.667s (starting election)
I1102 21:39:16.040884 9710 raft_consensus.cc:493] T 96875be6f1124d25ba150b3bd8ed725f P 33b43dabe1b543f39e7ed84247c575e8 [term 1 FOLLOWER]: Starting pre-election with config: opid_index: -1 OBSOLETE_local: false peers { permanent_uuid: "33b43dabe1b543f39e7ed84247c575e8" member_type: VOTER last_known_addr { host: "127.7.150.3" port: 44373 } } peers { permanent_uuid: "e92a2036de454238809663ac303c6ade" member_type: VOTER last_known_addr { host: "127.7.150.2" port: 39313 } } peers { permanent_uuid: "c36abe6b2bdb4e778576473f60926b7b" member_type: VOTER last_known_addr { host: "127.7.150.1" port: 46291 } }
I1102 21:39:16.040884 8519 tablet_service.cc:1001] Received RequestConsensusVote() RPC: tablet_id: "96875be6f1124d25ba150b3bd8ed725f" candidate_uuid: "e92a2036de454238809663ac303c6ade" candidate_term: 2 candidate_status { last_received { term: 1 index: 28 } } ignore_live_leader: false dest_uuid: "33b43dabe1b543f39e7ed84247c575e8" is_pre_election: true
I1102 21:39:16.040988 8519 raft_consensus.cc:2840] T 96875be6f1124d25ba150b3bd8ed725f P 33b43dabe1b543f39e7ed84247c575e8: Snoozing failure detection for 1.636s (vote granted)
I1102 21:39:16.041002 9649 tablet_service.cc:1001] Received RequestConsensusVote() RPC: tablet_id: "96875be6f1124d25ba150b3bd8ed725f" candidate_uuid: "e92a2036de454238809663ac303c6ade" candidate_term: 2 candidate_status { last_received { term: 1 index: 28 } } ignore_live_leader: false dest_uuid: "c36abe6b2bdb4e778576473f60926b7b" is_pre_election: true
I1102 21:39:16.041028 8519 raft_consensus.cc:2352] T 96875be6f1124d25ba150b3bd8ed725f P 33b43dabe1b543f39e7ed84247c575e8 [term 1 FOLLOWER]: Leader pre-election vote request: Granting yes vote for candidate e92a2036de454238809663ac303c6ade in term 1.
I1102 21:39:16.041080 9710 leader_election.cc:251] T 96875be6f1124d25ba150b3bd8ed725f P 33b43dabe1b543f39e7ed84247c575e8 [CANDIDATE]: Term 2 pre-election: Requesting pre-vote from peer e92a2036de454238809663ac303c6ade (127.7.150.2:39313)
I1102 21:39:16.041127 9649 raft_consensus.cc:2840] T 96875be6f1124d25ba150b3bd8ed725f P c36abe6b2bdb4e778576473f60926b7b: Snoozing failure detection for 1.820s (vote granted)
I1102 21:39:16.041167 9649 raft_consensus.cc:2352] T 96875be6f1124d25ba150b3bd8ed725f P c36abe6b2bdb4e778576473f60926b7b [term 1 FOLLOWER]: Leader pre-election vote request: Granting yes vote for candidate e92a2036de454238809663ac303c6ade in term 1.
I1102 21:39:16.041177 9710 leader_election.cc:251] T 96875be6f1124d25ba150b3bd8ed725f P 33b43dabe1b543f39e7ed84247c575e8 [CANDIDATE]: Term 2 pre-election: Requesting pre-vote from peer c36abe6b2bdb4e778576473f60926b7b (127.7.150.1:46291)
I1102 21:39:16.041590 9204 leader_election.cc:387] T 96875be6f1124d25ba150b3bd8ed725f P e92a2036de454238809663ac303c6ade [CANDIDATE]: Term 2 pre-election: Vote granted by peer c36abe6b2bdb4e778576473f60926b7b (127.7.150.1:46291)
I1102 21:39:16.041622 9204 leader_election.cc:278] T 96875be6f1124d25ba150b3bd8ed725f P e92a2036de454238809663ac303c6ade [CANDIDATE]: Term 2 pre-election: Election decided. Result: candidate won.
I1102 21:39:16.041697 9272 tablet_service.cc:1001] Received RequestConsensusVote() RPC: tablet_id: "96875be6f1124d25ba150b3bd8ed725f" candidate_uuid: "33b43dabe1b543f39e7ed84247c575e8" candidate_term: 2 candidate_status { last_received { term: 1 index: 28 } } ignore_live_leader: false dest_uuid: "e92a2036de454238809663ac303c6ade" is_pre_election: true
I1102 21:39:16.041756 9272 raft_consensus.cc:2840] T 96875be6f1124d25ba150b3bd8ed725f P e92a2036de454238809663ac303c6ade: Snoozing failure detection for 2.100s (vote granted)
I1102 21:39:16.041790 9272 raft_consensus.cc:2352] T 96875be6f1124d25ba150b3bd8ed725f P e92a2036de454238809663ac303c6ade [term 1 FOLLOWER]: Leader pre-election vote request: Granting yes vote for candidate 33b43dabe1b543f39e7ed84247c575e8 in term 1.
I1102 21:39:16.041805 9205 leader_election.cc:387] T 96875be6f1124d25ba150b3bd8ed725f P e92a2036de454238809663ac303c6ade [CANDIDATE]: Term 2 pre-election: Vote granted by peer 33b43dabe1b543f39e7ed84247c575e8 (127.7.150.3:44373)
I1102 21:39:16.042054 9529 raft_consensus.cc:2840] T 96875be6f1124d25ba150b3bd8ed725f P e92a2036de454238809663ac303c6ade: Snoozing failure detection for 1.743s (election complete)
I1102 21:39:16.042088 9529 raft_consensus.cc:2646] T 96875be6f1124d25ba150b3bd8ed725f P e92a2036de454238809663ac303c6ade [term 1 FOLLOWER]: Leader pre-election won for term 2
I1102 21:39:16.042110 9529 raft_consensus.cc:471] T 96875be6f1124d25ba150b3bd8ed725f P e92a2036de454238809663ac303c6ade [term 1 FOLLOWER]: Starting leader election (detected failure of leader c36abe6b2bdb4e778576473f60926b7b)
I1102 21:39:16.042163 9529 raft_consensus.cc:2840] T 96875be6f1124d25ba150b3bd8ed725f P e92a2036de454238809663ac303c6ade: Snoozing failure detection for 1.655s (starting election)
I1102 21:39:16.042165 8451 leader_election.cc:387] T 96875be6f1124d25ba150b3bd8ed725f P 33b43dabe1b543f39e7ed84247c575e8 [CANDIDATE]: Term 2 pre-election: Vote granted by peer e92a2036de454238809663ac303c6ade (127.7.150.2:39313)
I1102 21:39:16.042184 9529 raft_consensus.cc:2892] T 96875be6f1124d25ba150b3bd8ed725f P e92a2036de454238809663ac303c6ade [term 1 FOLLOWER]: Advancing to term 2
I1102 21:39:16.042192 8451 leader_election.cc:278] T 96875be6f1124d25ba150b3bd8ed725f P 33b43dabe1b543f39e7ed84247c575e8 [CANDIDATE]: Term 2 pre-election: Election decided. Result: candidate won.
I1102 21:39:16.042313 9710 raft_consensus.cc:2840] T 96875be6f1124d25ba150b3bd8ed725f P 33b43dabe1b543f39e7ed84247c575e8: Snoozing failure detection for 2.003s (election complete)
I1102 21:39:16.042346 9710 raft_consensus.cc:2646] T 96875be6f1124d25ba150b3bd8ed725f P 33b43dabe1b543f39e7ed84247c575e8 [term 1 FOLLOWER]: Leader pre-election won for term 2
I1102 21:39:16.042366 9710 raft_consensus.cc:471] T 96875be6f1124d25ba150b3bd8ed725f P 33b43dabe1b543f39e7ed84247c575e8 [term 1 FOLLOWER]: Starting leader election (detected failure of leader c36abe6b2bdb4e778576473f60926b7b)
I1102 21:39:16.042385 9710 raft_consensus.cc:2840] T 96875be6f1124d25ba150b3bd8ed725f P 33b43dabe1b543f39e7ed84247c575e8: Snoozing failure detection for 1.841s (starting election)
I1102 21:39:16.042433 9710 raft_consensus.cc:2892] T 96875be6f1124d25ba150b3bd8ed725f P 33b43dabe1b543f39e7ed84247c575e8 [term 1 FOLLOWER]: Advancing to term 2
I1102 21:39:16.043176 9529 raft_consensus.cc:493] T 96875be6f1124d25ba150b3bd8ed725f P e92a2036de454238809663ac303c6ade [term 2 FOLLOWER]: Starting leader election with config: opid_index: -1 OBSOLETE_local: false peers { permanent_uuid: "33b43dabe1b543f39e7ed84247c575e8" member_type: VOTER last_known_addr { host: "127.7.150.3" port: 44373 } } peers { permanent_uuid: "e92a2036de454238809663ac303c6ade" member_type: VOTER last_known_addr { host: "127.7.150.2" port: 39313 } } peers { permanent_uuid: "c36abe6b2bdb4e778576473f60926b7b" member_type: VOTER last_known_addr { host: "127.7.150.1" port: 46291 } }
I1102 21:39:16.043331 9529 leader_election.cc:251] T 96875be6f1124d25ba150b3bd8ed725f P e92a2036de454238809663ac303c6ade [CANDIDATE]: Term 2 election: Requesting vote from peer 33b43dabe1b543f39e7ed84247c575e8 (127.7.150.3:44373)
I1102 21:39:16.043457 9529 leader_election.cc:251] T 96875be6f1124d25ba150b3bd8ed725f P e92a2036de454238809663ac303c6ade [CANDIDATE]: Term 2 election: Requesting vote from peer c36abe6b2bdb4e778576473f60926b7b (127.7.150.1:46291)
I1102 21:39:16.043632 9710 raft_consensus.cc:493] T 96875be6f1124d25ba150b3bd8ed725f P 33b43dabe1b543f39e7ed84247c575e8 [term 2 FOLLOWER]: Starting leader election with config: opid_index: -1 OBSOLETE_local: false peers { permanent_uuid: "33b43dabe1b543f39e7ed84247c575e8" member_type: VOTER last_known_addr { host: "127.7.150.3" port: 44373 } } peers { permanent_uuid: "e92a2036de454238809663ac303c6ade" member_type: VOTER last_known_addr { host: "127.7.150.2" port: 39313 } } peers { permanent_uuid: "c36abe6b2bdb4e778576473f60926b7b" member_type: VOTER last_known_addr { host: "127.7.150.1" port: 46291 } }
I1102 21:39:16.043833 9710 leader_election.cc:251] T 96875be6f1124d25ba150b3bd8ed725f P 33b43dabe1b543f39e7ed84247c575e8 [CANDIDATE]: Term 2 election: Requesting vote from peer e92a2036de454238809663ac303c6ade (127.7.150.2:39313)
I1102 21:39:16.043886 8519 tablet_service.cc:1001] Received RequestConsensusVote() RPC: tablet_id: "96875be6f1124d25ba150b3bd8ed725f" candidate_uuid: "e92a2036de454238809663ac303c6ade" candidate_term: 2 candidate_status { last_received { term: 1 index: 28 } } ignore_live_leader: false dest_uuid: "33b43dabe1b543f39e7ed84247c575e8"
I1102 21:39:16.043961 8519 raft_consensus.cc:2282] T 96875be6f1124d25ba150b3bd8ed725f P 33b43dabe1b543f39e7ed84247c575e8 [term 2 FOLLOWER]: Leader election vote request: Denying vote to candidate e92a2036de454238809663ac303c6ade in current term 2: Already voted for candidate 33b43dabe1b543f39e7ed84247c575e8 in this term.
I1102 21:39:16.044124 9649 tablet_service.cc:1001] Received RequestConsensusVote() RPC: tablet_id: "96875be6f1124d25ba150b3bd8ed725f" candidate_uuid: "e92a2036de454238809663ac303c6ade" candidate_term: 2 candidate_status { last_received { term: 1 index: 28 } } ignore_live_leader: false dest_uuid: "c36abe6b2bdb4e778576473f60926b7b"
I1102 21:39:16.044176 9649 raft_consensus.cc:2892] T 96875be6f1124d25ba150b3bd8ed725f P c36abe6b2bdb4e778576473f60926b7b [term 1 FOLLOWER]: Advancing to term 2
I1102 21:39:16.044230 9649 raft_consensus.cc:2840] T 96875be6f1124d25ba150b3bd8ed725f P c36abe6b2bdb4e778576473f60926b7b: Snoozing failure detection for 1.593s (vote granted)
I1102 21:39:16.044320 9205 leader_election.cc:401] T 96875be6f1124d25ba150b3bd8ed725f P e92a2036de454238809663ac303c6ade [CANDIDATE]: Term 2 election: Vote denied by peer 33b43dabe1b543f39e7ed84247c575e8 (127.7.150.3:44373). Message: Invalid argument: T 96875be6f1124d25ba150b3bd8ed725f P 33b43dabe1b543f39e7ed84247c575e8 [term 2 FOLLOWER]: Leader election vote request: Denying vote to candidate e92a2036de454238809663ac303c6ade in current term 2: Already voted for candidate 33b43dabe1b543f39e7ed84247c575e8 in this term.
I1102 21:39:16.044329 9272 tablet_service.cc:1001] Received RequestConsensusVote() RPC: tablet_id: "96875be6f1124d25ba150b3bd8ed725f" candidate_uuid: "33b43dabe1b543f39e7ed84247c575e8" candidate_term: 2 candidate_status { last_received { term: 1 index: 28 } } ignore_live_leader: false dest_uuid: "e92a2036de454238809663ac303c6ade"
I1102 21:39:16.044389 9272 raft_consensus.cc:2282] T 96875be6f1124d25ba150b3bd8ed725f P e92a2036de454238809663ac303c6ade [term 2 FOLLOWER]: Leader election vote request: Denying vote to candidate 33b43dabe1b543f39e7ed84247c575e8 in current term 2: Already voted for candidate e92a2036de454238809663ac303c6ade in this term.
I1102 21:39:16.044559 9710 leader_election.cc:251] T 96875be6f1124d25ba150b3bd8ed725f P 33b43dabe1b543f39e7ed84247c575e8 [CANDIDATE]: Term 2 election: Requesting vote from peer c36abe6b2bdb4e778576473f60926b7b (127.7.150.1:46291)
I1102 21:39:16.044757 8451 leader_election.cc:401] T 96875be6f1124d25ba150b3bd8ed725f P 33b43dabe1b543f39e7ed84247c575e8 [CANDIDATE]: Term 2 election: Vote denied by peer e92a2036de454238809663ac303c6ade (127.7.150.2:39313). Message: Invalid argument: T 96875be6f1124d25ba150b3bd8ed725f P e92a2036de454238809663ac303c6ade [term 2 FOLLOWER]: Leader election vote request: Denying vote to candidate 33b43dabe1b543f39e7ed84247c575e8 in current term 2: Already voted for candidate e92a2036de454238809663ac303c6ade in this term.
I1102 21:39:16.045235 9649 raft_consensus.cc:2352] T 96875be6f1124d25ba150b3bd8ed725f P c36abe6b2bdb4e778576473f60926b7b [term 2 FOLLOWER]: Leader election vote request: Granting yes vote for candidate e92a2036de454238809663ac303c6ade in term 2.
I1102 21:39:16.045549 9204 leader_election.cc:387] T 96875be6f1124d25ba150b3bd8ed725f P e92a2036de454238809663ac303c6ade [CANDIDATE]: Term 2 election: Vote granted by peer c36abe6b2bdb4e778576473f60926b7b (127.7.150.1:46291)
I1102 21:39:16.045581 9204 leader_election.cc:278] T 96875be6f1124d25ba150b3bd8ed725f P e92a2036de454238809663ac303c6ade [CANDIDATE]: Term 2 election: Election decided. Result: candidate won.
I1102 21:39:16.045724 9529 raft_consensus.cc:2840] T 96875be6f1124d25ba150b3bd8ed725f P e92a2036de454238809663ac303c6ade: Snoozing failure detection for 1.779s (election complete)
I1102 21:39:16.045765 9529 raft_consensus.cc:2646] T 96875be6f1124d25ba150b3bd8ed725f P e92a2036de454238809663ac303c6ade [term 2 FOLLOWER]: Leader election won for term 2
I1102 21:39:16.045871 9529 raft_consensus.cc:666] T 96875be6f1124d25ba150b3bd8ed725f P e92a2036de454238809663ac303c6ade [term 2 LEADER]: Becoming Leader. State: Replica: e92a2036de454238809663ac303c6ade, State: Running, Role: LEADER
I1102 21:39:16.046057 9529 consensus_queue.cc:206] T 96875be6f1124d25ba150b3bd8ed725f P e92a2036de454238809663ac303c6ade [LEADER]: Queue going to LEADER mode. State: All replicated index: 0, Majority replicated index: 28, Committed index: 28, Last appended: 1.28, Last appended by leader: 28, Current term: 2, Majority size: 2, State: 0, Mode: LEADER, active raft config: opid_index: -1 OBSOLETE_local: false peers { permanent_uuid: "33b43dabe1b543f39e7ed84247c575e8" member_type: VOTER last_known_addr { host: "127.7.150.3" port: 44373 } } peers { permanent_uuid: "e92a2036de454238809663ac303c6ade" member_type: VOTER last_known_addr { host: "127.7.150.2" port: 39313 } } peers { permanent_uuid: "c36abe6b2bdb4e778576473f60926b7b" member_type: VOTER last_known_addr { host: "127.7.150.1" port: 46291 } }
I1102 21:39:16.047235 9649 tablet_service.cc:1001] Received RequestConsensusVote() RPC: tablet_id: "96875be6f1124d25ba150b3bd8ed725f" candidate_uuid: "33b43dabe1b543f39e7ed84247c575e8" candidate_term: 2 candidate_status { last_received { term: 1 index: 28 } } ignore_live_leader: false dest_uuid: "c36abe6b2bdb4e778576473f60926b7b" is_pre_election: true
I1102 21:39:16.047324 9649 raft_consensus.cc:2282] T 96875be6f1124d25ba150b3bd8ed725f P c36abe6b2bdb4e778576473f60926b7b [term 2 FOLLOWER]: Leader pre-election vote request: Denying vote to candidate 33b43dabe1b543f39e7ed84247c575e8 in current term 2: Already voted for candidate e92a2036de454238809663ac303c6ade in this term.
I1102 21:39:16.047487 9648 tablet_service.cc:1001] Received RequestConsensusVote() RPC: tablet_id: "96875be6f1124d25ba150b3bd8ed725f" candidate_uuid: "33b43dabe1b543f39e7ed84247c575e8" candidate_term: 2 candidate_status { last_received { term: 1 index: 28 } } ignore_live_leader: false dest_uuid: "c36abe6b2bdb4e778576473f60926b7b"
I1102 21:39:16.047546 9648 raft_consensus.cc:2282] T 96875be6f1124d25ba150b3bd8ed725f P c36abe6b2bdb4e778576473f60926b7b [term 2 FOLLOWER]: Leader election vote request: Denying vote to candidate 33b43dabe1b543f39e7ed84247c575e8 in current term 2: Already voted for candidate e92a2036de454238809663ac303c6ade in this term.
