I1102 21:39:02.114199 8043 raft_consensus.cc:2892] T ada842941fe84080be71d0ba1b216639 P e92a2036de454238809663ac303c6ade [term 0 FOLLOWER]: Advancing to term 1
I1102 21:39:02.114244 8043 raft_consensus.cc:2840] T ada842941fe84080be71d0ba1b216639 P e92a2036de454238809663ac303c6ade: Snoozing failure detection for 1.567s (vote granted)
I1102 21:39:02.114835 8164 raft_consensus.cc:2352] T ada842941fe84080be71d0ba1b216639 P 33b43dabe1b543f39e7ed84247c575e8 [term 1 FOLLOWER]: Leader election vote request: Granting yes vote for candidate c36abe6b2bdb4e778576473f60926b7b in term 1.
I1102 21:39:02.115029 8043 raft_consensus.cc:2352] T ada842941fe84080be71d0ba1b216639 P e92a2036de454238809663ac303c6ade [term 1 FOLLOWER]: Leader election vote request: Granting yes vote for candidate c36abe6b2bdb4e778576473f60926b7b in term 1.
I1102 21:39:02.115172 7854 leader_election.cc:387] T ada842941fe84080be71d0ba1b216639 P c36abe6b2bdb4e778576473f60926b7b [CANDIDATE]: Term 1 election: Vote granted by peer 33b43dabe1b543f39e7ed84247c575e8 (127.7.150.3:44373)
I1102 21:39:02.115206 7854 leader_election.cc:278] T ada842941fe84080be71d0ba1b216639 P c36abe6b2bdb4e778576473f60926b7b [CANDIDATE]: Term 1 election: Election decided. Result: candidate won.
I1102 21:39:02.115309 8241 raft_consensus.cc:2840] T ada842941fe84080be71d0ba1b216639 P c36abe6b2bdb4e778576473f60926b7b: Snoozing failure detection for 1.852s (election complete)
I1102 21:39:02.115345 7851 leader_election.cc:387] T ada842941fe84080be71d0ba1b216639 P c36abe6b2bdb4e778576473f60926b7b [CANDIDATE]: Term 1 election: Vote granted by peer e92a2036de454238809663ac303c6ade (127.7.150.2:39313)
I1102 21:39:02.115353 8241 raft_consensus.cc:2646] T ada842941fe84080be71d0ba1b216639 P c36abe6b2bdb4e778576473f60926b7b [term 1 FOLLOWER]: Leader election won for term 1
I1102 21:39:02.115459 8241 raft_consensus.cc:666] T ada842941fe84080be71d0ba1b216639 P c36abe6b2bdb4e778576473f60926b7b [term 1 LEADER]: Becoming Leader. State: Replica: c36abe6b2bdb4e778576473f60926b7b, State: Running, Role: LEADER
I1102 21:39:02.115617 8241 consensus_queue.cc:206] T ada842941fe84080be71d0ba1b216639 P c36abe6b2bdb4e778576473f60926b7b [LEADER]: Queue going to LEADER mode. State: All replicated index: 0, Majority replicated index: 0, Committed index: 0, Last appended: 0.0, Last appended by leader: 0, Current term: 1, Majority size: 2, State: 0, Mode: LEADER, active raft config: opid_index: -1 OBSOLETE_local: false peers { permanent_uuid: "c36abe6b2bdb4e778576473f60926b7b" member_type: VOTER last_known_addr { host: "127.7.150.1" port: 46291 } } peers { permanent_uuid: "e92a2036de454238809663ac303c6ade" member_type: VOTER last_known_addr { host: "127.7.150.2" port: 39313 } } peers { permanent_uuid: "33b43dabe1b543f39e7ed84247c575e8" member_type: VOTER last_known_addr { host: "127.7.150.3" port: 44373 } }
I1102 21:39:02.116875 7799 catalog_manager.cc:3778] T ada842941fe84080be71d0ba1b216639 P c36abe6b2bdb4e778576473f60926b7b reported cstate change: term changed from 0 to 1, leader changed from to c36abe6b2bdb4e778576473f60926b7b (127.7.150.1). New cstate: current_term: 1 leader_uuid: "c36abe6b2bdb4e778576473f60926b7b" committed_config { opid_index: -1 OBSOLETE_local: false peers { permanent_uuid: "c36abe6b2bdb4e778576473f60926b7b" member_type: VOTER last_known_addr { host: "127.7.150.1" port: 46291 } health_report { overall_health: HEALTHY } } peers { permanent_uuid: "e92a2036de454238809663ac303c6ade" member_type: VOTER last_known_addr { host: "127.7.150.2" port: 39313 } health_report { overall_health: UNKNOWN } } peers { permanent_uuid: "33b43dabe1b543f39e7ed84247c575e8" member_type: VOTER last_known_addr { host: "127.7.150.3" port: 44373 } health_report { overall_health: UNKNOWN } } }
I1102 21:39:02.122805 8164 raft_consensus.cc:1180] T ada842941fe84080be71d0ba1b216639 P 33b43dabe1b543f39e7ed84247c575e8 [term 1 FOLLOWER]: Refusing update from remote peer c36abe6b2bdb4e778576473f60926b7b: Log matching property violated. Preceding OpId in replica: term: 0 index: 0. Preceding OpId from leader: term: 1 index: 2. (index mismatch)
I1102 21:39:02.122884 8043 raft_consensus.cc:1180] T ada842941fe84080be71d0ba1b216639 P e92a2036de454238809663ac303c6ade [term 1 FOLLOWER]: Refusing update from remote peer c36abe6b2bdb4e778576473f60926b7b: Log matching property violated. Preceding OpId in replica: term: 0 index: 0. Preceding OpId from leader: term: 1 index: 2. (index mismatch)
I1102 21:39:02.123385 8233 consensus_queue.cc:976] T ada842941fe84080be71d0ba1b216639 P c36abe6b2bdb4e778576473f60926b7b [LEADER]: Connected to new peer: Peer: permanent_uuid: "33b43dabe1b543f39e7ed84247c575e8" member_type: VOTER last_known_addr { host: "127.7.150.3" port: 44373 }, Status: LMP_MISMATCH, Last received: 0.0, Next index: 1, Last known committed idx: 0, Time since last communication: 0.000s
I1102 21:39:02.123512 8241 consensus_queue.cc:976] T ada842941fe84080be71d0ba1b216639 P c36abe6b2bdb4e778576473f60926b7b [LEADER]: Connected to new peer: Peer: permanent_uuid: "e92a2036de454238809663ac303c6ade" member_type: VOTER last_known_addr { host: "127.7.150.2" port: 39313 }, Status: LMP_MISMATCH, Last received: 0.0, Next index: 1, Last known committed idx: 0, Time since last communication: 0.000s
I1102 21:39:02.159832 7768 alter_table-randomized-test.cc:448] Beginning Alterations
I1102 21:39:02.160758 7768 alter_table-randomized-test.cc:594] Dropping range partition: [805306356, 872415219) resulting partitions: ()
I1102 21:39:02.160820 7768 alter_table-randomized-test.cc:562] Adding range partition: [469762041, 536870904) resulting partitions: (469762041, 536870904)
I1102 21:39:02.160850 7768 alter_table-randomized-test.cc:594] Dropping range partition: [469762041, 536870904) resulting partitions: ()
I1102 21:39:02.160879 7768 alter_table-randomized-test.cc:562] Adding range partition: [1342177260, 1409286123) resulting partitions: (1342177260, 1409286123)
I1102 21:39:02.160904 7768 alter_table-randomized-test.cc:486] Adding column c833, existing columns: key
I1102 21:39:02.160924 7768 alter_table-randomized-test.cc:544] Changing compression of column c833 to 2
I1102 21:39:02.160930 7768 alter_table-randomized-test.cc:534] Changing default of column c833 to 672940260
I1102 21:39:02.160939 7768 alter_table-randomized-test.cc:480] Committing Alterations
I1102 21:39:02.161850 7799 catalog_manager.cc:2182] Servicing AlterTable request from {username='slave'} at 127.0.0.1:59020: table { table_name: "default.test_table" } alter_schema_steps { type: DROP_RANGE_PARTITION drop_range_partition { range_bounds { rows: "\006\001\364\377\377/\007\001\363\377\3773" } } } alter_schema_steps { type: ADD_RANGE_PARTITION add_range_partition { range_bounds { rows: "\010\001\370\377\377\033\t\001\367\377\377\037" } } } alter_schema_steps { type: DROP_RANGE_PARTITION drop_range_partition { range_bounds { rows: "\006\001\371\377\377\033\007\001\370\377\377\037" } } } alter_schema_steps { type: ADD_RANGE_PARTITION add_range_partition { range_bounds { rows: "\006\001\354\377\377O\007\001\353\377\377S" } } } alter_schema_steps { type: ADD_COLUMN add_column { schema { name: "c833" type: INT32 is_nullable: true encoding: AUTO_ENCODING compression: DEFAULT_COMPRESSION cfile_block_size: 0 } } } alter_schema_steps { type: ALTER_COLUMN alter_column { delta { name: "c833" compression: SNAPPY } } } alter_schema_steps { type: ALTER_COLUMN alter_column { delta { name: "c833" default_value: "\344@\034(\000\000\000\000" } } } schema { columns { name: "key" type: INT32 is_key: true is_nullable: false encoding: AUTO_ENCODING compression: DEFAULT_COMPRESSION cfile_block_size: 0 } } modify_external_catalogs: true
I1102 21:39:02.164954 7799 catalog_manager.cc:2958] Scheduling retry of 8af0294ac1e7467da98195130bc37703 (table default.test_table [id=e93179f4d3eb4a26a760d9d76293265f]) Alter Table RPC with a delay of 63 ms (attempt = 1)
W1102 21:39:02.165022 7799 catalog_manager.cc:3990] Failed to send alter table request: Not found: failed to reset TS proxy: No leader found: Tablet 8af0294ac1e7467da98195130bc37703 has no consensus state
I1102 21:39:02.165040 7799 catalog_manager.cc:4017] T 00000000000000000000000000000000 P 810977538c654d1a96a5c2a53c44d890: Sending DeleteTablet for 3 replicas of tablet ada842941fe84080be71d0ba1b216639
I1102 21:39:02.165083 7799 catalog_manager.cc:3180] Sending DeleteTablet(TABLET_DATA_DELETED) for tablet ada842941fe84080be71d0ba1b216639 on c36abe6b2bdb4e778576473f60926b7b (127.7.150.1:46291) (Partition dropped at 2018-11-02 21:39:02 UTC)
I1102 21:39:02.165169 7799 catalog_manager.cc:3180] Sending DeleteTablet(TABLET_DATA_DELETED) for tablet ada842941fe84080be71d0ba1b216639 on e92a2036de454238809663ac303c6ade (127.7.150.2:39313) (Partition dropped at 2018-11-02 21:39:02 UTC)
I1102 21:39:02.165256 7799 catalog_manager.cc:3180] Sending DeleteTablet(TABLET_DATA_DELETED) for tablet ada842941fe84080be71d0ba1b216639 on 33b43dabe1b543f39e7ed84247c575e8 (127.7.150.3:44373) (Partition dropped at 2018-11-02 21:39:02 UTC)
I1102 21:39:02.165657 7898 tablet_service.cc:806] Processing DeleteTablet for tablet ada842941fe84080be71d0ba1b216639 with delete_type TABLET_DATA_DELETED (Partition dropped at 2018-11-02 21:39:02 UTC) from {username='slave'} at 127.0.0.1:51126
I1102 21:39:02.165689 8023 tablet_service.cc:806] Processing DeleteTablet for tablet ada842941fe84080be71d0ba1b216639 with delete_type TABLET_DATA_DELETED (Partition dropped at 2018-11-02 21:39:02 UTC) from {username='slave'} at 127.0.0.1:54792
I1102 21:39:02.165732 8145 tablet_service.cc:806] Processing DeleteTablet for tablet ada842941fe84080be71d0ba1b216639 with delete_type TABLET_DATA_DELETED (Partition dropped at 2018-11-02 21:39:02 UTC) from {username='slave'} at 127.0.0.1:40274
I1102 21:39:02.165824 8248 tablet_replica.cc:263] T ada842941fe84080be71d0ba1b216639 P e92a2036de454238809663ac303c6ade: stopping tablet replica
I1102 21:39:02.165848 8249 tablet_replica.cc:263] T ada842941fe84080be71d0ba1b216639 P 33b43dabe1b543f39e7ed84247c575e8: stopping tablet replica
I1102 21:39:02.165885 8249 maintenance_manager.cc:237] P 33b43dabe1b543f39e7ed84247c575e8: Unregistered op CompactRowSetsOp(ada842941fe84080be71d0ba1b216639)
I1102 21:39:02.165891 8248 maintenance_manager.cc:237] P e92a2036de454238809663ac303c6ade: Unregistered op CompactRowSetsOp(ada842941fe84080be71d0ba1b216639)
I1102 21:39:02.165908 8249 maintenance_manager.cc:237] P 33b43dabe1b543f39e7ed84247c575e8: Unregistered op MinorDeltaCompactionOp(ada842941fe84080be71d0ba1b216639)
I1102 21:39:02.165911 8248 maintenance_manager.cc:237] P e92a2036de454238809663ac303c6ade: Unregistered op MinorDeltaCompactionOp(ada842941fe84080be71d0ba1b216639)
I1102 21:39:02.165915 8249 maintenance_manager.cc:237] P 33b43dabe1b543f39e7ed84247c575e8: Unregistered op MajorDeltaCompactionOp(ada842941fe84080be71d0ba1b216639)
I1102 21:39:02.165920 8249 maintenance_manager.cc:237] P 33b43dabe1b543f39e7ed84247c575e8: Unregistered op UndoDeltaBlockGCOp(ada842941fe84080be71d0ba1b216639)
I1102 21:39:02.165921 8248 maintenance_manager.cc:237] P e92a2036de454238809663ac303c6ade: Unregistered op MajorDeltaCompactionOp(ada842941fe84080be71d0ba1b216639)
I1102 21:39:02.165932 8248 maintenance_manager.cc:237] P e92a2036de454238809663ac303c6ade: Unregistered op UndoDeltaBlockGCOp(ada842941fe84080be71d0ba1b216639)
I1102 21:39:02.165940 8249 maintenance_manager.cc:237] P 33b43dabe1b543f39e7ed84247c575e8: Unregistered op FlushMRSOp(ada842941fe84080be71d0ba1b216639)
I1102 21:39:02.165946 8249 maintenance_manager.cc:237] P 33b43dabe1b543f39e7ed84247c575e8: Unregistered op FlushDeltaMemStoresOp(ada842941fe84080be71d0ba1b216639)
I1102 21:39:02.165951 8249 maintenance_manager.cc:237] P 33b43dabe1b543f39e7ed84247c575e8: Unregistered op LogGCOp(ada842941fe84080be71d0ba1b216639)
I1102 21:39:02.165951 8248 maintenance_manager.cc:237] P e92a2036de454238809663ac303c6ade: Unregistered op FlushMRSOp(ada842941fe84080be71d0ba1b216639)
I1102 21:39:02.165962 8248 maintenance_manager.cc:237] P e92a2036de454238809663ac303c6ade: Unregistered op FlushDeltaMemStoresOp(ada842941fe84080be71d0ba1b216639)
I1102 21:39:02.165971 8248 maintenance_manager.cc:237] P e92a2036de454238809663ac303c6ade: Unregistered op LogGCOp(ada842941fe84080be71d0ba1b216639)
I1102 21:39:02.165971 8249 raft_consensus.cc:2149] T ada842941fe84080be71d0ba1b216639 P 33b43dabe1b543f39e7ed84247c575e8 [term 1 FOLLOWER]: Raft consensus shutting down.
I1102 21:39:02.165997 8248 raft_consensus.cc:2149] T ada842941fe84080be71d0ba1b216639 P e92a2036de454238809663ac303c6ade [term 1 FOLLOWER]: Raft consensus shutting down.
I1102 21:39:02.166021 8249 raft_consensus.cc:2176] T ada842941fe84080be71d0ba1b216639 P 33b43dabe1b543f39e7ed84247c575e8 [term 1 FOLLOWER]: Raft consensus is shut down!
I1102 21:39:02.166100 8248 raft_consensus.cc:2176] T ada842941fe84080be71d0ba1b216639 P e92a2036de454238809663ac303c6ade [term 1 FOLLOWER]: Raft consensus is shut down!
I1102 21:39:02.166244 8247 tablet_replica.cc:263] T ada842941fe84080be71d0ba1b216639 P c36abe6b2bdb4e778576473f60926b7b: stopping tablet replica
I1102 21:39:02.166298 8247 maintenance_manager.cc:237] P c36abe6b2bdb4e778576473f60926b7b: Unregistered op CompactRowSetsOp(ada842941fe84080be71d0ba1b216639)
I1102 21:39:02.166324 8247 maintenance_manager.cc:237] P c36abe6b2bdb4e778576473f60926b7b: Unregistered op MinorDeltaCompactionOp(ada842941fe84080be71d0ba1b216639)
I1102 21:39:02.166340 8247 maintenance_manager.cc:237] P c36abe6b2bdb4e778576473f60926b7b: Unregistered op MajorDeltaCompactionOp(ada842941fe84080be71d0ba1b216639)
I1102 21:39:02.166350 8247 maintenance_manager.cc:237] P c36abe6b2bdb4e778576473f60926b7b: Unregistered op UndoDeltaBlockGCOp(ada842941fe84080be71d0ba1b216639)
I1102 21:39:02.166393 8247 maintenance_manager.cc:237] P c36abe6b2bdb4e778576473f60926b7b: Unregistered op FlushMRSOp(ada842941fe84080be71d0ba1b216639)
I1102 21:39:02.166427 8247 maintenance_manager.cc:237] P c36abe6b2bdb4e778576473f60926b7b: Unregistered op FlushDeltaMemStoresOp(ada842941fe84080be71d0ba1b216639)
I1102 21:39:02.166436 8247 maintenance_manager.cc:237] P c36abe6b2bdb4e778576473f60926b7b: Unregistered op LogGCOp(ada842941fe84080be71d0ba1b216639)
I1102 21:39:02.166465 8247 raft_consensus.cc:2149] T ada842941fe84080be71d0ba1b216639 P c36abe6b2bdb4e778576473f60926b7b [term 1 LEADER]: Raft consensus shutting down.
I1102 21:39:02.166488 8247 consensus_peers.cc:482] T ada842941fe84080be71d0ba1b216639 P c36abe6b2bdb4e778576473f60926b7b -> Peer 33b43dabe1b543f39e7ed84247c575e8 (127.7.150.3:44373): Closing peer: 33b43dabe1b543f39e7ed84247c575e8
I1102 21:39:02.167287 8249 ts_tablet_manager.cc:1369] T ada842941fe84080be71d0ba1b216639 P 33b43dabe1b543f39e7ed84247c575e8: Deleting tablet data with delete state TABLET_DATA_DELETED
I1102 21:39:02.167297 8247 consensus_peers.cc:482] T ada842941fe84080be71d0ba1b216639 P c36abe6b2bdb4e778576473f60926b7b -> Peer e92a2036de454238809663ac303c6ade (127.7.150.2:39313): Closing peer: e92a2036de454238809663ac303c6ade
I1102 21:39:02.167449 8247 raft_consensus.cc:2176] T ada842941fe84080be71d0ba1b216639 P c36abe6b2bdb4e778576473f60926b7b [term 1 FOLLOWER]: Raft consensus is shut down!
I1102 21:39:02.167922 7898 tablet_service.cc:765] Processing CreateTablet for tablet 8af0294ac1e7467da98195130bc37703 (table=default.test_table [id=e93179f4d3eb4a26a760d9d76293265f]), partition=RANGE (key) PARTITION 1342177260 <= VALUES < 1409286123
I1102 21:39:02.167927 8145 tablet_service.cc:765] Processing CreateTablet for tablet 8af0294ac1e7467da98195130bc37703 (table=default.test_table [id=e93179f4d3eb4a26a760d9d76293265f]), partition=RANGE (key) PARTITION 1342177260 <= VALUES < 1409286123
I1102 21:39:02.168097 8145 data_dirs.cc:938] Could only allocate 1 dirs of requested 3 for tablet 8af0294ac1e7467da98195130bc37703. 1 dirs total, 0 dirs full, 0 dirs failed
I1102 21:39:02.168128 7898 data_dirs.cc:938] Could only allocate 1 dirs of requested 3 for tablet 8af0294ac1e7467da98195130bc37703. 1 dirs total, 0 dirs full, 0 dirs failed
I1102 21:39:02.169497 8248 ts_tablet_manager.cc:1369] T ada842941fe84080be71d0ba1b216639 P e92a2036de454238809663ac303c6ade: Deleting tablet data with delete state TABLET_DATA_DELETED
I1102 21:39:02.169698 8023 tablet_service.cc:765] Processing CreateTablet for tablet 8af0294ac1e7467da98195130bc37703 (table=default.test_table [id=e93179f4d3eb4a26a760d9d76293265f]), partition=RANGE (key) PARTITION 1342177260 <= VALUES < 1409286123
I1102 21:39:02.169872 8023 data_dirs.cc:938] Could only allocate 1 dirs of requested 3 for tablet 8af0294ac1e7467da98195130bc37703. 1 dirs total, 0 dirs full, 0 dirs failed
I1102 21:39:02.169910 7898 ts_tablet_manager.cc:1173] T 8af0294ac1e7467da98195130bc37703 P c36abe6b2bdb4e778576473f60926b7b: Registered tablet (data state: TABLET_DATA_READY)
I1102 21:39:02.169963 8145 ts_tablet_manager.cc:1173] T 8af0294ac1e7467da98195130bc37703 P 33b43dabe1b543f39e7ed84247c575e8: Registered tablet (data state: TABLET_DATA_READY)
I1102 21:39:02.170018 8225 ts_tablet_manager.cc:1028] T 8af0294ac1e7467da98195130bc37703 P c36abe6b2bdb4e778576473f60926b7b: Bootstrapping tablet
I1102 21:39:02.170081 8225 tablet_bootstrap.cc:438] T 8af0294ac1e7467da98195130bc37703 P c36abe6b2bdb4e778576473f60926b7b: Bootstrap starting.
I1102 21:39:02.170111 8224 ts_tablet_manager.cc:1028] T 8af0294ac1e7467da98195130bc37703 P 33b43dabe1b543f39e7ed84247c575e8: Bootstrapping tablet
I1102 21:39:02.170194 8224 tablet_bootstrap.cc:438] T 8af0294ac1e7467da98195130bc37703 P 33b43dabe1b543f39e7ed84247c575e8: Bootstrap starting.
I1102 21:39:02.170861 8225 tablet_bootstrap.cc:592] T 8af0294ac1e7467da98195130bc37703 P c36abe6b2bdb4e778576473f60926b7b: No blocks or log segments found. Creating new log.
I1102 21:39:02.170940 8224 tablet_bootstrap.cc:592] T 8af0294ac1e7467da98195130bc37703 P 33b43dabe1b543f39e7ed84247c575e8: No blocks or log segments found. Creating new log.
I1102 21:39:02.171706 8249 ts_tablet_manager.cc:1382] T ada842941fe84080be71d0ba1b216639 P 33b43dabe1b543f39e7ed84247c575e8: tablet deleted with delete type TABLET_DATA_DELETED: last-logged OpId 1.9
I1102 21:39:02.171742 8249 log.cc:986] T ada842941fe84080be71d0ba1b216639 P 33b43dabe1b543f39e7ed84247c575e8: Deleting WAL directory at /tmp/dist-test-taskoKLkQa/test-tmp/alter_table-randomized-test.0.HmsConfigurations_AlterTableRandomized.TestRandomSequence_0.1541194740983682-7768/minicluster-data/ts-2/wal/wals/ada842941fe84080be71d0ba1b216639
I1102 21:39:02.172061 8249 ts_tablet_manager.cc:1403] T ada842941fe84080be71d0ba1b216639 P 33b43dabe1b543f39e7ed84247c575e8: Deleting consensus metadata
I1102 21:39:02.172385 8023 ts_tablet_manager.cc:1173] T 8af0294ac1e7467da98195130bc37703 P e92a2036de454238809663ac303c6ade: Registered tablet (data state: TABLET_DATA_READY)
I1102 21:39:02.172610 8223 ts_tablet_manager.cc:1028] T 8af0294ac1e7467da98195130bc37703 P e92a2036de454238809663ac303c6ade: Bootstrapping tablet
I1102 21:39:02.172616 7784 catalog_manager.cc:3158] TS 33b43dabe1b543f39e7ed84247c575e8 (127.7.150.3:44373): tablet ada842941fe84080be71d0ba1b216639 (table default.test_table [id=e93179f4d3eb4a26a760d9d76293265f]) successfully deleted
I1102 21:39:02.172683 8223 tablet_bootstrap.cc:438] T 8af0294ac1e7467da98195130bc37703 P e92a2036de454238809663ac303c6ade: Bootstrap starting.
I1102 21:39:02.173162 8248 ts_tablet_manager.cc:1382] T ada842941fe84080be71d0ba1b216639 P e92a2036de454238809663ac303c6ade: tablet deleted with delete type TABLET_DATA_DELETED: last-logged OpId 1.9
I1102 21:39:02.173220 8248 log.cc:986] T ada842941fe84080be71d0ba1b216639 P e92a2036de454238809663ac303c6ade: Deleting WAL directory at /tmp/dist-test-taskoKLkQa/test-tmp/alter_table-randomized-test.0.HmsConfigurations_AlterTableRandomized.TestRandomSequence_0.1541194740983682-7768/minicluster-data/ts-1/wal/wals/ada842941fe84080be71d0ba1b216639
I1102 21:39:02.173238 8247 ts_tablet_manager.cc:1369] T ada842941fe84080be71d0ba1b216639 P c36abe6b2bdb4e778576473f60926b7b: Deleting tablet data with delete state TABLET_DATA_DELETED
I1102 21:39:02.173503 8248 ts_tablet_manager.cc:1403] T ada842941fe84080be71d0ba1b216639 P e92a2036de454238809663ac303c6ade: Deleting consensus metadata
I1102 21:39:02.174038 8223 tablet_bootstrap.cc:592] T 8af0294ac1e7467da98195130bc37703 P e92a2036de454238809663ac303c6ade: No blocks or log segments found. Creating new log.
I1102 21:39:02.174280 7781 catalog_manager.cc:3158] TS e92a2036de454238809663ac303c6ade (127.7.150.2:39313): tablet ada842941fe84080be71d0ba1b216639 (table default.test_table [id=e93179f4d3eb4a26a760d9d76293265f]) successfully deleted
I1102 21:39:02.174571 8224 tablet_bootstrap.cc:438] T 8af0294ac1e7467da98195130bc37703 P 33b43dabe1b543f39e7ed84247c575e8: No bootstrap required, opened a new log
I1102 21:39:02.174656 8224 ts_tablet_manager.cc:1045] T 8af0294ac1e7467da98195130bc37703 P 33b43dabe1b543f39e7ed84247c575e8: Time spent bootstrapping tablet: real 0.004s user 0.001s sys 0.000s
I1102 21:39:02.175029 8223 tablet_bootstrap.cc:438] T 8af0294ac1e7467da98195130bc37703 P e92a2036de454238809663ac303c6ade: No bootstrap required, opened a new log
I1102 21:39:02.175076 8224 raft_consensus.cc:339] T 8af0294ac1e7467da98195130bc37703 P 33b43dabe1b543f39e7ed84247c575e8 [term 0 FOLLOWER]: Replica starting. Triggering 0 pending transactions. Active config: opid_index: -1 OBSOLETE_local: false peers { permanent_uuid: "c36abe6b2bdb4e778576473f60926b7b" member_type: VOTER last_known_addr { host: "127.7.150.1" port: 46291 } } peers { permanent_uuid: "e92a2036de454238809663ac303c6ade" member_type: VOTER last_known_addr { host: "127.7.150.2" port: 39313 } } peers { permanent_uuid: "33b43dabe1b543f39e7ed84247c575e8" member_type: VOTER last_known_addr { host: "127.7.150.3" port: 44373 } }
I1102 21:39:02.175092 8224 raft_consensus.cc:365] T 8af0294ac1e7467da98195130bc37703 P 33b43dabe1b543f39e7ed84247c575e8 [term 0 FOLLOWER]: Consensus starting up: Expiring failure detector timer to make a prompt election more likely
I1102 21:39:02.175103 8224 raft_consensus.cc:704] T 8af0294ac1e7467da98195130bc37703 P 33b43dabe1b543f39e7ed84247c575e8 [term 0 FOLLOWER]: Becoming Follower/Learner. State: Replica: 33b43dabe1b543f39e7ed84247c575e8, State: Initialized, Role: FOLLOWER
I1102 21:39:02.175107 8223 ts_tablet_manager.cc:1045] T 8af0294ac1e7467da98195130bc37703 P e92a2036de454238809663ac303c6ade: Time spent bootstrapping tablet: real 0.002s user 0.002s sys 0.000s
I1102 21:39:02.175218 8224 consensus_queue.cc:229] T 8af0294ac1e7467da98195130bc37703 P 33b43dabe1b543f39e7ed84247c575e8 [NON_LEADER]: Queue going to NON_LEADER mode. State: All replicated index: 0, Majority replicated index: 0, Committed index: 0, Last appended: 0.0, Last appended by leader: 0, Current term: 0, Majority size: -1, State: 0, Mode: NON_LEADER, active raft config: opid_index: -1 OBSOLETE_local: false peers { permanent_uuid: "c36abe6b2bdb4e778576473f60926b7b" member_type: VOTER last_known_addr { host: "127.7.150.1" port: 46291 } } peers { permanent_uuid: "e92a2036de454238809663ac303c6ade" member_type: VOTER last_known_addr { host: "127.7.150.2" port: 39313 } } peers { permanent_uuid: "33b43dabe1b543f39e7ed84247c575e8" member_type: VOTER last_known_addr { host: "127.7.150.3" port: 44373 } }
I1102 21:39:02.175371 8224 ts_tablet_manager.cc:1073] T 8af0294ac1e7467da98195130bc37703 P 33b43dabe1b543f39e7ed84247c575e8: Time spent starting tablet: real 0.001s user 0.001s sys 0.000s
I1102 21:39:02.175499 8223 raft_consensus.cc:339] T 8af0294ac1e7467da98195130bc37703 P e92a2036de454238809663ac303c6ade [term 0 FOLLOWER]: Replica starting. Triggering 0 pending transactions. Active config: opid_index: -1 OBSOLETE_local: false peers { permanent_uuid: "c36abe6b2bdb4e778576473f60926b7b" member_type: VOTER last_known_addr { host: "127.7.150.1" port: 46291 } } peers { permanent_uuid: "e92a2036de454238809663ac303c6ade" member_type: VOTER last_known_addr { host: "127.7.150.2" port: 39313 } } peers { permanent_uuid: "33b43dabe1b543f39e7ed84247c575e8" member_type: VOTER last_known_addr { host: "127.7.150.3" port: 44373 } }
I1102 21:39:02.175516 8223 raft_consensus.cc:365] T 8af0294ac1e7467da98195130bc37703 P e92a2036de454238809663ac303c6ade [term 0 FOLLOWER]: Consensus starting up: Expiring failure detector timer to make a prompt election more likely
I1102 21:39:02.175526 8223 raft_consensus.cc:704] T 8af0294ac1e7467da98195130bc37703 P e92a2036de454238809663ac303c6ade [term 0 FOLLOWER]: Becoming Follower/Learner. State: Replica: e92a2036de454238809663ac303c6ade, State: Initialized, Role: FOLLOWER
I1102 21:39:02.175572 8247 ts_tablet_manager.cc:1382] T ada842941fe84080be71d0ba1b216639 P c36abe6b2bdb4e778576473f60926b7b: tablet deleted with delete type TABLET_DATA_DELETED: last-logged OpId 1.9
I1102 21:39:02.175616 8247 log.cc:986] T ada842941fe84080be71d0ba1b216639 P c36abe6b2bdb4e778576473f60926b7b: Deleting WAL directory at /tmp/dist-test-taskoKLkQa/test-tmp/alter_table-randomized-test.0.HmsConfigurations_AlterTableRandomized.TestRandomSequence_0.1541194740983682-7768/minicluster-data/ts-0/wal/wals/ada842941fe84080be71d0ba1b216639
I1102 21:39:02.175631 8223 consensus_queue.cc:229] T 8af0294ac1e7467da98195130bc37703 P e92a2036de454238809663ac303c6ade [NON_LEADER]: Queue going to NON_LEADER mode. State: All replicated index: 0, Majority replicated index: 0, Committed index: 0, Last appended: 0.0, Last appended by leader: 0, Current term: 0, Majority size: -1, State: 0, Mode: NON_LEADER, active raft config: opid_index: -1 OBSOLETE_local: false peers { permanent_uuid: "c36abe6b2bdb4e778576473f60926b7b" member_type: VOTER last_known_addr { host: "127.7.150.1" port: 46291 } } peers { permanent_uuid: "e92a2036de454238809663ac303c6ade" member_type: VOTER last_known_addr { host: "127.7.150.2" port: 39313 } } peers { permanent_uuid: "33b43dabe1b543f39e7ed84247c575e8" member_type: VOTER last_known_addr { host: "127.7.150.3" port: 44373 } }
I1102 21:39:02.175789 8223 ts_tablet_manager.cc:1073] T 8af0294ac1e7467da98195130bc37703 P e92a2036de454238809663ac303c6ade: Time spent starting tablet: real 0.001s user 0.001s sys 0.000s
I1102 21:39:02.176141 7799 catalog_manager.cc:3873] TS 33b43dabe1b543f39e7ed84247c575e8 (127.7.150.3:44373) does not have the latest schema for tablet 8af0294ac1e7467da98195130bc37703 (table default.test_table [id=e93179f4d3eb4a26a760d9d76293265f]). Expected version 1 got 0
I1102 21:39:02.176200 8247 ts_tablet_manager.cc:1403] T ada842941fe84080be71d0ba1b216639 P c36abe6b2bdb4e778576473f60926b7b: Deleting consensus metadata
I1102 21:39:02.176306 8225 tablet_bootstrap.cc:438] T 8af0294ac1e7467da98195130bc37703 P c36abe6b2bdb4e778576473f60926b7b: No bootstrap required, opened a new log
I1102 21:39:02.176344 7799 catalog_manager.cc:2958] Scheduling retry of 8af0294ac1e7467da98195130bc37703 (table default.test_table [id=e93179f4d3eb4a26a760d9d76293265f]) Alter Table RPC with a delay of 32 ms (attempt = 1)
I1102 21:39:02.176378 8225 ts_tablet_manager.cc:1045] T 8af0294ac1e7467da98195130bc37703 P c36abe6b2bdb4e778576473f60926b7b: Time spent bootstrapping tablet: real 0.006s user 0.001s sys 0.000s
W1102 21:39:02.176381 7799 catalog_manager.cc:3937] Failed to send 8af0294ac1e7467da98195130bc37703 (table default.test_table [id=e93179f4d3eb4a26a760d9d76293265f]) Alter Table RPC: Not found: failed to reset TS proxy: No leader found: Tablet 8af0294ac1e7467da98195130bc37703 consensus state has no leader
I1102 21:39:02.176525 7800 catalog_manager.cc:3873] TS e92a2036de454238809663ac303c6ade (127.7.150.2:39313) does not have the latest schema for tablet 8af0294ac1e7467da98195130bc37703 (table default.test_table [id=e93179f4d3eb4a26a760d9d76293265f]). Expected version 1 got 0
I1102 21:39:02.176645 7800 catalog_manager.cc:2958] Scheduling retry of 8af0294ac1e7467da98195130bc37703 (table default.test_table [id=e93179f4d3eb4a26a760d9d76293265f]) Alter Table RPC with a delay of 28 ms (attempt = 1)
W1102 21:39:02.176697 7800 catalog_manager.cc:3937] Failed to send 8af0294ac1e7467da98195130bc37703 (table default.test_table [id=e93179f4d3eb4a26a760d9d76293265f]) Alter Table RPC: Not found: failed to reset TS proxy: No leader found: Tablet 8af0294ac1e7467da98195130bc37703 consensus state has no leader
I1102 21:39:02.176923 8225 raft_consensus.cc:339] T 8af0294ac1e7467da98195130bc37703 P c36abe6b2bdb4e778576473f60926b7b [term 0 FOLLOWER]: Replica starting. Triggering 0 pending transactions. Active config: opid_index: -1 OBSOLETE_local: false peers { permanent_uuid: "c36abe6b2bdb4e778576473f60926b7b" member_type: VOTER last_known_addr { host: "127.7.150.1" port: 46291 } } peers { permanent_uuid: "e92a2036de454238809663ac303c6ade" member_type: VOTER last_known_addr { host: "127.7.150.2" port: 39313 } } peers { permanent_uuid: "33b43dabe1b543f39e7ed84247c575e8" member_type: VOTER last_known_addr { host: "127.7.150.3" port: 44373 } }
I1102 21:39:02.176954 8225 raft_consensus.cc:365] T 8af0294ac1e7467da98195130bc37703 P c36abe6b2bdb4e778576473f60926b7b [term 0 FOLLOWER]: Consensus starting up: Expiring failure detector timer to make a prompt election more likely
I1102 21:39:02.176972 8225 raft_consensus.cc:704] T 8af0294ac1e7467da98195130bc37703 P c36abe6b2bdb4e778576473f60926b7b [term 0 FOLLOWER]: Becoming Follower/Learner. State: Replica: c36abe6b2bdb4e778576473f60926b7b, State: Initialized, Role: FOLLOWER
I1102 21:39:02.177142 8225 consensus_queue.cc:229] T 8af0294ac1e7467da98195130bc37703 P c36abe6b2bdb4e778576473f60926b7b [NON_LEADER]: Queue going to NON_LEADER mode. State: All replicated index: 0, Majority replicated index: 0, Committed index: 0, Last appended: 0.0, Last appended by leader: 0, Current term: 0, Majority size: -1, State: 0, Mode: NON_LEADER, active raft config: opid_index: -1 OBSOLETE_local: false peers { permanent_uuid: "c36abe6b2bdb4e778576473f60926b7b" member_type: VOTER last_known_addr { host: "127.7.150.1" port: 46291 } } peers { permanent_uuid: "e92a2036de454238809663ac303c6ade" member_type: VOTER last_known_addr { host: "127.7.150.2" port: 39313 } } peers { permanent_uuid: "33b43dabe1b543f39e7ed84247c575e8" member_type: VOTER last_known_addr { host: "127.7.150.3" port: 44373 } }
I1102 21:39:02.177345 8225 ts_tablet_manager.cc:1073] T 8af0294ac1e7467da98195130bc37703 P c36abe6b2bdb4e778576473f60926b7b: Time spent starting tablet: real 0.001s user 0.000s sys 0.000s
I1102 21:39:02.177644 7800 catalog_manager.cc:3873] TS e92a2036de454238809663ac303c6ade (127.7.150.2:39313) does not have the latest schema for tablet 8af0294ac1e7467da98195130bc37703 (table default.test_table [id=e93179f4d3eb4a26a760d9d76293265f]). Expected version 1 got 0
I1102 21:39:02.177819 7800 catalog_manager.cc:2958] Scheduling retry of 8af0294ac1e7467da98195130bc37703 (table default.test_table [id=e93179f4d3eb4a26a760d9d76293265f]) Alter Table RPC with a delay of 43 ms (attempt = 1)
W1102 21:39:02.177881 7800 catalog_manager.cc:3937] Failed to send 8af0294ac1e7467da98195130bc37703 (table default.test_table [id=e93179f4d3eb4a26a760d9d76293265f]) Alter Table RPC: Not found: failed to reset TS proxy: No leader found: Tablet 8af0294ac1e7467da98195130bc37703 consensus state has no leader
I1102 21:39:02.177898 7799 catalog_manager.cc:3873] TS c36abe6b2bdb4e778576473f60926b7b (127.7.150.1:46291) does not have the latest schema for tablet 8af0294ac1e7467da98195130bc37703 (table default.test_table [id=e93179f4d3eb4a26a760d9d76293265f]). Expected version 1 got 0
I1102 21:39:02.178040 7799 catalog_manager.cc:2958] Scheduling retry of 8af0294ac1e7467da98195130bc37703 (table default.test_table [id=e93179f4d3eb4a26a760d9d76293265f]) Alter Table RPC with a delay of 19 ms (attempt = 1)
W1102 21:39:02.178139 7799 catalog_manager.cc:3937] Failed to send 8af0294ac1e7467da98195130bc37703 (table default.test_table [id=e93179f4d3eb4a26a760d9d76293265f]) Alter Table RPC: Not found: failed to reset TS proxy: No leader found: Tablet 8af0294ac1e7467da98195130bc37703 consensus state has no leader
I1102 21:39:02.178211 7783 catalog_manager.cc:3158] TS c36abe6b2bdb4e778576473f60926b7b (127.7.150.1:46291): tablet ada842941fe84080be71d0ba1b216639 (table default.test_table [id=e93179f4d3eb4a26a760d9d76293265f]) successfully deleted
W1102 21:39:02.188704 7783 catalog_manager.cc:3230] TS c36abe6b2bdb4e778576473f60926b7b (127.7.150.1:46291): alter failed for tablet ada842941fe84080be71d0ba1b216639 (table default.test_table [id=e93179f4d3eb4a26a760d9d76293265f]),no further retry: Not found: Tablet not found: ada842941fe84080be71d0ba1b216639
I1102 21:39:02.198025 7782 catalog_manager.cc:2958] Scheduling retry of 8af0294ac1e7467da98195130bc37703 (table default.test_table [id=e93179f4d3eb4a26a760d9d76293265f]) Alter Table RPC with a delay of 64 ms (attempt = 2)
W1102 21:39:02.198088 7782 catalog_manager.cc:2977] Async tablet task 8af0294ac1e7467da98195130bc37703 (table default.test_table [id=e93179f4d3eb4a26a760d9d76293265f]) Alter Table RPC failed: Not found: failed to reset TS proxy: No leader found: Tablet 8af0294ac1e7467da98195130bc37703 consensus state has no leader
I1102 21:39:02.205039 7784 catalog_manager.cc:2958] Scheduling retry of 8af0294ac1e7467da98195130bc37703 (table default.test_table [id=e93179f4d3eb4a26a760d9d76293265f]) Alter Table RPC with a delay of 35 ms (attempt = 2)
W1102 21:39:02.205096 7784 catalog_manager.cc:2977] Async tablet task 8af0294ac1e7467da98195130bc37703 (table default.test_table [id=e93179f4d3eb4a26a760d9d76293265f]) Alter Table RPC failed: Not found: failed to reset TS proxy: No leader found: Tablet 8af0294ac1e7467da98195130bc37703 consensus state has no leader
I1102 21:39:02.208899 7783 catalog_manager.cc:2958] Scheduling retry of 8af0294ac1e7467da98195130bc37703 (table default.test_table [id=e93179f4d3eb4a26a760d9d76293265f]) Alter Table RPC with a delay of 67 ms (attempt = 2)
W1102 21:39:02.208948 7783 catalog_manager.cc:2977] Async tablet task 8af0294ac1e7467da98195130bc37703 (table default.test_table [id=e93179f4d3eb4a26a760d9d76293265f]) Alter Table RPC failed: Not found: failed to reset TS proxy: No leader found: Tablet 8af0294ac1e7467da98195130bc37703 consensus state has no leader
I1102 21:39:02.221493 7781 catalog_manager.cc:2958] Scheduling retry of 8af0294ac1e7467da98195130bc37703 (table default.test_table [id=e93179f4d3eb4a26a760d9d76293265f]) Alter Table RPC with a delay of 33 ms (attempt = 2)
W1102 21:39:02.221559 7781 catalog_manager.cc:2977] Async tablet task 8af0294ac1e7467da98195130bc37703 (table default.test_table [id=e93179f4d3eb4a26a760d9d76293265f]) Alter Table RPC failed: Not found: failed to reset TS proxy: No leader found: Tablet 8af0294ac1e7467da98195130bc37703 consensus state has no leader
I1102 21:39:02.228823 7781 catalog_manager.cc:2958] Scheduling retry of 8af0294ac1e7467da98195130bc37703 (table default.test_table [id=e93179f4d3eb4a26a760d9d76293265f]) Alter Table RPC with a delay of 39 ms (attempt = 2)
W1102 21:39:02.228888 7781 catalog_manager.cc:2977] Async tablet task 8af0294ac1e7467da98195130bc37703 (table default.test_table [id=e93179f4d3eb4a26a760d9d76293265f]) Alter Table RPC failed: Not found: failed to reset TS proxy: No leader found: Tablet 8af0294ac1e7467da98195130bc37703 consensus state has no leader
I1102 21:39:02.240409 7784 catalog_manager.cc:2958] Scheduling retry of 8af0294ac1e7467da98195130bc37703 (table default.test_table [id=e93179f4d3eb4a26a760d9d76293265f]) Alter Table RPC with a delay of 112 ms (attempt = 3)
W1102 21:39:02.240466 7784 catalog_manager.cc:2977] Async tablet task 8af0294ac1e7467da98195130bc37703 (table default.test_table [id=e93179f4d3eb4a26a760d9d76293265f]) Alter Table RPC failed: Not found: failed to reset TS proxy: No leader found: Tablet 8af0294ac1e7467da98195130bc37703 consensus state has no leader
I1102 21:39:02.246299 8231 raft_consensus.cc:471] T 8af0294ac1e7467da98195130bc37703 P 33b43dabe1b543f39e7ed84247c575e8 [term 0 FOLLOWER]: Starting pre-election (no leader contacted us within the election timeout)
I1102 21:39:02.246356 8231 raft_consensus.cc:2840] T 8af0294ac1e7467da98195130bc37703 P 33b43dabe1b543f39e7ed84247c575e8: Snoozing failure detection for 1.757s (starting election)
I1102 21:39:02.246470 8231 raft_consensus.cc:493] T 8af0294ac1e7467da98195130bc37703 P 33b43dabe1b543f39e7ed84247c575e8 [term 0 FOLLOWER]: Starting pre-election with config: opid_index: -1 OBSOLETE_local: false peers { permanent_uuid: "c36abe6b2bdb4e778576473f60926b7b" member_type: VOTER last_known_addr { host: "127.7.150.1" port: 46291 } } peers { permanent_uuid: "e92a2036de454238809663ac303c6ade" member_type: VOTER last_known_addr { host: "127.7.150.2" port: 39313 } } peers { permanent_uuid: "33b43dabe1b543f39e7ed84247c575e8" member_type: VOTER last_known_addr { host: "127.7.150.3" port: 44373 } }
I1102 21:39:02.247074 8231 leader_election.cc:251] T 8af0294ac1e7467da98195130bc37703 P 33b43dabe1b543f39e7ed84247c575e8 [CANDIDATE]: Term 1 pre-election: Requesting pre-vote from peer c36abe6b2bdb4e778576473f60926b7b (127.7.150.1:46291)
I1102 21:39:02.247270 8231 leader_election.cc:251] T 8af0294ac1e7467da98195130bc37703 P 33b43dabe1b543f39e7ed84247c575e8 [CANDIDATE]: Term 1 pre-election: Requesting pre-vote from peer e92a2036de454238809663ac303c6ade (127.7.150.2:39313)
I1102 21:39:02.255198 7781 catalog_manager.cc:2958] Scheduling retry of 8af0294ac1e7467da98195130bc37703 (table default.test_table [id=e93179f4d3eb4a26a760d9d76293265f]) Alter Table RPC with a delay of 113 ms (attempt = 3)
W1102 21:39:02.255298 7781 catalog_manager.cc:2977] Async tablet task 8af0294ac1e7467da98195130bc37703 (table default.test_table [id=e93179f4d3eb4a26a760d9d76293265f]) Alter Table RPC failed: Not found: failed to reset TS proxy: No leader found: Tablet 8af0294ac1e7467da98195130bc37703 consensus state has no leader
I1102 21:39:02.259480 8043 tablet_service.cc:1001] Received RequestConsensusVote() RPC: tablet_id: "8af0294ac1e7467da98195130bc37703" candidate_uuid: "33b43dabe1b543f39e7ed84247c575e8" candidate_term: 1 candidate_status { last_received { term: 0 index: 0 } } ignore_live_leader: false dest_uuid: "e92a2036de454238809663ac303c6ade" is_pre_election: true
I1102 21:39:02.259608 8043 raft_consensus.cc:2840] T 8af0294ac1e7467da98195130bc37703 P e92a2036de454238809663ac303c6ade: Snoozing failure detection for 1.856s (vote granted)
I1102 21:39:02.259660 8043 raft_consensus.cc:2352] T 8af0294ac1e7467da98195130bc37703 P e92a2036de454238809663ac303c6ade [term 0 FOLLOWER]: Leader pre-election vote request: Granting yes vote for candidate 33b43dabe1b543f39e7ed84247c575e8 in term 0.
I1102 21:39:02.259842 7920 tablet_service.cc:1001] Received RequestConsensusVote() RPC: tablet_id: "8af0294ac1e7467da98195130bc37703" candidate_uuid: "33b43dabe1b543f39e7ed84247c575e8" candidate_term: 1 candidate_status { last_received { term: 0 index: 0 } } ignore_live_leader: false dest_uuid: "c36abe6b2bdb4e778576473f60926b7b" is_pre_election: true
I1102 21:39:02.259951 7920 raft_consensus.cc:2840] T 8af0294ac1e7467da98195130bc37703 P c36abe6b2bdb4e778576473f60926b7b: Snoozing failure detection for 2.064s (vote granted)
I1102 21:39:02.259989 7920 raft_consensus.cc:2352] T 8af0294ac1e7467da98195130bc37703 P c36abe6b2bdb4e778576473f60926b7b [term 0 FOLLOWER]: Leader pre-election vote request: Granting yes vote for candidate 33b43dabe1b543f39e7ed84247c575e8 in term 0.
I1102 21:39:02.260291 8096 leader_election.cc:387] T 8af0294ac1e7467da98195130bc37703 P 33b43dabe1b543f39e7ed84247c575e8 [CANDIDATE]: Term 1 pre-election: Vote granted by peer e92a2036de454238809663ac303c6ade (127.7.150.2:39313)
I1102 21:39:02.260371 8098 leader_election.cc:387] T 8af0294ac1e7467da98195130bc37703 P 33b43dabe1b543f39e7ed84247c575e8 [CANDIDATE]: Term 1 pre-election: Vote granted by peer c36abe6b2bdb4e778576473f60926b7b (127.7.150.1:46291)
I1102 21:39:02.260473 8098 leader_election.cc:278] T 8af0294ac1e7467da98195130bc37703 P 33b43dabe1b543f39e7ed84247c575e8 [CANDIDATE]: Term 1 pre-election: Election decided. Result: candidate won.
I1102 21:39:02.260782 8231 raft_consensus.cc:2840] T 8af0294ac1e7467da98195130bc37703 P 33b43dabe1b543f39e7ed84247c575e8: Snoozing failure detection for 2.037s (election complete)
I1102 21:39:02.260836 8231 raft_consensus.cc:2646] T 8af0294ac1e7467da98195130bc37703 P 33b43dabe1b543f39e7ed84247c575e8 [term 0 FOLLOWER]: Leader pre-election won for term 1
I1102 21:39:02.260850 8231 raft_consensus.cc:471] T 8af0294ac1e7467da98195130bc37703 P 33b43dabe1b543f39e7ed84247c575e8 [term 0 FOLLOWER]: Starting leader election (no leader contacted us within the election timeout)
I1102 21:39:02.260869 8231 raft_consensus.cc:2840] T 8af0294ac1e7467da98195130bc37703 P 33b43dabe1b543f39e7ed84247c575e8: Snoozing failure detection for 1.559s (starting election)
I1102 21:39:02.260891 8231 raft_consensus.cc:2892] T 8af0294ac1e7467da98195130bc37703 P 33b43dabe1b543f39e7ed84247c575e8 [term 0 FOLLOWER]: Advancing to term 1
I1102 21:39:02.261788 8231 raft_consensus.cc:493] T 8af0294ac1e7467da98195130bc37703 P 33b43dabe1b543f39e7ed84247c575e8 [term 1 FOLLOWER]: Starting leader election with config: opid_index: -1 OBSOLETE_local: false peers { permanent_uuid: "c36abe6b2bdb4e778576473f60926b7b" member_type: VOTER last_known_addr { host: "127.7.150.1" port: 46291 } } peers { permanent_uuid: "e92a2036de454238809663ac303c6ade" member_type: VOTER last_known_addr { host: "127.7.150.2" port: 39313 } } peers { permanent_uuid: "33b43dabe1b543f39e7ed84247c575e8" member_type: VOTER last_known_addr { host: "127.7.150.3" port: 44373 } }
I1102 21:39:02.261989 8231 leader_election.cc:251] T 8af0294ac1e7467da98195130bc37703 P 33b43dabe1b543f39e7ed84247c575e8 [CANDIDATE]: Term 1 election: Requesting vote from peer c36abe6b2bdb4e778576473f60926b7b (127.7.150.1:46291)
I1102 21:39:02.262100 8231 leader_election.cc:251] T 8af0294ac1e7467da98195130bc37703 P 33b43dabe1b543f39e7ed84247c575e8 [CANDIDATE]: Term 1 election: Requesting vote from peer e92a2036de454238809663ac303c6ade (127.7.150.2:39313)
I1102 21:39:02.262594 7920 tablet_service.cc:1001] Received RequestConsensusVote() RPC: tablet_id: "8af0294ac1e7467da98195130bc37703" candidate_uuid: "33b43dabe1b543f39e7ed84247c575e8" candidate_term: 1 candidate_status { last_received { term: 0 index: 0 } } ignore_live_leader: false dest_uuid: "c36abe6b2bdb4e778576473f60926b7b"
I1102 21:39:02.262632 7782 catalog_manager.cc:2958] Scheduling retry of 8af0294ac1e7467da98195130bc37703 (table default.test_table [id=e93179f4d3eb4a26a760d9d76293265f]) Alter Table RPC with a delay of 68 ms (attempt = 3)
I1102 21:39:02.262655 7920 raft_consensus.cc:2892] T 8af0294ac1e7467da98195130bc37703 P c36abe6b2bdb4e778576473f60926b7b [term 0 FOLLOWER]: Advancing to term 1
W1102 21:39:02.262681 7782 catalog_manager.cc:2977] Async tablet task 8af0294ac1e7467da98195130bc37703 (table default.test_table [id=e93179f4d3eb4a26a760d9d76293265f]) Alter Table RPC failed: Not found: failed to reset TS proxy: No leader found: Tablet 8af0294ac1e7467da98195130bc37703 consensus state has no leader
I1102 21:39:02.262688 7920 raft_consensus.cc:2840] T 8af0294ac1e7467da98195130bc37703 P c36abe6b2bdb4e778576473f60926b7b: Snoozing failure detection for 1.933s (vote granted)
I1102 21:39:02.262787 8043 tablet_service.cc:1001] Received RequestConsensusVote() RPC: tablet_id: "8af0294ac1e7467da98195130bc37703" candidate_uuid: "33b43dabe1b543f39e7ed84247c575e8" candidate_term: 1 candidate_status { last_received { term: 0 index: 0 } } ignore_live_leader: false dest_uuid: "e92a2036de454238809663ac303c6ade"
I1102 21:39:02.262848 8043 raft_consensus.cc:2892] T 8af0294ac1e7467da98195130bc37703 P e92a2036de454238809663ac303c6ade [term 0 FOLLOWER]: Advancing to term 1
I1102 21:39:02.262881 8043 raft_consensus.cc:2840] T 8af0294ac1e7467da98195130bc37703 P e92a2036de454238809663ac303c6ade: Snoozing failure detection for 2.170s (vote granted)
I1102 21:39:02.263417 7920 raft_consensus.cc:2352] T 8af0294ac1e7467da98195130bc37703 P c36abe6b2bdb4e778576473f60926b7b [term 1 FOLLOWER]: Leader election vote request: Granting yes vote for candidate 33b43dabe1b543f39e7ed84247c575e8 in term 1.
I1102 21:39:02.263607 8043 raft_consensus.cc:2352] T 8af0294ac1e7467da98195130bc37703 P e92a2036de454238809663ac303c6ade [term 1 FOLLOWER]: Leader election vote request: Granting yes vote for candidate 33b43dabe1b543f39e7ed84247c575e8 in term 1.
I1102 21:39:02.263712 8098 leader_election.cc:387] T 8af0294ac1e7467da98195130bc37703 P 33b43dabe1b543f39e7ed84247c575e8 [CANDIDATE]: Term 1 election: Vote granted by peer c36abe6b2bdb4e778576473f60926b7b (127.7.150.1:46291)
I1102 21:39:02.263759 8098 leader_election.cc:278] T 8af0294ac1e7467da98195130bc37703 P 33b43dabe1b543f39e7ed84247c575e8 [CANDIDATE]: Term 1 election: Election decided. Result: candidate won.
W1102 21:39:02.263816 7964 tablet.cc:1747] T 8af0294ac1e7467da98195130bc37703 P c36abe6b2bdb4e778576473f60926b7b: Can't schedule compaction. Clean time has not been advanced past its initial value.
I1102 21:39:02.263931 8096 leader_election.cc:387] T 8af0294ac1e7467da98195130bc37703 P 33b43dabe1b543f39e7ed84247c575e8 [CANDIDATE]: Term 1 election: Vote granted by peer e92a2036de454238809663ac303c6ade (127.7.150.2:39313)
I1102 21:39:02.263938 8231 raft_consensus.cc:2840] T 8af0294ac1e7467da98195130bc37703 P 33b43dabe1b543f39e7ed84247c575e8: Snoozing failure detection for 2.060s (election complete)
I1102 21:39:02.263998 8231 raft_consensus.cc:2646] T 8af0294ac1e7467da98195130bc37703 P 33b43dabe1b543f39e7ed84247c575e8 [term 1 FOLLOWER]: Leader election won for term 1
I1102 21:39:02.264117 8231 raft_consensus.cc:666] T 8af0294ac1e7467da98195130bc37703 P 33b43dabe1b543f39e7ed84247c575e8 [term 1 LEADER]: Becoming Leader. State: Replica: 33b43dabe1b543f39e7ed84247c575e8, State: Running, Role: LEADER
I1102 21:39:02.264328 8231 consensus_queue.cc:206] T 8af0294ac1e7467da98195130bc37703 P 33b43dabe1b543f39e7ed84247c575e8 [LEADER]: Queue going to LEADER mode. State: All replicated index: 0, Majority replicated index: 0, Committed index: 0, Last appended: 0.0, Last appended by leader: 0, Current term: 1, Majority size: 2, State: 0, Mode: LEADER, active raft config: opid_index: -1 OBSOLETE_local: false peers { permanent_uuid: "c36abe6b2bdb4e778576473f60926b7b" member_type: VOTER last_known_addr { host: "127.7.150.1" port: 46291 } } peers { permanent_uuid: "e92a2036de454238809663ac303c6ade" member_type: VOTER last_known_addr { host: "127.7.150.2" port: 39313 } } peers { permanent_uuid: "33b43dabe1b543f39e7ed84247c575e8" member_type: VOTER last_known_addr { host: "127.7.150.3" port: 44373 } }
I1102 21:39:02.266194 7799 catalog_manager.cc:3778] T 8af0294ac1e7467da98195130bc37703 P 33b43dabe1b543f39e7ed84247c575e8 reported cstate change: term changed from 0 to 1, leader changed from to 33b43dabe1b543f39e7ed84247c575e8 (127.7.150.3). New cstate: current_term: 1 leader_uuid: "33b43dabe1b543f39e7ed84247c575e8" committed_config { opid_index: -1 OBSOLETE_local: false peers { permanent_uuid: "c36abe6b2bdb4e778576473f60926b7b" member_type: VOTER last_known_addr { host: "127.7.150.1" port: 46291 } health_report { overall_health: UNKNOWN } } peers { permanent_uuid: "e92a2036de454238809663ac303c6ade" member_type: VOTER last_known_addr { host: "127.7.150.2" port: 39313 } health_report { overall_health: UNKNOWN } } peers { permanent_uuid: "33b43dabe1b543f39e7ed84247c575e8" member_type: VOTER last_known_addr { host: "127.7.150.3" port: 44373 } health_report { overall_health: HEALTHY } } }
I1102 21:39:02.266291 7799 catalog_manager.cc:3873] TS 33b43dabe1b543f39e7ed84247c575e8 (127.7.150.3:44373) does not have the latest schema for tablet 8af0294ac1e7467da98195130bc37703 (table default.test_table [id=e93179f4d3eb4a26a760d9d76293265f]). Expected version 1 got 0
I1102 21:39:02.270781 8043 raft_consensus.cc:1180] T 8af0294ac1e7467da98195130bc37703 P e92a2036de454238809663ac303c6ade [term 1 FOLLOWER]: Refusing update from remote peer 33b43dabe1b543f39e7ed84247c575e8: Log matching property violated. Preceding OpId in replica: term: 0 index: 0. Preceding OpId from leader: term: 1 index: 2. (index mismatch)
I1102 21:39:02.271076 7920 raft_consensus.cc:1180] T 8af0294ac1e7467da98195130bc37703 P c36abe6b2bdb4e778576473f60926b7b [term 1 FOLLOWER]: Refusing update from remote peer 33b43dabe1b543f39e7ed84247c575e8: Log matching property violated. Preceding OpId in replica: term: 0 index: 0. Preceding OpId from leader: term: 1 index: 2. (index mismatch)
I1102 21:39:02.271390 8263 consensus_queue.cc:976] T 8af0294ac1e7467da98195130bc37703 P 33b43dabe1b543f39e7ed84247c575e8 [LEADER]: Connected to new peer: Peer: permanent_uuid: "e92a2036de454238809663ac303c6ade" member_type: VOTER last_known_addr { host: "127.7.150.2" port: 39313 }, Status: LMP_MISMATCH, Last received: 0.0, Next index: 1, Last known committed idx: 0, Time since last communication: 0.000s
W1102 21:39:02.271546 8209 tablet.cc:1747] T 8af0294ac1e7467da98195130bc37703 P 33b43dabe1b543f39e7ed84247c575e8: Can't schedule compaction. Clean time has not been advanced past its initial value.
I1102 21:39:02.271606 8231 consensus_queue.cc:976] T 8af0294ac1e7467da98195130bc37703 P 33b43dabe1b543f39e7ed84247c575e8 [LEADER]: Connected to new peer: Peer: permanent_uuid: "c36abe6b2bdb4e778576473f60926b7b" member_type: VOTER last_known_addr { host: "127.7.150.1" port: 46291 }, Status: LMP_MISMATCH, Last received: 0.0, Next index: 1, Last known committed idx: 0, Time since last communication: 0.000s
I1102 21:39:02.273847 7799 catalog_manager.cc:3873] TS c36abe6b2bdb4e778576473f60926b7b (127.7.150.1:46291) does not have the latest schema for tablet 8af0294ac1e7467da98195130bc37703 (table default.test_table [id=e93179f4d3eb4a26a760d9d76293265f]). Expected version 1 got 0
I1102 21:39:02.274099 7795 catalog_manager.cc:3873] TS e92a2036de454238809663ac303c6ade (127.7.150.2:39313) does not have the latest schema for tablet 8af0294ac1e7467da98195130bc37703 (table default.test_table [id=e93179f4d3eb4a26a760d9d76293265f]). Expected version 1 got 0
