I1102 21:39:17.086570 9067 catalog_manager.cc:3873] TS e92a2036de454238809663ac303c6ade (127.7.150.2:39313) does not have the latest schema for tablet 5b0eb10d453249ddb5893c3bd83a6752 (table default.test_table [id=e93179f4d3eb4a26a760d9d76293265f]). Expected version 36 got 0
I1102 21:39:17.086628 9750 tablet_bootstrap.cc:438] T f9090285974a41d19310b6a5017793d2 P 33b43dabe1b543f39e7ed84247c575e8: Bootstrap starting.
I1102 21:39:17.086740 9755 raft_consensus.cc:704] T f9090285974a41d19310b6a5017793d2 P c36abe6b2bdb4e778576473f60926b7b [term 0 FOLLOWER]: Becoming Follower/Learner. State: Replica: c36abe6b2bdb4e778576473f60926b7b, State: Initialized, Role: FOLLOWER
I1102 21:39:17.086779 9067 catalog_manager.cc:2958] Scheduling retry of 5b0eb10d453249ddb5893c3bd83a6752 (table default.test_table [id=e93179f4d3eb4a26a760d9d76293265f]) Alter Table RPC with a delay of 50 ms (attempt = 1)
W1102 21:39:17.086879 9067 catalog_manager.cc:3937] Failed to send 5b0eb10d453249ddb5893c3bd83a6752 (table default.test_table [id=e93179f4d3eb4a26a760d9d76293265f]) Alter Table RPC: Not found: failed to reset TS proxy: No leader found: Tablet 5b0eb10d453249ddb5893c3bd83a6752 consensus state has no leader
I1102 21:39:17.086959 9755 consensus_queue.cc:229] T f9090285974a41d19310b6a5017793d2 P c36abe6b2bdb4e778576473f60926b7b [NON_LEADER]: Queue going to NON_LEADER mode. State: All replicated index: 0, Majority replicated index: 0, Committed index: 0, Last appended: 0.0, Last appended by leader: 0, Current term: 0, Majority size: -1, State: 0, Mode: NON_LEADER, active raft config: opid_index: -1 OBSOLETE_local: false peers { permanent_uuid: "33b43dabe1b543f39e7ed84247c575e8" member_type: VOTER last_known_addr { host: "127.7.150.3" port: 44373 } } peers { permanent_uuid: "e92a2036de454238809663ac303c6ade" member_type: VOTER last_known_addr { host: "127.7.150.2" port: 39313 } } peers { permanent_uuid: "c36abe6b2bdb4e778576473f60926b7b" member_type: VOTER last_known_addr { host: "127.7.150.1" port: 46291 } }
I1102 21:39:17.086701 9760 tablet.cc:1262] T 96875be6f1124d25ba150b3bd8ed725f P c36abe6b2bdb4e778576473f60926b7b: Alter schema from ( 10:c429 INT32 NOT NULL, 18:c712 INT32 NULLABLE, 20:c169 INT32 NULLABLE, 22:c865 INT32 NOT NULL, 24:c764 INT32 NULLABLE, 26:c840 INT32 NOT NULL, 30:c592 INT32 NULLABLE, 31:c908 INT32 NOT NULL, 32:c448 INT32 NOT NULL, 33:c996 INT32 NOT NULL, 35:c275 INT32 NOT NULL, PRIMARY KEY (c429) ) version 35 to ( 10:c200 INT32 NOT NULL, 18:c712 INT32 NULLABLE, 20:c169 INT32 NULLABLE, 22:c865 INT32 NOT NULL, 24:c764 INT32 NULLABLE, 26:c840 INT32 NOT NULL, 30:c592 INT32 NULLABLE, 31:c891 INT32 NOT NULL, 32:c121 INT32 NOT NULL, 33:c996 INT32 NOT NULL, 35:c275 INT32 NOT NULL, 36:c864 INT32 NULLABLE, 37:c432 INT32 NOT NULL, PRIMARY KEY (c200) ) version 36
I1102 21:39:17.087529 9760 tablet.cc:1214] T 96875be6f1124d25ba150b3bd8ed725f P c36abe6b2bdb4e778576473f60926b7b: Flush: entering stage 1 (old memrowset already frozen for inserts)
I1102 21:39:17.087554 9760 compaction.cc:926] Selected 1 rowsets to compact:
I1102 21:39:17.087563 9760 compaction.cc:929] memrowset(current size on disk: ~0 bytes)
I1102 21:39:17.087574 9760 tablet.cc:1216] T 96875be6f1124d25ba150b3bd8ed725f P c36abe6b2bdb4e778576473f60926b7b: Memstore in-memory size: 3751 bytes
I1102 21:39:17.087594 9760 tablet.cc:1508] T 96875be6f1124d25ba150b3bd8ed725f P c36abe6b2bdb4e778576473f60926b7b: Flush: entering phase 1 (flushing snapshot). Phase 1 snapshot: MvccSnapshot[committed={T|T < 6312733724866883584}]
I1102 21:39:17.087743 9750 tablet_bootstrap.cc:592] T f9090285974a41d19310b6a5017793d2 P 33b43dabe1b543f39e7ed84247c575e8: No blocks or log segments found. Creating new log.
I1102 21:39:17.087954 9752 tablet_bootstrap.cc:438] T f9090285974a41d19310b6a5017793d2 P e92a2036de454238809663ac303c6ade: No bootstrap required, opened a new log
I1102 21:39:17.088032 9752 ts_tablet_manager.cc:1045] T f9090285974a41d19310b6a5017793d2 P e92a2036de454238809663ac303c6ade: Time spent bootstrapping tablet: real 0.005s user 0.001s sys 0.000s
I1102 21:39:17.088511 9752 raft_consensus.cc:339] T f9090285974a41d19310b6a5017793d2 P e92a2036de454238809663ac303c6ade [term 0 FOLLOWER]: Replica starting. Triggering 0 pending transactions. Active config: opid_index: -1 OBSOLETE_local: false peers { permanent_uuid: "33b43dabe1b543f39e7ed84247c575e8" member_type: VOTER last_known_addr { host: "127.7.150.3" port: 44373 } } peers { permanent_uuid: "e92a2036de454238809663ac303c6ade" member_type: VOTER last_known_addr { host: "127.7.150.2" port: 39313 } } peers { permanent_uuid: "c36abe6b2bdb4e778576473f60926b7b" member_type: VOTER last_known_addr { host: "127.7.150.1" port: 46291 } }
I1102 21:39:17.088554 9752 raft_consensus.cc:365] T f9090285974a41d19310b6a5017793d2 P e92a2036de454238809663ac303c6ade [term 0 FOLLOWER]: Consensus starting up: Expiring failure detector timer to make a prompt election more likely
I1102 21:39:17.088573 9752 raft_consensus.cc:704] T f9090285974a41d19310b6a5017793d2 P e92a2036de454238809663ac303c6ade [term 0 FOLLOWER]: Becoming Follower/Learner. State: Replica: e92a2036de454238809663ac303c6ade, State: Initialized, Role: FOLLOWER
I1102 21:39:17.088716 9752 consensus_queue.cc:229] T f9090285974a41d19310b6a5017793d2 P e92a2036de454238809663ac303c6ade [NON_LEADER]: Queue going to NON_LEADER mode. State: All replicated index: 0, Majority replicated index: 0, Committed index: 0, Last appended: 0.0, Last appended by leader: 0, Current term: 0, Majority size: -1, State: 0, Mode: NON_LEADER, active raft config: opid_index: -1 OBSOLETE_local: false peers { permanent_uuid: "33b43dabe1b543f39e7ed84247c575e8" member_type: VOTER last_known_addr { host: "127.7.150.3" port: 44373 } } peers { permanent_uuid: "e92a2036de454238809663ac303c6ade" member_type: VOTER last_known_addr { host: "127.7.150.2" port: 39313 } } peers { permanent_uuid: "c36abe6b2bdb4e778576473f60926b7b" member_type: VOTER last_known_addr { host: "127.7.150.1" port: 46291 } }
I1102 21:39:17.088994 9752 ts_tablet_manager.cc:1073] T f9090285974a41d19310b6a5017793d2 P e92a2036de454238809663ac303c6ade: Time spent starting tablet: real 0.001s user 0.001s sys 0.000s
I1102 21:39:17.089572 9067 catalog_manager.cc:3873] TS e92a2036de454238809663ac303c6ade (127.7.150.2:39313) does not have the latest schema for tablet f9090285974a41d19310b6a5017793d2 (table default.test_table [id=e93179f4d3eb4a26a760d9d76293265f]). Expected version 36 got 0
I1102 21:39:17.089802 9067 catalog_manager.cc:2958] Scheduling retry of f9090285974a41d19310b6a5017793d2 (table default.test_table [id=e93179f4d3eb4a26a760d9d76293265f]) Alter Table RPC with a delay of 31 ms (attempt = 1)
I1102 21:39:17.090271 9066 catalog_manager.cc:3873] TS c36abe6b2bdb4e778576473f60926b7b (127.7.150.1:46291) does not have the latest schema for tablet f9090285974a41d19310b6a5017793d2 (table default.test_table [id=e93179f4d3eb4a26a760d9d76293265f]). Expected version 36 got 0
I1102 21:39:17.090469 9066 catalog_manager.cc:2958] Scheduling retry of f9090285974a41d19310b6a5017793d2 (table default.test_table [id=e93179f4d3eb4a26a760d9d76293265f]) Alter Table RPC with a delay of 53 ms (attempt = 1)
W1102 21:39:17.090514 9066 catalog_manager.cc:3937] Failed to send f9090285974a41d19310b6a5017793d2 (table default.test_table [id=e93179f4d3eb4a26a760d9d76293265f]) Alter Table RPC: Not found: failed to reset TS proxy: No leader found: Tablet f9090285974a41d19310b6a5017793d2 consensus state has no leader
W1102 21:39:17.090950 9067 catalog_manager.cc:3937] Failed to send f9090285974a41d19310b6a5017793d2 (table default.test_table [id=e93179f4d3eb4a26a760d9d76293265f]) Alter Table RPC: Not found: failed to reset TS proxy: No leader found: Tablet f9090285974a41d19310b6a5017793d2 consensus state has no leader
I1102 21:39:17.093381 9728 tablet.cc:1594] T 22e7d538ba0b4d13baca67b168a47317 P c36abe6b2bdb4e778576473f60926b7b: Flush: entering phase 2 (starting to duplicate updates in new rowsets)
I1102 21:39:17.093649 9728 tablet.cc:1649] T 22e7d538ba0b4d13baca67b168a47317 P c36abe6b2bdb4e778576473f60926b7b: Flush Phase 2: carrying over any updates which arrived during Phase 1
I1102 21:39:17.093683 9728 tablet.cc:1651] T 22e7d538ba0b4d13baca67b168a47317 P c36abe6b2bdb4e778576473f60926b7b: Phase 2 snapshot: MvccSnapshot[committed={T|T < 6312733724865536000}]
I1102 21:39:17.089622 9755 ts_tablet_manager.cc:1073] T f9090285974a41d19310b6a5017793d2 P c36abe6b2bdb4e778576473f60926b7b: Time spent starting tablet: real 0.007s user 0.001s sys 0.000s
I1102 21:39:17.095214 9750 tablet_bootstrap.cc:438] T f9090285974a41d19310b6a5017793d2 P 33b43dabe1b543f39e7ed84247c575e8: No bootstrap required, opened a new log
I1102 21:39:17.095343 9750 ts_tablet_manager.cc:1045] T f9090285974a41d19310b6a5017793d2 P 33b43dabe1b543f39e7ed84247c575e8: Time spent bootstrapping tablet: real 0.009s user 0.002s sys 0.000s
I1102 21:39:17.095906 9750 raft_consensus.cc:339] T f9090285974a41d19310b6a5017793d2 P 33b43dabe1b543f39e7ed84247c575e8 [term 0 FOLLOWER]: Replica starting. Triggering 0 pending transactions. Active config: opid_index: -1 OBSOLETE_local: false peers { permanent_uuid: "33b43dabe1b543f39e7ed84247c575e8" member_type: VOTER last_known_addr { host: "127.7.150.3" port: 44373 } } peers { permanent_uuid: "e92a2036de454238809663ac303c6ade" member_type: VOTER last_known_addr { host: "127.7.150.2" port: 39313 } } peers { permanent_uuid: "c36abe6b2bdb4e778576473f60926b7b" member_type: VOTER last_known_addr { host: "127.7.150.1" port: 46291 } }
I1102 21:39:17.095984 9750 raft_consensus.cc:365] T f9090285974a41d19310b6a5017793d2 P 33b43dabe1b543f39e7ed84247c575e8 [term 0 FOLLOWER]: Consensus starting up: Expiring failure detector timer to make a prompt election more likely
I1102 21:39:17.096036 9750 raft_consensus.cc:704] T f9090285974a41d19310b6a5017793d2 P 33b43dabe1b543f39e7ed84247c575e8 [term 0 FOLLOWER]: Becoming Follower/Learner. State: Replica: 33b43dabe1b543f39e7ed84247c575e8, State: Initialized, Role: FOLLOWER
I1102 21:39:17.096225 9750 consensus_queue.cc:229] T f9090285974a41d19310b6a5017793d2 P 33b43dabe1b543f39e7ed84247c575e8 [NON_LEADER]: Queue going to NON_LEADER mode. State: All replicated index: 0, Majority replicated index: 0, Committed index: 0, Last appended: 0.0, Last appended by leader: 0, Current term: 0, Majority size: -1, State: 0, Mode: NON_LEADER, active raft config: opid_index: -1 OBSOLETE_local: false peers { permanent_uuid: "33b43dabe1b543f39e7ed84247c575e8" member_type: VOTER last_known_addr { host: "127.7.150.3" port: 44373 } } peers { permanent_uuid: "e92a2036de454238809663ac303c6ade" member_type: VOTER last_known_addr { host: "127.7.150.2" port: 39313 } } peers { permanent_uuid: "c36abe6b2bdb4e778576473f60926b7b" member_type: VOTER last_known_addr { host: "127.7.150.1" port: 46291 } }
I1102 21:39:17.096899 9750 ts_tablet_manager.cc:1073] T f9090285974a41d19310b6a5017793d2 P 33b43dabe1b543f39e7ed84247c575e8: Time spent starting tablet: real 0.001s user 0.001s sys 0.000s
I1102 21:39:17.097225 9067 catalog_manager.cc:3873] TS 33b43dabe1b543f39e7ed84247c575e8 (127.7.150.3:44373) does not have the latest schema for tablet f9090285974a41d19310b6a5017793d2 (table default.test_table [id=e93179f4d3eb4a26a760d9d76293265f]). Expected version 36 got 0
I1102 21:39:17.097473 9067 catalog_manager.cc:2958] Scheduling retry of f9090285974a41d19310b6a5017793d2 (table default.test_table [id=e93179f4d3eb4a26a760d9d76293265f]) Alter Table RPC with a delay of 35 ms (attempt = 1)
W1102 21:39:17.097589 9067 catalog_manager.cc:3937] Failed to send f9090285974a41d19310b6a5017793d2 (table default.test_table [id=e93179f4d3eb4a26a760d9d76293265f]) Alter Table RPC: Not found: failed to reset TS proxy: No leader found: Tablet f9090285974a41d19310b6a5017793d2 consensus state has no leader
I1102 21:39:17.098086 9750 ts_tablet_manager.cc:1028] T 5b0eb10d453249ddb5893c3bd83a6752 P 33b43dabe1b543f39e7ed84247c575e8: Bootstrapping tablet
I1102 21:39:17.098851 9067 catalog_manager.cc:3873] TS 33b43dabe1b543f39e7ed84247c575e8 (127.7.150.3:44373) does not have the latest schema for tablet f9090285974a41d19310b6a5017793d2 (table default.test_table [id=e93179f4d3eb4a26a760d9d76293265f]). Expected version 36 got 0
I1102 21:39:17.099050 9067 catalog_manager.cc:2958] Scheduling retry of f9090285974a41d19310b6a5017793d2 (table default.test_table [id=e93179f4d3eb4a26a760d9d76293265f]) Alter Table RPC with a delay of 53 ms (attempt = 1)
W1102 21:39:17.099159 9067 catalog_manager.cc:3937] Failed to send f9090285974a41d19310b6a5017793d2 (table default.test_table [id=e93179f4d3eb4a26a760d9d76293265f]) Alter Table RPC: Not found: failed to reset TS proxy: No leader found: Tablet f9090285974a41d19310b6a5017793d2 consensus state has no leader
I1102 21:39:17.099601 9750 tablet_bootstrap.cc:438] T 5b0eb10d453249ddb5893c3bd83a6752 P 33b43dabe1b543f39e7ed84247c575e8: Bootstrap starting.
I1102 21:39:17.099814 9760 multi_column_writer.cc:98] Opened CFile writers for 13 column(s)
I1102 21:39:17.100080 9728 tablet.cc:1699] T 22e7d538ba0b4d13baca67b168a47317 P c36abe6b2bdb4e778576473f60926b7b: Flush successful on 31 rows (1 rowsets, 6776 bytes)
I1102 21:39:17.102481 9059 catalog_manager.cc:2958] Scheduling retry of f9090285974a41d19310b6a5017793d2 (table default.test_table [id=e93179f4d3eb4a26a760d9d76293265f]) Alter Table RPC with a delay of 69 ms (attempt = 2)
W1102 21:39:17.102520 9059 catalog_manager.cc:2977] Async tablet task f9090285974a41d19310b6a5017793d2 (table default.test_table [id=e93179f4d3eb4a26a760d9d76293265f]) Alter Table RPC failed: Not found: failed to reset TS proxy: No leader found: Tablet f9090285974a41d19310b6a5017793d2 consensus state has no leader
I1102 21:39:17.102768 9735 tablet.cc:1594] T 22e7d538ba0b4d13baca67b168a47317 P e92a2036de454238809663ac303c6ade: Flush: entering phase 2 (starting to duplicate updates in new rowsets)
I1102 21:39:17.103031 9750 tablet_bootstrap.cc:592] T 5b0eb10d453249ddb5893c3bd83a6752 P 33b43dabe1b543f39e7ed84247c575e8: No blocks or log segments found. Creating new log.
I1102 21:39:17.103075 9735 tablet.cc:1649] T 22e7d538ba0b4d13baca67b168a47317 P e92a2036de454238809663ac303c6ade: Flush Phase 2: carrying over any updates which arrived during Phase 1
I1102 21:39:17.103152 9735 tablet.cc:1651] T 22e7d538ba0b4d13baca67b168a47317 P e92a2036de454238809663ac303c6ade: Phase 2 snapshot: MvccSnapshot[committed={T|T < 6312733724865536000}]
I1102 21:39:17.104676 9056 catalog_manager.cc:2958] Scheduling retry of 5b0eb10d453249ddb5893c3bd83a6752 (table default.test_table [id=e93179f4d3eb4a26a760d9d76293265f]) Alter Table RPC with a delay of 44 ms (attempt = 2)
W1102 21:39:17.104714 9056 catalog_manager.cc:2977] Async tablet task 5b0eb10d453249ddb5893c3bd83a6752 (table default.test_table [id=e93179f4d3eb4a26a760d9d76293265f]) Alter Table RPC failed: Not found: failed to reset TS proxy: No leader found: Tablet 5b0eb10d453249ddb5893c3bd83a6752 consensus state has no leader
I1102 21:39:17.105823 9740 tablet.cc:1594] T 96875be6f1124d25ba150b3bd8ed725f P 33b43dabe1b543f39e7ed84247c575e8: Flush: entering phase 2 (starting to duplicate updates in new rowsets)
I1102 21:39:17.106051 9740 tablet.cc:1649] T 96875be6f1124d25ba150b3bd8ed725f P 33b43dabe1b543f39e7ed84247c575e8: Flush Phase 2: carrying over any updates which arrived during Phase 1
I1102 21:39:17.106091 9740 tablet.cc:1651] T 96875be6f1124d25ba150b3bd8ed725f P 33b43dabe1b543f39e7ed84247c575e8: Phase 2 snapshot: MvccSnapshot[committed={T|T < 6312733724866883584}]
I1102 21:39:17.107620 9735 tablet.cc:1699] T 22e7d538ba0b4d13baca67b168a47317 P e92a2036de454238809663ac303c6ade: Flush successful on 31 rows (1 rowsets, 6776 bytes)
I1102 21:39:17.108014 9725 tablet.cc:1594] T 96875be6f1124d25ba150b3bd8ed725f P e92a2036de454238809663ac303c6ade: Flush: entering phase 2 (starting to duplicate updates in new rowsets)
I1102 21:39:17.109932 9057 catalog_manager.cc:2958] Scheduling retry of 5b0eb10d453249ddb5893c3bd83a6752 (table default.test_table [id=e93179f4d3eb4a26a760d9d76293265f]) Alter Table RPC with a delay of 71 ms (attempt = 2)
W1102 21:39:17.109972 9057 catalog_manager.cc:2977] Async tablet task 5b0eb10d453249ddb5893c3bd83a6752 (table default.test_table [id=e93179f4d3eb4a26a760d9d76293265f]) Alter Table RPC failed: Not found: failed to reset TS proxy: No leader found: Tablet 5b0eb10d453249ddb5893c3bd83a6752 consensus state has no leader
I1102 21:39:17.110347 9725 tablet.cc:1649] T 96875be6f1124d25ba150b3bd8ed725f P e92a2036de454238809663ac303c6ade: Flush Phase 2: carrying over any updates which arrived during Phase 1
I1102 21:39:17.110448 9725 tablet.cc:1651] T 96875be6f1124d25ba150b3bd8ed725f P e92a2036de454238809663ac303c6ade: Phase 2 snapshot: MvccSnapshot[committed={T|T < 6312733724866883584}]
I1102 21:39:17.110795 9750 tablet_bootstrap.cc:438] T 5b0eb10d453249ddb5893c3bd83a6752 P 33b43dabe1b543f39e7ed84247c575e8: No bootstrap required, opened a new log
I1102 21:39:17.110910 9750 ts_tablet_manager.cc:1045] T 5b0eb10d453249ddb5893c3bd83a6752 P 33b43dabe1b543f39e7ed84247c575e8: Time spent bootstrapping tablet: real 0.013s user 0.002s sys 0.000s
I1102 21:39:17.111523 9750 raft_consensus.cc:339] T 5b0eb10d453249ddb5893c3bd83a6752 P 33b43dabe1b543f39e7ed84247c575e8 [term 0 FOLLOWER]: Replica starting. Triggering 0 pending transactions. Active config: opid_index: -1 OBSOLETE_local: false peers { permanent_uuid: "33b43dabe1b543f39e7ed84247c575e8" member_type: VOTER last_known_addr { host: "127.7.150.3" port: 44373 } } peers { permanent_uuid: "e92a2036de454238809663ac303c6ade" member_type: VOTER last_known_addr { host: "127.7.150.2" port: 39313 } } peers { permanent_uuid: "c36abe6b2bdb4e778576473f60926b7b" member_type: VOTER last_known_addr { host: "127.7.150.1" port: 46291 } }
I1102 21:39:17.111610 9750 raft_consensus.cc:365] T 5b0eb10d453249ddb5893c3bd83a6752 P 33b43dabe1b543f39e7ed84247c575e8 [term 0 FOLLOWER]: Consensus starting up: Expiring failure detector timer to make a prompt election more likely
I1102 21:39:17.111672 9750 raft_consensus.cc:704] T 5b0eb10d453249ddb5893c3bd83a6752 P 33b43dabe1b543f39e7ed84247c575e8 [term 0 FOLLOWER]: Becoming Follower/Learner. State: Replica: 33b43dabe1b543f39e7ed84247c575e8, State: Initialized, Role: FOLLOWER
I1102 21:39:17.111623 9741 tablet.cc:1594] T 22e7d538ba0b4d13baca67b168a47317 P 33b43dabe1b543f39e7ed84247c575e8: Flush: entering phase 2 (starting to duplicate updates in new rowsets)
I1102 21:39:17.111928 9750 consensus_queue.cc:229] T 5b0eb10d453249ddb5893c3bd83a6752 P 33b43dabe1b543f39e7ed84247c575e8 [NON_LEADER]: Queue going to NON_LEADER mode. State: All replicated index: 0, Majority replicated index: 0, Committed index: 0, Last appended: 0.0, Last appended by leader: 0, Current term: 0, Majority size: -1, State: 0, Mode: NON_LEADER, active raft config: opid_index: -1 OBSOLETE_local: false peers { permanent_uuid: "33b43dabe1b543f39e7ed84247c575e8" member_type: VOTER last_known_addr { host: "127.7.150.3" port: 44373 } } peers { permanent_uuid: "e92a2036de454238809663ac303c6ade" member_type: VOTER last_known_addr { host: "127.7.150.2" port: 39313 } } peers { permanent_uuid: "c36abe6b2bdb4e778576473f60926b7b" member_type: VOTER last_known_addr { host: "127.7.150.1" port: 46291 } }
I1102 21:39:17.112215 9741 tablet.cc:1649] T 22e7d538ba0b4d13baca67b168a47317 P 33b43dabe1b543f39e7ed84247c575e8: Flush Phase 2: carrying over any updates which arrived during Phase 1
I1102 21:39:17.112243 9058 catalog_manager.cc:2958] Scheduling retry of 5b0eb10d453249ddb5893c3bd83a6752 (table default.test_table [id=e93179f4d3eb4a26a760d9d76293265f]) Alter Table RPC with a delay of 74 ms (attempt = 3)
W1102 21:39:17.112277 9058 catalog_manager.cc:2977] Async tablet task 5b0eb10d453249ddb5893c3bd83a6752 (table default.test_table [id=e93179f4d3eb4a26a760d9d76293265f]) Alter Table RPC failed: Not found: failed to reset TS proxy: No leader found: Tablet 5b0eb10d453249ddb5893c3bd83a6752 consensus state has no leader
I1102 21:39:17.112294 9741 tablet.cc:1651] T 22e7d538ba0b4d13baca67b168a47317 P 33b43dabe1b543f39e7ed84247c575e8: Phase 2 snapshot: MvccSnapshot[committed={T|T < 6312733724865536000}]
I1102 21:39:17.113147 9067 catalog_manager.cc:3873] TS 33b43dabe1b543f39e7ed84247c575e8 (127.7.150.3:44373) does not have the latest schema for tablet 5b0eb10d453249ddb5893c3bd83a6752 (table default.test_table [id=e93179f4d3eb4a26a760d9d76293265f]). Expected version 36 got 0
I1102 21:39:17.113373 9067 catalog_manager.cc:2958] Scheduling retry of 5b0eb10d453249ddb5893c3bd83a6752 (table default.test_table [id=e93179f4d3eb4a26a760d9d76293265f]) Alter Table RPC with a delay of 21 ms (attempt = 1)
W1102 21:39:17.113528 9067 catalog_manager.cc:3937] Failed to send 5b0eb10d453249ddb5893c3bd83a6752 (table default.test_table [id=e93179f4d3eb4a26a760d9d76293265f]) Alter Table RPC: Not found: failed to reset TS proxy: No leader found: Tablet 5b0eb10d453249ddb5893c3bd83a6752 consensus state has no leader
I1102 21:39:17.114064 9750 ts_tablet_manager.cc:1073] T 5b0eb10d453249ddb5893c3bd83a6752 P 33b43dabe1b543f39e7ed84247c575e8: Time spent starting tablet: real 0.003s user 0.001s sys 0.000s
I1102 21:39:17.115792 9725 tablet.cc:1699] T 96875be6f1124d25ba150b3bd8ed725f P e92a2036de454238809663ac303c6ade: Flush successful on 28 rows (1 rowsets, 6767 bytes)
I1102 21:39:17.116381 9760 tablet.cc:1594] T 96875be6f1124d25ba150b3bd8ed725f P c36abe6b2bdb4e778576473f60926b7b: Flush: entering phase 2 (starting to duplicate updates in new rowsets)
I1102 21:39:17.118054 9740 tablet.cc:1699] T 96875be6f1124d25ba150b3bd8ed725f P 33b43dabe1b543f39e7ed84247c575e8: Flush successful on 28 rows (1 rowsets, 6767 bytes)
I1102 21:39:17.118368 9760 tablet.cc:1649] T 96875be6f1124d25ba150b3bd8ed725f P c36abe6b2bdb4e778576473f60926b7b: Flush Phase 2: carrying over any updates which arrived during Phase 1
I1102 21:39:17.118590 9760 tablet.cc:1651] T 96875be6f1124d25ba150b3bd8ed725f P c36abe6b2bdb4e778576473f60926b7b: Phase 2 snapshot: MvccSnapshot[committed={T|T < 6312733724866883584}]
I1102 21:39:17.121848 9059 catalog_manager.cc:2958] Scheduling retry of f9090285974a41d19310b6a5017793d2 (table default.test_table [id=e93179f4d3eb4a26a760d9d76293265f]) Alter Table RPC with a delay of 36 ms (attempt = 2)
W1102 21:39:17.121888 9059 catalog_manager.cc:2977] Async tablet task f9090285974a41d19310b6a5017793d2 (table default.test_table [id=e93179f4d3eb4a26a760d9d76293265f]) Alter Table RPC failed: Not found: failed to reset TS proxy: No leader found: Tablet f9090285974a41d19310b6a5017793d2 consensus state has no leader
I1102 21:39:17.123056 9741 tablet.cc:1699] T 22e7d538ba0b4d13baca67b168a47317 P 33b43dabe1b543f39e7ed84247c575e8: Flush successful on 31 rows (1 rowsets, 6776 bytes)
I1102 21:39:17.124749 9760 tablet.cc:1699] T 96875be6f1124d25ba150b3bd8ed725f P c36abe6b2bdb4e778576473f60926b7b: Flush successful on 28 rows (1 rowsets, 6767 bytes)
I1102 21:39:17.133428 9058 catalog_manager.cc:2958] Scheduling retry of f9090285974a41d19310b6a5017793d2 (table default.test_table [id=e93179f4d3eb4a26a760d9d76293265f]) Alter Table RPC with a delay of 43 ms (attempt = 2)
W1102 21:39:17.133472 9058 catalog_manager.cc:2977] Async tablet task f9090285974a41d19310b6a5017793d2 (table default.test_table [id=e93179f4d3eb4a26a760d9d76293265f]) Alter Table RPC failed: Not found: failed to reset TS proxy: No leader found: Tablet f9090285974a41d19310b6a5017793d2 consensus state has no leader
I1102 21:39:17.134461 9059 catalog_manager.cc:2958] Scheduling retry of 5b0eb10d453249ddb5893c3bd83a6752 (table default.test_table [id=e93179f4d3eb4a26a760d9d76293265f]) Alter Table RPC with a delay of 39 ms (attempt = 2)
W1102 21:39:17.134500 9059 catalog_manager.cc:2977] Async tablet task 5b0eb10d453249ddb5893c3bd83a6752 (table default.test_table [id=e93179f4d3eb4a26a760d9d76293265f]) Alter Table RPC failed: Not found: failed to reset TS proxy: No leader found: Tablet 5b0eb10d453249ddb5893c3bd83a6752 consensus state has no leader
I1102 21:39:17.134872 9056 catalog_manager.cc:2958] Scheduling retry of 5b0eb10d453249ddb5893c3bd83a6752 (table default.test_table [id=e93179f4d3eb4a26a760d9d76293265f]) Alter Table RPC with a delay of 61 ms (attempt = 2)
W1102 21:39:17.134907 9056 catalog_manager.cc:2977] Async tablet task 5b0eb10d453249ddb5893c3bd83a6752 (table default.test_table [id=e93179f4d3eb4a26a760d9d76293265f]) Alter Table RPC failed: Not found: failed to reset TS proxy: No leader found: Tablet 5b0eb10d453249ddb5893c3bd83a6752 consensus state has no leader
I1102 21:39:17.137764 9059 catalog_manager.cc:2958] Scheduling retry of 5b0eb10d453249ddb5893c3bd83a6752 (table default.test_table [id=e93179f4d3eb4a26a760d9d76293265f]) Alter Table RPC with a delay of 35 ms (attempt = 2)
W1102 21:39:17.137800 9059 catalog_manager.cc:2977] Async tablet task 5b0eb10d453249ddb5893c3bd83a6752 (table default.test_table [id=e93179f4d3eb4a26a760d9d76293265f]) Alter Table RPC failed: Not found: failed to reset TS proxy: No leader found: Tablet 5b0eb10d453249ddb5893c3bd83a6752 consensus state has no leader
I1102 21:39:17.144567 9057 catalog_manager.cc:2958] Scheduling retry of f9090285974a41d19310b6a5017793d2 (table default.test_table [id=e93179f4d3eb4a26a760d9d76293265f]) Alter Table RPC with a delay of 48 ms (attempt = 2)
W1102 21:39:17.144606 9057 catalog_manager.cc:2977] Async tablet task f9090285974a41d19310b6a5017793d2 (table default.test_table [id=e93179f4d3eb4a26a760d9d76293265f]) Alter Table RPC failed: Not found: failed to reset TS proxy: No leader found: Tablet f9090285974a41d19310b6a5017793d2 consensus state has no leader
I1102 21:39:17.149228 9056 catalog_manager.cc:2958] Scheduling retry of 5b0eb10d453249ddb5893c3bd83a6752 (table default.test_table [id=e93179f4d3eb4a26a760d9d76293265f]) Alter Table RPC with a delay of 106 ms (attempt = 3)
W1102 21:39:17.149269 9056 catalog_manager.cc:2977] Async tablet task 5b0eb10d453249ddb5893c3bd83a6752 (table default.test_table [id=e93179f4d3eb4a26a760d9d76293265f]) Alter Table RPC failed: Not found: failed to reset TS proxy: No leader found: Tablet 5b0eb10d453249ddb5893c3bd83a6752 consensus state has no leader
I1102 21:39:17.151935 9762 raft_consensus.cc:471] T 5b0eb10d453249ddb5893c3bd83a6752 P 33b43dabe1b543f39e7ed84247c575e8 [term 0 FOLLOWER]: Starting pre-election (no leader contacted us within the election timeout)
I1102 21:39:17.151995 9762 raft_consensus.cc:2840] T 5b0eb10d453249ddb5893c3bd83a6752 P 33b43dabe1b543f39e7ed84247c575e8: Snoozing failure detection for 1.879s (starting election)
I1102 21:39:17.152142 9762 raft_consensus.cc:493] T 5b0eb10d453249ddb5893c3bd83a6752 P 33b43dabe1b543f39e7ed84247c575e8 [term 0 FOLLOWER]: Starting pre-election with config: opid_index: -1 OBSOLETE_local: false peers { permanent_uuid: "33b43dabe1b543f39e7ed84247c575e8" member_type: VOTER last_known_addr { host: "127.7.150.3" port: 44373 } } peers { permanent_uuid: "e92a2036de454238809663ac303c6ade" member_type: VOTER last_known_addr { host: "127.7.150.2" port: 39313 } } peers { permanent_uuid: "c36abe6b2bdb4e778576473f60926b7b" member_type: VOTER last_known_addr { host: "127.7.150.1" port: 46291 } }
I1102 21:39:17.152380 9762 leader_election.cc:251] T 5b0eb10d453249ddb5893c3bd83a6752 P 33b43dabe1b543f39e7ed84247c575e8 [CANDIDATE]: Term 1 pre-election: Requesting pre-vote from peer e92a2036de454238809663ac303c6ade (127.7.150.2:39313)
I1102 21:39:17.152534 9762 leader_election.cc:251] T 5b0eb10d453249ddb5893c3bd83a6752 P 33b43dabe1b543f39e7ed84247c575e8 [CANDIDATE]: Term 1 pre-election: Requesting pre-vote from peer c36abe6b2bdb4e778576473f60926b7b (127.7.150.1:46291)
I1102 21:39:17.153156 9272 tablet_service.cc:1001] Received RequestConsensusVote() RPC: tablet_id: "5b0eb10d453249ddb5893c3bd83a6752" candidate_uuid: "33b43dabe1b543f39e7ed84247c575e8" candidate_term: 1 candidate_status { last_received { term: 0 index: 0 } } ignore_live_leader: false dest_uuid: "e92a2036de454238809663ac303c6ade" is_pre_election: true
I1102 21:39:17.153225 9272 raft_consensus.cc:2840] T 5b0eb10d453249ddb5893c3bd83a6752 P e92a2036de454238809663ac303c6ade: Snoozing failure detection for 2.172s (vote granted)
I1102 21:39:17.153260 9272 raft_consensus.cc:2352] T 5b0eb10d453249ddb5893c3bd83a6752 P e92a2036de454238809663ac303c6ade [term 0 FOLLOWER]: Leader pre-election vote request: Granting yes vote for candidate 33b43dabe1b543f39e7ed84247c575e8 in term 0.
I1102 21:39:17.154057 9649 tablet_service.cc:1001] Received RequestConsensusVote() RPC: tablet_id: "5b0eb10d453249ddb5893c3bd83a6752" candidate_uuid: "33b43dabe1b543f39e7ed84247c575e8" candidate_term: 1 candidate_status { last_received { term: 0 index: 0 } } ignore_live_leader: false dest_uuid: "c36abe6b2bdb4e778576473f60926b7b" is_pre_election: true
I1102 21:39:17.154165 9649 raft_consensus.cc:2840] T 5b0eb10d453249ddb5893c3bd83a6752 P c36abe6b2bdb4e778576473f60926b7b: Snoozing failure detection for 1.842s (vote granted)
I1102 21:39:17.154204 9649 raft_consensus.cc:2352] T 5b0eb10d453249ddb5893c3bd83a6752 P c36abe6b2bdb4e778576473f60926b7b [term 0 FOLLOWER]: Leader pre-election vote request: Granting yes vote for candidate 33b43dabe1b543f39e7ed84247c575e8 in term 0.
I1102 21:39:17.154599 8451 leader_election.cc:387] T 5b0eb10d453249ddb5893c3bd83a6752 P 33b43dabe1b543f39e7ed84247c575e8 [CANDIDATE]: Term 1 pre-election: Vote granted by peer e92a2036de454238809663ac303c6ade (127.7.150.2:39313)
I1102 21:39:17.154630 8451 leader_election.cc:278] T 5b0eb10d453249ddb5893c3bd83a6752 P 33b43dabe1b543f39e7ed84247c575e8 [CANDIDATE]: Term 1 pre-election: Election decided. Result: candidate won.
I1102 21:39:17.154989 8453 leader_election.cc:387] T 5b0eb10d453249ddb5893c3bd83a6752 P 33b43dabe1b543f39e7ed84247c575e8 [CANDIDATE]: Term 1 pre-election: Vote granted by peer c36abe6b2bdb4e778576473f60926b7b (127.7.150.1:46291)
I1102 21:39:17.155159 9058 catalog_manager.cc:2958] Scheduling retry of f9090285974a41d19310b6a5017793d2 (table default.test_table [id=e93179f4d3eb4a26a760d9d76293265f]) Alter Table RPC with a delay of 53 ms (attempt = 2)
W1102 21:39:17.155195 9058 catalog_manager.cc:2977] Async tablet task f9090285974a41d19310b6a5017793d2 (table default.test_table [id=e93179f4d3eb4a26a760d9d76293265f]) Alter Table RPC failed: Not found: failed to reset TS proxy: No leader found: Tablet f9090285974a41d19310b6a5017793d2 consensus state has no leader
I1102 21:39:17.155325 9762 raft_consensus.cc:2840] T 5b0eb10d453249ddb5893c3bd83a6752 P 33b43dabe1b543f39e7ed84247c575e8: Snoozing failure detection for 1.567s (election complete)
I1102 21:39:17.155364 9762 raft_consensus.cc:2646] T 5b0eb10d453249ddb5893c3bd83a6752 P 33b43dabe1b543f39e7ed84247c575e8 [term 0 FOLLOWER]: Leader pre-election won for term 1
I1102 21:39:17.155385 9762 raft_consensus.cc:471] T 5b0eb10d453249ddb5893c3bd83a6752 P 33b43dabe1b543f39e7ed84247c575e8 [term 0 FOLLOWER]: Starting leader election (no leader contacted us within the election timeout)
I1102 21:39:17.155441 9762 raft_consensus.cc:2840] T 5b0eb10d453249ddb5893c3bd83a6752 P 33b43dabe1b543f39e7ed84247c575e8: Snoozing failure detection for 1.884s (starting election)
I1102 21:39:17.155472 9762 raft_consensus.cc:2892] T 5b0eb10d453249ddb5893c3bd83a6752 P 33b43dabe1b543f39e7ed84247c575e8 [term 0 FOLLOWER]: Advancing to term 1
I1102 21:39:17.156924 9762 raft_consensus.cc:493] T 5b0eb10d453249ddb5893c3bd83a6752 P 33b43dabe1b543f39e7ed84247c575e8 [term 1 FOLLOWER]: Starting leader election with config: opid_index: -1 OBSOLETE_local: false peers { permanent_uuid: "33b43dabe1b543f39e7ed84247c575e8" member_type: VOTER last_known_addr { host: "127.7.150.3" port: 44373 } } peers { permanent_uuid: "e92a2036de454238809663ac303c6ade" member_type: VOTER last_known_addr { host: "127.7.150.2" port: 39313 } } peers { permanent_uuid: "c36abe6b2bdb4e778576473f60926b7b" member_type: VOTER last_known_addr { host: "127.7.150.1" port: 46291 } }
I1102 21:39:17.157078 9762 leader_election.cc:251] T 5b0eb10d453249ddb5893c3bd83a6752 P 33b43dabe1b543f39e7ed84247c575e8 [CANDIDATE]: Term 1 election: Requesting vote from peer e92a2036de454238809663ac303c6ade (127.7.150.2:39313)
I1102 21:39:17.157164 9762 leader_election.cc:251] T 5b0eb10d453249ddb5893c3bd83a6752 P 33b43dabe1b543f39e7ed84247c575e8 [CANDIDATE]: Term 1 election: Requesting vote from peer c36abe6b2bdb4e778576473f60926b7b (127.7.150.1:46291)
I1102 21:39:17.157734 9272 tablet_service.cc:1001] Received RequestConsensusVote() RPC: tablet_id: "5b0eb10d453249ddb5893c3bd83a6752" candidate_uuid: "33b43dabe1b543f39e7ed84247c575e8" candidate_term: 1 candidate_status { last_received { term: 0 index: 0 } } ignore_live_leader: false dest_uuid: "e92a2036de454238809663ac303c6ade"
I1102 21:39:17.157795 9272 raft_consensus.cc:2892] T 5b0eb10d453249ddb5893c3bd83a6752 P e92a2036de454238809663ac303c6ade [term 0 FOLLOWER]: Advancing to term 1
I1102 21:39:17.157831 9272 raft_consensus.cc:2840] T 5b0eb10d453249ddb5893c3bd83a6752 P e92a2036de454238809663ac303c6ade: Snoozing failure detection for 2.083s (vote granted)
I1102 21:39:17.158254 9059 catalog_manager.cc:2958] Scheduling retry of f9090285974a41d19310b6a5017793d2 (table default.test_table [id=e93179f4d3eb4a26a760d9d76293265f]) Alter Table RPC with a delay of 86 ms (attempt = 3)
W1102 21:39:17.158290 9059 catalog_manager.cc:2977] Async tablet task f9090285974a41d19310b6a5017793d2 (table default.test_table [id=e93179f4d3eb4a26a760d9d76293265f]) Alter Table RPC failed: Not found: failed to reset TS proxy: No leader found: Tablet f9090285974a41d19310b6a5017793d2 consensus state has no leader
I1102 21:39:17.158761 9649 tablet_service.cc:1001] Received RequestConsensusVote() RPC: tablet_id: "5b0eb10d453249ddb5893c3bd83a6752" candidate_uuid: "33b43dabe1b543f39e7ed84247c575e8" candidate_term: 1 candidate_status { last_received { term: 0 index: 0 } } ignore_live_leader: false dest_uuid: "c36abe6b2bdb4e778576473f60926b7b"
I1102 21:39:17.158808 9649 raft_consensus.cc:2892] T 5b0eb10d453249ddb5893c3bd83a6752 P c36abe6b2bdb4e778576473f60926b7b [term 0 FOLLOWER]: Advancing to term 1
I1102 21:39:17.158843 9649 raft_consensus.cc:2840] T 5b0eb10d453249ddb5893c3bd83a6752 P c36abe6b2bdb4e778576473f60926b7b: Snoozing failure detection for 2.119s (vote granted)
I1102 21:39:17.159832 9649 raft_consensus.cc:2352] T 5b0eb10d453249ddb5893c3bd83a6752 P c36abe6b2bdb4e778576473f60926b7b [term 1 FOLLOWER]: Leader election vote request: Granting yes vote for candidate 33b43dabe1b543f39e7ed84247c575e8 in term 1.
I1102 21:39:17.160181 8453 leader_election.cc:387] T 5b0eb10d453249ddb5893c3bd83a6752 P 33b43dabe1b543f39e7ed84247c575e8 [CANDIDATE]: Term 1 election: Vote granted by peer c36abe6b2bdb4e778576473f60926b7b (127.7.150.1:46291)
I1102 21:39:17.160212 8453 leader_election.cc:278] T 5b0eb10d453249ddb5893c3bd83a6752 P 33b43dabe1b543f39e7ed84247c575e8 [CANDIDATE]: Term 1 election: Election decided. Result: candidate won.
I1102 21:39:17.161140 9272 raft_consensus.cc:2352] T 5b0eb10d453249ddb5893c3bd83a6752 P e92a2036de454238809663ac303c6ade [term 1 FOLLOWER]: Leader election vote request: Granting yes vote for candidate 33b43dabe1b543f39e7ed84247c575e8 in term 1.
I1102 21:39:17.161847 8451 leader_election.cc:387] T 5b0eb10d453249ddb5893c3bd83a6752 P 33b43dabe1b543f39e7ed84247c575e8 [CANDIDATE]: Term 1 election: Vote granted by peer e92a2036de454238809663ac303c6ade (127.7.150.2:39313)
I1102 21:39:17.162729 9762 raft_consensus.cc:2840] T 5b0eb10d453249ddb5893c3bd83a6752 P 33b43dabe1b543f39e7ed84247c575e8: Snoozing failure detection for 2.238s (election complete)
I1102 21:39:17.162784 9762 raft_consensus.cc:2646] T 5b0eb10d453249ddb5893c3bd83a6752 P 33b43dabe1b543f39e7ed84247c575e8 [term 1 FOLLOWER]: Leader election won for term 1
I1102 21:39:17.162917 9762 raft_consensus.cc:666] T 5b0eb10d453249ddb5893c3bd83a6752 P 33b43dabe1b543f39e7ed84247c575e8 [term 1 LEADER]: Becoming Leader. State: Replica: 33b43dabe1b543f39e7ed84247c575e8, State: Running, Role: LEADER
I1102 21:39:17.163115 9762 consensus_queue.cc:206] T 5b0eb10d453249ddb5893c3bd83a6752 P 33b43dabe1b543f39e7ed84247c575e8 [LEADER]: Queue going to LEADER mode. State: All replicated index: 0, Majority replicated index: 0, Committed index: 0, Last appended: 0.0, Last appended by leader: 0, Current term: 1, Majority size: 2, State: 0, Mode: LEADER, active raft config: opid_index: -1 OBSOLETE_local: false peers { permanent_uuid: "33b43dabe1b543f39e7ed84247c575e8" member_type: VOTER last_known_addr { host: "127.7.150.3" port: 44373 } } peers { permanent_uuid: "e92a2036de454238809663ac303c6ade" member_type: VOTER last_known_addr { host: "127.7.150.2" port: 39313 } } peers { permanent_uuid: "c36abe6b2bdb4e778576473f60926b7b" member_type: VOTER last_known_addr { host: "127.7.150.1" port: 46291 } }
I1102 21:39:17.164872 9066 catalog_manager.cc:3778] T 5b0eb10d453249ddb5893c3bd83a6752 P 33b43dabe1b543f39e7ed84247c575e8 reported cstate change: term changed from 0 to 1, leader changed from to 33b43dabe1b543f39e7ed84247c575e8 (127.7.150.3). New cstate: current_term: 1 leader_uuid: "33b43dabe1b543f39e7ed84247c575e8" committed_config { opid_index: -1 OBSOLETE_local: false peers { permanent_uuid: "33b43dabe1b543f39e7ed84247c575e8" member_type: VOTER last_known_addr { host: "127.7.150.3" port: 44373 } health_report { overall_health: HEALTHY } } peers { permanent_uuid: "e92a2036de454238809663ac303c6ade" member_type: VOTER last_known_addr { host: "127.7.150.2" port: 39313 } health_report { overall_health: UNKNOWN } } peers { permanent_uuid: "c36abe6b2bdb4e778576473f60926b7b" member_type: VOTER last_known_addr { host: "127.7.150.1" port: 46291 } health_report { overall_health: UNKNOWN } } }
I1102 21:39:17.164975 9066 catalog_manager.cc:3873] TS 33b43dabe1b543f39e7ed84247c575e8 (127.7.150.3:44373) does not have the latest schema for tablet 5b0eb10d453249ddb5893c3bd83a6752 (table default.test_table [id=e93179f4d3eb4a26a760d9d76293265f]). Expected version 36 got 0
I1102 21:39:17.169391 9649 raft_consensus.cc:1180] T 5b0eb10d453249ddb5893c3bd83a6752 P c36abe6b2bdb4e778576473f60926b7b [term 1 FOLLOWER]: Refusing update from remote peer 33b43dabe1b543f39e7ed84247c575e8: Log matching property violated. Preceding OpId in replica: term: 0 index: 0. Preceding OpId from leader: term: 1 index: 2. (index mismatch)
I1102 21:39:17.169993 9762 consensus_queue.cc:976] T 5b0eb10d453249ddb5893c3bd83a6752 P 33b43dabe1b543f39e7ed84247c575e8 [LEADER]: Connected to new peer: Peer: permanent_uuid: "c36abe6b2bdb4e778576473f60926b7b" member_type: VOTER last_known_addr { host: "127.7.150.1" port: 46291 }, Status: LMP_MISMATCH, Last received: 0.0, Next index: 1, Last known committed idx: 0, Time since last communication: 0.000s
I1102 21:39:17.171028 9272 raft_consensus.cc:1180] T 5b0eb10d453249ddb5893c3bd83a6752 P e92a2036de454238809663ac303c6ade [term 1 FOLLOWER]: Refusing update from remote peer 33b43dabe1b543f39e7ed84247c575e8: Log matching property violated. Preceding OpId in replica: term: 0 index: 0. Preceding OpId from leader: term: 1 index: 2. (index mismatch)
I1102 21:39:17.171614 9762 consensus_queue.cc:976] T 5b0eb10d453249ddb5893c3bd83a6752 P 33b43dabe1b543f39e7ed84247c575e8 [LEADER]: Connected to new peer: Peer: permanent_uuid: "e92a2036de454238809663ac303c6ade" member_type: VOTER last_known_addr { host: "127.7.150.2" port: 39313 }, Status: LMP_MISMATCH, Last received: 0.0, Next index: 1, Last known committed idx: 0, Time since last communication: 0.000s
I1102 21:39:17.172019 9059 catalog_manager.cc:2958] Scheduling retry of f9090285974a41d19310b6a5017793d2 (table default.test_table [id=e93179f4d3eb4a26a760d9d76293265f]) Alter Table RPC with a delay of 69 ms (attempt = 3)
W1102 21:39:17.172056 9059 catalog_manager.cc:2977] Async tablet task f9090285974a41d19310b6a5017793d2 (table default.test_table [id=e93179f4d3eb4a26a760d9d76293265f]) Alter Table RPC failed: Not found: failed to reset TS proxy: No leader found: Tablet f9090285974a41d19310b6a5017793d2 consensus state has no leader
I1102 21:39:17.172647 9066 catalog_manager.cc:3873] TS c36abe6b2bdb4e778576473f60926b7b (127.7.150.1:46291) does not have the latest schema for tablet 5b0eb10d453249ddb5893c3bd83a6752 (table default.test_table [id=e93179f4d3eb4a26a760d9d76293265f]). Expected version 36 got 0
I1102 21:39:17.175674 9066 catalog_manager.cc:3873] TS e92a2036de454238809663ac303c6ade (127.7.150.2:39313) does not have the latest schema for tablet 5b0eb10d453249ddb5893c3bd83a6752 (table default.test_table [id=e93179f4d3eb4a26a760d9d76293265f]). Expected version 36 got 0
I1102 21:39:17.176676 9725 tablet.cc:1262] T 5b0eb10d453249ddb5893c3bd83a6752 P e92a2036de454238809663ac303c6ade: Alter schema from ( 10:c200 INT32 NOT NULL, 18:c712 INT32 NULLABLE, 20:c169 INT32 NULLABLE, 22:c865 INT32 NOT NULL, 24:c764 INT32 NULLABLE, 26:c840 INT32 NOT NULL, 30:c592 INT32 NULLABLE, 31:c891 INT32 NOT NULL, 32:c121 INT32 NOT NULL, 33:c996 INT32 NOT NULL, 35:c275 INT32 NOT NULL, 36:c864 INT32 NULLABLE, 37:c432 INT32 NOT NULL, PRIMARY KEY (c200) ) version 0 to ( 10:c200 INT32 NOT NULL, 18:c712 INT32 NULLABLE, 20:c169 INT32 NULLABLE, 22:c865 INT32 NOT NULL, 24:c764 INT32 NULLABLE, 26:c840 INT32 NOT NULL, 30:c592 INT32 NULLABLE, 31:c891 INT32 NOT NULL, 32:c121 INT32 NOT NULL, 33:c996 INT32 NOT NULL, 35:c275 INT32 NOT NULL, 36:c864 INT32 NULLABLE, 37:c432 INT32 NOT NULL, PRIMARY KEY (c200) ) version 36
I1102 21:39:17.177063 9058 catalog_manager.cc:2958] Scheduling retry of f9090285974a41d19310b6a5017793d2 (table default.test_table [id=e93179f4d3eb4a26a760d9d76293265f]) Alter Table RPC with a delay of 107 ms (attempt = 3)
W1102 21:39:17.177098 9058 catalog_manager.cc:2977] Async tablet task f9090285974a41d19310b6a5017793d2 (table default.test_table [id=e93179f4d3eb4a26a760d9d76293265f]) Alter Table RPC failed: Not found: failed to reset TS proxy: No leader found: Tablet f9090285974a41d19310b6a5017793d2 consensus state has no leader
I1102 21:39:17.177197 9741 tablet.cc:1262] T 5b0eb10d453249ddb5893c3bd83a6752 P 33b43dabe1b543f39e7ed84247c575e8: Alter schema from ( 10:c200 INT32 NOT NULL, 18:c712 INT32 NULLABLE, 20:c169 INT32 NULLABLE, 22:c865 INT32 NOT NULL, 24:c764 INT32 NULLABLE, 26:c840 INT32 NOT NULL, 30:c592 INT32 NULLABLE, 31:c891 INT32 NOT NULL, 32:c121 INT32 NOT NULL, 33:c996 INT32 NOT NULL, 35:c275 INT32 NOT NULL, 36:c864 INT32 NULLABLE, 37:c432 INT32 NOT NULL, PRIMARY KEY (c200) ) version 0 to ( 10:c200 INT32 NOT NULL, 18:c712 INT32 NULLABLE, 20:c169 INT32 NULLABLE, 22:c865 INT32 NOT NULL, 24:c764 INT32 NULLABLE, 26:c840 INT32 NOT NULL, 30:c592 INT32 NULLABLE, 31:c891 INT32 NOT NULL, 32:c121 INT32 NOT NULL, 33:c996 INT32 NOT NULL, 35:c275 INT32 NOT NULL, 36:c864 INT32 NULLABLE, 37:c432 INT32 NOT NULL, PRIMARY KEY (c200) ) version 36
I1102 21:39:17.179848 9066 catalog_manager.cc:3873] TS e92a2036de454238809663ac303c6ade (127.7.150.2:39313) does not have the latest schema for tablet 5b0eb10d453249ddb5893c3bd83a6752 (table default.test_table [id=e93179f4d3eb4a26a760d9d76293265f]). Expected version 36 got 0
I1102 21:39:17.188586 9723 mvcc.cc:203] Tried to move safe_time back from 6312733725362544640 to 6312733725342015488. Current Snapshot: MvccSnapshot[committed={T|T < 6312733725362544640}]
I1102 21:39:17.189469 9760 tablet.cc:1262] T 5b0eb10d453249ddb5893c3bd83a6752 P c36abe6b2bdb4e778576473f60926b7b: Alter schema from ( 10:c200 INT32 NOT NULL, 18:c712 INT32 NULLABLE, 20:c169 INT32 NULLABLE, 22:c865 INT32 NOT NULL, 24:c764 INT32 NULLABLE, 26:c840 INT32 NOT NULL, 30:c592 INT32 NULLABLE, 31:c891 INT32 NOT NULL, 32:c121 INT32 NOT NULL, 33:c996 INT32 NOT NULL, 35:c275 INT32 NOT NULL, 36:c864 INT32 NULLABLE, 37:c432 INT32 NOT NULL, PRIMARY KEY (c200) ) version 0 to ( 10:c200 INT32 NOT NULL, 18:c712 INT32 NULLABLE, 20:c169 INT32 NULLABLE, 22:c865 INT32 NOT NULL, 24:c764 INT32 NULLABLE, 26:c840 INT32 NOT NULL, 30:c592 INT32 NULLABLE, 31:c891 INT32 NOT NULL, 32:c121 INT32 NOT NULL, 33:c996 INT32 NOT NULL, 35:c275 INT32 NOT NULL, 36:c864 INT32 NULLABLE, 37:c432 INT32 NOT NULL, PRIMARY KEY (c200) ) version 36
I1102 21:39:17.189746 9066 catalog_manager.cc:3873] TS c36abe6b2bdb4e778576473f60926b7b (127.7.150.1:46291) does not have the latest schema for tablet 5b0eb10d453249ddb5893c3bd83a6752 (table default.test_table [id=e93179f4d3eb4a26a760d9d76293265f]). Expected version 36 got 0
I1102 21:39:17.191072 9726 raft_consensus.cc:471] T f9090285974a41d19310b6a5017793d2 P e92a2036de454238809663ac303c6ade [term 0 FOLLOWER]: Starting pre-election (no leader contacted us within the election timeout)
I1102 21:39:17.191128 9726 raft_consensus.cc:2840] T f9090285974a41d19310b6a5017793d2 P e92a2036de454238809663ac303c6ade: Snoozing failure detection for 2.055s (starting election)
I1102 21:39:17.191267 9726 raft_consensus.cc:493] T f9090285974a41d19310b6a5017793d2 P e92a2036de454238809663ac303c6ade [term 0 FOLLOWER]: Starting pre-election with config: opid_index: -1 OBSOLETE_local: false peers { permanent_uuid: "33b43dabe1b543f39e7ed84247c575e8" member_type: VOTER last_known_addr { host: "127.7.150.3" port: 44373 } } peers { permanent_uuid: "e92a2036de454238809663ac303c6ade" member_type: VOTER last_known_addr { host: "127.7.150.2" port: 39313 } } peers { permanent_uuid: "c36abe6b2bdb4e778576473f60926b7b" member_type: VOTER last_known_addr { host: "127.7.150.1" port: 46291 } }
I1102 21:39:17.191521 9726 leader_election.cc:251] T f9090285974a41d19310b6a5017793d2 P e92a2036de454238809663ac303c6ade [CANDIDATE]: Term 1 pre-election: Requesting pre-vote from peer 33b43dabe1b543f39e7ed84247c575e8 (127.7.150.3:44373)
I1102 21:39:17.191643 9726 leader_election.cc:251] T f9090285974a41d19310b6a5017793d2 P e92a2036de454238809663ac303c6ade [CANDIDATE]: Term 1 pre-election: Requesting pre-vote from peer c36abe6b2bdb4e778576473f60926b7b (127.7.150.1:46291)
W1102 21:39:17.191993 9693 tablet.cc:1747] T f9090285974a41d19310b6a5017793d2 P c36abe6b2bdb4e778576473f60926b7b: Can't schedule compaction. Clean time has not been advanced past its initial value.
I1102 21:39:17.192248 9693 maintenance_manager.cc:304] P c36abe6b2bdb4e778576473f60926b7b: Scheduling UndoDeltaBlockGCOp(96875be6f1124d25ba150b3bd8ed725f): 800 bytes on disk
I1102 21:39:17.192800 9586 maintenance_manager.cc:494] P c36abe6b2bdb4e778576473f60926b7b: UndoDeltaBlockGCOp(96875be6f1124d25ba150b3bd8ed725f) complete. Timing: real 0.000s user 0.000s sys 0.000s Metrics: {"cfile_init":1,"lbm_read_time_us":75,"lbm_reads_lt_1ms":4}
I1102 21:39:17.192864 8521 tablet_service.cc:1001] Received RequestConsensusVote() RPC: tablet_id: "f9090285974a41d19310b6a5017793d2" candidate_uuid: "e92a2036de454238809663ac303c6ade" candidate_term: 1 candidate_status { last_received { term: 0 index: 0 } } ignore_live_leader: false dest_uuid: "33b43dabe1b543f39e7ed84247c575e8" is_pre_election: true
I1102 21:39:17.192917 8521 raft_consensus.cc:2840] T f9090285974a41d19310b6a5017793d2 P 33b43dabe1b543f39e7ed84247c575e8: Snoozing failure detection for 1.770s (vote granted)
I1102 21:39:17.192948 8521 raft_consensus.cc:2352] T f9090285974a41d19310b6a5017793d2 P 33b43dabe1b543f39e7ed84247c575e8 [term 0 FOLLOWER]: Leader pre-election vote request: Granting yes vote for candidate e92a2036de454238809663ac303c6ade in term 0.
I1102 21:39:17.193025 9693 maintenance_manager.cc:304] P c36abe6b2bdb4e778576473f60926b7b: Scheduling UndoDeltaBlockGCOp(22e7d538ba0b4d13baca67b168a47317): 715 bytes on disk
I1102 21:39:17.193431 9586 maintenance_manager.cc:494] P c36abe6b2bdb4e778576473f60926b7b: UndoDeltaBlockGCOp(22e7d538ba0b4d13baca67b168a47317) complete. Timing: real 0.000s user 0.000s sys 0.000s Metrics: {"cfile_init":1,"lbm_read_time_us":58,"lbm_reads_lt_1ms":4}
I1102 21:39:17.193431 9205 leader_election.cc:387] T f9090285974a41d19310b6a5017793d2 P e92a2036de454238809663ac303c6ade [CANDIDATE]: Term 1 pre-election: Vote granted by peer 33b43dabe1b543f39e7ed84247c575e8 (127.7.150.3:44373)
I1102 21:39:17.193464 9205 leader_election.cc:278] T f9090285974a41d19310b6a5017793d2 P e92a2036de454238809663ac303c6ade [CANDIDATE]: Term 1 pre-election: Election decided. Result: candidate won.
I1102 21:39:17.193614 9057 catalog_manager.cc:2958] Scheduling retry of f9090285974a41d19310b6a5017793d2 (table default.test_table [id=e93179f4d3eb4a26a760d9d76293265f]) Alter Table RPC with a delay of 93 ms (attempt = 3)
W1102 21:39:17.193644 9057 catalog_manager.cc:2977] Async tablet task f9090285974a41d19310b6a5017793d2 (table default.test_table [id=e93179f4d3eb4a26a760d9d76293265f]) Alter Table RPC failed: Not found: failed to reset TS proxy: No leader found: Tablet f9090285974a41d19310b6a5017793d2 consensus state has no leader
I1102 21:39:17.193850 9726 raft_consensus.cc:2840] T f9090285974a41d19310b6a5017793d2 P e92a2036de454238809663ac303c6ade: Snoozing failure detection for 2.129s (election complete)
I1102 21:39:17.193887 9726 raft_consensus.cc:2646] T f9090285974a41d19310b6a5017793d2 P e92a2036de454238809663ac303c6ade [term 0 FOLLOWER]: Leader pre-election won for term 1
I1102 21:39:17.193904 9726 raft_consensus.cc:471] T f9090285974a41d19310b6a5017793d2 P e92a2036de454238809663ac303c6ade [term 0 FOLLOWER]: Starting leader election (no leader contacted us within the election timeout)
I1102 21:39:17.193920 9726 raft_consensus.cc:2840] T f9090285974a41d19310b6a5017793d2 P e92a2036de454238809663ac303c6ade: Snoozing failure detection for 1.694s (starting election)
I1102 21:39:17.193935 9726 raft_consensus.cc:2892] T f9090285974a41d19310b6a5017793d2 P e92a2036de454238809663ac303c6ade [term 0 FOLLOWER]: Advancing to term 1
I1102 21:39:17.194643 9649 tablet_service.cc:1001] Received RequestConsensusVote() RPC: tablet_id: "f9090285974a41d19310b6a5017793d2" candidate_uuid: "e92a2036de454238809663ac303c6ade" candidate_term: 1 candidate_status { last_received { term: 0 index: 0 } } ignore_live_leader: false dest_uuid: "c36abe6b2bdb4e778576473f60926b7b" is_pre_election: true
I1102 21:39:17.194699 9649 raft_consensus.cc:2840] T f9090285974a41d19310b6a5017793d2 P c36abe6b2bdb4e778576473f60926b7b: Snoozing failure detection for 1.990s (vote granted)
