I1017 23:33:44.196646 19839 tablet_service.cc:1001] Received RequestConsensusVote() RPC: tablet_id: "9b4b2dea960941bcb38197b51c55baf4" candidate_uuid: "1ad000b8f6704a80bc4330f4e0c41996" candidate_term: 36 candidate_status { last_received { term: 34 index: 146 } } ignore_live_leader: false dest_uuid: "b01d528fd3c74eb5b42b8d4888591ed2" is_pre_election: true
I1017 23:33:44.196791 19839 raft_consensus.cc:2840] T 9b4b2dea960941bcb38197b51c55baf4 P b01d528fd3c74eb5b42b8d4888591ed2: Snoozing failure detection for 4.907s (vote granted)
I1017 23:33:44.196866 19839 raft_consensus.cc:2352] T 9b4b2dea960941bcb38197b51c55baf4 P b01d528fd3c74eb5b42b8d4888591ed2 [term 35 FOLLOWER]: Leader pre-election vote request: Granting yes vote for candidate 1ad000b8f6704a80bc4330f4e0c41996 in term 35.
I1017 23:33:44.197279 19893 leader_election.cc:401] T 9b4b2dea960941bcb38197b51c55baf4 P 1ad000b8f6704a80bc4330f4e0c41996 [CANDIDATE]: Term 36 pre-election: Vote denied by peer 0ecfe08279804cb0888b118fc4f87243 (127.18.62.193:39726). Message: Invalid argument: T 9b4b2dea960941bcb38197b51c55baf4 P 0ecfe08279804cb0888b118fc4f87243 [term 36 FOLLOWER]: Leader pre-election vote request: Denying vote to candidate 1ad000b8f6704a80bc4330f4e0c41996 for term 36 because replica has last-logged OpId of term: 35 index: 147, which is greater than that of the candidate, which has last-logged OpId of term: 34 index: 146.
I1017 23:33:44.197520 19893 leader_election.cc:387] T 9b4b2dea960941bcb38197b51c55baf4 P 1ad000b8f6704a80bc4330f4e0c41996 [CANDIDATE]: Term 36 pre-election: Vote granted by peer b01d528fd3c74eb5b42b8d4888591ed2 (127.18.62.194:38185)
I1017 23:33:44.197582 19893 leader_election.cc:278] T 9b4b2dea960941bcb38197b51c55baf4 P 1ad000b8f6704a80bc4330f4e0c41996 [CANDIDATE]: Term 36 pre-election: Election decided. Result: candidate won.
I1017 23:33:44.197782 21551 raft_consensus.cc:2840] T 9b4b2dea960941bcb38197b51c55baf4 P 1ad000b8f6704a80bc4330f4e0c41996: Snoozing failure detection for 2.248s (election complete)
I1017 23:33:44.197876 21551 raft_consensus.cc:2646] T 9b4b2dea960941bcb38197b51c55baf4 P 1ad000b8f6704a80bc4330f4e0c41996 [term 35 FOLLOWER]: Leader pre-election won for term 36
I1017 23:33:44.197923 21551 raft_consensus.cc:471] T 9b4b2dea960941bcb38197b51c55baf4 P 1ad000b8f6704a80bc4330f4e0c41996 [term 35 FOLLOWER]: Starting leader election (no leader contacted us within the election timeout)
I1017 23:33:44.197983 21551 raft_consensus.cc:2840] T 9b4b2dea960941bcb38197b51c55baf4 P 1ad000b8f6704a80bc4330f4e0c41996: Snoozing failure detection for 1.875s (starting election)
I1017 23:33:44.198041 21551 raft_consensus.cc:2892] T 9b4b2dea960941bcb38197b51c55baf4 P 1ad000b8f6704a80bc4330f4e0c41996 [term 35 FOLLOWER]: Advancing to term 36
I1017 23:33:44.199044 19711 tablet_service.cc:1146] Received LeaderStepDown RPC: tablet_id: "9b4b2dea960941bcb38197b51c55baf4" dest_uuid: "0ecfe08279804cb0888b118fc4f87243" mode: GRACEFUL from {username='jenkins'} at 127.18.62.193:35418
I1017 23:33:44.199162 19711 raft_consensus.cc:583] T 9b4b2dea960941bcb38197b51c55baf4 P 0ecfe08279804cb0888b118fc4f87243 [term 36 FOLLOWER]: Received request to transfer leadership
I1017 23:33:44.199204 19711 raft_consensus.cc:591] T 9b4b2dea960941bcb38197b51c55baf4 P 0ecfe08279804cb0888b118fc4f87243 [term 36 FOLLOWER]: Rejecting request to transer leadership while not leader
I1017 23:33:44.200314 21551 raft_consensus.cc:493] T 9b4b2dea960941bcb38197b51c55baf4 P 1ad000b8f6704a80bc4330f4e0c41996 [term 36 FOLLOWER]: Starting leader election with config: opid_index: -1 OBSOLETE_local: false peers { permanent_uuid: "0ecfe08279804cb0888b118fc4f87243" member_type: VOTER last_known_addr { host: "127.18.62.193" port: 39726 } } peers { permanent_uuid: "b01d528fd3c74eb5b42b8d4888591ed2" member_type: VOTER last_known_addr { host: "127.18.62.194" port: 38185 } } peers { permanent_uuid: "1ad000b8f6704a80bc4330f4e0c41996" member_type: VOTER last_known_addr { host: "127.18.62.195" port: 55672 } }
I1017 23:33:44.200744 21551 leader_election.cc:251] T 9b4b2dea960941bcb38197b51c55baf4 P 1ad000b8f6704a80bc4330f4e0c41996 [CANDIDATE]: Term 36 election: Requesting vote from peer 0ecfe08279804cb0888b118fc4f87243 (127.18.62.193:39726)
I1017 23:33:44.200932 21551 leader_election.cc:251] T 9b4b2dea960941bcb38197b51c55baf4 P 1ad000b8f6704a80bc4330f4e0c41996 [CANDIDATE]: Term 36 election: Requesting vote from peer b01d528fd3c74eb5b42b8d4888591ed2 (127.18.62.194:38185)
I1017 23:33:44.201557 19711 tablet_service.cc:1001] Received RequestConsensusVote() RPC: tablet_id: "9b4b2dea960941bcb38197b51c55baf4" candidate_uuid: "1ad000b8f6704a80bc4330f4e0c41996" candidate_term: 36 candidate_status { last_received { term: 34 index: 146 } } ignore_live_leader: false dest_uuid: "0ecfe08279804cb0888b118fc4f87243"
I1017 23:33:44.201795 19711 raft_consensus.cc:2299] T 9b4b2dea960941bcb38197b51c55baf4 P 0ecfe08279804cb0888b118fc4f87243 [term 36 FOLLOWER]: Leader election vote request: Denying vote to candidate 1ad000b8f6704a80bc4330f4e0c41996 for term 36 because replica has last-logged OpId of term: 35 index: 147, which is greater than that of the candidate, which has last-logged OpId of term: 34 index: 146.
I1017 23:33:44.201802 19839 tablet_service.cc:1001] Received RequestConsensusVote() RPC: tablet_id: "9b4b2dea960941bcb38197b51c55baf4" candidate_uuid: "1ad000b8f6704a80bc4330f4e0c41996" candidate_term: 36 candidate_status { last_received { term: 34 index: 146 } } ignore_live_leader: false dest_uuid: "b01d528fd3c74eb5b42b8d4888591ed2"
I1017 23:33:44.201922 19839 raft_consensus.cc:2892] T 9b4b2dea960941bcb38197b51c55baf4 P b01d528fd3c74eb5b42b8d4888591ed2 [term 35 FOLLOWER]: Advancing to term 36
I1017 23:33:44.201992 19839 raft_consensus.cc:2840] T 9b4b2dea960941bcb38197b51c55baf4 P b01d528fd3c74eb5b42b8d4888591ed2: Snoozing failure detection for 3.938s (vote granted)
I1017 23:33:44.202437 19893 leader_election.cc:401] T 9b4b2dea960941bcb38197b51c55baf4 P 1ad000b8f6704a80bc4330f4e0c41996 [CANDIDATE]: Term 36 election: Vote denied by peer 0ecfe08279804cb0888b118fc4f87243 (127.18.62.193:39726). Message: Invalid argument: T 9b4b2dea960941bcb38197b51c55baf4 P 0ecfe08279804cb0888b118fc4f87243 [term 36 FOLLOWER]: Leader election vote request: Denying vote to candidate 1ad000b8f6704a80bc4330f4e0c41996 for term 36 because replica has last-logged OpId of term: 35 index: 147, which is greater than that of the candidate, which has last-logged OpId of term: 34 index: 146. Illegal state: not currently leader
I1017 23:33:44.203924 19839 raft_consensus.cc:2352] T 9b4b2dea960941bcb38197b51c55baf4 P b01d528fd3c74eb5b42b8d4888591ed2 [term 36 FOLLOWER]: Leader election vote request: Granting yes vote for candidate 1ad000b8f6704a80bc4330f4e0c41996 in term 36.
I1017 23:33:44.204342 19893 leader_election.cc:387] T 9b4b2dea960941bcb38197b51c55baf4 P 1ad000b8f6704a80bc4330f4e0c41996 [CANDIDATE]: Term 36 election: Vote granted by peer b01d528fd3c74eb5b42b8d4888591ed2 (127.18.62.194:38185)
I1017 23:33:44.204393 19893 leader_election.cc:278] T 9b4b2dea960941bcb38197b51c55baf4 P 1ad000b8f6704a80bc4330f4e0c41996 [CANDIDATE]: Term 36 election: Election decided. Result: candidate won.
I1017 23:33:44.204617 21551 raft_consensus.cc:2840] T 9b4b2dea960941bcb38197b51c55baf4 P 1ad000b8f6704a80bc4330f4e0c41996: Snoozing failure detection for 1.961s (election complete)
I1017 23:33:44.204691 21551 raft_consensus.cc:2646] T 9b4b2dea960941bcb38197b51c55baf4 P 1ad000b8f6704a80bc4330f4e0c41996 [term 36 FOLLOWER]: Leader election won for term 36
I1017 23:33:44.205056 21551 raft_consensus.cc:666] T 9b4b2dea960941bcb38197b51c55baf4 P 1ad000b8f6704a80bc4330f4e0c41996 [term 36 LEADER]: Becoming Leader. State: Replica: 1ad000b8f6704a80bc4330f4e0c41996, State: Running, Role: LEADER
I1017 23:33:44.205348 21551 consensus_queue.cc:206] T 9b4b2dea960941bcb38197b51c55baf4 P 1ad000b8f6704a80bc4330f4e0c41996 [LEADER]: Queue going to LEADER mode. State: All replicated index: 0, Majority replicated index: 129, Committed index: 129, Last appended: 34.146, Last appended by leader: 146, Current term: 36, Majority size: 2, State: 0, Mode: LEADER, active raft config: opid_index: -1 OBSOLETE_local: false peers { permanent_uuid: "0ecfe08279804cb0888b118fc4f87243" member_type: VOTER last_known_addr { host: "127.18.62.193" port: 39726 } } peers { permanent_uuid: "b01d528fd3c74eb5b42b8d4888591ed2" member_type: VOTER last_known_addr { host: "127.18.62.194" port: 38185 } } peers { permanent_uuid: "1ad000b8f6704a80bc4330f4e0c41996" member_type: VOTER last_known_addr { host: "127.18.62.195" port: 55672 } }
I1017 23:33:44.207639 19590 catalog_manager.cc:3758] T 9b4b2dea960941bcb38197b51c55baf4 P 1ad000b8f6704a80bc4330f4e0c41996 reported cstate change: term changed from 35 to 36, leader changed from 0ecfe08279804cb0888b118fc4f87243 (127.18.62.193) to 1ad000b8f6704a80bc4330f4e0c41996 (127.18.62.195). New cstate: current_term: 36 leader_uuid: "1ad000b8f6704a80bc4330f4e0c41996" committed_config { opid_index: -1 OBSOLETE_local: false peers { permanent_uuid: "0ecfe08279804cb0888b118fc4f87243" member_type: VOTER last_known_addr { host: "127.18.62.193" port: 39726 } health_report { overall_health: UNKNOWN } } peers { permanent_uuid: "b01d528fd3c74eb5b42b8d4888591ed2" member_type: VOTER last_known_addr { host: "127.18.62.194" port: 38185 } health_report { overall_health: UNKNOWN } } peers { permanent_uuid: "1ad000b8f6704a80bc4330f4e0c41996" member_type: VOTER last_known_addr { host: "127.18.62.195" port: 55672 } health_report { overall_health: HEALTHY } } }
W1017 23:33:44.470149 21559 flags.cc:406] Enabled unsafe flag: --never_fsync=true
I1017 23:33:44.530459 19960 tablet_service.cc:1146] Received LeaderStepDown RPC: tablet_id: "9b4b2dea960941bcb38197b51c55baf4" dest_uuid: "1ad000b8f6704a80bc4330f4e0c41996" mode: ABRUPT from {username='jenkins'} at 127.18.62.195:40162
I1017 23:33:44.530623 19960 raft_consensus.cc:568] T 9b4b2dea960941bcb38197b51c55baf4 P 1ad000b8f6704a80bc4330f4e0c41996 [term 36 LEADER]: Received request to step down
I1017 23:33:44.530676 19960 raft_consensus.cc:2887] T 9b4b2dea960941bcb38197b51c55baf4 P 1ad000b8f6704a80bc4330f4e0c41996 [term 36 LEADER]: Stepping down as leader of term 36
I1017 23:33:44.530709 19960 raft_consensus.cc:704] T 9b4b2dea960941bcb38197b51c55baf4 P 1ad000b8f6704a80bc4330f4e0c41996 [term 36 LEADER]: Becoming Follower/Learner. State: Replica: 1ad000b8f6704a80bc4330f4e0c41996, State: Running, Role: LEADER
I1017 23:33:44.530906 19960 consensus_queue.cc:229] T 9b4b2dea960941bcb38197b51c55baf4 P 1ad000b8f6704a80bc4330f4e0c41996 [NON_LEADER]: Queue going to NON_LEADER mode. State: All replicated index: 0, Majority replicated index: 129, Committed index: 129, Last appended: 36.147, Last appended by leader: 147, Current term: 36, Majority size: -1, State: 0, Mode: NON_LEADER, active raft config: opid_index: -1 OBSOLETE_local: false peers { permanent_uuid: "0ecfe08279804cb0888b118fc4f87243" member_type: VOTER last_known_addr { host: "127.18.62.193" port: 39726 } } peers { permanent_uuid: "b01d528fd3c74eb5b42b8d4888591ed2" member_type: VOTER last_known_addr { host: "127.18.62.194" port: 38185 } } peers { permanent_uuid: "1ad000b8f6704a80bc4330f4e0c41996" member_type: VOTER last_known_addr { host: "127.18.62.195" port: 55672 } }
I1017 23:33:44.531054 19960 consensus_peers.cc:469] T 9b4b2dea960941bcb38197b51c55baf4 P 1ad000b8f6704a80bc4330f4e0c41996 -> Peer b01d528fd3c74eb5b42b8d4888591ed2 (127.18.62.194:38185): Closing peer: b01d528fd3c74eb5b42b8d4888591ed2
I1017 23:33:44.531105 19960 consensus_peers.cc:469] T 9b4b2dea960941bcb38197b51c55baf4 P 1ad000b8f6704a80bc4330f4e0c41996 -> Peer 0ecfe08279804cb0888b118fc4f87243 (127.18.62.193:39726): Closing peer: 0ecfe08279804cb0888b118fc4f87243
I1017 23:33:44.531179 19960 raft_consensus.cc:2892] T 9b4b2dea960941bcb38197b51c55baf4 P 1ad000b8f6704a80bc4330f4e0c41996 [term 36 FOLLOWER]: Advancing to term 37
I1017 23:33:44.531241 19960 raft_consensus.cc:2840] T 9b4b2dea960941bcb38197b51c55baf4 P 1ad000b8f6704a80bc4330f4e0c41996: Snoozing failure detection for 3.000s (explicit stepdown request)
W1017 23:33:45.803367 21576 flags.cc:406] Enabled unsafe flag: --never_fsync=true
I1017 23:33:45.863291 19960 tablet_service.cc:1146] Received LeaderStepDown RPC: tablet_id: "9b4b2dea960941bcb38197b51c55baf4" dest_uuid: "1ad000b8f6704a80bc4330f4e0c41996" mode: GRACEFUL from {username='jenkins'} at 127.18.62.195:40164
I1017 23:33:45.863432 19960 raft_consensus.cc:583] T 9b4b2dea960941bcb38197b51c55baf4 P 1ad000b8f6704a80bc4330f4e0c41996 [term 37 FOLLOWER]: Received request to transfer leadership
I1017 23:33:45.863503 19960 raft_consensus.cc:591] T 9b4b2dea960941bcb38197b51c55baf4 P 1ad000b8f6704a80bc4330f4e0c41996 [term 37 FOLLOWER]: Rejecting request to transer leadership while not leader Illegal state: not currently leader
I1017 23:33:45.868839 21593 raft_consensus.cc:471] T 9b4b2dea960941bcb38197b51c55baf4 P 0ecfe08279804cb0888b118fc4f87243 [term 36 FOLLOWER]: Starting pre-election (no leader contacted us within the election timeout)
I1017 23:33:45.868914 21593 raft_consensus.cc:2840] T 9b4b2dea960941bcb38197b51c55baf4 P 0ecfe08279804cb0888b118fc4f87243: Snoozing failure detection for 1.991s (starting election)
I1017 23:33:45.869015 21593 raft_consensus.cc:493] T 9b4b2dea960941bcb38197b51c55baf4 P 0ecfe08279804cb0888b118fc4f87243 [term 36 FOLLOWER]: Starting pre-election with config: opid_index: -1 OBSOLETE_local: false peers { permanent_uuid: "0ecfe08279804cb0888b118fc4f87243" member_type: VOTER last_known_addr { host: "127.18.62.193" port: 39726 } } peers { permanent_uuid: "b01d528fd3c74eb5b42b8d4888591ed2" member_type: VOTER last_known_addr { host: "127.18.62.194" port: 38185 } } peers { permanent_uuid: "1ad000b8f6704a80bc4330f4e0c41996" member_type: VOTER last_known_addr { host: "127.18.62.195" port: 55672 } }
I1017 23:33:45.869415 21593 leader_election.cc:251] T 9b4b2dea960941bcb38197b51c55baf4 P 0ecfe08279804cb0888b118fc4f87243 [CANDIDATE]: Term 37 pre-election: Requesting pre-vote from peer b01d528fd3c74eb5b42b8d4888591ed2 (127.18.62.194:38185)
I1017 23:33:45.869637 21593 leader_election.cc:251] T 9b4b2dea960941bcb38197b51c55baf4 P 0ecfe08279804cb0888b118fc4f87243 [CANDIDATE]: Term 37 pre-election: Requesting pre-vote from peer 1ad000b8f6704a80bc4330f4e0c41996 (127.18.62.195:55672)
I1017 23:33:45.870331 19839 tablet_service.cc:1001] Received RequestConsensusVote() RPC: tablet_id: "9b4b2dea960941bcb38197b51c55baf4" candidate_uuid: "0ecfe08279804cb0888b118fc4f87243" candidate_term: 37 candidate_status { last_received { term: 35 index: 147 } } ignore_live_leader: false dest_uuid: "b01d528fd3c74eb5b42b8d4888591ed2" is_pre_election: true
I1017 23:33:45.870337 19960 tablet_service.cc:1001] Received RequestConsensusVote() RPC: tablet_id: "9b4b2dea960941bcb38197b51c55baf4" candidate_uuid: "0ecfe08279804cb0888b118fc4f87243" candidate_term: 37 candidate_status { last_received { term: 35 index: 147 } } ignore_live_leader: false dest_uuid: "1ad000b8f6704a80bc4330f4e0c41996" is_pre_election: true
I1017 23:33:45.870504 19839 raft_consensus.cc:2840] T 9b4b2dea960941bcb38197b51c55baf4 P b01d528fd3c74eb5b42b8d4888591ed2: Snoozing failure detection for 2.979s (vote granted)
I1017 23:33:45.870577 19960 raft_consensus.cc:2299] T 9b4b2dea960941bcb38197b51c55baf4 P 1ad000b8f6704a80bc4330f4e0c41996 [term 37 FOLLOWER]: Leader pre-election vote request: Denying vote to candidate 0ecfe08279804cb0888b118fc4f87243 for term 37 because replica has last-logged OpId of term: 36 index: 147, which is greater than that of the candidate, which has last-logged OpId of term: 35 index: 147.
I1017 23:33:45.870573 19839 raft_consensus.cc:2352] T 9b4b2dea960941bcb38197b51c55baf4 P b01d528fd3c74eb5b42b8d4888591ed2 [term 36 FOLLOWER]: Leader pre-election vote request: Granting yes vote for candidate 0ecfe08279804cb0888b118fc4f87243 in term 36.
I1017 23:33:45.871088 19644 leader_election.cc:387] T 9b4b2dea960941bcb38197b51c55baf4 P 0ecfe08279804cb0888b118fc4f87243 [CANDIDATE]: Term 37 pre-election: Vote granted by peer b01d528fd3c74eb5b42b8d4888591ed2 (127.18.62.194:38185)
I1017 23:33:45.871173 19644 leader_election.cc:278] T 9b4b2dea960941bcb38197b51c55baf4 P 0ecfe08279804cb0888b118fc4f87243 [CANDIDATE]: Term 37 pre-election: Election decided. Result: candidate won.
I1017 23:33:45.871286 19646 leader_election.cc:401] T 9b4b2dea960941bcb38197b51c55baf4 P 0ecfe08279804cb0888b118fc4f87243 [CANDIDATE]: Term 37 pre-election: Vote denied by peer 1ad000b8f6704a80bc4330f4e0c41996 (127.18.62.195:55672). Message: Invalid argument: T 9b4b2dea960941bcb38197b51c55baf4 P 1ad000b8f6704a80bc4330f4e0c41996 [term 37 FOLLOWER]: Leader pre-election vote request: Denying vote to candidate 0ecfe08279804cb0888b118fc4f87243 for term 37 because replica has last-logged OpId of term: 36 index: 147, which is greater than that of the candidate, which has last-logged OpId of term: 35 index: 147.
I1017 23:33:45.871400 21593 raft_consensus.cc:2840] T 9b4b2dea960941bcb38197b51c55baf4 P 0ecfe08279804cb0888b118fc4f87243: Snoozing failure detection for 2.069s (election complete)
I1017 23:33:45.871505 21593 raft_consensus.cc:2646] T 9b4b2dea960941bcb38197b51c55baf4 P 0ecfe08279804cb0888b118fc4f87243 [term 36 FOLLOWER]: Leader pre-election won for term 37
I1017 23:33:45.871588 21593 raft_consensus.cc:471] T 9b4b2dea960941bcb38197b51c55baf4 P 0ecfe08279804cb0888b118fc4f87243 [term 36 FOLLOWER]: Starting leader election (no leader contacted us within the election timeout)
I1017 23:33:45.871647 21593 raft_consensus.cc:2840] T 9b4b2dea960941bcb38197b51c55baf4 P 0ecfe08279804cb0888b118fc4f87243: Snoozing failure detection for 1.596s (starting election)
I1017 23:33:45.871708 21593 raft_consensus.cc:2892] T 9b4b2dea960941bcb38197b51c55baf4 P 0ecfe08279804cb0888b118fc4f87243 [term 36 FOLLOWER]: Advancing to term 37
I1017 23:33:45.873194 21593 raft_consensus.cc:493] T 9b4b2dea960941bcb38197b51c55baf4 P 0ecfe08279804cb0888b118fc4f87243 [term 37 FOLLOWER]: Starting leader election with config: opid_index: -1 OBSOLETE_local: false peers { permanent_uuid: "0ecfe08279804cb0888b118fc4f87243" member_type: VOTER last_known_addr { host: "127.18.62.193" port: 39726 } } peers { permanent_uuid: "b01d528fd3c74eb5b42b8d4888591ed2" member_type: VOTER last_known_addr { host: "127.18.62.194" port: 38185 } } peers { permanent_uuid: "1ad000b8f6704a80bc4330f4e0c41996" member_type: VOTER last_known_addr { host: "127.18.62.195" port: 55672 } }
I1017 23:33:45.873528 21593 leader_election.cc:251] T 9b4b2dea960941bcb38197b51c55baf4 P 0ecfe08279804cb0888b118fc4f87243 [CANDIDATE]: Term 37 election: Requesting vote from peer b01d528fd3c74eb5b42b8d4888591ed2 (127.18.62.194:38185)
I1017 23:33:45.873703 21593 leader_election.cc:251] T 9b4b2dea960941bcb38197b51c55baf4 P 0ecfe08279804cb0888b118fc4f87243 [CANDIDATE]: Term 37 election: Requesting vote from peer 1ad000b8f6704a80bc4330f4e0c41996 (127.18.62.195:55672)
I1017 23:33:45.874251 19839 tablet_service.cc:1001] Received RequestConsensusVote() RPC: tablet_id: "9b4b2dea960941bcb38197b51c55baf4" candidate_uuid: "0ecfe08279804cb0888b118fc4f87243" candidate_term: 37 candidate_status { last_received { term: 35 index: 147 } } ignore_live_leader: false dest_uuid: "b01d528fd3c74eb5b42b8d4888591ed2"
I1017 23:33:45.874364 19839 raft_consensus.cc:2892] T 9b4b2dea960941bcb38197b51c55baf4 P b01d528fd3c74eb5b42b8d4888591ed2 [term 36 FOLLOWER]: Advancing to term 37
I1017 23:33:45.874451 19839 raft_consensus.cc:2840] T 9b4b2dea960941bcb38197b51c55baf4 P b01d528fd3c74eb5b42b8d4888591ed2: Snoozing failure detection for 3.214s (vote granted)
I1017 23:33:45.874425 19960 tablet_service.cc:1001] Received RequestConsensusVote() RPC: tablet_id: "9b4b2dea960941bcb38197b51c55baf4" candidate_uuid: "0ecfe08279804cb0888b118fc4f87243" candidate_term: 37 candidate_status { last_received { term: 35 index: 147 } } ignore_live_leader: false dest_uuid: "1ad000b8f6704a80bc4330f4e0c41996"
I1017 23:33:45.874598 19960 raft_consensus.cc:2299] T 9b4b2dea960941bcb38197b51c55baf4 P 1ad000b8f6704a80bc4330f4e0c41996 [term 37 FOLLOWER]: Leader election vote request: Denying vote to candidate 0ecfe08279804cb0888b118fc4f87243 for term 37 because replica has last-logged OpId of term: 36 index: 147, which is greater than that of the candidate, which has last-logged OpId of term: 35 index: 147.
I1017 23:33:45.875095 19646 leader_election.cc:401] T 9b4b2dea960941bcb38197b51c55baf4 P 0ecfe08279804cb0888b118fc4f87243 [CANDIDATE]: Term 37 election: Vote denied by peer 1ad000b8f6704a80bc4330f4e0c41996 (127.18.62.195:55672). Message: Invalid argument: T 9b4b2dea960941bcb38197b51c55baf4 P 1ad000b8f6704a80bc4330f4e0c41996 [term 37 FOLLOWER]: Leader election vote request: Denying vote to candidate 0ecfe08279804cb0888b118fc4f87243 for term 37 because replica has last-logged OpId of term: 36 index: 147, which is greater than that of the candidate, which has last-logged OpId of term: 35 index: 147.
I1017 23:33:45.875852 19839 raft_consensus.cc:2352] T 9b4b2dea960941bcb38197b51c55baf4 P b01d528fd3c74eb5b42b8d4888591ed2 [term 37 FOLLOWER]: Leader election vote request: Granting yes vote for candidate 0ecfe08279804cb0888b118fc4f87243 in term 37.
I1017 23:33:45.876332 19644 leader_election.cc:387] T 9b4b2dea960941bcb38197b51c55baf4 P 0ecfe08279804cb0888b118fc4f87243 [CANDIDATE]: Term 37 election: Vote granted by peer b01d528fd3c74eb5b42b8d4888591ed2 (127.18.62.194:38185)
I1017 23:33:45.876391 19644 leader_election.cc:278] T 9b4b2dea960941bcb38197b51c55baf4 P 0ecfe08279804cb0888b118fc4f87243 [CANDIDATE]: Term 37 election: Election decided. Result: candidate won.
I1017 23:33:45.876600 21593 raft_consensus.cc:2840] T 9b4b2dea960941bcb38197b51c55baf4 P 0ecfe08279804cb0888b118fc4f87243: Snoozing failure detection for 2.199s (election complete)
I1017 23:33:45.876695 21593 raft_consensus.cc:2646] T 9b4b2dea960941bcb38197b51c55baf4 P 0ecfe08279804cb0888b118fc4f87243 [term 37 FOLLOWER]: Leader election won for term 37
I1017 23:33:45.877010 21593 raft_consensus.cc:666] T 9b4b2dea960941bcb38197b51c55baf4 P 0ecfe08279804cb0888b118fc4f87243 [term 37 LEADER]: Becoming Leader. State: Replica: 0ecfe08279804cb0888b118fc4f87243, State: Running, Role: LEADER
I1017 23:33:45.877475 21593 consensus_queue.cc:206] T 9b4b2dea960941bcb38197b51c55baf4 P 0ecfe08279804cb0888b118fc4f87243 [LEADER]: Queue going to LEADER mode. State: All replicated index: 0, Majority replicated index: 129, Committed index: 129, Last appended: 35.147, Last appended by leader: 147, Current term: 37, Majority size: 2, State: 0, Mode: LEADER, active raft config: opid_index: -1 OBSOLETE_local: false peers { permanent_uuid: "0ecfe08279804cb0888b118fc4f87243" member_type: VOTER last_known_addr { host: "127.18.62.193" port: 39726 } } peers { permanent_uuid: "b01d528fd3c74eb5b42b8d4888591ed2" member_type: VOTER last_known_addr { host: "127.18.62.194" port: 38185 } } peers { permanent_uuid: "1ad000b8f6704a80bc4330f4e0c41996" member_type: VOTER last_known_addr { host: "127.18.62.195" port: 55672 } }
I1017 23:33:45.879971 19590 catalog_manager.cc:3758] T 9b4b2dea960941bcb38197b51c55baf4 P 0ecfe08279804cb0888b118fc4f87243 reported cstate change: term changed from 36 to 37, leader changed from 1ad000b8f6704a80bc4330f4e0c41996 (127.18.62.195) to 0ecfe08279804cb0888b118fc4f87243 (127.18.62.193). New cstate: current_term: 37 leader_uuid: "0ecfe08279804cb0888b118fc4f87243" committed_config { opid_index: -1 OBSOLETE_local: false peers { permanent_uuid: "0ecfe08279804cb0888b118fc4f87243" member_type: VOTER last_known_addr { host: "127.18.62.193" port: 39726 } health_report { overall_health: HEALTHY } } peers { permanent_uuid: "b01d528fd3c74eb5b42b8d4888591ed2" member_type: VOTER last_known_addr { host: "127.18.62.194" port: 38185 } health_report { overall_health: UNKNOWN } } peers { permanent_uuid: "1ad000b8f6704a80bc4330f4e0c41996" member_type: VOTER last_known_addr { host: "127.18.62.195" port: 55672 } health_report { overall_health: UNKNOWN } } }
W1017 23:33:46.138046 21601 flags.cc:406] Enabled unsafe flag: --never_fsync=true
I1017 23:33:46.198333 19711 tablet_service.cc:1146] Received LeaderStepDown RPC: tablet_id: "9b4b2dea960941bcb38197b51c55baf4" dest_uuid: "0ecfe08279804cb0888b118fc4f87243" mode: ABRUPT from {username='jenkins'} at 127.18.62.193:35424
I1017 23:33:46.198510 19711 raft_consensus.cc:568] T 9b4b2dea960941bcb38197b51c55baf4 P 0ecfe08279804cb0888b118fc4f87243 [term 37 LEADER]: Received request to step down
I1017 23:33:46.198572 19711 raft_consensus.cc:2887] T 9b4b2dea960941bcb38197b51c55baf4 P 0ecfe08279804cb0888b118fc4f87243 [term 37 LEADER]: Stepping down as leader of term 37
I1017 23:33:46.198621 19711 raft_consensus.cc:704] T 9b4b2dea960941bcb38197b51c55baf4 P 0ecfe08279804cb0888b118fc4f87243 [term 37 LEADER]: Becoming Follower/Learner. State: Replica: 0ecfe08279804cb0888b118fc4f87243, State: Running, Role: LEADER
I1017 23:33:46.198849 19711 consensus_queue.cc:229] T 9b4b2dea960941bcb38197b51c55baf4 P 0ecfe08279804cb0888b118fc4f87243 [NON_LEADER]: Queue going to NON_LEADER mode. State: All replicated index: 0, Majority replicated index: 129, Committed index: 129, Last appended: 37.148, Last appended by leader: 148, Current term: 37, Majority size: -1, State: 0, Mode: NON_LEADER, active raft config: opid_index: -1 OBSOLETE_local: false peers { permanent_uuid: "0ecfe08279804cb0888b118fc4f87243" member_type: VOTER last_known_addr { host: "127.18.62.193" port: 39726 } } peers { permanent_uuid: "b01d528fd3c74eb5b42b8d4888591ed2" member_type: VOTER last_known_addr { host: "127.18.62.194" port: 38185 } } peers { permanent_uuid: "1ad000b8f6704a80bc4330f4e0c41996" member_type: VOTER last_known_addr { host: "127.18.62.195" port: 55672 } }
I1017 23:33:46.199002 19711 consensus_peers.cc:469] T 9b4b2dea960941bcb38197b51c55baf4 P 0ecfe08279804cb0888b118fc4f87243 -> Peer 1ad000b8f6704a80bc4330f4e0c41996 (127.18.62.195:55672): Closing peer: 1ad000b8f6704a80bc4330f4e0c41996
I1017 23:33:46.199062 19711 consensus_peers.cc:469] T 9b4b2dea960941bcb38197b51c55baf4 P 0ecfe08279804cb0888b118fc4f87243 -> Peer b01d528fd3c74eb5b42b8d4888591ed2 (127.18.62.194:38185): Closing peer: b01d528fd3c74eb5b42b8d4888591ed2
I1017 23:33:46.199173 19711 raft_consensus.cc:2892] T 9b4b2dea960941bcb38197b51c55baf4 P 0ecfe08279804cb0888b118fc4f87243 [term 37 FOLLOWER]: Advancing to term 38
I1017 23:33:46.199251 19711 raft_consensus.cc:2840] T 9b4b2dea960941bcb38197b51c55baf4 P 0ecfe08279804cb0888b118fc4f87243: Snoozing failure detection for 3.000s (explicit stepdown request)
W1017 23:33:47.473224 21622 flags.cc:406] Enabled unsafe flag: --never_fsync=true
I1017 23:33:47.532428 21639 raft_consensus.cc:471] T 9b4b2dea960941bcb38197b51c55baf4 P 1ad000b8f6704a80bc4330f4e0c41996 [term 37 FOLLOWER]: Starting pre-election (no leader contacted us within the election timeout)
I1017 23:33:47.532529 21639 raft_consensus.cc:2840] T 9b4b2dea960941bcb38197b51c55baf4 P 1ad000b8f6704a80bc4330f4e0c41996: Snoozing failure detection for 1.547s (starting election)
I1017 23:33:47.532631 21639 raft_consensus.cc:493] T 9b4b2dea960941bcb38197b51c55baf4 P 1ad000b8f6704a80bc4330f4e0c41996 [term 37 FOLLOWER]: Starting pre-election with config: opid_index: -1 OBSOLETE_local: false peers { permanent_uuid: "0ecfe08279804cb0888b118fc4f87243" member_type: VOTER last_known_addr { host: "127.18.62.193" port: 39726 } } peers { permanent_uuid: "b01d528fd3c74eb5b42b8d4888591ed2" member_type: VOTER last_known_addr { host: "127.18.62.194" port: 38185 } } peers { permanent_uuid: "1ad000b8f6704a80bc4330f4e0c41996" member_type: VOTER last_known_addr { host: "127.18.62.195" port: 55672 } }
I1017 23:33:47.533021 21639 leader_election.cc:251] T 9b4b2dea960941bcb38197b51c55baf4 P 1ad000b8f6704a80bc4330f4e0c41996 [CANDIDATE]: Term 38 pre-election: Requesting pre-vote from peer 0ecfe08279804cb0888b118fc4f87243 (127.18.62.193:39726)
I1017 23:33:47.533223 21639 leader_election.cc:251] T 9b4b2dea960941bcb38197b51c55baf4 P 1ad000b8f6704a80bc4330f4e0c41996 [CANDIDATE]: Term 38 pre-election: Requesting pre-vote from peer b01d528fd3c74eb5b42b8d4888591ed2 (127.18.62.194:38185)
I1017 23:33:47.533895 19711 tablet_service.cc:1001] Received RequestConsensusVote() RPC: tablet_id: "9b4b2dea960941bcb38197b51c55baf4" candidate_uuid: "1ad000b8f6704a80bc4330f4e0c41996" candidate_term: 38 candidate_status { last_received { term: 36 index: 147 } } ignore_live_leader: false dest_uuid: "0ecfe08279804cb0888b118fc4f87243" is_pre_election: true
I1017 23:33:47.534049 19839 tablet_service.cc:1001] Received RequestConsensusVote() RPC: tablet_id: "9b4b2dea960941bcb38197b51c55baf4" candidate_uuid: "1ad000b8f6704a80bc4330f4e0c41996" candidate_term: 38 candidate_status { last_received { term: 36 index: 147 } } ignore_live_leader: false dest_uuid: "b01d528fd3c74eb5b42b8d4888591ed2" is_pre_election: true
I1017 23:33:47.534183 19711 raft_consensus.cc:2299] T 9b4b2dea960941bcb38197b51c55baf4 P 0ecfe08279804cb0888b118fc4f87243 [term 38 FOLLOWER]: Leader pre-election vote request: Denying vote to candidate 1ad000b8f6704a80bc4330f4e0c41996 for term 38 because replica has last-logged OpId of term: 37 index: 148, which is greater than that of the candidate, which has last-logged OpId of term: 36 index: 147.
I1017 23:33:47.534193 19839 raft_consensus.cc:2840] T 9b4b2dea960941bcb38197b51c55baf4 P b01d528fd3c74eb5b42b8d4888591ed2: Snoozing failure detection for 2.125s (vote granted)
I1017 23:33:47.534270 19839 raft_consensus.cc:2352] T 9b4b2dea960941bcb38197b51c55baf4 P b01d528fd3c74eb5b42b8d4888591ed2 [term 37 FOLLOWER]: Leader pre-election vote request: Granting yes vote for candidate 1ad000b8f6704a80bc4330f4e0c41996 in term 37.
I1017 23:33:47.534904 19893 leader_election.cc:387] T 9b4b2dea960941bcb38197b51c55baf4 P 1ad000b8f6704a80bc4330f4e0c41996 [CANDIDATE]: Term 38 pre-election: Vote granted by peer b01d528fd3c74eb5b42b8d4888591ed2 (127.18.62.194:38185)
I1017 23:33:47.534914 19711 tablet_service.cc:1146] Received LeaderStepDown RPC: tablet_id: "9b4b2dea960941bcb38197b51c55baf4" dest_uuid: "0ecfe08279804cb0888b118fc4f87243" mode: GRACEFUL from {username='jenkins'} at 127.18.62.193:35427
I1017 23:33:47.534965 19893 leader_election.cc:278] T 9b4b2dea960941bcb38197b51c55baf4 P 1ad000b8f6704a80bc4330f4e0c41996 [CANDIDATE]: Term 38 pre-election: Election decided. Result: candidate won.
I1017 23:33:47.535045 19711 raft_consensus.cc:583] T 9b4b2dea960941bcb38197b51c55baf4 P 0ecfe08279804cb0888b118fc4f87243 [term 38 FOLLOWER]: Received request to transfer leadership
I1017 23:33:47.535096 19711 raft_consensus.cc:591] T 9b4b2dea960941bcb38197b51c55baf4 P 0ecfe08279804cb0888b118fc4f87243 [term 38 FOLLOWER]: Rejecting request to transer leadership while not leader
I1017 23:33:47.535162 21639 raft_consensus.cc:2840] T 9b4b2dea960941bcb38197b51c55baf4 P 1ad000b8f6704a80bc4330f4e0c41996: Snoozing failure detection for 1.805s (election complete)
I1017 23:33:47.535254 19893 leader_election.cc:401] T 9b4b2dea960941bcb38197b51c55baf4 P 1ad000b8f6704a80bc4330f4e0c41996 [CANDIDATE]: Term 38 pre-election: Vote denied by peer 0ecfe08279804cb0888b118fc4f87243 (127.18.62.193:39726). Message: Invalid argument: T 9b4b2dea960941bcb38197b51c55baf4 P 0ecfe08279804cb0888b118fc4f87243 [term 38 FOLLOWER]: Leader pre-election vote request: Denying vote to candidate 1ad000b8f6704a80bc4330f4e0c41996 for term 38 because replica has last-logged OpId of term: 37 index: 148, which is greater than that of the candidate, which has last-logged OpId of term: 36 index: 147.
I1017 23:33:47.535388 21639 raft_consensus.cc:2646] T 9b4b2dea960941bcb38197b51c55baf4 P 1ad000b8f6704a80bc4330f4e0c41996 [term 37 FOLLOWER]: Leader pre-election won for term 38
I1017 23:33:47.535449 21639 raft_consensus.cc:471] T 9b4b2dea960941bcb38197b51c55baf4 P 1ad000b8f6704a80bc4330f4e0c41996 [term 37 FOLLOWER]: Starting leader election (no leader contacted us within the election timeout)
I1017 23:33:47.535537 21639 raft_consensus.cc:2840] T 9b4b2dea960941bcb38197b51c55baf4 P 1ad000b8f6704a80bc4330f4e0c41996: Snoozing failure detection for 1.916s (starting election)
I1017 23:33:47.535604 21639 raft_consensus.cc:2892] T 9b4b2dea960941bcb38197b51c55baf4 P 1ad000b8f6704a80bc4330f4e0c41996 [term 37 FOLLOWER]: Advancing to term 38
I1017 23:33:47.538426 21639 raft_consensus.cc:493] T 9b4b2dea960941bcb38197b51c55baf4 P 1ad000b8f6704a80bc4330f4e0c41996 [term 38 FOLLOWER]: Starting leader election with config: opid_index: -1 OBSOLETE_local: false peers { permanent_uuid: "0ecfe08279804cb0888b118fc4f87243" member_type: VOTER last_known_addr { host: "127.18.62.193" port: 39726 } } peers { permanent_uuid: "b01d528fd3c74eb5b42b8d4888591ed2" member_type: VOTER last_known_addr { host: "127.18.62.194" port: 38185 } } peers { permanent_uuid: "1ad000b8f6704a80bc4330f4e0c41996" member_type: VOTER last_known_addr { host: "127.18.62.195" port: 55672 } }
I1017 23:33:47.539062 21639 leader_election.cc:251] T 9b4b2dea960941bcb38197b51c55baf4 P 1ad000b8f6704a80bc4330f4e0c41996 [CANDIDATE]: Term 38 election: Requesting vote from peer 0ecfe08279804cb0888b118fc4f87243 (127.18.62.193:39726) Illegal state: not currently leader
I1017 23:33:47.539520 21639 leader_election.cc:251] T 9b4b2dea960941bcb38197b51c55baf4 P 1ad000b8f6704a80bc4330f4e0c41996 [CANDIDATE]: Term 38 election: Requesting vote from peer b01d528fd3c74eb5b42b8d4888591ed2 (127.18.62.194:38185)
I1017 23:33:47.539784 19711 tablet_service.cc:1001] Received RequestConsensusVote() RPC: tablet_id: "9b4b2dea960941bcb38197b51c55baf4" candidate_uuid: "1ad000b8f6704a80bc4330f4e0c41996" candidate_term: 38 candidate_status { last_received { term: 36 index: 147 } } ignore_live_leader: false dest_uuid: "0ecfe08279804cb0888b118fc4f87243"
I1017 23:33:47.539932 19711 raft_consensus.cc:2299] T 9b4b2dea960941bcb38197b51c55baf4 P 0ecfe08279804cb0888b118fc4f87243 [term 38 FOLLOWER]: Leader election vote request: Denying vote to candidate 1ad000b8f6704a80bc4330f4e0c41996 for term 38 because replica has last-logged OpId of term: 37 index: 148, which is greater than that of the candidate, which has last-logged OpId of term: 36 index: 147.
I1017 23:33:47.540215 19839 tablet_service.cc:1001] Received RequestConsensusVote() RPC: tablet_id: "9b4b2dea960941bcb38197b51c55baf4" candidate_uuid: "1ad000b8f6704a80bc4330f4e0c41996" candidate_term: 38 candidate_status { last_received { term: 36 index: 147 } } ignore_live_leader: false dest_uuid: "b01d528fd3c74eb5b42b8d4888591ed2"
I1017 23:33:47.540356 19839 raft_consensus.cc:2892] T 9b4b2dea960941bcb38197b51c55baf4 P b01d528fd3c74eb5b42b8d4888591ed2 [term 37 FOLLOWER]: Advancing to term 38
I1017 23:33:47.540427 19839 raft_consensus.cc:2840] T 9b4b2dea960941bcb38197b51c55baf4 P b01d528fd3c74eb5b42b8d4888591ed2: Snoozing failure detection for 2.258s (vote granted)
I1017 23:33:47.540464 19893 leader_election.cc:401] T 9b4b2dea960941bcb38197b51c55baf4 P 1ad000b8f6704a80bc4330f4e0c41996 [CANDIDATE]: Term 38 election: Vote denied by peer 0ecfe08279804cb0888b118fc4f87243 (127.18.62.193:39726). Message: Invalid argument: T 9b4b2dea960941bcb38197b51c55baf4 P 0ecfe08279804cb0888b118fc4f87243 [term 38 FOLLOWER]: Leader election vote request: Denying vote to candidate 1ad000b8f6704a80bc4330f4e0c41996 for term 38 because replica has last-logged OpId of term: 37 index: 148, which is greater than that of the candidate, which has last-logged OpId of term: 36 index: 147.
I1017 23:33:47.541903 19839 raft_consensus.cc:2352] T 9b4b2dea960941bcb38197b51c55baf4 P b01d528fd3c74eb5b42b8d4888591ed2 [term 38 FOLLOWER]: Leader election vote request: Granting yes vote for candidate 1ad000b8f6704a80bc4330f4e0c41996 in term 38.
I1017 23:33:47.542423 19893 leader_election.cc:387] T 9b4b2dea960941bcb38197b51c55baf4 P 1ad000b8f6704a80bc4330f4e0c41996 [CANDIDATE]: Term 38 election: Vote granted by peer b01d528fd3c74eb5b42b8d4888591ed2 (127.18.62.194:38185)
I1017 23:33:47.542507 19893 leader_election.cc:278] T 9b4b2dea960941bcb38197b51c55baf4 P 1ad000b8f6704a80bc4330f4e0c41996 [CANDIDATE]: Term 38 election: Election decided. Result: candidate won.
I1017 23:33:47.542702 21639 raft_consensus.cc:2840] T 9b4b2dea960941bcb38197b51c55baf4 P 1ad000b8f6704a80bc4330f4e0c41996: Snoozing failure detection for 2.105s (election complete)
I1017 23:33:47.542760 21639 raft_consensus.cc:2646] T 9b4b2dea960941bcb38197b51c55baf4 P 1ad000b8f6704a80bc4330f4e0c41996 [term 38 FOLLOWER]: Leader election won for term 38
I1017 23:33:47.543037 21639 raft_consensus.cc:666] T 9b4b2dea960941bcb38197b51c55baf4 P 1ad000b8f6704a80bc4330f4e0c41996 [term 38 LEADER]: Becoming Leader. State: Replica: 1ad000b8f6704a80bc4330f4e0c41996, State: Running, Role: LEADER
I1017 23:33:47.543335 21639 consensus_queue.cc:206] T 9b4b2dea960941bcb38197b51c55baf4 P 1ad000b8f6704a80bc4330f4e0c41996 [LEADER]: Queue going to LEADER mode. State: All replicated index: 0, Majority replicated index: 129, Committed index: 129, Last appended: 36.147, Last appended by leader: 147, Current term: 38, Majority size: 2, State: 0, Mode: LEADER, active raft config: opid_index: -1 OBSOLETE_local: false peers { permanent_uuid: "0ecfe08279804cb0888b118fc4f87243" member_type: VOTER last_known_addr { host: "127.18.62.193" port: 39726 } } peers { permanent_uuid: "b01d528fd3c74eb5b42b8d4888591ed2" member_type: VOTER last_known_addr { host: "127.18.62.194" port: 38185 } } peers { permanent_uuid: "1ad000b8f6704a80bc4330f4e0c41996" member_type: VOTER last_known_addr { host: "127.18.62.195" port: 55672 } }
I1017 23:33:47.545567 19590 catalog_manager.cc:3758] T 9b4b2dea960941bcb38197b51c55baf4 P 1ad000b8f6704a80bc4330f4e0c41996 reported cstate change: term changed from 37 to 38, leader changed from 0ecfe08279804cb0888b118fc4f87243 (127.18.62.193) to 1ad000b8f6704a80bc4330f4e0c41996 (127.18.62.195). New cstate: current_term: 38 leader_uuid: "1ad000b8f6704a80bc4330f4e0c41996" committed_config { opid_index: -1 OBSOLETE_local: false peers { permanent_uuid: "0ecfe08279804cb0888b118fc4f87243" member_type: VOTER last_known_addr { host: "127.18.62.193" port: 39726 } health_report { overall_health: UNKNOWN } } peers { permanent_uuid: "b01d528fd3c74eb5b42b8d4888591ed2" member_type: VOTER last_known_addr { host: "127.18.62.194" port: 38185 } health_report { overall_health: UNKNOWN } } peers { permanent_uuid: "1ad000b8f6704a80bc4330f4e0c41996" member_type: VOTER last_known_addr { host: "127.18.62.195" port: 55672 } health_report { overall_health: HEALTHY } } }
W1017 23:33:47.771695 20038 meta_cache.cc:216] Tablet 9b4b2dea960941bcb38197b51c55baf4: Replica b01d528fd3c74eb5b42b8d4888591ed2 (127.18.62.194:38185) has failed: Timed out: Write RPC to 127.18.62.194:38185 timed out after 60.000s (SENT)
W1017 23:33:47.772014 20038 batcher.cc:348] Timed out: Failed to write batch of 1 ops to tablet 9b4b2dea960941bcb38197b51c55baf4 after 1 attempt(s): Failed to write to server: b01d528fd3c74eb5b42b8d4888591ed2 (127.18.62.194:38185): Write RPC to 127.18.62.194:38185 timed out after 60.000s (SENT)
F1017 23:33:47.772820 20042 test_workload.cc:202] Timed out: Failed to write batch of 1 ops to tablet 9b4b2dea960941bcb38197b51c55baf4 after 1 attempt(s): Failed to write to server: b01d528fd3c74eb5b42b8d4888591ed2 (127.18.62.194:38185): Write RPC to 127.18.62.194:38185 timed out after 60.000s (SENT) *** Check failure stack trace: *** *** Aborted at 1539844427 (unix time) try "date -d @1539844427" if you are using GNU date *** PC: @ 0x3c74632625 __GI_raise *** SIGABRT (@0x452000048fb) received by PID 18683 (TID 0x7f13ebe5b700) from PID 18683; stack trace: *** @ 0x3c74a0f710 (unknown) at ??:0 @ 0x3c74632625 __GI_raise at ??:0 @ 0x3c74633e05 __GI_abort at ??:0 @ 0x7f13fd43da29 (unknown) at ??:0 @ 0x7f13fd43f31d (unknown) at ??:0 @ 0x7f13fd4411dd (unknown) at ??:0 @ 0x7f13fd43ee59 (unknown) at ??:0 @ 0x7f13fd441c7f (unknown) at ??:0 @ 0x7f1412f7ba6e (unknown) at ??:0 @ 0x3c796b6470 (unknown) at ??:0 @ 0x3c74a079d1 start_thread at ??:0 @ 0x3c746e88fd clone at ??:0