I1017 23:33:20.846488 20942 raft_consensus.cc:2646] T 9b4b2dea960941bcb38197b51c55baf4 P 1ad000b8f6704a80bc4330f4e0c41996 [term 22 FOLLOWER]: Leader election won for term 22
I1017 23:33:20.846909 20942 raft_consensus.cc:666] T 9b4b2dea960941bcb38197b51c55baf4 P 1ad000b8f6704a80bc4330f4e0c41996 [term 22 LEADER]: Becoming Leader. State: Replica: 1ad000b8f6704a80bc4330f4e0c41996, State: Running, Role: LEADER
I1017 23:33:20.847208 20942 consensus_queue.cc:206] T 9b4b2dea960941bcb38197b51c55baf4 P 1ad000b8f6704a80bc4330f4e0c41996 [LEADER]: Queue going to LEADER mode. State: All replicated index: 0, Majority replicated index: 129, Committed index: 129, Last appended: 20.139, Last appended by leader: 139, Current term: 22, Majority size: 2, State: 0, Mode: LEADER, active raft config: opid_index: -1 OBSOLETE_local: false peers { permanent_uuid: "0ecfe08279804cb0888b118fc4f87243" member_type: VOTER last_known_addr { host: "127.18.62.193" port: 39726 } } peers { permanent_uuid: "b01d528fd3c74eb5b42b8d4888591ed2" member_type: VOTER last_known_addr { host: "127.18.62.194" port: 38185 } } peers { permanent_uuid: "1ad000b8f6704a80bc4330f4e0c41996" member_type: VOTER last_known_addr { host: "127.18.62.195" port: 55672 } }
I1017 23:33:20.849664 19590 catalog_manager.cc:3758] T 9b4b2dea960941bcb38197b51c55baf4 P 1ad000b8f6704a80bc4330f4e0c41996 reported cstate change: term changed from 21 to 22, leader changed from 0ecfe08279804cb0888b118fc4f87243 (127.18.62.193) to 1ad000b8f6704a80bc4330f4e0c41996 (127.18.62.195). New cstate: current_term: 22 leader_uuid: "1ad000b8f6704a80bc4330f4e0c41996" committed_config { opid_index: -1 OBSOLETE_local: false peers { permanent_uuid: "0ecfe08279804cb0888b118fc4f87243" member_type: VOTER last_known_addr { host: "127.18.62.193" port: 39726 } health_report { overall_health: UNKNOWN } } peers { permanent_uuid: "b01d528fd3c74eb5b42b8d4888591ed2" member_type: VOTER last_known_addr { host: "127.18.62.194" port: 38185 } health_report { overall_health: UNKNOWN } } peers { permanent_uuid: "1ad000b8f6704a80bc4330f4e0c41996" member_type: VOTER last_known_addr { host: "127.18.62.195" port: 55672 } health_report { overall_health: HEALTHY } } }
W1017 23:33:21.107239 20950 flags.cc:406] Enabled unsafe flag: --never_fsync=true
I1017 23:33:21.165248 19960 tablet_service.cc:1146] Received LeaderStepDown RPC: tablet_id: "9b4b2dea960941bcb38197b51c55baf4" dest_uuid: "1ad000b8f6704a80bc4330f4e0c41996" mode: ABRUPT from {username='jenkins'} at 127.18.62.195:40101
I1017 23:33:21.165395 19960 raft_consensus.cc:568] T 9b4b2dea960941bcb38197b51c55baf4 P 1ad000b8f6704a80bc4330f4e0c41996 [term 22 LEADER]: Received request to step down
I1017 23:33:21.165468 19960 raft_consensus.cc:2887] T 9b4b2dea960941bcb38197b51c55baf4 P 1ad000b8f6704a80bc4330f4e0c41996 [term 22 LEADER]: Stepping down as leader of term 22
I1017 23:33:21.165501 19960 raft_consensus.cc:704] T 9b4b2dea960941bcb38197b51c55baf4 P 1ad000b8f6704a80bc4330f4e0c41996 [term 22 LEADER]: Becoming Follower/Learner. State: Replica: 1ad000b8f6704a80bc4330f4e0c41996, State: Running, Role: LEADER
I1017 23:33:21.165719 19960 consensus_queue.cc:229] T 9b4b2dea960941bcb38197b51c55baf4 P 1ad000b8f6704a80bc4330f4e0c41996 [NON_LEADER]: Queue going to NON_LEADER mode. State: All replicated index: 0, Majority replicated index: 129, Committed index: 129, Last appended: 22.140, Last appended by leader: 140, Current term: 22, Majority size: -1, State: 0, Mode: NON_LEADER, active raft config: opid_index: -1 OBSOLETE_local: false peers { permanent_uuid: "0ecfe08279804cb0888b118fc4f87243" member_type: VOTER last_known_addr { host: "127.18.62.193" port: 39726 } } peers { permanent_uuid: "b01d528fd3c74eb5b42b8d4888591ed2" member_type: VOTER last_known_addr { host: "127.18.62.194" port: 38185 } } peers { permanent_uuid: "1ad000b8f6704a80bc4330f4e0c41996" member_type: VOTER last_known_addr { host: "127.18.62.195" port: 55672 } }
I1017 23:33:21.165870 19960 consensus_peers.cc:469] T 9b4b2dea960941bcb38197b51c55baf4 P 1ad000b8f6704a80bc4330f4e0c41996 -> Peer b01d528fd3c74eb5b42b8d4888591ed2 (127.18.62.194:38185): Closing peer: b01d528fd3c74eb5b42b8d4888591ed2
I1017 23:33:21.165915 19960 consensus_peers.cc:469] T 9b4b2dea960941bcb38197b51c55baf4 P 1ad000b8f6704a80bc4330f4e0c41996 -> Peer 0ecfe08279804cb0888b118fc4f87243 (127.18.62.193:39726): Closing peer: 0ecfe08279804cb0888b118fc4f87243
I1017 23:33:21.165989 19960 raft_consensus.cc:2892] T 9b4b2dea960941bcb38197b51c55baf4 P 1ad000b8f6704a80bc4330f4e0c41996 [term 22 FOLLOWER]: Advancing to term 23
I1017 23:33:21.166044 19960 raft_consensus.cc:2840] T 9b4b2dea960941bcb38197b51c55baf4 P 1ad000b8f6704a80bc4330f4e0c41996: Snoozing failure detection for 3.000s (explicit stepdown request)
W1017 23:33:22.439201 20971 flags.cc:406] Enabled unsafe flag: --never_fsync=true
I1017 23:33:22.498697 19960 tablet_service.cc:1146] Received LeaderStepDown RPC: tablet_id: "9b4b2dea960941bcb38197b51c55baf4" dest_uuid: "1ad000b8f6704a80bc4330f4e0c41996" mode: GRACEFUL from {username='jenkins'} at 127.18.62.195:40104
I1017 23:33:22.498843 19960 raft_consensus.cc:583] T 9b4b2dea960941bcb38197b51c55baf4 P 1ad000b8f6704a80bc4330f4e0c41996 [term 23 FOLLOWER]: Received request to transfer leadership
I1017 23:33:22.498904 19960 raft_consensus.cc:591] T 9b4b2dea960941bcb38197b51c55baf4 P 1ad000b8f6704a80bc4330f4e0c41996 [term 23 FOLLOWER]: Rejecting request to transer leadership while not leader Illegal state: not currently leader
I1017 23:33:22.503638 20988 raft_consensus.cc:471] T 9b4b2dea960941bcb38197b51c55baf4 P 0ecfe08279804cb0888b118fc4f87243 [term 22 FOLLOWER]: Starting pre-election (no leader contacted us within the election timeout)
I1017 23:33:22.503702 20988 raft_consensus.cc:2840] T 9b4b2dea960941bcb38197b51c55baf4 P 0ecfe08279804cb0888b118fc4f87243: Snoozing failure detection for 1.904s (starting election)
I1017 23:33:22.503772 20988 raft_consensus.cc:493] T 9b4b2dea960941bcb38197b51c55baf4 P 0ecfe08279804cb0888b118fc4f87243 [term 22 FOLLOWER]: Starting pre-election with config: opid_index: -1 OBSOLETE_local: false peers { permanent_uuid: "0ecfe08279804cb0888b118fc4f87243" member_type: VOTER last_known_addr { host: "127.18.62.193" port: 39726 } } peers { permanent_uuid: "b01d528fd3c74eb5b42b8d4888591ed2" member_type: VOTER last_known_addr { host: "127.18.62.194" port: 38185 } } peers { permanent_uuid: "1ad000b8f6704a80bc4330f4e0c41996" member_type: VOTER last_known_addr { host: "127.18.62.195" port: 55672 } }
I1017 23:33:22.504159 20988 leader_election.cc:251] T 9b4b2dea960941bcb38197b51c55baf4 P 0ecfe08279804cb0888b118fc4f87243 [CANDIDATE]: Term 23 pre-election: Requesting pre-vote from peer b01d528fd3c74eb5b42b8d4888591ed2 (127.18.62.194:38185)
I1017 23:33:22.504325 20988 leader_election.cc:251] T 9b4b2dea960941bcb38197b51c55baf4 P 0ecfe08279804cb0888b118fc4f87243 [CANDIDATE]: Term 23 pre-election: Requesting pre-vote from peer 1ad000b8f6704a80bc4330f4e0c41996 (127.18.62.195:55672)
I1017 23:33:22.504981 19960 tablet_service.cc:1001] Received RequestConsensusVote() RPC: tablet_id: "9b4b2dea960941bcb38197b51c55baf4" candidate_uuid: "0ecfe08279804cb0888b118fc4f87243" candidate_term: 23 candidate_status { last_received { term: 21 index: 140 } } ignore_live_leader: false dest_uuid: "1ad000b8f6704a80bc4330f4e0c41996" is_pre_election: true
I1017 23:33:22.505146 19960 raft_consensus.cc:2299] T 9b4b2dea960941bcb38197b51c55baf4 P 1ad000b8f6704a80bc4330f4e0c41996 [term 23 FOLLOWER]: Leader pre-election vote request: Denying vote to candidate 0ecfe08279804cb0888b118fc4f87243 for term 23 because replica has last-logged OpId of term: 22 index: 140, which is greater than that of the candidate, which has last-logged OpId of term: 21 index: 140.
I1017 23:33:22.505164 19839 tablet_service.cc:1001] Received RequestConsensusVote() RPC: tablet_id: "9b4b2dea960941bcb38197b51c55baf4" candidate_uuid: "0ecfe08279804cb0888b118fc4f87243" candidate_term: 23 candidate_status { last_received { term: 21 index: 140 } } ignore_live_leader: false dest_uuid: "b01d528fd3c74eb5b42b8d4888591ed2" is_pre_election: true
I1017 23:33:22.505342 19839 raft_consensus.cc:2840] T 9b4b2dea960941bcb38197b51c55baf4 P b01d528fd3c74eb5b42b8d4888591ed2: Snoozing failure detection for 2.599s (vote granted)
I1017 23:33:22.505416 19839 raft_consensus.cc:2352] T 9b4b2dea960941bcb38197b51c55baf4 P b01d528fd3c74eb5b42b8d4888591ed2 [term 22 FOLLOWER]: Leader pre-election vote request: Granting yes vote for candidate 0ecfe08279804cb0888b118fc4f87243 in term 22.
I1017 23:33:22.505650 19646 leader_election.cc:401] T 9b4b2dea960941bcb38197b51c55baf4 P 0ecfe08279804cb0888b118fc4f87243 [CANDIDATE]: Term 23 pre-election: Vote denied by peer 1ad000b8f6704a80bc4330f4e0c41996 (127.18.62.195:55672). Message: Invalid argument: T 9b4b2dea960941bcb38197b51c55baf4 P 1ad000b8f6704a80bc4330f4e0c41996 [term 23 FOLLOWER]: Leader pre-election vote request: Denying vote to candidate 0ecfe08279804cb0888b118fc4f87243 for term 23 because replica has last-logged OpId of term: 22 index: 140, which is greater than that of the candidate, which has last-logged OpId of term: 21 index: 140.
I1017 23:33:22.506069 19644 leader_election.cc:387] T 9b4b2dea960941bcb38197b51c55baf4 P 0ecfe08279804cb0888b118fc4f87243 [CANDIDATE]: Term 23 pre-election: Vote granted by peer b01d528fd3c74eb5b42b8d4888591ed2 (127.18.62.194:38185)
I1017 23:33:22.506131 19644 leader_election.cc:278] T 9b4b2dea960941bcb38197b51c55baf4 P 0ecfe08279804cb0888b118fc4f87243 [CANDIDATE]: Term 23 pre-election: Election decided. Result: candidate won.
I1017 23:33:22.506330 20988 raft_consensus.cc:2840] T 9b4b2dea960941bcb38197b51c55baf4 P 0ecfe08279804cb0888b118fc4f87243: Snoozing failure detection for 1.502s (election complete)
I1017 23:33:22.506414 20988 raft_consensus.cc:2646] T 9b4b2dea960941bcb38197b51c55baf4 P 0ecfe08279804cb0888b118fc4f87243 [term 22 FOLLOWER]: Leader pre-election won for term 23
I1017 23:33:22.506460 20988 raft_consensus.cc:471] T 9b4b2dea960941bcb38197b51c55baf4 P 0ecfe08279804cb0888b118fc4f87243 [term 22 FOLLOWER]: Starting leader election (no leader contacted us within the election timeout)
I1017 23:33:22.506518 20988 raft_consensus.cc:2840] T 9b4b2dea960941bcb38197b51c55baf4 P 0ecfe08279804cb0888b118fc4f87243: Snoozing failure detection for 2.056s (starting election)
I1017 23:33:22.506556 20988 raft_consensus.cc:2892] T 9b4b2dea960941bcb38197b51c55baf4 P 0ecfe08279804cb0888b118fc4f87243 [term 22 FOLLOWER]: Advancing to term 23
I1017 23:33:22.508070 20988 raft_consensus.cc:493] T 9b4b2dea960941bcb38197b51c55baf4 P 0ecfe08279804cb0888b118fc4f87243 [term 23 FOLLOWER]: Starting leader election with config: opid_index: -1 OBSOLETE_local: false peers { permanent_uuid: "0ecfe08279804cb0888b118fc4f87243" member_type: VOTER last_known_addr { host: "127.18.62.193" port: 39726 } } peers { permanent_uuid: "b01d528fd3c74eb5b42b8d4888591ed2" member_type: VOTER last_known_addr { host: "127.18.62.194" port: 38185 } } peers { permanent_uuid: "1ad000b8f6704a80bc4330f4e0c41996" member_type: VOTER last_known_addr { host: "127.18.62.195" port: 55672 } }
I1017 23:33:22.508468 20988 leader_election.cc:251] T 9b4b2dea960941bcb38197b51c55baf4 P 0ecfe08279804cb0888b118fc4f87243 [CANDIDATE]: Term 23 election: Requesting vote from peer b01d528fd3c74eb5b42b8d4888591ed2 (127.18.62.194:38185)
I1017 23:33:22.508677 20988 leader_election.cc:251] T 9b4b2dea960941bcb38197b51c55baf4 P 0ecfe08279804cb0888b118fc4f87243 [CANDIDATE]: Term 23 election: Requesting vote from peer 1ad000b8f6704a80bc4330f4e0c41996 (127.18.62.195:55672)
I1017 23:33:22.509192 19839 tablet_service.cc:1001] Received RequestConsensusVote() RPC: tablet_id: "9b4b2dea960941bcb38197b51c55baf4" candidate_uuid: "0ecfe08279804cb0888b118fc4f87243" candidate_term: 23 candidate_status { last_received { term: 21 index: 140 } } ignore_live_leader: false dest_uuid: "b01d528fd3c74eb5b42b8d4888591ed2"
I1017 23:33:22.509310 19839 raft_consensus.cc:2892] T 9b4b2dea960941bcb38197b51c55baf4 P b01d528fd3c74eb5b42b8d4888591ed2 [term 22 FOLLOWER]: Advancing to term 23
I1017 23:33:22.509299 19960 tablet_service.cc:1001] Received RequestConsensusVote() RPC: tablet_id: "9b4b2dea960941bcb38197b51c55baf4" candidate_uuid: "0ecfe08279804cb0888b118fc4f87243" candidate_term: 23 candidate_status { last_received { term: 21 index: 140 } } ignore_live_leader: false dest_uuid: "1ad000b8f6704a80bc4330f4e0c41996"
I1017 23:33:22.509377 19839 raft_consensus.cc:2840] T 9b4b2dea960941bcb38197b51c55baf4 P b01d528fd3c74eb5b42b8d4888591ed2: Snoozing failure detection for 1.905s (vote granted)
I1017 23:33:22.509457 19960 raft_consensus.cc:2299] T 9b4b2dea960941bcb38197b51c55baf4 P 1ad000b8f6704a80bc4330f4e0c41996 [term 23 FOLLOWER]: Leader election vote request: Denying vote to candidate 0ecfe08279804cb0888b118fc4f87243 for term 23 because replica has last-logged OpId of term: 22 index: 140, which is greater than that of the candidate, which has last-logged OpId of term: 21 index: 140.
I1017 23:33:22.509884 19646 leader_election.cc:401] T 9b4b2dea960941bcb38197b51c55baf4 P 0ecfe08279804cb0888b118fc4f87243 [CANDIDATE]: Term 23 election: Vote denied by peer 1ad000b8f6704a80bc4330f4e0c41996 (127.18.62.195:55672). Message: Invalid argument: T 9b4b2dea960941bcb38197b51c55baf4 P 1ad000b8f6704a80bc4330f4e0c41996 [term 23 FOLLOWER]: Leader election vote request: Denying vote to candidate 0ecfe08279804cb0888b118fc4f87243 for term 23 because replica has last-logged OpId of term: 22 index: 140, which is greater than that of the candidate, which has last-logged OpId of term: 21 index: 140.
I1017 23:33:22.510782 19839 raft_consensus.cc:2352] T 9b4b2dea960941bcb38197b51c55baf4 P b01d528fd3c74eb5b42b8d4888591ed2 [term 23 FOLLOWER]: Leader election vote request: Granting yes vote for candidate 0ecfe08279804cb0888b118fc4f87243 in term 23.
I1017 23:33:22.511163 19644 leader_election.cc:387] T 9b4b2dea960941bcb38197b51c55baf4 P 0ecfe08279804cb0888b118fc4f87243 [CANDIDATE]: Term 23 election: Vote granted by peer b01d528fd3c74eb5b42b8d4888591ed2 (127.18.62.194:38185)
I1017 23:33:22.511221 19644 leader_election.cc:278] T 9b4b2dea960941bcb38197b51c55baf4 P 0ecfe08279804cb0888b118fc4f87243 [CANDIDATE]: Term 23 election: Election decided. Result: candidate won.
I1017 23:33:22.511409 20988 raft_consensus.cc:2840] T 9b4b2dea960941bcb38197b51c55baf4 P 0ecfe08279804cb0888b118fc4f87243: Snoozing failure detection for 1.921s (election complete)
I1017 23:33:22.511508 20988 raft_consensus.cc:2646] T 9b4b2dea960941bcb38197b51c55baf4 P 0ecfe08279804cb0888b118fc4f87243 [term 23 FOLLOWER]: Leader election won for term 23
I1017 23:33:22.511822 20988 raft_consensus.cc:666] T 9b4b2dea960941bcb38197b51c55baf4 P 0ecfe08279804cb0888b118fc4f87243 [term 23 LEADER]: Becoming Leader. State: Replica: 0ecfe08279804cb0888b118fc4f87243, State: Running, Role: LEADER
I1017 23:33:22.512104 20988 consensus_queue.cc:206] T 9b4b2dea960941bcb38197b51c55baf4 P 0ecfe08279804cb0888b118fc4f87243 [LEADER]: Queue going to LEADER mode. State: All replicated index: 0, Majority replicated index: 129, Committed index: 129, Last appended: 21.140, Last appended by leader: 140, Current term: 23, Majority size: 2, State: 0, Mode: LEADER, active raft config: opid_index: -1 OBSOLETE_local: false peers { permanent_uuid: "0ecfe08279804cb0888b118fc4f87243" member_type: VOTER last_known_addr { host: "127.18.62.193" port: 39726 } } peers { permanent_uuid: "b01d528fd3c74eb5b42b8d4888591ed2" member_type: VOTER last_known_addr { host: "127.18.62.194" port: 38185 } } peers { permanent_uuid: "1ad000b8f6704a80bc4330f4e0c41996" member_type: VOTER last_known_addr { host: "127.18.62.195" port: 55672 } }
I1017 23:33:22.514708 19590 catalog_manager.cc:3758] T 9b4b2dea960941bcb38197b51c55baf4 P 0ecfe08279804cb0888b118fc4f87243 reported cstate change: term changed from 22 to 23, leader changed from 1ad000b8f6704a80bc4330f4e0c41996 (127.18.62.195) to 0ecfe08279804cb0888b118fc4f87243 (127.18.62.193). New cstate: current_term: 23 leader_uuid: "0ecfe08279804cb0888b118fc4f87243" committed_config { opid_index: -1 OBSOLETE_local: false peers { permanent_uuid: "0ecfe08279804cb0888b118fc4f87243" member_type: VOTER last_known_addr { host: "127.18.62.193" port: 39726 } health_report { overall_health: HEALTHY } } peers { permanent_uuid: "b01d528fd3c74eb5b42b8d4888591ed2" member_type: VOTER last_known_addr { host: "127.18.62.194" port: 38185 } health_report { overall_health: UNKNOWN } } peers { permanent_uuid: "1ad000b8f6704a80bc4330f4e0c41996" member_type: VOTER last_known_addr { host: "127.18.62.195" port: 55672 } health_report { overall_health: UNKNOWN } } }
W1017 23:33:22.774174 20996 flags.cc:406] Enabled unsafe flag: --never_fsync=true
I1017 23:33:22.832926 19711 tablet_service.cc:1146] Received LeaderStepDown RPC: tablet_id: "9b4b2dea960941bcb38197b51c55baf4" dest_uuid: "0ecfe08279804cb0888b118fc4f87243" mode: ABRUPT from {username='jenkins'} at 127.18.62.193:35364
I1017 23:33:22.833086 19711 raft_consensus.cc:568] T 9b4b2dea960941bcb38197b51c55baf4 P 0ecfe08279804cb0888b118fc4f87243 [term 23 LEADER]: Received request to step down
I1017 23:33:22.833148 19711 raft_consensus.cc:2887] T 9b4b2dea960941bcb38197b51c55baf4 P 0ecfe08279804cb0888b118fc4f87243 [term 23 LEADER]: Stepping down as leader of term 23
I1017 23:33:22.833190 19711 raft_consensus.cc:704] T 9b4b2dea960941bcb38197b51c55baf4 P 0ecfe08279804cb0888b118fc4f87243 [term 23 LEADER]: Becoming Follower/Learner. State: Replica: 0ecfe08279804cb0888b118fc4f87243, State: Running, Role: LEADER
I1017 23:33:22.833425 19711 consensus_queue.cc:229] T 9b4b2dea960941bcb38197b51c55baf4 P 0ecfe08279804cb0888b118fc4f87243 [NON_LEADER]: Queue going to NON_LEADER mode. State: All replicated index: 0, Majority replicated index: 129, Committed index: 129, Last appended: 23.141, Last appended by leader: 141, Current term: 23, Majority size: -1, State: 0, Mode: NON_LEADER, active raft config: opid_index: -1 OBSOLETE_local: false peers { permanent_uuid: "0ecfe08279804cb0888b118fc4f87243" member_type: VOTER last_known_addr { host: "127.18.62.193" port: 39726 } } peers { permanent_uuid: "b01d528fd3c74eb5b42b8d4888591ed2" member_type: VOTER last_known_addr { host: "127.18.62.194" port: 38185 } } peers { permanent_uuid: "1ad000b8f6704a80bc4330f4e0c41996" member_type: VOTER last_known_addr { host: "127.18.62.195" port: 55672 } }
I1017 23:33:22.833590 19711 consensus_peers.cc:469] T 9b4b2dea960941bcb38197b51c55baf4 P 0ecfe08279804cb0888b118fc4f87243 -> Peer 1ad000b8f6704a80bc4330f4e0c41996 (127.18.62.195:55672): Closing peer: 1ad000b8f6704a80bc4330f4e0c41996
I1017 23:33:22.833642 19711 consensus_peers.cc:469] T 9b4b2dea960941bcb38197b51c55baf4 P 0ecfe08279804cb0888b118fc4f87243 -> Peer b01d528fd3c74eb5b42b8d4888591ed2 (127.18.62.194:38185): Closing peer: b01d528fd3c74eb5b42b8d4888591ed2
I1017 23:33:22.833709 19711 raft_consensus.cc:2892] T 9b4b2dea960941bcb38197b51c55baf4 P 0ecfe08279804cb0888b118fc4f87243 [term 23 FOLLOWER]: Advancing to term 24
I1017 23:33:22.833763 19711 raft_consensus.cc:2840] T 9b4b2dea960941bcb38197b51c55baf4 P 0ecfe08279804cb0888b118fc4f87243: Snoozing failure detection for 3.000s (explicit stepdown request)
W1017 23:33:24.104557 21013 flags.cc:406] Enabled unsafe flag: --never_fsync=true
I1017 23:33:24.163753 19711 tablet_service.cc:1146] Received LeaderStepDown RPC: tablet_id: "9b4b2dea960941bcb38197b51c55baf4" dest_uuid: "0ecfe08279804cb0888b118fc4f87243" mode: GRACEFUL from {username='jenkins'} at 127.18.62.193:35366
I1017 23:33:24.163905 19711 raft_consensus.cc:583] T 9b4b2dea960941bcb38197b51c55baf4 P 0ecfe08279804cb0888b118fc4f87243 [term 24 FOLLOWER]: Received request to transfer leadership
I1017 23:33:24.163964 19711 raft_consensus.cc:591] T 9b4b2dea960941bcb38197b51c55baf4 P 0ecfe08279804cb0888b118fc4f87243 [term 24 FOLLOWER]: Rejecting request to transer leadership while not leader
I1017 23:33:24.167490 21030 raft_consensus.cc:471] T 9b4b2dea960941bcb38197b51c55baf4 P 1ad000b8f6704a80bc4330f4e0c41996 [term 23 FOLLOWER]: Starting pre-election (no leader contacted us within the election timeout)
I1017 23:33:24.167608 21030 raft_consensus.cc:2840] T 9b4b2dea960941bcb38197b51c55baf4 P 1ad000b8f6704a80bc4330f4e0c41996: Snoozing failure detection for 2.030s (starting election)
I1017 23:33:24.167697 21030 raft_consensus.cc:493] T 9b4b2dea960941bcb38197b51c55baf4 P 1ad000b8f6704a80bc4330f4e0c41996 [term 23 FOLLOWER]: Starting pre-election with config: opid_index: -1 OBSOLETE_local: false peers { permanent_uuid: "0ecfe08279804cb0888b118fc4f87243" member_type: VOTER last_known_addr { host: "127.18.62.193" port: 39726 } } peers { permanent_uuid: "b01d528fd3c74eb5b42b8d4888591ed2" member_type: VOTER last_known_addr { host: "127.18.62.194" port: 38185 } } peers { permanent_uuid: "1ad000b8f6704a80bc4330f4e0c41996" member_type: VOTER last_known_addr { host: "127.18.62.195" port: 55672 } }
I1017 23:33:24.168278 21030 leader_election.cc:251] T 9b4b2dea960941bcb38197b51c55baf4 P 1ad000b8f6704a80bc4330f4e0c41996 [CANDIDATE]: Term 24 pre-election: Requesting pre-vote from peer 0ecfe08279804cb0888b118fc4f87243 (127.18.62.193:39726)
I1017 23:33:24.168581 21030 leader_election.cc:251] T 9b4b2dea960941bcb38197b51c55baf4 P 1ad000b8f6704a80bc4330f4e0c41996 [CANDIDATE]: Term 24 pre-election: Requesting pre-vote from peer b01d528fd3c74eb5b42b8d4888591ed2 (127.18.62.194:38185)
I1017 23:33:24.169196 19711 tablet_service.cc:1001] Received RequestConsensusVote() RPC: tablet_id: "9b4b2dea960941bcb38197b51c55baf4" candidate_uuid: "1ad000b8f6704a80bc4330f4e0c41996" candidate_term: 24 candidate_status { last_received { term: 22 index: 140 } } ignore_live_leader: false dest_uuid: "0ecfe08279804cb0888b118fc4f87243" is_pre_election: true
I1017 23:33:24.169416 19711 raft_consensus.cc:2299] T 9b4b2dea960941bcb38197b51c55baf4 P 0ecfe08279804cb0888b118fc4f87243 [term 24 FOLLOWER]: Leader pre-election vote request: Denying vote to candidate 1ad000b8f6704a80bc4330f4e0c41996 for term 24 because replica has last-logged OpId of term: 23 index: 141, which is greater than that of the candidate, which has last-logged OpId of term: 22 index: 140.
I1017 23:33:24.169497 19839 tablet_service.cc:1001] Received RequestConsensusVote() RPC: tablet_id: "9b4b2dea960941bcb38197b51c55baf4" candidate_uuid: "1ad000b8f6704a80bc4330f4e0c41996" candidate_term: 24 candidate_status { last_received { term: 22 index: 140 } } ignore_live_leader: false dest_uuid: "b01d528fd3c74eb5b42b8d4888591ed2" is_pre_election: true
I1017 23:33:24.169642 19839 raft_consensus.cc:2840] T 9b4b2dea960941bcb38197b51c55baf4 P b01d528fd3c74eb5b42b8d4888591ed2: Snoozing failure detection for 3.062s (vote granted)
I1017 23:33:24.169709 19839 raft_consensus.cc:2352] T 9b4b2dea960941bcb38197b51c55baf4 P b01d528fd3c74eb5b42b8d4888591ed2 [term 23 FOLLOWER]: Leader pre-election vote request: Granting yes vote for candidate 1ad000b8f6704a80bc4330f4e0c41996 in term 23.
I1017 23:33:24.169988 19893 leader_election.cc:401] T 9b4b2dea960941bcb38197b51c55baf4 P 1ad000b8f6704a80bc4330f4e0c41996 [CANDIDATE]: Term 24 pre-election: Vote denied by peer 0ecfe08279804cb0888b118fc4f87243 (127.18.62.193:39726). Message: Invalid argument: T 9b4b2dea960941bcb38197b51c55baf4 P 0ecfe08279804cb0888b118fc4f87243 [term 24 FOLLOWER]: Leader pre-election vote request: Denying vote to candidate 1ad000b8f6704a80bc4330f4e0c41996 for term 24 because replica has last-logged OpId of term: 23 index: 141, which is greater than that of the candidate, which has last-logged OpId of term: 22 index: 140.
I1017 23:33:24.170274 19893 leader_election.cc:387] T 9b4b2dea960941bcb38197b51c55baf4 P 1ad000b8f6704a80bc4330f4e0c41996 [CANDIDATE]: Term 24 pre-election: Vote granted by peer b01d528fd3c74eb5b42b8d4888591ed2 (127.18.62.194:38185)
I1017 23:33:24.170337 19893 leader_election.cc:278] T 9b4b2dea960941bcb38197b51c55baf4 P 1ad000b8f6704a80bc4330f4e0c41996 [CANDIDATE]: Term 24 pre-election: Election decided. Result: candidate won.
I1017 23:33:24.170574 21030 raft_consensus.cc:2840] T 9b4b2dea960941bcb38197b51c55baf4 P 1ad000b8f6704a80bc4330f4e0c41996: Snoozing failure detection for 1.982s (election complete) Illegal state: not currently leaderI1017 23:33:24.170650 21030 raft_consensus.cc:2646] T 9b4b2dea960941bcb38197b51c55baf4 P 1ad000b8f6704a80bc4330f4e0c41996 [term 23 FOLLOWER]: Leader pre-election won for term 24
I1017 23:33:24.170696 21030 raft_consensus.cc:471] T 9b4b2dea960941bcb38197b51c55baf4 P 1ad000b8f6704a80bc4330f4e0c41996 [term 23 FOLLOWER]: Starting leader election (no leader contacted us within the election timeout)
I1017 23:33:24.171193 21030 raft_consensus.cc:2840] T 9b4b2dea960941bcb38197b51c55baf4 P 1ad000b8f6704a80bc4330f4e0c41996: Snoozing failure detection for 1.876s (starting election)
I1017 23:33:24.171274 21030 raft_consensus.cc:2892] T 9b4b2dea960941bcb38197b51c55baf4 P 1ad000b8f6704a80bc4330f4e0c41996 [term 23 FOLLOWER]: Advancing to term 24
I1017 23:33:24.172706 21030 raft_consensus.cc:493] T 9b4b2dea960941bcb38197b51c55baf4 P 1ad000b8f6704a80bc4330f4e0c41996 [term 24 FOLLOWER]: Starting leader election with config: opid_index: -1 OBSOLETE_local: false peers { permanent_uuid: "0ecfe08279804cb0888b118fc4f87243" member_type: VOTER last_known_addr { host: "127.18.62.193" port: 39726 } } peers { permanent_uuid: "b01d528fd3c74eb5b42b8d4888591ed2" member_type: VOTER last_known_addr { host: "127.18.62.194" port: 38185 } } peers { permanent_uuid: "1ad000b8f6704a80bc4330f4e0c41996" member_type: VOTER last_known_addr { host: "127.18.62.195" port: 55672 } }
I1017 23:33:24.173023 21030 leader_election.cc:251] T 9b4b2dea960941bcb38197b51c55baf4 P 1ad000b8f6704a80bc4330f4e0c41996 [CANDIDATE]: Term 24 election: Requesting vote from peer 0ecfe08279804cb0888b118fc4f87243 (127.18.62.193:39726)
I1017 23:33:24.173193 21030 leader_election.cc:251] T 9b4b2dea960941bcb38197b51c55baf4 P 1ad000b8f6704a80bc4330f4e0c41996 [CANDIDATE]: Term 24 election: Requesting vote from peer b01d528fd3c74eb5b42b8d4888591ed2 (127.18.62.194:38185)
I1017 23:33:24.173779 19711 tablet_service.cc:1001] Received RequestConsensusVote() RPC: tablet_id: "9b4b2dea960941bcb38197b51c55baf4" candidate_uuid: "1ad000b8f6704a80bc4330f4e0c41996" candidate_term: 24 candidate_status { last_received { term: 22 index: 140 } } ignore_live_leader: false dest_uuid: "0ecfe08279804cb0888b118fc4f87243"
I1017 23:33:24.173933 19839 tablet_service.cc:1001] Received RequestConsensusVote() RPC: tablet_id: "9b4b2dea960941bcb38197b51c55baf4" candidate_uuid: "1ad000b8f6704a80bc4330f4e0c41996" candidate_term: 24 candidate_status { last_received { term: 22 index: 140 } } ignore_live_leader: false dest_uuid: "b01d528fd3c74eb5b42b8d4888591ed2"
I1017 23:33:24.173977 19711 raft_consensus.cc:2299] T 9b4b2dea960941bcb38197b51c55baf4 P 0ecfe08279804cb0888b118fc4f87243 [term 24 FOLLOWER]: Leader election vote request: Denying vote to candidate 1ad000b8f6704a80bc4330f4e0c41996 for term 24 because replica has last-logged OpId of term: 23 index: 141, which is greater than that of the candidate, which has last-logged OpId of term: 22 index: 140.
I1017 23:33:24.174041 19839 raft_consensus.cc:2892] T 9b4b2dea960941bcb38197b51c55baf4 P b01d528fd3c74eb5b42b8d4888591ed2 [term 23 FOLLOWER]: Advancing to term 24
I1017 23:33:24.174113 19839 raft_consensus.cc:2840] T 9b4b2dea960941bcb38197b51c55baf4 P b01d528fd3c74eb5b42b8d4888591ed2: Snoozing failure detection for 3.316s (vote granted)
I1017 23:33:24.174517 19893 leader_election.cc:401] T 9b4b2dea960941bcb38197b51c55baf4 P 1ad000b8f6704a80bc4330f4e0c41996 [CANDIDATE]: Term 24 election: Vote denied by peer 0ecfe08279804cb0888b118fc4f87243 (127.18.62.193:39726). Message: Invalid argument: T 9b4b2dea960941bcb38197b51c55baf4 P 0ecfe08279804cb0888b118fc4f87243 [term 24 FOLLOWER]: Leader election vote request: Denying vote to candidate 1ad000b8f6704a80bc4330f4e0c41996 for term 24 because replica has last-logged OpId of term: 23 index: 141, which is greater than that of the candidate, which has last-logged OpId of term: 22 index: 140.
I1017 23:33:24.175635 19839 raft_consensus.cc:2352] T 9b4b2dea960941bcb38197b51c55baf4 P b01d528fd3c74eb5b42b8d4888591ed2 [term 24 FOLLOWER]: Leader election vote request: Granting yes vote for candidate 1ad000b8f6704a80bc4330f4e0c41996 in term 24.
I1017 23:33:24.176106 19893 leader_election.cc:387] T 9b4b2dea960941bcb38197b51c55baf4 P 1ad000b8f6704a80bc4330f4e0c41996 [CANDIDATE]: Term 24 election: Vote granted by peer b01d528fd3c74eb5b42b8d4888591ed2 (127.18.62.194:38185)
I1017 23:33:24.176162 19893 leader_election.cc:278] T 9b4b2dea960941bcb38197b51c55baf4 P 1ad000b8f6704a80bc4330f4e0c41996 [CANDIDATE]: Term 24 election: Election decided. Result: candidate won.
I1017 23:33:24.176353 21030 raft_consensus.cc:2840] T 9b4b2dea960941bcb38197b51c55baf4 P 1ad000b8f6704a80bc4330f4e0c41996: Snoozing failure detection for 1.626s (election complete)
I1017 23:33:24.176448 21030 raft_consensus.cc:2646] T 9b4b2dea960941bcb38197b51c55baf4 P 1ad000b8f6704a80bc4330f4e0c41996 [term 24 FOLLOWER]: Leader election won for term 24
I1017 23:33:24.176800 21030 raft_consensus.cc:666] T 9b4b2dea960941bcb38197b51c55baf4 P 1ad000b8f6704a80bc4330f4e0c41996 [term 24 LEADER]: Becoming Leader. State: Replica: 1ad000b8f6704a80bc4330f4e0c41996, State: Running, Role: LEADER
I1017 23:33:24.177086 21030 consensus_queue.cc:206] T 9b4b2dea960941bcb38197b51c55baf4 P 1ad000b8f6704a80bc4330f4e0c41996 [LEADER]: Queue going to LEADER mode. State: All replicated index: 0, Majority replicated index: 129, Committed index: 129, Last appended: 22.140, Last appended by leader: 140, Current term: 24, Majority size: 2, State: 0, Mode: LEADER, active raft config: opid_index: -1 OBSOLETE_local: false peers { permanent_uuid: "0ecfe08279804cb0888b118fc4f87243" member_type: VOTER last_known_addr { host: "127.18.62.193" port: 39726 } } peers { permanent_uuid: "b01d528fd3c74eb5b42b8d4888591ed2" member_type: VOTER last_known_addr { host: "127.18.62.194" port: 38185 } } peers { permanent_uuid: "1ad000b8f6704a80bc4330f4e0c41996" member_type: VOTER last_known_addr { host: "127.18.62.195" port: 55672 } }
I1017 23:33:24.179527 19590 catalog_manager.cc:3758] T 9b4b2dea960941bcb38197b51c55baf4 P 1ad000b8f6704a80bc4330f4e0c41996 reported cstate change: term changed from 23 to 24, leader changed from 0ecfe08279804cb0888b118fc4f87243 (127.18.62.193) to 1ad000b8f6704a80bc4330f4e0c41996 (127.18.62.195). New cstate: current_term: 24 leader_uuid: "1ad000b8f6704a80bc4330f4e0c41996" committed_config { opid_index: -1 OBSOLETE_local: false peers { permanent_uuid: "0ecfe08279804cb0888b118fc4f87243" member_type: VOTER last_known_addr { host: "127.18.62.193" port: 39726 } health_report { overall_health: UNKNOWN } } peers { permanent_uuid: "b01d528fd3c74eb5b42b8d4888591ed2" member_type: VOTER last_known_addr { host: "127.18.62.194" port: 38185 } health_report { overall_health: UNKNOWN } } peers { permanent_uuid: "1ad000b8f6704a80bc4330f4e0c41996" member_type: VOTER last_known_addr { host: "127.18.62.195" port: 55672 } health_report { overall_health: HEALTHY } } }
W1017 23:33:24.436842 21038 flags.cc:406] Enabled unsafe flag: --never_fsync=true
I1017 23:33:24.499083 19960 tablet_service.cc:1146] Received LeaderStepDown RPC: tablet_id: "9b4b2dea960941bcb38197b51c55baf4" dest_uuid: "1ad000b8f6704a80bc4330f4e0c41996" mode: ABRUPT from {username='jenkins'} at 127.18.62.195:40110
I1017 23:33:24.499239 19960 raft_consensus.cc:568] T 9b4b2dea960941bcb38197b51c55baf4 P 1ad000b8f6704a80bc4330f4e0c41996 [term 24 LEADER]: Received request to step down
I1017 23:33:24.499300 19960 raft_consensus.cc:2887] T 9b4b2dea960941bcb38197b51c55baf4 P 1ad000b8f6704a80bc4330f4e0c41996 [term 24 LEADER]: Stepping down as leader of term 24
I1017 23:33:24.499341 19960 raft_consensus.cc:704] T 9b4b2dea960941bcb38197b51c55baf4 P 1ad000b8f6704a80bc4330f4e0c41996 [term 24 LEADER]: Becoming Follower/Learner. State: Replica: 1ad000b8f6704a80bc4330f4e0c41996, State: Running, Role: LEADER
I1017 23:33:24.499593 19960 consensus_queue.cc:229] T 9b4b2dea960941bcb38197b51c55baf4 P 1ad000b8f6704a80bc4330f4e0c41996 [NON_LEADER]: Queue going to NON_LEADER mode. State: All replicated index: 0, Majority replicated index: 129, Committed index: 129, Last appended: 24.141, Last appended by leader: 141, Current term: 24, Majority size: -1, State: 0, Mode: NON_LEADER, active raft config: opid_index: -1 OBSOLETE_local: false peers { permanent_uuid: "0ecfe08279804cb0888b118fc4f87243" member_type: VOTER last_known_addr { host: "127.18.62.193" port: 39726 } } peers { permanent_uuid: "b01d528fd3c74eb5b42b8d4888591ed2" member_type: VOTER last_known_addr { host: "127.18.62.194" port: 38185 } } peers { permanent_uuid: "1ad000b8f6704a80bc4330f4e0c41996" member_type: VOTER last_known_addr { host: "127.18.62.195" port: 55672 } }
I1017 23:33:24.499770 19960 consensus_peers.cc:469] T 9b4b2dea960941bcb38197b51c55baf4 P 1ad000b8f6704a80bc4330f4e0c41996 -> Peer b01d528fd3c74eb5b42b8d4888591ed2 (127.18.62.194:38185): Closing peer: b01d528fd3c74eb5b42b8d4888591ed2
I1017 23:33:24.499824 19960 consensus_peers.cc:469] T 9b4b2dea960941bcb38197b51c55baf4 P 1ad000b8f6704a80bc4330f4e0c41996 -> Peer 0ecfe08279804cb0888b118fc4f87243 (127.18.62.193:39726): Closing peer: 0ecfe08279804cb0888b118fc4f87243
I1017 23:33:24.499917 19960 raft_consensus.cc:2892] T 9b4b2dea960941bcb38197b51c55baf4 P 1ad000b8f6704a80bc4330f4e0c41996 [term 24 FOLLOWER]: Advancing to term 25
I1017 23:33:24.499990 19960 raft_consensus.cc:2840] T 9b4b2dea960941bcb38197b51c55baf4 P 1ad000b8f6704a80bc4330f4e0c41996: Snoozing failure detection for 3.000s (explicit stepdown request)
W1017 23:33:25.773572 21055 flags.cc:406] Enabled unsafe flag: --never_fsync=true
I1017 23:33:25.831809 19960 tablet_service.cc:1146] Received LeaderStepDown RPC: tablet_id: "9b4b2dea960941bcb38197b51c55baf4" dest_uuid: "1ad000b8f6704a80bc4330f4e0c41996" mode: GRACEFUL from {username='jenkins'} at 127.18.62.195:40112
I1017 23:33:25.831964 19960 raft_consensus.cc:583] T 9b4b2dea960941bcb38197b51c55baf4 P 1ad000b8f6704a80bc4330f4e0c41996 [term 25 FOLLOWER]: Received request to transfer leadership
I1017 23:33:25.832031 19960 raft_consensus.cc:591] T 9b4b2dea960941bcb38197b51c55baf4 P 1ad000b8f6704a80bc4330f4e0c41996 [term 25 FOLLOWER]: Rejecting request to transer leadership while not leader
I1017 23:33:25.834292 21072 raft_consensus.cc:471] T 9b4b2dea960941bcb38197b51c55baf4 P 0ecfe08279804cb0888b118fc4f87243 [term 24 FOLLOWER]: Starting pre-election (no leader contacted us within the election timeout)
I1017 23:33:25.834375 21072 raft_consensus.cc:2840] T 9b4b2dea960941bcb38197b51c55baf4 P 0ecfe08279804cb0888b118fc4f87243: Snoozing failure detection for 2.163s (starting election)
I1017 23:33:25.834478 21072 raft_consensus.cc:493] T 9b4b2dea960941bcb38197b51c55baf4 P 0ecfe08279804cb0888b118fc4f87243 [term 24 FOLLOWER]: Starting pre-election with config: opid_index: -1 OBSOLETE_local: false peers { permanent_uuid: "0ecfe08279804cb0888b118fc4f87243" member_type: VOTER last_known_addr { host: "127.18.62.193" port: 39726 } } peers { permanent_uuid: "b01d528fd3c74eb5b42b8d4888591ed2" member_type: VOTER last_known_addr { host: "127.18.62.194" port: 38185 } } peers { permanent_uuid: "1ad000b8f6704a80bc4330f4e0c41996" member_type: VOTER last_known_addr { host: "127.18.62.195" port: 55672 } }
I1017 23:33:25.835144 21072 leader_election.cc:251] T 9b4b2dea960941bcb38197b51c55baf4 P 0ecfe08279804cb0888b118fc4f87243 [CANDIDATE]: Term 25 pre-election: Requesting pre-vote from peer b01d528fd3c74eb5b42b8d4888591ed2 (127.18.62.194:38185)
I1017 23:33:25.835348 21072 leader_election.cc:251] T 9b4b2dea960941bcb38197b51c55baf4 P 0ecfe08279804cb0888b118fc4f87243 [CANDIDATE]: Term 25 pre-election: Requesting pre-vote from peer 1ad000b8f6704a80bc4330f4e0c41996 (127.18.62.195:55672)
I1017 23:33:25.836081 19839 tablet_service.cc:1001] Received RequestConsensusVote() RPC: tablet_id: "9b4b2dea960941bcb38197b51c55baf4" candidate_uuid: "0ecfe08279804cb0888b118fc4f87243" candidate_term: 25 candidate_status { last_received { term: 23 index: 141 } } ignore_live_leader: false dest_uuid: "b01d528fd3c74eb5b42b8d4888591ed2" is_pre_election: true
I1017 23:33:25.836246 19839 raft_consensus.cc:2840] T 9b4b2dea960941bcb38197b51c55baf4 P b01d528fd3c74eb5b42b8d4888591ed2: Snoozing failure detection for 2.001s (vote granted)
I1017 23:33:25.836258 19960 tablet_service.cc:1001] Received RequestConsensusVote() RPC: tablet_id: "9b4b2dea960941bcb38197b51c55baf4" candidate_uuid: "0ecfe08279804cb0888b118fc4f87243" candidate_term: 25 candidate_status { last_received { term: 23 index: 141 } } ignore_live_leader: false dest_uuid: "1ad000b8f6704a80bc4330f4e0c41996" is_pre_election: true
I1017 23:33:25.836319 19839 raft_consensus.cc:2352] T 9b4b2dea960941bcb38197b51c55baf4 P b01d528fd3c74eb5b42b8d4888591ed2 [term 24 FOLLOWER]: Leader pre-election vote request: Granting yes vote for candidate 0ecfe08279804cb0888b118fc4f87243 in term 24.
I1017 23:33:25.836402 19960 raft_consensus.cc:2299] T 9b4b2dea960941bcb38197b51c55baf4 P 1ad000b8f6704a80bc4330f4e0c41996 [term 25 FOLLOWER]: Leader pre-election vote request: Denying vote to candidate 0ecfe08279804cb0888b118fc4f87243 for term 25 because replica has last-logged OpId of term: 24 index: 141, which is greater than that of the candidate, which has last-logged OpId of term: 23 index: 141. Illegal state: not currently leaderI1017 23:33:25.836905 19644 leader_election.cc:387] T 9b4b2dea960941bcb38197b51c55baf4 P 0ecfe08279804cb0888b118fc4f87243 [CANDIDATE]: Term 25 pre-election: Vote granted by peer b01d528fd3c74eb5b42b8d4888591ed2 (127.18.62.194:38185)
I1017 23:33:25.836994 19644 leader_election.cc:278] T 9b4b2dea960941bcb38197b51c55baf4 P 0ecfe08279804cb0888b118fc4f87243 [CANDIDATE]: Term 25 pre-election: Election decided. Result: candidate won.
I1017 23:33:25.837090 19646 leader_election.cc:401] T 9b4b2dea960941bcb38197b51c55baf4 P 0ecfe08279804cb0888b118fc4f87243 [CANDIDATE]: Term 25 pre-election: Vote denied by peer 1ad000b8f6704a80bc4330f4e0c41996 (127.18.62.195:55672). Message: Invalid argument: T 9b4b2dea960941bcb38197b51c55baf4 P 1ad000b8f6704a80bc4330f4e0c41996 [term 25 FOLLOWER]: Leader pre-election vote request: Denying vote to candidate 0ecfe08279804cb0888b118fc4f87243 for term 25 because replica has last-logged OpId of term: 24 index: 141, which is greater than that of the candidate, which has last-logged OpId of term: 23 index: 141.
I1017 23:33:25.837203 21072 raft_consensus.cc:2840] T 9b4b2dea960941bcb38197b51c55baf4 P 0ecfe08279804cb0888b118fc4f87243: Snoozing failure detection for 1.668s (election complete)
I1017 23:33:25.837263 21072 raft_consensus.cc:2646] T 9b4b2dea960941bcb38197b51c55baf4 P 0ecfe08279804cb0888b118fc4f87243 [term 24 FOLLOWER]: Leader pre-election won for term 25
I1017 23:33:25.837301 21072 raft_consensus.cc:471] T 9b4b2dea960941bcb38197b51c55baf4 P 0ecfe08279804cb0888b118fc4f87243 [term 24 FOLLOWER]: Starting leader election (no leader contacted us within the election timeout)
I1017 23:33:25.837342 21072 raft_consensus.cc:2840] T 9b4b2dea960941bcb38197b51c55baf4 P 0ecfe08279804cb0888b118fc4f87243: Snoozing failure detection for 1.574s (starting election)
I1017 23:33:25.837389 21072 raft_consensus.cc:2892] T 9b4b2dea960941bcb38197b51c55baf4 P 0ecfe08279804cb0888b118fc4f87243 [term 24 FOLLOWER]: Advancing to term 25
I1017 23:33:25.838824 21072 raft_consensus.cc:493] T 9b4b2dea960941bcb38197b51c55baf4 P 0ecfe08279804cb0888b118fc4f87243 [term 25 FOLLOWER]: Starting leader election with config: opid_index: -1 OBSOLETE_local: false peers { permanent_uuid: "0ecfe08279804cb0888b118fc4f87243" member_type: VOTER last_known_addr { host: "127.18.62.193" port: 39726 } } peers { permanent_uuid: "b01d528fd3c74eb5b42b8d4888591ed2" member_type: VOTER last_known_addr { host: "127.18.62.194" port: 38185 } } peers { permanent_uuid: "1ad000b8f6704a80bc4330f4e0c41996" member_type: VOTER last_known_addr { host: "127.18.62.195" port: 55672 } }
I1017 23:33:25.839124 21072 leader_election.cc:251] T 9b4b2dea960941bcb38197b51c55baf4 P 0ecfe08279804cb0888b118fc4f87243 [CANDIDATE]: Term 25 election: Requesting vote from peer b01d528fd3c74eb5b42b8d4888591ed2 (127.18.62.194:38185)
I1017 23:33:25.839273 21072 leader_election.cc:251] T 9b4b2dea960941bcb38197b51c55baf4 P 0ecfe08279804cb0888b118fc4f87243 [CANDIDATE]: Term 25 election: Requesting vote from peer 1ad000b8f6704a80bc4330f4e0c41996 (127.18.62.195:55672)
I1017 23:33:25.839851 19839 tablet_service.cc:1001] Received RequestConsensusVote() RPC: tablet_id: "9b4b2dea960941bcb38197b51c55baf4" candidate_uuid: "0ecfe08279804cb0888b118fc4f87243" candidate_term: 25 candidate_status { last_received { term: 23 index: 141 } } ignore_live_leader: false dest_uuid: "b01d528fd3c74eb5b42b8d4888591ed2"
I1017 23:33:25.839936 19960 tablet_service.cc:1001] Received RequestConsensusVote() RPC: tablet_id: "9b4b2dea960941bcb38197b51c55baf4" candidate_uuid: "0ecfe08279804cb0888b118fc4f87243" candidate_term: 25 candidate_status { last_received { term: 23 index: 141 } } ignore_live_leader: false dest_uuid: "1ad000b8f6704a80bc4330f4e0c41996"
I1017 23:33:25.840000 19839 raft_consensus.cc:2892] T 9b4b2dea960941bcb38197b51c55baf4 P b01d528fd3c74eb5b42b8d4888591ed2 [term 24 FOLLOWER]: Advancing to term 25
I1017 23:33:25.840062 19839 raft_consensus.cc:2840] T 9b4b2dea960941bcb38197b51c55baf4 P b01d528fd3c74eb5b42b8d4888591ed2: Snoozing failure detection for 2.440s (vote granted)
I1017 23:33:25.840083 19960 raft_consensus.cc:2299] T 9b4b2dea960941bcb38197b51c55baf4 P 1ad000b8f6704a80bc4330f4e0c41996 [term 25 FOLLOWER]: Leader election vote request: Denying vote to candidate 0ecfe08279804cb0888b118fc4f87243 for term 25 because replica has last-logged OpId of term: 24 index: 141, which is greater than that of the candidate, which has last-logged OpId of term: 23 index: 141.
I1017 23:33:25.840557 19646 leader_election.cc:401] T 9b4b2dea960941bcb38197b51c55baf4 P 0ecfe08279804cb0888b118fc4f87243 [CANDIDATE]: Term 25 election: Vote denied by peer 1ad000b8f6704a80bc4330f4e0c41996 (127.18.62.195:55672). Message: Invalid argument: T 9b4b2dea960941bcb38197b51c55baf4 P 1ad000b8f6704a80bc4330f4e0c41996 [term 25 FOLLOWER]: Leader election vote request: Denying vote to candidate 0ecfe08279804cb0888b118fc4f87243 for term 25 because replica has last-logged OpId of term: 24 index: 141, which is greater than that of the candidate, which has last-logged OpId of term: 23 index: 141.
I1017 23:33:25.841596 19839 raft_consensus.cc:2352] T 9b4b2dea960941bcb38197b51c55baf4 P b01d528fd3c74eb5b42b8d4888591ed2 [term 25 FOLLOWER]: Leader election vote request: Granting yes vote for candidate 0ecfe08279804cb0888b118fc4f87243 in term 25.
I1017 23:33:25.842097 19644 leader_election.cc:387] T 9b4b2dea960941bcb38197b51c55baf4 P 0ecfe08279804cb0888b118fc4f87243 [CANDIDATE]: Term 25 election: Vote granted by peer b01d528fd3c74eb5b42b8d4888591ed2 (127.18.62.194:38185)
I1017 23:33:25.842151 19644 leader_election.cc:278] T 9b4b2dea960941bcb38197b51c55baf4 P 0ecfe08279804cb0888b118fc4f87243 [CANDIDATE]: Term 25 election: Election decided. Result: candidate won.
I1017 23:33:25.842342 21072 raft_consensus.cc:2840] T 9b4b2dea960941bcb38197b51c55baf4 P 0ecfe08279804cb0888b118fc4f87243: Snoozing failure detection for 1.534s (election complete)
I1017 23:33:25.842856 21072 raft_consensus.cc:2646] T 9b4b2dea960941bcb38197b51c55baf4 P 0ecfe08279804cb0888b118fc4f87243 [term 25 FOLLOWER]: Leader election won for term 25
I1017 23:33:25.843137 21072 raft_consensus.cc:666] T 9b4b2dea960941bcb38197b51c55baf4 P 0ecfe08279804cb0888b118fc4f87243 [term 25 LEADER]: Becoming Leader. State: Replica: 0ecfe08279804cb0888b118fc4f87243, State: Running, Role: LEADER
I1017 23:33:25.843433 21072 consensus_queue.cc:206] T 9b4b2dea960941bcb38197b51c55baf4 P 0ecfe08279804cb0888b118fc4f87243 [LEADER]: Queue going to LEADER mode. State: All replicated index: 0, Majority replicated index: 129, Committed index: 129, Last appended: 23.141, Last appended by leader: 141, Current term: 25, Majority size: 2, State: 0, Mode: LEADER, active raft config: opid_index: -1 OBSOLETE_local: false peers { permanent_uuid: "0ecfe08279804cb0888b118fc4f87243" member_type: VOTER last_known_addr { host: "127.18.62.193" port: 39726 } } peers { permanent_uuid: "b01d528fd3c74eb5b42b8d4888591ed2" member_type: VOTER last_known_addr { host: "127.18.62.194" port: 38185 } } peers { permanent_uuid: "1ad000b8f6704a80bc4330f4e0c41996" member_type: VOTER last_known_addr { host: "127.18.62.195" port: 55672 } }
I1017 23:33:25.845794 19590 catalog_manager.cc:3758] T 9b4b2dea960941bcb38197b51c55baf4 P 0ecfe08279804cb0888b118fc4f87243 reported cstate change: term changed from 24 to 25, leader changed from 1ad000b8f6704a80bc4330f4e0c41996 (127.18.62.195) to 0ecfe08279804cb0888b118fc4f87243 (127.18.62.193). New cstate: current_term: 25 leader_uuid: "0ecfe08279804cb0888b118fc4f87243" committed_config { opid_index: -1 OBSOLETE_local: false peers { permanent_uuid: "0ecfe08279804cb0888b118fc4f87243" member_type: VOTER last_known_addr { host: "127.18.62.193" port: 39726 } health_report { overall_health: HEALTHY } } peers { permanent_uuid: "b01d528fd3c74eb5b42b8d4888591ed2" member_type: VOTER last_known_addr { host: "127.18.62.194" port: 38185 } health_report { overall_health: UNKNOWN } } peers { permanent_uuid: "1ad000b8f6704a80bc4330f4e0c41996" member_type: VOTER last_known_addr { host: "127.18.62.195" port: 55672 } health_report { overall_health: UNKNOWN } } }
W1017 23:33:26.104940 21080 flags.cc:406] Enabled unsafe flag: --never_fsync=true
I1017 23:33:26.163869 19711 tablet_service.cc:1146] Received LeaderStepDown RPC: tablet_id: "9b4b2dea960941bcb38197b51c55baf4" dest_uuid: "0ecfe08279804cb0888b118fc4f87243" mode: ABRUPT from {username='jenkins'} at 127.18.62.193:35372
I1017 23:33:26.164032 19711 raft_consensus.cc:568] T 9b4b2dea960941bcb38197b51c55baf4 P 0ecfe08279804cb0888b118fc4f87243 [term 25 LEADER]: Received request to step down
I1017 23:33:26.164098 19711 raft_consensus.cc:2887] T 9b4b2dea960941bcb38197b51c55baf4 P 0ecfe08279804cb0888b118fc4f87243 [term 25 LEADER]: Stepping down as leader of term 25
I1017 23:33:26.164139 19711 raft_consensus.cc:704] T 9b4b2dea960941bcb38197b51c55baf4 P 0ecfe08279804cb0888b118fc4f87243 [term 25 LEADER]: Becoming Follower/Learner. State: Replica: 0ecfe08279804cb0888b118fc4f87243, State: Running, Role: LEADER
I1017 23:33:26.164381 19711 consensus_queue.cc:229] T 9b4b2dea960941bcb38197b51c55baf4 P 0ecfe08279804cb0888b118fc4f87243 [NON_LEADER]: Queue going to NON_LEADER mode. State: All replicated index: 0, Majority replicated index: 129, Committed index: 129, Last appended: 25.142, Last appended by leader: 142, Current term: 25, Majority size: -1, State: 0, Mode: NON_LEADER, active raft config: opid_index: -1 OBSOLETE_local: false peers { permanent_uuid: "0ecfe08279804cb0888b118fc4f87243" member_type: VOTER last_known_addr { host: "127.18.62.193" port: 39726 } } peers { permanent_uuid: "b01d528fd3c74eb5b42b8d4888591ed2" member_type: VOTER last_known_addr { host: "127.18.62.194" port: 38185 } } peers { permanent_uuid: "1ad000b8f6704a80bc4330f4e0c41996" member_type: VOTER last_known_addr { host: "127.18.62.195" port: 55672 } }
I1017 23:33:26.164543 19711 consensus_peers.cc:469] T 9b4b2dea960941bcb38197b51c55baf4 P 0ecfe08279804cb0888b118fc4f87243 -> Peer 1ad000b8f6704a80bc4330f4e0c41996 (127.18.62.195:55672): Closing peer: 1ad000b8f6704a80bc4330f4e0c41996
I1017 23:33:26.164600 19711 consensus_peers.cc:469] T 9b4b2dea960941bcb38197b51c55baf4 P 0ecfe08279804cb0888b118fc4f87243 -> Peer b01d528fd3c74eb5b42b8d4888591ed2 (127.18.62.194:38185): Closing peer: b01d528fd3c74eb5b42b8d4888591ed2
I1017 23:33:26.164675 19711 raft_consensus.cc:2892] T 9b4b2dea960941bcb38197b51c55baf4 P 0ecfe08279804cb0888b118fc4f87243 [term 25 FOLLOWER]: Advancing to term 26
I1017 23:33:26.164744 19711 raft_consensus.cc:2840] T 9b4b2dea960941bcb38197b51c55baf4 P 0ecfe08279804cb0888b118fc4f87243: Snoozing failure detection for 3.000s (explicit stepdown request)
W1017 23:33:27.436125 21101 flags.cc:406] Enabled unsafe flag: --never_fsync=true
I1017 23:33:27.496881 19711 tablet_service.cc:1146] Received LeaderStepDown RPC: tablet_id: "9b4b2dea960941bcb38197b51c55baf4" dest_uuid: "0ecfe08279804cb0888b118fc4f87243" mode: GRACEFUL from {username='jenkins'} at 127.18.62.193:35375
I1017 23:33:27.497046 19711 raft_consensus.cc:583] T 9b4b2dea960941bcb38197b51c55baf4 P 0ecfe08279804cb0888b118fc4f87243 [term 26 FOLLOWER]: Received request to transfer leadership
I1017 23:33:27.497112 19711 raft_consensus.cc:591] T 9b4b2dea960941bcb38197b51c55baf4 P 0ecfe08279804cb0888b118fc4f87243 [term 26 FOLLOWER]: Rejecting request to transer leadership while not leader Illegal state: not currently leaderI1017 23:33:27.500583 21118 raft_consensus.cc:471] T 9b4b2dea960941bcb38197b51c55baf4 P 1ad000b8f6704a80bc4330f4e0c41996 [term 25 FOLLOWER]: Starting pre-election (no leader contacted us within the election timeout)
I1017 23:33:27.500684 21118 raft_consensus.cc:2840] T 9b4b2dea960941bcb38197b51c55baf4 P 1ad000b8f6704a80bc4330f4e0c41996: Snoozing failure detection for 1.947s (starting election)
I1017 23:33:27.500768 21118 raft_consensus.cc:493] T 9b4b2dea960941bcb38197b51c55baf4 P 1ad000b8f6704a80bc4330f4e0c41996 [term 25 FOLLOWER]: Starting pre-election with config: opid_index: -1 OBSOLETE_local: false peers { permanent_uuid: "0ecfe08279804cb0888b118fc4f87243" member_type: VOTER last_known_addr { host: "127.18.62.193" port: 39726 } } peers { permanent_uuid: "b01d528fd3c74eb5b42b8d4888591ed2" member_type: VOTER last_known_addr { host: "127.18.62.194" port: 38185 } } peers { permanent_uuid: "1ad000b8f6704a80bc4330f4e0c41996" member_type: VOTER last_known_addr { host: "127.18.62.195" port: 55672 } }
