I1017 23:32:46.119609 19759 fs_report.cc:352] FS layout report -------------------- wal directory: /data/somelongdirectorytoavoidrpathissues/src/kudutest/kudu-admin-test.5.AdminCliTest.TestSimultaneousLeaderTransferAndAbruptStepdown.1539844356806883-18683/raft_consensus-itest-cluster/ts-1/wal metadata directory: /data/somelongdirectorytoavoidrpathissues/src/kudutest/kudu-admin-test.5.AdminCliTest.TestSimultaneousLeaderTransferAndAbruptStepdown.1539844356806883-18683/raft_consensus-itest-cluster/ts-1/wal 1 data directories: /data/somelongdirectorytoavoidrpathissues/src/kudutest/kudu-admin-test.5.AdminCliTest.TestSimultaneousLeaderTransferAndAbruptStepdown.1539844356806883-18683/raft_consensus-itest-cluster/ts-1/data/data Total live blocks: 0 Total live bytes: 0 Total live bytes (after alignment): 0 Total number of LBM containers: 0 (0 full) Did not check for missing blocks Did not check for orphaned blocks Total full LBM containers with extra space: 0 (0 repaired) Total full LBM container extra space in bytes: 0 (0 repaired) Total incomplete LBM containers: 0 (0 repaired) Total LBM partial records: 0 (0 repaired)
I1017 23:32:46.162113 19759 env_posix.cc:1671] Raising this process' running threads per effective uid limit from 32768 to 65536
I1017 23:32:46.164103 19759 ts_tablet_manager.cc:356] Loaded tablet metadata (0 live tablets)
I1017 23:32:46.164501 19759 tablet_server_main.cc:90] Starting tablet server...
I1017 23:32:46.256381 19759 rpc_server.cc:205] RPC server started. Bound to: 127.18.62.194:38185
I1017 23:32:46.256851 19759 webserver.cc:175] Starting webserver on 127.18.62.194:0
I1017 23:32:46.256887 19759 webserver.cc:186] Document root disabled
I1017 23:32:46.257645 19759 webserver.cc:313] Webserver started. Bound to: http://127.18.62.194:47318/
I1017 23:32:46.258227 19759 server_base.cc:607] Dumped server information to /data/somelongdirectorytoavoidrpathissues/src/kudutest/kudu-admin-test.5.AdminCliTest.TestSimultaneousLeaderTransferAndAbruptStepdown.1539844356806883-18683/raft_consensus-itest-cluster/ts-1/data/info.pb
I1017 23:32:46.260138 19759 tablet_server_main.cc:93] Tablet server successfully started.
I1017 23:32:46.268121 18683 external_mini_cluster.cc:907] Started /data/somelongdirectorytoavoidrpathissues/src/kudu/build/asan/bin/kudu-tserver as pid 19759
I1017 23:32:46.268728 18683 external_mini_cluster.cc:845] Running /data/somelongdirectorytoavoidrpathissues/src/kudu/build/asan/bin/kudu-tserver /data/somelongdirectorytoavoidrpathissues/src/kudu/build/asan/bin/kudu-tserver --fs_wal_dir=/data/somelongdirectorytoavoidrpathissues/src/kudutest/kudu-admin-test.5.AdminCliTest.TestSimultaneousLeaderTransferAndAbruptStepdown.1539844356806883-18683/raft_consensus-itest-cluster/ts-2/wal --fs_data_dirs=/data/somelongdirectorytoavoidrpathissues/src/kudutest/kudu-admin-test.5.AdminCliTest.TestSimultaneousLeaderTransferAndAbruptStepdown.1539844356806883-18683/raft_consensus-itest-cluster/ts-2/data --block_manager=log --rpc_bind_addresses=127.18.62.195:0 --local_ip_for_outbound_sockets=127.18.62.195 --webserver_interface=127.18.62.195 --webserver_port=0 --tserver_master_addrs=127.18.62.254:59590 --never_fsync --ipki_server_key_size=1024 --enable_minidumps=false --redact=none --metrics_log_interval_ms=1000 --logtostderr --logbuflevel=-1 --log_dir=/data/somelongdirectorytoavoidrpathissues/src/kudutest/kudu-admin-test.5.AdminCliTest.TestSimultaneousLeaderTransferAndAbruptStepdown.1539844356806883-18683/raft_consensus-itest-cluster/ts-2/logs --server_dump_info_path=/data/somelongdirectorytoavoidrpathissues/src/kudutest/kudu-admin-test.5.AdminCliTest.TestSimultaneousLeaderTransferAndAbruptStepdown.1539844356806883-18683/raft_consensus-itest-cluster/ts-2/data/info.pb --server_dump_info_format=pb --rpc_server_allow_ephemeral_ports --unlock_experimental_flags --unlock_unsafe_flags --log_cache_size_limit_mb=10 --consensus_rpc_timeout_ms=30000 with env {}
I1017 23:32:46.275929 19882 heartbeater.cc:346] Connected to a master server at 127.18.62.254:59590
I1017 23:32:46.276078 19882 heartbeater.cc:426] Registering TS with master...
I1017 23:32:46.276643 19882 heartbeater.cc:475] Master 127.18.62.254:59590 requested a full tablet report, sending...
I1017 23:32:46.277721 19592 ts_manager.cc:98] Registered new tserver with Master: b01d528fd3c74eb5b42b8d4888591ed2 (127.18.62.194:38185)
I1017 23:32:46.279063 19592 master_service.cc:253] Signed X509 certificate for tserver {username='jenkins'} at 127.18.62.194:55568 WARNING: Logging before InitGoogleLogging() is written to STDERR
W1017 23:32:46.434903 19885 flags.cc:406] Enabled unsafe flag: --rpc_server_allow_ephemeral_ports=true
W1017 23:32:46.435118 19885 flags.cc:406] Enabled unsafe flag: --never_fsync=true
W1017 23:32:46.437083 19885 flags.cc:406] Enabled experimental flag: --ipki_server_key_size=1024
W1017 23:32:46.437172 19885 flags.cc:406] Enabled experimental flag: --local_ip_for_outbound_sockets=127.18.62.195
I1017 23:32:46.444169 19885 tablet_server_main.cc:78] Tablet server non-default flags: --log_cache_size_limit_mb=10 --fs_data_dirs=/data/somelongdirectorytoavoidrpathissues/src/kudutest/kudu-admin-test.5.AdminCliTest.TestSimultaneousLeaderTransferAndAbruptStepdown.1539844356806883-18683/raft_consensus-itest-cluster/ts-2/data --fs_wal_dir=/data/somelongdirectorytoavoidrpathissues/src/kudutest/kudu-admin-test.5.AdminCliTest.TestSimultaneousLeaderTransferAndAbruptStepdown.1539844356806883-18683/raft_consensus-itest-cluster/ts-2/wal --ipki_server_key_size=1024 --rpc_bind_addresses=127.18.62.195:0 --rpc_server_allow_ephemeral_ports=true --metrics_log_interval_ms=1000 --server_dump_info_format=pb --server_dump_info_path=/data/somelongdirectorytoavoidrpathissues/src/kudutest/kudu-admin-test.5.AdminCliTest.TestSimultaneousLeaderTransferAndAbruptStepdown.1539844356806883-18683/raft_consensus-itest-cluster/ts-2/data/info.pb --webserver_interface=127.18.62.195 --webserver_port=0 --tserver_master_addrs=127.18.62.254:59590 --never_fsync=true --redact=none --unlock_experimental_flags=true --unlock_unsafe_flags=true --enable_minidumps=false --local_ip_for_outbound_sockets=127.18.62.195 --log_dir=/data/somelongdirectorytoavoidrpathissues/src/kudutest/kudu-admin-test.5.AdminCliTest.TestSimultaneousLeaderTransferAndAbruptStepdown.1539844356806883-18683/raft_consensus-itest-cluster/ts-2/logs --logbuflevel=-1 --logtostderr=true Tablet server version: kudu 1.9.0-SNAPSHOT revision 7a4caf9660617c8dad2f95b939adec9eb1f9fd04 build type FASTDEBUG built by jenkins at 17 Oct 2018 22:26:55 PST on quasar-lixwuo-1.vpc.cloudera.com build id 166828 ASAN enabled
I1017 23:32:46.451840 19885 tablet_server_main.cc:85] Initializing tablet server...
I1017 23:32:46.453018 19885 system_ntp.cc:199] NTP initialized. Skew: 500ppm Current error: 751173us
I1017 23:32:46.454041 19885 fs_manager.cc:263] Metadata directory not provided
I1017 23:32:46.454097 19885 fs_manager.cc:269] Using write-ahead log directory (fs_wal_dir) as metadata directory
I1017 23:32:46.454751 19885 server_base.cc:432] Could not load existing FS layout: Not found: could not find a healthy instance file
I1017 23:32:46.454813 19885 server_base.cc:433] Attempting to create new FS layout instead
I1017 23:32:46.457921 19885 fs_manager.cc:602] Generated new instance metadata in path /data/somelongdirectorytoavoidrpathissues/src/kudutest/kudu-admin-test.5.AdminCliTest.TestSimultaneousLeaderTransferAndAbruptStepdown.1539844356806883-18683/raft_consensus-itest-cluster/ts-2/data/instance: uuid: "1ad000b8f6704a80bc4330f4e0c41996" format_stamp: "Formatted at 2018-10-18 06:32:46 on quasar-lixwuo-1.vpc.cloudera.com"
I1017 23:32:46.458442 19885 fs_manager.cc:602] Generated new instance metadata in path /data/somelongdirectorytoavoidrpathissues/src/kudutest/kudu-admin-test.5.AdminCliTest.TestSimultaneousLeaderTransferAndAbruptStepdown.1539844356806883-18683/raft_consensus-itest-cluster/ts-2/wal/instance: uuid: "1ad000b8f6704a80bc4330f4e0c41996" format_stamp: "Formatted at 2018-10-18 06:32:46 on quasar-lixwuo-1.vpc.cloudera.com"
I1017 23:32:46.466804 19885 fs_manager.cc:503] Time spent creating directory manager: real 0.008s user 0.004s sys 0.003s
I1017 23:32:46.468065 19885 env_posix.cc:1676] Not raising this process' open files per process limit of 32768; it is already as high as it can go
I1017 23:32:46.468493 19885 file_cache.cc:466] Constructed file cache lbm with capacity 13107
I1017 23:32:46.472141 19885 fs_manager.cc:419] Time spent opening block manager: real 0.002s user 0.001s sys 0.000s
I1017 23:32:46.472203 19885 fs_manager.cc:436] Opened local filesystem: /data/somelongdirectorytoavoidrpathissues/src/kudutest/kudu-admin-test.5.AdminCliTest.TestSimultaneousLeaderTransferAndAbruptStepdown.1539844356806883-18683/raft_consensus-itest-cluster/ts-2/data,/data/somelongdirectorytoavoidrpathissues/src/kudutest/kudu-admin-test.5.AdminCliTest.TestSimultaneousLeaderTransferAndAbruptStepdown.1539844356806883-18683/raft_consensus-itest-cluster/ts-2/wal uuid: "1ad000b8f6704a80bc4330f4e0c41996" format_stamp: "Formatted at 2018-10-18 06:32:46 on quasar-lixwuo-1.vpc.cloudera.com"
I1017 23:32:46.472321 19885 fs_report.cc:352] FS layout report -------------------- wal directory: /data/somelongdirectorytoavoidrpathissues/src/kudutest/kudu-admin-test.5.AdminCliTest.TestSimultaneousLeaderTransferAndAbruptStepdown.1539844356806883-18683/raft_consensus-itest-cluster/ts-2/wal metadata directory: /data/somelongdirectorytoavoidrpathissues/src/kudutest/kudu-admin-test.5.AdminCliTest.TestSimultaneousLeaderTransferAndAbruptStepdown.1539844356806883-18683/raft_consensus-itest-cluster/ts-2/wal 1 data directories: /data/somelongdirectorytoavoidrpathissues/src/kudutest/kudu-admin-test.5.AdminCliTest.TestSimultaneousLeaderTransferAndAbruptStepdown.1539844356806883-18683/raft_consensus-itest-cluster/ts-2/data/data Total live blocks: 0 Total live bytes: 0 Total live bytes (after alignment): 0 Total number of LBM containers: 0 (0 full) Did not check for missing blocks Did not check for orphaned blocks Total full LBM containers with extra space: 0 (0 repaired) Total full LBM container extra space in bytes: 0 (0 repaired) Total incomplete LBM containers: 0 (0 repaired) Total LBM partial records: 0 (0 repaired)
I1017 23:32:46.528708 19885 env_posix.cc:1671] Raising this process' running threads per effective uid limit from 32768 to 65536
I1017 23:32:46.530683 19885 ts_tablet_manager.cc:356] Loaded tablet metadata (0 live tablets)
I1017 23:32:46.531049 19885 tablet_server_main.cc:90] Starting tablet server...
I1017 23:32:46.621618 19885 rpc_server.cc:205] RPC server started. Bound to: 127.18.62.195:55672
I1017 23:32:46.622058 19885 webserver.cc:175] Starting webserver on 127.18.62.195:0
I1017 23:32:46.622094 19885 webserver.cc:186] Document root disabled
I1017 23:32:46.623317 19885 webserver.cc:313] Webserver started. Bound to: http://127.18.62.195:56449/
I1017 23:32:46.623914 19885 server_base.cc:607] Dumped server information to /data/somelongdirectorytoavoidrpathissues/src/kudutest/kudu-admin-test.5.AdminCliTest.TestSimultaneousLeaderTransferAndAbruptStepdown.1539844356806883-18683/raft_consensus-itest-cluster/ts-2/data/info.pb
I1017 23:32:46.626520 19885 tablet_server_main.cc:93] Tablet server successfully started.
I1017 23:32:46.630153 18683 external_mini_cluster.cc:907] Started /data/somelongdirectorytoavoidrpathissues/src/kudu/build/asan/bin/kudu-tserver as pid 19885
I1017 23:32:46.638694 20004 heartbeater.cc:346] Connected to a master server at 127.18.62.254:59590
I1017 23:32:46.638825 20004 heartbeater.cc:426] Registering TS with master...
I1017 23:32:46.639737 20004 heartbeater.cc:475] Master 127.18.62.254:59590 requested a full tablet report, sending...
I1017 23:32:46.640976 19591 ts_manager.cc:98] Registered new tserver with Master: 1ad000b8f6704a80bc4330f4e0c41996 (127.18.62.195:55672)
I1017 23:32:46.642079 19591 master_service.cc:253] Signed X509 certificate for tserver {username='jenkins'} at 127.18.62.195:57449
I1017 23:32:46.642623 18683 external_mini_cluster.cc:535] 3 TS(s) registered with all masters
I1017 23:32:46.652412 19591 catalog_manager.cc:1366] Servicing CreateTable request from {username='jenkins'} at 127.18.62.254:59277: name: "TestTable" schema { columns { name: "key" type: INT32 is_key: true is_nullable: false encoding: AUTO_ENCODING compression: DEFAULT_COMPRESSION cfile_block_size: 0 } columns { name: "int_val" type: INT32 is_key: false is_nullable: false encoding: AUTO_ENCODING compression: DEFAULT_COMPRESSION cfile_block_size: 0 } columns { name: "string_val" type: STRING is_key: false is_nullable: true encoding: AUTO_ENCODING compression: DEFAULT_COMPRESSION cfile_block_size: 0 } } num_replicas: 3 split_rows_range_bounds { } partition_schema { range_schema { columns { name: "key" } } }
W1017 23:32:46.657253 19591 catalog_manager.cc:1504] The number of live tablet servers is not enough to re-replicate a tablet replica of the newly created table TestTable in case of a server failure: 4 tablet servers would be needed, 3 are available. Consider bringing up more tablet servers.
I1017 23:32:46.677790 19692 tablet_service.cc:765] Processing CreateTablet for tablet 9b4b2dea960941bcb38197b51c55baf4 (table=TestTable [id=e9b0e25393464dc3965d604c5cff7330]), partition=RANGE (key) PARTITION UNBOUNDED
I1017 23:32:46.678380 19941 tablet_service.cc:765] Processing CreateTablet for tablet 9b4b2dea960941bcb38197b51c55baf4 (table=TestTable [id=e9b0e25393464dc3965d604c5cff7330]), partition=RANGE (key) PARTITION UNBOUNDED
I1017 23:32:46.678676 19692 data_dirs.cc:938] Could only allocate 1 dirs of requested 3 for tablet 9b4b2dea960941bcb38197b51c55baf4. 1 dirs total, 0 dirs full, 0 dirs failed
I1017 23:32:46.678988 19941 data_dirs.cc:938] Could only allocate 1 dirs of requested 3 for tablet 9b4b2dea960941bcb38197b51c55baf4. 1 dirs total, 0 dirs full, 0 dirs failed
I1017 23:32:46.684281 19819 tablet_service.cc:765] Processing CreateTablet for tablet 9b4b2dea960941bcb38197b51c55baf4 (table=TestTable [id=e9b0e25393464dc3965d604c5cff7330]), partition=RANGE (key) PARTITION UNBOUNDED
I1017 23:32:46.685079 19819 data_dirs.cc:938] Could only allocate 1 dirs of requested 3 for tablet 9b4b2dea960941bcb38197b51c55baf4. 1 dirs total, 0 dirs full, 0 dirs failed
I1017 23:32:46.690623 19692 ts_tablet_manager.cc:1173] T 9b4b2dea960941bcb38197b51c55baf4 P 0ecfe08279804cb0888b118fc4f87243: Registered tablet (data state: TABLET_DATA_READY)
I1017 23:32:46.691534 20024 ts_tablet_manager.cc:1028] T 9b4b2dea960941bcb38197b51c55baf4 P 0ecfe08279804cb0888b118fc4f87243: Bootstrapping tablet
I1017 23:32:46.692137 20024 tablet_bootstrap.cc:438] T 9b4b2dea960941bcb38197b51c55baf4 P 0ecfe08279804cb0888b118fc4f87243: Bootstrap starting.
I1017 23:32:46.692502 19941 ts_tablet_manager.cc:1173] T 9b4b2dea960941bcb38197b51c55baf4 P 1ad000b8f6704a80bc4330f4e0c41996: Registered tablet (data state: TABLET_DATA_READY)
I1017 23:32:46.694064 20025 ts_tablet_manager.cc:1028] T 9b4b2dea960941bcb38197b51c55baf4 P 1ad000b8f6704a80bc4330f4e0c41996: Bootstrapping tablet
I1017 23:32:46.694473 20025 tablet_bootstrap.cc:438] T 9b4b2dea960941bcb38197b51c55baf4 P 1ad000b8f6704a80bc4330f4e0c41996: Bootstrap starting.
I1017 23:32:46.696219 20024 tablet_bootstrap.cc:592] T 9b4b2dea960941bcb38197b51c55baf4 P 0ecfe08279804cb0888b118fc4f87243: No blocks or log segments found. Creating new log.
I1017 23:32:46.698140 20024 log.cc:525] T 9b4b2dea960941bcb38197b51c55baf4 P 0ecfe08279804cb0888b118fc4f87243: Log is configured to *not* fsync() on all Append() calls
I1017 23:32:46.698289 19819 ts_tablet_manager.cc:1173] T 9b4b2dea960941bcb38197b51c55baf4 P b01d528fd3c74eb5b42b8d4888591ed2: Registered tablet (data state: TABLET_DATA_READY)
I1017 23:32:46.698316 20025 tablet_bootstrap.cc:592] T 9b4b2dea960941bcb38197b51c55baf4 P 1ad000b8f6704a80bc4330f4e0c41996: No blocks or log segments found. Creating new log.
I1017 23:32:46.699151 20025 log.cc:525] T 9b4b2dea960941bcb38197b51c55baf4 P 1ad000b8f6704a80bc4330f4e0c41996: Log is configured to *not* fsync() on all Append() calls
I1017 23:32:46.699832 20027 ts_tablet_manager.cc:1028] T 9b4b2dea960941bcb38197b51c55baf4 P b01d528fd3c74eb5b42b8d4888591ed2: Bootstrapping tablet
I1017 23:32:46.700151 20027 tablet_bootstrap.cc:438] T 9b4b2dea960941bcb38197b51c55baf4 P b01d528fd3c74eb5b42b8d4888591ed2: Bootstrap starting.
I1017 23:32:46.702796 20027 tablet_bootstrap.cc:592] T 9b4b2dea960941bcb38197b51c55baf4 P b01d528fd3c74eb5b42b8d4888591ed2: No blocks or log segments found. Creating new log.
I1017 23:32:46.703490 20027 log.cc:525] T 9b4b2dea960941bcb38197b51c55baf4 P b01d528fd3c74eb5b42b8d4888591ed2: Log is configured to *not* fsync() on all Append() calls
I1017 23:32:46.704825 20024 tablet_bootstrap.cc:438] T 9b4b2dea960941bcb38197b51c55baf4 P 0ecfe08279804cb0888b118fc4f87243: No bootstrap required, opened a new log
I1017 23:32:46.705049 20025 tablet_bootstrap.cc:438] T 9b4b2dea960941bcb38197b51c55baf4 P 1ad000b8f6704a80bc4330f4e0c41996: No bootstrap required, opened a new log
I1017 23:32:46.705054 20024 ts_tablet_manager.cc:1045] T 9b4b2dea960941bcb38197b51c55baf4 P 0ecfe08279804cb0888b118fc4f87243: Time spent bootstrapping tablet: real 0.013s user 0.003s sys 0.007s
I1017 23:32:46.705246 20025 ts_tablet_manager.cc:1045] T 9b4b2dea960941bcb38197b51c55baf4 P 1ad000b8f6704a80bc4330f4e0c41996: Time spent bootstrapping tablet: real 0.011s user 0.006s sys 0.003s
I1017 23:32:46.706627 20027 tablet_bootstrap.cc:438] T 9b4b2dea960941bcb38197b51c55baf4 P b01d528fd3c74eb5b42b8d4888591ed2: No bootstrap required, opened a new log
I1017 23:32:46.706789 20027 ts_tablet_manager.cc:1045] T 9b4b2dea960941bcb38197b51c55baf4 P b01d528fd3c74eb5b42b8d4888591ed2: Time spent bootstrapping tablet: real 0.007s user 0.001s sys 0.004s
I1017 23:32:46.713084 20027 raft_consensus.cc:339] T 9b4b2dea960941bcb38197b51c55baf4 P b01d528fd3c74eb5b42b8d4888591ed2 [term 0 FOLLOWER]: Replica starting. Triggering 0 pending transactions. Active config: opid_index: -1 OBSOLETE_local: false peers { permanent_uuid: "0ecfe08279804cb0888b118fc4f87243" member_type: VOTER last_known_addr { host: "127.18.62.193" port: 39726 } } peers { permanent_uuid: "b01d528fd3c74eb5b42b8d4888591ed2" member_type: VOTER last_known_addr { host: "127.18.62.194" port: 38185 } } peers { permanent_uuid: "1ad000b8f6704a80bc4330f4e0c41996" member_type: VOTER last_known_addr { host: "127.18.62.195" port: 55672 } }
I1017 23:32:46.713552 20027 raft_consensus.cc:365] T 9b4b2dea960941bcb38197b51c55baf4 P b01d528fd3c74eb5b42b8d4888591ed2 [term 0 FOLLOWER]: Consensus starting up: Expiring failure detector timer to make a prompt election more likely
I1017 23:32:46.713722 20027 raft_consensus.cc:704] T 9b4b2dea960941bcb38197b51c55baf4 P b01d528fd3c74eb5b42b8d4888591ed2 [term 0 FOLLOWER]: Becoming Follower/Learner. State: Replica: b01d528fd3c74eb5b42b8d4888591ed2, State: Initialized, Role: FOLLOWER
I1017 23:32:46.714164 20027 consensus_queue.cc:229] T 9b4b2dea960941bcb38197b51c55baf4 P b01d528fd3c74eb5b42b8d4888591ed2 [NON_LEADER]: Queue going to NON_LEADER mode. State: All replicated index: 0, Majority replicated index: 0, Committed index: 0, Last appended: 0.0, Last appended by leader: 0, Current term: 0, Majority size: -1, State: 0, Mode: NON_LEADER, active raft config: opid_index: -1 OBSOLETE_local: false peers { permanent_uuid: "0ecfe08279804cb0888b118fc4f87243" member_type: VOTER last_known_addr { host: "127.18.62.193" port: 39726 } } peers { permanent_uuid: "b01d528fd3c74eb5b42b8d4888591ed2" member_type: VOTER last_known_addr { host: "127.18.62.194" port: 38185 } } peers { permanent_uuid: "1ad000b8f6704a80bc4330f4e0c41996" member_type: VOTER last_known_addr { host: "127.18.62.195" port: 55672 } }
I1017 23:32:46.714170 20024 raft_consensus.cc:339] T 9b4b2dea960941bcb38197b51c55baf4 P 0ecfe08279804cb0888b118fc4f87243 [term 0 FOLLOWER]: Replica starting. Triggering 0 pending transactions. Active config: opid_index: -1 OBSOLETE_local: false peers { permanent_uuid: "0ecfe08279804cb0888b118fc4f87243" member_type: VOTER last_known_addr { host: "127.18.62.193" port: 39726 } } peers { permanent_uuid: "b01d528fd3c74eb5b42b8d4888591ed2" member_type: VOTER last_known_addr { host: "127.18.62.194" port: 38185 } } peers { permanent_uuid: "1ad000b8f6704a80bc4330f4e0c41996" member_type: VOTER last_known_addr { host: "127.18.62.195" port: 55672 } }
I1017 23:32:46.714623 20024 raft_consensus.cc:365] T 9b4b2dea960941bcb38197b51c55baf4 P 0ecfe08279804cb0888b118fc4f87243 [term 0 FOLLOWER]: Consensus starting up: Expiring failure detector timer to make a prompt election more likely
I1017 23:32:46.714357 20025 raft_consensus.cc:339] T 9b4b2dea960941bcb38197b51c55baf4 P 1ad000b8f6704a80bc4330f4e0c41996 [term 0 FOLLOWER]: Replica starting. Triggering 0 pending transactions. Active config: opid_index: -1 OBSOLETE_local: false peers { permanent_uuid: "0ecfe08279804cb0888b118fc4f87243" member_type: VOTER last_known_addr { host: "127.18.62.193" port: 39726 } } peers { permanent_uuid: "b01d528fd3c74eb5b42b8d4888591ed2" member_type: VOTER last_known_addr { host: "127.18.62.194" port: 38185 } } peers { permanent_uuid: "1ad000b8f6704a80bc4330f4e0c41996" member_type: VOTER last_known_addr { host: "127.18.62.195" port: 55672 } }
I1017 23:32:46.714726 20024 raft_consensus.cc:704] T 9b4b2dea960941bcb38197b51c55baf4 P 0ecfe08279804cb0888b118fc4f87243 [term 0 FOLLOWER]: Becoming Follower/Learner. State: Replica: 0ecfe08279804cb0888b118fc4f87243, State: Initialized, Role: FOLLOWER
I1017 23:32:46.714787 20025 raft_consensus.cc:365] T 9b4b2dea960941bcb38197b51c55baf4 P 1ad000b8f6704a80bc4330f4e0c41996 [term 0 FOLLOWER]: Consensus starting up: Expiring failure detector timer to make a prompt election more likely
I1017 23:32:46.714890 20025 raft_consensus.cc:704] T 9b4b2dea960941bcb38197b51c55baf4 P 1ad000b8f6704a80bc4330f4e0c41996 [term 0 FOLLOWER]: Becoming Follower/Learner. State: Replica: 1ad000b8f6704a80bc4330f4e0c41996, State: Initialized, Role: FOLLOWER
I1017 23:32:46.715240 20024 consensus_queue.cc:229] T 9b4b2dea960941bcb38197b51c55baf4 P 0ecfe08279804cb0888b118fc4f87243 [NON_LEADER]: Queue going to NON_LEADER mode. State: All replicated index: 0, Majority replicated index: 0, Committed index: 0, Last appended: 0.0, Last appended by leader: 0, Current term: 0, Majority size: -1, State: 0, Mode: NON_LEADER, active raft config: opid_index: -1 OBSOLETE_local: false peers { permanent_uuid: "0ecfe08279804cb0888b118fc4f87243" member_type: VOTER last_known_addr { host: "127.18.62.193" port: 39726 } } peers { permanent_uuid: "b01d528fd3c74eb5b42b8d4888591ed2" member_type: VOTER last_known_addr { host: "127.18.62.194" port: 38185 } } peers { permanent_uuid: "1ad000b8f6704a80bc4330f4e0c41996" member_type: VOTER last_known_addr { host: "127.18.62.195" port: 55672 } }
I1017 23:32:46.715715 19882 heartbeater.cc:467] Master 127.18.62.254:59590 was elected leader, sending a full tablet report...
I1017 23:32:46.715301 20025 consensus_queue.cc:229] T 9b4b2dea960941bcb38197b51c55baf4 P 1ad000b8f6704a80bc4330f4e0c41996 [NON_LEADER]: Queue going to NON_LEADER mode. State: All replicated index: 0, Majority replicated index: 0, Committed index: 0, Last appended: 0.0, Last appended by leader: 0, Current term: 0, Majority size: -1, State: 0, Mode: NON_LEADER, active raft config: opid_index: -1 OBSOLETE_local: false peers { permanent_uuid: "0ecfe08279804cb0888b118fc4f87243" member_type: VOTER last_known_addr { host: "127.18.62.193" port: 39726 } } peers { permanent_uuid: "b01d528fd3c74eb5b42b8d4888591ed2" member_type: VOTER last_known_addr { host: "127.18.62.194" port: 38185 } } peers { permanent_uuid: "1ad000b8f6704a80bc4330f4e0c41996" member_type: VOTER last_known_addr { host: "127.18.62.195" port: 55672 } }
I1017 23:32:46.716895 20027 ts_tablet_manager.cc:1073] T 9b4b2dea960941bcb38197b51c55baf4 P b01d528fd3c74eb5b42b8d4888591ed2: Time spent starting tablet: real 0.010s user 0.005s sys 0.004s
I1017 23:32:46.717265 19755 heartbeater.cc:467] Master 127.18.62.254:59590 was elected leader, sending a full tablet report...
I1017 23:32:46.717698 20024 ts_tablet_manager.cc:1073] T 9b4b2dea960941bcb38197b51c55baf4 P 0ecfe08279804cb0888b118fc4f87243: Time spent starting tablet: real 0.013s user 0.010s sys 0.003s
I1017 23:32:46.719143 20004 heartbeater.cc:467] Master 127.18.62.254:59590 was elected leader, sending a full tablet report...
I1017 23:32:46.719781 20025 ts_tablet_manager.cc:1073] T 9b4b2dea960941bcb38197b51c55baf4 P 1ad000b8f6704a80bc4330f4e0c41996: Time spent starting tablet: real 0.014s user 0.007s sys 0.007s
W1017 23:32:46.760478 19883 tablet.cc:1744] T 9b4b2dea960941bcb38197b51c55baf4 P b01d528fd3c74eb5b42b8d4888591ed2: Can't schedule compaction. Clean time has not been advanced past its initial value.
I1017 23:32:46.873937 20032 raft_consensus.cc:471] T 9b4b2dea960941bcb38197b51c55baf4 P 1ad000b8f6704a80bc4330f4e0c41996 [term 0 FOLLOWER]: Starting pre-election (no leader contacted us within the election timeout)
I1017 23:32:46.874449 20032 raft_consensus.cc:2840] T 9b4b2dea960941bcb38197b51c55baf4 P 1ad000b8f6704a80bc4330f4e0c41996: Snoozing failure detection for 1.665s (starting election)
I1017 23:32:46.874562 20032 raft_consensus.cc:493] T 9b4b2dea960941bcb38197b51c55baf4 P 1ad000b8f6704a80bc4330f4e0c41996 [term 0 FOLLOWER]: Starting pre-election with config: opid_index: -1 OBSOLETE_local: false peers { permanent_uuid: "0ecfe08279804cb0888b118fc4f87243" member_type: VOTER last_known_addr { host: "127.18.62.193" port: 39726 } } peers { permanent_uuid: "b01d528fd3c74eb5b42b8d4888591ed2" member_type: VOTER last_known_addr { host: "127.18.62.194" port: 38185 } } peers { permanent_uuid: "1ad000b8f6704a80bc4330f4e0c41996" member_type: VOTER last_known_addr { host: "127.18.62.195" port: 55672 } }
I1017 23:32:46.875721 20032 leader_election.cc:251] T 9b4b2dea960941bcb38197b51c55baf4 P 1ad000b8f6704a80bc4330f4e0c41996 [CANDIDATE]: Term 1 pre-election: Requesting pre-vote from peer 0ecfe08279804cb0888b118fc4f87243 (127.18.62.193:39726)
I1017 23:32:46.876044 20032 leader_election.cc:251] T 9b4b2dea960941bcb38197b51c55baf4 P 1ad000b8f6704a80bc4330f4e0c41996 [CANDIDATE]: Term 1 pre-election: Requesting pre-vote from peer b01d528fd3c74eb5b42b8d4888591ed2 (127.18.62.194:38185)
W1017 23:32:46.876981 20005 tablet.cc:1744] T 9b4b2dea960941bcb38197b51c55baf4 P 1ad000b8f6704a80bc4330f4e0c41996: Can't schedule compaction. Clean time has not been advanced past its initial value.
I1017 23:32:46.882231 19712 tablet_service.cc:1001] Received RequestConsensusVote() RPC: tablet_id: "9b4b2dea960941bcb38197b51c55baf4" candidate_uuid: "1ad000b8f6704a80bc4330f4e0c41996" candidate_term: 1 candidate_status { last_received { term: 0 index: 0 } } ignore_live_leader: false dest_uuid: "0ecfe08279804cb0888b118fc4f87243" is_pre_election: true
I1017 23:32:46.883021 19712 raft_consensus.cc:2840] T 9b4b2dea960941bcb38197b51c55baf4 P 0ecfe08279804cb0888b118fc4f87243: Snoozing failure detection for 2.085s (vote granted)
I1017 23:32:46.883128 19712 raft_consensus.cc:2352] T 9b4b2dea960941bcb38197b51c55baf4 P 0ecfe08279804cb0888b118fc4f87243 [term 0 FOLLOWER]: Leader pre-election vote request: Granting yes vote for candidate 1ad000b8f6704a80bc4330f4e0c41996 in term 0.
I1017 23:32:46.883494 19839 tablet_service.cc:1001] Received RequestConsensusVote() RPC: tablet_id: "9b4b2dea960941bcb38197b51c55baf4" candidate_uuid: "1ad000b8f6704a80bc4330f4e0c41996" candidate_term: 1 candidate_status { last_received { term: 0 index: 0 } } ignore_live_leader: false dest_uuid: "b01d528fd3c74eb5b42b8d4888591ed2" is_pre_election: true
I1017 23:32:46.883704 19839 raft_consensus.cc:2840] T 9b4b2dea960941bcb38197b51c55baf4 P b01d528fd3c74eb5b42b8d4888591ed2: Snoozing failure detection for 1.840s (vote granted)
I1017 23:32:46.883719 19893 leader_election.cc:387] T 9b4b2dea960941bcb38197b51c55baf4 P 1ad000b8f6704a80bc4330f4e0c41996 [CANDIDATE]: Term 1 pre-election: Vote granted by peer 0ecfe08279804cb0888b118fc4f87243 (127.18.62.193:39726)
I1017 23:32:46.883791 19893 leader_election.cc:278] T 9b4b2dea960941bcb38197b51c55baf4 P 1ad000b8f6704a80bc4330f4e0c41996 [CANDIDATE]: Term 1 pre-election: Election decided. Result: candidate won.
I1017 23:32:46.883785 19839 raft_consensus.cc:2352] T 9b4b2dea960941bcb38197b51c55baf4 P b01d528fd3c74eb5b42b8d4888591ed2 [term 0 FOLLOWER]: Leader pre-election vote request: Granting yes vote for candidate 1ad000b8f6704a80bc4330f4e0c41996 in term 0.
I1017 23:32:46.884066 20032 raft_consensus.cc:2840] T 9b4b2dea960941bcb38197b51c55baf4 P 1ad000b8f6704a80bc4330f4e0c41996: Snoozing failure detection for 1.951s (election complete)
I1017 23:32:46.884169 20032 raft_consensus.cc:2646] T 9b4b2dea960941bcb38197b51c55baf4 P 1ad000b8f6704a80bc4330f4e0c41996 [term 0 FOLLOWER]: Leader pre-election won for term 1
I1017 23:32:46.884306 20032 raft_consensus.cc:471] T 9b4b2dea960941bcb38197b51c55baf4 P 1ad000b8f6704a80bc4330f4e0c41996 [term 0 FOLLOWER]: Starting leader election (no leader contacted us within the election timeout)
I1017 23:32:46.884310 19893 leader_election.cc:387] T 9b4b2dea960941bcb38197b51c55baf4 P 1ad000b8f6704a80bc4330f4e0c41996 [CANDIDATE]: Term 1 pre-election: Vote granted by peer b01d528fd3c74eb5b42b8d4888591ed2 (127.18.62.194:38185)
I1017 23:32:46.884413 20032 raft_consensus.cc:2840] T 9b4b2dea960941bcb38197b51c55baf4 P 1ad000b8f6704a80bc4330f4e0c41996: Snoozing failure detection for 1.680s (starting election)
I1017 23:32:46.884506 20032 raft_consensus.cc:2892] T 9b4b2dea960941bcb38197b51c55baf4 P 1ad000b8f6704a80bc4330f4e0c41996 [term 0 FOLLOWER]: Advancing to term 1
I1017 23:32:46.886008 20032 raft_consensus.cc:493] T 9b4b2dea960941bcb38197b51c55baf4 P 1ad000b8f6704a80bc4330f4e0c41996 [term 1 FOLLOWER]: Starting leader election with config: opid_index: -1 OBSOLETE_local: false peers { permanent_uuid: "0ecfe08279804cb0888b118fc4f87243" member_type: VOTER last_known_addr { host: "127.18.62.193" port: 39726 } } peers { permanent_uuid: "b01d528fd3c74eb5b42b8d4888591ed2" member_type: VOTER last_known_addr { host: "127.18.62.194" port: 38185 } } peers { permanent_uuid: "1ad000b8f6704a80bc4330f4e0c41996" member_type: VOTER last_known_addr { host: "127.18.62.195" port: 55672 } }
I1017 23:32:46.886343 20032 leader_election.cc:251] T 9b4b2dea960941bcb38197b51c55baf4 P 1ad000b8f6704a80bc4330f4e0c41996 [CANDIDATE]: Term 1 election: Requesting vote from peer 0ecfe08279804cb0888b118fc4f87243 (127.18.62.193:39726)
I1017 23:32:46.886557 20032 leader_election.cc:251] T 9b4b2dea960941bcb38197b51c55baf4 P 1ad000b8f6704a80bc4330f4e0c41996 [CANDIDATE]: Term 1 election: Requesting vote from peer b01d528fd3c74eb5b42b8d4888591ed2 (127.18.62.194:38185)
I1017 23:32:46.887051 19712 tablet_service.cc:1001] Received RequestConsensusVote() RPC: tablet_id: "9b4b2dea960941bcb38197b51c55baf4" candidate_uuid: "1ad000b8f6704a80bc4330f4e0c41996" candidate_term: 1 candidate_status { last_received { term: 0 index: 0 } } ignore_live_leader: false dest_uuid: "0ecfe08279804cb0888b118fc4f87243"
I1017 23:32:46.887166 19712 raft_consensus.cc:2892] T 9b4b2dea960941bcb38197b51c55baf4 P 0ecfe08279804cb0888b118fc4f87243 [term 0 FOLLOWER]: Advancing to term 1
I1017 23:32:46.887257 19712 raft_consensus.cc:2840] T 9b4b2dea960941bcb38197b51c55baf4 P 0ecfe08279804cb0888b118fc4f87243: Snoozing failure detection for 2.198s (vote granted)
I1017 23:32:46.887228 19839 tablet_service.cc:1001] Received RequestConsensusVote() RPC: tablet_id: "9b4b2dea960941bcb38197b51c55baf4" candidate_uuid: "1ad000b8f6704a80bc4330f4e0c41996" candidate_term: 1 candidate_status { last_received { term: 0 index: 0 } } ignore_live_leader: false dest_uuid: "b01d528fd3c74eb5b42b8d4888591ed2"
I1017 23:32:46.887338 19839 raft_consensus.cc:2892] T 9b4b2dea960941bcb38197b51c55baf4 P b01d528fd3c74eb5b42b8d4888591ed2 [term 0 FOLLOWER]: Advancing to term 1
I1017 23:32:46.887414 19839 raft_consensus.cc:2840] T 9b4b2dea960941bcb38197b51c55baf4 P b01d528fd3c74eb5b42b8d4888591ed2: Snoozing failure detection for 1.583s (vote granted)
I1017 23:32:46.888685 19712 raft_consensus.cc:2352] T 9b4b2dea960941bcb38197b51c55baf4 P 0ecfe08279804cb0888b118fc4f87243 [term 1 FOLLOWER]: Leader election vote request: Granting yes vote for candidate 1ad000b8f6704a80bc4330f4e0c41996 in term 1.
I1017 23:32:46.888792 19839 raft_consensus.cc:2352] T 9b4b2dea960941bcb38197b51c55baf4 P b01d528fd3c74eb5b42b8d4888591ed2 [term 1 FOLLOWER]: Leader election vote request: Granting yes vote for candidate 1ad000b8f6704a80bc4330f4e0c41996 in term 1.
I1017 23:32:46.889130 19893 leader_election.cc:387] T 9b4b2dea960941bcb38197b51c55baf4 P 1ad000b8f6704a80bc4330f4e0c41996 [CANDIDATE]: Term 1 election: Vote granted by peer 0ecfe08279804cb0888b118fc4f87243 (127.18.62.193:39726)
I1017 23:32:46.889189 19893 leader_election.cc:278] T 9b4b2dea960941bcb38197b51c55baf4 P 1ad000b8f6704a80bc4330f4e0c41996 [CANDIDATE]: Term 1 election: Election decided. Result: candidate won.
I1017 23:32:46.889365 20032 raft_consensus.cc:2840] T 9b4b2dea960941bcb38197b51c55baf4 P 1ad000b8f6704a80bc4330f4e0c41996: Snoozing failure detection for 1.902s (election complete)
I1017 23:32:46.889509 19893 leader_election.cc:387] T 9b4b2dea960941bcb38197b51c55baf4 P 1ad000b8f6704a80bc4330f4e0c41996 [CANDIDATE]: Term 1 election: Vote granted by peer b01d528fd3c74eb5b42b8d4888591ed2 (127.18.62.194:38185)
I1017 23:32:46.889511 20032 raft_consensus.cc:2646] T 9b4b2dea960941bcb38197b51c55baf4 P 1ad000b8f6704a80bc4330f4e0c41996 [term 1 FOLLOWER]: Leader election won for term 1
I1017 23:32:46.890446 20032 raft_consensus.cc:666] T 9b4b2dea960941bcb38197b51c55baf4 P 1ad000b8f6704a80bc4330f4e0c41996 [term 1 LEADER]: Becoming Leader. State: Replica: 1ad000b8f6704a80bc4330f4e0c41996, State: Running, Role: LEADER
I1017 23:32:46.890900 20032 consensus_queue.cc:206] T 9b4b2dea960941bcb38197b51c55baf4 P 1ad000b8f6704a80bc4330f4e0c41996 [LEADER]: Queue going to LEADER mode. State: All replicated index: 0, Majority replicated index: 0, Committed index: 0, Last appended: 0.0, Last appended by leader: 0, Current term: 1, Majority size: 2, State: 0, Mode: LEADER, active raft config: opid_index: -1 OBSOLETE_local: false peers { permanent_uuid: "0ecfe08279804cb0888b118fc4f87243" member_type: VOTER last_known_addr { host: "127.18.62.193" port: 39726 } } peers { permanent_uuid: "b01d528fd3c74eb5b42b8d4888591ed2" member_type: VOTER last_known_addr { host: "127.18.62.194" port: 38185 } } peers { permanent_uuid: "1ad000b8f6704a80bc4330f4e0c41996" member_type: VOTER last_known_addr { host: "127.18.62.195" port: 55672 } }
I1017 23:32:46.894479 19592 catalog_manager.cc:3758] T 9b4b2dea960941bcb38197b51c55baf4 P 1ad000b8f6704a80bc4330f4e0c41996 reported cstate change: term changed from 0 to 1, leader changed from to 1ad000b8f6704a80bc4330f4e0c41996 (127.18.62.195). New cstate: current_term: 1 leader_uuid: "1ad000b8f6704a80bc4330f4e0c41996" committed_config { opid_index: -1 OBSOLETE_local: false peers { permanent_uuid: "0ecfe08279804cb0888b118fc4f87243" member_type: VOTER last_known_addr { host: "127.18.62.193" port: 39726 } health_report { overall_health: UNKNOWN } } peers { permanent_uuid: "b01d528fd3c74eb5b42b8d4888591ed2" member_type: VOTER last_known_addr { host: "127.18.62.194" port: 38185 } health_report { overall_health: UNKNOWN } } peers { permanent_uuid: "1ad000b8f6704a80bc4330f4e0c41996" member_type: VOTER last_known_addr { host: "127.18.62.195" port: 55672 } health_report { overall_health: HEALTHY } } }
W1017 23:32:46.898089 19756 tablet.cc:1744] T 9b4b2dea960941bcb38197b51c55baf4 P 0ecfe08279804cb0888b118fc4f87243: Can't schedule compaction. Clean time has not been advanced past its initial value.
I1017 23:32:46.900466 18683 external_mini_cluster.cc:535] 3 TS(s) registered with all masters
I1017 23:32:46.901643 18683 ts_itest-base.cc:233] Waiting for 1 tablets on tserver 0ecfe08279804cb0888b118fc4f87243 to finish bootstrapping
I1017 23:32:46.907099 18683 ts_itest-base.cc:233] Waiting for 1 tablets on tserver b01d528fd3c74eb5b42b8d4888591ed2 to finish bootstrapping
I1017 23:32:46.911895 18683 ts_itest-base.cc:233] Waiting for 1 tablets on tserver 1ad000b8f6704a80bc4330f4e0c41996 to finish bootstrapping
I1017 23:32:46.930219 18683 test_util.cc:209] Using random seed: -192933634
I1017 23:32:46.942847 18683 test_workload.cc:306] TestWorkload: Skipping table creation because table TestTable already exists
I1017 23:32:46.967241 19839 raft_consensus.cc:1180] T 9b4b2dea960941bcb38197b51c55baf4 P b01d528fd3c74eb5b42b8d4888591ed2 [term 1 FOLLOWER]: Refusing update from remote peer 1ad000b8f6704a80bc4330f4e0c41996: Log matching property violated. Preceding OpId in replica: term: 0 index: 0. Preceding OpId from leader: term: 1 index: 2. (index mismatch)
I1017 23:32:46.967371 19712 raft_consensus.cc:1180] T 9b4b2dea960941bcb38197b51c55baf4 P 0ecfe08279804cb0888b118fc4f87243 [term 1 FOLLOWER]: Refusing update from remote peer 1ad000b8f6704a80bc4330f4e0c41996: Log matching property violated. Preceding OpId in replica: term: 0 index: 0. Preceding OpId from leader: term: 1 index: 2. (index mismatch)
I1017 23:32:46.968605 20034 consensus_queue.cc:976] T 9b4b2dea960941bcb38197b51c55baf4 P 1ad000b8f6704a80bc4330f4e0c41996 [LEADER]: Connected to new peer: Peer: permanent_uuid: "b01d528fd3c74eb5b42b8d4888591ed2" member_type: VOTER last_known_addr { host: "127.18.62.194" port: 38185 }, Status: LMP_MISMATCH, Last received: 0.0, Next index: 1, Last known committed idx: 0, Time since last communication: 0.000s
I1017 23:32:46.969020 20032 consensus_queue.cc:976] T 9b4b2dea960941bcb38197b51c55baf4 P 1ad000b8f6704a80bc4330f4e0c41996 [LEADER]: Connected to new peer: Peer: permanent_uuid: "0ecfe08279804cb0888b118fc4f87243" member_type: VOTER last_known_addr { host: "127.18.62.193" port: 39726 }, Status: LMP_MISMATCH, Last received: 0.0, Next index: 1, Last known committed idx: 0, Time since last communication: 0.000s
W1017 23:32:47.217578 20043 flags.cc:406] Enabled unsafe flag: --never_fsync=true
I1017 23:32:47.302721 19961 tablet_service.cc:1146] Received LeaderStepDown RPC: tablet_id: "9b4b2dea960941bcb38197b51c55baf4" dest_uuid: "1ad000b8f6704a80bc4330f4e0c41996" mode: GRACEFUL from {username='jenkins'} at 127.18.62.195:40009
I1017 23:32:47.302925 19961 raft_consensus.cc:583] T 9b4b2dea960941bcb38197b51c55baf4 P 1ad000b8f6704a80bc4330f4e0c41996 [term 1 LEADER]: Received request to transfer leadership
I1017 23:32:47.303627 20034 raft_consensus.cc:902] Instructing follower b01d528fd3c74eb5b42b8d4888591ed2 to start an election
I1017 23:32:47.303843 20032 raft_consensus.cc:990] T 9b4b2dea960941bcb38197b51c55baf4 P 1ad000b8f6704a80bc4330f4e0c41996 [term 1 LEADER]: Signalling peer b01d528fd3c74eb5b42b8d4888591ed2to start an election
I1017 23:32:47.306358 19839 tablet_service.cc:1118] Received Run Leader Election RPC: tablet_id: "9b4b2dea960941bcb38197b51c55baf4" dest_uuid: "b01d528fd3c74eb5b42b8d4888591ed2" from {username='jenkins'} at 127.18.62.195:35243
I1017 23:32:47.306865 19839 raft_consensus.cc:471] T 9b4b2dea960941bcb38197b51c55baf4 P b01d528fd3c74eb5b42b8d4888591ed2 [term 1 FOLLOWER]: Starting forced leader election (received explicit request)
I1017 23:32:47.306980 19839 raft_consensus.cc:2840] T 9b4b2dea960941bcb38197b51c55baf4 P b01d528fd3c74eb5b42b8d4888591ed2: Snoozing failure detection for 2.235s (starting election)
I1017 23:32:47.307082 19839 raft_consensus.cc:2892] T 9b4b2dea960941bcb38197b51c55baf4 P b01d528fd3c74eb5b42b8d4888591ed2 [term 1 FOLLOWER]: Advancing to term 2
I1017 23:32:47.309052 19839 raft_consensus.cc:493] T 9b4b2dea960941bcb38197b51c55baf4 P b01d528fd3c74eb5b42b8d4888591ed2 [term 2 FOLLOWER]: Starting forced leader election with config: opid_index: -1 OBSOLETE_local: false peers { permanent_uuid: "0ecfe08279804cb0888b118fc4f87243" member_type: VOTER last_known_addr { host: "127.18.62.193" port: 39726 } } peers { permanent_uuid: "b01d528fd3c74eb5b42b8d4888591ed2" member_type: VOTER last_known_addr { host: "127.18.62.194" port: 38185 } } peers { permanent_uuid: "1ad000b8f6704a80bc4330f4e0c41996" member_type: VOTER last_known_addr { host: "127.18.62.195" port: 55672 } }
I1017 23:32:47.309772 19839 leader_election.cc:251] T 9b4b2dea960941bcb38197b51c55baf4 P b01d528fd3c74eb5b42b8d4888591ed2 [CANDIDATE]: Term 2 election: Requesting vote from peer 0ecfe08279804cb0888b118fc4f87243 (127.18.62.193:39726)
I1017 23:32:47.310036 19839 leader_election.cc:251] T 9b4b2dea960941bcb38197b51c55baf4 P b01d528fd3c74eb5b42b8d4888591ed2 [CANDIDATE]: Term 2 election: Requesting vote from peer 1ad000b8f6704a80bc4330f4e0c41996 (127.18.62.195:55672)
I1017 23:32:47.321497 19712 tablet_service.cc:1001] Received RequestConsensusVote() RPC: tablet_id: "9b4b2dea960941bcb38197b51c55baf4" candidate_uuid: "b01d528fd3c74eb5b42b8d4888591ed2" candidate_term: 2 candidate_status { last_received { term: 1 index: 56 } } ignore_live_leader: true dest_uuid: "0ecfe08279804cb0888b118fc4f87243"
I1017 23:32:47.321473 19961 tablet_service.cc:1001] Received RequestConsensusVote() RPC: tablet_id: "9b4b2dea960941bcb38197b51c55baf4" candidate_uuid: "b01d528fd3c74eb5b42b8d4888591ed2" candidate_term: 2 candidate_status { last_received { term: 1 index: 56 } } ignore_live_leader: true dest_uuid: "1ad000b8f6704a80bc4330f4e0c41996"
I1017 23:32:47.321640 19712 raft_consensus.cc:2892] T 9b4b2dea960941bcb38197b51c55baf4 P 0ecfe08279804cb0888b118fc4f87243 [term 1 FOLLOWER]: Advancing to term 2
I1017 23:32:47.321650 19961 raft_consensus.cc:2887] T 9b4b2dea960941bcb38197b51c55baf4 P 1ad000b8f6704a80bc4330f4e0c41996 [term 1 LEADER]: Stepping down as leader of term 1
I1017 23:32:47.321689 19961 raft_consensus.cc:704] T 9b4b2dea960941bcb38197b51c55baf4 P 1ad000b8f6704a80bc4330f4e0c41996 [term 1 LEADER]: Becoming Follower/Learner. State: Replica: 1ad000b8f6704a80bc4330f4e0c41996, State: Running, Role: LEADER
I1017 23:32:47.321743 19712 raft_consensus.cc:2840] T 9b4b2dea960941bcb38197b51c55baf4 P 0ecfe08279804cb0888b118fc4f87243: Snoozing failure detection for 2.071s (vote granted)
I1017 23:32:47.321920 19961 consensus_queue.cc:229] T 9b4b2dea960941bcb38197b51c55baf4 P 1ad000b8f6704a80bc4330f4e0c41996 [NON_LEADER]: Queue going to NON_LEADER mode. State: All replicated index: 0, Majority replicated index: 56, Committed index: 56, Last appended: 1.56, Last appended by leader: 56, Current term: 1, Majority size: -1, State: 0, Mode: NON_LEADER, active raft config: opid_index: -1 OBSOLETE_local: false peers { permanent_uuid: "0ecfe08279804cb0888b118fc4f87243" member_type: VOTER last_known_addr { host: "127.18.62.193" port: 39726 } } peers { permanent_uuid: "b01d528fd3c74eb5b42b8d4888591ed2" member_type: VOTER last_known_addr { host: "127.18.62.194" port: 38185 } } peers { permanent_uuid: "1ad000b8f6704a80bc4330f4e0c41996" member_type: VOTER last_known_addr { host: "127.18.62.195" port: 55672 } }
I1017 23:32:47.322100 19961 consensus_peers.cc:469] T 9b4b2dea960941bcb38197b51c55baf4 P 1ad000b8f6704a80bc4330f4e0c41996 -> Peer b01d528fd3c74eb5b42b8d4888591ed2 (127.18.62.194:38185): Closing peer: b01d528fd3c74eb5b42b8d4888591ed2
I1017 23:32:47.322176 19961 consensus_peers.cc:469] T 9b4b2dea960941bcb38197b51c55baf4 P 1ad000b8f6704a80bc4330f4e0c41996 -> Peer 0ecfe08279804cb0888b118fc4f87243 (127.18.62.193:39726): Closing peer: 0ecfe08279804cb0888b118fc4f87243
I1017 23:32:47.322368 19961 raft_consensus.cc:2892] T 9b4b2dea960941bcb38197b51c55baf4 P 1ad000b8f6704a80bc4330f4e0c41996 [term 1 FOLLOWER]: Advancing to term 2
I1017 23:32:47.322455 19961 raft_consensus.cc:2840] T 9b4b2dea960941bcb38197b51c55baf4 P 1ad000b8f6704a80bc4330f4e0c41996: Snoozing failure detection for 1.595s (vote granted)
I1017 23:32:47.323688 19712 raft_consensus.cc:2352] T 9b4b2dea960941bcb38197b51c55baf4 P 0ecfe08279804cb0888b118fc4f87243 [term 2 FOLLOWER]: Leader election vote request: Granting yes vote for candidate b01d528fd3c74eb5b42b8d4888591ed2 in term 2.
I1017 23:32:47.324234 19767 leader_election.cc:387] T 9b4b2dea960941bcb38197b51c55baf4 P b01d528fd3c74eb5b42b8d4888591ed2 [CANDIDATE]: Term 2 election: Vote granted by peer 0ecfe08279804cb0888b118fc4f87243 (127.18.62.193:39726)
I1017 23:32:47.324314 19767 leader_election.cc:278] T 9b4b2dea960941bcb38197b51c55baf4 P b01d528fd3c74eb5b42b8d4888591ed2 [CANDIDATE]: Term 2 election: Election decided. Result: candidate won.
I1017 23:32:47.324592 19961 raft_consensus.cc:2352] T 9b4b2dea960941bcb38197b51c55baf4 P 1ad000b8f6704a80bc4330f4e0c41996 [term 2 FOLLOWER]: Leader election vote request: Granting yes vote for candidate b01d528fd3c74eb5b42b8d4888591ed2 in term 2.
I1017 23:32:47.324671 20030 raft_consensus.cc:2840] T 9b4b2dea960941bcb38197b51c55baf4 P b01d528fd3c74eb5b42b8d4888591ed2: Snoozing failure detection for 1.981s (election complete)
I1017 23:32:47.324760 20030 raft_consensus.cc:2646] T 9b4b2dea960941bcb38197b51c55baf4 P b01d528fd3c74eb5b42b8d4888591ed2 [term 2 FOLLOWER]: Leader election won for term 2
I1017 23:32:47.325182 19769 leader_election.cc:387] T 9b4b2dea960941bcb38197b51c55baf4 P b01d528fd3c74eb5b42b8d4888591ed2 [CANDIDATE]: Term 2 election: Vote granted by peer 1ad000b8f6704a80bc4330f4e0c41996 (127.18.62.195:55672)
I1017 23:32:47.325668 20030 raft_consensus.cc:666] T 9b4b2dea960941bcb38197b51c55baf4 P b01d528fd3c74eb5b42b8d4888591ed2 [term 2 LEADER]: Becoming Leader. State: Replica: b01d528fd3c74eb5b42b8d4888591ed2, State: Running, Role: LEADER
I1017 23:32:47.326105 20030 consensus_queue.cc:206] T 9b4b2dea960941bcb38197b51c55baf4 P b01d528fd3c74eb5b42b8d4888591ed2 [LEADER]: Queue going to LEADER mode. State: All replicated index: 0, Majority replicated index: 56, Committed index: 56, Last appended: 1.56, Last appended by leader: 56, Current term: 2, Majority size: 2, State: 0, Mode: LEADER, active raft config: opid_index: -1 OBSOLETE_local: false peers { permanent_uuid: "0ecfe08279804cb0888b118fc4f87243" member_type: VOTER last_known_addr { host: "127.18.62.193" port: 39726 } } peers { permanent_uuid: "b01d528fd3c74eb5b42b8d4888591ed2" member_type: VOTER last_known_addr { host: "127.18.62.194" port: 38185 } } peers { permanent_uuid: "1ad000b8f6704a80bc4330f4e0c41996" member_type: VOTER last_known_addr { host: "127.18.62.195" port: 55672 } }
I1017 23:32:47.328711 19592 catalog_manager.cc:3758] T 9b4b2dea960941bcb38197b51c55baf4 P b01d528fd3c74eb5b42b8d4888591ed2 reported cstate change: term changed from 1 to 2, leader changed from 1ad000b8f6704a80bc4330f4e0c41996 (127.18.62.195) to b01d528fd3c74eb5b42b8d4888591ed2 (127.18.62.194). New cstate: current_term: 2 leader_uuid: "b01d528fd3c74eb5b42b8d4888591ed2" committed_config { opid_index: -1 OBSOLETE_local: false peers { permanent_uuid: "0ecfe08279804cb0888b118fc4f87243" member_type: VOTER last_known_addr { host: "127.18.62.193" port: 39726 } health_report { overall_health: UNKNOWN } } peers { permanent_uuid: "b01d528fd3c74eb5b42b8d4888591ed2" member_type: VOTER last_known_addr { host: "127.18.62.194" port: 38185 } health_report { overall_health: HEALTHY } } peers { permanent_uuid: "1ad000b8f6704a80bc4330f4e0c41996" member_type: VOTER last_known_addr { host: "127.18.62.195" port: 55672 } health_report { overall_health: UNKNOWN } } }
I1017 23:32:47.357599 19712 raft_consensus.cc:1180] T 9b4b2dea960941bcb38197b51c55baf4 P 0ecfe08279804cb0888b118fc4f87243 [term 2 FOLLOWER]: Refusing update from remote peer b01d528fd3c74eb5b42b8d4888591ed2: Log matching property violated. Preceding OpId in replica: term: 1 index: 56. Preceding OpId from leader: term: 2 index: 58. (index mismatch)
I1017 23:32:47.357900 19961 raft_consensus.cc:1180] T 9b4b2dea960941bcb38197b51c55baf4 P 1ad000b8f6704a80bc4330f4e0c41996 [term 2 FOLLOWER]: Refusing update from remote peer b01d528fd3c74eb5b42b8d4888591ed2: Log matching property violated. Preceding OpId in replica: term: 1 index: 56. Preceding OpId from leader: term: 2 index: 58. (index mismatch)
I1017 23:32:47.358268 20072 consensus_queue.cc:976] T 9b4b2dea960941bcb38197b51c55baf4 P b01d528fd3c74eb5b42b8d4888591ed2 [LEADER]: Connected to new peer: Peer: permanent_uuid: "0ecfe08279804cb0888b118fc4f87243" member_type: VOTER last_known_addr { host: "127.18.62.193" port: 39726 }, Status: LMP_MISMATCH, Last received: 0.0, Next index: 57, Last known committed idx: 56, Time since last communication: 0.000s
I1017 23:32:47.358734 20030 consensus_queue.cc:976] T 9b4b2dea960941bcb38197b51c55baf4 P b01d528fd3c74eb5b42b8d4888591ed2 [LEADER]: Connected to new peer: Peer: permanent_uuid: "1ad000b8f6704a80bc4330f4e0c41996" member_type: VOTER last_known_addr { host: "127.18.62.195" port: 55672 }, Status: LMP_MISMATCH, Last received: 0.0, Next index: 57, Last known committed idx: 56, Time since last communication: 0.000s
I1017 23:32:47.365633 20045 mvcc.cc:203] Tried to move safe_time back from 6307202528689979392 to 6307202528571133952. Current Snapshot: MvccSnapshot[committed={T|T < 6307202528689979392}]
W1017 23:32:47.667241 20074 flags.cc:406] Enabled unsafe flag: --never_fsync=true
I1017 23:32:47.771051 19839 tablet_service.cc:1146] Received LeaderStepDown RPC: tablet_id: "9b4b2dea960941bcb38197b51c55baf4" dest_uuid: "b01d528fd3c74eb5b42b8d4888591ed2" mode: ABRUPT from {username='jenkins'} at 127.18.62.194:54111
I1017 23:32:47.771333 19839 raft_consensus.cc:568] T 9b4b2dea960941bcb38197b51c55baf4 P b01d528fd3c74eb5b42b8d4888591ed2 [term 2 LEADER]: Received request to step down
I1017 23:32:47.771438 19839 raft_consensus.cc:2887] T 9b4b2dea960941bcb38197b51c55baf4 P b01d528fd3c74eb5b42b8d4888591ed2 [term 2 LEADER]: Stepping down as leader of term 2
I1017 23:32:47.771554 19839 raft_consensus.cc:704] T 9b4b2dea960941bcb38197b51c55baf4 P b01d528fd3c74eb5b42b8d4888591ed2 [term 2 LEADER]: Becoming Follower/Learner. State: Replica: b01d528fd3c74eb5b42b8d4888591ed2, State: Running, Role: LEADER
