W1017 23:32:42.153718 18773 connection.cc:512] client connection to 127.18.62.254:36993 recv error: Network error: failed to read from TLS socket (remote: 127.18.62.254:36993): Connection reset by peer (error 104)
W1017 23:32:42.153766 19018 connection.cc:512] client connection to 127.18.62.254:36993 recv error: Network error: failed to read from TLS socket (remote: 127.18.62.254:36993): Connection reset by peer (error 104)
W1017 23:32:42.153767 19140 connection.cc:512] client connection to 127.18.62.254:36993 recv error: Network error: failed to read from TLS socket (remote: 127.18.62.254:36993): Connection reset by peer (error 104)
I1017 23:32:42.154251 18683 external_mini_cluster.cc:845] Running /data/somelongdirectorytoavoidrpathissues/src/kudu/build/asan/bin/kudu-master /data/somelongdirectorytoavoidrpathissues/src/kudu/build/asan/bin/kudu-master --fs_wal_dir=/data/somelongdirectorytoavoidrpathissues/src/kudutest/kudu-admin-test.5.AdminCliTest.TestUnsafeChangeConfigLeaderWithPendingConfig.1539844356806883-18683/raft_consensus-itest-cluster/master-0/wal --fs_data_dirs=/data/somelongdirectorytoavoidrpathissues/src/kudutest/kudu-admin-test.5.AdminCliTest.TestUnsafeChangeConfigLeaderWithPendingConfig.1539844356806883-18683/raft_consensus-itest-cluster/master-0/data --block_manager=log --webserver_interface=localhost --ipki_ca_key_size=1024 --tsk_num_rsa_bits=512 --rpc_bind_addresses=127.18.62.254:36993 --webserver_interface=127.18.62.254 --webserver_port=52888 --never_fsync --ipki_server_key_size=1024 --enable_minidumps=false --redact=none --metrics_log_interval_ms=1000 --logtostderr --logbuflevel=-1 --log_dir=/data/somelongdirectorytoavoidrpathissues/src/kudutest/kudu-admin-test.5.AdminCliTest.TestUnsafeChangeConfigLeaderWithPendingConfig.1539844356806883-18683/raft_consensus-itest-cluster/master-0/logs --server_dump_info_path=/data/somelongdirectorytoavoidrpathissues/src/kudutest/kudu-admin-test.5.AdminCliTest.TestUnsafeChangeConfigLeaderWithPendingConfig.1539844356806883-18683/raft_consensus-itest-cluster/master-0/data/info.pb --server_dump_info_format=pb --rpc_server_allow_ephemeral_ports --unlock_experimental_flags --unlock_unsafe_flags --rpc_reuseport=true with env {}
W1017 23:32:42.307580 19127 heartbeater.cc:587] Failed to heartbeat to 127.18.62.254:36993: Network error: Failed to send heartbeat to master: Client connection negotiation failed: client connection to 127.18.62.254:36993: connect: Connection refused (error 111) WARNING: Logging before InitGoogleLogging() is written to STDERR
W1017 23:32:42.347293 19445 flags.cc:406] Enabled unsafe flag: --rpc_server_allow_ephemeral_ports=true
W1017 23:32:42.347553 19445 flags.cc:406] Enabled unsafe flag: --never_fsync=true
W1017 23:32:42.349865 19445 flags.cc:406] Enabled experimental flag: --ipki_ca_key_size=1024
W1017 23:32:42.349915 19445 flags.cc:406] Enabled experimental flag: --ipki_server_key_size=1024
W1017 23:32:42.349964 19445 flags.cc:406] Enabled experimental flag: --tsk_num_rsa_bits=512
W1017 23:32:42.350014 19445 flags.cc:406] Enabled experimental flag: --rpc_reuseport=true
I1017 23:32:42.358353 19445 master_main.cc:73] Master server non-default flags: --fs_data_dirs=/data/somelongdirectorytoavoidrpathissues/src/kudutest/kudu-admin-test.5.AdminCliTest.TestUnsafeChangeConfigLeaderWithPendingConfig.1539844356806883-18683/raft_consensus-itest-cluster/master-0/data --fs_wal_dir=/data/somelongdirectorytoavoidrpathissues/src/kudutest/kudu-admin-test.5.AdminCliTest.TestUnsafeChangeConfigLeaderWithPendingConfig.1539844356806883-18683/raft_consensus-itest-cluster/master-0/wal --ipki_ca_key_size=1024 --ipki_server_key_size=1024 --tsk_num_rsa_bits=512 --rpc_bind_addresses=127.18.62.254:36993 --rpc_reuseport=true --rpc_server_allow_ephemeral_ports=true --metrics_log_interval_ms=1000 --server_dump_info_format=pb --server_dump_info_path=/data/somelongdirectorytoavoidrpathissues/src/kudutest/kudu-admin-test.5.AdminCliTest.TestUnsafeChangeConfigLeaderWithPendingConfig.1539844356806883-18683/raft_consensus-itest-cluster/master-0/data/info.pb --webserver_interface=127.18.62.254 --webserver_port=52888 --never_fsync=true --redact=none --unlock_experimental_flags=true --unlock_unsafe_flags=true --enable_minidumps=false --log_dir=/data/somelongdirectorytoavoidrpathissues/src/kudutest/kudu-admin-test.5.AdminCliTest.TestUnsafeChangeConfigLeaderWithPendingConfig.1539844356806883-18683/raft_consensus-itest-cluster/master-0/logs --logbuflevel=-1 --logtostderr=true Master server version: kudu 1.9.0-SNAPSHOT revision 7a4caf9660617c8dad2f95b939adec9eb1f9fd04 build type FASTDEBUG built by jenkins at 17 Oct 2018 22:26:55 PST on quasar-lixwuo-1.vpc.cloudera.com build id 166828 ASAN enabled
I1017 23:32:42.365535 19445 master_main.cc:80] Initializing master server...
I1017 23:32:42.367108 19445 system_ntp.cc:199] NTP initialized. Skew: 500ppm Current error: 749173us
I1017 23:32:42.368224 19445 fs_manager.cc:263] Metadata directory not provided
I1017 23:32:42.368300 19445 fs_manager.cc:269] Using write-ahead log directory (fs_wal_dir) as metadata directory
I1017 23:32:42.375315 19445 fs_manager.cc:399] Time spent opening directory manager: real 0.005s user 0.001s sys 0.002s
I1017 23:32:42.376266 19445 env_posix.cc:1676] Not raising this process' open files per process limit of 32768; it is already as high as it can go
I1017 23:32:42.376708 19445 file_cache.cc:466] Constructed file cache lbm with capacity 13107
I1017 23:32:42.380408 19445 fs_manager.cc:419] Time spent opening block manager: real 0.002s user 0.000s sys 0.002s
I1017 23:32:42.380486 19445 fs_manager.cc:436] Opened local filesystem: /data/somelongdirectorytoavoidrpathissues/src/kudutest/kudu-admin-test.5.AdminCliTest.TestUnsafeChangeConfigLeaderWithPendingConfig.1539844356806883-18683/raft_consensus-itest-cluster/master-0/data,/data/somelongdirectorytoavoidrpathissues/src/kudutest/kudu-admin-test.5.AdminCliTest.TestUnsafeChangeConfigLeaderWithPendingConfig.1539844356806883-18683/raft_consensus-itest-cluster/master-0/wal uuid: "41a36d3babc44a5b89084f8c1b4598b2" format_stamp: "Formatted at 2018-10-18 06:32:37 on quasar-lixwuo-1.vpc.cloudera.com"
I1017 23:32:42.381846 19445 fs_report.cc:352] FS layout report -------------------- wal directory: /data/somelongdirectorytoavoidrpathissues/src/kudutest/kudu-admin-test.5.AdminCliTest.TestUnsafeChangeConfigLeaderWithPendingConfig.1539844356806883-18683/raft_consensus-itest-cluster/master-0/wal metadata directory: /data/somelongdirectorytoavoidrpathissues/src/kudutest/kudu-admin-test.5.AdminCliTest.TestUnsafeChangeConfigLeaderWithPendingConfig.1539844356806883-18683/raft_consensus-itest-cluster/master-0/wal 1 data directories: /data/somelongdirectorytoavoidrpathissues/src/kudutest/kudu-admin-test.5.AdminCliTest.TestUnsafeChangeConfigLeaderWithPendingConfig.1539844356806883-18683/raft_consensus-itest-cluster/master-0/data/data Total live blocks: 0 Total live bytes: 0 Total live bytes (after alignment): 0 Total number of LBM containers: 0 (0 full) Did not check for missing blocks Did not check for orphaned blocks Total full LBM containers with extra space: 0 (0 repaired) Total full LBM container extra space in bytes: 0 (0 repaired) Total incomplete LBM containers: 0 (0 repaired) Total LBM partial records: 0 (0 repaired)
I1017 23:32:42.417167 19445 env_posix.cc:1671] Raising this process' running threads per effective uid limit from 32768 to 65536
I1017 23:32:42.418203 19445 master_main.cc:83] Starting Master server...
I1017 23:32:42.457178 19445 rpc_server.cc:205] RPC server started. Bound to: 127.18.62.254:36993
I1017 23:32:42.457684 19445 webserver.cc:175] Starting webserver on 127.18.62.254:52888
I1017 23:32:42.457726 19445 webserver.cc:186] Document root disabled
I1017 23:32:42.458981 19445 webserver.cc:313] Webserver started. Bound to: http://127.18.62.254:52888/
I1017 23:32:42.459746 19445 server_base.cc:607] Dumped server information to /data/somelongdirectorytoavoidrpathissues/src/kudutest/kudu-admin-test.5.AdminCliTest.TestUnsafeChangeConfigLeaderWithPendingConfig.1539844356806883-18683/raft_consensus-itest-cluster/master-0/data/info.pb
I1017 23:32:42.466431 18683 external_mini_cluster.cc:907] Started /data/somelongdirectorytoavoidrpathissues/src/kudu/build/asan/bin/kudu-master as pid 19445
I1017 23:32:42.468601 19505 tablet_bootstrap.cc:438] T 00000000000000000000000000000000 P 41a36d3babc44a5b89084f8c1b4598b2: Bootstrap starting.
I1017 23:32:42.482290 19505 log.cc:525] T 00000000000000000000000000000000 P 41a36d3babc44a5b89084f8c1b4598b2: Log is configured to *not* fsync() on all Append() calls
I1017 23:32:42.491619 19505 tablet_bootstrap.cc:438] T 00000000000000000000000000000000 P 41a36d3babc44a5b89084f8c1b4598b2: Bootstrap replayed 1/1 log segments. Stats: ops{read=7 overwritten=0 applied=7 ignored=1} inserts{seen=4 ignored=0} mutations{seen=2 ignored=0} orphaned_commits=0. Pending: 0 replicates
I1017 23:32:42.492112 19505 tablet_bootstrap.cc:438] T 00000000000000000000000000000000 P 41a36d3babc44a5b89084f8c1b4598b2: Bootstrap complete.
I1017 23:32:42.501561 19505 raft_consensus.cc:339] T 00000000000000000000000000000000 P 41a36d3babc44a5b89084f8c1b4598b2 [term 1 FOLLOWER]: Replica starting. Triggering 0 pending transactions. Active config: opid_index: -1 OBSOLETE_local: true peers { permanent_uuid: "41a36d3babc44a5b89084f8c1b4598b2" member_type: VOTER }
I1017 23:32:42.502251 19505 raft_consensus.cc:704] T 00000000000000000000000000000000 P 41a36d3babc44a5b89084f8c1b4598b2 [term 1 FOLLOWER]: Becoming Follower/Learner. State: Replica: 41a36d3babc44a5b89084f8c1b4598b2, State: Initialized, Role: FOLLOWER
I1017 23:32:42.502732 19505 consensus_queue.cc:229] T 00000000000000000000000000000000 P 41a36d3babc44a5b89084f8c1b4598b2 [NON_LEADER]: Queue going to NON_LEADER mode. State: All replicated index: 0, Majority replicated index: 0, Committed index: 7, Last appended: 1.7, Last appended by leader: 7, Current term: 0, Majority size: -1, State: 0, Mode: NON_LEADER, active raft config: opid_index: -1 OBSOLETE_local: true peers { permanent_uuid: "41a36d3babc44a5b89084f8c1b4598b2" member_type: VOTER }
I1017 23:32:42.502884 19505 raft_consensus.cc:379] T 00000000000000000000000000000000 P 41a36d3babc44a5b89084f8c1b4598b2 [term 1 FOLLOWER]: Only one voter in the Raft config. Triggering election immediately
I1017 23:32:42.502967 19505 raft_consensus.cc:471] T 00000000000000000000000000000000 P 41a36d3babc44a5b89084f8c1b4598b2 [term 1 FOLLOWER]: Starting leader election (initial election of a single-replica configuration)
I1017 23:32:42.503051 19505 raft_consensus.cc:2840] T 00000000000000000000000000000000 P 41a36d3babc44a5b89084f8c1b4598b2: Snoozing failure detection for 1.675s (starting election)
I1017 23:32:42.503145 19505 raft_consensus.cc:2892] T 00000000000000000000000000000000 P 41a36d3babc44a5b89084f8c1b4598b2 [term 1 FOLLOWER]: Advancing to term 2
I1017 23:32:42.506755 19505 raft_consensus.cc:493] T 00000000000000000000000000000000 P 41a36d3babc44a5b89084f8c1b4598b2 [term 2 FOLLOWER]: Starting leader election with config: opid_index: -1 OBSOLETE_local: true peers { permanent_uuid: "41a36d3babc44a5b89084f8c1b4598b2" member_type: VOTER }
I1017 23:32:42.507128 19505 leader_election.cc:278] T 00000000000000000000000000000000 P 41a36d3babc44a5b89084f8c1b4598b2 [CANDIDATE]: Term 2 election: Election decided. Result: candidate won.
I1017 23:32:42.508364 19509 raft_consensus.cc:2840] T 00000000000000000000000000000000 P 41a36d3babc44a5b89084f8c1b4598b2: Snoozing failure detection for 2.215s (election complete)
I1017 23:32:42.508649 19509 raft_consensus.cc:2646] T 00000000000000000000000000000000 P 41a36d3babc44a5b89084f8c1b4598b2 [term 2 FOLLOWER]: Leader election won for term 2
I1017 23:32:42.510437 19509 raft_consensus.cc:666] T 00000000000000000000000000000000 P 41a36d3babc44a5b89084f8c1b4598b2 [term 2 LEADER]: Becoming Leader. State: Replica: 41a36d3babc44a5b89084f8c1b4598b2, State: Running, Role: LEADER
I1017 23:32:42.510841 19509 consensus_queue.cc:206] T 00000000000000000000000000000000 P 41a36d3babc44a5b89084f8c1b4598b2 [LEADER]: Queue going to LEADER mode. State: All replicated index: 0, Majority replicated index: 7, Committed index: 7, Last appended: 1.7, Last appended by leader: 7, Current term: 2, Majority size: 1, State: 0, Mode: LEADER, active raft config: opid_index: -1 OBSOLETE_local: true peers { permanent_uuid: "41a36d3babc44a5b89084f8c1b4598b2" member_type: VOTER }
I1017 23:32:42.512619 19505 sys_catalog.cc:337] T 00000000000000000000000000000000 P 41a36d3babc44a5b89084f8c1b4598b2 [sys.catalog]: SysCatalogTable state changed. Reason: Started TabletReplica. Latest consensus state: current_term: 2 leader_uuid: "41a36d3babc44a5b89084f8c1b4598b2" committed_config { opid_index: -1 OBSOLETE_local: true peers { permanent_uuid: "41a36d3babc44a5b89084f8c1b4598b2" member_type: VOTER } }
I1017 23:32:42.512962 19505 sys_catalog.cc:340] T 00000000000000000000000000000000 P 41a36d3babc44a5b89084f8c1b4598b2 [sys.catalog]: This master's current role is: LEADER
I1017 23:32:42.512624 19510 sys_catalog.cc:337] T 00000000000000000000000000000000 P 41a36d3babc44a5b89084f8c1b4598b2 [sys.catalog]: SysCatalogTable state changed. Reason: RaftConsensus started. Latest consensus state: current_term: 2 leader_uuid: "41a36d3babc44a5b89084f8c1b4598b2" committed_config { opid_index: -1 OBSOLETE_local: true peers { permanent_uuid: "41a36d3babc44a5b89084f8c1b4598b2" member_type: VOTER } }
I1017 23:32:42.512619 19511 sys_catalog.cc:337] T 00000000000000000000000000000000 P 41a36d3babc44a5b89084f8c1b4598b2 [sys.catalog]: SysCatalogTable state changed. Reason: New leader 41a36d3babc44a5b89084f8c1b4598b2. Latest consensus state: current_term: 2 leader_uuid: "41a36d3babc44a5b89084f8c1b4598b2" committed_config { opid_index: -1 OBSOLETE_local: true peers { permanent_uuid: "41a36d3babc44a5b89084f8c1b4598b2" member_type: VOTER } }
I1017 23:32:42.514258 19510 sys_catalog.cc:340] T 00000000000000000000000000000000 P 41a36d3babc44a5b89084f8c1b4598b2 [sys.catalog]: This master's current role is: LEADER
I1017 23:32:42.514587 19511 sys_catalog.cc:340] T 00000000000000000000000000000000 P 41a36d3babc44a5b89084f8c1b4598b2 [sys.catalog]: This master's current role is: LEADER
I1017 23:32:42.516685 19505 sys_catalog.cc:424] T 00000000000000000000000000000000 P 41a36d3babc44a5b89084f8c1b4598b2 [sys.catalog]: configured and running, proceeding with master startup.
I1017 23:32:42.517995 19513 catalog_manager.cc:1026] Loading table and tablet metadata into memory...
I1017 23:32:42.518216 19445 master_main.cc:86] Master server successfully started.
I1017 23:32:42.521981 19513 catalog_manager.cc:343] Loaded metadata for table TestTable [id=149a6d5622424e4aae2275a869d6d3a8]
I1017 23:32:42.524396 19513 catalog_manager.cc:397] Loaded metadata for tablet 1063e4b7405f470f859a82a5f2e0098a (table TestTable [id=149a6d5622424e4aae2275a869d6d3a8])
I1017 23:32:42.524606 19513 catalog_manager.cc:1037] Initializing Kudu internal certificate authority...
I1017 23:32:42.528334 19513 catalog_manager.cc:1046] Loading token signing keys...
I1017 23:32:42.529588 19513 catalog_manager.cc:4073] T 00000000000000000000000000000000 P 41a36d3babc44a5b89084f8c1b4598b2: Loaded TSK: 0
I1017 23:32:42.648320 19472 master_service.cc:209] Got heartbeat from unknown tserver (permanent_uuid: "57c44921a8064f9c84f3646d8158b003" instance_seqno: 1539844358591384) as {username='jenkins'} at 127.18.62.196:51237; Asking this server to re-register.
I1017 23:32:42.649581 19249 heartbeater.cc:426] Registering TS with master...
I1017 23:32:42.649718 19249 heartbeater.cc:475] Master 127.18.62.254:36993 requested a full tablet report, sending...
I1017 23:32:42.650754 19472 ts_manager.cc:98] Registered new tserver with Master: 57c44921a8064f9c84f3646d8158b003 (127.18.62.196:49688)
I1017 23:32:43.033463 19472 master_service.cc:209] Got heartbeat from unknown tserver (permanent_uuid: "92a7d6efbf034107a3f7e47dce492bb8" instance_seqno: 1539844357513048) as {username='jenkins'} at 127.18.62.193:44893; Asking this server to re-register.
I1017 23:32:43.034050 18882 heartbeater.cc:426] Registering TS with master...
I1017 23:32:43.034209 18882 heartbeater.cc:475] Master 127.18.62.254:36993 requested a full tablet report, sending...
I1017 23:32:43.035107 19472 ts_manager.cc:98] Registered new tserver with Master: 92a7d6efbf034107a3f7e47dce492bb8 (127.18.62.193:53195)
I1017 23:32:43.312355 19127 heartbeater.cc:346] Connected to a master server at 127.18.62.254:36993
I1017 23:32:43.313063 19472 master_service.cc:209] Got heartbeat from unknown tserver (permanent_uuid: "a0f0d49ea68149b9aef79c2d126bcc77" instance_seqno: 1539844358260509) as {username='jenkins'} at 127.18.62.195:37118; Asking this server to re-register.
I1017 23:32:43.313577 19127 heartbeater.cc:426] Registering TS with master...
I1017 23:32:43.313680 19127 heartbeater.cc:475] Master 127.18.62.254:36993 requested a full tablet report, sending...
I1017 23:32:43.314347 19472 ts_manager.cc:98] Registered new tserver with Master: a0f0d49ea68149b9aef79c2d126bcc77 (127.18.62.195:46826)
I1017 23:32:43.527259 19522 raft_consensus.cc:471] T 1063e4b7405f470f859a82a5f2e0098a P 92a7d6efbf034107a3f7e47dce492bb8 [term 2 FOLLOWER]: Starting pre-election (detected failure of leader kudu-tools)
I1017 23:32:43.527323 19522 raft_consensus.cc:2840] T 1063e4b7405f470f859a82a5f2e0098a P 92a7d6efbf034107a3f7e47dce492bb8: Snoozing failure detection for 1.746s (starting election)
I1017 23:32:43.527391 19522 raft_consensus.cc:493] T 1063e4b7405f470f859a82a5f2e0098a P 92a7d6efbf034107a3f7e47dce492bb8 [term 2 FOLLOWER]: Starting pre-election with config: opid_index: 3 OBSOLETE_local: false peers { permanent_uuid: "92a7d6efbf034107a3f7e47dce492bb8" member_type: VOTER last_known_addr { host: "127.18.62.193" port: 53195 } } unsafe_config_change: true
I1017 23:32:43.527587 19522 leader_election.cc:278] T 1063e4b7405f470f859a82a5f2e0098a P 92a7d6efbf034107a3f7e47dce492bb8 [CANDIDATE]: Term 3 pre-election: Election decided. Result: candidate won.
I1017 23:32:43.527978 19522 raft_consensus.cc:2840] T 1063e4b7405f470f859a82a5f2e0098a P 92a7d6efbf034107a3f7e47dce492bb8: Snoozing failure detection for 2.093s (election complete)
I1017 23:32:43.528033 19522 raft_consensus.cc:2646] T 1063e4b7405f470f859a82a5f2e0098a P 92a7d6efbf034107a3f7e47dce492bb8 [term 2 FOLLOWER]: Leader pre-election won for term 3
I1017 23:32:43.528077 19522 raft_consensus.cc:471] T 1063e4b7405f470f859a82a5f2e0098a P 92a7d6efbf034107a3f7e47dce492bb8 [term 2 FOLLOWER]: Starting leader election (detected failure of leader kudu-tools)
I1017 23:32:43.528115 19522 raft_consensus.cc:2840] T 1063e4b7405f470f859a82a5f2e0098a P 92a7d6efbf034107a3f7e47dce492bb8: Snoozing failure detection for 1.922s (starting election)
I1017 23:32:43.528158 19522 raft_consensus.cc:2892] T 1063e4b7405f470f859a82a5f2e0098a P 92a7d6efbf034107a3f7e47dce492bb8 [term 2 FOLLOWER]: Advancing to term 3
I1017 23:32:43.529618 19522 raft_consensus.cc:493] T 1063e4b7405f470f859a82a5f2e0098a P 92a7d6efbf034107a3f7e47dce492bb8 [term 3 FOLLOWER]: Starting leader election with config: opid_index: 3 OBSOLETE_local: false peers { permanent_uuid: "92a7d6efbf034107a3f7e47dce492bb8" member_type: VOTER last_known_addr { host: "127.18.62.193" port: 53195 } } unsafe_config_change: true
I1017 23:32:43.529750 19522 leader_election.cc:278] T 1063e4b7405f470f859a82a5f2e0098a P 92a7d6efbf034107a3f7e47dce492bb8 [CANDIDATE]: Term 3 election: Election decided. Result: candidate won.
I1017 23:32:43.529920 19523 raft_consensus.cc:2840] T 1063e4b7405f470f859a82a5f2e0098a P 92a7d6efbf034107a3f7e47dce492bb8: Snoozing failure detection for 2.206s (election complete)
I1017 23:32:43.529992 19523 raft_consensus.cc:2646] T 1063e4b7405f470f859a82a5f2e0098a P 92a7d6efbf034107a3f7e47dce492bb8 [term 3 FOLLOWER]: Leader election won for term 3
I1017 23:32:43.530138 19523 raft_consensus.cc:666] T 1063e4b7405f470f859a82a5f2e0098a P 92a7d6efbf034107a3f7e47dce492bb8 [term 3 LEADER]: Becoming Leader. State: Replica: 92a7d6efbf034107a3f7e47dce492bb8, State: Running, Role: LEADER
I1017 23:32:43.530400 19523 consensus_queue.cc:206] T 1063e4b7405f470f859a82a5f2e0098a P 92a7d6efbf034107a3f7e47dce492bb8 [LEADER]: Queue going to LEADER mode. State: All replicated index: 0, Majority replicated index: 1, Committed index: 1, Last appended: 2.3, Last appended by leader: 0, Current term: 3, Majority size: 1, State: 0, Mode: LEADER, active raft config: opid_index: 3 OBSOLETE_local: false peers { permanent_uuid: "92a7d6efbf034107a3f7e47dce492bb8" member_type: VOTER last_known_addr { host: "127.18.62.193" port: 53195 } } unsafe_config_change: true
I1017 23:32:43.531662 19523 raft_consensus.cc:2794] T 1063e4b7405f470f859a82a5f2e0098a P 92a7d6efbf034107a3f7e47dce492bb8 [term 3 LEADER]: Committing config change with OpId 1.2: config changed from index -1 to 2, VOTER 2bd18a72ed7d447da0448d9193fa13af (127.18.62.194) evicted. New config: { opid_index: 2 OBSOLETE_local: false peers { permanent_uuid: "b8818ab3ec794a36a38bce58c4599155" member_type: VOTER last_known_addr { host: "127.18.62.197" port: 53959 } } peers { permanent_uuid: "92a7d6efbf034107a3f7e47dce492bb8" member_type: VOTER last_known_addr { host: "127.18.62.193" port: 53195 } } }
I1017 23:32:43.532006 19472 catalog_manager.cc:3758] T 1063e4b7405f470f859a82a5f2e0098a P 92a7d6efbf034107a3f7e47dce492bb8 reported cstate change: term changed from 1 to 3, now has a pending config: VOTER 92a7d6efbf034107a3f7e47dce492bb8 (127.18.62.193). New cstate: current_term: 3 leader_uuid: "92a7d6efbf034107a3f7e47dce492bb8" committed_config { opid_index: -1 OBSOLETE_local: false peers { permanent_uuid: "b8818ab3ec794a36a38bce58c4599155" member_type: VOTER last_known_addr { host: "127.18.62.197" port: 53959 } } peers { permanent_uuid: "92a7d6efbf034107a3f7e47dce492bb8" member_type: VOTER last_known_addr { host: "127.18.62.193" port: 53195 } health_report { overall_health: HEALTHY } } peers { permanent_uuid: "2bd18a72ed7d447da0448d9193fa13af" member_type: VOTER last_known_addr { host: "127.18.62.194" port: 58520 } } } pending_config { opid_index: 3 OBSOLETE_local: false peers { permanent_uuid: "92a7d6efbf034107a3f7e47dce492bb8" member_type: VOTER last_known_addr { host: "127.18.62.193" port: 53195 } } unsafe_config_change: true }
W1017 23:32:43.534456 19523 rpcz_store.cc:253] Call kudu.consensus.ConsensusService.ChangeConfig from 127.18.62.193:58167 (request call id 48) took 3788 ms (3.79 s). Client timeout 2000 ms (2 s)
W1017 23:32:43.535054 19523 rpcz_store.cc:259] Trace: 1017 23:32:39.745556 (+ 0us) service_pool.cc:162] Inserting onto call queue 1017 23:32:39.745610 (+ 54us) service_pool.cc:221] Handling call 1017 23:32:39.747342 (+ 1732us) log.cc:587] Serialized 379 byte log entry 1017 23:32:43.534374 (+3787032us) inbound_call.cc:162] Queueing success response Metrics: {"dns_us":74,"raft.queue_time_us":67,"raft.run_cpu_time_us":162,"raft.run_wall_time_us":163}
I1017 23:32:43.535261 19523 raft_consensus.cc:2794] T 1063e4b7405f470f859a82a5f2e0098a P 92a7d6efbf034107a3f7e47dce492bb8 [term 3 LEADER]: Committing config change with OpId 2.3: config changed from index -1 to 3, VOTER 2bd18a72ed7d447da0448d9193fa13af (127.18.62.194) evicted, VOTER b8818ab3ec794a36a38bce58c4599155 (127.18.62.197) evicted. New config: { opid_index: 3 OBSOLETE_local: false peers { permanent_uuid: "92a7d6efbf034107a3f7e47dce492bb8" member_type: VOTER last_known_addr { host: "127.18.62.193" port: 53195 } } unsafe_config_change: true }
I1017 23:32:43.541636 19472 catalog_manager.cc:3758] T 1063e4b7405f470f859a82a5f2e0098a P 92a7d6efbf034107a3f7e47dce492bb8 reported cstate change: config changed from index -1 to 3, VOTER 2bd18a72ed7d447da0448d9193fa13af (127.18.62.194) evicted, VOTER b8818ab3ec794a36a38bce58c4599155 (127.18.62.197) evicted, no longer has a pending config: VOTER 92a7d6efbf034107a3f7e47dce492bb8 (127.18.62.193). New cstate: current_term: 3 leader_uuid: "92a7d6efbf034107a3f7e47dce492bb8" committed_config { opid_index: 3 OBSOLETE_local: false peers { permanent_uuid: "92a7d6efbf034107a3f7e47dce492bb8" member_type: VOTER last_known_addr { host: "127.18.62.193" port: 53195 } health_report { overall_health: HEALTHY } } unsafe_config_change: true }
I1017 23:32:43.543670 19472 catalog_manager.cc:2938] Scheduling retry of 1063e4b7405f470f859a82a5f2e0098a Delete Tablet RPC for TS=b8818ab3ec794a36a38bce58c4599155 with a delay of 35 ms (attempt = 1)
W1017 23:32:43.543761 19472 catalog_manager.cc:3917] Failed to send 1063e4b7405f470f859a82a5f2e0098a Delete Tablet RPC for TS=b8818ab3ec794a36a38bce58c4599155: Not found: failed to reset TS proxy: Could not find TS for UUID b8818ab3ec794a36a38bce58c4599155
I1017 23:32:43.543848 19472 catalog_manager.cc:2938] Scheduling retry of 1063e4b7405f470f859a82a5f2e0098a Delete Tablet RPC for TS=2bd18a72ed7d447da0448d9193fa13af with a delay of 17 ms (attempt = 1)
W1017 23:32:43.543900 19472 catalog_manager.cc:3917] Failed to send 1063e4b7405f470f859a82a5f2e0098a Delete Tablet RPC for TS=2bd18a72ed7d447da0448d9193fa13af: Not found: failed to reset TS proxy: Could not find TS for UUID 2bd18a72ed7d447da0448d9193fa13af
I1017 23:32:43.544239 19472 catalog_manager.cc:3386] Sending ChangeConfig:ADD_PEER:NON_VOTER on tablet 1063e4b7405f470f859a82a5f2e0098a (attempt 1)
I1017 23:32:43.549897 18839 consensus_queue.cc:206] T 1063e4b7405f470f859a82a5f2e0098a P 92a7d6efbf034107a3f7e47dce492bb8 [LEADER]: Queue going to LEADER mode. State: All replicated index: 0, Majority replicated index: 4, Committed index: 4, Last appended: 3.4, Last appended by leader: 0, Current term: 3, Majority size: 1, State: 0, Mode: LEADER, active raft config: opid_index: 5 OBSOLETE_local: false peers { permanent_uuid: "92a7d6efbf034107a3f7e47dce492bb8" member_type: VOTER last_known_addr { host: "127.18.62.193" port: 53195 } } peers { permanent_uuid: "a0f0d49ea68149b9aef79c2d126bcc77" member_type: NON_VOTER last_known_addr { host: "127.18.62.195" port: 46826 } attrs { promote: true } } unsafe_config_change: true
I1017 23:32:43.550777 19522 raft_consensus.cc:2794] T 1063e4b7405f470f859a82a5f2e0098a P 92a7d6efbf034107a3f7e47dce492bb8 [term 3 LEADER]: Committing config change with OpId 3.5: config changed from index 3 to 5, NON_VOTER a0f0d49ea68149b9aef79c2d126bcc77 (127.18.62.195) added. New config: { opid_index: 5 OBSOLETE_local: false peers { permanent_uuid: "92a7d6efbf034107a3f7e47dce492bb8" member_type: VOTER last_known_addr { host: "127.18.62.193" port: 53195 } } peers { permanent_uuid: "a0f0d49ea68149b9aef79c2d126bcc77" member_type: NON_VOTER last_known_addr { host: "127.18.62.195" port: 46826 } attrs { promote: true } } unsafe_config_change: true }
I1017 23:32:43.553980 19454 catalog_manager.cc:3301] ChangeConfig:ADD_PEER:NON_VOTER RPC for tablet 1063e4b7405f470f859a82a5f2e0098a with cas_config_opid_index 3: ChangeConfig:ADD_PEER:NON_VOTER succeeded (attempt 1)
I1017 23:32:43.554881 19472 catalog_manager.cc:3758] T 1063e4b7405f470f859a82a5f2e0098a P 92a7d6efbf034107a3f7e47dce492bb8 reported cstate change: config changed from index 3 to 5, NON_VOTER a0f0d49ea68149b9aef79c2d126bcc77 (127.18.62.195) added. New cstate: current_term: 3 leader_uuid: "92a7d6efbf034107a3f7e47dce492bb8" committed_config { opid_index: 5 OBSOLETE_local: false peers { permanent_uuid: "92a7d6efbf034107a3f7e47dce492bb8" member_type: VOTER last_known_addr { host: "127.18.62.193" port: 53195 } health_report { overall_health: HEALTHY } } peers { permanent_uuid: "a0f0d49ea68149b9aef79c2d126bcc77" member_type: NON_VOTER last_known_addr { host: "127.18.62.195" port: 46826 } attrs { promote: true } health_report { overall_health: UNKNOWN } } unsafe_config_change: true }
I1017 23:32:43.557023 19472 catalog_manager.cc:3386] Sending ChangeConfig:ADD_PEER:NON_VOTER on tablet 1063e4b7405f470f859a82a5f2e0098a (attempt 1)
I1017 23:32:43.557979 18839 consensus_peers.cc:469] T 1063e4b7405f470f859a82a5f2e0098a P 92a7d6efbf034107a3f7e47dce492bb8 -> Peer a0f0d49ea68149b9aef79c2d126bcc77 (127.18.62.195:46826): Closing peer: a0f0d49ea68149b9aef79c2d126bcc77
I1017 23:32:43.558127 18839 consensus_queue.cc:206] T 1063e4b7405f470f859a82a5f2e0098a P 92a7d6efbf034107a3f7e47dce492bb8 [LEADER]: Queue going to LEADER mode. State: All replicated index: 0, Majority replicated index: 5, Committed index: 5, Last appended: 3.5, Last appended by leader: 0, Current term: 3, Majority size: 1, State: 0, Mode: LEADER, active raft config: opid_index: 6 OBSOLETE_local: false peers { permanent_uuid: "92a7d6efbf034107a3f7e47dce492bb8" member_type: VOTER last_known_addr { host: "127.18.62.193" port: 53195 } } peers { permanent_uuid: "a0f0d49ea68149b9aef79c2d126bcc77" member_type: NON_VOTER last_known_addr { host: "127.18.62.195" port: 46826 } attrs { promote: true } } peers { permanent_uuid: "57c44921a8064f9c84f3646d8158b003" member_type: NON_VOTER last_known_addr { host: "127.18.62.196" port: 49688 } attrs { promote: true } } unsafe_config_change: true
I1017 23:32:43.559355 19523 raft_consensus.cc:2794] T 1063e4b7405f470f859a82a5f2e0098a P 92a7d6efbf034107a3f7e47dce492bb8 [term 3 LEADER]: Committing config change with OpId 3.6: config changed from index 5 to 6, NON_VOTER 57c44921a8064f9c84f3646d8158b003 (127.18.62.196) added. New config: { opid_index: 6 OBSOLETE_local: false peers { permanent_uuid: "92a7d6efbf034107a3f7e47dce492bb8" member_type: VOTER last_known_addr { host: "127.18.62.193" port: 53195 } } peers { permanent_uuid: "a0f0d49ea68149b9aef79c2d126bcc77" member_type: NON_VOTER last_known_addr { host: "127.18.62.195" port: 46826 } attrs { promote: true } } peers { permanent_uuid: "57c44921a8064f9c84f3646d8158b003" member_type: NON_VOTER last_known_addr { host: "127.18.62.196" port: 49688 } attrs { promote: true } } unsafe_config_change: true }
W1017 23:32:43.560878 18772 consensus_peers.cc:447] T 1063e4b7405f470f859a82a5f2e0098a P 92a7d6efbf034107a3f7e47dce492bb8 -> Peer a0f0d49ea68149b9aef79c2d126bcc77 (127.18.62.195:46826): Couldn't send request to peer a0f0d49ea68149b9aef79c2d126bcc77 for tablet 1063e4b7405f470f859a82a5f2e0098a. Error code: TABLET_NOT_FOUND (6). Status: Not found: Tablet not found: 1063e4b7405f470f859a82a5f2e0098a. Retrying in the next heartbeat period. Already tried 1 times.
I1017 23:32:43.561370 19453 catalog_manager.cc:2938] Scheduling retry of 1063e4b7405f470f859a82a5f2e0098a Delete Tablet RPC for TS=2bd18a72ed7d447da0448d9193fa13af with a delay of 65 ms (attempt = 2)
W1017 23:32:43.561461 19453 catalog_manager.cc:2957] Async tablet task 1063e4b7405f470f859a82a5f2e0098a Delete Tablet RPC for TS=2bd18a72ed7d447da0448d9193fa13af failed: Not found: failed to reset TS proxy: Could not find TS for UUID 2bd18a72ed7d447da0448d9193fa13af
I1017 23:32:43.562341 19454 catalog_manager.cc:3301] ChangeConfig:ADD_PEER:NON_VOTER RPC for tablet 1063e4b7405f470f859a82a5f2e0098a with cas_config_opid_index 5: ChangeConfig:ADD_PEER:NON_VOTER succeeded (attempt 1)
I1017 23:32:43.563365 19472 catalog_manager.cc:3758] T 1063e4b7405f470f859a82a5f2e0098a P 92a7d6efbf034107a3f7e47dce492bb8 reported cstate change: config changed from index 5 to 6, NON_VOTER 57c44921a8064f9c84f3646d8158b003 (127.18.62.196) added. New cstate: current_term: 3 leader_uuid: "92a7d6efbf034107a3f7e47dce492bb8" committed_config { opid_index: 6 OBSOLETE_local: false peers { permanent_uuid: "92a7d6efbf034107a3f7e47dce492bb8" member_type: VOTER last_known_addr { host: "127.18.62.193" port: 53195 } health_report { overall_health: HEALTHY } } peers { permanent_uuid: "a0f0d49ea68149b9aef79c2d126bcc77" member_type: NON_VOTER last_known_addr { host: "127.18.62.195" port: 46826 } attrs { promote: true } health_report { overall_health: UNKNOWN } } peers { permanent_uuid: "57c44921a8064f9c84f3646d8158b003" member_type: NON_VOTER last_known_addr { host: "127.18.62.196" port: 49688 } attrs { promote: true } health_report { overall_health: UNKNOWN } } unsafe_config_change: true }
W1017 23:32:43.565834 18771 consensus_peers.cc:447] T 1063e4b7405f470f859a82a5f2e0098a P 92a7d6efbf034107a3f7e47dce492bb8 -> Peer 57c44921a8064f9c84f3646d8158b003 (127.18.62.196:49688): Couldn't send request to peer 57c44921a8064f9c84f3646d8158b003 for tablet 1063e4b7405f470f859a82a5f2e0098a. Error code: TABLET_NOT_FOUND (6). Status: Not found: Tablet not found: 1063e4b7405f470f859a82a5f2e0098a. Retrying in the next heartbeat period. Already tried 1 times.
I1017 23:32:43.579090 19455 catalog_manager.cc:2938] Scheduling retry of 1063e4b7405f470f859a82a5f2e0098a Delete Tablet RPC for TS=b8818ab3ec794a36a38bce58c4599155 with a delay of 51 ms (attempt = 2)
W1017 23:32:43.579180 19455 catalog_manager.cc:2957] Async tablet task 1063e4b7405f470f859a82a5f2e0098a Delete Tablet RPC for TS=b8818ab3ec794a36a38bce58c4599155 failed: Not found: failed to reset TS proxy: Could not find TS for UUID b8818ab3ec794a36a38bce58c4599155
I1017 23:32:43.626973 19453 catalog_manager.cc:2938] Scheduling retry of 1063e4b7405f470f859a82a5f2e0098a Delete Tablet RPC for TS=2bd18a72ed7d447da0448d9193fa13af with a delay of 97 ms (attempt = 3)
W1017 23:32:43.627033 19453 catalog_manager.cc:2957] Async tablet task 1063e4b7405f470f859a82a5f2e0098a Delete Tablet RPC for TS=2bd18a72ed7d447da0448d9193fa13af failed: Not found: failed to reset TS proxy: Could not find TS for UUID 2bd18a72ed7d447da0448d9193fa13af
I1017 23:32:43.630808 19455 catalog_manager.cc:2938] Scheduling retry of 1063e4b7405f470f859a82a5f2e0098a Delete Tablet RPC for TS=b8818ab3ec794a36a38bce58c4599155 with a delay of 107 ms (attempt = 3)
W1017 23:32:43.630861 19455 catalog_manager.cc:2957] Async tablet task 1063e4b7405f470f859a82a5f2e0098a Delete Tablet RPC for TS=b8818ab3ec794a36a38bce58c4599155 failed: Not found: failed to reset TS proxy: Could not find TS for UUID b8818ab3ec794a36a38bce58c4599155
I1017 23:32:43.724831 19453 catalog_manager.cc:2938] Scheduling retry of 1063e4b7405f470f859a82a5f2e0098a Delete Tablet RPC for TS=2bd18a72ed7d447da0448d9193fa13af with a delay of 132 ms (attempt = 4)
W1017 23:32:43.724887 19453 catalog_manager.cc:2957] Async tablet task 1063e4b7405f470f859a82a5f2e0098a Delete Tablet RPC for TS=2bd18a72ed7d447da0448d9193fa13af failed: Not found: failed to reset TS proxy: Could not find TS for UUID 2bd18a72ed7d447da0448d9193fa13af
I1017 23:32:43.738487 19455 catalog_manager.cc:2938] Scheduling retry of 1063e4b7405f470f859a82a5f2e0098a Delete Tablet RPC for TS=b8818ab3ec794a36a38bce58c4599155 with a delay of 134 ms (attempt = 4)
W1017 23:32:43.738540 19455 catalog_manager.cc:2957] Async tablet task 1063e4b7405f470f859a82a5f2e0098a Delete Tablet RPC for TS=b8818ab3ec794a36a38bce58c4599155 failed: Not found: failed to reset TS proxy: Could not find TS for UUID b8818ab3ec794a36a38bce58c4599155
I1017 23:32:43.857555 19453 catalog_manager.cc:2938] Scheduling retry of 1063e4b7405f470f859a82a5f2e0098a Delete Tablet RPC for TS=2bd18a72ed7d447da0448d9193fa13af with a delay of 287 ms (attempt = 5)
W1017 23:32:43.857612 19453 catalog_manager.cc:2957] Async tablet task 1063e4b7405f470f859a82a5f2e0098a Delete Tablet RPC for TS=2bd18a72ed7d447da0448d9193fa13af failed: Not found: failed to reset TS proxy: Could not find TS for UUID 2bd18a72ed7d447da0448d9193fa13af
I1017 23:32:43.873219 19455 catalog_manager.cc:2938] Scheduling retry of 1063e4b7405f470f859a82a5f2e0098a Delete Tablet RPC for TS=b8818ab3ec794a36a38bce58c4599155 with a delay of 281 ms (attempt = 5)
W1017 23:32:43.873275 19455 catalog_manager.cc:2957] Async tablet task 1063e4b7405f470f859a82a5f2e0098a Delete Tablet RPC for TS=b8818ab3ec794a36a38bce58c4599155 failed: Not found: failed to reset TS proxy: Could not find TS for UUID b8818ab3ec794a36a38bce58c4599155
I1017 23:32:43.949069 19536 ts_tablet_manager.cc:669] T 1063e4b7405f470f859a82a5f2e0098a P 57c44921a8064f9c84f3646d8158b003: Initiating tablet copy from peer 92a7d6efbf034107a3f7e47dce492bb8 (127.18.62.193:53195)
I1017 23:32:43.949295 19536 tablet_copy_client.cc:239] T 1063e4b7405f470f859a82a5f2e0098a P 57c44921a8064f9c84f3646d8158b003: tablet copy: Beginning tablet copy session from remote peer at address 127.18.62.193:53195
I1017 23:32:43.955935 18859 tablet_copy_service.cc:135] P 92a7d6efbf034107a3f7e47dce492bb8: Received BeginTabletCopySession request for tablet 1063e4b7405f470f859a82a5f2e0098a from peer 57c44921a8064f9c84f3646d8158b003 ({username='jenkins'} at 127.18.62.196:45617)
I1017 23:32:43.956061 18859 tablet_copy_service.cc:156] P 92a7d6efbf034107a3f7e47dce492bb8: Beginning new tablet copy session on tablet 1063e4b7405f470f859a82a5f2e0098a from peer 57c44921a8064f9c84f3646d8158b003 at {username='jenkins'} at 127.18.62.196:45617: session id = 57c44921a8064f9c84f3646d8158b003-1063e4b7405f470f859a82a5f2e0098a
I1017 23:32:43.958057 18859 tablet_copy_source_session.cc:202] T 1063e4b7405f470f859a82a5f2e0098a P 92a7d6efbf034107a3f7e47dce492bb8: Tablet Copy: opened 0 blocks and 1 log segments
I1017 23:32:43.960801 19536 data_dirs.cc:938] Could only allocate 1 dirs of requested 3 for tablet 1063e4b7405f470f859a82a5f2e0098a. 1 dirs total, 0 dirs full, 0 dirs failed
I1017 23:32:43.971897 19536 ts_tablet_manager.cc:1173] T 1063e4b7405f470f859a82a5f2e0098a P 57c44921a8064f9c84f3646d8158b003: Registered tablet (data state: TABLET_DATA_COPYING)
I1017 23:32:43.972167 19536 tablet_copy_client.cc:566] T 1063e4b7405f470f859a82a5f2e0098a P 57c44921a8064f9c84f3646d8158b003: tablet copy: Starting download of 0 data blocks...
I1017 23:32:43.972381 19536 tablet_copy_client.cc:529] T 1063e4b7405f470f859a82a5f2e0098a P 57c44921a8064f9c84f3646d8158b003: tablet copy: Starting download of 1 WAL segments...
I1017 23:32:43.974465 19536 tablet_copy_client.cc:405] T 1063e4b7405f470f859a82a5f2e0098a P 57c44921a8064f9c84f3646d8158b003: tablet copy: Tablet Copy complete. Replacing tablet superblock.
I1017 23:32:43.976162 19536 ts_tablet_manager.cc:1028] T 1063e4b7405f470f859a82a5f2e0098a P 57c44921a8064f9c84f3646d8158b003: Bootstrapping tablet
I1017 23:32:43.976374 19536 tablet_bootstrap.cc:438] T 1063e4b7405f470f859a82a5f2e0098a P 57c44921a8064f9c84f3646d8158b003: Bootstrap starting.
I1017 23:32:43.980665 19536 log.cc:525] T 1063e4b7405f470f859a82a5f2e0098a P 57c44921a8064f9c84f3646d8158b003: Log is configured to *not* fsync() on all Append() calls
I1017 23:32:43.985543 19536 tablet_bootstrap.cc:438] T 1063e4b7405f470f859a82a5f2e0098a P 57c44921a8064f9c84f3646d8158b003: Bootstrap replayed 1/1 log segments. Stats: ops{read=6 overwritten=0 applied=6 ignored=0} inserts{seen=0 ignored=0} mutations{seen=0 ignored=0} orphaned_commits=0. Pending: 0 replicates
I1017 23:32:43.985854 19536 tablet_bootstrap.cc:438] T 1063e4b7405f470f859a82a5f2e0098a P 57c44921a8064f9c84f3646d8158b003: Bootstrap complete.
I1017 23:32:43.986057 19536 ts_tablet_manager.cc:1045] T 1063e4b7405f470f859a82a5f2e0098a P 57c44921a8064f9c84f3646d8158b003: Time spent bootstrapping tablet: real 0.010s user 0.006s sys 0.003s
I1017 23:32:43.991075 19536 raft_consensus.cc:339] T 1063e4b7405f470f859a82a5f2e0098a P 57c44921a8064f9c84f3646d8158b003 [term 3 LEARNER]: Replica starting. Triggering 0 pending transactions. Active config: opid_index: 6 OBSOLETE_local: false peers { permanent_uuid: "92a7d6efbf034107a3f7e47dce492bb8" member_type: VOTER last_known_addr { host: "127.18.62.193" port: 53195 } } peers { permanent_uuid: "a0f0d49ea68149b9aef79c2d126bcc77" member_type: NON_VOTER last_known_addr { host: "127.18.62.195" port: 46826 } attrs { promote: true } } peers { permanent_uuid: "57c44921a8064f9c84f3646d8158b003" member_type: NON_VOTER last_known_addr { host: "127.18.62.196" port: 49688 } attrs { promote: true } } unsafe_config_change: true
I1017 23:32:43.991403 19536 raft_consensus.cc:704] T 1063e4b7405f470f859a82a5f2e0098a P 57c44921a8064f9c84f3646d8158b003 [term 3 LEARNER]: Becoming Follower/Learner. State: Replica: 57c44921a8064f9c84f3646d8158b003, State: Initialized, Role: LEARNER
I1017 23:32:43.991658 19536 consensus_queue.cc:229] T 1063e4b7405f470f859a82a5f2e0098a P 57c44921a8064f9c84f3646d8158b003 [NON_LEADER]: Queue going to NON_LEADER mode. State: All replicated index: 0, Majority replicated index: 0, Committed index: 6, Last appended: 3.6, Last appended by leader: 6, Current term: 0, Majority size: -1, State: 0, Mode: NON_LEADER, active raft config: opid_index: 6 OBSOLETE_local: false peers { permanent_uuid: "92a7d6efbf034107a3f7e47dce492bb8" member_type: VOTER last_known_addr { host: "127.18.62.193" port: 53195 } } peers { permanent_uuid: "a0f0d49ea68149b9aef79c2d126bcc77" member_type: NON_VOTER last_known_addr { host: "127.18.62.195" port: 46826 } attrs { promote: true } } peers { permanent_uuid: "57c44921a8064f9c84f3646d8158b003" member_type: NON_VOTER last_known_addr { host: "127.18.62.196" port: 49688 } attrs { promote: true } } unsafe_config_change: true
I1017 23:32:43.993672 19536 ts_tablet_manager.cc:1073] T 1063e4b7405f470f859a82a5f2e0098a P 57c44921a8064f9c84f3646d8158b003: Time spent starting tablet: real 0.008s user 0.007s sys 0.001s
I1017 23:32:43.994405 18859 tablet_copy_service.cc:325] P 92a7d6efbf034107a3f7e47dce492bb8: Request end of tablet copy session 57c44921a8064f9c84f3646d8158b003-1063e4b7405f470f859a82a5f2e0098a received from {username='jenkins'} at 127.18.62.196:45617
I1017 23:32:43.994490 18859 tablet_copy_service.cc:413] P 92a7d6efbf034107a3f7e47dce492bb8: ending tablet copy session 57c44921a8064f9c84f3646d8158b003-1063e4b7405f470f859a82a5f2e0098a on tablet 1063e4b7405f470f859a82a5f2e0098a with peer 57c44921a8064f9c84f3646d8158b003
I1017 23:32:44.139701 19540 ts_tablet_manager.cc:669] T 1063e4b7405f470f859a82a5f2e0098a P a0f0d49ea68149b9aef79c2d126bcc77: Initiating tablet copy from peer 92a7d6efbf034107a3f7e47dce492bb8 (127.18.62.193:53195)
I1017 23:32:44.139961 19540 tablet_copy_client.cc:239] T 1063e4b7405f470f859a82a5f2e0098a P a0f0d49ea68149b9aef79c2d126bcc77: tablet copy: Beginning tablet copy session from remote peer at address 127.18.62.193:53195
I1017 23:32:44.144291 18859 tablet_copy_service.cc:135] P 92a7d6efbf034107a3f7e47dce492bb8: Received BeginTabletCopySession request for tablet 1063e4b7405f470f859a82a5f2e0098a from peer a0f0d49ea68149b9aef79c2d126bcc77 ({username='jenkins'} at 127.18.62.195:54827)
I1017 23:32:44.144388 18859 tablet_copy_service.cc:156] P 92a7d6efbf034107a3f7e47dce492bb8: Beginning new tablet copy session on tablet 1063e4b7405f470f859a82a5f2e0098a from peer a0f0d49ea68149b9aef79c2d126bcc77 at {username='jenkins'} at 127.18.62.195:54827: session id = a0f0d49ea68149b9aef79c2d126bcc77-1063e4b7405f470f859a82a5f2e0098a
I1017 23:32:44.144795 19453 catalog_manager.cc:2938] Scheduling retry of 1063e4b7405f470f859a82a5f2e0098a Delete Tablet RPC for TS=2bd18a72ed7d447da0448d9193fa13af with a delay of 528 ms (attempt = 6)
W1017 23:32:44.144862 19453 catalog_manager.cc:2957] Async tablet task 1063e4b7405f470f859a82a5f2e0098a Delete Tablet RPC for TS=2bd18a72ed7d447da0448d9193fa13af failed: Not found: failed to reset TS proxy: Could not find TS for UUID 2bd18a72ed7d447da0448d9193fa13af
I1017 23:32:44.146157 18859 tablet_copy_source_session.cc:202] T 1063e4b7405f470f859a82a5f2e0098a P 92a7d6efbf034107a3f7e47dce492bb8: Tablet Copy: opened 0 blocks and 1 log segments
I1017 23:32:44.148624 19540 data_dirs.cc:938] Could only allocate 1 dirs of requested 3 for tablet 1063e4b7405f470f859a82a5f2e0098a. 1 dirs total, 0 dirs full, 0 dirs failed
I1017 23:32:44.154399 19455 catalog_manager.cc:2938] Scheduling retry of 1063e4b7405f470f859a82a5f2e0098a Delete Tablet RPC for TS=b8818ab3ec794a36a38bce58c4599155 with a delay of 523 ms (attempt = 6)
W1017 23:32:44.154476 19455 catalog_manager.cc:2957] Async tablet task 1063e4b7405f470f859a82a5f2e0098a Delete Tablet RPC for TS=b8818ab3ec794a36a38bce58c4599155 failed: Not found: failed to reset TS proxy: Could not find TS for UUID b8818ab3ec794a36a38bce58c4599155
I1017 23:32:44.158638 19540 ts_tablet_manager.cc:1173] T 1063e4b7405f470f859a82a5f2e0098a P a0f0d49ea68149b9aef79c2d126bcc77: Registered tablet (data state: TABLET_DATA_COPYING)
I1017 23:32:44.158887 19540 tablet_copy_client.cc:566] T 1063e4b7405f470f859a82a5f2e0098a P a0f0d49ea68149b9aef79c2d126bcc77: tablet copy: Starting download of 0 data blocks...
I1017 23:32:44.159070 19540 tablet_copy_client.cc:529] T 1063e4b7405f470f859a82a5f2e0098a P a0f0d49ea68149b9aef79c2d126bcc77: tablet copy: Starting download of 1 WAL segments...
I1017 23:32:44.160545 19540 tablet_copy_client.cc:405] T 1063e4b7405f470f859a82a5f2e0098a P a0f0d49ea68149b9aef79c2d126bcc77: tablet copy: Tablet Copy complete. Replacing tablet superblock.
I1017 23:32:44.162178 19540 ts_tablet_manager.cc:1028] T 1063e4b7405f470f859a82a5f2e0098a P a0f0d49ea68149b9aef79c2d126bcc77: Bootstrapping tablet
I1017 23:32:44.162381 19540 tablet_bootstrap.cc:438] T 1063e4b7405f470f859a82a5f2e0098a P a0f0d49ea68149b9aef79c2d126bcc77: Bootstrap starting.
I1017 23:32:44.167284 19540 log.cc:525] T 1063e4b7405f470f859a82a5f2e0098a P a0f0d49ea68149b9aef79c2d126bcc77: Log is configured to *not* fsync() on all Append() calls
I1017 23:32:44.171996 19540 tablet_bootstrap.cc:438] T 1063e4b7405f470f859a82a5f2e0098a P a0f0d49ea68149b9aef79c2d126bcc77: Bootstrap replayed 1/1 log segments. Stats: ops{read=6 overwritten=0 applied=6 ignored=0} inserts{seen=0 ignored=0} mutations{seen=0 ignored=0} orphaned_commits=0. Pending: 0 replicates
I1017 23:32:44.172332 19540 tablet_bootstrap.cc:438] T 1063e4b7405f470f859a82a5f2e0098a P a0f0d49ea68149b9aef79c2d126bcc77: Bootstrap complete.
I1017 23:32:44.172552 19540 ts_tablet_manager.cc:1045] T 1063e4b7405f470f859a82a5f2e0098a P a0f0d49ea68149b9aef79c2d126bcc77: Time spent bootstrapping tablet: real 0.010s user 0.005s sys 0.005s
I1017 23:32:44.177495 19540 raft_consensus.cc:339] T 1063e4b7405f470f859a82a5f2e0098a P a0f0d49ea68149b9aef79c2d126bcc77 [term 3 LEARNER]: Replica starting. Triggering 0 pending transactions. Active config: opid_index: 6 OBSOLETE_local: false peers { permanent_uuid: "92a7d6efbf034107a3f7e47dce492bb8" member_type: VOTER last_known_addr { host: "127.18.62.193" port: 53195 } } peers { permanent_uuid: "a0f0d49ea68149b9aef79c2d126bcc77" member_type: NON_VOTER last_known_addr { host: "127.18.62.195" port: 46826 } attrs { promote: true } } peers { permanent_uuid: "57c44921a8064f9c84f3646d8158b003" member_type: NON_VOTER last_known_addr { host: "127.18.62.196" port: 49688 } attrs { promote: true } } unsafe_config_change: true
I1017 23:32:44.177816 19540 raft_consensus.cc:704] T 1063e4b7405f470f859a82a5f2e0098a P a0f0d49ea68149b9aef79c2d126bcc77 [term 3 LEARNER]: Becoming Follower/Learner. State: Replica: a0f0d49ea68149b9aef79c2d126bcc77, State: Initialized, Role: LEARNER
I1017 23:32:44.178069 19540 consensus_queue.cc:229] T 1063e4b7405f470f859a82a5f2e0098a P a0f0d49ea68149b9aef79c2d126bcc77 [NON_LEADER]: Queue going to NON_LEADER mode. State: All replicated index: 0, Majority replicated index: 0, Committed index: 6, Last appended: 3.6, Last appended by leader: 6, Current term: 0, Majority size: -1, State: 0, Mode: NON_LEADER, active raft config: opid_index: 6 OBSOLETE_local: false peers { permanent_uuid: "92a7d6efbf034107a3f7e47dce492bb8" member_type: VOTER last_known_addr { host: "127.18.62.193" port: 53195 } } peers { permanent_uuid: "a0f0d49ea68149b9aef79c2d126bcc77" member_type: NON_VOTER last_known_addr { host: "127.18.62.195" port: 46826 } attrs { promote: true } } peers { permanent_uuid: "57c44921a8064f9c84f3646d8158b003" member_type: NON_VOTER last_known_addr { host: "127.18.62.196" port: 49688 } attrs { promote: true } } unsafe_config_change: true
I1017 23:32:44.179498 19540 ts_tablet_manager.cc:1073] T 1063e4b7405f470f859a82a5f2e0098a P a0f0d49ea68149b9aef79c2d126bcc77: Time spent starting tablet: real 0.007s user 0.005s sys 0.001s
I1017 23:32:44.180227 18859 tablet_copy_service.cc:325] P 92a7d6efbf034107a3f7e47dce492bb8: Request end of tablet copy session a0f0d49ea68149b9aef79c2d126bcc77-1063e4b7405f470f859a82a5f2e0098a received from {username='jenkins'} at 127.18.62.195:54827
I1017 23:32:44.180292 18859 tablet_copy_service.cc:413] P 92a7d6efbf034107a3f7e47dce492bb8: ending tablet copy session a0f0d49ea68149b9aef79c2d126bcc77-1063e4b7405f470f859a82a5f2e0098a on tablet 1063e4b7405f470f859a82a5f2e0098a with peer a0f0d49ea68149b9aef79c2d126bcc77
I1017 23:32:44.350718 19206 raft_consensus.cc:1125] T 1063e4b7405f470f859a82a5f2e0098a P 57c44921a8064f9c84f3646d8158b003 [term 3 LEARNER]: Deduplicated request from leader. Original: 3.5->[3.6-3.6] Dedup: 3.6->[]
I1017 23:32:44.673715 19453 catalog_manager.cc:2938] Scheduling retry of 1063e4b7405f470f859a82a5f2e0098a Delete Tablet RPC for TS=2bd18a72ed7d447da0448d9193fa13af with a delay of 1041 ms (attempt = 7)
W1017 23:32:44.673776 19453 catalog_manager.cc:2957] Async tablet task 1063e4b7405f470f859a82a5f2e0098a Delete Tablet RPC for TS=2bd18a72ed7d447da0448d9193fa13af failed: Not found: failed to reset TS proxy: Could not find TS for UUID 2bd18a72ed7d447da0448d9193fa13af
I1017 23:32:44.678360 19455 catalog_manager.cc:2938] Scheduling retry of 1063e4b7405f470f859a82a5f2e0098a Delete Tablet RPC for TS=b8818ab3ec794a36a38bce58c4599155 with a delay of 1036 ms (attempt = 7)
W1017 23:32:44.678438 19455 catalog_manager.cc:2957] Async tablet task 1063e4b7405f470f859a82a5f2e0098a Delete Tablet RPC for TS=b8818ab3ec794a36a38bce58c4599155 failed: Not found: failed to reset TS proxy: Could not find TS for UUID b8818ab3ec794a36a38bce58c4599155
I1017 23:32:44.700695 19084 raft_consensus.cc:1125] T 1063e4b7405f470f859a82a5f2e0098a P a0f0d49ea68149b9aef79c2d126bcc77 [term 3 LEARNER]: Deduplicated request from leader. Original: 3.5->[3.6-3.6] Dedup: 3.6->[]
I1017 23:32:44.892333 19545 raft_consensus.cc:973] T 1063e4b7405f470f859a82a5f2e0098a P 92a7d6efbf034107a3f7e47dce492bb8: attempting to promote NON_VOTER 57c44921a8064f9c84f3646d8158b003 to VOTER
