I1017 23:32:38.487416 19130 fs_report.cc:352] FS layout report -------------------- wal directory: /data/somelongdirectorytoavoidrpathissues/src/kudutest/kudu-admin-test.5.AdminCliTest.TestUnsafeChangeConfigLeaderWithPendingConfig.1539844356806883-18683/raft_consensus-itest-cluster/ts-3/wal metadata directory: /data/somelongdirectorytoavoidrpathissues/src/kudutest/kudu-admin-test.5.AdminCliTest.TestUnsafeChangeConfigLeaderWithPendingConfig.1539844356806883-18683/raft_consensus-itest-cluster/ts-3/wal 1 data directories: /data/somelongdirectorytoavoidrpathissues/src/kudutest/kudu-admin-test.5.AdminCliTest.TestUnsafeChangeConfigLeaderWithPendingConfig.1539844356806883-18683/raft_consensus-itest-cluster/ts-3/data/data Total live blocks: 0 Total live bytes: 0 Total live bytes (after alignment): 0 Total number of LBM containers: 0 (0 full) Did not check for missing blocks Did not check for orphaned blocks Total full LBM containers with extra space: 0 (0 repaired) Total full LBM container extra space in bytes: 0 (0 repaired) Total incomplete LBM containers: 0 (0 repaired) Total LBM partial records: 0 (0 repaired)
I1017 23:32:38.517202 19130 env_posix.cc:1671] Raising this process' running threads per effective uid limit from 32768 to 65536
I1017 23:32:38.518641 19130 ts_tablet_manager.cc:356] Loaded tablet metadata (0 live tablets)
I1017 23:32:38.518967 19130 tablet_server_main.cc:90] Starting tablet server...
I1017 23:32:38.563454 18882 heartbeater.cc:467] Master 127.18.62.254:36993 was elected leader, sending a full tablet report...
I1017 23:32:38.609724 19130 rpc_server.cc:205] RPC server started. Bound to: 127.18.62.196:49688
I1017 23:32:38.610158 19130 webserver.cc:175] Starting webserver on 127.18.62.196:0
I1017 23:32:38.610194 19130 webserver.cc:186] Document root disabled
I1017 23:32:38.611459 19130 webserver.cc:313] Webserver started. Bound to: http://127.18.62.196:57454/
I1017 23:32:38.612020 19130 server_base.cc:607] Dumped server information to /data/somelongdirectorytoavoidrpathissues/src/kudutest/kudu-admin-test.5.AdminCliTest.TestUnsafeChangeConfigLeaderWithPendingConfig.1539844356806883-18683/raft_consensus-itest-cluster/ts-3/data/info.pb
I1017 23:32:38.614097 19130 tablet_server_main.cc:93] Tablet server successfully started.
I1017 23:32:38.615788 18683 external_mini_cluster.cc:907] Started /data/somelongdirectorytoavoidrpathissues/src/kudu/build/asan/bin/kudu-tserver as pid 19130
I1017 23:32:38.616701 18683 external_mini_cluster.cc:845] Running /data/somelongdirectorytoavoidrpathissues/src/kudu/build/asan/bin/kudu-tserver /data/somelongdirectorytoavoidrpathissues/src/kudu/build/asan/bin/kudu-tserver --fs_wal_dir=/data/somelongdirectorytoavoidrpathissues/src/kudutest/kudu-admin-test.5.AdminCliTest.TestUnsafeChangeConfigLeaderWithPendingConfig.1539844356806883-18683/raft_consensus-itest-cluster/ts-4/wal --fs_data_dirs=/data/somelongdirectorytoavoidrpathissues/src/kudutest/kudu-admin-test.5.AdminCliTest.TestUnsafeChangeConfigLeaderWithPendingConfig.1539844356806883-18683/raft_consensus-itest-cluster/ts-4/data --block_manager=log --rpc_bind_addresses=127.18.62.197:0 --local_ip_for_outbound_sockets=127.18.62.197 --webserver_interface=127.18.62.197 --webserver_port=0 --tserver_master_addrs=127.18.62.254:36993 --never_fsync --ipki_server_key_size=1024 --enable_minidumps=false --redact=none --metrics_log_interval_ms=1000 --logtostderr --logbuflevel=-1 --log_dir=/data/somelongdirectorytoavoidrpathissues/src/kudutest/kudu-admin-test.5.AdminCliTest.TestUnsafeChangeConfigLeaderWithPendingConfig.1539844356806883-18683/raft_consensus-itest-cluster/ts-4/logs --server_dump_info_path=/data/somelongdirectorytoavoidrpathissues/src/kudutest/kudu-admin-test.5.AdminCliTest.TestUnsafeChangeConfigLeaderWithPendingConfig.1539844356806883-18683/raft_consensus-itest-cluster/ts-4/data/info.pb --server_dump_info_format=pb --rpc_server_allow_ephemeral_ports --unlock_experimental_flags --unlock_unsafe_flags --log_cache_size_limit_mb=10 --consensus_rpc_timeout_ms=30000 with env {}
I1017 23:32:38.627229 19249 heartbeater.cc:346] Connected to a master server at 127.18.62.254:36993
I1017 23:32:38.627378 19249 heartbeater.cc:426] Registering TS with master...
I1017 23:32:38.627924 19249 heartbeater.cc:475] Master 127.18.62.254:36993 requested a full tablet report, sending...
I1017 23:32:38.629012 18719 ts_manager.cc:98] Registered new tserver with Master: 57c44921a8064f9c84f3646d8158b003 (127.18.62.196:49688)
I1017 23:32:38.629902 18719 master_service.cc:253] Signed X509 certificate for tserver {username='jenkins'} at 127.18.62.196:34786 WARNING: Logging before InitGoogleLogging() is written to STDERR
W1017 23:32:38.783452 19252 flags.cc:406] Enabled unsafe flag: --rpc_server_allow_ephemeral_ports=true
W1017 23:32:38.783697 19252 flags.cc:406] Enabled unsafe flag: --never_fsync=true
W1017 23:32:38.785735 19252 flags.cc:406] Enabled experimental flag: --ipki_server_key_size=1024
W1017 23:32:38.785830 19252 flags.cc:406] Enabled experimental flag: --local_ip_for_outbound_sockets=127.18.62.197
I1017 23:32:38.793282 19252 tablet_server_main.cc:78] Tablet server non-default flags: --log_cache_size_limit_mb=10 --fs_data_dirs=/data/somelongdirectorytoavoidrpathissues/src/kudutest/kudu-admin-test.5.AdminCliTest.TestUnsafeChangeConfigLeaderWithPendingConfig.1539844356806883-18683/raft_consensus-itest-cluster/ts-4/data --fs_wal_dir=/data/somelongdirectorytoavoidrpathissues/src/kudutest/kudu-admin-test.5.AdminCliTest.TestUnsafeChangeConfigLeaderWithPendingConfig.1539844356806883-18683/raft_consensus-itest-cluster/ts-4/wal --ipki_server_key_size=1024 --rpc_bind_addresses=127.18.62.197:0 --rpc_server_allow_ephemeral_ports=true --metrics_log_interval_ms=1000 --server_dump_info_format=pb --server_dump_info_path=/data/somelongdirectorytoavoidrpathissues/src/kudutest/kudu-admin-test.5.AdminCliTest.TestUnsafeChangeConfigLeaderWithPendingConfig.1539844356806883-18683/raft_consensus-itest-cluster/ts-4/data/info.pb --webserver_interface=127.18.62.197 --webserver_port=0 --tserver_master_addrs=127.18.62.254:36993 --never_fsync=true --redact=none --unlock_experimental_flags=true --unlock_unsafe_flags=true --enable_minidumps=false --local_ip_for_outbound_sockets=127.18.62.197 --log_dir=/data/somelongdirectorytoavoidrpathissues/src/kudutest/kudu-admin-test.5.AdminCliTest.TestUnsafeChangeConfigLeaderWithPendingConfig.1539844356806883-18683/raft_consensus-itest-cluster/ts-4/logs --logbuflevel=-1 --logtostderr=true Tablet server version: kudu 1.9.0-SNAPSHOT revision 7a4caf9660617c8dad2f95b939adec9eb1f9fd04 build type FASTDEBUG built by jenkins at 17 Oct 2018 22:26:55 PST on quasar-lixwuo-1.vpc.cloudera.com build id 166828 ASAN enabled
I1017 23:32:38.801162 19252 tablet_server_main.cc:85] Initializing tablet server...
I1017 23:32:38.802311 19252 system_ntp.cc:199] NTP initialized. Skew: 500ppm Current error: 747173us
I1017 23:32:38.803303 19252 fs_manager.cc:263] Metadata directory not provided
I1017 23:32:38.803356 19252 fs_manager.cc:269] Using write-ahead log directory (fs_wal_dir) as metadata directory
I1017 23:32:38.804025 19252 server_base.cc:432] Could not load existing FS layout: Not found: could not find a healthy instance file
I1017 23:32:38.804085 19252 server_base.cc:433] Attempting to create new FS layout instead
I1017 23:32:38.807227 19252 fs_manager.cc:602] Generated new instance metadata in path /data/somelongdirectorytoavoidrpathissues/src/kudutest/kudu-admin-test.5.AdminCliTest.TestUnsafeChangeConfigLeaderWithPendingConfig.1539844356806883-18683/raft_consensus-itest-cluster/ts-4/data/instance: uuid: "b8818ab3ec794a36a38bce58c4599155" format_stamp: "Formatted at 2018-10-18 06:32:38 on quasar-lixwuo-1.vpc.cloudera.com"
I1017 23:32:38.807780 19252 fs_manager.cc:602] Generated new instance metadata in path /data/somelongdirectorytoavoidrpathissues/src/kudutest/kudu-admin-test.5.AdminCliTest.TestUnsafeChangeConfigLeaderWithPendingConfig.1539844356806883-18683/raft_consensus-itest-cluster/ts-4/wal/instance: uuid: "b8818ab3ec794a36a38bce58c4599155" format_stamp: "Formatted at 2018-10-18 06:32:38 on quasar-lixwuo-1.vpc.cloudera.com"
I1017 23:32:38.815703 19252 fs_manager.cc:503] Time spent creating directory manager: real 0.008s user 0.003s sys 0.003s
I1017 23:32:38.817011 19252 env_posix.cc:1676] Not raising this process' open files per process limit of 32768; it is already as high as it can go
I1017 23:32:38.817401 19252 file_cache.cc:466] Constructed file cache lbm with capacity 13107
I1017 23:32:38.821571 19252 fs_manager.cc:419] Time spent opening block manager: real 0.002s user 0.000s sys 0.002s
I1017 23:32:38.821625 19252 fs_manager.cc:436] Opened local filesystem: /data/somelongdirectorytoavoidrpathissues/src/kudutest/kudu-admin-test.5.AdminCliTest.TestUnsafeChangeConfigLeaderWithPendingConfig.1539844356806883-18683/raft_consensus-itest-cluster/ts-4/data,/data/somelongdirectorytoavoidrpathissues/src/kudutest/kudu-admin-test.5.AdminCliTest.TestUnsafeChangeConfigLeaderWithPendingConfig.1539844356806883-18683/raft_consensus-itest-cluster/ts-4/wal uuid: "b8818ab3ec794a36a38bce58c4599155" format_stamp: "Formatted at 2018-10-18 06:32:38 on quasar-lixwuo-1.vpc.cloudera.com"
I1017 23:32:38.821744 19252 fs_report.cc:352] FS layout report -------------------- wal directory: /data/somelongdirectorytoavoidrpathissues/src/kudutest/kudu-admin-test.5.AdminCliTest.TestUnsafeChangeConfigLeaderWithPendingConfig.1539844356806883-18683/raft_consensus-itest-cluster/ts-4/wal metadata directory: /data/somelongdirectorytoavoidrpathissues/src/kudutest/kudu-admin-test.5.AdminCliTest.TestUnsafeChangeConfigLeaderWithPendingConfig.1539844356806883-18683/raft_consensus-itest-cluster/ts-4/wal 1 data directories: /data/somelongdirectorytoavoidrpathissues/src/kudutest/kudu-admin-test.5.AdminCliTest.TestUnsafeChangeConfigLeaderWithPendingConfig.1539844356806883-18683/raft_consensus-itest-cluster/ts-4/data/data Total live blocks: 0 Total live bytes: 0 Total live bytes (after alignment): 0 Total number of LBM containers: 0 (0 full) Did not check for missing blocks Did not check for orphaned blocks Total full LBM containers with extra space: 0 (0 repaired) Total full LBM container extra space in bytes: 0 (0 repaired) Total incomplete LBM containers: 0 (0 repaired) Total LBM partial records: 0 (0 repaired)
I1017 23:32:38.849867 19252 env_posix.cc:1671] Raising this process' running threads per effective uid limit from 32768 to 65536
I1017 23:32:38.851820 19252 ts_tablet_manager.cc:356] Loaded tablet metadata (0 live tablets)
I1017 23:32:38.852180 19252 tablet_server_main.cc:90] Starting tablet server...
I1017 23:32:38.942952 19252 rpc_server.cc:205] RPC server started. Bound to: 127.18.62.197:53959
I1017 23:32:38.943397 19252 webserver.cc:175] Starting webserver on 127.18.62.197:0
I1017 23:32:38.943434 19252 webserver.cc:186] Document root disabled
I1017 23:32:38.944164 19252 webserver.cc:313] Webserver started. Bound to: http://127.18.62.197:55680/
I1017 23:32:38.944759 19252 server_base.cc:607] Dumped server information to /data/somelongdirectorytoavoidrpathissues/src/kudutest/kudu-admin-test.5.AdminCliTest.TestUnsafeChangeConfigLeaderWithPendingConfig.1539844356806883-18683/raft_consensus-itest-cluster/ts-4/data/info.pb
I1017 23:32:38.948621 18683 external_mini_cluster.cc:907] Started /data/somelongdirectorytoavoidrpathissues/src/kudu/build/asan/bin/kudu-tserver as pid 19252
I1017 23:32:38.949759 19252 tablet_server_main.cc:93] Tablet server successfully started.
I1017 23:32:38.960629 19371 heartbeater.cc:346] Connected to a master server at 127.18.62.254:36993
I1017 23:32:38.960778 19371 heartbeater.cc:426] Registering TS with master...
I1017 23:32:38.961637 19371 heartbeater.cc:475] Master 127.18.62.254:36993 requested a full tablet report, sending...
I1017 23:32:38.962713 18719 ts_manager.cc:98] Registered new tserver with Master: b8818ab3ec794a36a38bce58c4599155 (127.18.62.197:53959)
I1017 23:32:38.963634 18719 master_service.cc:253] Signed X509 certificate for tserver {username='jenkins'} at 127.18.62.197:46694
I1017 23:32:38.969780 18683 external_mini_cluster.cc:535] 5 TS(s) registered with all masters
I1017 23:32:38.971717 19005 heartbeater.cc:467] Master 127.18.62.254:36993 was elected leader, sending a full tablet report...
I1017 23:32:38.988833 18719 catalog_manager.cc:1366] Servicing CreateTable request from {username='jenkins'} at 127.18.62.254:48802: name: "TestTable" schema { columns { name: "key" type: INT32 is_key: true is_nullable: false encoding: AUTO_ENCODING compression: DEFAULT_COMPRESSION cfile_block_size: 0 } columns { name: "int_val" type: INT32 is_key: false is_nullable: false encoding: AUTO_ENCODING compression: DEFAULT_COMPRESSION cfile_block_size: 0 } columns { name: "string_val" type: STRING is_key: false is_nullable: true encoding: AUTO_ENCODING compression: DEFAULT_COMPRESSION cfile_block_size: 0 } } num_replicas: 3 split_rows_range_bounds { } partition_schema { range_schema { columns { name: "key" } } }
I1017 23:32:39.016564 18819 tablet_service.cc:765] Processing CreateTablet for tablet 1063e4b7405f470f859a82a5f2e0098a (table=TestTable [id=149a6d5622424e4aae2275a869d6d3a8]), partition=RANGE (key) PARTITION UNBOUNDED
I1017 23:32:39.017426 18819 data_dirs.cc:938] Could only allocate 1 dirs of requested 3 for tablet 1063e4b7405f470f859a82a5f2e0098a. 1 dirs total, 0 dirs full, 0 dirs failed
I1017 23:32:39.018024 18942 tablet_service.cc:765] Processing CreateTablet for tablet 1063e4b7405f470f859a82a5f2e0098a (table=TestTable [id=149a6d5622424e4aae2275a869d6d3a8]), partition=RANGE (key) PARTITION UNBOUNDED
I1017 23:32:39.018640 18942 data_dirs.cc:938] Could only allocate 1 dirs of requested 3 for tablet 1063e4b7405f470f859a82a5f2e0098a. 1 dirs total, 0 dirs full, 0 dirs failed
I1017 23:32:39.018882 19308 tablet_service.cc:765] Processing CreateTablet for tablet 1063e4b7405f470f859a82a5f2e0098a (table=TestTable [id=149a6d5622424e4aae2275a869d6d3a8]), partition=RANGE (key) PARTITION UNBOUNDED
I1017 23:32:39.019744 19308 data_dirs.cc:938] Could only allocate 1 dirs of requested 3 for tablet 1063e4b7405f470f859a82a5f2e0098a. 1 dirs total, 0 dirs full, 0 dirs failed
I1017 23:32:39.029590 18942 ts_tablet_manager.cc:1173] T 1063e4b7405f470f859a82a5f2e0098a P 2bd18a72ed7d447da0448d9193fa13af: Registered tablet (data state: TABLET_DATA_READY)
I1017 23:32:39.030418 19391 ts_tablet_manager.cc:1028] T 1063e4b7405f470f859a82a5f2e0098a P 2bd18a72ed7d447da0448d9193fa13af: Bootstrapping tablet
I1017 23:32:39.031216 19391 tablet_bootstrap.cc:438] T 1063e4b7405f470f859a82a5f2e0098a P 2bd18a72ed7d447da0448d9193fa13af: Bootstrap starting.
I1017 23:32:39.032037 18819 ts_tablet_manager.cc:1173] T 1063e4b7405f470f859a82a5f2e0098a P 92a7d6efbf034107a3f7e47dce492bb8: Registered tablet (data state: TABLET_DATA_READY)
I1017 23:32:39.032869 19392 ts_tablet_manager.cc:1028] T 1063e4b7405f470f859a82a5f2e0098a P 92a7d6efbf034107a3f7e47dce492bb8: Bootstrapping tablet
I1017 23:32:39.033224 19392 tablet_bootstrap.cc:438] T 1063e4b7405f470f859a82a5f2e0098a P 92a7d6efbf034107a3f7e47dce492bb8: Bootstrap starting.
I1017 23:32:39.033962 19308 ts_tablet_manager.cc:1173] T 1063e4b7405f470f859a82a5f2e0098a P b8818ab3ec794a36a38bce58c4599155: Registered tablet (data state: TABLET_DATA_READY)
I1017 23:32:39.034320 19391 tablet_bootstrap.cc:592] T 1063e4b7405f470f859a82a5f2e0098a P 2bd18a72ed7d447da0448d9193fa13af: No blocks or log segments found. Creating new log.
I1017 23:32:39.035414 19393 ts_tablet_manager.cc:1028] T 1063e4b7405f470f859a82a5f2e0098a P b8818ab3ec794a36a38bce58c4599155: Bootstrapping tablet
I1017 23:32:39.035784 19393 tablet_bootstrap.cc:438] T 1063e4b7405f470f859a82a5f2e0098a P b8818ab3ec794a36a38bce58c4599155: Bootstrap starting.
I1017 23:32:39.036269 19391 log.cc:525] T 1063e4b7405f470f859a82a5f2e0098a P 2bd18a72ed7d447da0448d9193fa13af: Log is configured to *not* fsync() on all Append() calls
I1017 23:32:39.036593 19392 tablet_bootstrap.cc:592] T 1063e4b7405f470f859a82a5f2e0098a P 92a7d6efbf034107a3f7e47dce492bb8: No blocks or log segments found. Creating new log.
I1017 23:32:39.037317 19392 log.cc:525] T 1063e4b7405f470f859a82a5f2e0098a P 92a7d6efbf034107a3f7e47dce492bb8: Log is configured to *not* fsync() on all Append() calls
I1017 23:32:39.038558 19391 tablet_bootstrap.cc:438] T 1063e4b7405f470f859a82a5f2e0098a P 2bd18a72ed7d447da0448d9193fa13af: No bootstrap required, opened a new log
I1017 23:32:39.038563 19393 tablet_bootstrap.cc:592] T 1063e4b7405f470f859a82a5f2e0098a P b8818ab3ec794a36a38bce58c4599155: No blocks or log segments found. Creating new log.
I1017 23:32:39.038749 19391 ts_tablet_manager.cc:1045] T 1063e4b7405f470f859a82a5f2e0098a P 2bd18a72ed7d447da0448d9193fa13af: Time spent bootstrapping tablet: real 0.008s user 0.003s sys 0.003s
I1017 23:32:39.039176 19393 log.cc:525] T 1063e4b7405f470f859a82a5f2e0098a P b8818ab3ec794a36a38bce58c4599155: Log is configured to *not* fsync() on all Append() calls
I1017 23:32:39.044054 19393 tablet_bootstrap.cc:438] T 1063e4b7405f470f859a82a5f2e0098a P b8818ab3ec794a36a38bce58c4599155: No bootstrap required, opened a new log
I1017 23:32:39.044224 19393 ts_tablet_manager.cc:1045] T 1063e4b7405f470f859a82a5f2e0098a P b8818ab3ec794a36a38bce58c4599155: Time spent bootstrapping tablet: real 0.009s user 0.002s sys 0.002s
I1017 23:32:39.044769 19392 tablet_bootstrap.cc:438] T 1063e4b7405f470f859a82a5f2e0098a P 92a7d6efbf034107a3f7e47dce492bb8: No bootstrap required, opened a new log
I1017 23:32:39.044973 19392 ts_tablet_manager.cc:1045] T 1063e4b7405f470f859a82a5f2e0098a P 92a7d6efbf034107a3f7e47dce492bb8: Time spent bootstrapping tablet: real 0.012s user 0.002s sys 0.006s
I1017 23:32:39.047863 19391 raft_consensus.cc:339] T 1063e4b7405f470f859a82a5f2e0098a P 2bd18a72ed7d447da0448d9193fa13af [term 0 FOLLOWER]: Replica starting. Triggering 0 pending transactions. Active config: opid_index: -1 OBSOLETE_local: false peers { permanent_uuid: "b8818ab3ec794a36a38bce58c4599155" member_type: VOTER last_known_addr { host: "127.18.62.197" port: 53959 } } peers { permanent_uuid: "92a7d6efbf034107a3f7e47dce492bb8" member_type: VOTER last_known_addr { host: "127.18.62.193" port: 53195 } } peers { permanent_uuid: "2bd18a72ed7d447da0448d9193fa13af" member_type: VOTER last_known_addr { host: "127.18.62.194" port: 58520 } }
I1017 23:32:39.048388 19391 raft_consensus.cc:365] T 1063e4b7405f470f859a82a5f2e0098a P 2bd18a72ed7d447da0448d9193fa13af [term 0 FOLLOWER]: Consensus starting up: Expiring failure detector timer to make a prompt election more likely
I1017 23:32:39.048493 19391 raft_consensus.cc:704] T 1063e4b7405f470f859a82a5f2e0098a P 2bd18a72ed7d447da0448d9193fa13af [term 0 FOLLOWER]: Becoming Follower/Learner. State: Replica: 2bd18a72ed7d447da0448d9193fa13af, State: Initialized, Role: FOLLOWER
I1017 23:32:39.049373 19391 consensus_queue.cc:229] T 1063e4b7405f470f859a82a5f2e0098a P 2bd18a72ed7d447da0448d9193fa13af [NON_LEADER]: Queue going to NON_LEADER mode. State: All replicated index: 0, Majority replicated index: 0, Committed index: 0, Last appended: 0.0, Last appended by leader: 0, Current term: 0, Majority size: -1, State: 0, Mode: NON_LEADER, active raft config: opid_index: -1 OBSOLETE_local: false peers { permanent_uuid: "b8818ab3ec794a36a38bce58c4599155" member_type: VOTER last_known_addr { host: "127.18.62.197" port: 53959 } } peers { permanent_uuid: "92a7d6efbf034107a3f7e47dce492bb8" member_type: VOTER last_known_addr { host: "127.18.62.193" port: 53195 } } peers { permanent_uuid: "2bd18a72ed7d447da0448d9193fa13af" member_type: VOTER last_known_addr { host: "127.18.62.194" port: 58520 } }
I1017 23:32:39.050750 19393 raft_consensus.cc:339] T 1063e4b7405f470f859a82a5f2e0098a P b8818ab3ec794a36a38bce58c4599155 [term 0 FOLLOWER]: Replica starting. Triggering 0 pending transactions. Active config: opid_index: -1 OBSOLETE_local: false peers { permanent_uuid: "b8818ab3ec794a36a38bce58c4599155" member_type: VOTER last_known_addr { host: "127.18.62.197" port: 53959 } } peers { permanent_uuid: "92a7d6efbf034107a3f7e47dce492bb8" member_type: VOTER last_known_addr { host: "127.18.62.193" port: 53195 } } peers { permanent_uuid: "2bd18a72ed7d447da0448d9193fa13af" member_type: VOTER last_known_addr { host: "127.18.62.194" port: 58520 } }
I1017 23:32:39.051102 19393 raft_consensus.cc:365] T 1063e4b7405f470f859a82a5f2e0098a P b8818ab3ec794a36a38bce58c4599155 [term 0 FOLLOWER]: Consensus starting up: Expiring failure detector timer to make a prompt election more likely
I1017 23:32:39.051178 19393 raft_consensus.cc:704] T 1063e4b7405f470f859a82a5f2e0098a P b8818ab3ec794a36a38bce58c4599155 [term 0 FOLLOWER]: Becoming Follower/Learner. State: Replica: b8818ab3ec794a36a38bce58c4599155, State: Initialized, Role: FOLLOWER
I1017 23:32:39.051537 19391 ts_tablet_manager.cc:1073] T 1063e4b7405f470f859a82a5f2e0098a P 2bd18a72ed7d447da0448d9193fa13af: Time spent starting tablet: real 0.013s user 0.009s sys 0.003s
I1017 23:32:39.051581 19393 consensus_queue.cc:229] T 1063e4b7405f470f859a82a5f2e0098a P b8818ab3ec794a36a38bce58c4599155 [NON_LEADER]: Queue going to NON_LEADER mode. State: All replicated index: 0, Majority replicated index: 0, Committed index: 0, Last appended: 0.0, Last appended by leader: 0, Current term: 0, Majority size: -1, State: 0, Mode: NON_LEADER, active raft config: opid_index: -1 OBSOLETE_local: false peers { permanent_uuid: "b8818ab3ec794a36a38bce58c4599155" member_type: VOTER last_known_addr { host: "127.18.62.197" port: 53959 } } peers { permanent_uuid: "92a7d6efbf034107a3f7e47dce492bb8" member_type: VOTER last_known_addr { host: "127.18.62.193" port: 53195 } } peers { permanent_uuid: "2bd18a72ed7d447da0448d9193fa13af" member_type: VOTER last_known_addr { host: "127.18.62.194" port: 58520 } }
I1017 23:32:39.053668 19371 heartbeater.cc:467] Master 127.18.62.254:36993 was elected leader, sending a full tablet report...
I1017 23:32:39.054729 19393 ts_tablet_manager.cc:1073] T 1063e4b7405f470f859a82a5f2e0098a P b8818ab3ec794a36a38bce58c4599155: Time spent starting tablet: real 0.010s user 0.006s sys 0.004s
I1017 23:32:39.056243 19392 raft_consensus.cc:339] T 1063e4b7405f470f859a82a5f2e0098a P 92a7d6efbf034107a3f7e47dce492bb8 [term 0 FOLLOWER]: Replica starting. Triggering 0 pending transactions. Active config: opid_index: -1 OBSOLETE_local: false peers { permanent_uuid: "b8818ab3ec794a36a38bce58c4599155" member_type: VOTER last_known_addr { host: "127.18.62.197" port: 53959 } } peers { permanent_uuid: "92a7d6efbf034107a3f7e47dce492bb8" member_type: VOTER last_known_addr { host: "127.18.62.193" port: 53195 } } peers { permanent_uuid: "2bd18a72ed7d447da0448d9193fa13af" member_type: VOTER last_known_addr { host: "127.18.62.194" port: 58520 } }
I1017 23:32:39.056541 19392 raft_consensus.cc:365] T 1063e4b7405f470f859a82a5f2e0098a P 92a7d6efbf034107a3f7e47dce492bb8 [term 0 FOLLOWER]: Consensus starting up: Expiring failure detector timer to make a prompt election more likely
I1017 23:32:39.056610 19392 raft_consensus.cc:704] T 1063e4b7405f470f859a82a5f2e0098a P 92a7d6efbf034107a3f7e47dce492bb8 [term 0 FOLLOWER]: Becoming Follower/Learner. State: Replica: 92a7d6efbf034107a3f7e47dce492bb8, State: Initialized, Role: FOLLOWER
I1017 23:32:39.056979 19392 consensus_queue.cc:229] T 1063e4b7405f470f859a82a5f2e0098a P 92a7d6efbf034107a3f7e47dce492bb8 [NON_LEADER]: Queue going to NON_LEADER mode. State: All replicated index: 0, Majority replicated index: 0, Committed index: 0, Last appended: 0.0, Last appended by leader: 0, Current term: 0, Majority size: -1, State: 0, Mode: NON_LEADER, active raft config: opid_index: -1 OBSOLETE_local: false peers { permanent_uuid: "b8818ab3ec794a36a38bce58c4599155" member_type: VOTER last_known_addr { host: "127.18.62.197" port: 53959 } } peers { permanent_uuid: "92a7d6efbf034107a3f7e47dce492bb8" member_type: VOTER last_known_addr { host: "127.18.62.193" port: 53195 } } peers { permanent_uuid: "2bd18a72ed7d447da0448d9193fa13af" member_type: VOTER last_known_addr { host: "127.18.62.194" port: 58520 } }
I1017 23:32:39.059295 19392 ts_tablet_manager.cc:1073] T 1063e4b7405f470f859a82a5f2e0098a P 92a7d6efbf034107a3f7e47dce492bb8: Time spent starting tablet: real 0.014s user 0.007s sys 0.003s
I1017 23:32:39.059614 19399 raft_consensus.cc:471] T 1063e4b7405f470f859a82a5f2e0098a P 92a7d6efbf034107a3f7e47dce492bb8 [term 0 FOLLOWER]: Starting pre-election (no leader contacted us within the election timeout)
I1017 23:32:39.059717 19399 raft_consensus.cc:2840] T 1063e4b7405f470f859a82a5f2e0098a P 92a7d6efbf034107a3f7e47dce492bb8: Snoozing failure detection for 1.524s (starting election)
I1017 23:32:39.059818 19399 raft_consensus.cc:493] T 1063e4b7405f470f859a82a5f2e0098a P 92a7d6efbf034107a3f7e47dce492bb8 [term 0 FOLLOWER]: Starting pre-election with config: opid_index: -1 OBSOLETE_local: false peers { permanent_uuid: "b8818ab3ec794a36a38bce58c4599155" member_type: VOTER last_known_addr { host: "127.18.62.197" port: 53959 } } peers { permanent_uuid: "92a7d6efbf034107a3f7e47dce492bb8" member_type: VOTER last_known_addr { host: "127.18.62.193" port: 53195 } } peers { permanent_uuid: "2bd18a72ed7d447da0448d9193fa13af" member_type: VOTER last_known_addr { host: "127.18.62.194" port: 58520 } }
I1017 23:32:39.061064 19399 leader_election.cc:251] T 1063e4b7405f470f859a82a5f2e0098a P 92a7d6efbf034107a3f7e47dce492bb8 [CANDIDATE]: Term 1 pre-election: Requesting pre-vote from peer b8818ab3ec794a36a38bce58c4599155 (127.18.62.197:53959)
I1017 23:32:39.061475 19399 leader_election.cc:251] T 1063e4b7405f470f859a82a5f2e0098a P 92a7d6efbf034107a3f7e47dce492bb8 [CANDIDATE]: Term 1 pre-election: Requesting pre-vote from peer 2bd18a72ed7d447da0448d9193fa13af (127.18.62.194:58520)
I1017 23:32:39.069945 19328 tablet_service.cc:1001] Received RequestConsensusVote() RPC: tablet_id: "1063e4b7405f470f859a82a5f2e0098a" candidate_uuid: "92a7d6efbf034107a3f7e47dce492bb8" candidate_term: 1 candidate_status { last_received { term: 0 index: 0 } } ignore_live_leader: false dest_uuid: "b8818ab3ec794a36a38bce58c4599155" is_pre_election: true
I1017 23:32:39.070675 19328 raft_consensus.cc:2840] T 1063e4b7405f470f859a82a5f2e0098a P b8818ab3ec794a36a38bce58c4599155: Snoozing failure detection for 2.086s (vote granted)
I1017 23:32:39.070775 19328 raft_consensus.cc:2352] T 1063e4b7405f470f859a82a5f2e0098a P b8818ab3ec794a36a38bce58c4599155 [term 0 FOLLOWER]: Leader pre-election vote request: Granting yes vote for candidate 92a7d6efbf034107a3f7e47dce492bb8 in term 0.
I1017 23:32:39.070361 18962 tablet_service.cc:1001] Received RequestConsensusVote() RPC: tablet_id: "1063e4b7405f470f859a82a5f2e0098a" candidate_uuid: "92a7d6efbf034107a3f7e47dce492bb8" candidate_term: 1 candidate_status { last_received { term: 0 index: 0 } } ignore_live_leader: false dest_uuid: "2bd18a72ed7d447da0448d9193fa13af" is_pre_election: true
I1017 23:32:39.071106 18962 raft_consensus.cc:2840] T 1063e4b7405f470f859a82a5f2e0098a P 2bd18a72ed7d447da0448d9193fa13af: Snoozing failure detection for 2.111s (vote granted)
I1017 23:32:39.071194 18962 raft_consensus.cc:2352] T 1063e4b7405f470f859a82a5f2e0098a P 2bd18a72ed7d447da0448d9193fa13af [term 0 FOLLOWER]: Leader pre-election vote request: Granting yes vote for candidate 92a7d6efbf034107a3f7e47dce492bb8 in term 0.
I1017 23:32:39.071458 18770 leader_election.cc:387] T 1063e4b7405f470f859a82a5f2e0098a P 92a7d6efbf034107a3f7e47dce492bb8 [CANDIDATE]: Term 1 pre-election: Vote granted by peer b8818ab3ec794a36a38bce58c4599155 (127.18.62.197:53959)
I1017 23:32:39.071568 18770 leader_election.cc:278] T 1063e4b7405f470f859a82a5f2e0098a P 92a7d6efbf034107a3f7e47dce492bb8 [CANDIDATE]: Term 1 pre-election: Election decided. Result: candidate won.
I1017 23:32:39.071933 18773 leader_election.cc:387] T 1063e4b7405f470f859a82a5f2e0098a P 92a7d6efbf034107a3f7e47dce492bb8 [CANDIDATE]: Term 1 pre-election: Vote granted by peer 2bd18a72ed7d447da0448d9193fa13af (127.18.62.194:58520)
I1017 23:32:39.071936 19399 raft_consensus.cc:2840] T 1063e4b7405f470f859a82a5f2e0098a P 92a7d6efbf034107a3f7e47dce492bb8: Snoozing failure detection for 1.881s (election complete)
I1017 23:32:39.072054 19399 raft_consensus.cc:2646] T 1063e4b7405f470f859a82a5f2e0098a P 92a7d6efbf034107a3f7e47dce492bb8 [term 0 FOLLOWER]: Leader pre-election won for term 1
I1017 23:32:39.072156 19399 raft_consensus.cc:471] T 1063e4b7405f470f859a82a5f2e0098a P 92a7d6efbf034107a3f7e47dce492bb8 [term 0 FOLLOWER]: Starting leader election (no leader contacted us within the election timeout)
I1017 23:32:39.072217 19399 raft_consensus.cc:2840] T 1063e4b7405f470f859a82a5f2e0098a P 92a7d6efbf034107a3f7e47dce492bb8: Snoozing failure detection for 1.613s (starting election)
I1017 23:32:39.072276 19399 raft_consensus.cc:2892] T 1063e4b7405f470f859a82a5f2e0098a P 92a7d6efbf034107a3f7e47dce492bb8 [term 0 FOLLOWER]: Advancing to term 1
I1017 23:32:39.073909 19399 raft_consensus.cc:493] T 1063e4b7405f470f859a82a5f2e0098a P 92a7d6efbf034107a3f7e47dce492bb8 [term 1 FOLLOWER]: Starting leader election with config: opid_index: -1 OBSOLETE_local: false peers { permanent_uuid: "b8818ab3ec794a36a38bce58c4599155" member_type: VOTER last_known_addr { host: "127.18.62.197" port: 53959 } } peers { permanent_uuid: "92a7d6efbf034107a3f7e47dce492bb8" member_type: VOTER last_known_addr { host: "127.18.62.193" port: 53195 } } peers { permanent_uuid: "2bd18a72ed7d447da0448d9193fa13af" member_type: VOTER last_known_addr { host: "127.18.62.194" port: 58520 } }
I1017 23:32:39.074242 19399 leader_election.cc:251] T 1063e4b7405f470f859a82a5f2e0098a P 92a7d6efbf034107a3f7e47dce492bb8 [CANDIDATE]: Term 1 election: Requesting vote from peer b8818ab3ec794a36a38bce58c4599155 (127.18.62.197:53959)
I1017 23:32:39.074394 19399 leader_election.cc:251] T 1063e4b7405f470f859a82a5f2e0098a P 92a7d6efbf034107a3f7e47dce492bb8 [CANDIDATE]: Term 1 election: Requesting vote from peer 2bd18a72ed7d447da0448d9193fa13af (127.18.62.194:58520)
I1017 23:32:39.074867 19328 tablet_service.cc:1001] Received RequestConsensusVote() RPC: tablet_id: "1063e4b7405f470f859a82a5f2e0098a" candidate_uuid: "92a7d6efbf034107a3f7e47dce492bb8" candidate_term: 1 candidate_status { last_received { term: 0 index: 0 } } ignore_live_leader: false dest_uuid: "b8818ab3ec794a36a38bce58c4599155"
I1017 23:32:39.075002 19328 raft_consensus.cc:2892] T 1063e4b7405f470f859a82a5f2e0098a P b8818ab3ec794a36a38bce58c4599155 [term 0 FOLLOWER]: Advancing to term 1
I1017 23:32:39.075109 19328 raft_consensus.cc:2840] T 1063e4b7405f470f859a82a5f2e0098a P b8818ab3ec794a36a38bce58c4599155: Snoozing failure detection for 1.583s (vote granted)
I1017 23:32:39.075284 18962 tablet_service.cc:1001] Received RequestConsensusVote() RPC: tablet_id: "1063e4b7405f470f859a82a5f2e0098a" candidate_uuid: "92a7d6efbf034107a3f7e47dce492bb8" candidate_term: 1 candidate_status { last_received { term: 0 index: 0 } } ignore_live_leader: false dest_uuid: "2bd18a72ed7d447da0448d9193fa13af"
I1017 23:32:39.075389 18962 raft_consensus.cc:2892] T 1063e4b7405f470f859a82a5f2e0098a P 2bd18a72ed7d447da0448d9193fa13af [term 0 FOLLOWER]: Advancing to term 1
I1017 23:32:39.075470 18962 raft_consensus.cc:2840] T 1063e4b7405f470f859a82a5f2e0098a P 2bd18a72ed7d447da0448d9193fa13af: Snoozing failure detection for 2.199s (vote granted)
I1017 23:32:39.076580 19328 raft_consensus.cc:2352] T 1063e4b7405f470f859a82a5f2e0098a P b8818ab3ec794a36a38bce58c4599155 [term 1 FOLLOWER]: Leader election vote request: Granting yes vote for candidate 92a7d6efbf034107a3f7e47dce492bb8 in term 1.
I1017 23:32:39.076953 18962 raft_consensus.cc:2352] T 1063e4b7405f470f859a82a5f2e0098a P 2bd18a72ed7d447da0448d9193fa13af [term 1 FOLLOWER]: Leader election vote request: Granting yes vote for candidate 92a7d6efbf034107a3f7e47dce492bb8 in term 1.
I1017 23:32:39.077011 18770 leader_election.cc:387] T 1063e4b7405f470f859a82a5f2e0098a P 92a7d6efbf034107a3f7e47dce492bb8 [CANDIDATE]: Term 1 election: Vote granted by peer b8818ab3ec794a36a38bce58c4599155 (127.18.62.197:53959)
I1017 23:32:39.077073 18770 leader_election.cc:278] T 1063e4b7405f470f859a82a5f2e0098a P 92a7d6efbf034107a3f7e47dce492bb8 [CANDIDATE]: Term 1 election: Election decided. Result: candidate won.
I1017 23:32:39.077275 19399 raft_consensus.cc:2840] T 1063e4b7405f470f859a82a5f2e0098a P 92a7d6efbf034107a3f7e47dce492bb8: Snoozing failure detection for 2.199s (election complete)
I1017 23:32:39.077389 19399 raft_consensus.cc:2646] T 1063e4b7405f470f859a82a5f2e0098a P 92a7d6efbf034107a3f7e47dce492bb8 [term 1 FOLLOWER]: Leader election won for term 1
I1017 23:32:39.077463 18773 leader_election.cc:387] T 1063e4b7405f470f859a82a5f2e0098a P 92a7d6efbf034107a3f7e47dce492bb8 [CANDIDATE]: Term 1 election: Vote granted by peer 2bd18a72ed7d447da0448d9193fa13af (127.18.62.194:58520)
I1017 23:32:39.077854 19399 raft_consensus.cc:666] T 1063e4b7405f470f859a82a5f2e0098a P 92a7d6efbf034107a3f7e47dce492bb8 [term 1 LEADER]: Becoming Leader. State: Replica: 92a7d6efbf034107a3f7e47dce492bb8, State: Running, Role: LEADER
I1017 23:32:39.078384 19399 consensus_queue.cc:206] T 1063e4b7405f470f859a82a5f2e0098a P 92a7d6efbf034107a3f7e47dce492bb8 [LEADER]: Queue going to LEADER mode. State: All replicated index: 0, Majority replicated index: 0, Committed index: 0, Last appended: 0.0, Last appended by leader: 0, Current term: 1, Majority size: 2, State: 0, Mode: LEADER, active raft config: opid_index: -1 OBSOLETE_local: false peers { permanent_uuid: "b8818ab3ec794a36a38bce58c4599155" member_type: VOTER last_known_addr { host: "127.18.62.197" port: 53959 } } peers { permanent_uuid: "92a7d6efbf034107a3f7e47dce492bb8" member_type: VOTER last_known_addr { host: "127.18.62.193" port: 53195 } } peers { permanent_uuid: "2bd18a72ed7d447da0448d9193fa13af" member_type: VOTER last_known_addr { host: "127.18.62.194" port: 58520 } }
I1017 23:32:39.083022 18718 catalog_manager.cc:3758] T 1063e4b7405f470f859a82a5f2e0098a P 92a7d6efbf034107a3f7e47dce492bb8 reported cstate change: term changed from 0 to 1, leader changed from to 92a7d6efbf034107a3f7e47dce492bb8 (127.18.62.193). New cstate: current_term: 1 leader_uuid: "92a7d6efbf034107a3f7e47dce492bb8" committed_config { opid_index: -1 OBSOLETE_local: false peers { permanent_uuid: "b8818ab3ec794a36a38bce58c4599155" member_type: VOTER last_known_addr { host: "127.18.62.197" port: 53959 } health_report { overall_health: UNKNOWN } } peers { permanent_uuid: "92a7d6efbf034107a3f7e47dce492bb8" member_type: VOTER last_known_addr { host: "127.18.62.193" port: 53195 } health_report { overall_health: HEALTHY } } peers { permanent_uuid: "2bd18a72ed7d447da0448d9193fa13af" member_type: VOTER last_known_addr { host: "127.18.62.194" port: 58520 } health_report { overall_health: UNKNOWN } } }
I1017 23:32:39.104934 18683 external_mini_cluster.cc:535] 5 TS(s) registered with all masters
I1017 23:32:39.106304 18683 ts_itest-base.cc:233] Waiting for 1 tablets on tserver 92a7d6efbf034107a3f7e47dce492bb8 to finish bootstrapping
I1017 23:32:39.111414 18683 ts_itest-base.cc:233] Waiting for 1 tablets on tserver 2bd18a72ed7d447da0448d9193fa13af to finish bootstrapping
I1017 23:32:39.116971 18683 ts_itest-base.cc:233] Waiting for 0 tablets on tserver a0f0d49ea68149b9aef79c2d126bcc77 to finish bootstrapping
I1017 23:32:39.124038 18683 ts_itest-base.cc:233] Waiting for 0 tablets on tserver 57c44921a8064f9c84f3646d8158b003 to finish bootstrapping
I1017 23:32:39.130142 18683 ts_itest-base.cc:233] Waiting for 1 tablets on tserver b8818ab3ec794a36a38bce58c4599155 to finish bootstrapping
I1017 23:32:39.135136 18683 kudu-admin-test.cc:797] Waiting for Master to see the current replicas...
I1017 23:32:39.136449 18683 kudu-admin-test.cc:804] Tablet locations: tablet_id: "1063e4b7405f470f859a82a5f2e0098a" replicas { ts_info { permanent_uuid: "b8818ab3ec794a36a38bce58c4599155" rpc_addresses { host: "127.18.62.197" port: 53959 } } role: FOLLOWER } replicas { ts_info { permanent_uuid: "92a7d6efbf034107a3f7e47dce492bb8" rpc_addresses { host: "127.18.62.193" port: 53195 } } role: LEADER } replicas { ts_info { permanent_uuid: "2bd18a72ed7d447da0448d9193fa13af" rpc_addresses { host: "127.18.62.194" port: 58520 } } role: FOLLOWER } DEPRECATED_stale: false partition { partition_key_start: "" partition_key_end: "" }
W1017 23:32:39.196887 19372 tablet.cc:1744] T 1063e4b7405f470f859a82a5f2e0098a P b8818ab3ec794a36a38bce58c4599155: Can't schedule compaction. Clean time has not been advanced past its initial value.
W1017 23:32:39.204082 19006 tablet.cc:1744] T 1063e4b7405f470f859a82a5f2e0098a P 2bd18a72ed7d447da0448d9193fa13af: Can't schedule compaction. Clean time has not been advanced past its initial value.
W1017 23:32:39.290555 18883 tablet.cc:1744] T 1063e4b7405f470f859a82a5f2e0098a P 92a7d6efbf034107a3f7e47dce492bb8: Can't schedule compaction. Clean time has not been advanced past its initial value.
I1017 23:32:39.301479 19127 heartbeater.cc:467] Master 127.18.62.254:36993 was elected leader, sending a full tablet report...
I1017 23:32:39.622692 18962 raft_consensus.cc:1180] T 1063e4b7405f470f859a82a5f2e0098a P 2bd18a72ed7d447da0448d9193fa13af [term 1 FOLLOWER]: Refusing update from remote peer 92a7d6efbf034107a3f7e47dce492bb8: Log matching property violated. Preceding OpId in replica: term: 0 index: 0. Preceding OpId from leader: term: 1 index: 1. (index mismatch)
I1017 23:32:39.623615 19407 consensus_queue.cc:976] T 1063e4b7405f470f859a82a5f2e0098a P 92a7d6efbf034107a3f7e47dce492bb8 [LEADER]: Connected to new peer: Peer: permanent_uuid: "2bd18a72ed7d447da0448d9193fa13af" member_type: VOTER last_known_addr { host: "127.18.62.194" port: 58520 }, Status: LMP_MISMATCH, Last received: 0.0, Next index: 1, Last known committed idx: 0, Time since last communication: 0.000s
I1017 23:32:39.630295 19328 raft_consensus.cc:1180] T 1063e4b7405f470f859a82a5f2e0098a P b8818ab3ec794a36a38bce58c4599155 [term 1 FOLLOWER]: Refusing update from remote peer 92a7d6efbf034107a3f7e47dce492bb8: Log matching property violated. Preceding OpId in replica: term: 0 index: 0. Preceding OpId from leader: term: 1 index: 1. (index mismatch)
I1017 23:32:39.631820 19249 heartbeater.cc:467] Master 127.18.62.254:36993 was elected leader, sending a full tablet report...
I1017 23:32:39.631820 19407 consensus_queue.cc:976] T 1063e4b7405f470f859a82a5f2e0098a P 92a7d6efbf034107a3f7e47dce492bb8 [LEADER]: Connected to new peer: Peer: permanent_uuid: "b8818ab3ec794a36a38bce58c4599155" member_type: VOTER last_known_addr { host: "127.18.62.197" port: 53959 }, Status: LMP_MISMATCH, Last received: 0.0, Next index: 1, Last known committed idx: 0, Time since last communication: 0.000s
I1017 23:32:39.634167 18683 external_mini_cluster.cc:1084] Attempting to check leaks for /data/somelongdirectorytoavoidrpathissues/src/kudu/build/asan/bin/kudu-tserver pid 19252
I1017 23:32:39.635006 19368 generic_service.cc:169] Checking for leaks (request via RPC)
I1017 23:32:39.681087 18683 external_mini_cluster.cc:1043] Killing /data/somelongdirectorytoavoidrpathissues/src/kudu/build/asan/bin/kudu-tserver with pid 19252
W1017 23:32:39.689774 18770 connection.cc:512] client connection to 127.18.62.197:53959 recv error: Network error: failed to read from TLS socket (remote: 127.18.62.197:53959): Connection reset by peer (error 104)
W1017 23:32:39.689963 18770 consensus_peers.cc:447] T 1063e4b7405f470f859a82a5f2e0098a P 92a7d6efbf034107a3f7e47dce492bb8 -> Peer b8818ab3ec794a36a38bce58c4599155 (127.18.62.197:53959): Couldn't send request to peer b8818ab3ec794a36a38bce58c4599155 for tablet 1063e4b7405f470f859a82a5f2e0098a. Status: Network error: failed to read from TLS socket (remote: 127.18.62.197:53959): Connection reset by peer (error 104). Retrying in the next heartbeat period. Already tried 1 times.
W1017 23:32:39.690212 18701 connection.cc:512] server connection from 127.18.62.197:46694 recv error: Network error: failed to read from TLS socket (remote: 127.18.62.197:46694): Connection reset by peer (error 104)
W1017 23:32:39.690321 18701 connection.cc:148] Shutting down server connection from 127.18.62.197:46694 with pending inbound data (52/387 bytes received, last active 0 ns ago, status=Network error: failed to read from TLS socket (remote: 127.18.62.197:46694): Connection reset by peer (error 104))
I1017 23:32:39.690843 18683 external_mini_cluster.cc:1084] Attempting to check leaks for /data/somelongdirectorytoavoidrpathissues/src/kudu/build/asan/bin/kudu-tserver pid 18886
I1017 23:32:39.691635 19002 generic_service.cc:169] Checking for leaks (request via RPC)
I1017 23:32:39.735854 18683 external_mini_cluster.cc:1043] Killing /data/somelongdirectorytoavoidrpathissues/src/kudu/build/asan/bin/kudu-tserver with pid 18886
W1017 23:32:39.744832 18701 connection.cc:512] server connection from 127.18.62.194:39293 recv error: Network error: failed to read from TLS socket (remote: 127.18.62.194:39293): Connection reset by peer (error 104)
W1017 23:32:39.744983 18773 connection.cc:512] client connection to 127.18.62.194:58520 recv error: Network error: failed to read from TLS socket (remote: 127.18.62.194:58520): Connection reset by peer (error 104)
I1017 23:32:39.746377 18839 consensus_peers.cc:469] T 1063e4b7405f470f859a82a5f2e0098a P 92a7d6efbf034107a3f7e47dce492bb8 -> Peer 2bd18a72ed7d447da0448d9193fa13af (127.18.62.194:58520): Closing peer: 2bd18a72ed7d447da0448d9193fa13af
I1017 23:32:39.746444 18839 consensus_peers.cc:469] T 1063e4b7405f470f859a82a5f2e0098a P 92a7d6efbf034107a3f7e47dce492bb8 -> Peer b8818ab3ec794a36a38bce58c4599155 (127.18.62.197:53959): Closing peer: b8818ab3ec794a36a38bce58c4599155
I1017 23:32:39.746783 18839 consensus_queue.cc:206] T 1063e4b7405f470f859a82a5f2e0098a P 92a7d6efbf034107a3f7e47dce492bb8 [LEADER]: Queue going to LEADER mode. State: All replicated index: 0, Majority replicated index: 1, Committed index: 1, Last appended: 1.1, Last appended by leader: 0, Current term: 1, Majority size: 2, State: 0, Mode: LEADER, active raft config: opid_index: 2 OBSOLETE_local: false peers { permanent_uuid: "b8818ab3ec794a36a38bce58c4599155" member_type: VOTER last_known_addr { host: "127.18.62.197" port: 53959 } } peers { permanent_uuid: "92a7d6efbf034107a3f7e47dce492bb8" member_type: VOTER last_known_addr { host: "127.18.62.193" port: 53195 } }
W1017 23:32:39.748491 18770 consensus_peers.cc:447] T 1063e4b7405f470f859a82a5f2e0098a P 92a7d6efbf034107a3f7e47dce492bb8 -> Peer b8818ab3ec794a36a38bce58c4599155 (127.18.62.197:53959): Couldn't send request to peer b8818ab3ec794a36a38bce58c4599155 for tablet 1063e4b7405f470f859a82a5f2e0098a. Status: Network error: Client connection negotiation failed: client connection to 127.18.62.197:53959: connect: Connection refused (error 111). Retrying in the next heartbeat period. Already tried 1 times.
W1017 23:32:40.126020 18770 consensus_peers.cc:447] T 1063e4b7405f470f859a82a5f2e0098a P 92a7d6efbf034107a3f7e47dce492bb8 -> Peer b8818ab3ec794a36a38bce58c4599155 (127.18.62.197:53959): Couldn't send request to peer b8818ab3ec794a36a38bce58c4599155 for tablet 1063e4b7405f470f859a82a5f2e0098a. Status: Network error: Client connection negotiation failed: client connection to 127.18.62.197:53959: connect: Connection refused (error 111). Retrying in the next heartbeat period. Already tried 2 times.
W1017 23:32:40.615670 18770 consensus_peers.cc:447] T 1063e4b7405f470f859a82a5f2e0098a P 92a7d6efbf034107a3f7e47dce492bb8 -> Peer b8818ab3ec794a36a38bce58c4599155 (127.18.62.197:53959): Couldn't send request to peer b8818ab3ec794a36a38bce58c4599155 for tablet 1063e4b7405f470f859a82a5f2e0098a. Status: Network error: Client connection negotiation failed: client connection to 127.18.62.197:53959: connect: Connection refused (error 111). Retrying in the next heartbeat period. Already tried 3 times.
W1017 23:32:41.013872 18770 consensus_peers.cc:447] T 1063e4b7405f470f859a82a5f2e0098a P 92a7d6efbf034107a3f7e47dce492bb8 -> Peer b8818ab3ec794a36a38bce58c4599155 (127.18.62.197:53959): Couldn't send request to peer b8818ab3ec794a36a38bce58c4599155 for tablet 1063e4b7405f470f859a82a5f2e0098a. Status: Network error: Client connection negotiation failed: client connection to 127.18.62.197:53959: connect: Connection refused (error 111). Retrying in the next heartbeat period. Already tried 4 times.
W1017 23:32:41.577878 18770 consensus_peers.cc:447] T 1063e4b7405f470f859a82a5f2e0098a P 92a7d6efbf034107a3f7e47dce492bb8 -> Peer b8818ab3ec794a36a38bce58c4599155 (127.18.62.197:53959): Couldn't send request to peer b8818ab3ec794a36a38bce58c4599155 for tablet 1063e4b7405f470f859a82a5f2e0098a. Status: Network error: Client connection negotiation failed: client connection to 127.18.62.197:53959: connect: Connection refused (error 111). Retrying in the next heartbeat period. Already tried 5 times.
I1017 23:32:41.746779 18683 kudu-admin-test.cc:826] Change Config Op timed out, Sending a Replace config command when change config op is pending on the leader.
W1017 23:32:41.970350 19426 flags.cc:406] Enabled unsafe flag: --never_fsync=true
W1017 23:32:42.003317 18770 consensus_peers.cc:447] T 1063e4b7405f470f859a82a5f2e0098a P 92a7d6efbf034107a3f7e47dce492bb8 -> Peer b8818ab3ec794a36a38bce58c4599155 (127.18.62.197:53959): Couldn't send request to peer b8818ab3ec794a36a38bce58c4599155 for tablet 1063e4b7405f470f859a82a5f2e0098a. Status: Network error: Client connection negotiation failed: client connection to 127.18.62.197:53959: connect: Connection refused (error 111). Retrying in the next heartbeat period. Already tried 6 times.
I1017 23:32:42.022430 18839 tablet_service.cc:1083] Received UnsafeChangeConfig RPC: dest_uuid: "92a7d6efbf034107a3f7e47dce492bb8" tablet_id: "1063e4b7405f470f859a82a5f2e0098a" caller_id: "kudu-tools" new_config { peers { permanent_uuid: "92a7d6efbf034107a3f7e47dce492bb8" } } from {username='jenkins'} at 127.18.62.193:58170
W1017 23:32:42.022682 18839 raft_consensus.cc:2027] T 1063e4b7405f470f859a82a5f2e0098a P 92a7d6efbf034107a3f7e47dce492bb8 [term 1 LEADER]: Replica has a pending config, but the new config will be unsafely changed anyway. Currently pending config on the node: opid_index: 2 OBSOLETE_local: false peers { permanent_uuid: "b8818ab3ec794a36a38bce58c4599155" member_type: VOTER last_known_addr { host: "127.18.62.197" port: 53959 } } peers { permanent_uuid: "92a7d6efbf034107a3f7e47dce492bb8" member_type: VOTER last_known_addr { host: "127.18.62.193" port: 53195 } }
W1017 23:32:42.022982 18839 raft_consensus.cc:2126] T 1063e4b7405f470f859a82a5f2e0098a P 92a7d6efbf034107a3f7e47dce492bb8 [term 1 LEADER]: PROCEEDING WITH UNSAFE CONFIG CHANGE ON THIS SERVER, COMMITTED CONFIG: opid_index: -1 OBSOLETE_local: false peers { permanent_uuid: "b8818ab3ec794a36a38bce58c4599155" member_type: VOTER last_known_addr { host: "127.18.62.197" port: 53959 } } peers { permanent_uuid: "92a7d6efbf034107a3f7e47dce492bb8" member_type: VOTER last_known_addr { host: "127.18.62.193" port: 53195 } } peers { permanent_uuid: "2bd18a72ed7d447da0448d9193fa13af" member_type: VOTER last_known_addr { host: "127.18.62.194" port: 58520 } }NEW CONFIG: opid_index: 3 OBSOLETE_local: false peers { permanent_uuid: "92a7d6efbf034107a3f7e47dce492bb8" member_type: VOTER last_known_addr { host: "127.18.62.193" port: 53195 } } unsafe_config_change: true
I1017 23:32:42.023322 18839 raft_consensus.cc:2887] T 1063e4b7405f470f859a82a5f2e0098a P 92a7d6efbf034107a3f7e47dce492bb8 [term 1 LEADER]: Stepping down as leader of term 1
I1017 23:32:42.023375 18839 raft_consensus.cc:704] T 1063e4b7405f470f859a82a5f2e0098a P 92a7d6efbf034107a3f7e47dce492bb8 [term 1 LEADER]: Becoming Follower/Learner. State: Replica: 92a7d6efbf034107a3f7e47dce492bb8, State: Running, Role: LEADER
I1017 23:32:42.023600 18839 consensus_queue.cc:229] T 1063e4b7405f470f859a82a5f2e0098a P 92a7d6efbf034107a3f7e47dce492bb8 [NON_LEADER]: Queue going to NON_LEADER mode. State: All replicated index: 0, Majority replicated index: 1, Committed index: 1, Last appended: 1.2, Last appended by leader: 2, Current term: 1, Majority size: -1, State: 0, Mode: NON_LEADER, active raft config: opid_index: 2 OBSOLETE_local: false peers { permanent_uuid: "b8818ab3ec794a36a38bce58c4599155" member_type: VOTER last_known_addr { host: "127.18.62.197" port: 53959 } } peers { permanent_uuid: "92a7d6efbf034107a3f7e47dce492bb8" member_type: VOTER last_known_addr { host: "127.18.62.193" port: 53195 } }
I1017 23:32:42.023735 18839 consensus_peers.cc:469] T 1063e4b7405f470f859a82a5f2e0098a P 92a7d6efbf034107a3f7e47dce492bb8 -> Peer b8818ab3ec794a36a38bce58c4599155 (127.18.62.197:53959): Closing peer: b8818ab3ec794a36a38bce58c4599155
I1017 23:32:42.023854 18839 raft_consensus.cc:2892] T 1063e4b7405f470f859a82a5f2e0098a P 92a7d6efbf034107a3f7e47dce492bb8 [term 1 FOLLOWER]: Advancing to term 2
I1017 23:32:42.026106 18839 raft_consensus.cc:2962] T 1063e4b7405f470f859a82a5f2e0098a P 92a7d6efbf034107a3f7e47dce492bb8 [term 2 FOLLOWER]: Allowing unsafe config change even though there is a pending config! Existing pending config: opid_index: 2 OBSOLETE_local: false peers { permanent_uuid: "b8818ab3ec794a36a38bce58c4599155" member_type: VOTER last_known_addr { host: "127.18.62.197" port: 53959 } } peers { permanent_uuid: "92a7d6efbf034107a3f7e47dce492bb8" member_type: VOTER last_known_addr { host: "127.18.62.193" port: 53195 } }; New pending config: opid_index: 3 OBSOLETE_local: false peers { permanent_uuid: "92a7d6efbf034107a3f7e47dce492bb8" member_type: VOTER last_known_addr { host: "127.18.62.193" port: 53195 } } unsafe_config_change: true
I1017 23:32:42.071890 18683 external_mini_cluster.cc:1084] Attempting to check leaks for /data/somelongdirectorytoavoidrpathissues/src/kudu/build/asan/bin/kudu-master pid 18693
I1017 23:32:42.073004 18749 generic_service.cc:169] Checking for leaks (request via RPC)
I1017 23:32:42.139706 18683 external_mini_cluster.cc:1043] Killing /data/somelongdirectorytoavoidrpathissues/src/kudu/build/asan/bin/kudu-master with pid 18693
