I1017 23:33:32.499876 19646 leader_election.cc:401] T 9b4b2dea960941bcb38197b51c55baf4 P 0ecfe08279804cb0888b118fc4f87243 [CANDIDATE]: Term 29 pre-election: Vote denied by peer 1ad000b8f6704a80bc4330f4e0c41996 (127.18.62.195:55672). Message: Invalid argument: T 9b4b2dea960941bcb38197b51c55baf4 P 1ad000b8f6704a80bc4330f4e0c41996 [term 29 FOLLOWER]: Leader pre-election vote request: Denying vote to candidate 0ecfe08279804cb0888b118fc4f87243 for term 29 because replica has last-logged OpId of term: 28 index: 143, which is greater than that of the candidate, which has last-logged OpId of term: 27 index: 143.
I1017 23:33:32.499997 21247 raft_consensus.cc:2840] T 9b4b2dea960941bcb38197b51c55baf4 P 0ecfe08279804cb0888b118fc4f87243: Snoozing failure detection for 2.121s (election complete)
I1017 23:33:32.500068 21247 raft_consensus.cc:2646] T 9b4b2dea960941bcb38197b51c55baf4 P 0ecfe08279804cb0888b118fc4f87243 [term 28 FOLLOWER]: Leader pre-election won for term 29
I1017 23:33:32.500116 21247 raft_consensus.cc:471] T 9b4b2dea960941bcb38197b51c55baf4 P 0ecfe08279804cb0888b118fc4f87243 [term 28 FOLLOWER]: Starting leader election (no leader contacted us within the election timeout)
I1017 23:33:32.500170 21247 raft_consensus.cc:2840] T 9b4b2dea960941bcb38197b51c55baf4 P 0ecfe08279804cb0888b118fc4f87243: Snoozing failure detection for 1.612s (starting election)
I1017 23:33:32.500224 21247 raft_consensus.cc:2892] T 9b4b2dea960941bcb38197b51c55baf4 P 0ecfe08279804cb0888b118fc4f87243 [term 28 FOLLOWER]: Advancing to term 29
I1017 23:33:32.502230 21247 raft_consensus.cc:493] T 9b4b2dea960941bcb38197b51c55baf4 P 0ecfe08279804cb0888b118fc4f87243 [term 29 FOLLOWER]: Starting leader election with config: opid_index: -1 OBSOLETE_local: false peers { permanent_uuid: "0ecfe08279804cb0888b118fc4f87243" member_type: VOTER last_known_addr { host: "127.18.62.193" port: 39726 } } peers { permanent_uuid: "b01d528fd3c74eb5b42b8d4888591ed2" member_type: VOTER last_known_addr { host: "127.18.62.194" port: 38185 } } peers { permanent_uuid: "1ad000b8f6704a80bc4330f4e0c41996" member_type: VOTER last_known_addr { host: "127.18.62.195" port: 55672 } }
I1017 23:33:32.502709 21247 leader_election.cc:251] T 9b4b2dea960941bcb38197b51c55baf4 P 0ecfe08279804cb0888b118fc4f87243 [CANDIDATE]: Term 29 election: Requesting vote from peer b01d528fd3c74eb5b42b8d4888591ed2 (127.18.62.194:38185)
I1017 23:33:32.502925 21247 leader_election.cc:251] T 9b4b2dea960941bcb38197b51c55baf4 P 0ecfe08279804cb0888b118fc4f87243 [CANDIDATE]: Term 29 election: Requesting vote from peer 1ad000b8f6704a80bc4330f4e0c41996 (127.18.62.195:55672)
I1017 23:33:32.503484 19839 tablet_service.cc:1001] Received RequestConsensusVote() RPC: tablet_id: "9b4b2dea960941bcb38197b51c55baf4" candidate_uuid: "0ecfe08279804cb0888b118fc4f87243" candidate_term: 29 candidate_status { last_received { term: 27 index: 143 } } ignore_live_leader: false dest_uuid: "b01d528fd3c74eb5b42b8d4888591ed2"
I1017 23:33:32.503608 19839 raft_consensus.cc:2892] T 9b4b2dea960941bcb38197b51c55baf4 P b01d528fd3c74eb5b42b8d4888591ed2 [term 28 FOLLOWER]: Advancing to term 29
I1017 23:33:32.503690 19839 raft_consensus.cc:2840] T 9b4b2dea960941bcb38197b51c55baf4 P b01d528fd3c74eb5b42b8d4888591ed2: Snoozing failure detection for 4.500s (vote granted)
I1017 23:33:32.503665 19960 tablet_service.cc:1001] Received RequestConsensusVote() RPC: tablet_id: "9b4b2dea960941bcb38197b51c55baf4" candidate_uuid: "0ecfe08279804cb0888b118fc4f87243" candidate_term: 29 candidate_status { last_received { term: 27 index: 143 } } ignore_live_leader: false dest_uuid: "1ad000b8f6704a80bc4330f4e0c41996"
I1017 23:33:32.503830 19960 raft_consensus.cc:2299] T 9b4b2dea960941bcb38197b51c55baf4 P 1ad000b8f6704a80bc4330f4e0c41996 [term 29 FOLLOWER]: Leader election vote request: Denying vote to candidate 0ecfe08279804cb0888b118fc4f87243 for term 29 because replica has last-logged OpId of term: 28 index: 143, which is greater than that of the candidate, which has last-logged OpId of term: 27 index: 143.
I1017 23:33:32.504398 19646 leader_election.cc:401] T 9b4b2dea960941bcb38197b51c55baf4 P 0ecfe08279804cb0888b118fc4f87243 [CANDIDATE]: Term 29 election: Vote denied by peer 1ad000b8f6704a80bc4330f4e0c41996 (127.18.62.195:55672). Message: Invalid argument: T 9b4b2dea960941bcb38197b51c55baf4 P 1ad000b8f6704a80bc4330f4e0c41996 [term 29 FOLLOWER]: Leader election vote request: Denying vote to candidate 0ecfe08279804cb0888b118fc4f87243 for term 29 because replica has last-logged OpId of term: 28 index: 143, which is greater than that of the candidate, which has last-logged OpId of term: 27 index: 143.
I1017 23:33:32.505193 19839 raft_consensus.cc:2352] T 9b4b2dea960941bcb38197b51c55baf4 P b01d528fd3c74eb5b42b8d4888591ed2 [term 29 FOLLOWER]: Leader election vote request: Granting yes vote for candidate 0ecfe08279804cb0888b118fc4f87243 in term 29.
I1017 23:33:32.505638 19644 leader_election.cc:387] T 9b4b2dea960941bcb38197b51c55baf4 P 0ecfe08279804cb0888b118fc4f87243 [CANDIDATE]: Term 29 election: Vote granted by peer b01d528fd3c74eb5b42b8d4888591ed2 (127.18.62.194:38185)
I1017 23:33:32.505698 19644 leader_election.cc:278] T 9b4b2dea960941bcb38197b51c55baf4 P 0ecfe08279804cb0888b118fc4f87243 [CANDIDATE]: Term 29 election: Election decided. Result: candidate won.
I1017 23:33:32.505751 19960 tablet_service.cc:1146] Received LeaderStepDown RPC: tablet_id: "9b4b2dea960941bcb38197b51c55baf4" dest_uuid: "1ad000b8f6704a80bc4330f4e0c41996" mode: GRACEFUL from {username='jenkins'} at 127.18.62.195:40130
I1017 23:33:32.505865 19960 raft_consensus.cc:583] T 9b4b2dea960941bcb38197b51c55baf4 P 1ad000b8f6704a80bc4330f4e0c41996 [term 29 FOLLOWER]: Received request to transfer leadership
I1017 23:33:32.505899 19960 raft_consensus.cc:591] T 9b4b2dea960941bcb38197b51c55baf4 P 1ad000b8f6704a80bc4330f4e0c41996 [term 29 FOLLOWER]: Rejecting request to transer leadership while not leader
I1017 23:33:32.505901 21247 raft_consensus.cc:2840] T 9b4b2dea960941bcb38197b51c55baf4 P 0ecfe08279804cb0888b118fc4f87243: Snoozing failure detection for 1.699s (election complete)
I1017 23:33:32.505971 21247 raft_consensus.cc:2646] T 9b4b2dea960941bcb38197b51c55baf4 P 0ecfe08279804cb0888b118fc4f87243 [term 29 FOLLOWER]: Leader election won for term 29
I1017 23:33:32.506281 21247 raft_consensus.cc:666] T 9b4b2dea960941bcb38197b51c55baf4 P 0ecfe08279804cb0888b118fc4f87243 [term 29 LEADER]: Becoming Leader. State: Replica: 0ecfe08279804cb0888b118fc4f87243, State: Running, Role: LEADER
I1017 23:33:32.506566 21247 consensus_queue.cc:206] T 9b4b2dea960941bcb38197b51c55baf4 P 0ecfe08279804cb0888b118fc4f87243 [LEADER]: Queue going to LEADER mode. State: All replicated index: 0, Majority replicated index: 129, Committed index: 129, Last appended: 27.143, Last appended by leader: 143, Current term: 29, Majority size: 2, State: 0, Mode: LEADER, active raft config: opid_index: -1 OBSOLETE_local: false peers { permanent_uuid: "0ecfe08279804cb0888b118fc4f87243" member_type: VOTER last_known_addr { host: "127.18.62.193" port: 39726 } } peers { permanent_uuid: "b01d528fd3c74eb5b42b8d4888591ed2" member_type: VOTER last_known_addr { host: "127.18.62.194" port: 38185 } } peers { permanent_uuid: "1ad000b8f6704a80bc4330f4e0c41996" member_type: VOTER last_known_addr { host: "127.18.62.195" port: 55672 } }
I1017 23:33:32.508919 19590 catalog_manager.cc:3758] T 9b4b2dea960941bcb38197b51c55baf4 P 0ecfe08279804cb0888b118fc4f87243 reported cstate change: term changed from 28 to 29, leader changed from 1ad000b8f6704a80bc4330f4e0c41996 (127.18.62.195) to 0ecfe08279804cb0888b118fc4f87243 (127.18.62.193). New cstate: current_term: 29 leader_uuid: "0ecfe08279804cb0888b118fc4f87243" committed_config { opid_index: -1 OBSOLETE_local: false peers { permanent_uuid: "0ecfe08279804cb0888b118fc4f87243" member_type: VOTER last_known_addr { host: "127.18.62.193" port: 39726 } health_report { overall_health: HEALTHY } } peers { permanent_uuid: "b01d528fd3c74eb5b42b8d4888591ed2" member_type: VOTER last_known_addr { host: "127.18.62.194" port: 38185 } health_report { overall_health: UNKNOWN } } peers { permanent_uuid: "1ad000b8f6704a80bc4330f4e0c41996" member_type: VOTER last_known_addr { host: "127.18.62.195" port: 55672 } health_report { overall_health: UNKNOWN } } } Illegal state: not currently leader
W1017 23:33:32.781374 21257 flags.cc:406] Enabled unsafe flag: --never_fsync=true
I1017 23:33:32.840061 19711 tablet_service.cc:1146] Received LeaderStepDown RPC: tablet_id: "9b4b2dea960941bcb38197b51c55baf4" dest_uuid: "0ecfe08279804cb0888b118fc4f87243" mode: ABRUPT from {username='jenkins'} at 127.18.62.193:35390
I1017 23:33:32.840229 19711 raft_consensus.cc:568] T 9b4b2dea960941bcb38197b51c55baf4 P 0ecfe08279804cb0888b118fc4f87243 [term 29 LEADER]: Received request to step down
I1017 23:33:32.840291 19711 raft_consensus.cc:2887] T 9b4b2dea960941bcb38197b51c55baf4 P 0ecfe08279804cb0888b118fc4f87243 [term 29 LEADER]: Stepping down as leader of term 29
I1017 23:33:32.840333 19711 raft_consensus.cc:704] T 9b4b2dea960941bcb38197b51c55baf4 P 0ecfe08279804cb0888b118fc4f87243 [term 29 LEADER]: Becoming Follower/Learner. State: Replica: 0ecfe08279804cb0888b118fc4f87243, State: Running, Role: LEADER
I1017 23:33:32.840610 19711 consensus_queue.cc:229] T 9b4b2dea960941bcb38197b51c55baf4 P 0ecfe08279804cb0888b118fc4f87243 [NON_LEADER]: Queue going to NON_LEADER mode. State: All replicated index: 0, Majority replicated index: 129, Committed index: 129, Last appended: 29.144, Last appended by leader: 144, Current term: 29, Majority size: -1, State: 0, Mode: NON_LEADER, active raft config: opid_index: -1 OBSOLETE_local: false peers { permanent_uuid: "0ecfe08279804cb0888b118fc4f87243" member_type: VOTER last_known_addr { host: "127.18.62.193" port: 39726 } } peers { permanent_uuid: "b01d528fd3c74eb5b42b8d4888591ed2" member_type: VOTER last_known_addr { host: "127.18.62.194" port: 38185 } } peers { permanent_uuid: "1ad000b8f6704a80bc4330f4e0c41996" member_type: VOTER last_known_addr { host: "127.18.62.195" port: 55672 } }
I1017 23:33:32.840756 19711 consensus_peers.cc:469] T 9b4b2dea960941bcb38197b51c55baf4 P 0ecfe08279804cb0888b118fc4f87243 -> Peer 1ad000b8f6704a80bc4330f4e0c41996 (127.18.62.195:55672): Closing peer: 1ad000b8f6704a80bc4330f4e0c41996
I1017 23:33:32.840813 19711 consensus_peers.cc:469] T 9b4b2dea960941bcb38197b51c55baf4 P 0ecfe08279804cb0888b118fc4f87243 -> Peer b01d528fd3c74eb5b42b8d4888591ed2 (127.18.62.194:38185): Closing peer: b01d528fd3c74eb5b42b8d4888591ed2
I1017 23:33:32.840890 19711 raft_consensus.cc:2892] T 9b4b2dea960941bcb38197b51c55baf4 P 0ecfe08279804cb0888b118fc4f87243 [term 29 FOLLOWER]: Advancing to term 30
I1017 23:33:32.840945 19711 raft_consensus.cc:2840] T 9b4b2dea960941bcb38197b51c55baf4 P 0ecfe08279804cb0888b118fc4f87243: Snoozing failure detection for 3.000s (explicit stepdown request)
W1017 23:33:34.113898 21274 flags.cc:406] Enabled unsafe flag: --never_fsync=true
I1017 23:33:34.165696 21287 raft_consensus.cc:471] T 9b4b2dea960941bcb38197b51c55baf4 P 1ad000b8f6704a80bc4330f4e0c41996 [term 29 FOLLOWER]: Starting pre-election (no leader contacted us within the election timeout)
I1017 23:33:34.165858 21287 raft_consensus.cc:2840] T 9b4b2dea960941bcb38197b51c55baf4 P 1ad000b8f6704a80bc4330f4e0c41996: Snoozing failure detection for 1.881s (starting election)
I1017 23:33:34.165995 21287 raft_consensus.cc:493] T 9b4b2dea960941bcb38197b51c55baf4 P 1ad000b8f6704a80bc4330f4e0c41996 [term 29 FOLLOWER]: Starting pre-election with config: opid_index: -1 OBSOLETE_local: false peers { permanent_uuid: "0ecfe08279804cb0888b118fc4f87243" member_type: VOTER last_known_addr { host: "127.18.62.193" port: 39726 } } peers { permanent_uuid: "b01d528fd3c74eb5b42b8d4888591ed2" member_type: VOTER last_known_addr { host: "127.18.62.194" port: 38185 } } peers { permanent_uuid: "1ad000b8f6704a80bc4330f4e0c41996" member_type: VOTER last_known_addr { host: "127.18.62.195" port: 55672 } }
I1017 23:33:34.166635 21287 leader_election.cc:251] T 9b4b2dea960941bcb38197b51c55baf4 P 1ad000b8f6704a80bc4330f4e0c41996 [CANDIDATE]: Term 30 pre-election: Requesting pre-vote from peer 0ecfe08279804cb0888b118fc4f87243 (127.18.62.193:39726)
I1017 23:33:34.166847 21287 leader_election.cc:251] T 9b4b2dea960941bcb38197b51c55baf4 P 1ad000b8f6704a80bc4330f4e0c41996 [CANDIDATE]: Term 30 pre-election: Requesting pre-vote from peer b01d528fd3c74eb5b42b8d4888591ed2 (127.18.62.194:38185)
I1017 23:33:34.167668 19711 tablet_service.cc:1001] Received RequestConsensusVote() RPC: tablet_id: "9b4b2dea960941bcb38197b51c55baf4" candidate_uuid: "1ad000b8f6704a80bc4330f4e0c41996" candidate_term: 30 candidate_status { last_received { term: 28 index: 143 } } ignore_live_leader: false dest_uuid: "0ecfe08279804cb0888b118fc4f87243" is_pre_election: true
I1017 23:33:34.167945 19711 raft_consensus.cc:2299] T 9b4b2dea960941bcb38197b51c55baf4 P 0ecfe08279804cb0888b118fc4f87243 [term 30 FOLLOWER]: Leader pre-election vote request: Denying vote to candidate 1ad000b8f6704a80bc4330f4e0c41996 for term 30 because replica has last-logged OpId of term: 29 index: 144, which is greater than that of the candidate, which has last-logged OpId of term: 28 index: 143.
I1017 23:33:34.167949 19839 tablet_service.cc:1001] Received RequestConsensusVote() RPC: tablet_id: "9b4b2dea960941bcb38197b51c55baf4" candidate_uuid: "1ad000b8f6704a80bc4330f4e0c41996" candidate_term: 30 candidate_status { last_received { term: 28 index: 143 } } ignore_live_leader: false dest_uuid: "b01d528fd3c74eb5b42b8d4888591ed2" is_pre_election: true
I1017 23:33:34.168154 19839 raft_consensus.cc:2840] T 9b4b2dea960941bcb38197b51c55baf4 P b01d528fd3c74eb5b42b8d4888591ed2: Snoozing failure detection for 2.987s (vote granted)
I1017 23:33:34.168231 19839 raft_consensus.cc:2352] T 9b4b2dea960941bcb38197b51c55baf4 P b01d528fd3c74eb5b42b8d4888591ed2 [term 29 FOLLOWER]: Leader pre-election vote request: Granting yes vote for candidate 1ad000b8f6704a80bc4330f4e0c41996 in term 29.
I1017 23:33:34.168789 19893 leader_election.cc:401] T 9b4b2dea960941bcb38197b51c55baf4 P 1ad000b8f6704a80bc4330f4e0c41996 [CANDIDATE]: Term 30 pre-election: Vote denied by peer 0ecfe08279804cb0888b118fc4f87243 (127.18.62.193:39726). Message: Invalid argument: T 9b4b2dea960941bcb38197b51c55baf4 P 0ecfe08279804cb0888b118fc4f87243 [term 30 FOLLOWER]: Leader pre-election vote request: Denying vote to candidate 1ad000b8f6704a80bc4330f4e0c41996 for term 30 because replica has last-logged OpId of term: 29 index: 144, which is greater than that of the candidate, which has last-logged OpId of term: 28 index: 143.
I1017 23:33:34.168987 19893 leader_election.cc:387] T 9b4b2dea960941bcb38197b51c55baf4 P 1ad000b8f6704a80bc4330f4e0c41996 [CANDIDATE]: Term 30 pre-election: Vote granted by peer b01d528fd3c74eb5b42b8d4888591ed2 (127.18.62.194:38185)
I1017 23:33:34.169052 19893 leader_election.cc:278] T 9b4b2dea960941bcb38197b51c55baf4 P 1ad000b8f6704a80bc4330f4e0c41996 [CANDIDATE]: Term 30 pre-election: Election decided. Result: candidate won.
I1017 23:33:34.169361 21287 raft_consensus.cc:2840] T 9b4b2dea960941bcb38197b51c55baf4 P 1ad000b8f6704a80bc4330f4e0c41996: Snoozing failure detection for 2.195s (election complete)
I1017 23:33:34.169481 21287 raft_consensus.cc:2646] T 9b4b2dea960941bcb38197b51c55baf4 P 1ad000b8f6704a80bc4330f4e0c41996 [term 29 FOLLOWER]: Leader pre-election won for term 30
I1017 23:33:34.169564 21287 raft_consensus.cc:471] T 9b4b2dea960941bcb38197b51c55baf4 P 1ad000b8f6704a80bc4330f4e0c41996 [term 29 FOLLOWER]: Starting leader election (no leader contacted us within the election timeout)
I1017 23:33:34.169656 21287 raft_consensus.cc:2840] T 9b4b2dea960941bcb38197b51c55baf4 P 1ad000b8f6704a80bc4330f4e0c41996: Snoozing failure detection for 1.629s (starting election)
I1017 23:33:34.169729 21287 raft_consensus.cc:2892] T 9b4b2dea960941bcb38197b51c55baf4 P 1ad000b8f6704a80bc4330f4e0c41996 [term 29 FOLLOWER]: Advancing to term 30
I1017 23:33:34.171931 21287 raft_consensus.cc:493] T 9b4b2dea960941bcb38197b51c55baf4 P 1ad000b8f6704a80bc4330f4e0c41996 [term 30 FOLLOWER]: Starting leader election with config: opid_index: -1 OBSOLETE_local: false peers { permanent_uuid: "0ecfe08279804cb0888b118fc4f87243" member_type: VOTER last_known_addr { host: "127.18.62.193" port: 39726 } } peers { permanent_uuid: "b01d528fd3c74eb5b42b8d4888591ed2" member_type: VOTER last_known_addr { host: "127.18.62.194" port: 38185 } } peers { permanent_uuid: "1ad000b8f6704a80bc4330f4e0c41996" member_type: VOTER last_known_addr { host: "127.18.62.195" port: 55672 } }
I1017 23:33:34.172336 21287 leader_election.cc:251] T 9b4b2dea960941bcb38197b51c55baf4 P 1ad000b8f6704a80bc4330f4e0c41996 [CANDIDATE]: Term 30 election: Requesting vote from peer 0ecfe08279804cb0888b118fc4f87243 (127.18.62.193:39726)
I1017 23:33:34.173100 19711 tablet_service.cc:1001] Received RequestConsensusVote() RPC: tablet_id: "9b4b2dea960941bcb38197b51c55baf4" candidate_uuid: "1ad000b8f6704a80bc4330f4e0c41996" candidate_term: 30 candidate_status { last_received { term: 28 index: 143 } } ignore_live_leader: false dest_uuid: "0ecfe08279804cb0888b118fc4f87243"
I1017 23:33:34.173357 19711 raft_consensus.cc:2299] T 9b4b2dea960941bcb38197b51c55baf4 P 0ecfe08279804cb0888b118fc4f87243 [term 30 FOLLOWER]: Leader election vote request: Denying vote to candidate 1ad000b8f6704a80bc4330f4e0c41996 for term 30 because replica has last-logged OpId of term: 29 index: 144, which is greater than that of the candidate, which has last-logged OpId of term: 28 index: 143.
I1017 23:33:34.173936 19893 leader_election.cc:401] T 9b4b2dea960941bcb38197b51c55baf4 P 1ad000b8f6704a80bc4330f4e0c41996 [CANDIDATE]: Term 30 election: Vote denied by peer 0ecfe08279804cb0888b118fc4f87243 (127.18.62.193:39726). Message: Invalid argument: T 9b4b2dea960941bcb38197b51c55baf4 P 0ecfe08279804cb0888b118fc4f87243 [term 30 FOLLOWER]: Leader election vote request: Denying vote to candidate 1ad000b8f6704a80bc4330f4e0c41996 for term 30 because replica has last-logged OpId of term: 29 index: 144, which is greater than that of the candidate, which has last-logged OpId of term: 28 index: 143.
I1017 23:33:34.174075 21287 leader_election.cc:251] T 9b4b2dea960941bcb38197b51c55baf4 P 1ad000b8f6704a80bc4330f4e0c41996 [CANDIDATE]: Term 30 election: Requesting vote from peer b01d528fd3c74eb5b42b8d4888591ed2 (127.18.62.194:38185)
I1017 23:33:34.174790 19839 tablet_service.cc:1001] Received RequestConsensusVote() RPC: tablet_id: "9b4b2dea960941bcb38197b51c55baf4" candidate_uuid: "1ad000b8f6704a80bc4330f4e0c41996" candidate_term: 30 candidate_status { last_received { term: 28 index: 143 } } ignore_live_leader: false dest_uuid: "b01d528fd3c74eb5b42b8d4888591ed2"
I1017 23:33:34.174924 19839 raft_consensus.cc:2892] T 9b4b2dea960941bcb38197b51c55baf4 P b01d528fd3c74eb5b42b8d4888591ed2 [term 29 FOLLOWER]: Advancing to term 30
I1017 23:33:34.175004 19839 raft_consensus.cc:2840] T 9b4b2dea960941bcb38197b51c55baf4 P b01d528fd3c74eb5b42b8d4888591ed2: Snoozing failure detection for 3.563s (vote granted)
I1017 23:33:34.176868 19839 raft_consensus.cc:2352] T 9b4b2dea960941bcb38197b51c55baf4 P b01d528fd3c74eb5b42b8d4888591ed2 [term 30 FOLLOWER]: Leader election vote request: Granting yes vote for candidate 1ad000b8f6704a80bc4330f4e0c41996 in term 30.
I1017 23:33:34.177310 19893 leader_election.cc:387] T 9b4b2dea960941bcb38197b51c55baf4 P 1ad000b8f6704a80bc4330f4e0c41996 [CANDIDATE]: Term 30 election: Vote granted by peer b01d528fd3c74eb5b42b8d4888591ed2 (127.18.62.194:38185)
I1017 23:33:34.177366 19893 leader_election.cc:278] T 9b4b2dea960941bcb38197b51c55baf4 P 1ad000b8f6704a80bc4330f4e0c41996 [CANDIDATE]: Term 30 election: Election decided. Result: candidate won.
I1017 23:33:34.177608 21287 raft_consensus.cc:2840] T 9b4b2dea960941bcb38197b51c55baf4 P 1ad000b8f6704a80bc4330f4e0c41996: Snoozing failure detection for 1.718s (election complete)
I1017 23:33:34.177680 21287 raft_consensus.cc:2646] T 9b4b2dea960941bcb38197b51c55baf4 P 1ad000b8f6704a80bc4330f4e0c41996 [term 30 FOLLOWER]: Leader election won for term 30
I1017 23:33:34.177989 21287 raft_consensus.cc:666] T 9b4b2dea960941bcb38197b51c55baf4 P 1ad000b8f6704a80bc4330f4e0c41996 [term 30 LEADER]: Becoming Leader. State: Replica: 1ad000b8f6704a80bc4330f4e0c41996, State: Running, Role: LEADER
I1017 23:33:34.178246 21287 consensus_queue.cc:206] T 9b4b2dea960941bcb38197b51c55baf4 P 1ad000b8f6704a80bc4330f4e0c41996 [LEADER]: Queue going to LEADER mode. State: All replicated index: 0, Majority replicated index: 129, Committed index: 129, Last appended: 28.143, Last appended by leader: 143, Current term: 30, Majority size: 2, State: 0, Mode: LEADER, active raft config: opid_index: -1 OBSOLETE_local: false peers { permanent_uuid: "0ecfe08279804cb0888b118fc4f87243" member_type: VOTER last_known_addr { host: "127.18.62.193" port: 39726 } } peers { permanent_uuid: "b01d528fd3c74eb5b42b8d4888591ed2" member_type: VOTER last_known_addr { host: "127.18.62.194" port: 38185 } } peers { permanent_uuid: "1ad000b8f6704a80bc4330f4e0c41996" member_type: VOTER last_known_addr { host: "127.18.62.195" port: 55672 } }
I1017 23:33:34.179206 19711 tablet_service.cc:1146] Received LeaderStepDown RPC: tablet_id: "9b4b2dea960941bcb38197b51c55baf4" dest_uuid: "0ecfe08279804cb0888b118fc4f87243" mode: GRACEFUL from {username='jenkins'} at 127.18.62.193:35392
I1017 23:33:34.179334 19711 raft_consensus.cc:583] T 9b4b2dea960941bcb38197b51c55baf4 P 0ecfe08279804cb0888b118fc4f87243 [term 30 FOLLOWER]: Received request to transfer leadership
I1017 23:33:34.179384 19711 raft_consensus.cc:591] T 9b4b2dea960941bcb38197b51c55baf4 P 0ecfe08279804cb0888b118fc4f87243 [term 30 FOLLOWER]: Rejecting request to transer leadership while not leader
I1017 23:33:34.180454 19590 catalog_manager.cc:3758] T 9b4b2dea960941bcb38197b51c55baf4 P 1ad000b8f6704a80bc4330f4e0c41996 reported cstate change: term changed from 29 to 30, leader changed from 0ecfe08279804cb0888b118fc4f87243 (127.18.62.193) to 1ad000b8f6704a80bc4330f4e0c41996 (127.18.62.195). New cstate: current_term: 30 leader_uuid: "1ad000b8f6704a80bc4330f4e0c41996" committed_config { opid_index: -1 OBSOLETE_local: false peers { permanent_uuid: "0ecfe08279804cb0888b118fc4f87243" member_type: VOTER last_known_addr { host: "127.18.62.193" port: 39726 } health_report { overall_health: UNKNOWN } } peers { permanent_uuid: "b01d528fd3c74eb5b42b8d4888591ed2" member_type: VOTER last_known_addr { host: "127.18.62.194" port: 38185 } health_report { overall_health: UNKNOWN } } peers { permanent_uuid: "1ad000b8f6704a80bc4330f4e0c41996" member_type: VOTER last_known_addr { host: "127.18.62.195" port: 55672 } health_report { overall_health: HEALTHY } } } Illegal state: not currently leader
W1017 23:33:34.451900 21299 flags.cc:406] Enabled unsafe flag: --never_fsync=true
I1017 23:33:34.512219 19960 tablet_service.cc:1146] Received LeaderStepDown RPC: tablet_id: "9b4b2dea960941bcb38197b51c55baf4" dest_uuid: "1ad000b8f6704a80bc4330f4e0c41996" mode: ABRUPT from {username='jenkins'} at 127.18.62.195:40136
I1017 23:33:34.512380 19960 raft_consensus.cc:568] T 9b4b2dea960941bcb38197b51c55baf4 P 1ad000b8f6704a80bc4330f4e0c41996 [term 30 LEADER]: Received request to step down
I1017 23:33:34.512457 19960 raft_consensus.cc:2887] T 9b4b2dea960941bcb38197b51c55baf4 P 1ad000b8f6704a80bc4330f4e0c41996 [term 30 LEADER]: Stepping down as leader of term 30
I1017 23:33:34.512501 19960 raft_consensus.cc:704] T 9b4b2dea960941bcb38197b51c55baf4 P 1ad000b8f6704a80bc4330f4e0c41996 [term 30 LEADER]: Becoming Follower/Learner. State: Replica: 1ad000b8f6704a80bc4330f4e0c41996, State: Running, Role: LEADER
I1017 23:33:34.512749 19960 consensus_queue.cc:229] T 9b4b2dea960941bcb38197b51c55baf4 P 1ad000b8f6704a80bc4330f4e0c41996 [NON_LEADER]: Queue going to NON_LEADER mode. State: All replicated index: 0, Majority replicated index: 129, Committed index: 129, Last appended: 30.144, Last appended by leader: 144, Current term: 30, Majority size: -1, State: 0, Mode: NON_LEADER, active raft config: opid_index: -1 OBSOLETE_local: false peers { permanent_uuid: "0ecfe08279804cb0888b118fc4f87243" member_type: VOTER last_known_addr { host: "127.18.62.193" port: 39726 } } peers { permanent_uuid: "b01d528fd3c74eb5b42b8d4888591ed2" member_type: VOTER last_known_addr { host: "127.18.62.194" port: 38185 } } peers { permanent_uuid: "1ad000b8f6704a80bc4330f4e0c41996" member_type: VOTER last_known_addr { host: "127.18.62.195" port: 55672 } }
I1017 23:33:34.512887 19960 consensus_peers.cc:469] T 9b4b2dea960941bcb38197b51c55baf4 P 1ad000b8f6704a80bc4330f4e0c41996 -> Peer b01d528fd3c74eb5b42b8d4888591ed2 (127.18.62.194:38185): Closing peer: b01d528fd3c74eb5b42b8d4888591ed2
I1017 23:33:34.512945 19960 consensus_peers.cc:469] T 9b4b2dea960941bcb38197b51c55baf4 P 1ad000b8f6704a80bc4330f4e0c41996 -> Peer 0ecfe08279804cb0888b118fc4f87243 (127.18.62.193:39726): Closing peer: 0ecfe08279804cb0888b118fc4f87243
I1017 23:33:34.513031 19960 raft_consensus.cc:2892] T 9b4b2dea960941bcb38197b51c55baf4 P 1ad000b8f6704a80bc4330f4e0c41996 [term 30 FOLLOWER]: Advancing to term 31
I1017 23:33:34.513101 19960 raft_consensus.cc:2840] T 9b4b2dea960941bcb38197b51c55baf4 P 1ad000b8f6704a80bc4330f4e0c41996: Snoozing failure detection for 3.000s (explicit stepdown request)
W1017 23:33:35.788406 21316 flags.cc:406] Enabled unsafe flag: --never_fsync=true
I1017 23:33:35.842378 21331 raft_consensus.cc:471] T 9b4b2dea960941bcb38197b51c55baf4 P 0ecfe08279804cb0888b118fc4f87243 [term 30 FOLLOWER]: Starting pre-election (no leader contacted us within the election timeout)
I1017 23:33:35.842463 21331 raft_consensus.cc:2840] T 9b4b2dea960941bcb38197b51c55baf4 P 0ecfe08279804cb0888b118fc4f87243: Snoozing failure detection for 2.138s (starting election)
I1017 23:33:35.842643 21331 raft_consensus.cc:493] T 9b4b2dea960941bcb38197b51c55baf4 P 0ecfe08279804cb0888b118fc4f87243 [term 30 FOLLOWER]: Starting pre-election with config: opid_index: -1 OBSOLETE_local: false peers { permanent_uuid: "0ecfe08279804cb0888b118fc4f87243" member_type: VOTER last_known_addr { host: "127.18.62.193" port: 39726 } } peers { permanent_uuid: "b01d528fd3c74eb5b42b8d4888591ed2" member_type: VOTER last_known_addr { host: "127.18.62.194" port: 38185 } } peers { permanent_uuid: "1ad000b8f6704a80bc4330f4e0c41996" member_type: VOTER last_known_addr { host: "127.18.62.195" port: 55672 } }
I1017 23:33:35.843235 21331 leader_election.cc:251] T 9b4b2dea960941bcb38197b51c55baf4 P 0ecfe08279804cb0888b118fc4f87243 [CANDIDATE]: Term 31 pre-election: Requesting pre-vote from peer b01d528fd3c74eb5b42b8d4888591ed2 (127.18.62.194:38185)
I1017 23:33:35.843561 21331 leader_election.cc:251] T 9b4b2dea960941bcb38197b51c55baf4 P 0ecfe08279804cb0888b118fc4f87243 [CANDIDATE]: Term 31 pre-election: Requesting pre-vote from peer 1ad000b8f6704a80bc4330f4e0c41996 (127.18.62.195:55672)
I1017 23:33:35.844321 19839 tablet_service.cc:1001] Received RequestConsensusVote() RPC: tablet_id: "9b4b2dea960941bcb38197b51c55baf4" candidate_uuid: "0ecfe08279804cb0888b118fc4f87243" candidate_term: 31 candidate_status { last_received { term: 29 index: 144 } } ignore_live_leader: false dest_uuid: "b01d528fd3c74eb5b42b8d4888591ed2" is_pre_election: true
I1017 23:33:35.844549 19839 raft_consensus.cc:2840] T 9b4b2dea960941bcb38197b51c55baf4 P b01d528fd3c74eb5b42b8d4888591ed2: Snoozing failure detection for 2.560s (vote granted)
I1017 23:33:35.844527 19960 tablet_service.cc:1001] Received RequestConsensusVote() RPC: tablet_id: "9b4b2dea960941bcb38197b51c55baf4" candidate_uuid: "0ecfe08279804cb0888b118fc4f87243" candidate_term: 31 candidate_status { last_received { term: 29 index: 144 } } ignore_live_leader: false dest_uuid: "1ad000b8f6704a80bc4330f4e0c41996" is_pre_election: true
I1017 23:33:35.844621 19839 raft_consensus.cc:2352] T 9b4b2dea960941bcb38197b51c55baf4 P b01d528fd3c74eb5b42b8d4888591ed2 [term 30 FOLLOWER]: Leader pre-election vote request: Granting yes vote for candidate 0ecfe08279804cb0888b118fc4f87243 in term 30.
I1017 23:33:35.844775 19960 raft_consensus.cc:2299] T 9b4b2dea960941bcb38197b51c55baf4 P 1ad000b8f6704a80bc4330f4e0c41996 [term 31 FOLLOWER]: Leader pre-election vote request: Denying vote to candidate 0ecfe08279804cb0888b118fc4f87243 for term 31 because replica has last-logged OpId of term: 30 index: 144, which is greater than that of the candidate, which has last-logged OpId of term: 29 index: 144.
I1017 23:33:35.845093 19644 leader_election.cc:387] T 9b4b2dea960941bcb38197b51c55baf4 P 0ecfe08279804cb0888b118fc4f87243 [CANDIDATE]: Term 31 pre-election: Vote granted by peer b01d528fd3c74eb5b42b8d4888591ed2 (127.18.62.194:38185)
I1017 23:33:35.845186 19644 leader_election.cc:278] T 9b4b2dea960941bcb38197b51c55baf4 P 0ecfe08279804cb0888b118fc4f87243 [CANDIDATE]: Term 31 pre-election: Election decided. Result: candidate won.
I1017 23:33:35.845412 21331 raft_consensus.cc:2840] T 9b4b2dea960941bcb38197b51c55baf4 P 0ecfe08279804cb0888b118fc4f87243: Snoozing failure detection for 1.841s (election complete)
I1017 23:33:35.845527 21331 raft_consensus.cc:2646] T 9b4b2dea960941bcb38197b51c55baf4 P 0ecfe08279804cb0888b118fc4f87243 [term 30 FOLLOWER]: Leader pre-election won for term 31
I1017 23:33:35.845614 21331 raft_consensus.cc:471] T 9b4b2dea960941bcb38197b51c55baf4 P 0ecfe08279804cb0888b118fc4f87243 [term 30 FOLLOWER]: Starting leader election (no leader contacted us within the election timeout)
I1017 23:33:35.845614 19646 leader_election.cc:401] T 9b4b2dea960941bcb38197b51c55baf4 P 0ecfe08279804cb0888b118fc4f87243 [CANDIDATE]: Term 31 pre-election: Vote denied by peer 1ad000b8f6704a80bc4330f4e0c41996 (127.18.62.195:55672). Message: Invalid argument: T 9b4b2dea960941bcb38197b51c55baf4 P 1ad000b8f6704a80bc4330f4e0c41996 [term 31 FOLLOWER]: Leader pre-election vote request: Denying vote to candidate 0ecfe08279804cb0888b118fc4f87243 for term 31 because replica has last-logged OpId of term: 30 index: 144, which is greater than that of the candidate, which has last-logged OpId of term: 29 index: 144.
I1017 23:33:35.845695 21331 raft_consensus.cc:2840] T 9b4b2dea960941bcb38197b51c55baf4 P 0ecfe08279804cb0888b118fc4f87243: Snoozing failure detection for 1.904s (starting election)
I1017 23:33:35.845757 21331 raft_consensus.cc:2892] T 9b4b2dea960941bcb38197b51c55baf4 P 0ecfe08279804cb0888b118fc4f87243 [term 30 FOLLOWER]: Advancing to term 31
I1017 23:33:35.847182 21331 raft_consensus.cc:493] T 9b4b2dea960941bcb38197b51c55baf4 P 0ecfe08279804cb0888b118fc4f87243 [term 31 FOLLOWER]: Starting leader election with config: opid_index: -1 OBSOLETE_local: false peers { permanent_uuid: "0ecfe08279804cb0888b118fc4f87243" member_type: VOTER last_known_addr { host: "127.18.62.193" port: 39726 } } peers { permanent_uuid: "b01d528fd3c74eb5b42b8d4888591ed2" member_type: VOTER last_known_addr { host: "127.18.62.194" port: 38185 } } peers { permanent_uuid: "1ad000b8f6704a80bc4330f4e0c41996" member_type: VOTER last_known_addr { host: "127.18.62.195" port: 55672 } }
I1017 23:33:35.847537 21331 leader_election.cc:251] T 9b4b2dea960941bcb38197b51c55baf4 P 0ecfe08279804cb0888b118fc4f87243 [CANDIDATE]: Term 31 election: Requesting vote from peer b01d528fd3c74eb5b42b8d4888591ed2 (127.18.62.194:38185)
I1017 23:33:35.847714 21331 leader_election.cc:251] T 9b4b2dea960941bcb38197b51c55baf4 P 0ecfe08279804cb0888b118fc4f87243 [CANDIDATE]: Term 31 election: Requesting vote from peer 1ad000b8f6704a80bc4330f4e0c41996 (127.18.62.195:55672)
I1017 23:33:35.848259 19839 tablet_service.cc:1001] Received RequestConsensusVote() RPC: tablet_id: "9b4b2dea960941bcb38197b51c55baf4" candidate_uuid: "0ecfe08279804cb0888b118fc4f87243" candidate_term: 31 candidate_status { last_received { term: 29 index: 144 } } ignore_live_leader: false dest_uuid: "b01d528fd3c74eb5b42b8d4888591ed2"
I1017 23:33:35.848372 19839 raft_consensus.cc:2892] T 9b4b2dea960941bcb38197b51c55baf4 P b01d528fd3c74eb5b42b8d4888591ed2 [term 30 FOLLOWER]: Advancing to term 31
I1017 23:33:35.848461 19839 raft_consensus.cc:2840] T 9b4b2dea960941bcb38197b51c55baf4 P b01d528fd3c74eb5b42b8d4888591ed2: Snoozing failure detection for 4.633s (vote granted)
I1017 23:33:35.848522 19960 tablet_service.cc:1001] Received RequestConsensusVote() RPC: tablet_id: "9b4b2dea960941bcb38197b51c55baf4" candidate_uuid: "0ecfe08279804cb0888b118fc4f87243" candidate_term: 31 candidate_status { last_received { term: 29 index: 144 } } ignore_live_leader: false dest_uuid: "1ad000b8f6704a80bc4330f4e0c41996"
I1017 23:33:35.848670 19960 raft_consensus.cc:2299] T 9b4b2dea960941bcb38197b51c55baf4 P 1ad000b8f6704a80bc4330f4e0c41996 [term 31 FOLLOWER]: Leader election vote request: Denying vote to candidate 0ecfe08279804cb0888b118fc4f87243 for term 31 because replica has last-logged OpId of term: 30 index: 144, which is greater than that of the candidate, which has last-logged OpId of term: 29 index: 144.
I1017 23:33:35.849207 19646 leader_election.cc:401] T 9b4b2dea960941bcb38197b51c55baf4 P 0ecfe08279804cb0888b118fc4f87243 [CANDIDATE]: Term 31 election: Vote denied by peer 1ad000b8f6704a80bc4330f4e0c41996 (127.18.62.195:55672). Message: Invalid argument: T 9b4b2dea960941bcb38197b51c55baf4 P 1ad000b8f6704a80bc4330f4e0c41996 [term 31 FOLLOWER]: Leader election vote request: Denying vote to candidate 0ecfe08279804cb0888b118fc4f87243 for term 31 because replica has last-logged OpId of term: 30 index: 144, which is greater than that of the candidate, which has last-logged OpId of term: 29 index: 144.
I1017 23:33:35.849908 19839 raft_consensus.cc:2352] T 9b4b2dea960941bcb38197b51c55baf4 P b01d528fd3c74eb5b42b8d4888591ed2 [term 31 FOLLOWER]: Leader election vote request: Granting yes vote for candidate 0ecfe08279804cb0888b118fc4f87243 in term 31.
I1017 23:33:35.849892 19960 tablet_service.cc:1146] Received LeaderStepDown RPC: tablet_id: "9b4b2dea960941bcb38197b51c55baf4" dest_uuid: "1ad000b8f6704a80bc4330f4e0c41996" mode: GRACEFUL from {username='jenkins'} at 127.18.62.195:40138
I1017 23:33:35.849994 19960 raft_consensus.cc:583] T 9b4b2dea960941bcb38197b51c55baf4 P 1ad000b8f6704a80bc4330f4e0c41996 [term 31 FOLLOWER]: Received request to transfer leadership
I1017 23:33:35.850044 19960 raft_consensus.cc:591] T 9b4b2dea960941bcb38197b51c55baf4 P 1ad000b8f6704a80bc4330f4e0c41996 [term 31 FOLLOWER]: Rejecting request to transer leadership while not leader
I1017 23:33:35.850327 19644 leader_election.cc:387] T 9b4b2dea960941bcb38197b51c55baf4 P 0ecfe08279804cb0888b118fc4f87243 [CANDIDATE]: Term 31 election: Vote granted by peer b01d528fd3c74eb5b42b8d4888591ed2 (127.18.62.194:38185)
I1017 23:33:35.850394 19644 leader_election.cc:278] T 9b4b2dea960941bcb38197b51c55baf4 P 0ecfe08279804cb0888b118fc4f87243 [CANDIDATE]: Term 31 election: Election decided. Result: candidate won.
I1017 23:33:35.850690 21331 raft_consensus.cc:2840] T 9b4b2dea960941bcb38197b51c55baf4 P 0ecfe08279804cb0888b118fc4f87243: Snoozing failure detection for 1.717s (election complete)
I1017 23:33:35.850770 21331 raft_consensus.cc:2646] T 9b4b2dea960941bcb38197b51c55baf4 P 0ecfe08279804cb0888b118fc4f87243 [term 31 FOLLOWER]: Leader election won for term 31
I1017 23:33:35.851063 21331 raft_consensus.cc:666] T 9b4b2dea960941bcb38197b51c55baf4 P 0ecfe08279804cb0888b118fc4f87243 [term 31 LEADER]: Becoming Leader. State: Replica: 0ecfe08279804cb0888b118fc4f87243, State: Running, Role: LEADER
I1017 23:33:35.851325 21331 consensus_queue.cc:206] T 9b4b2dea960941bcb38197b51c55baf4 P 0ecfe08279804cb0888b118fc4f87243 [LEADER]: Queue going to LEADER mode. State: All replicated index: 0, Majority replicated index: 129, Committed index: 129, Last appended: 29.144, Last appended by leader: 144, Current term: 31, Majority size: 2, State: 0, Mode: LEADER, active raft config: opid_index: -1 OBSOLETE_local: false peers { permanent_uuid: "0ecfe08279804cb0888b118fc4f87243" member_type: VOTER last_known_addr { host: "127.18.62.193" port: 39726 } } peers { permanent_uuid: "b01d528fd3c74eb5b42b8d4888591ed2" member_type: VOTER last_known_addr { host: "127.18.62.194" port: 38185 } } peers { permanent_uuid: "1ad000b8f6704a80bc4330f4e0c41996" member_type: VOTER last_known_addr { host: "127.18.62.195" port: 55672 } }
I1017 23:33:35.853826 19590 catalog_manager.cc:3758] T 9b4b2dea960941bcb38197b51c55baf4 P 0ecfe08279804cb0888b118fc4f87243 reported cstate change: term changed from 30 to 31, leader changed from 1ad000b8f6704a80bc4330f4e0c41996 (127.18.62.195) to 0ecfe08279804cb0888b118fc4f87243 (127.18.62.193). New cstate: current_term: 31 leader_uuid: "0ecfe08279804cb0888b118fc4f87243" committed_config { opid_index: -1 OBSOLETE_local: false peers { permanent_uuid: "0ecfe08279804cb0888b118fc4f87243" member_type: VOTER last_known_addr { host: "127.18.62.193" port: 39726 } health_report { overall_health: HEALTHY } } peers { permanent_uuid: "b01d528fd3c74eb5b42b8d4888591ed2" member_type: VOTER last_known_addr { host: "127.18.62.194" port: 38185 } health_report { overall_health: UNKNOWN } } peers { permanent_uuid: "1ad000b8f6704a80bc4330f4e0c41996" member_type: VOTER last_known_addr { host: "127.18.62.195" port: 55672 } health_report { overall_health: UNKNOWN } } } Illegal state: not currently leader
W1017 23:33:36.123507 21341 flags.cc:406] Enabled unsafe flag: --never_fsync=true
I1017 23:33:36.182006 19711 tablet_service.cc:1146] Received LeaderStepDown RPC: tablet_id: "9b4b2dea960941bcb38197b51c55baf4" dest_uuid: "0ecfe08279804cb0888b118fc4f87243" mode: ABRUPT from {username='jenkins'} at 127.18.62.193:35398
I1017 23:33:36.182145 19711 raft_consensus.cc:568] T 9b4b2dea960941bcb38197b51c55baf4 P 0ecfe08279804cb0888b118fc4f87243 [term 31 LEADER]: Received request to step down
I1017 23:33:36.182196 19711 raft_consensus.cc:2887] T 9b4b2dea960941bcb38197b51c55baf4 P 0ecfe08279804cb0888b118fc4f87243 [term 31 LEADER]: Stepping down as leader of term 31
I1017 23:33:36.182251 19711 raft_consensus.cc:704] T 9b4b2dea960941bcb38197b51c55baf4 P 0ecfe08279804cb0888b118fc4f87243 [term 31 LEADER]: Becoming Follower/Learner. State: Replica: 0ecfe08279804cb0888b118fc4f87243, State: Running, Role: LEADER
I1017 23:33:36.182539 19711 consensus_queue.cc:229] T 9b4b2dea960941bcb38197b51c55baf4 P 0ecfe08279804cb0888b118fc4f87243 [NON_LEADER]: Queue going to NON_LEADER mode. State: All replicated index: 0, Majority replicated index: 129, Committed index: 129, Last appended: 31.145, Last appended by leader: 145, Current term: 31, Majority size: -1, State: 0, Mode: NON_LEADER, active raft config: opid_index: -1 OBSOLETE_local: false peers { permanent_uuid: "0ecfe08279804cb0888b118fc4f87243" member_type: VOTER last_known_addr { host: "127.18.62.193" port: 39726 } } peers { permanent_uuid: "b01d528fd3c74eb5b42b8d4888591ed2" member_type: VOTER last_known_addr { host: "127.18.62.194" port: 38185 } } peers { permanent_uuid: "1ad000b8f6704a80bc4330f4e0c41996" member_type: VOTER last_known_addr { host: "127.18.62.195" port: 55672 } }
I1017 23:33:36.182691 19711 consensus_peers.cc:469] T 9b4b2dea960941bcb38197b51c55baf4 P 0ecfe08279804cb0888b118fc4f87243 -> Peer 1ad000b8f6704a80bc4330f4e0c41996 (127.18.62.195:55672): Closing peer: 1ad000b8f6704a80bc4330f4e0c41996
I1017 23:33:36.182739 19711 consensus_peers.cc:469] T 9b4b2dea960941bcb38197b51c55baf4 P 0ecfe08279804cb0888b118fc4f87243 -> Peer b01d528fd3c74eb5b42b8d4888591ed2 (127.18.62.194:38185): Closing peer: b01d528fd3c74eb5b42b8d4888591ed2
I1017 23:33:36.182812 19711 raft_consensus.cc:2892] T 9b4b2dea960941bcb38197b51c55baf4 P 0ecfe08279804cb0888b118fc4f87243 [term 31 FOLLOWER]: Advancing to term 32
I1017 23:33:36.182875 19711 raft_consensus.cc:2840] T 9b4b2dea960941bcb38197b51c55baf4 P 0ecfe08279804cb0888b118fc4f87243: Snoozing failure detection for 3.000s (explicit stepdown request)
W1017 23:33:37.455302 21362 flags.cc:406] Enabled unsafe flag: --never_fsync=true
I1017 23:33:37.514400 21379 raft_consensus.cc:471] T 9b4b2dea960941bcb38197b51c55baf4 P 1ad000b8f6704a80bc4330f4e0c41996 [term 31 FOLLOWER]: Starting pre-election (no leader contacted us within the election timeout)
I1017 23:33:37.514508 21379 raft_consensus.cc:2840] T 9b4b2dea960941bcb38197b51c55baf4 P 1ad000b8f6704a80bc4330f4e0c41996: Snoozing failure detection for 1.689s (starting election)
I1017 23:33:37.514606 21379 raft_consensus.cc:493] T 9b4b2dea960941bcb38197b51c55baf4 P 1ad000b8f6704a80bc4330f4e0c41996 [term 31 FOLLOWER]: Starting pre-election with config: opid_index: -1 OBSOLETE_local: false peers { permanent_uuid: "0ecfe08279804cb0888b118fc4f87243" member_type: VOTER last_known_addr { host: "127.18.62.193" port: 39726 } } peers { permanent_uuid: "b01d528fd3c74eb5b42b8d4888591ed2" member_type: VOTER last_known_addr { host: "127.18.62.194" port: 38185 } } peers { permanent_uuid: "1ad000b8f6704a80bc4330f4e0c41996" member_type: VOTER last_known_addr { host: "127.18.62.195" port: 55672 } }
I1017 23:33:37.515008 21379 leader_election.cc:251] T 9b4b2dea960941bcb38197b51c55baf4 P 1ad000b8f6704a80bc4330f4e0c41996 [CANDIDATE]: Term 32 pre-election: Requesting pre-vote from peer 0ecfe08279804cb0888b118fc4f87243 (127.18.62.193:39726)
I1017 23:33:37.515209 21379 leader_election.cc:251] T 9b4b2dea960941bcb38197b51c55baf4 P 1ad000b8f6704a80bc4330f4e0c41996 [CANDIDATE]: Term 32 pre-election: Requesting pre-vote from peer b01d528fd3c74eb5b42b8d4888591ed2 (127.18.62.194:38185)
I1017 23:33:37.515954 19711 tablet_service.cc:1001] Received RequestConsensusVote() RPC: tablet_id: "9b4b2dea960941bcb38197b51c55baf4" candidate_uuid: "1ad000b8f6704a80bc4330f4e0c41996" candidate_term: 32 candidate_status { last_received { term: 30 index: 144 } } ignore_live_leader: false dest_uuid: "0ecfe08279804cb0888b118fc4f87243" is_pre_election: true
I1017 23:33:37.516129 19711 raft_consensus.cc:2299] T 9b4b2dea960941bcb38197b51c55baf4 P 0ecfe08279804cb0888b118fc4f87243 [term 32 FOLLOWER]: Leader pre-election vote request: Denying vote to candidate 1ad000b8f6704a80bc4330f4e0c41996 for term 32 because replica has last-logged OpId of term: 31 index: 145, which is greater than that of the candidate, which has last-logged OpId of term: 30 index: 144.
I1017 23:33:37.516188 19839 tablet_service.cc:1001] Received RequestConsensusVote() RPC: tablet_id: "9b4b2dea960941bcb38197b51c55baf4" candidate_uuid: "1ad000b8f6704a80bc4330f4e0c41996" candidate_term: 32 candidate_status { last_received { term: 30 index: 144 } } ignore_live_leader: false dest_uuid: "b01d528fd3c74eb5b42b8d4888591ed2" is_pre_election: true
I1017 23:33:37.516346 19839 raft_consensus.cc:2840] T 9b4b2dea960941bcb38197b51c55baf4 P b01d528fd3c74eb5b42b8d4888591ed2: Snoozing failure detection for 3.785s (vote granted)
I1017 23:33:37.516425 19839 raft_consensus.cc:2352] T 9b4b2dea960941bcb38197b51c55baf4 P b01d528fd3c74eb5b42b8d4888591ed2 [term 31 FOLLOWER]: Leader pre-election vote request: Granting yes vote for candidate 1ad000b8f6704a80bc4330f4e0c41996 in term 31.
I1017 23:33:37.516841 19893 leader_election.cc:401] T 9b4b2dea960941bcb38197b51c55baf4 P 1ad000b8f6704a80bc4330f4e0c41996 [CANDIDATE]: Term 32 pre-election: Vote denied by peer 0ecfe08279804cb0888b118fc4f87243 (127.18.62.193:39726). Message: Invalid argument: T 9b4b2dea960941bcb38197b51c55baf4 P 0ecfe08279804cb0888b118fc4f87243 [term 32 FOLLOWER]: Leader pre-election vote request: Denying vote to candidate 1ad000b8f6704a80bc4330f4e0c41996 for term 32 because replica has last-logged OpId of term: 31 index: 145, which is greater than that of the candidate, which has last-logged OpId of term: 30 index: 144.
I1017 23:33:37.517055 19893 leader_election.cc:387] T 9b4b2dea960941bcb38197b51c55baf4 P 1ad000b8f6704a80bc4330f4e0c41996 [CANDIDATE]: Term 32 pre-election: Vote granted by peer b01d528fd3c74eb5b42b8d4888591ed2 (127.18.62.194:38185)
I1017 23:33:37.517099 19893 leader_election.cc:278] T 9b4b2dea960941bcb38197b51c55baf4 P 1ad000b8f6704a80bc4330f4e0c41996 [CANDIDATE]: Term 32 pre-election: Election decided. Result: candidate won.
I1017 23:33:37.517185 19711 tablet_service.cc:1146] Received LeaderStepDown RPC: tablet_id: "9b4b2dea960941bcb38197b51c55baf4" dest_uuid: "0ecfe08279804cb0888b118fc4f87243" mode: GRACEFUL from {username='jenkins'} at 127.18.62.193:35401
I1017 23:33:37.517285 19711 raft_consensus.cc:583] T 9b4b2dea960941bcb38197b51c55baf4 P 0ecfe08279804cb0888b118fc4f87243 [term 32 FOLLOWER]: Received request to transfer leadership
I1017 23:33:37.517282 21379 raft_consensus.cc:2840] T 9b4b2dea960941bcb38197b51c55baf4 P 1ad000b8f6704a80bc4330f4e0c41996: Snoozing failure detection for 2.014s (election complete)
I1017 23:33:37.517320 19711 raft_consensus.cc:591] T 9b4b2dea960941bcb38197b51c55baf4 P 0ecfe08279804cb0888b118fc4f87243 [term 32 FOLLOWER]: Rejecting request to transer leadership while not leader
I1017 23:33:37.517352 21379 raft_consensus.cc:2646] T 9b4b2dea960941bcb38197b51c55baf4 P 1ad000b8f6704a80bc4330f4e0c41996 [term 31 FOLLOWER]: Leader pre-election won for term 32
I1017 23:33:37.517421 21379 raft_consensus.cc:471] T 9b4b2dea960941bcb38197b51c55baf4 P 1ad000b8f6704a80bc4330f4e0c41996 [term 31 FOLLOWER]: Starting leader election (no leader contacted us within the election timeout)
I1017 23:33:37.517498 21379 raft_consensus.cc:2840] T 9b4b2dea960941bcb38197b51c55baf4 P 1ad000b8f6704a80bc4330f4e0c41996: Snoozing failure detection for 1.538s (starting election)
I1017 23:33:37.517581 21379 raft_consensus.cc:2892] T 9b4b2dea960941bcb38197b51c55baf4 P 1ad000b8f6704a80bc4330f4e0c41996 [term 31 FOLLOWER]: Advancing to term 32
I1017 23:33:37.520000 21379 raft_consensus.cc:493] T 9b4b2dea960941bcb38197b51c55baf4 P 1ad000b8f6704a80bc4330f4e0c41996 [term 32 FOLLOWER]: Starting leader election with config: opid_index: -1 OBSOLETE_local: false peers { permanent_uuid: "0ecfe08279804cb0888b118fc4f87243" member_type: VOTER last_known_addr { host: "127.18.62.193" port: 39726 } } peers { permanent_uuid: "b01d528fd3c74eb5b42b8d4888591ed2" member_type: VOTER last_known_addr { host: "127.18.62.194" port: 38185 } } peers { permanent_uuid: "1ad000b8f6704a80bc4330f4e0c41996" member_type: VOTER last_known_addr { host: "127.18.62.195" port: 55672 } }
I1017 23:33:37.520612 21379 leader_election.cc:251] T 9b4b2dea960941bcb38197b51c55baf4 P 1ad000b8f6704a80bc4330f4e0c41996 [CANDIDATE]: Term 32 election: Requesting vote from peer 0ecfe08279804cb0888b118fc4f87243 (127.18.62.193:39726)
I1017 23:33:37.520823 21379 leader_election.cc:251] T 9b4b2dea960941bcb38197b51c55baf4 P 1ad000b8f6704a80bc4330f4e0c41996 [CANDIDATE]: Term 32 election: Requesting vote from peer b01d528fd3c74eb5b42b8d4888591ed2 (127.18.62.194:38185) Illegal state: not currently leaderI1017 23:33:37.521412 19711 tablet_service.cc:1001] Received RequestConsensusVote() RPC: tablet_id: "9b4b2dea960941bcb38197b51c55baf4" candidate_uuid: "1ad000b8f6704a80bc4330f4e0c41996" candidate_term: 32 candidate_status { last_received { term: 30 index: 144 } } ignore_live_leader: false dest_uuid: "0ecfe08279804cb0888b118fc4f87243"
I1017 23:33:37.521577 19711 raft_consensus.cc:2299] T 9b4b2dea960941bcb38197b51c55baf4 P 0ecfe08279804cb0888b118fc4f87243 [term 32 FOLLOWER]: Leader election vote request: Denying vote to candidate 1ad000b8f6704a80bc4330f4e0c41996 for term 32 because replica has last-logged OpId of term: 31 index: 145, which is greater than that of the candidate, which has last-logged OpId of term: 30 index: 144.
I1017 23:33:37.521543 19839 tablet_service.cc:1001] Received RequestConsensusVote() RPC: tablet_id: "9b4b2dea960941bcb38197b51c55baf4" candidate_uuid: "1ad000b8f6704a80bc4330f4e0c41996" candidate_term: 32 candidate_status { last_received { term: 30 index: 144 } } ignore_live_leader: false dest_uuid: "b01d528fd3c74eb5b42b8d4888591ed2"
I1017 23:33:37.521672 19839 raft_consensus.cc:2892] T 9b4b2dea960941bcb38197b51c55baf4 P b01d528fd3c74eb5b42b8d4888591ed2 [term 31 FOLLOWER]: Advancing to term 32
I1017 23:33:37.521744 19839 raft_consensus.cc:2840] T 9b4b2dea960941bcb38197b51c55baf4 P b01d528fd3c74eb5b42b8d4888591ed2: Snoozing failure detection for 3.758s (vote granted)
I1017 23:33:37.522090 19893 leader_election.cc:401] T 9b4b2dea960941bcb38197b51c55baf4 P 1ad000b8f6704a80bc4330f4e0c41996 [CANDIDATE]: Term 32 election: Vote denied by peer 0ecfe08279804cb0888b118fc4f87243 (127.18.62.193:39726). Message: Invalid argument: T 9b4b2dea960941bcb38197b51c55baf4 P 0ecfe08279804cb0888b118fc4f87243 [term 32 FOLLOWER]: Leader election vote request: Denying vote to candidate 1ad000b8f6704a80bc4330f4e0c41996 for term 32 because replica has last-logged OpId of term: 31 index: 145, which is greater than that of the candidate, which has last-logged OpId of term: 30 index: 144.
I1017 23:33:37.523242 19839 raft_consensus.cc:2352] T 9b4b2dea960941bcb38197b51c55baf4 P b01d528fd3c74eb5b42b8d4888591ed2 [term 32 FOLLOWER]: Leader election vote request: Granting yes vote for candidate 1ad000b8f6704a80bc4330f4e0c41996 in term 32.
I1017 23:33:37.523782 19893 leader_election.cc:387] T 9b4b2dea960941bcb38197b51c55baf4 P 1ad000b8f6704a80bc4330f4e0c41996 [CANDIDATE]: Term 32 election: Vote granted by peer b01d528fd3c74eb5b42b8d4888591ed2 (127.18.62.194:38185)
I1017 23:33:37.523839 19893 leader_election.cc:278] T 9b4b2dea960941bcb38197b51c55baf4 P 1ad000b8f6704a80bc4330f4e0c41996 [CANDIDATE]: Term 32 election: Election decided. Result: candidate won.
I1017 23:33:37.524050 21379 raft_consensus.cc:2840] T 9b4b2dea960941bcb38197b51c55baf4 P 1ad000b8f6704a80bc4330f4e0c41996: Snoozing failure detection for 2.008s (election complete)
I1017 23:33:37.524129 21379 raft_consensus.cc:2646] T 9b4b2dea960941bcb38197b51c55baf4 P 1ad000b8f6704a80bc4330f4e0c41996 [term 32 FOLLOWER]: Leader election won for term 32
I1017 23:33:37.524466 21379 raft_consensus.cc:666] T 9b4b2dea960941bcb38197b51c55baf4 P 1ad000b8f6704a80bc4330f4e0c41996 [term 32 LEADER]: Becoming Leader. State: Replica: 1ad000b8f6704a80bc4330f4e0c41996, State: Running, Role: LEADER
