I1017 23:33:27.501206 21118 leader_election.cc:251] T 9b4b2dea960941bcb38197b51c55baf4 P 1ad000b8f6704a80bc4330f4e0c41996 [CANDIDATE]: Term 26 pre-election: Requesting pre-vote from peer 0ecfe08279804cb0888b118fc4f87243 (127.18.62.193:39726)
I1017 23:33:27.501399 21118 leader_election.cc:251] T 9b4b2dea960941bcb38197b51c55baf4 P 1ad000b8f6704a80bc4330f4e0c41996 [CANDIDATE]: Term 26 pre-election: Requesting pre-vote from peer b01d528fd3c74eb5b42b8d4888591ed2 (127.18.62.194:38185)
I1017 23:33:27.502007 19711 tablet_service.cc:1001] Received RequestConsensusVote() RPC: tablet_id: "9b4b2dea960941bcb38197b51c55baf4" candidate_uuid: "1ad000b8f6704a80bc4330f4e0c41996" candidate_term: 26 candidate_status { last_received { term: 24 index: 141 } } ignore_live_leader: false dest_uuid: "0ecfe08279804cb0888b118fc4f87243" is_pre_election: true
I1017 23:33:27.502180 19711 raft_consensus.cc:2299] T 9b4b2dea960941bcb38197b51c55baf4 P 0ecfe08279804cb0888b118fc4f87243 [term 26 FOLLOWER]: Leader pre-election vote request: Denying vote to candidate 1ad000b8f6704a80bc4330f4e0c41996 for term 26 because replica has last-logged OpId of term: 25 index: 142, which is greater than that of the candidate, which has last-logged OpId of term: 24 index: 141.
I1017 23:33:27.502497 19839 tablet_service.cc:1001] Received RequestConsensusVote() RPC: tablet_id: "9b4b2dea960941bcb38197b51c55baf4" candidate_uuid: "1ad000b8f6704a80bc4330f4e0c41996" candidate_term: 26 candidate_status { last_received { term: 24 index: 141 } } ignore_live_leader: false dest_uuid: "b01d528fd3c74eb5b42b8d4888591ed2" is_pre_election: true
I1017 23:33:27.502691 19839 raft_consensus.cc:2840] T 9b4b2dea960941bcb38197b51c55baf4 P b01d528fd3c74eb5b42b8d4888591ed2: Snoozing failure detection for 2.225s (vote granted)
I1017 23:33:27.502749 19839 raft_consensus.cc:2352] T 9b4b2dea960941bcb38197b51c55baf4 P b01d528fd3c74eb5b42b8d4888591ed2 [term 25 FOLLOWER]: Leader pre-election vote request: Granting yes vote for candidate 1ad000b8f6704a80bc4330f4e0c41996 in term 25.
I1017 23:33:27.502882 19893 leader_election.cc:401] T 9b4b2dea960941bcb38197b51c55baf4 P 1ad000b8f6704a80bc4330f4e0c41996 [CANDIDATE]: Term 26 pre-election: Vote denied by peer 0ecfe08279804cb0888b118fc4f87243 (127.18.62.193:39726). Message: Invalid argument: T 9b4b2dea960941bcb38197b51c55baf4 P 0ecfe08279804cb0888b118fc4f87243 [term 26 FOLLOWER]: Leader pre-election vote request: Denying vote to candidate 1ad000b8f6704a80bc4330f4e0c41996 for term 26 because replica has last-logged OpId of term: 25 index: 142, which is greater than that of the candidate, which has last-logged OpId of term: 24 index: 141.
I1017 23:33:27.503232 19893 leader_election.cc:387] T 9b4b2dea960941bcb38197b51c55baf4 P 1ad000b8f6704a80bc4330f4e0c41996 [CANDIDATE]: Term 26 pre-election: Vote granted by peer b01d528fd3c74eb5b42b8d4888591ed2 (127.18.62.194:38185)
I1017 23:33:27.503304 19893 leader_election.cc:278] T 9b4b2dea960941bcb38197b51c55baf4 P 1ad000b8f6704a80bc4330f4e0c41996 [CANDIDATE]: Term 26 pre-election: Election decided. Result: candidate won.
I1017 23:33:27.503526 21118 raft_consensus.cc:2840] T 9b4b2dea960941bcb38197b51c55baf4 P 1ad000b8f6704a80bc4330f4e0c41996: Snoozing failure detection for 1.668s (election complete)
I1017 23:33:27.503623 21118 raft_consensus.cc:2646] T 9b4b2dea960941bcb38197b51c55baf4 P 1ad000b8f6704a80bc4330f4e0c41996 [term 25 FOLLOWER]: Leader pre-election won for term 26
I1017 23:33:27.503670 21118 raft_consensus.cc:471] T 9b4b2dea960941bcb38197b51c55baf4 P 1ad000b8f6704a80bc4330f4e0c41996 [term 25 FOLLOWER]: Starting leader election (no leader contacted us within the election timeout)
I1017 23:33:27.503768 21118 raft_consensus.cc:2840] T 9b4b2dea960941bcb38197b51c55baf4 P 1ad000b8f6704a80bc4330f4e0c41996: Snoozing failure detection for 2.157s (starting election)
I1017 23:33:27.503821 21118 raft_consensus.cc:2892] T 9b4b2dea960941bcb38197b51c55baf4 P 1ad000b8f6704a80bc4330f4e0c41996 [term 25 FOLLOWER]: Advancing to term 26
I1017 23:33:27.505246 21118 raft_consensus.cc:493] T 9b4b2dea960941bcb38197b51c55baf4 P 1ad000b8f6704a80bc4330f4e0c41996 [term 26 FOLLOWER]: Starting leader election with config: opid_index: -1 OBSOLETE_local: false peers { permanent_uuid: "0ecfe08279804cb0888b118fc4f87243" member_type: VOTER last_known_addr { host: "127.18.62.193" port: 39726 } } peers { permanent_uuid: "b01d528fd3c74eb5b42b8d4888591ed2" member_type: VOTER last_known_addr { host: "127.18.62.194" port: 38185 } } peers { permanent_uuid: "1ad000b8f6704a80bc4330f4e0c41996" member_type: VOTER last_known_addr { host: "127.18.62.195" port: 55672 } }
I1017 23:33:27.505594 21118 leader_election.cc:251] T 9b4b2dea960941bcb38197b51c55baf4 P 1ad000b8f6704a80bc4330f4e0c41996 [CANDIDATE]: Term 26 election: Requesting vote from peer 0ecfe08279804cb0888b118fc4f87243 (127.18.62.193:39726)
I1017 23:33:27.505754 21118 leader_election.cc:251] T 9b4b2dea960941bcb38197b51c55baf4 P 1ad000b8f6704a80bc4330f4e0c41996 [CANDIDATE]: Term 26 election: Requesting vote from peer b01d528fd3c74eb5b42b8d4888591ed2 (127.18.62.194:38185)
I1017 23:33:27.506335 19711 tablet_service.cc:1001] Received RequestConsensusVote() RPC: tablet_id: "9b4b2dea960941bcb38197b51c55baf4" candidate_uuid: "1ad000b8f6704a80bc4330f4e0c41996" candidate_term: 26 candidate_status { last_received { term: 24 index: 141 } } ignore_live_leader: false dest_uuid: "0ecfe08279804cb0888b118fc4f87243"
I1017 23:33:27.506546 19711 raft_consensus.cc:2299] T 9b4b2dea960941bcb38197b51c55baf4 P 0ecfe08279804cb0888b118fc4f87243 [term 26 FOLLOWER]: Leader election vote request: Denying vote to candidate 1ad000b8f6704a80bc4330f4e0c41996 for term 26 because replica has last-logged OpId of term: 25 index: 142, which is greater than that of the candidate, which has last-logged OpId of term: 24 index: 141.
I1017 23:33:27.506505 19839 tablet_service.cc:1001] Received RequestConsensusVote() RPC: tablet_id: "9b4b2dea960941bcb38197b51c55baf4" candidate_uuid: "1ad000b8f6704a80bc4330f4e0c41996" candidate_term: 26 candidate_status { last_received { term: 24 index: 141 } } ignore_live_leader: false dest_uuid: "b01d528fd3c74eb5b42b8d4888591ed2"
I1017 23:33:27.506613 19839 raft_consensus.cc:2892] T 9b4b2dea960941bcb38197b51c55baf4 P b01d528fd3c74eb5b42b8d4888591ed2 [term 25 FOLLOWER]: Advancing to term 26
I1017 23:33:27.506669 19839 raft_consensus.cc:2840] T 9b4b2dea960941bcb38197b51c55baf4 P b01d528fd3c74eb5b42b8d4888591ed2: Snoozing failure detection for 2.815s (vote granted)
I1017 23:33:27.507097 19893 leader_election.cc:401] T 9b4b2dea960941bcb38197b51c55baf4 P 1ad000b8f6704a80bc4330f4e0c41996 [CANDIDATE]: Term 26 election: Vote denied by peer 0ecfe08279804cb0888b118fc4f87243 (127.18.62.193:39726). Message: Invalid argument: T 9b4b2dea960941bcb38197b51c55baf4 P 0ecfe08279804cb0888b118fc4f87243 [term 26 FOLLOWER]: Leader election vote request: Denying vote to candidate 1ad000b8f6704a80bc4330f4e0c41996 for term 26 because replica has last-logged OpId of term: 25 index: 142, which is greater than that of the candidate, which has last-logged OpId of term: 24 index: 141.
I1017 23:33:27.508124 19839 raft_consensus.cc:2352] T 9b4b2dea960941bcb38197b51c55baf4 P b01d528fd3c74eb5b42b8d4888591ed2 [term 26 FOLLOWER]: Leader election vote request: Granting yes vote for candidate 1ad000b8f6704a80bc4330f4e0c41996 in term 26.
I1017 23:33:27.508581 19893 leader_election.cc:387] T 9b4b2dea960941bcb38197b51c55baf4 P 1ad000b8f6704a80bc4330f4e0c41996 [CANDIDATE]: Term 26 election: Vote granted by peer b01d528fd3c74eb5b42b8d4888591ed2 (127.18.62.194:38185)
I1017 23:33:27.508637 19893 leader_election.cc:278] T 9b4b2dea960941bcb38197b51c55baf4 P 1ad000b8f6704a80bc4330f4e0c41996 [CANDIDATE]: Term 26 election: Election decided. Result: candidate won.
I1017 23:33:27.508836 21118 raft_consensus.cc:2840] T 9b4b2dea960941bcb38197b51c55baf4 P 1ad000b8f6704a80bc4330f4e0c41996: Snoozing failure detection for 2.234s (election complete)
I1017 23:33:27.508911 21118 raft_consensus.cc:2646] T 9b4b2dea960941bcb38197b51c55baf4 P 1ad000b8f6704a80bc4330f4e0c41996 [term 26 FOLLOWER]: Leader election won for term 26
I1017 23:33:27.509227 21118 raft_consensus.cc:666] T 9b4b2dea960941bcb38197b51c55baf4 P 1ad000b8f6704a80bc4330f4e0c41996 [term 26 LEADER]: Becoming Leader. State: Replica: 1ad000b8f6704a80bc4330f4e0c41996, State: Running, Role: LEADER
I1017 23:33:27.509534 21118 consensus_queue.cc:206] T 9b4b2dea960941bcb38197b51c55baf4 P 1ad000b8f6704a80bc4330f4e0c41996 [LEADER]: Queue going to LEADER mode. State: All replicated index: 0, Majority replicated index: 129, Committed index: 129, Last appended: 24.141, Last appended by leader: 141, Current term: 26, Majority size: 2, State: 0, Mode: LEADER, active raft config: opid_index: -1 OBSOLETE_local: false peers { permanent_uuid: "0ecfe08279804cb0888b118fc4f87243" member_type: VOTER last_known_addr { host: "127.18.62.193" port: 39726 } } peers { permanent_uuid: "b01d528fd3c74eb5b42b8d4888591ed2" member_type: VOTER last_known_addr { host: "127.18.62.194" port: 38185 } } peers { permanent_uuid: "1ad000b8f6704a80bc4330f4e0c41996" member_type: VOTER last_known_addr { host: "127.18.62.195" port: 55672 } }
I1017 23:33:27.511703 19590 catalog_manager.cc:3758] T 9b4b2dea960941bcb38197b51c55baf4 P 1ad000b8f6704a80bc4330f4e0c41996 reported cstate change: term changed from 25 to 26, leader changed from 0ecfe08279804cb0888b118fc4f87243 (127.18.62.193) to 1ad000b8f6704a80bc4330f4e0c41996 (127.18.62.195). New cstate: current_term: 26 leader_uuid: "1ad000b8f6704a80bc4330f4e0c41996" committed_config { opid_index: -1 OBSOLETE_local: false peers { permanent_uuid: "0ecfe08279804cb0888b118fc4f87243" member_type: VOTER last_known_addr { host: "127.18.62.193" port: 39726 } health_report { overall_health: UNKNOWN } } peers { permanent_uuid: "b01d528fd3c74eb5b42b8d4888591ed2" member_type: VOTER last_known_addr { host: "127.18.62.194" port: 38185 } health_report { overall_health: UNKNOWN } } peers { permanent_uuid: "1ad000b8f6704a80bc4330f4e0c41996" member_type: VOTER last_known_addr { host: "127.18.62.195" port: 55672 } health_report { overall_health: HEALTHY } } }
W1017 23:33:27.768345 21126 flags.cc:406] Enabled unsafe flag: --never_fsync=true
I1017 23:33:27.827823 19960 tablet_service.cc:1146] Received LeaderStepDown RPC: tablet_id: "9b4b2dea960941bcb38197b51c55baf4" dest_uuid: "1ad000b8f6704a80bc4330f4e0c41996" mode: ABRUPT from {username='jenkins'} at 127.18.62.195:40119
I1017 23:33:27.827985 19960 raft_consensus.cc:568] T 9b4b2dea960941bcb38197b51c55baf4 P 1ad000b8f6704a80bc4330f4e0c41996 [term 26 LEADER]: Received request to step down
I1017 23:33:27.828047 19960 raft_consensus.cc:2887] T 9b4b2dea960941bcb38197b51c55baf4 P 1ad000b8f6704a80bc4330f4e0c41996 [term 26 LEADER]: Stepping down as leader of term 26
I1017 23:33:27.828114 19960 raft_consensus.cc:704] T 9b4b2dea960941bcb38197b51c55baf4 P 1ad000b8f6704a80bc4330f4e0c41996 [term 26 LEADER]: Becoming Follower/Learner. State: Replica: 1ad000b8f6704a80bc4330f4e0c41996, State: Running, Role: LEADER
I1017 23:33:27.828361 19960 consensus_queue.cc:229] T 9b4b2dea960941bcb38197b51c55baf4 P 1ad000b8f6704a80bc4330f4e0c41996 [NON_LEADER]: Queue going to NON_LEADER mode. State: All replicated index: 0, Majority replicated index: 129, Committed index: 129, Last appended: 26.142, Last appended by leader: 142, Current term: 26, Majority size: -1, State: 0, Mode: NON_LEADER, active raft config: opid_index: -1 OBSOLETE_local: false peers { permanent_uuid: "0ecfe08279804cb0888b118fc4f87243" member_type: VOTER last_known_addr { host: "127.18.62.193" port: 39726 } } peers { permanent_uuid: "b01d528fd3c74eb5b42b8d4888591ed2" member_type: VOTER last_known_addr { host: "127.18.62.194" port: 38185 } } peers { permanent_uuid: "1ad000b8f6704a80bc4330f4e0c41996" member_type: VOTER last_known_addr { host: "127.18.62.195" port: 55672 } }
I1017 23:33:27.828528 19960 consensus_peers.cc:469] T 9b4b2dea960941bcb38197b51c55baf4 P 1ad000b8f6704a80bc4330f4e0c41996 -> Peer b01d528fd3c74eb5b42b8d4888591ed2 (127.18.62.194:38185): Closing peer: b01d528fd3c74eb5b42b8d4888591ed2
I1017 23:33:27.828588 19960 consensus_peers.cc:469] T 9b4b2dea960941bcb38197b51c55baf4 P 1ad000b8f6704a80bc4330f4e0c41996 -> Peer 0ecfe08279804cb0888b118fc4f87243 (127.18.62.193:39726): Closing peer: 0ecfe08279804cb0888b118fc4f87243
I1017 23:33:27.828673 19960 raft_consensus.cc:2892] T 9b4b2dea960941bcb38197b51c55baf4 P 1ad000b8f6704a80bc4330f4e0c41996 [term 26 FOLLOWER]: Advancing to term 27
I1017 23:33:27.828747 19960 raft_consensus.cc:2840] T 9b4b2dea960941bcb38197b51c55baf4 P 1ad000b8f6704a80bc4330f4e0c41996: Snoozing failure detection for 3.000s (explicit stepdown request)
W1017 23:33:29.100369 21143 flags.cc:406] Enabled unsafe flag: --never_fsync=true
I1017 23:33:29.159366 19960 tablet_service.cc:1146] Received LeaderStepDown RPC: tablet_id: "9b4b2dea960941bcb38197b51c55baf4" dest_uuid: "1ad000b8f6704a80bc4330f4e0c41996" mode: GRACEFUL from {username='jenkins'} at 127.18.62.195:40121
I1017 23:33:29.159539 19960 raft_consensus.cc:583] T 9b4b2dea960941bcb38197b51c55baf4 P 1ad000b8f6704a80bc4330f4e0c41996 [term 27 FOLLOWER]: Received request to transfer leadership
I1017 23:33:29.159598 19960 raft_consensus.cc:591] T 9b4b2dea960941bcb38197b51c55baf4 P 1ad000b8f6704a80bc4330f4e0c41996 [term 27 FOLLOWER]: Rejecting request to transer leadership while not leader Illegal state: not currently leader
I1017 23:33:29.166210 21160 raft_consensus.cc:471] T 9b4b2dea960941bcb38197b51c55baf4 P 0ecfe08279804cb0888b118fc4f87243 [term 26 FOLLOWER]: Starting pre-election (no leader contacted us within the election timeout)
I1017 23:33:29.166278 21160 raft_consensus.cc:2840] T 9b4b2dea960941bcb38197b51c55baf4 P 0ecfe08279804cb0888b118fc4f87243: Snoozing failure detection for 1.698s (starting election)
I1017 23:33:29.166373 21160 raft_consensus.cc:493] T 9b4b2dea960941bcb38197b51c55baf4 P 0ecfe08279804cb0888b118fc4f87243 [term 26 FOLLOWER]: Starting pre-election with config: opid_index: -1 OBSOLETE_local: false peers { permanent_uuid: "0ecfe08279804cb0888b118fc4f87243" member_type: VOTER last_known_addr { host: "127.18.62.193" port: 39726 } } peers { permanent_uuid: "b01d528fd3c74eb5b42b8d4888591ed2" member_type: VOTER last_known_addr { host: "127.18.62.194" port: 38185 } } peers { permanent_uuid: "1ad000b8f6704a80bc4330f4e0c41996" member_type: VOTER last_known_addr { host: "127.18.62.195" port: 55672 } }
I1017 23:33:29.166816 21160 leader_election.cc:251] T 9b4b2dea960941bcb38197b51c55baf4 P 0ecfe08279804cb0888b118fc4f87243 [CANDIDATE]: Term 27 pre-election: Requesting pre-vote from peer b01d528fd3c74eb5b42b8d4888591ed2 (127.18.62.194:38185)
I1017 23:33:29.167016 21160 leader_election.cc:251] T 9b4b2dea960941bcb38197b51c55baf4 P 0ecfe08279804cb0888b118fc4f87243 [CANDIDATE]: Term 27 pre-election: Requesting pre-vote from peer 1ad000b8f6704a80bc4330f4e0c41996 (127.18.62.195:55672)
I1017 23:33:29.167948 19839 tablet_service.cc:1001] Received RequestConsensusVote() RPC: tablet_id: "9b4b2dea960941bcb38197b51c55baf4" candidate_uuid: "0ecfe08279804cb0888b118fc4f87243" candidate_term: 27 candidate_status { last_received { term: 25 index: 142 } } ignore_live_leader: false dest_uuid: "b01d528fd3c74eb5b42b8d4888591ed2" is_pre_election: true
I1017 23:33:29.168159 19839 raft_consensus.cc:2840] T 9b4b2dea960941bcb38197b51c55baf4 P b01d528fd3c74eb5b42b8d4888591ed2: Snoozing failure detection for 3.057s (vote granted)
I1017 23:33:29.168138 19960 tablet_service.cc:1001] Received RequestConsensusVote() RPC: tablet_id: "9b4b2dea960941bcb38197b51c55baf4" candidate_uuid: "0ecfe08279804cb0888b118fc4f87243" candidate_term: 27 candidate_status { last_received { term: 25 index: 142 } } ignore_live_leader: false dest_uuid: "1ad000b8f6704a80bc4330f4e0c41996" is_pre_election: true
I1017 23:33:29.168272 19839 raft_consensus.cc:2352] T 9b4b2dea960941bcb38197b51c55baf4 P b01d528fd3c74eb5b42b8d4888591ed2 [term 26 FOLLOWER]: Leader pre-election vote request: Granting yes vote for candidate 0ecfe08279804cb0888b118fc4f87243 in term 26.
I1017 23:33:29.168334 19960 raft_consensus.cc:2299] T 9b4b2dea960941bcb38197b51c55baf4 P 1ad000b8f6704a80bc4330f4e0c41996 [term 27 FOLLOWER]: Leader pre-election vote request: Denying vote to candidate 0ecfe08279804cb0888b118fc4f87243 for term 27 because replica has last-logged OpId of term: 26 index: 142, which is greater than that of the candidate, which has last-logged OpId of term: 25 index: 142.
I1017 23:33:29.169054 19646 leader_election.cc:401] T 9b4b2dea960941bcb38197b51c55baf4 P 0ecfe08279804cb0888b118fc4f87243 [CANDIDATE]: Term 27 pre-election: Vote denied by peer 1ad000b8f6704a80bc4330f4e0c41996 (127.18.62.195:55672). Message: Invalid argument: T 9b4b2dea960941bcb38197b51c55baf4 P 1ad000b8f6704a80bc4330f4e0c41996 [term 27 FOLLOWER]: Leader pre-election vote request: Denying vote to candidate 0ecfe08279804cb0888b118fc4f87243 for term 27 because replica has last-logged OpId of term: 26 index: 142, which is greater than that of the candidate, which has last-logged OpId of term: 25 index: 142.
I1017 23:33:29.169312 19644 leader_election.cc:387] T 9b4b2dea960941bcb38197b51c55baf4 P 0ecfe08279804cb0888b118fc4f87243 [CANDIDATE]: Term 27 pre-election: Vote granted by peer b01d528fd3c74eb5b42b8d4888591ed2 (127.18.62.194:38185)
I1017 23:33:29.169378 19644 leader_election.cc:278] T 9b4b2dea960941bcb38197b51c55baf4 P 0ecfe08279804cb0888b118fc4f87243 [CANDIDATE]: Term 27 pre-election: Election decided. Result: candidate won.
I1017 23:33:29.169703 21160 raft_consensus.cc:2840] T 9b4b2dea960941bcb38197b51c55baf4 P 0ecfe08279804cb0888b118fc4f87243: Snoozing failure detection for 1.608s (election complete)
I1017 23:33:29.169778 21160 raft_consensus.cc:2646] T 9b4b2dea960941bcb38197b51c55baf4 P 0ecfe08279804cb0888b118fc4f87243 [term 26 FOLLOWER]: Leader pre-election won for term 27
I1017 23:33:29.169826 21160 raft_consensus.cc:471] T 9b4b2dea960941bcb38197b51c55baf4 P 0ecfe08279804cb0888b118fc4f87243 [term 26 FOLLOWER]: Starting leader election (no leader contacted us within the election timeout)
I1017 23:33:29.169875 21160 raft_consensus.cc:2840] T 9b4b2dea960941bcb38197b51c55baf4 P 0ecfe08279804cb0888b118fc4f87243: Snoozing failure detection for 2.228s (starting election)
I1017 23:33:29.169925 21160 raft_consensus.cc:2892] T 9b4b2dea960941bcb38197b51c55baf4 P 0ecfe08279804cb0888b118fc4f87243 [term 26 FOLLOWER]: Advancing to term 27
I1017 23:33:29.172049 21160 raft_consensus.cc:493] T 9b4b2dea960941bcb38197b51c55baf4 P 0ecfe08279804cb0888b118fc4f87243 [term 27 FOLLOWER]: Starting leader election with config: opid_index: -1 OBSOLETE_local: false peers { permanent_uuid: "0ecfe08279804cb0888b118fc4f87243" member_type: VOTER last_known_addr { host: "127.18.62.193" port: 39726 } } peers { permanent_uuid: "b01d528fd3c74eb5b42b8d4888591ed2" member_type: VOTER last_known_addr { host: "127.18.62.194" port: 38185 } } peers { permanent_uuid: "1ad000b8f6704a80bc4330f4e0c41996" member_type: VOTER last_known_addr { host: "127.18.62.195" port: 55672 } }
I1017 23:33:29.172473 21160 leader_election.cc:251] T 9b4b2dea960941bcb38197b51c55baf4 P 0ecfe08279804cb0888b118fc4f87243 [CANDIDATE]: Term 27 election: Requesting vote from peer b01d528fd3c74eb5b42b8d4888591ed2 (127.18.62.194:38185)
I1017 23:33:29.172853 21160 leader_election.cc:251] T 9b4b2dea960941bcb38197b51c55baf4 P 0ecfe08279804cb0888b118fc4f87243 [CANDIDATE]: Term 27 election: Requesting vote from peer 1ad000b8f6704a80bc4330f4e0c41996 (127.18.62.195:55672)
I1017 23:33:29.173315 19839 tablet_service.cc:1001] Received RequestConsensusVote() RPC: tablet_id: "9b4b2dea960941bcb38197b51c55baf4" candidate_uuid: "0ecfe08279804cb0888b118fc4f87243" candidate_term: 27 candidate_status { last_received { term: 25 index: 142 } } ignore_live_leader: false dest_uuid: "b01d528fd3c74eb5b42b8d4888591ed2"
I1017 23:33:29.173524 19839 raft_consensus.cc:2892] T 9b4b2dea960941bcb38197b51c55baf4 P b01d528fd3c74eb5b42b8d4888591ed2 [term 26 FOLLOWER]: Advancing to term 27
I1017 23:33:29.173605 19839 raft_consensus.cc:2840] T 9b4b2dea960941bcb38197b51c55baf4 P b01d528fd3c74eb5b42b8d4888591ed2: Snoozing failure detection for 1.530s (vote granted)
I1017 23:33:29.173561 19960 tablet_service.cc:1001] Received RequestConsensusVote() RPC: tablet_id: "9b4b2dea960941bcb38197b51c55baf4" candidate_uuid: "0ecfe08279804cb0888b118fc4f87243" candidate_term: 27 candidate_status { last_received { term: 25 index: 142 } } ignore_live_leader: false dest_uuid: "1ad000b8f6704a80bc4330f4e0c41996"
I1017 23:33:29.173758 19960 raft_consensus.cc:2299] T 9b4b2dea960941bcb38197b51c55baf4 P 1ad000b8f6704a80bc4330f4e0c41996 [term 27 FOLLOWER]: Leader election vote request: Denying vote to candidate 0ecfe08279804cb0888b118fc4f87243 for term 27 because replica has last-logged OpId of term: 26 index: 142, which is greater than that of the candidate, which has last-logged OpId of term: 25 index: 142.
I1017 23:33:29.174212 19646 leader_election.cc:401] T 9b4b2dea960941bcb38197b51c55baf4 P 0ecfe08279804cb0888b118fc4f87243 [CANDIDATE]: Term 27 election: Vote denied by peer 1ad000b8f6704a80bc4330f4e0c41996 (127.18.62.195:55672). Message: Invalid argument: T 9b4b2dea960941bcb38197b51c55baf4 P 1ad000b8f6704a80bc4330f4e0c41996 [term 27 FOLLOWER]: Leader election vote request: Denying vote to candidate 0ecfe08279804cb0888b118fc4f87243 for term 27 because replica has last-logged OpId of term: 26 index: 142, which is greater than that of the candidate, which has last-logged OpId of term: 25 index: 142.
I1017 23:33:29.175637 19839 raft_consensus.cc:2352] T 9b4b2dea960941bcb38197b51c55baf4 P b01d528fd3c74eb5b42b8d4888591ed2 [term 27 FOLLOWER]: Leader election vote request: Granting yes vote for candidate 0ecfe08279804cb0888b118fc4f87243 in term 27.
I1017 23:33:29.176051 19644 leader_election.cc:387] T 9b4b2dea960941bcb38197b51c55baf4 P 0ecfe08279804cb0888b118fc4f87243 [CANDIDATE]: Term 27 election: Vote granted by peer b01d528fd3c74eb5b42b8d4888591ed2 (127.18.62.194:38185)
I1017 23:33:29.176110 19644 leader_election.cc:278] T 9b4b2dea960941bcb38197b51c55baf4 P 0ecfe08279804cb0888b118fc4f87243 [CANDIDATE]: Term 27 election: Election decided. Result: candidate won.
I1017 23:33:29.176327 21160 raft_consensus.cc:2840] T 9b4b2dea960941bcb38197b51c55baf4 P 0ecfe08279804cb0888b118fc4f87243: Snoozing failure detection for 1.712s (election complete)
I1017 23:33:29.176405 21160 raft_consensus.cc:2646] T 9b4b2dea960941bcb38197b51c55baf4 P 0ecfe08279804cb0888b118fc4f87243 [term 27 FOLLOWER]: Leader election won for term 27
I1017 23:33:29.176746 21160 raft_consensus.cc:666] T 9b4b2dea960941bcb38197b51c55baf4 P 0ecfe08279804cb0888b118fc4f87243 [term 27 LEADER]: Becoming Leader. State: Replica: 0ecfe08279804cb0888b118fc4f87243, State: Running, Role: LEADER
I1017 23:33:29.177001 21160 consensus_queue.cc:206] T 9b4b2dea960941bcb38197b51c55baf4 P 0ecfe08279804cb0888b118fc4f87243 [LEADER]: Queue going to LEADER mode. State: All replicated index: 0, Majority replicated index: 129, Committed index: 129, Last appended: 25.142, Last appended by leader: 142, Current term: 27, Majority size: 2, State: 0, Mode: LEADER, active raft config: opid_index: -1 OBSOLETE_local: false peers { permanent_uuid: "0ecfe08279804cb0888b118fc4f87243" member_type: VOTER last_known_addr { host: "127.18.62.193" port: 39726 } } peers { permanent_uuid: "b01d528fd3c74eb5b42b8d4888591ed2" member_type: VOTER last_known_addr { host: "127.18.62.194" port: 38185 } } peers { permanent_uuid: "1ad000b8f6704a80bc4330f4e0c41996" member_type: VOTER last_known_addr { host: "127.18.62.195" port: 55672 } }
I1017 23:33:29.179400 19590 catalog_manager.cc:3758] T 9b4b2dea960941bcb38197b51c55baf4 P 0ecfe08279804cb0888b118fc4f87243 reported cstate change: term changed from 26 to 27, leader changed from 1ad000b8f6704a80bc4330f4e0c41996 (127.18.62.195) to 0ecfe08279804cb0888b118fc4f87243 (127.18.62.193). New cstate: current_term: 27 leader_uuid: "0ecfe08279804cb0888b118fc4f87243" committed_config { opid_index: -1 OBSOLETE_local: false peers { permanent_uuid: "0ecfe08279804cb0888b118fc4f87243" member_type: VOTER last_known_addr { host: "127.18.62.193" port: 39726 } health_report { overall_health: HEALTHY } } peers { permanent_uuid: "b01d528fd3c74eb5b42b8d4888591ed2" member_type: VOTER last_known_addr { host: "127.18.62.194" port: 38185 } health_report { overall_health: UNKNOWN } } peers { permanent_uuid: "1ad000b8f6704a80bc4330f4e0c41996" member_type: VOTER last_known_addr { host: "127.18.62.195" port: 55672 } health_report { overall_health: UNKNOWN } } }
W1017 23:33:29.434721 21168 flags.cc:406] Enabled unsafe flag: --never_fsync=true
I1017 23:33:29.494961 19711 tablet_service.cc:1146] Received LeaderStepDown RPC: tablet_id: "9b4b2dea960941bcb38197b51c55baf4" dest_uuid: "0ecfe08279804cb0888b118fc4f87243" mode: ABRUPT from {username='jenkins'} at 127.18.62.193:35381
I1017 23:33:29.495115 19711 raft_consensus.cc:568] T 9b4b2dea960941bcb38197b51c55baf4 P 0ecfe08279804cb0888b118fc4f87243 [term 27 LEADER]: Received request to step down
I1017 23:33:29.495174 19711 raft_consensus.cc:2887] T 9b4b2dea960941bcb38197b51c55baf4 P 0ecfe08279804cb0888b118fc4f87243 [term 27 LEADER]: Stepping down as leader of term 27
I1017 23:33:29.495223 19711 raft_consensus.cc:704] T 9b4b2dea960941bcb38197b51c55baf4 P 0ecfe08279804cb0888b118fc4f87243 [term 27 LEADER]: Becoming Follower/Learner. State: Replica: 0ecfe08279804cb0888b118fc4f87243, State: Running, Role: LEADER
I1017 23:33:29.495489 19711 consensus_queue.cc:229] T 9b4b2dea960941bcb38197b51c55baf4 P 0ecfe08279804cb0888b118fc4f87243 [NON_LEADER]: Queue going to NON_LEADER mode. State: All replicated index: 0, Majority replicated index: 129, Committed index: 129, Last appended: 27.143, Last appended by leader: 143, Current term: 27, Majority size: -1, State: 0, Mode: NON_LEADER, active raft config: opid_index: -1 OBSOLETE_local: false peers { permanent_uuid: "0ecfe08279804cb0888b118fc4f87243" member_type: VOTER last_known_addr { host: "127.18.62.193" port: 39726 } } peers { permanent_uuid: "b01d528fd3c74eb5b42b8d4888591ed2" member_type: VOTER last_known_addr { host: "127.18.62.194" port: 38185 } } peers { permanent_uuid: "1ad000b8f6704a80bc4330f4e0c41996" member_type: VOTER last_known_addr { host: "127.18.62.195" port: 55672 } }
I1017 23:33:29.495640 19711 consensus_peers.cc:469] T 9b4b2dea960941bcb38197b51c55baf4 P 0ecfe08279804cb0888b118fc4f87243 -> Peer 1ad000b8f6704a80bc4330f4e0c41996 (127.18.62.195:55672): Closing peer: 1ad000b8f6704a80bc4330f4e0c41996
I1017 23:33:29.495699 19711 consensus_peers.cc:469] T 9b4b2dea960941bcb38197b51c55baf4 P 0ecfe08279804cb0888b118fc4f87243 -> Peer b01d528fd3c74eb5b42b8d4888591ed2 (127.18.62.194:38185): Closing peer: b01d528fd3c74eb5b42b8d4888591ed2
I1017 23:33:29.495786 19711 raft_consensus.cc:2892] T 9b4b2dea960941bcb38197b51c55baf4 P 0ecfe08279804cb0888b118fc4f87243 [term 27 FOLLOWER]: Advancing to term 28
I1017 23:33:29.495862 19711 raft_consensus.cc:2840] T 9b4b2dea960941bcb38197b51c55baf4 P 0ecfe08279804cb0888b118fc4f87243: Snoozing failure detection for 3.000s (explicit stepdown request)
I1017 23:33:30.706382 21186 raft_consensus.cc:471] T 9b4b2dea960941bcb38197b51c55baf4 P b01d528fd3c74eb5b42b8d4888591ed2 [term 27 FOLLOWER]: Starting pre-election (no leader contacted us within the election timeout)
I1017 23:33:30.706486 21186 raft_consensus.cc:2840] T 9b4b2dea960941bcb38197b51c55baf4 P b01d528fd3c74eb5b42b8d4888591ed2: Snoozing failure detection for 2.317s (starting election)
I1017 23:33:30.706637 21186 raft_consensus.cc:493] T 9b4b2dea960941bcb38197b51c55baf4 P b01d528fd3c74eb5b42b8d4888591ed2 [term 27 FOLLOWER]: Starting pre-election with config: opid_index: -1 OBSOLETE_local: false peers { permanent_uuid: "0ecfe08279804cb0888b118fc4f87243" member_type: VOTER last_known_addr { host: "127.18.62.193" port: 39726 } } peers { permanent_uuid: "b01d528fd3c74eb5b42b8d4888591ed2" member_type: VOTER last_known_addr { host: "127.18.62.194" port: 38185 } } peers { permanent_uuid: "1ad000b8f6704a80bc4330f4e0c41996" member_type: VOTER last_known_addr { host: "127.18.62.195" port: 55672 } }
I1017 23:33:30.707114 21186 leader_election.cc:251] T 9b4b2dea960941bcb38197b51c55baf4 P b01d528fd3c74eb5b42b8d4888591ed2 [CANDIDATE]: Term 28 pre-election: Requesting pre-vote from peer 0ecfe08279804cb0888b118fc4f87243 (127.18.62.193:39726)
I1017 23:33:30.707319 21186 leader_election.cc:251] T 9b4b2dea960941bcb38197b51c55baf4 P b01d528fd3c74eb5b42b8d4888591ed2 [CANDIDATE]: Term 28 pre-election: Requesting pre-vote from peer 1ad000b8f6704a80bc4330f4e0c41996 (127.18.62.195:55672)
I1017 23:33:30.708335 19711 tablet_service.cc:1001] Received RequestConsensusVote() RPC: tablet_id: "9b4b2dea960941bcb38197b51c55baf4" candidate_uuid: "b01d528fd3c74eb5b42b8d4888591ed2" candidate_term: 28 candidate_status { last_received { term: 2 index: 130 } } ignore_live_leader: false dest_uuid: "0ecfe08279804cb0888b118fc4f87243" is_pre_election: true
I1017 23:33:30.708559 19711 raft_consensus.cc:2299] T 9b4b2dea960941bcb38197b51c55baf4 P 0ecfe08279804cb0888b118fc4f87243 [term 28 FOLLOWER]: Leader pre-election vote request: Denying vote to candidate b01d528fd3c74eb5b42b8d4888591ed2 for term 28 because replica has last-logged OpId of term: 27 index: 143, which is greater than that of the candidate, which has last-logged OpId of term: 2 index: 130.
I1017 23:33:30.708446 19960 tablet_service.cc:1001] Received RequestConsensusVote() RPC: tablet_id: "9b4b2dea960941bcb38197b51c55baf4" candidate_uuid: "b01d528fd3c74eb5b42b8d4888591ed2" candidate_term: 28 candidate_status { last_received { term: 2 index: 130 } } ignore_live_leader: false dest_uuid: "1ad000b8f6704a80bc4330f4e0c41996" is_pre_election: true
I1017 23:33:30.708737 19960 raft_consensus.cc:2299] T 9b4b2dea960941bcb38197b51c55baf4 P 1ad000b8f6704a80bc4330f4e0c41996 [term 27 FOLLOWER]: Leader pre-election vote request: Denying vote to candidate b01d528fd3c74eb5b42b8d4888591ed2 for term 28 because replica has last-logged OpId of term: 26 index: 142, which is greater than that of the candidate, which has last-logged OpId of term: 2 index: 130.
I1017 23:33:30.709100 19767 leader_election.cc:401] T 9b4b2dea960941bcb38197b51c55baf4 P b01d528fd3c74eb5b42b8d4888591ed2 [CANDIDATE]: Term 28 pre-election: Vote denied by peer 0ecfe08279804cb0888b118fc4f87243 (127.18.62.193:39726). Message: Invalid argument: T 9b4b2dea960941bcb38197b51c55baf4 P 0ecfe08279804cb0888b118fc4f87243 [term 28 FOLLOWER]: Leader pre-election vote request: Denying vote to candidate b01d528fd3c74eb5b42b8d4888591ed2 for term 28 because replica has last-logged OpId of term: 27 index: 143, which is greater than that of the candidate, which has last-logged OpId of term: 2 index: 130.
I1017 23:33:30.709354 19769 leader_election.cc:401] T 9b4b2dea960941bcb38197b51c55baf4 P b01d528fd3c74eb5b42b8d4888591ed2 [CANDIDATE]: Term 28 pre-election: Vote denied by peer 1ad000b8f6704a80bc4330f4e0c41996 (127.18.62.195:55672). Message: Invalid argument: T 9b4b2dea960941bcb38197b51c55baf4 P 1ad000b8f6704a80bc4330f4e0c41996 [term 27 FOLLOWER]: Leader pre-election vote request: Denying vote to candidate b01d528fd3c74eb5b42b8d4888591ed2 for term 28 because replica has last-logged OpId of term: 26 index: 142, which is greater than that of the candidate, which has last-logged OpId of term: 2 index: 130.
I1017 23:33:30.709406 19769 leader_election.cc:278] T 9b4b2dea960941bcb38197b51c55baf4 P b01d528fd3c74eb5b42b8d4888591ed2 [CANDIDATE]: Term 28 pre-election: Election decided. Result: candidate lost.
I1017 23:33:30.709656 21186 raft_consensus.cc:2840] T 9b4b2dea960941bcb38197b51c55baf4 P b01d528fd3c74eb5b42b8d4888591ed2: Snoozing failure detection for 1.650s (election complete)
I1017 23:33:30.709727 21186 raft_consensus.cc:2892] T 9b4b2dea960941bcb38197b51c55baf4 P b01d528fd3c74eb5b42b8d4888591ed2 [term 27 FOLLOWER]: Advancing to term 28
I1017 23:33:30.711158 21186 raft_consensus.cc:2594] T 9b4b2dea960941bcb38197b51c55baf4 P b01d528fd3c74eb5b42b8d4888591ed2 [term 28 FOLLOWER]: Leader pre-election lost for term 28. Reason: could not achieve majority
W1017 23:33:30.772138 21185 flags.cc:406] Enabled unsafe flag: --never_fsync=true
I1017 23:33:30.829275 21203 raft_consensus.cc:471] T 9b4b2dea960941bcb38197b51c55baf4 P 1ad000b8f6704a80bc4330f4e0c41996 [term 27 FOLLOWER]: Starting pre-election (no leader contacted us within the election timeout)
I1017 23:33:30.829354 21203 raft_consensus.cc:2840] T 9b4b2dea960941bcb38197b51c55baf4 P 1ad000b8f6704a80bc4330f4e0c41996: Snoozing failure detection for 1.506s (starting election)
I1017 23:33:30.829458 21203 raft_consensus.cc:493] T 9b4b2dea960941bcb38197b51c55baf4 P 1ad000b8f6704a80bc4330f4e0c41996 [term 27 FOLLOWER]: Starting pre-election with config: opid_index: -1 OBSOLETE_local: false peers { permanent_uuid: "0ecfe08279804cb0888b118fc4f87243" member_type: VOTER last_known_addr { host: "127.18.62.193" port: 39726 } } peers { permanent_uuid: "b01d528fd3c74eb5b42b8d4888591ed2" member_type: VOTER last_known_addr { host: "127.18.62.194" port: 38185 } } peers { permanent_uuid: "1ad000b8f6704a80bc4330f4e0c41996" member_type: VOTER last_known_addr { host: "127.18.62.195" port: 55672 } }
I1017 23:33:30.829869 21203 leader_election.cc:251] T 9b4b2dea960941bcb38197b51c55baf4 P 1ad000b8f6704a80bc4330f4e0c41996 [CANDIDATE]: Term 28 pre-election: Requesting pre-vote from peer 0ecfe08279804cb0888b118fc4f87243 (127.18.62.193:39726)
I1017 23:33:30.830070 21203 leader_election.cc:251] T 9b4b2dea960941bcb38197b51c55baf4 P 1ad000b8f6704a80bc4330f4e0c41996 [CANDIDATE]: Term 28 pre-election: Requesting pre-vote from peer b01d528fd3c74eb5b42b8d4888591ed2 (127.18.62.194:38185)
I1017 23:33:30.830853 19711 tablet_service.cc:1001] Received RequestConsensusVote() RPC: tablet_id: "9b4b2dea960941bcb38197b51c55baf4" candidate_uuid: "1ad000b8f6704a80bc4330f4e0c41996" candidate_term: 28 candidate_status { last_received { term: 26 index: 142 } } ignore_live_leader: false dest_uuid: "0ecfe08279804cb0888b118fc4f87243" is_pre_election: true
I1017 23:33:30.831022 19839 tablet_service.cc:1001] Received RequestConsensusVote() RPC: tablet_id: "9b4b2dea960941bcb38197b51c55baf4" candidate_uuid: "1ad000b8f6704a80bc4330f4e0c41996" candidate_term: 28 candidate_status { last_received { term: 26 index: 142 } } ignore_live_leader: false dest_uuid: "b01d528fd3c74eb5b42b8d4888591ed2" is_pre_election: true
I1017 23:33:30.831148 19711 raft_consensus.cc:2299] T 9b4b2dea960941bcb38197b51c55baf4 P 0ecfe08279804cb0888b118fc4f87243 [term 28 FOLLOWER]: Leader pre-election vote request: Denying vote to candidate 1ad000b8f6704a80bc4330f4e0c41996 for term 28 because replica has last-logged OpId of term: 27 index: 143, which is greater than that of the candidate, which has last-logged OpId of term: 26 index: 142.
I1017 23:33:30.831204 19839 raft_consensus.cc:2840] T 9b4b2dea960941bcb38197b51c55baf4 P b01d528fd3c74eb5b42b8d4888591ed2: Snoozing failure detection for 2.410s (vote granted)
I1017 23:33:30.831254 19839 raft_consensus.cc:2352] T 9b4b2dea960941bcb38197b51c55baf4 P b01d528fd3c74eb5b42b8d4888591ed2 [term 28 FOLLOWER]: Leader pre-election vote request: Granting yes vote for candidate 1ad000b8f6704a80bc4330f4e0c41996 in term 28.
I1017 23:33:30.831703 19893 leader_election.cc:401] T 9b4b2dea960941bcb38197b51c55baf4 P 1ad000b8f6704a80bc4330f4e0c41996 [CANDIDATE]: Term 28 pre-election: Vote denied by peer 0ecfe08279804cb0888b118fc4f87243 (127.18.62.193:39726). Message: Invalid argument: T 9b4b2dea960941bcb38197b51c55baf4 P 0ecfe08279804cb0888b118fc4f87243 [term 28 FOLLOWER]: Leader pre-election vote request: Denying vote to candidate 1ad000b8f6704a80bc4330f4e0c41996 for term 28 because replica has last-logged OpId of term: 27 index: 143, which is greater than that of the candidate, which has last-logged OpId of term: 26 index: 142.
I1017 23:33:30.831926 19893 leader_election.cc:387] T 9b4b2dea960941bcb38197b51c55baf4 P 1ad000b8f6704a80bc4330f4e0c41996 [CANDIDATE]: Term 28 pre-election: Vote granted by peer b01d528fd3c74eb5b42b8d4888591ed2 (127.18.62.194:38185)
I1017 23:33:30.831987 19893 leader_election.cc:278] T 9b4b2dea960941bcb38197b51c55baf4 P 1ad000b8f6704a80bc4330f4e0c41996 [CANDIDATE]: Term 28 pre-election: Election decided. Result: candidate won.
I1017 23:33:30.832201 21203 raft_consensus.cc:2840] T 9b4b2dea960941bcb38197b51c55baf4 P 1ad000b8f6704a80bc4330f4e0c41996: Snoozing failure detection for 1.983s (election complete)
I1017 23:33:30.832275 21203 raft_consensus.cc:2646] T 9b4b2dea960941bcb38197b51c55baf4 P 1ad000b8f6704a80bc4330f4e0c41996 [term 27 FOLLOWER]: Leader pre-election won for term 28
I1017 23:33:30.832321 21203 raft_consensus.cc:471] T 9b4b2dea960941bcb38197b51c55baf4 P 1ad000b8f6704a80bc4330f4e0c41996 [term 27 FOLLOWER]: Starting leader election (no leader contacted us within the election timeout)
I1017 23:33:30.832376 21203 raft_consensus.cc:2840] T 9b4b2dea960941bcb38197b51c55baf4 P 1ad000b8f6704a80bc4330f4e0c41996: Snoozing failure detection for 1.689s (starting election)
I1017 23:33:30.832427 21203 raft_consensus.cc:2892] T 9b4b2dea960941bcb38197b51c55baf4 P 1ad000b8f6704a80bc4330f4e0c41996 [term 27 FOLLOWER]: Advancing to term 28
I1017 23:33:30.832871 19711 tablet_service.cc:1146] Received LeaderStepDown RPC: tablet_id: "9b4b2dea960941bcb38197b51c55baf4" dest_uuid: "0ecfe08279804cb0888b118fc4f87243" mode: GRACEFUL from {username='jenkins'} at 127.18.62.193:35383
I1017 23:33:30.832996 19711 raft_consensus.cc:583] T 9b4b2dea960941bcb38197b51c55baf4 P 0ecfe08279804cb0888b118fc4f87243 [term 28 FOLLOWER]: Received request to transfer leadership
I1017 23:33:30.833039 19711 raft_consensus.cc:591] T 9b4b2dea960941bcb38197b51c55baf4 P 0ecfe08279804cb0888b118fc4f87243 [term 28 FOLLOWER]: Rejecting request to transer leadership while not leader
I1017 23:33:30.834298 21203 raft_consensus.cc:493] T 9b4b2dea960941bcb38197b51c55baf4 P 1ad000b8f6704a80bc4330f4e0c41996 [term 28 FOLLOWER]: Starting leader election with config: opid_index: -1 OBSOLETE_local: false peers { permanent_uuid: "0ecfe08279804cb0888b118fc4f87243" member_type: VOTER last_known_addr { host: "127.18.62.193" port: 39726 } } peers { permanent_uuid: "b01d528fd3c74eb5b42b8d4888591ed2" member_type: VOTER last_known_addr { host: "127.18.62.194" port: 38185 } } peers { permanent_uuid: "1ad000b8f6704a80bc4330f4e0c41996" member_type: VOTER last_known_addr { host: "127.18.62.195" port: 55672 } }
I1017 23:33:30.834738 21203 leader_election.cc:251] T 9b4b2dea960941bcb38197b51c55baf4 P 1ad000b8f6704a80bc4330f4e0c41996 [CANDIDATE]: Term 28 election: Requesting vote from peer 0ecfe08279804cb0888b118fc4f87243 (127.18.62.193:39726)
I1017 23:33:30.834894 21203 leader_election.cc:251] T 9b4b2dea960941bcb38197b51c55baf4 P 1ad000b8f6704a80bc4330f4e0c41996 [CANDIDATE]: Term 28 election: Requesting vote from peer b01d528fd3c74eb5b42b8d4888591ed2 (127.18.62.194:38185)
I1017 23:33:30.835695 19839 tablet_service.cc:1001] Received RequestConsensusVote() RPC: tablet_id: "9b4b2dea960941bcb38197b51c55baf4" candidate_uuid: "1ad000b8f6704a80bc4330f4e0c41996" candidate_term: 28 candidate_status { last_received { term: 26 index: 142 } } ignore_live_leader: false dest_uuid: "b01d528fd3c74eb5b42b8d4888591ed2"
I1017 23:33:30.835830 19839 raft_consensus.cc:2840] T 9b4b2dea960941bcb38197b51c55baf4 P b01d528fd3c74eb5b42b8d4888591ed2: Snoozing failure detection for 4.023s (vote granted)
I1017 23:33:30.835896 19711 tablet_service.cc:1001] Received RequestConsensusVote() RPC: tablet_id: "9b4b2dea960941bcb38197b51c55baf4" candidate_uuid: "1ad000b8f6704a80bc4330f4e0c41996" candidate_term: 28 candidate_status { last_received { term: 26 index: 142 } } ignore_live_leader: false dest_uuid: "0ecfe08279804cb0888b118fc4f87243"
I1017 23:33:30.836045 19711 raft_consensus.cc:2299] T 9b4b2dea960941bcb38197b51c55baf4 P 0ecfe08279804cb0888b118fc4f87243 [term 28 FOLLOWER]: Leader election vote request: Denying vote to candidate 1ad000b8f6704a80bc4330f4e0c41996 for term 28 because replica has last-logged OpId of term: 27 index: 143, which is greater than that of the candidate, which has last-logged OpId of term: 26 index: 142.
I1017 23:33:30.836544 19893 leader_election.cc:401] T 9b4b2dea960941bcb38197b51c55baf4 P 1ad000b8f6704a80bc4330f4e0c41996 [CANDIDATE]: Term 28 election: Vote denied by peer 0ecfe08279804cb0888b118fc4f87243 (127.18.62.193:39726). Message: Invalid argument: T 9b4b2dea960941bcb38197b51c55baf4 P 0ecfe08279804cb0888b118fc4f87243 [term 28 FOLLOWER]: Leader election vote request: Denying vote to candidate 1ad000b8f6704a80bc4330f4e0c41996 for term 28 because replica has last-logged OpId of term: 27 index: 143, which is greater than that of the candidate, which has last-logged OpId of term: 26 index: 142. Illegal state: not currently leaderI1017 23:33:30.837641 19839 raft_consensus.cc:2352] T 9b4b2dea960941bcb38197b51c55baf4 P b01d528fd3c74eb5b42b8d4888591ed2 [term 28 FOLLOWER]: Leader election vote request: Granting yes vote for candidate 1ad000b8f6704a80bc4330f4e0c41996 in term 28.
I1017 23:33:30.838028 19893 leader_election.cc:387] T 9b4b2dea960941bcb38197b51c55baf4 P 1ad000b8f6704a80bc4330f4e0c41996 [CANDIDATE]: Term 28 election: Vote granted by peer b01d528fd3c74eb5b42b8d4888591ed2 (127.18.62.194:38185)
I1017 23:33:30.838083 19893 leader_election.cc:278] T 9b4b2dea960941bcb38197b51c55baf4 P 1ad000b8f6704a80bc4330f4e0c41996 [CANDIDATE]: Term 28 election: Election decided. Result: candidate won.
I1017 23:33:30.838273 21203 raft_consensus.cc:2840] T 9b4b2dea960941bcb38197b51c55baf4 P 1ad000b8f6704a80bc4330f4e0c41996: Snoozing failure detection for 1.767s (election complete)
I1017 23:33:30.838347 21203 raft_consensus.cc:2646] T 9b4b2dea960941bcb38197b51c55baf4 P 1ad000b8f6704a80bc4330f4e0c41996 [term 28 FOLLOWER]: Leader election won for term 28
I1017 23:33:30.838740 21203 raft_consensus.cc:666] T 9b4b2dea960941bcb38197b51c55baf4 P 1ad000b8f6704a80bc4330f4e0c41996 [term 28 LEADER]: Becoming Leader. State: Replica: 1ad000b8f6704a80bc4330f4e0c41996, State: Running, Role: LEADER
I1017 23:33:30.839215 21203 consensus_queue.cc:206] T 9b4b2dea960941bcb38197b51c55baf4 P 1ad000b8f6704a80bc4330f4e0c41996 [LEADER]: Queue going to LEADER mode. State: All replicated index: 0, Majority replicated index: 129, Committed index: 129, Last appended: 26.142, Last appended by leader: 142, Current term: 28, Majority size: 2, State: 0, Mode: LEADER, active raft config: opid_index: -1 OBSOLETE_local: false peers { permanent_uuid: "0ecfe08279804cb0888b118fc4f87243" member_type: VOTER last_known_addr { host: "127.18.62.193" port: 39726 } } peers { permanent_uuid: "b01d528fd3c74eb5b42b8d4888591ed2" member_type: VOTER last_known_addr { host: "127.18.62.194" port: 38185 } } peers { permanent_uuid: "1ad000b8f6704a80bc4330f4e0c41996" member_type: VOTER last_known_addr { host: "127.18.62.195" port: 55672 } }
I1017 23:33:30.841519 19590 catalog_manager.cc:3758] T 9b4b2dea960941bcb38197b51c55baf4 P 1ad000b8f6704a80bc4330f4e0c41996 reported cstate change: term changed from 27 to 28, leader changed from 0ecfe08279804cb0888b118fc4f87243 (127.18.62.193) to 1ad000b8f6704a80bc4330f4e0c41996 (127.18.62.195). New cstate: current_term: 28 leader_uuid: "1ad000b8f6704a80bc4330f4e0c41996" committed_config { opid_index: -1 OBSOLETE_local: false peers { permanent_uuid: "0ecfe08279804cb0888b118fc4f87243" member_type: VOTER last_known_addr { host: "127.18.62.193" port: 39726 } health_report { overall_health: UNKNOWN } } peers { permanent_uuid: "b01d528fd3c74eb5b42b8d4888591ed2" member_type: VOTER last_known_addr { host: "127.18.62.194" port: 38185 } health_report { overall_health: UNKNOWN } } peers { permanent_uuid: "1ad000b8f6704a80bc4330f4e0c41996" member_type: VOTER last_known_addr { host: "127.18.62.195" port: 55672 } health_report { overall_health: HEALTHY } } }
W1017 23:33:31.104300 21211 flags.cc:406] Enabled unsafe flag: --never_fsync=true
I1017 23:33:31.163203 19960 tablet_service.cc:1146] Received LeaderStepDown RPC: tablet_id: "9b4b2dea960941bcb38197b51c55baf4" dest_uuid: "1ad000b8f6704a80bc4330f4e0c41996" mode: ABRUPT from {username='jenkins'} at 127.18.62.195:40127
I1017 23:33:31.163358 19960 raft_consensus.cc:568] T 9b4b2dea960941bcb38197b51c55baf4 P 1ad000b8f6704a80bc4330f4e0c41996 [term 28 LEADER]: Received request to step down
I1017 23:33:31.163439 19960 raft_consensus.cc:2887] T 9b4b2dea960941bcb38197b51c55baf4 P 1ad000b8f6704a80bc4330f4e0c41996 [term 28 LEADER]: Stepping down as leader of term 28
I1017 23:33:31.163481 19960 raft_consensus.cc:704] T 9b4b2dea960941bcb38197b51c55baf4 P 1ad000b8f6704a80bc4330f4e0c41996 [term 28 LEADER]: Becoming Follower/Learner. State: Replica: 1ad000b8f6704a80bc4330f4e0c41996, State: Running, Role: LEADER
I1017 23:33:31.163710 19960 consensus_queue.cc:229] T 9b4b2dea960941bcb38197b51c55baf4 P 1ad000b8f6704a80bc4330f4e0c41996 [NON_LEADER]: Queue going to NON_LEADER mode. State: All replicated index: 0, Majority replicated index: 129, Committed index: 129, Last appended: 28.143, Last appended by leader: 143, Current term: 28, Majority size: -1, State: 0, Mode: NON_LEADER, active raft config: opid_index: -1 OBSOLETE_local: false peers { permanent_uuid: "0ecfe08279804cb0888b118fc4f87243" member_type: VOTER last_known_addr { host: "127.18.62.193" port: 39726 } } peers { permanent_uuid: "b01d528fd3c74eb5b42b8d4888591ed2" member_type: VOTER last_known_addr { host: "127.18.62.194" port: 38185 } } peers { permanent_uuid: "1ad000b8f6704a80bc4330f4e0c41996" member_type: VOTER last_known_addr { host: "127.18.62.195" port: 55672 } }
I1017 23:33:31.163848 19960 consensus_peers.cc:469] T 9b4b2dea960941bcb38197b51c55baf4 P 1ad000b8f6704a80bc4330f4e0c41996 -> Peer b01d528fd3c74eb5b42b8d4888591ed2 (127.18.62.194:38185): Closing peer: b01d528fd3c74eb5b42b8d4888591ed2
I1017 23:33:31.163887 19960 consensus_peers.cc:469] T 9b4b2dea960941bcb38197b51c55baf4 P 1ad000b8f6704a80bc4330f4e0c41996 -> Peer 0ecfe08279804cb0888b118fc4f87243 (127.18.62.193:39726): Closing peer: 0ecfe08279804cb0888b118fc4f87243
I1017 23:33:31.163951 19960 raft_consensus.cc:2892] T 9b4b2dea960941bcb38197b51c55baf4 P 1ad000b8f6704a80bc4330f4e0c41996 [term 28 FOLLOWER]: Advancing to term 29
I1017 23:33:31.164007 19960 raft_consensus.cc:2840] T 9b4b2dea960941bcb38197b51c55baf4 P 1ad000b8f6704a80bc4330f4e0c41996: Snoozing failure detection for 3.000s (explicit stepdown request)
W1017 23:33:32.441988 21232 flags.cc:406] Enabled unsafe flag: --never_fsync=true
I1017 23:33:32.496549 21247 raft_consensus.cc:471] T 9b4b2dea960941bcb38197b51c55baf4 P 0ecfe08279804cb0888b118fc4f87243 [term 28 FOLLOWER]: Starting pre-election (no leader contacted us within the election timeout)
I1017 23:33:32.496687 21247 raft_consensus.cc:2840] T 9b4b2dea960941bcb38197b51c55baf4 P 0ecfe08279804cb0888b118fc4f87243: Snoozing failure detection for 2.082s (starting election)
I1017 23:33:32.496785 21247 raft_consensus.cc:493] T 9b4b2dea960941bcb38197b51c55baf4 P 0ecfe08279804cb0888b118fc4f87243 [term 28 FOLLOWER]: Starting pre-election with config: opid_index: -1 OBSOLETE_local: false peers { permanent_uuid: "0ecfe08279804cb0888b118fc4f87243" member_type: VOTER last_known_addr { host: "127.18.62.193" port: 39726 } } peers { permanent_uuid: "b01d528fd3c74eb5b42b8d4888591ed2" member_type: VOTER last_known_addr { host: "127.18.62.194" port: 38185 } } peers { permanent_uuid: "1ad000b8f6704a80bc4330f4e0c41996" member_type: VOTER last_known_addr { host: "127.18.62.195" port: 55672 } }
I1017 23:33:32.497326 21247 leader_election.cc:251] T 9b4b2dea960941bcb38197b51c55baf4 P 0ecfe08279804cb0888b118fc4f87243 [CANDIDATE]: Term 29 pre-election: Requesting pre-vote from peer b01d528fd3c74eb5b42b8d4888591ed2 (127.18.62.194:38185)
I1017 23:33:32.497550 21247 leader_election.cc:251] T 9b4b2dea960941bcb38197b51c55baf4 P 0ecfe08279804cb0888b118fc4f87243 [CANDIDATE]: Term 29 pre-election: Requesting pre-vote from peer 1ad000b8f6704a80bc4330f4e0c41996 (127.18.62.195:55672)
I1017 23:33:32.498616 19839 tablet_service.cc:1001] Received RequestConsensusVote() RPC: tablet_id: "9b4b2dea960941bcb38197b51c55baf4" candidate_uuid: "0ecfe08279804cb0888b118fc4f87243" candidate_term: 29 candidate_status { last_received { term: 27 index: 143 } } ignore_live_leader: false dest_uuid: "b01d528fd3c74eb5b42b8d4888591ed2" is_pre_election: true
I1017 23:33:32.498618 19960 tablet_service.cc:1001] Received RequestConsensusVote() RPC: tablet_id: "9b4b2dea960941bcb38197b51c55baf4" candidate_uuid: "0ecfe08279804cb0888b118fc4f87243" candidate_term: 29 candidate_status { last_received { term: 27 index: 143 } } ignore_live_leader: false dest_uuid: "1ad000b8f6704a80bc4330f4e0c41996" is_pre_election: true
I1017 23:33:32.498800 19839 raft_consensus.cc:2840] T 9b4b2dea960941bcb38197b51c55baf4 P b01d528fd3c74eb5b42b8d4888591ed2: Snoozing failure detection for 3.460s (vote granted)
I1017 23:33:32.498857 19960 raft_consensus.cc:2299] T 9b4b2dea960941bcb38197b51c55baf4 P 1ad000b8f6704a80bc4330f4e0c41996 [term 29 FOLLOWER]: Leader pre-election vote request: Denying vote to candidate 0ecfe08279804cb0888b118fc4f87243 for term 29 because replica has last-logged OpId of term: 28 index: 143, which is greater than that of the candidate, which has last-logged OpId of term: 27 index: 143.
I1017 23:33:32.498872 19839 raft_consensus.cc:2352] T 9b4b2dea960941bcb38197b51c55baf4 P b01d528fd3c74eb5b42b8d4888591ed2 [term 28 FOLLOWER]: Leader pre-election vote request: Granting yes vote for candidate 0ecfe08279804cb0888b118fc4f87243 in term 28.
I1017 23:33:32.499642 19644 leader_election.cc:387] T 9b4b2dea960941bcb38197b51c55baf4 P 0ecfe08279804cb0888b118fc4f87243 [CANDIDATE]: Term 29 pre-election: Vote granted by peer b01d528fd3c74eb5b42b8d4888591ed2 (127.18.62.194:38185)
I1017 23:33:32.499748 19644 leader_election.cc:278] T 9b4b2dea960941bcb38197b51c55baf4 P 0ecfe08279804cb0888b118fc4f87243 [CANDIDATE]: Term 29 pre-election: Election decided. Result: candidate won.
