I1017 23:33:04.154204 20510 raft_consensus.cc:2892] T 9b4b2dea960941bcb38197b51c55baf4 P 1ad000b8f6704a80bc4330f4e0c41996 [term 11 FOLLOWER]: Advancing to term 12
I1017 23:33:04.156198 20510 raft_consensus.cc:493] T 9b4b2dea960941bcb38197b51c55baf4 P 1ad000b8f6704a80bc4330f4e0c41996 [term 12 FOLLOWER]: Starting leader election with config: opid_index: -1 OBSOLETE_local: false peers { permanent_uuid: "0ecfe08279804cb0888b118fc4f87243" member_type: VOTER last_known_addr { host: "127.18.62.193" port: 39726 } } peers { permanent_uuid: "b01d528fd3c74eb5b42b8d4888591ed2" member_type: VOTER last_known_addr { host: "127.18.62.194" port: 38185 } } peers { permanent_uuid: "1ad000b8f6704a80bc4330f4e0c41996" member_type: VOTER last_known_addr { host: "127.18.62.195" port: 55672 } }
I1017 23:33:04.156584 20510 leader_election.cc:251] T 9b4b2dea960941bcb38197b51c55baf4 P 1ad000b8f6704a80bc4330f4e0c41996 [CANDIDATE]: Term 12 election: Requesting vote from peer 0ecfe08279804cb0888b118fc4f87243 (127.18.62.193:39726)
I1017 23:33:04.156798 20510 leader_election.cc:251] T 9b4b2dea960941bcb38197b51c55baf4 P 1ad000b8f6704a80bc4330f4e0c41996 [CANDIDATE]: Term 12 election: Requesting vote from peer b01d528fd3c74eb5b42b8d4888591ed2 (127.18.62.194:38185)
I1017 23:33:04.157479 19712 tablet_service.cc:1146] Received LeaderStepDown RPC: tablet_id: "9b4b2dea960941bcb38197b51c55baf4" dest_uuid: "0ecfe08279804cb0888b118fc4f87243" mode: GRACEFUL from {username='jenkins'} at 127.18.62.193:35314
I1017 23:33:04.157531 19711 tablet_service.cc:1001] Received RequestConsensusVote() RPC: tablet_id: "9b4b2dea960941bcb38197b51c55baf4" candidate_uuid: "1ad000b8f6704a80bc4330f4e0c41996" candidate_term: 12 candidate_status { last_received { term: 10 index: 134 } } ignore_live_leader: false dest_uuid: "0ecfe08279804cb0888b118fc4f87243"
I1017 23:33:04.157644 19839 tablet_service.cc:1001] Received RequestConsensusVote() RPC: tablet_id: "9b4b2dea960941bcb38197b51c55baf4" candidate_uuid: "1ad000b8f6704a80bc4330f4e0c41996" candidate_term: 12 candidate_status { last_received { term: 10 index: 134 } } ignore_live_leader: false dest_uuid: "b01d528fd3c74eb5b42b8d4888591ed2"
I1017 23:33:04.157696 19712 raft_consensus.cc:583] T 9b4b2dea960941bcb38197b51c55baf4 P 0ecfe08279804cb0888b118fc4f87243 [term 12 FOLLOWER]: Received request to transfer leadership
I1017 23:33:04.157742 19712 raft_consensus.cc:591] T 9b4b2dea960941bcb38197b51c55baf4 P 0ecfe08279804cb0888b118fc4f87243 [term 12 FOLLOWER]: Rejecting request to transer leadership while not leader
I1017 23:33:04.157757 19839 raft_consensus.cc:2892] T 9b4b2dea960941bcb38197b51c55baf4 P b01d528fd3c74eb5b42b8d4888591ed2 [term 11 FOLLOWER]: Advancing to term 12
I1017 23:33:04.157840 19839 raft_consensus.cc:2840] T 9b4b2dea960941bcb38197b51c55baf4 P b01d528fd3c74eb5b42b8d4888591ed2: Snoozing failure detection for 3.353s (vote granted)
I1017 23:33:04.158073 19711 raft_consensus.cc:2299] T 9b4b2dea960941bcb38197b51c55baf4 P 0ecfe08279804cb0888b118fc4f87243 [term 12 FOLLOWER]: Leader election vote request: Denying vote to candidate 1ad000b8f6704a80bc4330f4e0c41996 for term 12 because replica has last-logged OpId of term: 11 index: 135, which is greater than that of the candidate, which has last-logged OpId of term: 10 index: 134.
I1017 23:33:04.158509 19893 leader_election.cc:401] T 9b4b2dea960941bcb38197b51c55baf4 P 1ad000b8f6704a80bc4330f4e0c41996 [CANDIDATE]: Term 12 election: Vote denied by peer 0ecfe08279804cb0888b118fc4f87243 (127.18.62.193:39726). Message: Invalid argument: T 9b4b2dea960941bcb38197b51c55baf4 P 0ecfe08279804cb0888b118fc4f87243 [term 12 FOLLOWER]: Leader election vote request: Denying vote to candidate 1ad000b8f6704a80bc4330f4e0c41996 for term 12 because replica has last-logged OpId of term: 11 index: 135, which is greater than that of the candidate, which has last-logged OpId of term: 10 index: 134.
I1017 23:33:04.159809 19839 raft_consensus.cc:2352] T 9b4b2dea960941bcb38197b51c55baf4 P b01d528fd3c74eb5b42b8d4888591ed2 [term 12 FOLLOWER]: Leader election vote request: Granting yes vote for candidate 1ad000b8f6704a80bc4330f4e0c41996 in term 12.
I1017 23:33:04.160267 19893 leader_election.cc:387] T 9b4b2dea960941bcb38197b51c55baf4 P 1ad000b8f6704a80bc4330f4e0c41996 [CANDIDATE]: Term 12 election: Vote granted by peer b01d528fd3c74eb5b42b8d4888591ed2 (127.18.62.194:38185)
I1017 23:33:04.160333 19893 leader_election.cc:278] T 9b4b2dea960941bcb38197b51c55baf4 P 1ad000b8f6704a80bc4330f4e0c41996 [CANDIDATE]: Term 12 election: Election decided. Result: candidate won.
I1017 23:33:04.160516 20510 raft_consensus.cc:2840] T 9b4b2dea960941bcb38197b51c55baf4 P 1ad000b8f6704a80bc4330f4e0c41996: Snoozing failure detection for 1.912s (election complete)
I1017 23:33:04.160588 20510 raft_consensus.cc:2646] T 9b4b2dea960941bcb38197b51c55baf4 P 1ad000b8f6704a80bc4330f4e0c41996 [term 12 FOLLOWER]: Leader election won for term 12
I1017 23:33:04.161012 20510 raft_consensus.cc:666] T 9b4b2dea960941bcb38197b51c55baf4 P 1ad000b8f6704a80bc4330f4e0c41996 [term 12 LEADER]: Becoming Leader. State: Replica: 1ad000b8f6704a80bc4330f4e0c41996, State: Running, Role: LEADER
I1017 23:33:04.161288 20510 consensus_queue.cc:206] T 9b4b2dea960941bcb38197b51c55baf4 P 1ad000b8f6704a80bc4330f4e0c41996 [LEADER]: Queue going to LEADER mode. State: All replicated index: 0, Majority replicated index: 129, Committed index: 129, Last appended: 10.134, Last appended by leader: 134, Current term: 12, Majority size: 2, State: 0, Mode: LEADER, active raft config: opid_index: -1 OBSOLETE_local: false peers { permanent_uuid: "0ecfe08279804cb0888b118fc4f87243" member_type: VOTER last_known_addr { host: "127.18.62.193" port: 39726 } } peers { permanent_uuid: "b01d528fd3c74eb5b42b8d4888591ed2" member_type: VOTER last_known_addr { host: "127.18.62.194" port: 38185 } } peers { permanent_uuid: "1ad000b8f6704a80bc4330f4e0c41996" member_type: VOTER last_known_addr { host: "127.18.62.195" port: 55672 } } Illegal state: not currently leader
I1017 23:33:04.163450 19590 catalog_manager.cc:3758] T 9b4b2dea960941bcb38197b51c55baf4 P 1ad000b8f6704a80bc4330f4e0c41996 reported cstate change: term changed from 11 to 12, leader changed from 0ecfe08279804cb0888b118fc4f87243 (127.18.62.193) to 1ad000b8f6704a80bc4330f4e0c41996 (127.18.62.195). New cstate: current_term: 12 leader_uuid: "1ad000b8f6704a80bc4330f4e0c41996" committed_config { opid_index: -1 OBSOLETE_local: false peers { permanent_uuid: "0ecfe08279804cb0888b118fc4f87243" member_type: VOTER last_known_addr { host: "127.18.62.193" port: 39726 } health_report { overall_health: UNKNOWN } } peers { permanent_uuid: "b01d528fd3c74eb5b42b8d4888591ed2" member_type: VOTER last_known_addr { host: "127.18.62.194" port: 38185 } health_report { overall_health: UNKNOWN } } peers { permanent_uuid: "1ad000b8f6704a80bc4330f4e0c41996" member_type: VOTER last_known_addr { host: "127.18.62.195" port: 55672 } health_report { overall_health: HEALTHY } } }
W1017 23:33:04.431114 20518 flags.cc:406] Enabled unsafe flag: --never_fsync=true
I1017 23:33:04.490387 19960 tablet_service.cc:1146] Received LeaderStepDown RPC: tablet_id: "9b4b2dea960941bcb38197b51c55baf4" dest_uuid: "1ad000b8f6704a80bc4330f4e0c41996" mode: ABRUPT from {username='jenkins'} at 127.18.62.195:40058
I1017 23:33:04.490547 19960 raft_consensus.cc:568] T 9b4b2dea960941bcb38197b51c55baf4 P 1ad000b8f6704a80bc4330f4e0c41996 [term 12 LEADER]: Received request to step down
I1017 23:33:04.490593 19960 raft_consensus.cc:2887] T 9b4b2dea960941bcb38197b51c55baf4 P 1ad000b8f6704a80bc4330f4e0c41996 [term 12 LEADER]: Stepping down as leader of term 12
I1017 23:33:04.490618 19960 raft_consensus.cc:704] T 9b4b2dea960941bcb38197b51c55baf4 P 1ad000b8f6704a80bc4330f4e0c41996 [term 12 LEADER]: Becoming Follower/Learner. State: Replica: 1ad000b8f6704a80bc4330f4e0c41996, State: Running, Role: LEADER
I1017 23:33:04.490844 19960 consensus_queue.cc:229] T 9b4b2dea960941bcb38197b51c55baf4 P 1ad000b8f6704a80bc4330f4e0c41996 [NON_LEADER]: Queue going to NON_LEADER mode. State: All replicated index: 0, Majority replicated index: 129, Committed index: 129, Last appended: 12.135, Last appended by leader: 135, Current term: 12, Majority size: -1, State: 0, Mode: NON_LEADER, active raft config: opid_index: -1 OBSOLETE_local: false peers { permanent_uuid: "0ecfe08279804cb0888b118fc4f87243" member_type: VOTER last_known_addr { host: "127.18.62.193" port: 39726 } } peers { permanent_uuid: "b01d528fd3c74eb5b42b8d4888591ed2" member_type: VOTER last_known_addr { host: "127.18.62.194" port: 38185 } } peers { permanent_uuid: "1ad000b8f6704a80bc4330f4e0c41996" member_type: VOTER last_known_addr { host: "127.18.62.195" port: 55672 } }
I1017 23:33:04.490995 19960 consensus_peers.cc:469] T 9b4b2dea960941bcb38197b51c55baf4 P 1ad000b8f6704a80bc4330f4e0c41996 -> Peer b01d528fd3c74eb5b42b8d4888591ed2 (127.18.62.194:38185): Closing peer: b01d528fd3c74eb5b42b8d4888591ed2
I1017 23:33:04.491053 19960 consensus_peers.cc:469] T 9b4b2dea960941bcb38197b51c55baf4 P 1ad000b8f6704a80bc4330f4e0c41996 -> Peer 0ecfe08279804cb0888b118fc4f87243 (127.18.62.193:39726): Closing peer: 0ecfe08279804cb0888b118fc4f87243
I1017 23:33:04.491148 19960 raft_consensus.cc:2892] T 9b4b2dea960941bcb38197b51c55baf4 P 1ad000b8f6704a80bc4330f4e0c41996 [term 12 FOLLOWER]: Advancing to term 13
I1017 23:33:04.491225 19960 raft_consensus.cc:2840] T 9b4b2dea960941bcb38197b51c55baf4 P 1ad000b8f6704a80bc4330f4e0c41996: Snoozing failure detection for 3.000s (explicit stepdown request)
W1017 23:33:05.765731 20535 flags.cc:406] Enabled unsafe flag: --never_fsync=true
I1017 23:33:05.823542 20552 raft_consensus.cc:471] T 9b4b2dea960941bcb38197b51c55baf4 P 0ecfe08279804cb0888b118fc4f87243 [term 12 FOLLOWER]: Starting pre-election (no leader contacted us within the election timeout)
I1017 23:33:05.823623 20552 raft_consensus.cc:2840] T 9b4b2dea960941bcb38197b51c55baf4 P 0ecfe08279804cb0888b118fc4f87243: Snoozing failure detection for 1.766s (starting election)
I1017 23:33:05.823731 20552 raft_consensus.cc:493] T 9b4b2dea960941bcb38197b51c55baf4 P 0ecfe08279804cb0888b118fc4f87243 [term 12 FOLLOWER]: Starting pre-election with config: opid_index: -1 OBSOLETE_local: false peers { permanent_uuid: "0ecfe08279804cb0888b118fc4f87243" member_type: VOTER last_known_addr { host: "127.18.62.193" port: 39726 } } peers { permanent_uuid: "b01d528fd3c74eb5b42b8d4888591ed2" member_type: VOTER last_known_addr { host: "127.18.62.194" port: 38185 } } peers { permanent_uuid: "1ad000b8f6704a80bc4330f4e0c41996" member_type: VOTER last_known_addr { host: "127.18.62.195" port: 55672 } }
I1017 23:33:05.824132 20552 leader_election.cc:251] T 9b4b2dea960941bcb38197b51c55baf4 P 0ecfe08279804cb0888b118fc4f87243 [CANDIDATE]: Term 13 pre-election: Requesting pre-vote from peer b01d528fd3c74eb5b42b8d4888591ed2 (127.18.62.194:38185)
I1017 23:33:05.824332 20552 leader_election.cc:251] T 9b4b2dea960941bcb38197b51c55baf4 P 0ecfe08279804cb0888b118fc4f87243 [CANDIDATE]: Term 13 pre-election: Requesting pre-vote from peer 1ad000b8f6704a80bc4330f4e0c41996 (127.18.62.195:55672)
I1017 23:33:05.825031 19839 tablet_service.cc:1001] Received RequestConsensusVote() RPC: tablet_id: "9b4b2dea960941bcb38197b51c55baf4" candidate_uuid: "0ecfe08279804cb0888b118fc4f87243" candidate_term: 13 candidate_status { last_received { term: 11 index: 135 } } ignore_live_leader: false dest_uuid: "b01d528fd3c74eb5b42b8d4888591ed2" is_pre_election: true
I1017 23:33:05.825178 19839 raft_consensus.cc:2840] T 9b4b2dea960941bcb38197b51c55baf4 P b01d528fd3c74eb5b42b8d4888591ed2: Snoozing failure detection for 3.138s (vote granted)
I1017 23:33:05.825253 19839 raft_consensus.cc:2352] T 9b4b2dea960941bcb38197b51c55baf4 P b01d528fd3c74eb5b42b8d4888591ed2 [term 12 FOLLOWER]: Leader pre-election vote request: Granting yes vote for candidate 0ecfe08279804cb0888b118fc4f87243 in term 12.
I1017 23:33:05.825183 19960 tablet_service.cc:1001] Received RequestConsensusVote() RPC: tablet_id: "9b4b2dea960941bcb38197b51c55baf4" candidate_uuid: "0ecfe08279804cb0888b118fc4f87243" candidate_term: 13 candidate_status { last_received { term: 11 index: 135 } } ignore_live_leader: false dest_uuid: "1ad000b8f6704a80bc4330f4e0c41996" is_pre_election: true
I1017 23:33:05.825547 19960 raft_consensus.cc:2299] T 9b4b2dea960941bcb38197b51c55baf4 P 1ad000b8f6704a80bc4330f4e0c41996 [term 13 FOLLOWER]: Leader pre-election vote request: Denying vote to candidate 0ecfe08279804cb0888b118fc4f87243 for term 13 because replica has last-logged OpId of term: 12 index: 135, which is greater than that of the candidate, which has last-logged OpId of term: 11 index: 135.
I1017 23:33:05.825769 19644 leader_election.cc:387] T 9b4b2dea960941bcb38197b51c55baf4 P 0ecfe08279804cb0888b118fc4f87243 [CANDIDATE]: Term 13 pre-election: Vote granted by peer b01d528fd3c74eb5b42b8d4888591ed2 (127.18.62.194:38185)
I1017 23:33:05.825829 19644 leader_election.cc:278] T 9b4b2dea960941bcb38197b51c55baf4 P 0ecfe08279804cb0888b118fc4f87243 [CANDIDATE]: Term 13 pre-election: Election decided. Result: candidate won.
I1017 23:33:05.826032 20552 raft_consensus.cc:2840] T 9b4b2dea960941bcb38197b51c55baf4 P 0ecfe08279804cb0888b118fc4f87243: Snoozing failure detection for 1.657s (election complete)
I1017 23:33:05.826088 19646 leader_election.cc:401] T 9b4b2dea960941bcb38197b51c55baf4 P 0ecfe08279804cb0888b118fc4f87243 [CANDIDATE]: Term 13 pre-election: Vote denied by peer 1ad000b8f6704a80bc4330f4e0c41996 (127.18.62.195:55672). Message: Invalid argument: T 9b4b2dea960941bcb38197b51c55baf4 P 1ad000b8f6704a80bc4330f4e0c41996 [term 13 FOLLOWER]: Leader pre-election vote request: Denying vote to candidate 0ecfe08279804cb0888b118fc4f87243 for term 13 because replica has last-logged OpId of term: 12 index: 135, which is greater than that of the candidate, which has last-logged OpId of term: 11 index: 135.
I1017 23:33:05.826133 20552 raft_consensus.cc:2646] T 9b4b2dea960941bcb38197b51c55baf4 P 0ecfe08279804cb0888b118fc4f87243 [term 12 FOLLOWER]: Leader pre-election won for term 13
I1017 23:33:05.826220 20552 raft_consensus.cc:471] T 9b4b2dea960941bcb38197b51c55baf4 P 0ecfe08279804cb0888b118fc4f87243 [term 12 FOLLOWER]: Starting leader election (no leader contacted us within the election timeout)
I1017 23:33:05.826273 20552 raft_consensus.cc:2840] T 9b4b2dea960941bcb38197b51c55baf4 P 0ecfe08279804cb0888b118fc4f87243: Snoozing failure detection for 1.577s (starting election)
I1017 23:33:05.826328 20552 raft_consensus.cc:2892] T 9b4b2dea960941bcb38197b51c55baf4 P 0ecfe08279804cb0888b118fc4f87243 [term 12 FOLLOWER]: Advancing to term 13
I1017 23:33:05.827286 19960 tablet_service.cc:1146] Received LeaderStepDown RPC: tablet_id: "9b4b2dea960941bcb38197b51c55baf4" dest_uuid: "1ad000b8f6704a80bc4330f4e0c41996" mode: GRACEFUL from {username='jenkins'} at 127.18.62.195:40060
I1017 23:33:05.827392 19960 raft_consensus.cc:583] T 9b4b2dea960941bcb38197b51c55baf4 P 1ad000b8f6704a80bc4330f4e0c41996 [term 13 FOLLOWER]: Received request to transfer leadership
I1017 23:33:05.827435 19960 raft_consensus.cc:591] T 9b4b2dea960941bcb38197b51c55baf4 P 1ad000b8f6704a80bc4330f4e0c41996 [term 13 FOLLOWER]: Rejecting request to transer leadership while not leader
I1017 23:33:05.828367 20552 raft_consensus.cc:493] T 9b4b2dea960941bcb38197b51c55baf4 P 0ecfe08279804cb0888b118fc4f87243 [term 13 FOLLOWER]: Starting leader election with config: opid_index: -1 OBSOLETE_local: false peers { permanent_uuid: "0ecfe08279804cb0888b118fc4f87243" member_type: VOTER last_known_addr { host: "127.18.62.193" port: 39726 } } peers { permanent_uuid: "b01d528fd3c74eb5b42b8d4888591ed2" member_type: VOTER last_known_addr { host: "127.18.62.194" port: 38185 } } peers { permanent_uuid: "1ad000b8f6704a80bc4330f4e0c41996" member_type: VOTER last_known_addr { host: "127.18.62.195" port: 55672 } }
I1017 23:33:05.828835 20552 leader_election.cc:251] T 9b4b2dea960941bcb38197b51c55baf4 P 0ecfe08279804cb0888b118fc4f87243 [CANDIDATE]: Term 13 election: Requesting vote from peer b01d528fd3c74eb5b42b8d4888591ed2 (127.18.62.194:38185)
I1017 23:33:05.829068 20552 leader_election.cc:251] T 9b4b2dea960941bcb38197b51c55baf4 P 0ecfe08279804cb0888b118fc4f87243 [CANDIDATE]: Term 13 election: Requesting vote from peer 1ad000b8f6704a80bc4330f4e0c41996 (127.18.62.195:55672)
I1017 23:33:05.829605 19839 tablet_service.cc:1001] Received RequestConsensusVote() RPC: tablet_id: "9b4b2dea960941bcb38197b51c55baf4" candidate_uuid: "0ecfe08279804cb0888b118fc4f87243" candidate_term: 13 candidate_status { last_received { term: 11 index: 135 } } ignore_live_leader: false dest_uuid: "b01d528fd3c74eb5b42b8d4888591ed2"
I1017 23:33:05.829725 19839 raft_consensus.cc:2892] T 9b4b2dea960941bcb38197b51c55baf4 P b01d528fd3c74eb5b42b8d4888591ed2 [term 12 FOLLOWER]: Advancing to term 13
I1017 23:33:05.829790 19839 raft_consensus.cc:2840] T 9b4b2dea960941bcb38197b51c55baf4 P b01d528fd3c74eb5b42b8d4888591ed2: Snoozing failure detection for 1.697s (vote granted)
I1017 23:33:05.829764 19960 tablet_service.cc:1001] Received RequestConsensusVote() RPC: tablet_id: "9b4b2dea960941bcb38197b51c55baf4" candidate_uuid: "0ecfe08279804cb0888b118fc4f87243" candidate_term: 13 candidate_status { last_received { term: 11 index: 135 } } ignore_live_leader: false dest_uuid: "1ad000b8f6704a80bc4330f4e0c41996"
I1017 23:33:05.829897 19960 raft_consensus.cc:2299] T 9b4b2dea960941bcb38197b51c55baf4 P 1ad000b8f6704a80bc4330f4e0c41996 [term 13 FOLLOWER]: Leader election vote request: Denying vote to candidate 0ecfe08279804cb0888b118fc4f87243 for term 13 because replica has last-logged OpId of term: 12 index: 135, which is greater than that of the candidate, which has last-logged OpId of term: 11 index: 135.
I1017 23:33:05.830417 19646 leader_election.cc:401] T 9b4b2dea960941bcb38197b51c55baf4 P 0ecfe08279804cb0888b118fc4f87243 [CANDIDATE]: Term 13 election: Vote denied by peer 1ad000b8f6704a80bc4330f4e0c41996 (127.18.62.195:55672). Message: Invalid argument: T 9b4b2dea960941bcb38197b51c55baf4 P 1ad000b8f6704a80bc4330f4e0c41996 [term 13 FOLLOWER]: Leader election vote request: Denying vote to candidate 0ecfe08279804cb0888b118fc4f87243 for term 13 because replica has last-logged OpId of term: 12 index: 135, which is greater than that of the candidate, which has last-logged OpId of term: 11 index: 135.
I1017 23:33:05.831853 19839 raft_consensus.cc:2352] T 9b4b2dea960941bcb38197b51c55baf4 P b01d528fd3c74eb5b42b8d4888591ed2 [term 13 FOLLOWER]: Leader election vote request: Granting yes vote for candidate 0ecfe08279804cb0888b118fc4f87243 in term 13. Illegal state: not currently leaderI1017 23:33:05.832304 19644 leader_election.cc:387] T 9b4b2dea960941bcb38197b51c55baf4 P 0ecfe08279804cb0888b118fc4f87243 [CANDIDATE]: Term 13 election: Vote granted by peer b01d528fd3c74eb5b42b8d4888591ed2 (127.18.62.194:38185)
I1017 23:33:05.832365 19644 leader_election.cc:278] T 9b4b2dea960941bcb38197b51c55baf4 P 0ecfe08279804cb0888b118fc4f87243 [CANDIDATE]: Term 13 election: Election decided. Result: candidate won.
I1017 23:33:05.832619 20552 raft_consensus.cc:2840] T 9b4b2dea960941bcb38197b51c55baf4 P 0ecfe08279804cb0888b118fc4f87243: Snoozing failure detection for 2.022s (election complete)
I1017 23:33:05.832711 20552 raft_consensus.cc:2646] T 9b4b2dea960941bcb38197b51c55baf4 P 0ecfe08279804cb0888b118fc4f87243 [term 13 FOLLOWER]: Leader election won for term 13
I1017 23:33:05.833000 20552 raft_consensus.cc:666] T 9b4b2dea960941bcb38197b51c55baf4 P 0ecfe08279804cb0888b118fc4f87243 [term 13 LEADER]: Becoming Leader. State: Replica: 0ecfe08279804cb0888b118fc4f87243, State: Running, Role: LEADER
I1017 23:33:05.833283 20552 consensus_queue.cc:206] T 9b4b2dea960941bcb38197b51c55baf4 P 0ecfe08279804cb0888b118fc4f87243 [LEADER]: Queue going to LEADER mode. State: All replicated index: 0, Majority replicated index: 129, Committed index: 129, Last appended: 11.135, Last appended by leader: 135, Current term: 13, Majority size: 2, State: 0, Mode: LEADER, active raft config: opid_index: -1 OBSOLETE_local: false peers { permanent_uuid: "0ecfe08279804cb0888b118fc4f87243" member_type: VOTER last_known_addr { host: "127.18.62.193" port: 39726 } } peers { permanent_uuid: "b01d528fd3c74eb5b42b8d4888591ed2" member_type: VOTER last_known_addr { host: "127.18.62.194" port: 38185 } } peers { permanent_uuid: "1ad000b8f6704a80bc4330f4e0c41996" member_type: VOTER last_known_addr { host: "127.18.62.195" port: 55672 } }
I1017 23:33:05.835618 19590 catalog_manager.cc:3758] T 9b4b2dea960941bcb38197b51c55baf4 P 0ecfe08279804cb0888b118fc4f87243 reported cstate change: term changed from 12 to 13, leader changed from 1ad000b8f6704a80bc4330f4e0c41996 (127.18.62.195) to 0ecfe08279804cb0888b118fc4f87243 (127.18.62.193). New cstate: current_term: 13 leader_uuid: "0ecfe08279804cb0888b118fc4f87243" committed_config { opid_index: -1 OBSOLETE_local: false peers { permanent_uuid: "0ecfe08279804cb0888b118fc4f87243" member_type: VOTER last_known_addr { host: "127.18.62.193" port: 39726 } health_report { overall_health: HEALTHY } } peers { permanent_uuid: "b01d528fd3c74eb5b42b8d4888591ed2" member_type: VOTER last_known_addr { host: "127.18.62.194" port: 38185 } health_report { overall_health: UNKNOWN } } peers { permanent_uuid: "1ad000b8f6704a80bc4330f4e0c41996" member_type: VOTER last_known_addr { host: "127.18.62.195" port: 55672 } health_report { overall_health: UNKNOWN } } }
W1017 23:33:06.099984 20560 flags.cc:406] Enabled unsafe flag: --never_fsync=true
I1017 23:33:06.158658 19711 tablet_service.cc:1146] Received LeaderStepDown RPC: tablet_id: "9b4b2dea960941bcb38197b51c55baf4" dest_uuid: "0ecfe08279804cb0888b118fc4f87243" mode: ABRUPT from {username='jenkins'} at 127.18.62.193:35320
I1017 23:33:06.158812 19711 raft_consensus.cc:568] T 9b4b2dea960941bcb38197b51c55baf4 P 0ecfe08279804cb0888b118fc4f87243 [term 13 LEADER]: Received request to step down
I1017 23:33:06.158876 19711 raft_consensus.cc:2887] T 9b4b2dea960941bcb38197b51c55baf4 P 0ecfe08279804cb0888b118fc4f87243 [term 13 LEADER]: Stepping down as leader of term 13
I1017 23:33:06.158921 19711 raft_consensus.cc:704] T 9b4b2dea960941bcb38197b51c55baf4 P 0ecfe08279804cb0888b118fc4f87243 [term 13 LEADER]: Becoming Follower/Learner. State: Replica: 0ecfe08279804cb0888b118fc4f87243, State: Running, Role: LEADER
I1017 23:33:06.159157 19711 consensus_queue.cc:229] T 9b4b2dea960941bcb38197b51c55baf4 P 0ecfe08279804cb0888b118fc4f87243 [NON_LEADER]: Queue going to NON_LEADER mode. State: All replicated index: 0, Majority replicated index: 129, Committed index: 129, Last appended: 13.136, Last appended by leader: 136, Current term: 13, Majority size: -1, State: 0, Mode: NON_LEADER, active raft config: opid_index: -1 OBSOLETE_local: false peers { permanent_uuid: "0ecfe08279804cb0888b118fc4f87243" member_type: VOTER last_known_addr { host: "127.18.62.193" port: 39726 } } peers { permanent_uuid: "b01d528fd3c74eb5b42b8d4888591ed2" member_type: VOTER last_known_addr { host: "127.18.62.194" port: 38185 } } peers { permanent_uuid: "1ad000b8f6704a80bc4330f4e0c41996" member_type: VOTER last_known_addr { host: "127.18.62.195" port: 55672 } }
I1017 23:33:06.159317 19711 consensus_peers.cc:469] T 9b4b2dea960941bcb38197b51c55baf4 P 0ecfe08279804cb0888b118fc4f87243 -> Peer 1ad000b8f6704a80bc4330f4e0c41996 (127.18.62.195:55672): Closing peer: 1ad000b8f6704a80bc4330f4e0c41996
I1017 23:33:06.159370 19711 consensus_peers.cc:469] T 9b4b2dea960941bcb38197b51c55baf4 P 0ecfe08279804cb0888b118fc4f87243 -> Peer b01d528fd3c74eb5b42b8d4888591ed2 (127.18.62.194:38185): Closing peer: b01d528fd3c74eb5b42b8d4888591ed2
I1017 23:33:06.159466 19711 raft_consensus.cc:2892] T 9b4b2dea960941bcb38197b51c55baf4 P 0ecfe08279804cb0888b118fc4f87243 [term 13 FOLLOWER]: Advancing to term 14
I1017 23:33:06.159533 19711 raft_consensus.cc:2840] T 9b4b2dea960941bcb38197b51c55baf4 P 0ecfe08279804cb0888b118fc4f87243: Snoozing failure detection for 3.000s (explicit stepdown request)
W1017 23:33:07.433795 20581 flags.cc:406] Enabled unsafe flag: --never_fsync=true
I1017 23:33:07.492806 20598 raft_consensus.cc:471] T 9b4b2dea960941bcb38197b51c55baf4 P 1ad000b8f6704a80bc4330f4e0c41996 [term 13 FOLLOWER]: Starting pre-election (no leader contacted us within the election timeout)
I1017 23:33:07.492888 20598 raft_consensus.cc:2840] T 9b4b2dea960941bcb38197b51c55baf4 P 1ad000b8f6704a80bc4330f4e0c41996: Snoozing failure detection for 1.609s (starting election)
I1017 23:33:07.492997 20598 raft_consensus.cc:493] T 9b4b2dea960941bcb38197b51c55baf4 P 1ad000b8f6704a80bc4330f4e0c41996 [term 13 FOLLOWER]: Starting pre-election with config: opid_index: -1 OBSOLETE_local: false peers { permanent_uuid: "0ecfe08279804cb0888b118fc4f87243" member_type: VOTER last_known_addr { host: "127.18.62.193" port: 39726 } } peers { permanent_uuid: "b01d528fd3c74eb5b42b8d4888591ed2" member_type: VOTER last_known_addr { host: "127.18.62.194" port: 38185 } } peers { permanent_uuid: "1ad000b8f6704a80bc4330f4e0c41996" member_type: VOTER last_known_addr { host: "127.18.62.195" port: 55672 } }
I1017 23:33:07.493398 20598 leader_election.cc:251] T 9b4b2dea960941bcb38197b51c55baf4 P 1ad000b8f6704a80bc4330f4e0c41996 [CANDIDATE]: Term 14 pre-election: Requesting pre-vote from peer 0ecfe08279804cb0888b118fc4f87243 (127.18.62.193:39726)
I1017 23:33:07.493618 20598 leader_election.cc:251] T 9b4b2dea960941bcb38197b51c55baf4 P 1ad000b8f6704a80bc4330f4e0c41996 [CANDIDATE]: Term 14 pre-election: Requesting pre-vote from peer b01d528fd3c74eb5b42b8d4888591ed2 (127.18.62.194:38185)
I1017 23:33:07.494300 19711 tablet_service.cc:1001] Received RequestConsensusVote() RPC: tablet_id: "9b4b2dea960941bcb38197b51c55baf4" candidate_uuid: "1ad000b8f6704a80bc4330f4e0c41996" candidate_term: 14 candidate_status { last_received { term: 12 index: 135 } } ignore_live_leader: false dest_uuid: "0ecfe08279804cb0888b118fc4f87243" is_pre_election: true
I1017 23:33:07.494565 19711 raft_consensus.cc:2299] T 9b4b2dea960941bcb38197b51c55baf4 P 0ecfe08279804cb0888b118fc4f87243 [term 14 FOLLOWER]: Leader pre-election vote request: Denying vote to candidate 1ad000b8f6704a80bc4330f4e0c41996 for term 14 because replica has last-logged OpId of term: 13 index: 136, which is greater than that of the candidate, which has last-logged OpId of term: 12 index: 135.
I1017 23:33:07.494590 19839 tablet_service.cc:1001] Received RequestConsensusVote() RPC: tablet_id: "9b4b2dea960941bcb38197b51c55baf4" candidate_uuid: "1ad000b8f6704a80bc4330f4e0c41996" candidate_term: 14 candidate_status { last_received { term: 12 index: 135 } } ignore_live_leader: false dest_uuid: "b01d528fd3c74eb5b42b8d4888591ed2" is_pre_election: true
I1017 23:33:07.494765 19839 raft_consensus.cc:2840] T 9b4b2dea960941bcb38197b51c55baf4 P b01d528fd3c74eb5b42b8d4888591ed2: Snoozing failure detection for 1.600s (vote granted)
I1017 23:33:07.494837 19839 raft_consensus.cc:2352] T 9b4b2dea960941bcb38197b51c55baf4 P b01d528fd3c74eb5b42b8d4888591ed2 [term 13 FOLLOWER]: Leader pre-election vote request: Granting yes vote for candidate 1ad000b8f6704a80bc4330f4e0c41996 in term 13.
I1017 23:33:07.495085 19893 leader_election.cc:401] T 9b4b2dea960941bcb38197b51c55baf4 P 1ad000b8f6704a80bc4330f4e0c41996 [CANDIDATE]: Term 14 pre-election: Vote denied by peer 0ecfe08279804cb0888b118fc4f87243 (127.18.62.193:39726). Message: Invalid argument: T 9b4b2dea960941bcb38197b51c55baf4 P 0ecfe08279804cb0888b118fc4f87243 [term 14 FOLLOWER]: Leader pre-election vote request: Denying vote to candidate 1ad000b8f6704a80bc4330f4e0c41996 for term 14 because replica has last-logged OpId of term: 13 index: 136, which is greater than that of the candidate, which has last-logged OpId of term: 12 index: 135.
I1017 23:33:07.495319 19893 leader_election.cc:387] T 9b4b2dea960941bcb38197b51c55baf4 P 1ad000b8f6704a80bc4330f4e0c41996 [CANDIDATE]: Term 14 pre-election: Vote granted by peer b01d528fd3c74eb5b42b8d4888591ed2 (127.18.62.194:38185)
I1017 23:33:07.495383 19893 leader_election.cc:278] T 9b4b2dea960941bcb38197b51c55baf4 P 1ad000b8f6704a80bc4330f4e0c41996 [CANDIDATE]: Term 14 pre-election: Election decided. Result: candidate won.
I1017 23:33:07.495494 19711 tablet_service.cc:1146] Received LeaderStepDown RPC: tablet_id: "9b4b2dea960941bcb38197b51c55baf4" dest_uuid: "0ecfe08279804cb0888b118fc4f87243" mode: GRACEFUL from {username='jenkins'} at 127.18.62.193:35323
I1017 23:33:07.495620 19711 raft_consensus.cc:583] T 9b4b2dea960941bcb38197b51c55baf4 P 0ecfe08279804cb0888b118fc4f87243 [term 14 FOLLOWER]: Received request to transfer leadership
I1017 23:33:07.495620 20598 raft_consensus.cc:2840] T 9b4b2dea960941bcb38197b51c55baf4 P 1ad000b8f6704a80bc4330f4e0c41996: Snoozing failure detection for 2.213s (election complete)
I1017 23:33:07.495654 19711 raft_consensus.cc:591] T 9b4b2dea960941bcb38197b51c55baf4 P 0ecfe08279804cb0888b118fc4f87243 [term 14 FOLLOWER]: Rejecting request to transer leadership while not leader
I1017 23:33:07.495715 20598 raft_consensus.cc:2646] T 9b4b2dea960941bcb38197b51c55baf4 P 1ad000b8f6704a80bc4330f4e0c41996 [term 13 FOLLOWER]: Leader pre-election won for term 14
I1017 23:33:07.495751 20598 raft_consensus.cc:471] T 9b4b2dea960941bcb38197b51c55baf4 P 1ad000b8f6704a80bc4330f4e0c41996 [term 13 FOLLOWER]: Starting leader election (no leader contacted us within the election timeout)
I1017 23:33:07.495785 20598 raft_consensus.cc:2840] T 9b4b2dea960941bcb38197b51c55baf4 P 1ad000b8f6704a80bc4330f4e0c41996: Snoozing failure detection for 1.936s (starting election)
I1017 23:33:07.495818 20598 raft_consensus.cc:2892] T 9b4b2dea960941bcb38197b51c55baf4 P 1ad000b8f6704a80bc4330f4e0c41996 [term 13 FOLLOWER]: Advancing to term 14
I1017 23:33:07.497793 20598 raft_consensus.cc:493] T 9b4b2dea960941bcb38197b51c55baf4 P 1ad000b8f6704a80bc4330f4e0c41996 [term 14 FOLLOWER]: Starting leader election with config: opid_index: -1 OBSOLETE_local: false peers { permanent_uuid: "0ecfe08279804cb0888b118fc4f87243" member_type: VOTER last_known_addr { host: "127.18.62.193" port: 39726 } } peers { permanent_uuid: "b01d528fd3c74eb5b42b8d4888591ed2" member_type: VOTER last_known_addr { host: "127.18.62.194" port: 38185 } } peers { permanent_uuid: "1ad000b8f6704a80bc4330f4e0c41996" member_type: VOTER last_known_addr { host: "127.18.62.195" port: 55672 } }
I1017 23:33:07.498159 20598 leader_election.cc:251] T 9b4b2dea960941bcb38197b51c55baf4 P 1ad000b8f6704a80bc4330f4e0c41996 [CANDIDATE]: Term 14 election: Requesting vote from peer 0ecfe08279804cb0888b118fc4f87243 (127.18.62.193:39726) Illegal state: not currently leader
I1017 23:33:07.498371 20598 leader_election.cc:251] T 9b4b2dea960941bcb38197b51c55baf4 P 1ad000b8f6704a80bc4330f4e0c41996 [CANDIDATE]: Term 14 election: Requesting vote from peer b01d528fd3c74eb5b42b8d4888591ed2 (127.18.62.194:38185)
I1017 23:33:07.499111 19839 tablet_service.cc:1001] Received RequestConsensusVote() RPC: tablet_id: "9b4b2dea960941bcb38197b51c55baf4" candidate_uuid: "1ad000b8f6704a80bc4330f4e0c41996" candidate_term: 14 candidate_status { last_received { term: 12 index: 135 } } ignore_live_leader: false dest_uuid: "b01d528fd3c74eb5b42b8d4888591ed2"
I1017 23:33:07.499081 19711 tablet_service.cc:1001] Received RequestConsensusVote() RPC: tablet_id: "9b4b2dea960941bcb38197b51c55baf4" candidate_uuid: "1ad000b8f6704a80bc4330f4e0c41996" candidate_term: 14 candidate_status { last_received { term: 12 index: 135 } } ignore_live_leader: false dest_uuid: "0ecfe08279804cb0888b118fc4f87243"
I1017 23:33:07.499222 19839 raft_consensus.cc:2892] T 9b4b2dea960941bcb38197b51c55baf4 P b01d528fd3c74eb5b42b8d4888591ed2 [term 13 FOLLOWER]: Advancing to term 14
I1017 23:33:07.499285 19711 raft_consensus.cc:2299] T 9b4b2dea960941bcb38197b51c55baf4 P 0ecfe08279804cb0888b118fc4f87243 [term 14 FOLLOWER]: Leader election vote request: Denying vote to candidate 1ad000b8f6704a80bc4330f4e0c41996 for term 14 because replica has last-logged OpId of term: 13 index: 136, which is greater than that of the candidate, which has last-logged OpId of term: 12 index: 135.
I1017 23:33:07.499296 19839 raft_consensus.cc:2840] T 9b4b2dea960941bcb38197b51c55baf4 P b01d528fd3c74eb5b42b8d4888591ed2: Snoozing failure detection for 3.130s (vote granted)
I1017 23:33:07.499796 19893 leader_election.cc:401] T 9b4b2dea960941bcb38197b51c55baf4 P 1ad000b8f6704a80bc4330f4e0c41996 [CANDIDATE]: Term 14 election: Vote denied by peer 0ecfe08279804cb0888b118fc4f87243 (127.18.62.193:39726). Message: Invalid argument: T 9b4b2dea960941bcb38197b51c55baf4 P 0ecfe08279804cb0888b118fc4f87243 [term 14 FOLLOWER]: Leader election vote request: Denying vote to candidate 1ad000b8f6704a80bc4330f4e0c41996 for term 14 because replica has last-logged OpId of term: 13 index: 136, which is greater than that of the candidate, which has last-logged OpId of term: 12 index: 135.
I1017 23:33:07.501029 19839 raft_consensus.cc:2352] T 9b4b2dea960941bcb38197b51c55baf4 P b01d528fd3c74eb5b42b8d4888591ed2 [term 14 FOLLOWER]: Leader election vote request: Granting yes vote for candidate 1ad000b8f6704a80bc4330f4e0c41996 in term 14.
I1017 23:33:07.501497 19893 leader_election.cc:387] T 9b4b2dea960941bcb38197b51c55baf4 P 1ad000b8f6704a80bc4330f4e0c41996 [CANDIDATE]: Term 14 election: Vote granted by peer b01d528fd3c74eb5b42b8d4888591ed2 (127.18.62.194:38185)
I1017 23:33:07.501561 19893 leader_election.cc:278] T 9b4b2dea960941bcb38197b51c55baf4 P 1ad000b8f6704a80bc4330f4e0c41996 [CANDIDATE]: Term 14 election: Election decided. Result: candidate won.
I1017 23:33:07.501760 20598 raft_consensus.cc:2840] T 9b4b2dea960941bcb38197b51c55baf4 P 1ad000b8f6704a80bc4330f4e0c41996: Snoozing failure detection for 1.539s (election complete)
I1017 23:33:07.501839 20598 raft_consensus.cc:2646] T 9b4b2dea960941bcb38197b51c55baf4 P 1ad000b8f6704a80bc4330f4e0c41996 [term 14 FOLLOWER]: Leader election won for term 14
I1017 23:33:07.502151 20598 raft_consensus.cc:666] T 9b4b2dea960941bcb38197b51c55baf4 P 1ad000b8f6704a80bc4330f4e0c41996 [term 14 LEADER]: Becoming Leader. State: Replica: 1ad000b8f6704a80bc4330f4e0c41996, State: Running, Role: LEADER
I1017 23:33:07.502710 20598 consensus_queue.cc:206] T 9b4b2dea960941bcb38197b51c55baf4 P 1ad000b8f6704a80bc4330f4e0c41996 [LEADER]: Queue going to LEADER mode. State: All replicated index: 0, Majority replicated index: 129, Committed index: 129, Last appended: 12.135, Last appended by leader: 135, Current term: 14, Majority size: 2, State: 0, Mode: LEADER, active raft config: opid_index: -1 OBSOLETE_local: false peers { permanent_uuid: "0ecfe08279804cb0888b118fc4f87243" member_type: VOTER last_known_addr { host: "127.18.62.193" port: 39726 } } peers { permanent_uuid: "b01d528fd3c74eb5b42b8d4888591ed2" member_type: VOTER last_known_addr { host: "127.18.62.194" port: 38185 } } peers { permanent_uuid: "1ad000b8f6704a80bc4330f4e0c41996" member_type: VOTER last_known_addr { host: "127.18.62.195" port: 55672 } }
I1017 23:33:07.505254 19590 catalog_manager.cc:3758] T 9b4b2dea960941bcb38197b51c55baf4 P 1ad000b8f6704a80bc4330f4e0c41996 reported cstate change: term changed from 13 to 14, leader changed from 0ecfe08279804cb0888b118fc4f87243 (127.18.62.193) to 1ad000b8f6704a80bc4330f4e0c41996 (127.18.62.195). New cstate: current_term: 14 leader_uuid: "1ad000b8f6704a80bc4330f4e0c41996" committed_config { opid_index: -1 OBSOLETE_local: false peers { permanent_uuid: "0ecfe08279804cb0888b118fc4f87243" member_type: VOTER last_known_addr { host: "127.18.62.193" port: 39726 } health_report { overall_health: UNKNOWN } } peers { permanent_uuid: "b01d528fd3c74eb5b42b8d4888591ed2" member_type: VOTER last_known_addr { host: "127.18.62.194" port: 38185 } health_report { overall_health: UNKNOWN } } peers { permanent_uuid: "1ad000b8f6704a80bc4330f4e0c41996" member_type: VOTER last_known_addr { host: "127.18.62.195" port: 55672 } health_report { overall_health: HEALTHY } } }
W1017 23:33:07.768005 20606 flags.cc:406] Enabled unsafe flag: --never_fsync=true
I1017 23:33:07.827873 19960 tablet_service.cc:1146] Received LeaderStepDown RPC: tablet_id: "9b4b2dea960941bcb38197b51c55baf4" dest_uuid: "1ad000b8f6704a80bc4330f4e0c41996" mode: ABRUPT from {username='jenkins'} at 127.18.62.195:40067
I1017 23:33:07.828037 19960 raft_consensus.cc:568] T 9b4b2dea960941bcb38197b51c55baf4 P 1ad000b8f6704a80bc4330f4e0c41996 [term 14 LEADER]: Received request to step down
I1017 23:33:07.828094 19960 raft_consensus.cc:2887] T 9b4b2dea960941bcb38197b51c55baf4 P 1ad000b8f6704a80bc4330f4e0c41996 [term 14 LEADER]: Stepping down as leader of term 14
I1017 23:33:07.828126 19960 raft_consensus.cc:704] T 9b4b2dea960941bcb38197b51c55baf4 P 1ad000b8f6704a80bc4330f4e0c41996 [term 14 LEADER]: Becoming Follower/Learner. State: Replica: 1ad000b8f6704a80bc4330f4e0c41996, State: Running, Role: LEADER
I1017 23:33:07.828346 19960 consensus_queue.cc:229] T 9b4b2dea960941bcb38197b51c55baf4 P 1ad000b8f6704a80bc4330f4e0c41996 [NON_LEADER]: Queue going to NON_LEADER mode. State: All replicated index: 0, Majority replicated index: 129, Committed index: 129, Last appended: 14.136, Last appended by leader: 136, Current term: 14, Majority size: -1, State: 0, Mode: NON_LEADER, active raft config: opid_index: -1 OBSOLETE_local: false peers { permanent_uuid: "0ecfe08279804cb0888b118fc4f87243" member_type: VOTER last_known_addr { host: "127.18.62.193" port: 39726 } } peers { permanent_uuid: "b01d528fd3c74eb5b42b8d4888591ed2" member_type: VOTER last_known_addr { host: "127.18.62.194" port: 38185 } } peers { permanent_uuid: "1ad000b8f6704a80bc4330f4e0c41996" member_type: VOTER last_known_addr { host: "127.18.62.195" port: 55672 } }
I1017 23:33:07.828517 19960 consensus_peers.cc:469] T 9b4b2dea960941bcb38197b51c55baf4 P 1ad000b8f6704a80bc4330f4e0c41996 -> Peer b01d528fd3c74eb5b42b8d4888591ed2 (127.18.62.194:38185): Closing peer: b01d528fd3c74eb5b42b8d4888591ed2
I1017 23:33:07.828582 19960 consensus_peers.cc:469] T 9b4b2dea960941bcb38197b51c55baf4 P 1ad000b8f6704a80bc4330f4e0c41996 -> Peer 0ecfe08279804cb0888b118fc4f87243 (127.18.62.193:39726): Closing peer: 0ecfe08279804cb0888b118fc4f87243
I1017 23:33:07.828662 19960 raft_consensus.cc:2892] T 9b4b2dea960941bcb38197b51c55baf4 P 1ad000b8f6704a80bc4330f4e0c41996 [term 14 FOLLOWER]: Advancing to term 15
I1017 23:33:07.828725 19960 raft_consensus.cc:2840] T 9b4b2dea960941bcb38197b51c55baf4 P 1ad000b8f6704a80bc4330f4e0c41996: Snoozing failure detection for 3.000s (explicit stepdown request)
W1017 23:33:09.100044 20623 flags.cc:406] Enabled unsafe flag: --never_fsync=true
I1017 23:33:09.159790 19960 tablet_service.cc:1146] Received LeaderStepDown RPC: tablet_id: "9b4b2dea960941bcb38197b51c55baf4" dest_uuid: "1ad000b8f6704a80bc4330f4e0c41996" mode: GRACEFUL from {username='jenkins'} at 127.18.62.195:40069
I1017 23:33:09.159924 19960 raft_consensus.cc:583] T 9b4b2dea960941bcb38197b51c55baf4 P 1ad000b8f6704a80bc4330f4e0c41996 [term 15 FOLLOWER]: Received request to transfer leadership
I1017 23:33:09.159974 19960 raft_consensus.cc:591] T 9b4b2dea960941bcb38197b51c55baf4 P 1ad000b8f6704a80bc4330f4e0c41996 [term 15 FOLLOWER]: Rejecting request to transer leadership while not leader
I1017 23:33:09.160842 20640 raft_consensus.cc:471] T 9b4b2dea960941bcb38197b51c55baf4 P 0ecfe08279804cb0888b118fc4f87243 [term 14 FOLLOWER]: Starting pre-election (no leader contacted us within the election timeout)
I1017 23:33:09.160904 20640 raft_consensus.cc:2840] T 9b4b2dea960941bcb38197b51c55baf4 P 0ecfe08279804cb0888b118fc4f87243: Snoozing failure detection for 2.015s (starting election)
I1017 23:33:09.160992 20640 raft_consensus.cc:493] T 9b4b2dea960941bcb38197b51c55baf4 P 0ecfe08279804cb0888b118fc4f87243 [term 14 FOLLOWER]: Starting pre-election with config: opid_index: -1 OBSOLETE_local: false peers { permanent_uuid: "0ecfe08279804cb0888b118fc4f87243" member_type: VOTER last_known_addr { host: "127.18.62.193" port: 39726 } } peers { permanent_uuid: "b01d528fd3c74eb5b42b8d4888591ed2" member_type: VOTER last_known_addr { host: "127.18.62.194" port: 38185 } } peers { permanent_uuid: "1ad000b8f6704a80bc4330f4e0c41996" member_type: VOTER last_known_addr { host: "127.18.62.195" port: 55672 } }
I1017 23:33:09.161535 20640 leader_election.cc:251] T 9b4b2dea960941bcb38197b51c55baf4 P 0ecfe08279804cb0888b118fc4f87243 [CANDIDATE]: Term 15 pre-election: Requesting pre-vote from peer b01d528fd3c74eb5b42b8d4888591ed2 (127.18.62.194:38185)
I1017 23:33:09.161727 20640 leader_election.cc:251] T 9b4b2dea960941bcb38197b51c55baf4 P 0ecfe08279804cb0888b118fc4f87243 [CANDIDATE]: Term 15 pre-election: Requesting pre-vote from peer 1ad000b8f6704a80bc4330f4e0c41996 (127.18.62.195:55672)
I1017 23:33:09.162436 19839 tablet_service.cc:1001] Received RequestConsensusVote() RPC: tablet_id: "9b4b2dea960941bcb38197b51c55baf4" candidate_uuid: "0ecfe08279804cb0888b118fc4f87243" candidate_term: 15 candidate_status { last_received { term: 13 index: 136 } } ignore_live_leader: false dest_uuid: "b01d528fd3c74eb5b42b8d4888591ed2" is_pre_election: true
I1017 23:33:09.162611 19839 raft_consensus.cc:2840] T 9b4b2dea960941bcb38197b51c55baf4 P b01d528fd3c74eb5b42b8d4888591ed2: Snoozing failure detection for 3.052s (vote granted)
I1017 23:33:09.162685 19839 raft_consensus.cc:2352] T 9b4b2dea960941bcb38197b51c55baf4 P b01d528fd3c74eb5b42b8d4888591ed2 [term 14 FOLLOWER]: Leader pre-election vote request: Granting yes vote for candidate 0ecfe08279804cb0888b118fc4f87243 in term 14.
I1017 23:33:09.163007 19960 tablet_service.cc:1001] Received RequestConsensusVote() RPC: tablet_id: "9b4b2dea960941bcb38197b51c55baf4" candidate_uuid: "0ecfe08279804cb0888b118fc4f87243" candidate_term: 15 candidate_status { last_received { term: 13 index: 136 } } ignore_live_leader: false dest_uuid: "1ad000b8f6704a80bc4330f4e0c41996" is_pre_election: true
I1017 23:33:09.163184 19644 leader_election.cc:387] T 9b4b2dea960941bcb38197b51c55baf4 P 0ecfe08279804cb0888b118fc4f87243 [CANDIDATE]: Term 15 pre-election: Vote granted by peer b01d528fd3c74eb5b42b8d4888591ed2 (127.18.62.194:38185)
I1017 23:33:09.163202 19960 raft_consensus.cc:2299] T 9b4b2dea960941bcb38197b51c55baf4 P 1ad000b8f6704a80bc4330f4e0c41996 [term 15 FOLLOWER]: Leader pre-election vote request: Denying vote to candidate 0ecfe08279804cb0888b118fc4f87243 for term 15 because replica has last-logged OpId of term: 14 index: 136, which is greater than that of the candidate, which has last-logged OpId of term: 13 index: 136.
I1017 23:33:09.163241 19644 leader_election.cc:278] T 9b4b2dea960941bcb38197b51c55baf4 P 0ecfe08279804cb0888b118fc4f87243 [CANDIDATE]: Term 15 pre-election: Election decided. Result: candidate won.
I1017 23:33:09.163792 20640 raft_consensus.cc:2840] T 9b4b2dea960941bcb38197b51c55baf4 P 0ecfe08279804cb0888b118fc4f87243: Snoozing failure detection for 2.034s (election complete)
I1017 23:33:09.163792 19646 leader_election.cc:401] T 9b4b2dea960941bcb38197b51c55baf4 P 0ecfe08279804cb0888b118fc4f87243 [CANDIDATE]: Term 15 pre-election: Vote denied by peer 1ad000b8f6704a80bc4330f4e0c41996 (127.18.62.195:55672). Message: Invalid argument: T 9b4b2dea960941bcb38197b51c55baf4 P 1ad000b8f6704a80bc4330f4e0c41996 [term 15 FOLLOWER]: Leader pre-election vote request: Denying vote to candidate 0ecfe08279804cb0888b118fc4f87243 for term 15 because replica has last-logged OpId of term: 14 index: 136, which is greater than that of the candidate, which has last-logged OpId of term: 13 index: 136.
I1017 23:33:09.163930 20640 raft_consensus.cc:2646] T 9b4b2dea960941bcb38197b51c55baf4 P 0ecfe08279804cb0888b118fc4f87243 [term 14 FOLLOWER]: Leader pre-election won for term 15
I1017 23:33:09.164121 20640 raft_consensus.cc:471] T 9b4b2dea960941bcb38197b51c55baf4 P 0ecfe08279804cb0888b118fc4f87243 [term 14 FOLLOWER]: Starting leader election (no leader contacted us within the election timeout)
I1017 23:33:09.164180 20640 raft_consensus.cc:2840] T 9b4b2dea960941bcb38197b51c55baf4 P 0ecfe08279804cb0888b118fc4f87243: Snoozing failure detection for 2.165s (starting election)
I1017 23:33:09.164239 20640 raft_consensus.cc:2892] T 9b4b2dea960941bcb38197b51c55baf4 P 0ecfe08279804cb0888b118fc4f87243 [term 14 FOLLOWER]: Advancing to term 15
I1017 23:33:09.166100 20640 raft_consensus.cc:493] T 9b4b2dea960941bcb38197b51c55baf4 P 0ecfe08279804cb0888b118fc4f87243 [term 15 FOLLOWER]: Starting leader election with config: opid_index: -1 OBSOLETE_local: false peers { permanent_uuid: "0ecfe08279804cb0888b118fc4f87243" member_type: VOTER last_known_addr { host: "127.18.62.193" port: 39726 } } peers { permanent_uuid: "b01d528fd3c74eb5b42b8d4888591ed2" member_type: VOTER last_known_addr { host: "127.18.62.194" port: 38185 } } peers { permanent_uuid: "1ad000b8f6704a80bc4330f4e0c41996" member_type: VOTER last_known_addr { host: "127.18.62.195" port: 55672 } }
I1017 23:33:09.166404 20640 leader_election.cc:251] T 9b4b2dea960941bcb38197b51c55baf4 P 0ecfe08279804cb0888b118fc4f87243 [CANDIDATE]: Term 15 election: Requesting vote from peer b01d528fd3c74eb5b42b8d4888591ed2 (127.18.62.194:38185)
I1017 23:33:09.166661 20640 leader_election.cc:251] T 9b4b2dea960941bcb38197b51c55baf4 P 0ecfe08279804cb0888b118fc4f87243 [CANDIDATE]: Term 15 election: Requesting vote from peer 1ad000b8f6704a80bc4330f4e0c41996 (127.18.62.195:55672) Illegal state: not currently leader
I1017 23:33:09.167325 19839 tablet_service.cc:1001] Received RequestConsensusVote() RPC: tablet_id: "9b4b2dea960941bcb38197b51c55baf4" candidate_uuid: "0ecfe08279804cb0888b118fc4f87243" candidate_term: 15 candidate_status { last_received { term: 13 index: 136 } } ignore_live_leader: false dest_uuid: "b01d528fd3c74eb5b42b8d4888591ed2"
I1017 23:33:09.167598 19839 raft_consensus.cc:2892] T 9b4b2dea960941bcb38197b51c55baf4 P b01d528fd3c74eb5b42b8d4888591ed2 [term 14 FOLLOWER]: Advancing to term 15
I1017 23:33:09.167703 19839 raft_consensus.cc:2840] T 9b4b2dea960941bcb38197b51c55baf4 P b01d528fd3c74eb5b42b8d4888591ed2: Snoozing failure detection for 1.773s (vote granted)
I1017 23:33:09.167896 19960 tablet_service.cc:1001] Received RequestConsensusVote() RPC: tablet_id: "9b4b2dea960941bcb38197b51c55baf4" candidate_uuid: "0ecfe08279804cb0888b118fc4f87243" candidate_term: 15 candidate_status { last_received { term: 13 index: 136 } } ignore_live_leader: false dest_uuid: "1ad000b8f6704a80bc4330f4e0c41996"
I1017 23:33:09.168077 19960 raft_consensus.cc:2299] T 9b4b2dea960941bcb38197b51c55baf4 P 1ad000b8f6704a80bc4330f4e0c41996 [term 15 FOLLOWER]: Leader election vote request: Denying vote to candidate 0ecfe08279804cb0888b118fc4f87243 for term 15 because replica has last-logged OpId of term: 14 index: 136, which is greater than that of the candidate, which has last-logged OpId of term: 13 index: 136.
I1017 23:33:09.168659 19646 leader_election.cc:401] T 9b4b2dea960941bcb38197b51c55baf4 P 0ecfe08279804cb0888b118fc4f87243 [CANDIDATE]: Term 15 election: Vote denied by peer 1ad000b8f6704a80bc4330f4e0c41996 (127.18.62.195:55672). Message: Invalid argument: T 9b4b2dea960941bcb38197b51c55baf4 P 1ad000b8f6704a80bc4330f4e0c41996 [term 15 FOLLOWER]: Leader election vote request: Denying vote to candidate 0ecfe08279804cb0888b118fc4f87243 for term 15 because replica has last-logged OpId of term: 14 index: 136, which is greater than that of the candidate, which has last-logged OpId of term: 13 index: 136.
I1017 23:33:09.169770 19839 raft_consensus.cc:2352] T 9b4b2dea960941bcb38197b51c55baf4 P b01d528fd3c74eb5b42b8d4888591ed2 [term 15 FOLLOWER]: Leader election vote request: Granting yes vote for candidate 0ecfe08279804cb0888b118fc4f87243 in term 15.
I1017 23:33:09.170161 19644 leader_election.cc:387] T 9b4b2dea960941bcb38197b51c55baf4 P 0ecfe08279804cb0888b118fc4f87243 [CANDIDATE]: Term 15 election: Vote granted by peer b01d528fd3c74eb5b42b8d4888591ed2 (127.18.62.194:38185)
I1017 23:33:09.170219 19644 leader_election.cc:278] T 9b4b2dea960941bcb38197b51c55baf4 P 0ecfe08279804cb0888b118fc4f87243 [CANDIDATE]: Term 15 election: Election decided. Result: candidate won.
I1017 23:33:09.170413 20640 raft_consensus.cc:2840] T 9b4b2dea960941bcb38197b51c55baf4 P 0ecfe08279804cb0888b118fc4f87243: Snoozing failure detection for 1.856s (election complete)
I1017 23:33:09.170490 20640 raft_consensus.cc:2646] T 9b4b2dea960941bcb38197b51c55baf4 P 0ecfe08279804cb0888b118fc4f87243 [term 15 FOLLOWER]: Leader election won for term 15
I1017 23:33:09.170835 20640 raft_consensus.cc:666] T 9b4b2dea960941bcb38197b51c55baf4 P 0ecfe08279804cb0888b118fc4f87243 [term 15 LEADER]: Becoming Leader. State: Replica: 0ecfe08279804cb0888b118fc4f87243, State: Running, Role: LEADER
I1017 23:33:09.171114 20640 consensus_queue.cc:206] T 9b4b2dea960941bcb38197b51c55baf4 P 0ecfe08279804cb0888b118fc4f87243 [LEADER]: Queue going to LEADER mode. State: All replicated index: 0, Majority replicated index: 129, Committed index: 129, Last appended: 13.136, Last appended by leader: 136, Current term: 15, Majority size: 2, State: 0, Mode: LEADER, active raft config: opid_index: -1 OBSOLETE_local: false peers { permanent_uuid: "0ecfe08279804cb0888b118fc4f87243" member_type: VOTER last_known_addr { host: "127.18.62.193" port: 39726 } } peers { permanent_uuid: "b01d528fd3c74eb5b42b8d4888591ed2" member_type: VOTER last_known_addr { host: "127.18.62.194" port: 38185 } } peers { permanent_uuid: "1ad000b8f6704a80bc4330f4e0c41996" member_type: VOTER last_known_addr { host: "127.18.62.195" port: 55672 } }
