I1014 19:25:35.947257 24413 sys_catalog.cc:340] T 00000000000000000000000000000000 P d223c42c215145f4ab6ec86b332ac9f1 [sys.catalog]: This master's current role is: FOLLOWER
I1014 19:25:35.952373 24442 sys_catalog.cc:337] T 00000000000000000000000000000000 P c44cdb4edc6148b4a275d1baa06ba98c [sys.catalog]: SysCatalogTable state changed. Reason: Peer health change. Latest consensus state: current_term: 1 leader_uuid: "c44cdb4edc6148b4a275d1baa06ba98c" committed_config { opid_index: -1 OBSOLETE_local: false peers { permanent_uuid: "7c5f29eaf82747b5919e7d5a0bb0e09f" member_type: VOTER last_known_addr { host: "127.20.201.62" port: 41315 } } peers { permanent_uuid: "c44cdb4edc6148b4a275d1baa06ba98c" member_type: VOTER last_known_addr { host: "127.20.201.61" port: 57943 } } peers { permanent_uuid: "d223c42c215145f4ab6ec86b332ac9f1" member_type: VOTER last_known_addr { host: "127.20.201.60" port: 40754 } } }
I1014 19:25:35.953296 24442 sys_catalog.cc:340] T 00000000000000000000000000000000 P c44cdb4edc6148b4a275d1baa06ba98c [sys.catalog]: This master's current role is: LEADER
I1014 19:25:35.953481 24442 sys_catalog.cc:337] T 00000000000000000000000000000000 P c44cdb4edc6148b4a275d1baa06ba98c [sys.catalog]: SysCatalogTable state changed. Reason: Peer health change. Latest consensus state: current_term: 1 leader_uuid: "c44cdb4edc6148b4a275d1baa06ba98c" committed_config { opid_index: -1 OBSOLETE_local: false peers { permanent_uuid: "7c5f29eaf82747b5919e7d5a0bb0e09f" member_type: VOTER last_known_addr { host: "127.20.201.62" port: 41315 } } peers { permanent_uuid: "c44cdb4edc6148b4a275d1baa06ba98c" member_type: VOTER last_known_addr { host: "127.20.201.61" port: 57943 } } peers { permanent_uuid: "d223c42c215145f4ab6ec86b332ac9f1" member_type: VOTER last_known_addr { host: "127.20.201.60" port: 40754 } } }
I1014 19:25:35.957486 24442 sys_catalog.cc:340] T 00000000000000000000000000000000 P c44cdb4edc6148b4a275d1baa06ba98c [sys.catalog]: This master's current role is: LEADER
I1014 19:25:35.958690 24447 catalog_manager.cc:924] Generated new certificate authority record
I1014 19:25:35.959606 24413 sys_catalog.cc:337] T 00000000000000000000000000000000 P d223c42c215145f4ab6ec86b332ac9f1 [sys.catalog]: SysCatalogTable state changed. Reason: Replicated consensus-only round. Latest consensus state: current_term: 1 leader_uuid: "c44cdb4edc6148b4a275d1baa06ba98c" committed_config { opid_index: -1 OBSOLETE_local: false peers { permanent_uuid: "7c5f29eaf82747b5919e7d5a0bb0e09f" member_type: VOTER last_known_addr { host: "127.20.201.62" port: 41315 } } peers { permanent_uuid: "c44cdb4edc6148b4a275d1baa06ba98c" member_type: VOTER last_known_addr { host: "127.20.201.61" port: 57943 } } peers { permanent_uuid: "d223c42c215145f4ab6ec86b332ac9f1" member_type: VOTER last_known_addr { host: "127.20.201.60" port: 40754 } } }
I1014 19:25:35.960639 24413 sys_catalog.cc:340] T 00000000000000000000000000000000 P d223c42c215145f4ab6ec86b332ac9f1 [sys.catalog]: This master's current role is: FOLLOWER
I1014 19:25:35.962988 24447 catalog_manager.cc:1046] Loading token signing keys...
I1014 19:25:35.963179 24432 sys_catalog.cc:337] T 00000000000000000000000000000000 P 7c5f29eaf82747b5919e7d5a0bb0e09f [sys.catalog]: SysCatalogTable state changed. Reason: Replicated consensus-only round. Latest consensus state: current_term: 1 leader_uuid: "c44cdb4edc6148b4a275d1baa06ba98c" committed_config { opid_index: -1 OBSOLETE_local: false peers { permanent_uuid: "7c5f29eaf82747b5919e7d5a0bb0e09f" member_type: VOTER last_known_addr { host: "127.20.201.62" port: 41315 } } peers { permanent_uuid: "c44cdb4edc6148b4a275d1baa06ba98c" member_type: VOTER last_known_addr { host: "127.20.201.61" port: 57943 } } peers { permanent_uuid: "d223c42c215145f4ab6ec86b332ac9f1" member_type: VOTER last_known_addr { host: "127.20.201.60" port: 40754 } } }
I1014 19:25:35.963524 24432 sys_catalog.cc:340] T 00000000000000000000000000000000 P 7c5f29eaf82747b5919e7d5a0bb0e09f [sys.catalog]: This master's current role is: FOLLOWER
I1014 19:25:35.968503 21284 ts_tablet_manager.cc:356] Loaded tablet metadata (0 live tablets)
I1014 19:25:35.973800 24447 catalog_manager.cc:4062] T 00000000000000000000000000000000 P c44cdb4edc6148b4a275d1baa06ba98c: Generated new TSK 0
I1014 19:25:36.056486 21284 rpc_server.cc:205] RPC server started. Bound to: 127.20.201.1:53104
I1014 19:25:36.056850 21284 webserver.cc:175] Starting webserver on 127.20.201.1:0
I1014 19:25:36.056893 21284 webserver.cc:186] Document root disabled
I1014 19:25:36.057648 21284 webserver.cc:313] Webserver started. Bound to: http://127.20.201.1:59497/
I1014 19:25:36.083772 24584 heartbeater.cc:346] Connected to a master server at 127.20.201.62:41315
I1014 19:25:36.083902 24584 heartbeater.cc:426] Registering TS with master...
I1014 19:25:36.084988 24584 heartbeater.cc:475] Master 127.20.201.62:41315 requested a full tablet report, sending...
I1014 19:25:36.086833 24226 ts_manager.cc:98] Registered new tserver with Master: e4b831eed6914352a438481857f878af (127.20.201.1:53104)
I1014 19:25:36.089787 24587 heartbeater.cc:346] Connected to a master server at 127.20.201.60:40754
I1014 19:25:36.089906 24587 heartbeater.cc:426] Registering TS with master...
I1014 19:25:36.090412 24587 heartbeater.cc:475] Master 127.20.201.60:40754 requested a full tablet report, sending...
I1014 19:25:36.091249 24585 heartbeater.cc:346] Connected to a master server at 127.20.201.61:57943
I1014 19:25:36.091361 24585 heartbeater.cc:426] Registering TS with master...
I1014 19:25:36.091657 24350 ts_manager.cc:98] Registered new tserver with Master: e4b831eed6914352a438481857f878af (127.20.201.1:53104)
I1014 19:25:36.091831 24585 heartbeater.cc:475] Master 127.20.201.61:57943 requested a full tablet report, sending...
I1014 19:25:36.092603 24283 ts_manager.cc:98] Registered new tserver with Master: e4b831eed6914352a438481857f878af (127.20.201.1:53104)
I1014 19:25:36.093298 21284 internal_mini_cluster.cc:328] 1 TS(s) registered with all masters after 0.007720847s
I1014 19:25:36.093878 24283 master_service.cc:253] Signed X509 certificate for tserver {username='jenkins'} at 127.20.201.61:55015
I1014 19:25:36.102030 24226 ts_manager.cc:98] Registered new tserver with Master: fake-ts-uuid (localhost:1000)
I1014 19:25:36.106611 24283 ts_manager.cc:98] Registered new tserver with Master: fake-ts-uuid (localhost:1000)
I1014 19:25:36.111855 24350 ts_manager.cc:98] Registered new tserver with Master: fake-ts-uuid (localhost:1000)
I1014 19:25:36.117475 24283 master_service.cc:253] Signed X509 certificate for tserver {username='jenkins'} at 127.20.201.61:55018
I1014 19:25:36.119541 21284 master.cc:249] Master@127.20.201.61:57943 shutting down...
I1014 19:25:36.130290 21284 raft_consensus.cc:2052] T 00000000000000000000000000000000 P c44cdb4edc6148b4a275d1baa06ba98c [term 1 LEADER]: Raft consensus shutting down.
I1014 19:25:36.130375 21284 consensus_peers.cc:455] T 00000000000000000000000000000000 P c44cdb4edc6148b4a275d1baa06ba98c -> Peer d223c42c215145f4ab6ec86b332ac9f1 (127.20.201.60:40754): Closing peer: d223c42c215145f4ab6ec86b332ac9f1
I1014 19:25:36.130463 21284 consensus_peers.cc:455] T 00000000000000000000000000000000 P c44cdb4edc6148b4a275d1baa06ba98c -> Peer 7c5f29eaf82747b5919e7d5a0bb0e09f (127.20.201.62:41315): Closing peer: 7c5f29eaf82747b5919e7d5a0bb0e09f
I1014 19:25:36.130697 21284 raft_consensus.cc:2079] T 00000000000000000000000000000000 P c44cdb4edc6148b4a275d1baa06ba98c [term 1 FOLLOWER]: Raft consensus is shut down!
I1014 19:25:36.130908 21284 tablet_replica.cc:263] T 00000000000000000000000000000000 P c44cdb4edc6148b4a275d1baa06ba98c: stopping tablet replica
I1014 19:25:36.131119 21284 maintenance_manager.cc:237] P c44cdb4edc6148b4a275d1baa06ba98c: Unregistered op CompactRowSetsOp(00000000000000000000000000000000)
I1014 19:25:36.131204 21284 maintenance_manager.cc:237] P c44cdb4edc6148b4a275d1baa06ba98c: Unregistered op MinorDeltaCompactionOp(00000000000000000000000000000000)
I1014 19:25:36.131287 21284 maintenance_manager.cc:237] P c44cdb4edc6148b4a275d1baa06ba98c: Unregistered op MajorDeltaCompactionOp(00000000000000000000000000000000)
I1014 19:25:36.131345 21284 maintenance_manager.cc:237] P c44cdb4edc6148b4a275d1baa06ba98c: Unregistered op UndoDeltaBlockGCOp(00000000000000000000000000000000)
I1014 19:25:36.131420 21284 maintenance_manager.cc:237] P c44cdb4edc6148b4a275d1baa06ba98c: Unregistered op FlushMRSOp(00000000000000000000000000000000)
I1014 19:25:36.131471 21284 maintenance_manager.cc:237] P c44cdb4edc6148b4a275d1baa06ba98c: Unregistered op FlushDeltaMemStoresOp(00000000000000000000000000000000)
I1014 19:25:36.131536 21284 maintenance_manager.cc:237] P c44cdb4edc6148b4a275d1baa06ba98c: Unregistered op LogGCOp(00000000000000000000000000000000)
I1014 19:25:36.136519 21284 master.cc:260] Master@127.20.201.61:57943 shutdown complete.
I1014 19:25:36.846684 24416 catalog_manager.cc:1082] T 00000000000000000000000000000000 P d223c42c215145f4ab6ec86b332ac9f1: acquiring CA information for follower catalog manager: success
I1014 19:25:36.847674 24416 catalog_manager.cc:1110] T 00000000000000000000000000000000 P d223c42c215145f4ab6ec86b332ac9f1: importing token verification keys for follower catalog manager: success; most recent TSK sequence number 0
I1014 19:25:36.886579 24438 catalog_manager.cc:1082] T 00000000000000000000000000000000 P 7c5f29eaf82747b5919e7d5a0bb0e09f: acquiring CA information for follower catalog manager: success
I1014 19:25:36.887502 24438 catalog_manager.cc:1110] T 00000000000000000000000000000000 P 7c5f29eaf82747b5919e7d5a0bb0e09f: importing token verification keys for follower catalog manager: success; most recent TSK sequence number 0
I1014 19:25:37.096010 24585 heartbeater.cc:467] Master 127.20.201.61:57943 was elected leader, sending a full tablet report...
W1014 19:25:37.107388 24585 heartbeater.cc:587] Failed to heartbeat to 127.20.201.61:57943: Network error: Failed to send heartbeat to master: Client connection negotiation failed: client connection to 127.20.201.61:57943: connect: Connection refused (error 111)
I1014 19:25:37.480059 25095 raft_consensus.cc:457] T 00000000000000000000000000000000 P d223c42c215145f4ab6ec86b332ac9f1 [term 1 FOLLOWER]: Starting pre-election (detected failure of leader c44cdb4edc6148b4a275d1baa06ba98c)
I1014 19:25:37.480173 25095 raft_consensus.cc:2743] T 00000000000000000000000000000000 P d223c42c215145f4ab6ec86b332ac9f1: Snoozing failure detection for 1.784s (starting election)
I1014 19:25:37.480312 25095 raft_consensus.cc:479] T 00000000000000000000000000000000 P d223c42c215145f4ab6ec86b332ac9f1 [term 1 FOLLOWER]: Starting pre-election with config: opid_index: -1 OBSOLETE_local: false peers { permanent_uuid: "7c5f29eaf82747b5919e7d5a0bb0e09f" member_type: VOTER last_known_addr { host: "127.20.201.62" port: 41315 } } peers { permanent_uuid: "c44cdb4edc6148b4a275d1baa06ba98c" member_type: VOTER last_known_addr { host: "127.20.201.61" port: 57943 } } peers { permanent_uuid: "d223c42c215145f4ab6ec86b332ac9f1" member_type: VOTER last_known_addr { host: "127.20.201.60" port: 40754 } }
I1014 19:25:37.481045 25095 leader_election.cc:251] T 00000000000000000000000000000000 P d223c42c215145f4ab6ec86b332ac9f1 [CANDIDATE]: Term 2 pre-election: Requesting pre-vote from peer 7c5f29eaf82747b5919e7d5a0bb0e09f (127.20.201.62:41315)
I1014 19:25:37.481498 25095 leader_election.cc:251] T 00000000000000000000000000000000 P d223c42c215145f4ab6ec86b332ac9f1 [CANDIDATE]: Term 2 pre-election: Requesting pre-vote from peer c44cdb4edc6148b4a275d1baa06ba98c (127.20.201.61:57943)
I1014 19:25:37.482095 24235 tablet_service.cc:995] Received RequestConsensusVote() RPC: tablet_id: "00000000000000000000000000000000" candidate_uuid: "d223c42c215145f4ab6ec86b332ac9f1" candidate_term: 2 candidate_status { last_received { term: 1 index: 4 } } ignore_live_leader: false dest_uuid: "7c5f29eaf82747b5919e7d5a0bb0e09f" is_pre_election: true
I1014 19:25:37.482306 24235 raft_consensus.cc:2743] T 00000000000000000000000000000000 P 7c5f29eaf82747b5919e7d5a0bb0e09f: Snoozing failure detection for 1.774s (vote granted)
I1014 19:25:37.482520 24235 raft_consensus.cc:2255] T 00000000000000000000000000000000 P 7c5f29eaf82747b5919e7d5a0bb0e09f [term 1 FOLLOWER]: Leader pre-election vote request: Granting yes vote for candidate d223c42c215145f4ab6ec86b332ac9f1 in term 1.
I1014 19:25:37.483116 25096 raft_consensus.cc:457] T 00000000000000000000000000000000 P 7c5f29eaf82747b5919e7d5a0bb0e09f [term 1 FOLLOWER]: Starting pre-election (detected failure of leader c44cdb4edc6148b4a275d1baa06ba98c)
I1014 19:25:37.483260 25096 raft_consensus.cc:2743] T 00000000000000000000000000000000 P 7c5f29eaf82747b5919e7d5a0bb0e09f: Snoozing failure detection for 1.964s (starting election)
I1014 19:25:37.483436 25096 raft_consensus.cc:479] T 00000000000000000000000000000000 P 7c5f29eaf82747b5919e7d5a0bb0e09f [term 1 FOLLOWER]: Starting pre-election with config: opid_index: -1 OBSOLETE_local: false peers { permanent_uuid: "7c5f29eaf82747b5919e7d5a0bb0e09f" member_type: VOTER last_known_addr { host: "127.20.201.62" port: 41315 } } peers { permanent_uuid: "c44cdb4edc6148b4a275d1baa06ba98c" member_type: VOTER last_known_addr { host: "127.20.201.61" port: 57943 } } peers { permanent_uuid: "d223c42c215145f4ab6ec86b332ac9f1" member_type: VOTER last_known_addr { host: "127.20.201.60" port: 40754 } }
I1014 19:25:37.483928 25096 leader_election.cc:251] T 00000000000000000000000000000000 P 7c5f29eaf82747b5919e7d5a0bb0e09f [CANDIDATE]: Term 2 pre-election: Requesting pre-vote from peer c44cdb4edc6148b4a275d1baa06ba98c (127.20.201.61:57943)
I1014 19:25:37.484161 25096 leader_election.cc:251] T 00000000000000000000000000000000 P 7c5f29eaf82747b5919e7d5a0bb0e09f [CANDIDATE]: Term 2 pre-election: Requesting pre-vote from peer d223c42c215145f4ab6ec86b332ac9f1 (127.20.201.60:40754)
I1014 19:25:37.485100 24325 leader_election.cc:387] T 00000000000000000000000000000000 P d223c42c215145f4ab6ec86b332ac9f1 [CANDIDATE]: Term 2 pre-election: Vote granted by peer 7c5f29eaf82747b5919e7d5a0bb0e09f (127.20.201.62:41315)
I1014 19:25:37.485200 24325 leader_election.cc:278] T 00000000000000000000000000000000 P d223c42c215145f4ab6ec86b332ac9f1 [CANDIDATE]: Term 2 pre-election: Election decided. Result: candidate won.
I1014 19:25:37.485579 25095 raft_consensus.cc:2743] T 00000000000000000000000000000000 P d223c42c215145f4ab6ec86b332ac9f1: Snoozing failure detection for 1.533s (election complete)
I1014 19:25:37.485651 24360 tablet_service.cc:995] Received RequestConsensusVote() RPC: tablet_id: "00000000000000000000000000000000" candidate_uuid: "7c5f29eaf82747b5919e7d5a0bb0e09f" candidate_term: 2 candidate_status { last_received { term: 1 index: 4 } } ignore_live_leader: false dest_uuid: "d223c42c215145f4ab6ec86b332ac9f1" is_pre_election: true
I1014 19:25:37.485738 25095 raft_consensus.cc:2549] T 00000000000000000000000000000000 P d223c42c215145f4ab6ec86b332ac9f1 [term 1 FOLLOWER]: Leader pre-election won for term 2
I1014 19:25:37.485865 24360 raft_consensus.cc:2743] T 00000000000000000000000000000000 P d223c42c215145f4ab6ec86b332ac9f1: Snoozing failure detection for 1.516s (vote granted)
I1014 19:25:37.485975 24360 raft_consensus.cc:2255] T 00000000000000000000000000000000 P d223c42c215145f4ab6ec86b332ac9f1 [term 1 FOLLOWER]: Leader pre-election vote request: Granting yes vote for candidate 7c5f29eaf82747b5919e7d5a0bb0e09f in term 1.
I1014 19:25:37.486178 25095 raft_consensus.cc:457] T 00000000000000000000000000000000 P d223c42c215145f4ab6ec86b332ac9f1 [term 1 FOLLOWER]: Starting leader election (detected failure of leader c44cdb4edc6148b4a275d1baa06ba98c)
W1014 19:25:37.485579 24325 leader_election.cc:307] T 00000000000000000000000000000000 P d223c42c215145f4ab6ec86b332ac9f1 [CANDIDATE]: Term 2 pre-election: RPC error from VoteRequest() call to peer c44cdb4edc6148b4a275d1baa06ba98c (127.20.201.61:57943): Network error: Client connection negotiation failed: client connection to 127.20.201.61:57943: connect: Connection refused (error 111)
I1014 19:25:37.486322 25095 raft_consensus.cc:2743] T 00000000000000000000000000000000 P d223c42c215145f4ab6ec86b332ac9f1: Snoozing failure detection for 1.630s (starting election)
I1014 19:25:37.486572 25095 raft_consensus.cc:2795] T 00000000000000000000000000000000 P d223c42c215145f4ab6ec86b332ac9f1 [term 1 FOLLOWER]: Advancing to term 2
W1014 19:25:37.487964 24208 leader_election.cc:307] T 00000000000000000000000000000000 P 7c5f29eaf82747b5919e7d5a0bb0e09f [CANDIDATE]: Term 2 pre-election: RPC error from VoteRequest() call to peer c44cdb4edc6148b4a275d1baa06ba98c (127.20.201.61:57943): Network error: Client connection negotiation failed: client connection to 127.20.201.61:57943: connect: Connection refused (error 111)
I1014 19:25:37.489205 25095 raft_consensus.cc:479] T 00000000000000000000000000000000 P d223c42c215145f4ab6ec86b332ac9f1 [term 2 FOLLOWER]: Starting leader election with config: opid_index: -1 OBSOLETE_local: false peers { permanent_uuid: "7c5f29eaf82747b5919e7d5a0bb0e09f" member_type: VOTER last_known_addr { host: "127.20.201.62" port: 41315 } } peers { permanent_uuid: "c44cdb4edc6148b4a275d1baa06ba98c" member_type: VOTER last_known_addr { host: "127.20.201.61" port: 57943 } } peers { permanent_uuid: "d223c42c215145f4ab6ec86b332ac9f1" member_type: VOTER last_known_addr { host: "127.20.201.60" port: 40754 } }
I1014 19:25:37.489629 25095 leader_election.cc:251] T 00000000000000000000000000000000 P d223c42c215145f4ab6ec86b332ac9f1 [CANDIDATE]: Term 2 election: Requesting vote from peer 7c5f29eaf82747b5919e7d5a0bb0e09f (127.20.201.62:41315)
I1014 19:25:37.489822 25095 leader_election.cc:251] T 00000000000000000000000000000000 P d223c42c215145f4ab6ec86b332ac9f1 [CANDIDATE]: Term 2 election: Requesting vote from peer c44cdb4edc6148b4a275d1baa06ba98c (127.20.201.61:57943)
I1014 19:25:37.490100 24209 leader_election.cc:387] T 00000000000000000000000000000000 P 7c5f29eaf82747b5919e7d5a0bb0e09f [CANDIDATE]: Term 2 pre-election: Vote granted by peer d223c42c215145f4ab6ec86b332ac9f1 (127.20.201.60:40754)
I1014 19:25:37.490200 24209 leader_election.cc:278] T 00000000000000000000000000000000 P 7c5f29eaf82747b5919e7d5a0bb0e09f [CANDIDATE]: Term 2 pre-election: Election decided. Result: candidate won.
I1014 19:25:37.490198 24235 tablet_service.cc:995] Received RequestConsensusVote() RPC: tablet_id: "00000000000000000000000000000000" candidate_uuid: "d223c42c215145f4ab6ec86b332ac9f1" candidate_term: 2 candidate_status { last_received { term: 1 index: 4 } } ignore_live_leader: false dest_uuid: "7c5f29eaf82747b5919e7d5a0bb0e09f"
I1014 19:25:37.490453 24235 raft_consensus.cc:2795] T 00000000000000000000000000000000 P 7c5f29eaf82747b5919e7d5a0bb0e09f [term 1 FOLLOWER]: Advancing to term 2
I1014 19:25:37.490530 24235 raft_consensus.cc:2743] T 00000000000000000000000000000000 P 7c5f29eaf82747b5919e7d5a0bb0e09f: Snoozing failure detection for 2.243s (vote granted)
I1014 19:25:37.492342 24235 raft_consensus.cc:2255] T 00000000000000000000000000000000 P 7c5f29eaf82747b5919e7d5a0bb0e09f [term 2 FOLLOWER]: Leader election vote request: Granting yes vote for candidate d223c42c215145f4ab6ec86b332ac9f1 in term 2.
I1014 19:25:37.492524 25096 raft_consensus.cc:2743] T 00000000000000000000000000000000 P 7c5f29eaf82747b5919e7d5a0bb0e09f: Snoozing failure detection for 1.811s (election complete)
I1014 19:25:37.492668 25096 raft_consensus.cc:2512] T 00000000000000000000000000000000 P 7c5f29eaf82747b5919e7d5a0bb0e09f [term 2 FOLLOWER]: Leader pre-election decision vote started in defunct term 1: won
I1014 19:25:37.493021 24325 leader_election.cc:387] T 00000000000000000000000000000000 P d223c42c215145f4ab6ec86b332ac9f1 [CANDIDATE]: Term 2 election: Vote granted by peer 7c5f29eaf82747b5919e7d5a0bb0e09f (127.20.201.62:41315)
I1014 19:25:37.493144 24325 leader_election.cc:278] T 00000000000000000000000000000000 P d223c42c215145f4ab6ec86b332ac9f1 [CANDIDATE]: Term 2 election: Election decided. Result: candidate won.
W1014 19:25:37.493394 24325 leader_election.cc:307] T 00000000000000000000000000000000 P d223c42c215145f4ab6ec86b332ac9f1 [CANDIDATE]: Term 2 election: RPC error from VoteRequest() call to peer c44cdb4edc6148b4a275d1baa06ba98c (127.20.201.61:57943): Network error: Client connection negotiation failed: client connection to 127.20.201.61:57943: connect: Connection refused (error 111)
I1014 19:25:37.493394 25095 raft_consensus.cc:2743] T 00000000000000000000000000000000 P d223c42c215145f4ab6ec86b332ac9f1: Snoozing failure detection for 2.148s (election complete)
I1014 19:25:37.493692 25095 raft_consensus.cc:2549] T 00000000000000000000000000000000 P d223c42c215145f4ab6ec86b332ac9f1 [term 2 FOLLOWER]: Leader election won for term 2
I1014 19:25:37.494103 25095 raft_consensus.cc:595] T 00000000000000000000000000000000 P d223c42c215145f4ab6ec86b332ac9f1 [term 2 LEADER]: Becoming Leader. State: Replica: d223c42c215145f4ab6ec86b332ac9f1, State: Running, Role: LEADER
I1014 19:25:37.494480 25095 consensus_queue.cc:205] T 00000000000000000000000000000000 P d223c42c215145f4ab6ec86b332ac9f1 [LEADER]: Queue going to LEADER mode. State: All replicated index: 0, Majority replicated index: 4, Committed index: 4, Last appended: 1.4, Last appended by leader: 4, Current term: 2, Majority size: 2, State: 0, Mode: LEADER, active raft config: opid_index: -1 OBSOLETE_local: false peers { permanent_uuid: "7c5f29eaf82747b5919e7d5a0bb0e09f" member_type: VOTER last_known_addr { host: "127.20.201.62" port: 41315 } } peers { permanent_uuid: "c44cdb4edc6148b4a275d1baa06ba98c" member_type: VOTER last_known_addr { host: "127.20.201.61" port: 57943 } } peers { permanent_uuid: "d223c42c215145f4ab6ec86b332ac9f1" member_type: VOTER last_known_addr { host: "127.20.201.60" port: 40754 } }
I1014 19:25:37.495824 25099 sys_catalog.cc:337] T 00000000000000000000000000000000 P d223c42c215145f4ab6ec86b332ac9f1 [sys.catalog]: SysCatalogTable state changed. Reason: New leader d223c42c215145f4ab6ec86b332ac9f1. Latest consensus state: current_term: 2 leader_uuid: "d223c42c215145f4ab6ec86b332ac9f1" committed_config { opid_index: -1 OBSOLETE_local: false peers { permanent_uuid: "7c5f29eaf82747b5919e7d5a0bb0e09f" member_type: VOTER last_known_addr { host: "127.20.201.62" port: 41315 } } peers { permanent_uuid: "c44cdb4edc6148b4a275d1baa06ba98c" member_type: VOTER last_known_addr { host: "127.20.201.61" port: 57943 } } peers { permanent_uuid: "d223c42c215145f4ab6ec86b332ac9f1" member_type: VOTER last_known_addr { host: "127.20.201.60" port: 40754 } } }
I1014 19:25:37.496057 25099 sys_catalog.cc:340] T 00000000000000000000000000000000 P d223c42c215145f4ab6ec86b332ac9f1 [sys.catalog]: This master's current role is: LEADER
I1014 19:25:37.496683 25101 catalog_manager.cc:1026] Loading table and tablet metadata into memory...
I1014 19:25:37.498888 25101 catalog_manager.cc:1037] Initializing Kudu internal certificate authority...
I1014 19:25:37.500320 25101 catalog_manager.cc:1046] Loading token signing keys...
I1014 19:25:37.501521 25101 catalog_manager.cc:4073] T 00000000000000000000000000000000 P d223c42c215145f4ab6ec86b332ac9f1: Loaded TSK: 0
W1014 19:25:37.505492 24325 consensus_peers.cc:433] T 00000000000000000000000000000000 P d223c42c215145f4ab6ec86b332ac9f1 -> Peer c44cdb4edc6148b4a275d1baa06ba98c (127.20.201.61:57943): Couldn't send request to peer c44cdb4edc6148b4a275d1baa06ba98c for tablet 00000000000000000000000000000000. Status: Network error: Client connection negotiation failed: client connection to 127.20.201.61:57943: connect: Connection refused (error 111). Retrying in the next heartbeat period. Already tried 1 times.
I1014 19:25:37.505776 24235 raft_consensus.cc:1083] T 00000000000000000000000000000000 P 7c5f29eaf82747b5919e7d5a0bb0e09f [term 2 FOLLOWER]: Refusing update from remote peer d223c42c215145f4ab6ec86b332ac9f1: Log matching property violated. Preceding OpId in replica: term: 1 index: 4. Preceding OpId from leader: term: 2 index: 6. (index mismatch)
I1014 19:25:37.506271 25099 consensus_queue.cc:963] T 00000000000000000000000000000000 P d223c42c215145f4ab6ec86b332ac9f1 [LEADER]: Connected to new peer: Peer: permanent_uuid: "7c5f29eaf82747b5919e7d5a0bb0e09f" member_type: VOTER last_known_addr { host: "127.20.201.62" port: 41315 }, Status: LMP_MISMATCH, Last received: 0.0, Next index: 5, Last known committed idx: 4, Time since last communication: 0.000s
I1014 19:25:37.508348 25096 sys_catalog.cc:337] T 00000000000000000000000000000000 P 7c5f29eaf82747b5919e7d5a0bb0e09f [sys.catalog]: SysCatalogTable state changed. Reason: New leader d223c42c215145f4ab6ec86b332ac9f1. Latest consensus state: current_term: 2 leader_uuid: "d223c42c215145f4ab6ec86b332ac9f1" committed_config { opid_index: -1 OBSOLETE_local: false peers { permanent_uuid: "7c5f29eaf82747b5919e7d5a0bb0e09f" member_type: VOTER last_known_addr { host: "127.20.201.62" port: 41315 } } peers { permanent_uuid: "c44cdb4edc6148b4a275d1baa06ba98c" member_type: VOTER last_known_addr { host: "127.20.201.61" port: 57943 } } peers { permanent_uuid: "d223c42c215145f4ab6ec86b332ac9f1" member_type: VOTER last_known_addr { host: "127.20.201.60" port: 40754 } } }
I1014 19:25:37.508692 25096 sys_catalog.cc:340] T 00000000000000000000000000000000 P 7c5f29eaf82747b5919e7d5a0bb0e09f [sys.catalog]: This master's current role is: FOLLOWER
I1014 19:25:37.509809 25099 sys_catalog.cc:337] T 00000000000000000000000000000000 P d223c42c215145f4ab6ec86b332ac9f1 [sys.catalog]: SysCatalogTable state changed. Reason: Peer health change. Latest consensus state: current_term: 2 leader_uuid: "d223c42c215145f4ab6ec86b332ac9f1" committed_config { opid_index: -1 OBSOLETE_local: false peers { permanent_uuid: "7c5f29eaf82747b5919e7d5a0bb0e09f" member_type: VOTER last_known_addr { host: "127.20.201.62" port: 41315 } } peers { permanent_uuid: "c44cdb4edc6148b4a275d1baa06ba98c" member_type: VOTER last_known_addr { host: "127.20.201.61" port: 57943 } } peers { permanent_uuid: "d223c42c215145f4ab6ec86b332ac9f1" member_type: VOTER last_known_addr { host: "127.20.201.60" port: 40754 } } }
I1014 19:25:37.510593 25099 sys_catalog.cc:340] T 00000000000000000000000000000000 P d223c42c215145f4ab6ec86b332ac9f1 [sys.catalog]: This master's current role is: LEADER
I1014 19:25:37.511708 25096 sys_catalog.cc:337] T 00000000000000000000000000000000 P 7c5f29eaf82747b5919e7d5a0bb0e09f [sys.catalog]: SysCatalogTable state changed. Reason: Replicated consensus-only round. Latest consensus state: current_term: 2 leader_uuid: "d223c42c215145f4ab6ec86b332ac9f1" committed_config { opid_index: -1 OBSOLETE_local: false peers { permanent_uuid: "7c5f29eaf82747b5919e7d5a0bb0e09f" member_type: VOTER last_known_addr { host: "127.20.201.62" port: 41315 } } peers { permanent_uuid: "c44cdb4edc6148b4a275d1baa06ba98c" member_type: VOTER last_known_addr { host: "127.20.201.61" port: 57943 } } peers { permanent_uuid: "d223c42c215145f4ab6ec86b332ac9f1" member_type: VOTER last_known_addr { host: "127.20.201.60" port: 40754 } } }
I1014 19:25:37.511926 25096 sys_catalog.cc:340] T 00000000000000000000000000000000 P 7c5f29eaf82747b5919e7d5a0bb0e09f [sys.catalog]: This master's current role is: FOLLOWER
I1014 19:25:37.549309 24226 ts_descriptor.cc:209] Processing retry of TS registration from permanent_uuid: "fake-ts-uuid" instance_seqno: 1
I1014 19:25:37.549434 24226 ts_manager.cc:104] Re-registered known tserver with Master: fake-ts-uuid (localhost:1000)
I1014 19:25:37.550640 24350 ts_descriptor.cc:209] Processing retry of TS registration from permanent_uuid: "fake-ts-uuid" instance_seqno: 1
I1014 19:25:37.550727 24350 ts_manager.cc:104] Re-registered known tserver with Master: fake-ts-uuid (localhost:1000)
I1014 19:25:37.554502 24350 master_service.cc:253] Signed X509 certificate for tserver {username='jenkins'} at 127.20.201.60:53075
I1014 19:25:37.555814 21284 tablet_server.cc:146] TabletServer shutting down...
I1014 19:25:37.568214 21284 ts_tablet_manager.cc:1118] Shutting down tablet manager...
I1014 19:25:37.581106 21284 tablet_server.cc:160] TabletServer shutdown complete.
I1014 19:25:37.581156 21284 tablet_server.cc:146] TabletServer shutting down...
I1014 19:25:37.581318 21284 tablet_server.cc:160] TabletServer shutdown complete.
I1014 19:25:37.583812 21284 master.cc:249] Master@127.20.201.62:41315 shutting down...
I1014 19:25:37.594627 21284 raft_consensus.cc:2052] T 00000000000000000000000000000000 P 7c5f29eaf82747b5919e7d5a0bb0e09f [term 2 FOLLOWER]: Raft consensus shutting down.
I1014 19:25:37.594772 21284 raft_consensus.cc:2079] T 00000000000000000000000000000000 P 7c5f29eaf82747b5919e7d5a0bb0e09f [term 2 FOLLOWER]: Raft consensus is shut down!
I1014 19:25:37.594884 21284 tablet_replica.cc:263] T 00000000000000000000000000000000 P 7c5f29eaf82747b5919e7d5a0bb0e09f: stopping tablet replica
I1014 19:25:37.594970 21284 maintenance_manager.cc:237] P 7c5f29eaf82747b5919e7d5a0bb0e09f: Unregistered op CompactRowSetsOp(00000000000000000000000000000000)
I1014 19:25:37.595062 21284 maintenance_manager.cc:237] P 7c5f29eaf82747b5919e7d5a0bb0e09f: Unregistered op MinorDeltaCompactionOp(00000000000000000000000000000000)
I1014 19:25:37.595125 21284 maintenance_manager.cc:237] P 7c5f29eaf82747b5919e7d5a0bb0e09f: Unregistered op MajorDeltaCompactionOp(00000000000000000000000000000000)
I1014 19:25:37.595185 21284 maintenance_manager.cc:237] P 7c5f29eaf82747b5919e7d5a0bb0e09f: Unregistered op UndoDeltaBlockGCOp(00000000000000000000000000000000)
I1014 19:25:37.595252 21284 maintenance_manager.cc:237] P 7c5f29eaf82747b5919e7d5a0bb0e09f: Unregistered op FlushMRSOp(00000000000000000000000000000000)
I1014 19:25:37.595304 21284 maintenance_manager.cc:237] P 7c5f29eaf82747b5919e7d5a0bb0e09f: Unregistered op FlushDeltaMemStoresOp(00000000000000000000000000000000)
I1014 19:25:37.595351 21284 maintenance_manager.cc:237] P 7c5f29eaf82747b5919e7d5a0bb0e09f: Unregistered op LogGCOp(00000000000000000000000000000000)
I1014 19:25:37.609515 21284 master.cc:260] Master@127.20.201.62:41315 shutdown complete.
I1014 19:25:37.612110 21284 master.cc:249] Master@127.20.201.60:40754 shutting down...
I1014 19:25:37.621506 21284 raft_consensus.cc:2052] T 00000000000000000000000000000000 P d223c42c215145f4ab6ec86b332ac9f1 [term 2 LEADER]: Raft consensus shutting down.
I1014 19:25:37.621575 21284 consensus_peers.cc:455] T 00000000000000000000000000000000 P d223c42c215145f4ab6ec86b332ac9f1 -> Peer c44cdb4edc6148b4a275d1baa06ba98c (127.20.201.61:57943): Closing peer: c44cdb4edc6148b4a275d1baa06ba98c
I1014 19:25:37.621659 21284 consensus_peers.cc:455] T 00000000000000000000000000000000 P d223c42c215145f4ab6ec86b332ac9f1 -> Peer 7c5f29eaf82747b5919e7d5a0bb0e09f (127.20.201.62:41315): Closing peer: 7c5f29eaf82747b5919e7d5a0bb0e09f
I1014 19:25:37.621841 21284 raft_consensus.cc:2079] T 00000000000000000000000000000000 P d223c42c215145f4ab6ec86b332ac9f1 [term 2 FOLLOWER]: Raft consensus is shut down!
I1014 19:25:37.622117 21284 tablet_replica.cc:263] T 00000000000000000000000000000000 P d223c42c215145f4ab6ec86b332ac9f1: stopping tablet replica
I1014 19:25:37.622305 21284 maintenance_manager.cc:237] P d223c42c215145f4ab6ec86b332ac9f1: Unregistered op CompactRowSetsOp(00000000000000000000000000000000)
I1014 19:25:37.622380 21284 maintenance_manager.cc:237] P d223c42c215145f4ab6ec86b332ac9f1: Unregistered op MinorDeltaCompactionOp(00000000000000000000000000000000)
I1014 19:25:37.622462 21284 maintenance_manager.cc:237] P d223c42c215145f4ab6ec86b332ac9f1: Unregistered op MajorDeltaCompactionOp(00000000000000000000000000000000)
I1014 19:25:37.622524 21284 maintenance_manager.cc:237] P d223c42c215145f4ab6ec86b332ac9f1: Unregistered op UndoDeltaBlockGCOp(00000000000000000000000000000000)
I1014 19:25:37.622589 21284 maintenance_manager.cc:237] P d223c42c215145f4ab6ec86b332ac9f1: Unregistered op FlushMRSOp(00000000000000000000000000000000)
I1014 19:25:37.622642 21284 maintenance_manager.cc:237] P d223c42c215145f4ab6ec86b332ac9f1: Unregistered op FlushDeltaMemStoresOp(00000000000000000000000000000000)
I1014 19:25:37.622689 21284 maintenance_manager.cc:237] P d223c42c215145f4ab6ec86b332ac9f1: Unregistered op LogGCOp(00000000000000000000000000000000)
I1014 19:25:37.636134 21284 master.cc:260] Master@127.20.201.60:40754 shutdown complete. [ OK ] MasterCertAuthorityTest.MasterLeaderSignsCSR (2076 ms) [----------] 4 tests from MasterCertAuthorityTest (8409 ms total) [----------] 1 test from SingleMasterConnectToClusterTest [ RUN ] SingleMasterConnectToClusterTest.ConnectToCluster
I1014 19:25:37.644803 21284 external_mini_cluster.cc:845] Running /data/somelongdirectorytoavoidrpathissues/src/kudu/build/asan/bin/kudu-master /data/somelongdirectorytoavoidrpathissues/src/kudu/build/asan/bin/kudu-master --fs_wal_dir=/data/somelongdirectorytoavoidrpathissues/src/kudutest/master_cert_authority-itest.0.SingleMasterConnectToClusterTest.ConnectToCluster.1539570329182132-21284/minicluster-data/master-0/wal --fs_data_dirs=/data/somelongdirectorytoavoidrpathissues/src/kudutest/master_cert_authority-itest.0.SingleMasterConnectToClusterTest.ConnectToCluster.1539570329182132-21284/minicluster-data/master-0/data --block_manager=log --webserver_interface=localhost --ipki_ca_key_size=1024 --tsk_num_rsa_bits=512 --rpc_bind_addresses=127.20.201.62:36022 --webserver_interface=127.20.201.62 --webserver_port=0 --never_fsync --ipki_server_key_size=1024 --enable_minidumps=false --redact=none --metrics_log_interval_ms=1000 --logtostderr --logbuflevel=-1 --log_dir=/data/somelongdirectorytoavoidrpathissues/src/kudutest/master_cert_authority-itest.0.SingleMasterConnectToClusterTest.ConnectToCluster.1539570329182132-21284/minicluster-data/master-0/logs --server_dump_info_path=/data/somelongdirectorytoavoidrpathissues/src/kudutest/master_cert_authority-itest.0.SingleMasterConnectToClusterTest.ConnectToCluster.1539570329182132-21284/minicluster-data/master-0/data/info.pb --server_dump_info_format=pb --rpc_server_allow_ephemeral_ports --unlock_experimental_flags --unlock_unsafe_flags --catalog_manager_inject_latency_load_ca_info_ms=2500 --rpc_reuseport=true with env {} WARNING: Logging before InitGoogleLogging() is written to STDERR
W1014 19:25:37.854739 25118 flags.cc:406] Enabled unsafe flag: --catalog_manager_inject_latency_load_ca_info_ms=2500
W1014 19:25:37.854957 25118 flags.cc:406] Enabled unsafe flag: --rpc_server_allow_ephemeral_ports=true
W1014 19:25:37.855049 25118 flags.cc:406] Enabled unsafe flag: --never_fsync=true
W1014 19:25:37.857461 25118 flags.cc:406] Enabled experimental flag: --ipki_ca_key_size=1024
W1014 19:25:37.857547 25118 flags.cc:406] Enabled experimental flag: --ipki_server_key_size=1024
W1014 19:25:37.857594 25118 flags.cc:406] Enabled experimental flag: --tsk_num_rsa_bits=512
W1014 19:25:37.857655 25118 flags.cc:406] Enabled experimental flag: --rpc_reuseport=true
I1014 19:25:37.862093 25118 master_main.cc:73] Master server non-default flags: --fs_data_dirs=/data/somelongdirectorytoavoidrpathissues/src/kudutest/master_cert_authority-itest.0.SingleMasterConnectToClusterTest.ConnectToCluster.1539570329182132-21284/minicluster-data/master-0/data --fs_wal_dir=/data/somelongdirectorytoavoidrpathissues/src/kudutest/master_cert_authority-itest.0.SingleMasterConnectToClusterTest.ConnectToCluster.1539570329182132-21284/minicluster-data/master-0/wal --catalog_manager_inject_latency_load_ca_info_ms=2500 --ipki_ca_key_size=1024 --ipki_server_key_size=1024 --tsk_num_rsa_bits=512 --rpc_bind_addresses=127.20.201.62:36022 --rpc_reuseport=true --rpc_server_allow_ephemeral_ports=true --metrics_log_interval_ms=1000 --server_dump_info_format=pb --server_dump_info_path=/data/somelongdirectorytoavoidrpathissues/src/kudutest/master_cert_authority-itest.0.SingleMasterConnectToClusterTest.ConnectToCluster.1539570329182132-21284/minicluster-data/master-0/data/info.pb --webserver_interface=127.20.201.62 --webserver_port=0 --never_fsync=true --redact=none --unlock_experimental_flags=true --unlock_unsafe_flags=true --enable_minidumps=false --log_dir=/data/somelongdirectorytoavoidrpathissues/src/kudutest/master_cert_authority-itest.0.SingleMasterConnectToClusterTest.ConnectToCluster.1539570329182132-21284/minicluster-data/master-0/logs --logbuflevel=-1 --logtostderr=true Master server version: kudu 1.9.0-SNAPSHOT revision 5894af6ff12291ffab2d3304b34f77fe6d112771 build type FASTDEBUG built by jenkins at 14 Oct 2018 18:30:25 PST on quasar-ixxjpd-1.vpc.cloudera.com build id 163349 ASAN enabled
I1014 19:25:37.867985 25118 master_main.cc:80] Initializing master server...
I1014 19:25:37.868777 25118 system_ntp.cc:199] NTP initialized. Skew: 500ppm Current error: 421078us
I1014 19:25:37.869925 25118 fs_manager.cc:263] Metadata directory not provided
I1014 19:25:37.870003 25118 fs_manager.cc:269] Using write-ahead log directory (fs_wal_dir) as metadata directory
I1014 19:25:37.870267 25118 server_base.cc:432] Could not load existing FS layout: Not found: could not find a healthy instance file
I1014 19:25:37.870345 25118 server_base.cc:433] Attempting to create new FS layout instead
I1014 19:25:37.872864 25118 fs_manager.cc:602] Generated new instance metadata in path /data/somelongdirectorytoavoidrpathissues/src/kudutest/master_cert_authority-itest.0.SingleMasterConnectToClusterTest.ConnectToCluster.1539570329182132-21284/minicluster-data/master-0/data/instance: uuid: "f000641d996c4cdba3b4481a74eda150" format_stamp: "Formatted at 2018-10-15 02:25:37 on quasar-ixxjpd-1.vpc.cloudera.com"
I1014 19:25:37.873438 25118 fs_manager.cc:602] Generated new instance metadata in path /data/somelongdirectorytoavoidrpathissues/src/kudutest/master_cert_authority-itest.0.SingleMasterConnectToClusterTest.ConnectToCluster.1539570329182132-21284/minicluster-data/master-0/wal/instance: uuid: "f000641d996c4cdba3b4481a74eda150" format_stamp: "Formatted at 2018-10-15 02:25:37 on quasar-ixxjpd-1.vpc.cloudera.com"
I1014 19:25:37.881268 25118 fs_manager.cc:503] Time spent creating directory manager: real 0.007s user 0.004s sys 0.001s
I1014 19:25:37.882272 25118 env_posix.cc:1676] Not raising this process' open files per process limit of 32768; it is already as high as it can go
I1014 19:25:37.882791 25118 file_cache.cc:466] Constructed file cache lbm with capacity 13107
I1014 19:25:37.886330 25118 fs_manager.cc:419] Time spent opening block manager: real 0.002s user 0.001s sys 0.001s
I1014 19:25:37.886390 25118 fs_manager.cc:436] Opened local filesystem: /data/somelongdirectorytoavoidrpathissues/src/kudutest/master_cert_authority-itest.0.SingleMasterConnectToClusterTest.ConnectToCluster.1539570329182132-21284/minicluster-data/master-0/data,/data/somelongdirectorytoavoidrpathissues/src/kudutest/master_cert_authority-itest.0.SingleMasterConnectToClusterTest.ConnectToCluster.1539570329182132-21284/minicluster-data/master-0/wal uuid: "f000641d996c4cdba3b4481a74eda150" format_stamp: "Formatted at 2018-10-15 02:25:37 on quasar-ixxjpd-1.vpc.cloudera.com"
I1014 19:25:37.886579 25118 fs_report.cc:352] FS layout report -------------------- wal directory: /data/somelongdirectorytoavoidrpathissues/src/kudutest/master_cert_authority-itest.0.SingleMasterConnectToClusterTest.ConnectToCluster.1539570329182132-21284/minicluster-data/master-0/wal metadata directory: /data/somelongdirectorytoavoidrpathissues/src/kudutest/master_cert_authority-itest.0.SingleMasterConnectToClusterTest.ConnectToCluster.1539570329182132-21284/minicluster-data/master-0/wal 1 data directories: /data/somelongdirectorytoavoidrpathissues/src/kudutest/master_cert_authority-itest.0.SingleMasterConnectToClusterTest.ConnectToCluster.1539570329182132-21284/minicluster-data/master-0/data/data Total live blocks: 0 Total live bytes: 0 Total live bytes (after alignment): 0 Total number of LBM containers: 0 (0 full) Did not check for missing blocks Did not check for orphaned blocks Total full LBM containers with extra space: 0 (0 repaired) Total full LBM container extra space in bytes: 0 (0 repaired) Total incomplete LBM containers: 0 (0 repaired) Total LBM partial records: 0 (0 repaired)
I1014 19:25:37.947598 25118 env_posix.cc:1676] Not raising this process' running threads per effective uid limit of 65536; it is already as high as it can go
I1014 19:25:37.948674 25118 master_main.cc:83] Starting Master server...
I1014 19:25:37.990677 25118 rpc_server.cc:205] RPC server started. Bound to: 127.20.201.62:36022
I1014 19:25:37.991173 25118 webserver.cc:175] Starting webserver on 127.20.201.62:0
I1014 19:25:37.991214 25118 webserver.cc:186] Document root disabled
I1014 19:25:37.991978 25118 webserver.cc:313] Webserver started. Bound to: http://127.20.201.62:37705/
I1014 19:25:37.992756 25118 server_base.cc:607] Dumped server information to /data/somelongdirectorytoavoidrpathissues/src/kudutest/master_cert_authority-itest.0.SingleMasterConnectToClusterTest.ConnectToCluster.1539570329182132-21284/minicluster-data/master-0/data/info.pb
I1014 19:25:37.997463 21284 external_mini_cluster.cc:907] Started /data/somelongdirectorytoavoidrpathissues/src/kudu/build/asan/bin/kudu-master as pid 25118
I1014 19:25:37.998447 21284 external_mini_cluster.cc:845] Running /data/somelongdirectorytoavoidrpathissues/src/kudu/build/asan/bin/kudu-tserver /data/somelongdirectorytoavoidrpathissues/src/kudu/build/asan/bin/kudu-tserver --fs_wal_dir=/data/somelongdirectorytoavoidrpathissues/src/kudutest/master_cert_authority-itest.0.SingleMasterConnectToClusterTest.ConnectToCluster.1539570329182132-21284/minicluster-data/ts-0/wal --fs_data_dirs=/data/somelongdirectorytoavoidrpathissues/src/kudutest/master_cert_authority-itest.0.SingleMasterConnectToClusterTest.ConnectToCluster.1539570329182132-21284/minicluster-data/ts-0/data --block_manager=log --rpc_bind_addresses=127.20.201.1:0 --local_ip_for_outbound_sockets=127.20.201.1 --webserver_interface=127.20.201.1 --webserver_port=0 --tserver_master_addrs=127.20.201.62:36022 --never_fsync --ipki_server_key_size=1024 --enable_minidumps=false --redact=none --metrics_log_interval_ms=1000 --logtostderr --logbuflevel=-1 --log_dir=/data/somelongdirectorytoavoidrpathissues/src/kudutest/master_cert_authority-itest.0.SingleMasterConnectToClusterTest.ConnectToCluster.1539570329182132-21284/minicluster-data/ts-0/logs --server_dump_info_path=/data/somelongdirectorytoavoidrpathissues/src/kudutest/master_cert_authority-itest.0.SingleMasterConnectToClusterTest.ConnectToCluster.1539570329182132-21284/minicluster-data/ts-0/data/info.pb --server_dump_info_format=pb --rpc_server_allow_ephemeral_ports --unlock_experimental_flags --unlock_unsafe_flags with env {}
I1014 19:25:38.000787 25324 data_dirs.cc:938] Could only allocate 1 dirs of requested 3 for tablet 00000000000000000000000000000000. 1 dirs total, 0 dirs full, 0 dirs failed
I1014 19:25:38.013209 25324 tablet_bootstrap.cc:438] T 00000000000000000000000000000000 P f000641d996c4cdba3b4481a74eda150: Bootstrap starting.
I1014 19:25:38.016106 25324 tablet_bootstrap.cc:592] T 00000000000000000000000000000000 P f000641d996c4cdba3b4481a74eda150: No blocks or log segments found. Creating new log.
I1014 19:25:38.017236 25324 log.cc:525] T 00000000000000000000000000000000 P f000641d996c4cdba3b4481a74eda150: Log is configured to *not* fsync() on all Append() calls
I1014 19:25:38.024127 25324 tablet_bootstrap.cc:438] T 00000000000000000000000000000000 P f000641d996c4cdba3b4481a74eda150: No bootstrap required, opened a new log
I1014 19:25:38.034338 25324 raft_consensus.cc:325] T 00000000000000000000000000000000 P f000641d996c4cdba3b4481a74eda150 [term 0 FOLLOWER]: Replica starting. Triggering 0 pending transactions. Active config: opid_index: -1 OBSOLETE_local: true peers { permanent_uuid: "f000641d996c4cdba3b4481a74eda150" member_type: VOTER }
I1014 19:25:38.034651 25324 raft_consensus.cc:351] T 00000000000000000000000000000000 P f000641d996c4cdba3b4481a74eda150 [term 0 FOLLOWER]: Consensus starting up: Expiring failure detector timer to make a prompt election more likely
I1014 19:25:38.034730 25324 raft_consensus.cc:630] T 00000000000000000000000000000000 P f000641d996c4cdba3b4481a74eda150 [term 0 FOLLOWER]: Becoming Follower/Learner. State: Replica: f000641d996c4cdba3b4481a74eda150, State: Initialized, Role: FOLLOWER
I1014 19:25:38.035478 25324 consensus_queue.cc:228] T 00000000000000000000000000000000 P f000641d996c4cdba3b4481a74eda150 [NON_LEADER]: Queue going to NON_LEADER mode. State: All replicated index: 0, Majority replicated index: 0, Committed index: 0, Last appended: 0.0, Last appended by leader: 0, Current term: 0, Majority size: -1, State: 0, Mode: NON_LEADER, active raft config: opid_index: -1 OBSOLETE_local: true peers { permanent_uuid: "f000641d996c4cdba3b4481a74eda150" member_type: VOTER }
I1014 19:25:38.035696 25324 raft_consensus.cc:365] T 00000000000000000000000000000000 P f000641d996c4cdba3b4481a74eda150 [term 0 FOLLOWER]: Only one voter in the Raft config. Triggering election immediately
I1014 19:25:38.035800 25324 raft_consensus.cc:457] T 00000000000000000000000000000000 P f000641d996c4cdba3b4481a74eda150 [term 0 FOLLOWER]: Starting leader election (initial election of a single-replica configuration)
I1014 19:25:38.035898 25324 raft_consensus.cc:2743] T 00000000000000000000000000000000 P f000641d996c4cdba3b4481a74eda150: Snoozing failure detection for 1.520s (starting election)
I1014 19:25:38.036025 25324 raft_consensus.cc:2795] T 00000000000000000000000000000000 P f000641d996c4cdba3b4481a74eda150 [term 0 FOLLOWER]: Advancing to term 1
I1014 19:25:38.038717 25324 raft_consensus.cc:479] T 00000000000000000000000000000000 P f000641d996c4cdba3b4481a74eda150 [term 1 FOLLOWER]: Starting leader election with config: opid_index: -1 OBSOLETE_local: true peers { permanent_uuid: "f000641d996c4cdba3b4481a74eda150" member_type: VOTER }
I1014 19:25:38.039275 25324 leader_election.cc:278] T 00000000000000000000000000000000 P f000641d996c4cdba3b4481a74eda150 [CANDIDATE]: Term 1 election: Election decided. Result: candidate won.
I1014 19:25:38.044947 25347 raft_consensus.cc:2743] T 00000000000000000000000000000000 P f000641d996c4cdba3b4481a74eda150: Snoozing failure detection for 2.111s (election complete)
I1014 19:25:38.045115 25347 raft_consensus.cc:2549] T 00000000000000000000000000000000 P f000641d996c4cdba3b4481a74eda150 [term 1 FOLLOWER]: Leader election won for term 1
I1014 19:25:38.046344 25347 raft_consensus.cc:595] T 00000000000000000000000000000000 P f000641d996c4cdba3b4481a74eda150 [term 1 LEADER]: Becoming Leader. State: Replica: f000641d996c4cdba3b4481a74eda150, State: Running, Role: LEADER
I1014 19:25:38.047082 25347 consensus_queue.cc:205] T 00000000000000000000000000000000 P f000641d996c4cdba3b4481a74eda150 [LEADER]: Queue going to LEADER mode. State: All replicated index: 0, Majority replicated index: 0, Committed index: 0, Last appended: 0.0, Last appended by leader: 0, Current term: 1, Majority size: 1, State: 0, Mode: LEADER, active raft config: opid_index: -1 OBSOLETE_local: true peers { permanent_uuid: "f000641d996c4cdba3b4481a74eda150" member_type: VOTER }
I1014 19:25:38.051246 25347 sys_catalog.cc:337] T 00000000000000000000000000000000 P f000641d996c4cdba3b4481a74eda150 [sys.catalog]: SysCatalogTable state changed. Reason: RaftConsensus started. Latest consensus state: current_term: 1 leader_uuid: "f000641d996c4cdba3b4481a74eda150" committed_config { opid_index: -1 OBSOLETE_local: true peers { permanent_uuid: "f000641d996c4cdba3b4481a74eda150" member_type: VOTER } }
I1014 19:25:38.051574 25352 sys_catalog.cc:337] T 00000000000000000000000000000000 P f000641d996c4cdba3b4481a74eda150 [sys.catalog]: SysCatalogTable state changed. Reason: New leader f000641d996c4cdba3b4481a74eda150. Latest consensus state: current_term: 1 leader_uuid: "f000641d996c4cdba3b4481a74eda150" committed_config { opid_index: -1 OBSOLETE_local: true peers { permanent_uuid: "f000641d996c4cdba3b4481a74eda150" member_type: VOTER } }
I1014 19:25:38.051935 25347 sys_catalog.cc:340] T 00000000000000000000000000000000 P f000641d996c4cdba3b4481a74eda150 [sys.catalog]: This master's current role is: LEADER
I1014 19:25:38.051981 25352 sys_catalog.cc:340] T 00000000000000000000000000000000 P f000641d996c4cdba3b4481a74eda150 [sys.catalog]: This master's current role is: LEADER
I1014 19:25:38.055150 25324 sys_catalog.cc:337] T 00000000000000000000000000000000 P f000641d996c4cdba3b4481a74eda150 [sys.catalog]: SysCatalogTable state changed. Reason: Started TabletReplica. Latest consensus state: current_term: 1 leader_uuid: "f000641d996c4cdba3b4481a74eda150" committed_config { opid_index: -1 OBSOLETE_local: true peers { permanent_uuid: "f000641d996c4cdba3b4481a74eda150" member_type: VOTER } }
I1014 19:25:38.055387 25324 sys_catalog.cc:340] T 00000000000000000000000000000000 P f000641d996c4cdba3b4481a74eda150 [sys.catalog]: This master's current role is: LEADER
I1014 19:25:38.058004 25324 sys_catalog.cc:424] T 00000000000000000000000000000000 P f000641d996c4cdba3b4481a74eda150 [sys.catalog]: configured and running, proceeding with master startup.
I1014 19:25:38.060649 25118 master_main.cc:86] Master server successfully started.
W1014 19:25:38.061096 25362 fault_injection.cc:41] FAULT INJECTION ENABLED!
W1014 19:25:38.061189 25362 fault_injection.cc:42] THIS SERVER MAY CRASH! WARNING: Logging before InitGoogleLogging() is written to STDERR
W1014 19:25:38.198891 25330 flags.cc:406] Enabled unsafe flag: --rpc_server_allow_ephemeral_ports=true
W1014 19:25:38.199282 25330 flags.cc:406] Enabled unsafe flag: --never_fsync=true
W1014 19:25:38.201750 25330 flags.cc:406] Enabled experimental flag: --ipki_server_key_size=1024
W1014 19:25:38.201892 25330 flags.cc:406] Enabled experimental flag: --local_ip_for_outbound_sockets=127.20.201.1
