I1014 19:25:49.909715 29010 tablet_service.cc:995] Received RequestConsensusVote() RPC: tablet_id: "00000000000000000000000000000000" candidate_uuid: "88e69d68a7914bf48d802a2f2e500b71" candidate_term: 32 candidate_status { last_received { term: 31 index: 22 } } ignore_live_leader: false dest_uuid: "4043e04130264237805f012d8e251bd4"
I1014 19:25:49.909713 28825 tablet_service.cc:995] Received RequestConsensusVote() RPC: tablet_id: "00000000000000000000000000000000" candidate_uuid: "88e69d68a7914bf48d802a2f2e500b71" candidate_term: 32 candidate_status { last_received { term: 31 index: 22 } } ignore_live_leader: false dest_uuid: "cbc42c7d5db44e00883549e254bdd22e"
I1014 19:25:49.909945 29010 raft_consensus.cc:2216] T 00000000000000000000000000000000 P 4043e04130264237805f012d8e251bd4 [term 31 FOLLOWER]: Leader election vote request: Denying vote to candidate 88e69d68a7914bf48d802a2f2e500b71 for term 32 because replica is either leader or believes a valid leader to be alive.
I1014 19:25:49.909945 28825 raft_consensus.cc:2216] T 00000000000000000000000000000000 P cbc42c7d5db44e00883549e254bdd22e [term 31 LEADER]: Leader election vote request: Denying vote to candidate 88e69d68a7914bf48d802a2f2e500b71 for term 32 because replica is either leader or believes a valid leader to be alive.
I1014 19:25:49.910271 28600 leader_election.cc:401] T 00000000000000000000000000000000 P 88e69d68a7914bf48d802a2f2e500b71 [CANDIDATE]: Term 32 election: Vote denied by peer cbc42c7d5db44e00883549e254bdd22e (127.20.201.61:59248). Message: Invalid argument: T 00000000000000000000000000000000 P cbc42c7d5db44e00883549e254bdd22e [term 31 LEADER]: Leader election vote request: Denying vote to candidate 88e69d68a7914bf48d802a2f2e500b71 for term 32 because replica is either leader or believes a valid leader to be alive.
I1014 19:25:49.910454 28594 leader_election.cc:401] T 00000000000000000000000000000000 P 88e69d68a7914bf48d802a2f2e500b71 [CANDIDATE]: Term 32 election: Vote denied by peer 4043e04130264237805f012d8e251bd4 (127.20.201.60:53788). Message: Invalid argument: T 00000000000000000000000000000000 P 4043e04130264237805f012d8e251bd4 [term 31 FOLLOWER]: Leader election vote request: Denying vote to candidate 88e69d68a7914bf48d802a2f2e500b71 for term 32 because replica is either leader or believes a valid leader to be alive.
I1014 19:25:49.910526 28594 leader_election.cc:278] T 00000000000000000000000000000000 P 88e69d68a7914bf48d802a2f2e500b71 [CANDIDATE]: Term 32 election: Election decided. Result: candidate lost.
I1014 19:25:49.910729 29177 raft_consensus.cc:2743] T 00000000000000000000000000000000 P 88e69d68a7914bf48d802a2f2e500b71: Snoozing failure detection for 0.125s (election complete)
I1014 19:25:49.910840 29177 raft_consensus.cc:2497] T 00000000000000000000000000000000 P 88e69d68a7914bf48d802a2f2e500b71 [term 32 FOLLOWER]: Leader election lost for term 32. Reason: could not achieve majority
I1014 19:25:49.924226 28640 raft_consensus.cc:1051] T 00000000000000000000000000000000 P 88e69d68a7914bf48d802a2f2e500b71 [term 32 FOLLOWER]: Rejecting Update request from peer cbc42c7d5db44e00883549e254bdd22e for earlier term 31. Current term is 32. Ops: []
I1014 19:25:49.924768 31033 consensus_queue.cc:974] T 00000000000000000000000000000000 P cbc42c7d5db44e00883549e254bdd22e [LEADER]: Peer responded invalid term: Peer: permanent_uuid: "88e69d68a7914bf48d802a2f2e500b71" member_type: VOTER last_known_addr { host: "127.20.201.62" port: 56252 }, Status: INVALID_TERM, Last received: 31.22, Next index: 23, Last known committed idx: 22, Time since last communication: 0.000s
I1014 19:25:49.925094 31010 raft_consensus.cc:2790] T 00000000000000000000000000000000 P cbc42c7d5db44e00883549e254bdd22e [term 31 LEADER]: Stepping down as leader of term 31
I1014 19:25:49.925155 31010 raft_consensus.cc:630] T 00000000000000000000000000000000 P cbc42c7d5db44e00883549e254bdd22e [term 31 LEADER]: Becoming Follower/Learner. State: Replica: cbc42c7d5db44e00883549e254bdd22e, State: Running, Role: LEADER
I1014 19:25:49.925361 31010 consensus_queue.cc:228] T 00000000000000000000000000000000 P cbc42c7d5db44e00883549e254bdd22e [NON_LEADER]: Queue going to NON_LEADER mode. State: All replicated index: 0, Majority replicated index: 22, Committed index: 22, Last appended: 31.22, Last appended by leader: 22, Current term: 31, Majority size: -1, State: 0, Mode: NON_LEADER, active raft config: opid_index: -1 OBSOLETE_local: false peers { permanent_uuid: "88e69d68a7914bf48d802a2f2e500b71" member_type: VOTER last_known_addr { host: "127.20.201.62" port: 56252 } } peers { permanent_uuid: "cbc42c7d5db44e00883549e254bdd22e" member_type: VOTER last_known_addr { host: "127.20.201.61" port: 59248 } } peers { permanent_uuid: "4043e04130264237805f012d8e251bd4" member_type: VOTER last_known_addr { host: "127.20.201.60" port: 53788 } }
I1014 19:25:49.925554 31010 consensus_peers.cc:455] T 00000000000000000000000000000000 P cbc42c7d5db44e00883549e254bdd22e -> Peer 4043e04130264237805f012d8e251bd4 (127.20.201.60:53788): Closing peer: 4043e04130264237805f012d8e251bd4
I1014 19:25:49.925601 31010 consensus_peers.cc:455] T 00000000000000000000000000000000 P cbc42c7d5db44e00883549e254bdd22e -> Peer 88e69d68a7914bf48d802a2f2e500b71 (127.20.201.62:56252): Closing peer: 88e69d68a7914bf48d802a2f2e500b71
I1014 19:25:49.925734 31010 raft_consensus.cc:2795] T 00000000000000000000000000000000 P cbc42c7d5db44e00883549e254bdd22e [term 31 FOLLOWER]: Advancing to term 32
W1014 19:25:49.988273 29055 catalog_manager.cc:1038] Time spent T 00000000000000000000000000000000 P 88e69d68a7914bf48d802a2f2e500b71: Initializing Kudu internal certificate authority: real 1.912s user 0.001s sys 0.001s
I1014 19:25:49.988344 29055 catalog_manager.cc:1046] Loading token signing keys...
I1014 19:25:49.988564 29621 raft_consensus.cc:457] T 00000000000000000000000000000000 P 4043e04130264237805f012d8e251bd4 [term 31 FOLLOWER]: Starting leader election (detected failure of leader cbc42c7d5db44e00883549e254bdd22e)
I1014 19:25:49.988654 29621 raft_consensus.cc:2743] T 00000000000000000000000000000000 P 4043e04130264237805f012d8e251bd4: Snoozing failure detection for 0.124s (starting election)
I1014 19:25:49.988729 29621 raft_consensus.cc:2795] T 00000000000000000000000000000000 P 4043e04130264237805f012d8e251bd4 [term 31 FOLLOWER]: Advancing to term 32
I1014 19:25:49.989374 29055 catalog_manager.cc:4073] T 00000000000000000000000000000000 P 88e69d68a7914bf48d802a2f2e500b71: Loaded TSK: 0
I1014 19:25:49.990703 29055 catalog_manager.cc:1011] Loading token signing keys failed; change in term detected: 19 vs 32: Illegal state: Replica 88e69d68a7914bf48d802a2f2e500b71 is not leader of this config. Role: FOLLOWER. Consensus state: current_term: 32 committed_config { opid_index: -1 OBSOLETE_local: false peers { permanent_uuid: "88e69d68a7914bf48d802a2f2e500b71" member_type: VOTER last_known_addr { host: "127.20.201.62" port: 56252 } } peers { permanent_uuid: "cbc42c7d5db44e00883549e254bdd22e" member_type: VOTER last_known_addr { host: "127.20.201.61" port: 59248 } } peers { permanent_uuid: "4043e04130264237805f012d8e251bd4" member_type: VOTER last_known_addr { host: "127.20.201.60" port: 53788 } } }
W1014 19:25:49.990993 29055 catalog_manager.cc:960] Failed waiting for node to catch up after master election: Illegal state: Node 88e69d68a7914bf48d802a2f2e500b71 not leader. Raft Consensus state: current_term: 32 committed_config { opid_index: -1 OBSOLETE_local: false peers { permanent_uuid: "88e69d68a7914bf48d802a2f2e500b71" member_type: VOTER last_known_addr { host: "127.20.201.62" port: 56252 } } peers { permanent_uuid: "cbc42c7d5db44e00883549e254bdd22e" member_type: VOTER last_known_addr { host: "127.20.201.61" port: 59248 } } peers { permanent_uuid: "4043e04130264237805f012d8e251bd4" member_type: VOTER last_known_addr { host: "127.20.201.60" port: 53788 } } }
I1014 19:25:49.991062 29621 raft_consensus.cc:479] T 00000000000000000000000000000000 P 4043e04130264237805f012d8e251bd4 [term 32 FOLLOWER]: Starting leader election with config: opid_index: -1 OBSOLETE_local: false peers { permanent_uuid: "88e69d68a7914bf48d802a2f2e500b71" member_type: VOTER last_known_addr { host: "127.20.201.62" port: 56252 } } peers { permanent_uuid: "cbc42c7d5db44e00883549e254bdd22e" member_type: VOTER last_known_addr { host: "127.20.201.61" port: 59248 } } peers { permanent_uuid: "4043e04130264237805f012d8e251bd4" member_type: VOTER last_known_addr { host: "127.20.201.60" port: 53788 } }
W1014 19:25:49.991232 29055 catalog_manager.cc:960] Failed waiting for node to catch up after master election: Illegal state: Node 88e69d68a7914bf48d802a2f2e500b71 not leader. Raft Consensus state: current_term: 32 committed_config { opid_index: -1 OBSOLETE_local: false peers { permanent_uuid: "88e69d68a7914bf48d802a2f2e500b71" member_type: VOTER last_known_addr { host: "127.20.201.62" port: 56252 } } peers { permanent_uuid: "cbc42c7d5db44e00883549e254bdd22e" member_type: VOTER last_known_addr { host: "127.20.201.61" port: 59248 } } peers { permanent_uuid: "4043e04130264237805f012d8e251bd4" member_type: VOTER last_known_addr { host: "127.20.201.60" port: 53788 } } }
W1014 19:25:49.991502 29055 catalog_manager.cc:960] Failed waiting for node to catch up after master election: Illegal state: Node 88e69d68a7914bf48d802a2f2e500b71 not leader. Raft Consensus state: current_term: 32 committed_config { opid_index: -1 OBSOLETE_local: false peers { permanent_uuid: "88e69d68a7914bf48d802a2f2e500b71" member_type: VOTER last_known_addr { host: "127.20.201.62" port: 56252 } } peers { permanent_uuid: "cbc42c7d5db44e00883549e254bdd22e" member_type: VOTER last_known_addr { host: "127.20.201.61" port: 59248 } } peers { permanent_uuid: "4043e04130264237805f012d8e251bd4" member_type: VOTER last_known_addr { host: "127.20.201.60" port: 53788 } } }
I1014 19:25:49.991634 29621 leader_election.cc:251] T 00000000000000000000000000000000 P 4043e04130264237805f012d8e251bd4 [CANDIDATE]: Term 32 election: Requesting vote from peer 88e69d68a7914bf48d802a2f2e500b71 (127.20.201.62:56252)
W1014 19:25:49.991739 29055 catalog_manager.cc:960] Failed waiting for node to catch up after master election: Illegal state: Node 88e69d68a7914bf48d802a2f2e500b71 not leader. Raft Consensus state: current_term: 32 committed_config { opid_index: -1 OBSOLETE_local: false peers { permanent_uuid: "88e69d68a7914bf48d802a2f2e500b71" member_type: VOTER last_known_addr { host: "127.20.201.62" port: 56252 } } peers { permanent_uuid: "cbc42c7d5db44e00883549e254bdd22e" member_type: VOTER last_known_addr { host: "127.20.201.61" port: 59248 } } peers { permanent_uuid: "4043e04130264237805f012d8e251bd4" member_type: VOTER last_known_addr { host: "127.20.201.60" port: 53788 } } }
W1014 19:25:49.991958 29055 catalog_manager.cc:960] Failed waiting for node to catch up after master election: Illegal state: Node 88e69d68a7914bf48d802a2f2e500b71 not leader. Raft Consensus state: current_term: 32 committed_config { opid_index: -1 OBSOLETE_local: false peers { permanent_uuid: "88e69d68a7914bf48d802a2f2e500b71" member_type: VOTER last_known_addr { host: "127.20.201.62" port: 56252 } } peers { permanent_uuid: "cbc42c7d5db44e00883549e254bdd22e" member_type: VOTER last_known_addr { host: "127.20.201.61" port: 59248 } } peers { permanent_uuid: "4043e04130264237805f012d8e251bd4" member_type: VOTER last_known_addr { host: "127.20.201.60" port: 53788 } } }
I1014 19:25:49.992192 29621 leader_election.cc:251] T 00000000000000000000000000000000 P 4043e04130264237805f012d8e251bd4 [CANDIDATE]: Term 32 election: Requesting vote from peer cbc42c7d5db44e00883549e254bdd22e (127.20.201.61:59248)
W1014 19:25:49.992470 29055 catalog_manager.cc:960] Failed waiting for node to catch up after master election: Illegal state: Node 88e69d68a7914bf48d802a2f2e500b71 not leader. Raft Consensus state: current_term: 32 committed_config { opid_index: -1 OBSOLETE_local: false peers { permanent_uuid: "88e69d68a7914bf48d802a2f2e500b71" member_type: VOTER last_known_addr { host: "127.20.201.62" port: 56252 } } peers { permanent_uuid: "cbc42c7d5db44e00883549e254bdd22e" member_type: VOTER last_known_addr { host: "127.20.201.61" port: 59248 } } peers { permanent_uuid: "4043e04130264237805f012d8e251bd4" member_type: VOTER last_known_addr { host: "127.20.201.60" port: 53788 } } }
I1014 19:25:49.992871 28825 tablet_service.cc:995] Received RequestConsensusVote() RPC: tablet_id: "00000000000000000000000000000000" candidate_uuid: "4043e04130264237805f012d8e251bd4" candidate_term: 32 candidate_status { last_received { term: 31 index: 22 } } ignore_live_leader: false dest_uuid: "cbc42c7d5db44e00883549e254bdd22e"
I1014 19:25:49.992920 28640 tablet_service.cc:995] Received RequestConsensusVote() RPC: tablet_id: "00000000000000000000000000000000" candidate_uuid: "4043e04130264237805f012d8e251bd4" candidate_term: 32 candidate_status { last_received { term: 31 index: 22 } } ignore_live_leader: false dest_uuid: "88e69d68a7914bf48d802a2f2e500b71"
I1014 19:25:49.993093 28825 raft_consensus.cc:2743] T 00000000000000000000000000000000 P cbc42c7d5db44e00883549e254bdd22e: Snoozing failure detection for 0.111s (vote granted)
I1014 19:25:49.993211 28640 raft_consensus.cc:2185] T 00000000000000000000000000000000 P 88e69d68a7914bf48d802a2f2e500b71 [term 32 FOLLOWER]: Leader election vote request: Denying vote to candidate 4043e04130264237805f012d8e251bd4 in current term 32: Already voted for candidate 88e69d68a7914bf48d802a2f2e500b71 in this term.
W1014 19:25:49.993291 29055 catalog_manager.cc:960] Failed waiting for node to catch up after master election: Illegal state: Node 88e69d68a7914bf48d802a2f2e500b71 not leader. Raft Consensus state: current_term: 32 committed_config { opid_index: -1 OBSOLETE_local: false peers { permanent_uuid: "88e69d68a7914bf48d802a2f2e500b71" member_type: VOTER last_known_addr { host: "127.20.201.62" port: 56252 } } peers { permanent_uuid: "cbc42c7d5db44e00883549e254bdd22e" member_type: VOTER last_known_addr { host: "127.20.201.61" port: 59248 } } peers { permanent_uuid: "4043e04130264237805f012d8e251bd4" member_type: VOTER last_known_addr { host: "127.20.201.60" port: 53788 } } }
I1014 19:25:49.993654 28985 leader_election.cc:401] T 00000000000000000000000000000000 P 4043e04130264237805f012d8e251bd4 [CANDIDATE]: Term 32 election: Vote denied by peer 88e69d68a7914bf48d802a2f2e500b71 (127.20.201.62:56252). Message: Invalid argument: T 00000000000000000000000000000000 P 88e69d68a7914bf48d802a2f2e500b71 [term 32 FOLLOWER]: Leader election vote request: Denying vote to candidate 4043e04130264237805f012d8e251bd4 in current term 32: Already voted for candidate 88e69d68a7914bf48d802a2f2e500b71 in this term.
W1014 19:25:49.993999 29055 catalog_manager.cc:960] Failed waiting for node to catch up after master election: Illegal state: Node 88e69d68a7914bf48d802a2f2e500b71 not leader. Raft Consensus state: current_term: 32 committed_config { opid_index: -1 OBSOLETE_local: false peers { permanent_uuid: "88e69d68a7914bf48d802a2f2e500b71" member_type: VOTER last_known_addr { host: "127.20.201.62" port: 56252 } } peers { permanent_uuid: "cbc42c7d5db44e00883549e254bdd22e" member_type: VOTER last_known_addr { host: "127.20.201.61" port: 59248 } } peers { permanent_uuid: "4043e04130264237805f012d8e251bd4" member_type: VOTER last_known_addr { host: "127.20.201.60" port: 53788 } } }
I1014 19:25:49.995226 28825 raft_consensus.cc:2255] T 00000000000000000000000000000000 P cbc42c7d5db44e00883549e254bdd22e [term 32 FOLLOWER]: Leader election vote request: Granting yes vote for candidate 4043e04130264237805f012d8e251bd4 in term 32.
I1014 19:25:49.995723 28985 leader_election.cc:387] T 00000000000000000000000000000000 P 4043e04130264237805f012d8e251bd4 [CANDIDATE]: Term 32 election: Vote granted by peer cbc42c7d5db44e00883549e254bdd22e (127.20.201.61:59248)
I1014 19:25:49.995785 28985 leader_election.cc:278] T 00000000000000000000000000000000 P 4043e04130264237805f012d8e251bd4 [CANDIDATE]: Term 32 election: Election decided. Result: candidate won.
I1014 19:25:49.996031 29621 raft_consensus.cc:2743] T 00000000000000000000000000000000 P 4043e04130264237805f012d8e251bd4: Snoozing failure detection for 0.126s (election complete)
I1014 19:25:49.996104 29621 raft_consensus.cc:2549] T 00000000000000000000000000000000 P 4043e04130264237805f012d8e251bd4 [term 32 FOLLOWER]: Leader election won for term 32
I1014 19:25:49.996253 29621 raft_consensus.cc:595] T 00000000000000000000000000000000 P 4043e04130264237805f012d8e251bd4 [term 32 LEADER]: Becoming Leader. State: Replica: 4043e04130264237805f012d8e251bd4, State: Running, Role: LEADER
I1014 19:25:49.998378 29621 consensus_queue.cc:205] T 00000000000000000000000000000000 P 4043e04130264237805f012d8e251bd4 [LEADER]: Queue going to LEADER mode. State: All replicated index: 0, Majority replicated index: 22, Committed index: 22, Last appended: 31.22, Last appended by leader: 22, Current term: 32, Majority size: 2, State: 0, Mode: LEADER, active raft config: opid_index: -1 OBSOLETE_local: false peers { permanent_uuid: "88e69d68a7914bf48d802a2f2e500b71" member_type: VOTER last_known_addr { host: "127.20.201.62" port: 56252 } } peers { permanent_uuid: "cbc42c7d5db44e00883549e254bdd22e" member_type: VOTER last_known_addr { host: "127.20.201.61" port: 59248 } } peers { permanent_uuid: "4043e04130264237805f012d8e251bd4" member_type: VOTER last_known_addr { host: "127.20.201.60" port: 53788 } }
I1014 19:25:49.999915 30652 sys_catalog.cc:337] T 00000000000000000000000000000000 P 4043e04130264237805f012d8e251bd4 [sys.catalog]: SysCatalogTable state changed. Reason: New leader 4043e04130264237805f012d8e251bd4. Latest consensus state: current_term: 32 leader_uuid: "4043e04130264237805f012d8e251bd4" committed_config { opid_index: -1 OBSOLETE_local: false peers { permanent_uuid: "88e69d68a7914bf48d802a2f2e500b71" member_type: VOTER last_known_addr { host: "127.20.201.62" port: 56252 } } peers { permanent_uuid: "cbc42c7d5db44e00883549e254bdd22e" member_type: VOTER last_known_addr { host: "127.20.201.61" port: 59248 } } peers { permanent_uuid: "4043e04130264237805f012d8e251bd4" member_type: VOTER last_known_addr { host: "127.20.201.60" port: 53788 } } }
I1014 19:25:50.000152 30652 sys_catalog.cc:340] T 00000000000000000000000000000000 P 4043e04130264237805f012d8e251bd4 [sys.catalog]: This master's current role is: LEADER
I1014 19:25:50.036705 29177 raft_consensus.cc:457] T 00000000000000000000000000000000 P 88e69d68a7914bf48d802a2f2e500b71 [term 32 FOLLOWER]: Starting leader election (no leader contacted us within the election timeout)
I1014 19:25:50.036801 29177 raft_consensus.cc:2743] T 00000000000000000000000000000000 P 88e69d68a7914bf48d802a2f2e500b71: Snoozing failure detection for 0.174s (starting election)
I1014 19:25:50.036878 29177 raft_consensus.cc:2795] T 00000000000000000000000000000000 P 88e69d68a7914bf48d802a2f2e500b71 [term 32 FOLLOWER]: Advancing to term 33
I1014 19:25:50.038372 29177 raft_consensus.cc:479] T 00000000000000000000000000000000 P 88e69d68a7914bf48d802a2f2e500b71 [term 33 FOLLOWER]: Starting leader election with config: opid_index: -1 OBSOLETE_local: false peers { permanent_uuid: "88e69d68a7914bf48d802a2f2e500b71" member_type: VOTER last_known_addr { host: "127.20.201.62" port: 56252 } } peers { permanent_uuid: "cbc42c7d5db44e00883549e254bdd22e" member_type: VOTER last_known_addr { host: "127.20.201.61" port: 59248 } } peers { permanent_uuid: "4043e04130264237805f012d8e251bd4" member_type: VOTER last_known_addr { host: "127.20.201.60" port: 53788 } }
I1014 19:25:50.038823 29177 leader_election.cc:251] T 00000000000000000000000000000000 P 88e69d68a7914bf48d802a2f2e500b71 [CANDIDATE]: Term 33 election: Requesting vote from peer cbc42c7d5db44e00883549e254bdd22e (127.20.201.61:59248)
I1014 19:25:50.039062 29177 leader_election.cc:251] T 00000000000000000000000000000000 P 88e69d68a7914bf48d802a2f2e500b71 [CANDIDATE]: Term 33 election: Requesting vote from peer 4043e04130264237805f012d8e251bd4 (127.20.201.60:53788)
I1014 19:25:50.039649 28825 tablet_service.cc:995] Received RequestConsensusVote() RPC: tablet_id: "00000000000000000000000000000000" candidate_uuid: "88e69d68a7914bf48d802a2f2e500b71" candidate_term: 33 candidate_status { last_received { term: 31 index: 22 } } ignore_live_leader: false dest_uuid: "cbc42c7d5db44e00883549e254bdd22e"
I1014 19:25:50.039788 28825 raft_consensus.cc:2795] T 00000000000000000000000000000000 P cbc42c7d5db44e00883549e254bdd22e [term 32 FOLLOWER]: Advancing to term 33
I1014 19:25:50.039878 28825 raft_consensus.cc:2743] T 00000000000000000000000000000000 P cbc42c7d5db44e00883549e254bdd22e: Snoozing failure detection for 0.101s (vote granted)
I1014 19:25:50.039870 29010 tablet_service.cc:995] Received RequestConsensusVote() RPC: tablet_id: "00000000000000000000000000000000" candidate_uuid: "88e69d68a7914bf48d802a2f2e500b71" candidate_term: 33 candidate_status { last_received { term: 31 index: 22 } } ignore_live_leader: false dest_uuid: "4043e04130264237805f012d8e251bd4"
I1014 19:25:50.040040 29010 raft_consensus.cc:2216] T 00000000000000000000000000000000 P 4043e04130264237805f012d8e251bd4 [term 32 LEADER]: Leader election vote request: Denying vote to candidate 88e69d68a7914bf48d802a2f2e500b71 for term 33 because replica is either leader or believes a valid leader to be alive.
I1014 19:25:50.040390 28594 leader_election.cc:401] T 00000000000000000000000000000000 P 88e69d68a7914bf48d802a2f2e500b71 [CANDIDATE]: Term 33 election: Vote denied by peer 4043e04130264237805f012d8e251bd4 (127.20.201.60:53788). Message: Invalid argument: T 00000000000000000000000000000000 P 4043e04130264237805f012d8e251bd4 [term 32 LEADER]: Leader election vote request: Denying vote to candidate 88e69d68a7914bf48d802a2f2e500b71 for term 33 because replica is either leader or believes a valid leader to be alive.
I1014 19:25:50.041463 28825 raft_consensus.cc:2255] T 00000000000000000000000000000000 P cbc42c7d5db44e00883549e254bdd22e [term 33 FOLLOWER]: Leader election vote request: Granting yes vote for candidate 88e69d68a7914bf48d802a2f2e500b71 in term 33.
I1014 19:25:50.041779 28600 leader_election.cc:387] T 00000000000000000000000000000000 P 88e69d68a7914bf48d802a2f2e500b71 [CANDIDATE]: Term 33 election: Vote granted by peer cbc42c7d5db44e00883549e254bdd22e (127.20.201.61:59248)
I1014 19:25:50.041841 28600 leader_election.cc:278] T 00000000000000000000000000000000 P 88e69d68a7914bf48d802a2f2e500b71 [CANDIDATE]: Term 33 election: Election decided. Result: candidate won.
I1014 19:25:50.042050 29177 raft_consensus.cc:2743] T 00000000000000000000000000000000 P 88e69d68a7914bf48d802a2f2e500b71: Snoozing failure detection for 0.214s (election complete)
I1014 19:25:50.042138 29177 raft_consensus.cc:2549] T 00000000000000000000000000000000 P 88e69d68a7914bf48d802a2f2e500b71 [term 33 FOLLOWER]: Leader election won for term 33
I1014 19:25:50.042501 29177 raft_consensus.cc:595] T 00000000000000000000000000000000 P 88e69d68a7914bf48d802a2f2e500b71 [term 33 LEADER]: Becoming Leader. State: Replica: 88e69d68a7914bf48d802a2f2e500b71, State: Running, Role: LEADER
I1014 19:25:50.042851 29177 consensus_queue.cc:205] T 00000000000000000000000000000000 P 88e69d68a7914bf48d802a2f2e500b71 [LEADER]: Queue going to LEADER mode. State: All replicated index: 0, Majority replicated index: 22, Committed index: 22, Last appended: 31.22, Last appended by leader: 22, Current term: 33, Majority size: 2, State: 0, Mode: LEADER, active raft config: opid_index: -1 OBSOLETE_local: false peers { permanent_uuid: "88e69d68a7914bf48d802a2f2e500b71" member_type: VOTER last_known_addr { host: "127.20.201.62" port: 56252 } } peers { permanent_uuid: "cbc42c7d5db44e00883549e254bdd22e" member_type: VOTER last_known_addr { host: "127.20.201.61" port: 59248 } } peers { permanent_uuid: "4043e04130264237805f012d8e251bd4" member_type: VOTER last_known_addr { host: "127.20.201.60" port: 53788 } }
I1014 19:25:50.043818 31154 sys_catalog.cc:337] T 00000000000000000000000000000000 P 88e69d68a7914bf48d802a2f2e500b71 [sys.catalog]: SysCatalogTable state changed. Reason: New leader 88e69d68a7914bf48d802a2f2e500b71. Latest consensus state: current_term: 33 leader_uuid: "88e69d68a7914bf48d802a2f2e500b71" committed_config { opid_index: -1 OBSOLETE_local: false peers { permanent_uuid: "88e69d68a7914bf48d802a2f2e500b71" member_type: VOTER last_known_addr { host: "127.20.201.62" port: 56252 } } peers { permanent_uuid: "cbc42c7d5db44e00883549e254bdd22e" member_type: VOTER last_known_addr { host: "127.20.201.61" port: 59248 } } peers { permanent_uuid: "4043e04130264237805f012d8e251bd4" member_type: VOTER last_known_addr { host: "127.20.201.60" port: 53788 } } }
I1014 19:25:50.044070 31154 sys_catalog.cc:340] T 00000000000000000000000000000000 P 88e69d68a7914bf48d802a2f2e500b71 [sys.catalog]: This master's current role is: LEADER
I1014 19:25:50.044281 29055 catalog_manager.cc:1026] Loading table and tablet metadata into memory...
I1014 19:25:50.045897 29055 catalog_manager.cc:1037] Initializing Kudu internal certificate authority...
I1014 19:25:50.079802 29579 catalog_manager.cc:1046] Loading token signing keys...
I1014 19:25:50.080871 29579 catalog_manager.cc:4073] T 00000000000000000000000000000000 P 4043e04130264237805f012d8e251bd4: Loaded TSK: 0
I1014 19:25:50.083221 28640 raft_consensus.cc:1051] T 00000000000000000000000000000000 P 88e69d68a7914bf48d802a2f2e500b71 [term 33 LEADER]: Rejecting Update request from peer 4043e04130264237805f012d8e251bd4 for earlier term 32. Current term is 33. Ops: []
I1014 19:25:50.083307 28825 raft_consensus.cc:1051] T 00000000000000000000000000000000 P cbc42c7d5db44e00883549e254bdd22e [term 33 FOLLOWER]: Rejecting Update request from peer 4043e04130264237805f012d8e251bd4 for earlier term 32. Current term is 33. Ops: []
I1014 19:25:50.083887 29621 consensus_queue.cc:974] T 00000000000000000000000000000000 P 4043e04130264237805f012d8e251bd4 [LEADER]: Peer responded invalid term: Peer: permanent_uuid: "88e69d68a7914bf48d802a2f2e500b71" member_type: VOTER last_known_addr { host: "127.20.201.62" port: 56252 }, Status: INVALID_TERM, Last received: 0.0, Next index: 23, Last known committed idx: 22, Time since last communication: 0.000s
I1014 19:25:50.084398 29621 consensus_queue.cc:1104] T 00000000000000000000000000000000 P 4043e04130264237805f012d8e251bd4 [LEADER]: Peer 88e69d68a7914bf48d802a2f2e500b71 log is divergent from this leader: its last log entry 33.23 is not in this leader's log and it has not received anything from this leader yet. Falling back to committed index 22
I1014 19:25:50.084686 30652 consensus_queue.cc:974] T 00000000000000000000000000000000 P 4043e04130264237805f012d8e251bd4 [LEADER]: Peer responded invalid term: Peer: permanent_uuid: "cbc42c7d5db44e00883549e254bdd22e" member_type: VOTER last_known_addr { host: "127.20.201.61" port: 59248 }, Status: INVALID_TERM, Last received: 0.0, Next index: 23, Last known committed idx: 22, Time since last communication: 0.000s
I1014 19:25:50.084928 31155 raft_consensus.cc:2790] T 00000000000000000000000000000000 P 4043e04130264237805f012d8e251bd4 [term 32 LEADER]: Stepping down as leader of term 32
I1014 19:25:50.085022 31155 raft_consensus.cc:630] T 00000000000000000000000000000000 P 4043e04130264237805f012d8e251bd4 [term 32 LEADER]: Becoming Follower/Learner. State: Replica: 4043e04130264237805f012d8e251bd4, State: Running, Role: LEADER
I1014 19:25:50.085288 31155 consensus_queue.cc:228] T 00000000000000000000000000000000 P 4043e04130264237805f012d8e251bd4 [NON_LEADER]: Queue going to NON_LEADER mode. State: All replicated index: 0, Majority replicated index: 22, Committed index: 22, Last appended: 32.24, Last appended by leader: 24, Current term: 32, Majority size: -1, State: 0, Mode: NON_LEADER, active raft config: opid_index: -1 OBSOLETE_local: false peers { permanent_uuid: "88e69d68a7914bf48d802a2f2e500b71" member_type: VOTER last_known_addr { host: "127.20.201.62" port: 56252 } } peers { permanent_uuid: "cbc42c7d5db44e00883549e254bdd22e" member_type: VOTER last_known_addr { host: "127.20.201.61" port: 59248 } } peers { permanent_uuid: "4043e04130264237805f012d8e251bd4" member_type: VOTER last_known_addr { host: "127.20.201.60" port: 53788 } }
I1014 19:25:50.085448 31155 consensus_peers.cc:455] T 00000000000000000000000000000000 P 4043e04130264237805f012d8e251bd4 -> Peer cbc42c7d5db44e00883549e254bdd22e (127.20.201.61:59248): Closing peer: cbc42c7d5db44e00883549e254bdd22e
I1014 19:25:50.085559 31155 consensus_peers.cc:455] T 00000000000000000000000000000000 P 4043e04130264237805f012d8e251bd4 -> Peer 88e69d68a7914bf48d802a2f2e500b71 (127.20.201.62:56252): Closing peer: 88e69d68a7914bf48d802a2f2e500b71
I1014 19:25:50.085681 31155 raft_consensus.cc:2795] T 00000000000000000000000000000000 P 4043e04130264237805f012d8e251bd4 [term 32 FOLLOWER]: Advancing to term 33
I1014 19:25:50.120770 28825 raft_consensus.cc:1083] T 00000000000000000000000000000000 P cbc42c7d5db44e00883549e254bdd22e [term 33 FOLLOWER]: Refusing update from remote peer 88e69d68a7914bf48d802a2f2e500b71: Log matching property violated. Preceding OpId in replica: term: 31 index: 22. Preceding OpId from leader: term: 33 index: 23. (index mismatch)
I1014 19:25:50.121295 31154 consensus_queue.cc:963] T 00000000000000000000000000000000 P 88e69d68a7914bf48d802a2f2e500b71 [LEADER]: Connected to new peer: Peer: permanent_uuid: "cbc42c7d5db44e00883549e254bdd22e" member_type: VOTER last_known_addr { host: "127.20.201.61" port: 59248 }, Status: LMP_MISMATCH, Last received: 0.0, Next index: 23, Last known committed idx: 22, Time since last communication: 0.000s
I1014 19:25:50.122689 31010 sys_catalog.cc:337] T 00000000000000000000000000000000 P cbc42c7d5db44e00883549e254bdd22e [sys.catalog]: SysCatalogTable state changed. Reason: New leader 88e69d68a7914bf48d802a2f2e500b71. Latest consensus state: current_term: 33 leader_uuid: "88e69d68a7914bf48d802a2f2e500b71" committed_config { opid_index: -1 OBSOLETE_local: false peers { permanent_uuid: "88e69d68a7914bf48d802a2f2e500b71" member_type: VOTER last_known_addr { host: "127.20.201.62" port: 56252 } } peers { permanent_uuid: "cbc42c7d5db44e00883549e254bdd22e" member_type: VOTER last_known_addr { host: "127.20.201.61" port: 59248 } } peers { permanent_uuid: "4043e04130264237805f012d8e251bd4" member_type: VOTER last_known_addr { host: "127.20.201.60" port: 53788 } } }
I1014 19:25:50.122918 31010 sys_catalog.cc:340] T 00000000000000000000000000000000 P cbc42c7d5db44e00883549e254bdd22e [sys.catalog]: This master's current role is: FOLLOWER
I1014 19:25:50.124415 29010 raft_consensus.cc:1083] T 00000000000000000000000000000000 P 4043e04130264237805f012d8e251bd4 [term 33 FOLLOWER]: Refusing update from remote peer 88e69d68a7914bf48d802a2f2e500b71: Log matching property violated. Preceding OpId in replica: term: 32 index: 24. Preceding OpId from leader: term: 33 index: 23. (term mismatch)
I1014 19:25:50.124514 29010 pending_rounds.cc:76] T 00000000000000000000000000000000 P 4043e04130264237805f012d8e251bd4: Aborting all transactions after (but not including) 22
I1014 19:25:50.124276 31159 sys_catalog.cc:337] T 00000000000000000000000000000000 P 88e69d68a7914bf48d802a2f2e500b71 [sys.catalog]: SysCatalogTable state changed. Reason: Peer health change. Latest consensus state: current_term: 33 leader_uuid: "88e69d68a7914bf48d802a2f2e500b71" committed_config { opid_index: -1 OBSOLETE_local: false peers { permanent_uuid: "88e69d68a7914bf48d802a2f2e500b71" member_type: VOTER last_known_addr { host: "127.20.201.62" port: 56252 } } peers { permanent_uuid: "cbc42c7d5db44e00883549e254bdd22e" member_type: VOTER last_known_addr { host: "127.20.201.61" port: 59248 } } peers { permanent_uuid: "4043e04130264237805f012d8e251bd4" member_type: VOTER last_known_addr { host: "127.20.201.60" port: 53788 } } }
I1014 19:25:50.124552 29010 pending_rounds.cc:97] T 00000000000000000000000000000000 P 4043e04130264237805f012d8e251bd4: Aborting uncommitted NO_OP operation due to leader change: 32.23
I1014 19:25:50.124579 31159 sys_catalog.cc:340] T 00000000000000000000000000000000 P 88e69d68a7914bf48d802a2f2e500b71 [sys.catalog]: This master's current role is: LEADER
I1014 19:25:50.124617 29010 raft_consensus.cc:2632] T 00000000000000000000000000000000 P 4043e04130264237805f012d8e251bd4 [term 33 FOLLOWER]: NO_OP replication failed: Aborted: Transaction aborted by new leader
I1014 19:25:50.124686 29010 pending_rounds.cc:97] T 00000000000000000000000000000000 P 4043e04130264237805f012d8e251bd4: Aborting uncommitted WRITE_OP operation due to leader change: 32.24
I1014 19:25:50.124680 31010 sys_catalog.cc:337] T 00000000000000000000000000000000 P cbc42c7d5db44e00883549e254bdd22e [sys.catalog]: SysCatalogTable state changed. Reason: Replicated consensus-only round. Latest consensus state: current_term: 33 leader_uuid: "88e69d68a7914bf48d802a2f2e500b71" committed_config { opid_index: -1 OBSOLETE_local: false peers { permanent_uuid: "88e69d68a7914bf48d802a2f2e500b71" member_type: VOTER last_known_addr { host: "127.20.201.62" port: 56252 } } peers { permanent_uuid: "cbc42c7d5db44e00883549e254bdd22e" member_type: VOTER last_known_addr { host: "127.20.201.61" port: 59248 } } peers { permanent_uuid: "4043e04130264237805f012d8e251bd4" member_type: VOTER last_known_addr { host: "127.20.201.60" port: 53788 } } }
I1014 19:25:50.124897 31010 sys_catalog.cc:340] T 00000000000000000000000000000000 P cbc42c7d5db44e00883549e254bdd22e [sys.catalog]: This master's current role is: FOLLOWER
I1014 19:25:50.125159 29579 catalog_manager.cc:1011] Loading token signing keys failed; change in term detected: 30 vs 33: Aborted: Transaction aborted by new leader
W1014 19:25:50.125442 29579 catalog_manager.cc:960] Failed waiting for node to catch up after master election: Illegal state: Node 4043e04130264237805f012d8e251bd4 not leader. Raft Consensus state: current_term: 33 committed_config { opid_index: -1 OBSOLETE_local: false peers { permanent_uuid: "88e69d68a7914bf48d802a2f2e500b71" member_type: VOTER last_known_addr { host: "127.20.201.62" port: 56252 } } peers { permanent_uuid: "cbc42c7d5db44e00883549e254bdd22e" member_type: VOTER last_known_addr { host: "127.20.201.61" port: 59248 } } peers { permanent_uuid: "4043e04130264237805f012d8e251bd4" member_type: VOTER last_known_addr { host: "127.20.201.60" port: 53788 } } }
I1014 19:25:50.125495 31159 consensus_queue.cc:963] T 00000000000000000000000000000000 P 88e69d68a7914bf48d802a2f2e500b71 [LEADER]: Connected to new peer: Peer: permanent_uuid: "4043e04130264237805f012d8e251bd4" member_type: VOTER last_known_addr { host: "127.20.201.60" port: 53788 }, Status: LMP_MISMATCH, Last received: 0.0, Next index: 23, Last known committed idx: 22, Time since last communication: 0.000s
I1014 19:25:50.126804 29621 sys_catalog.cc:337] T 00000000000000000000000000000000 P 4043e04130264237805f012d8e251bd4 [sys.catalog]: SysCatalogTable state changed. Reason: Replicated consensus-only round. Latest consensus state: current_term: 33 leader_uuid: "88e69d68a7914bf48d802a2f2e500b71" committed_config { opid_index: -1 OBSOLETE_local: false peers { permanent_uuid: "88e69d68a7914bf48d802a2f2e500b71" member_type: VOTER last_known_addr { host: "127.20.201.62" port: 56252 } } peers { permanent_uuid: "cbc42c7d5db44e00883549e254bdd22e" member_type: VOTER last_known_addr { host: "127.20.201.61" port: 59248 } } peers { permanent_uuid: "4043e04130264237805f012d8e251bd4" member_type: VOTER last_known_addr { host: "127.20.201.60" port: 53788 } } }
I1014 19:25:50.127053 29621 sys_catalog.cc:340] T 00000000000000000000000000000000 P 4043e04130264237805f012d8e251bd4 [sys.catalog]: This master's current role is: FOLLOWER
I1014 19:25:50.127259 31155 sys_catalog.cc:337] T 00000000000000000000000000000000 P 4043e04130264237805f012d8e251bd4 [sys.catalog]: SysCatalogTable state changed. Reason: New leader 88e69d68a7914bf48d802a2f2e500b71. Latest consensus state: current_term: 33 leader_uuid: "88e69d68a7914bf48d802a2f2e500b71" committed_config { opid_index: -1 OBSOLETE_local: false peers { permanent_uuid: "88e69d68a7914bf48d802a2f2e500b71" member_type: VOTER last_known_addr { host: "127.20.201.62" port: 56252 } } peers { permanent_uuid: "cbc42c7d5db44e00883549e254bdd22e" member_type: VOTER last_known_addr { host: "127.20.201.61" port: 59248 } } peers { permanent_uuid: "4043e04130264237805f012d8e251bd4" member_type: VOTER last_known_addr { host: "127.20.201.60" port: 53788 } } }
I1014 19:25:50.127441 31155 sys_catalog.cc:340] T 00000000000000000000000000000000 P 4043e04130264237805f012d8e251bd4 [sys.catalog]: This master's current role is: FOLLOWER
I1014 19:25:50.225349 31010 raft_consensus.cc:457] T 00000000000000000000000000000000 P cbc42c7d5db44e00883549e254bdd22e [term 33 FOLLOWER]: Starting leader election (detected failure of leader 88e69d68a7914bf48d802a2f2e500b71)
I1014 19:25:50.225473 31010 raft_consensus.cc:2743] T 00000000000000000000000000000000 P cbc42c7d5db44e00883549e254bdd22e: Snoozing failure detection for 0.128s (starting election)
I1014 19:25:50.225566 31010 raft_consensus.cc:2795] T 00000000000000000000000000000000 P cbc42c7d5db44e00883549e254bdd22e [term 33 FOLLOWER]: Advancing to term 34
I1014 19:25:50.227181 31010 raft_consensus.cc:479] T 00000000000000000000000000000000 P cbc42c7d5db44e00883549e254bdd22e [term 34 FOLLOWER]: Starting leader election with config: opid_index: -1 OBSOLETE_local: false peers { permanent_uuid: "88e69d68a7914bf48d802a2f2e500b71" member_type: VOTER last_known_addr { host: "127.20.201.62" port: 56252 } } peers { permanent_uuid: "cbc42c7d5db44e00883549e254bdd22e" member_type: VOTER last_known_addr { host: "127.20.201.61" port: 59248 } } peers { permanent_uuid: "4043e04130264237805f012d8e251bd4" member_type: VOTER last_known_addr { host: "127.20.201.60" port: 53788 } }
I1014 19:25:50.227458 31155 raft_consensus.cc:457] T 00000000000000000000000000000000 P 4043e04130264237805f012d8e251bd4 [term 33 FOLLOWER]: Starting leader election (detected failure of leader 88e69d68a7914bf48d802a2f2e500b71)
I1014 19:25:50.227564 31155 raft_consensus.cc:2743] T 00000000000000000000000000000000 P 4043e04130264237805f012d8e251bd4: Snoozing failure detection for 0.145s (starting election)
I1014 19:25:50.227640 31155 raft_consensus.cc:2795] T 00000000000000000000000000000000 P 4043e04130264237805f012d8e251bd4 [term 33 FOLLOWER]: Advancing to term 34
I1014 19:25:50.227744 31010 leader_election.cc:251] T 00000000000000000000000000000000 P cbc42c7d5db44e00883549e254bdd22e [CANDIDATE]: Term 34 election: Requesting vote from peer 88e69d68a7914bf48d802a2f2e500b71 (127.20.201.62:56252)
I1014 19:25:50.227963 31010 leader_election.cc:251] T 00000000000000000000000000000000 P cbc42c7d5db44e00883549e254bdd22e [CANDIDATE]: Term 34 election: Requesting vote from peer 4043e04130264237805f012d8e251bd4 (127.20.201.60:53788)
I1014 19:25:50.228726 28640 tablet_service.cc:995] Received RequestConsensusVote() RPC: tablet_id: "00000000000000000000000000000000" candidate_uuid: "cbc42c7d5db44e00883549e254bdd22e" candidate_term: 34 candidate_status { last_received { term: 33 index: 23 } } ignore_live_leader: false dest_uuid: "88e69d68a7914bf48d802a2f2e500b71"
I1014 19:25:50.228917 28640 raft_consensus.cc:2216] T 00000000000000000000000000000000 P 88e69d68a7914bf48d802a2f2e500b71 [term 33 LEADER]: Leader election vote request: Denying vote to candidate cbc42c7d5db44e00883549e254bdd22e for term 34 because replica is either leader or believes a valid leader to be alive.
I1014 19:25:50.228922 29010 tablet_service.cc:995] Received RequestConsensusVote() RPC: tablet_id: "00000000000000000000000000000000" candidate_uuid: "cbc42c7d5db44e00883549e254bdd22e" candidate_term: 34 candidate_status { last_received { term: 33 index: 23 } } ignore_live_leader: false dest_uuid: "4043e04130264237805f012d8e251bd4"
I1014 19:25:50.229342 28786 leader_election.cc:401] T 00000000000000000000000000000000 P cbc42c7d5db44e00883549e254bdd22e [CANDIDATE]: Term 34 election: Vote denied by peer 88e69d68a7914bf48d802a2f2e500b71 (127.20.201.62:56252). Message: Invalid argument: T 00000000000000000000000000000000 P 88e69d68a7914bf48d802a2f2e500b71 [term 33 LEADER]: Leader election vote request: Denying vote to candidate cbc42c7d5db44e00883549e254bdd22e for term 34 because replica is either leader or believes a valid leader to be alive.
I1014 19:25:50.230720 29055 catalog_manager.cc:1046] Loading token signing keys...
I1014 19:25:50.230661 31155 raft_consensus.cc:479] T 00000000000000000000000000000000 P 4043e04130264237805f012d8e251bd4 [term 34 FOLLOWER]: Starting leader election with config: opid_index: -1 OBSOLETE_local: false peers { permanent_uuid: "88e69d68a7914bf48d802a2f2e500b71" member_type: VOTER last_known_addr { host: "127.20.201.62" port: 56252 } } peers { permanent_uuid: "cbc42c7d5db44e00883549e254bdd22e" member_type: VOTER last_known_addr { host: "127.20.201.61" port: 59248 } } peers { permanent_uuid: "4043e04130264237805f012d8e251bd4" member_type: VOTER last_known_addr { host: "127.20.201.60" port: 53788 } }
I1014 19:25:50.231098 31155 leader_election.cc:251] T 00000000000000000000000000000000 P 4043e04130264237805f012d8e251bd4 [CANDIDATE]: Term 34 election: Requesting vote from peer 88e69d68a7914bf48d802a2f2e500b71 (127.20.201.62:56252)
I1014 19:25:50.231272 31155 leader_election.cc:251] T 00000000000000000000000000000000 P 4043e04130264237805f012d8e251bd4 [CANDIDATE]: Term 34 election: Requesting vote from peer cbc42c7d5db44e00883549e254bdd22e (127.20.201.61:59248)
I1014 19:25:50.231564 29010 raft_consensus.cc:2185] T 00000000000000000000000000000000 P 4043e04130264237805f012d8e251bd4 [term 34 FOLLOWER]: Leader election vote request: Denying vote to candidate cbc42c7d5db44e00883549e254bdd22e in current term 34: Already voted for candidate 4043e04130264237805f012d8e251bd4 in this term.
I1014 19:25:50.231626 29055 catalog_manager.cc:4073] T 00000000000000000000000000000000 P 88e69d68a7914bf48d802a2f2e500b71: Loaded TSK: 0
I1014 19:25:50.232208 28780 leader_election.cc:401] T 00000000000000000000000000000000 P cbc42c7d5db44e00883549e254bdd22e [CANDIDATE]: Term 34 election: Vote denied by peer 4043e04130264237805f012d8e251bd4 (127.20.201.60:53788). Message: Invalid argument: T 00000000000000000000000000000000 P 4043e04130264237805f012d8e251bd4 [term 34 FOLLOWER]: Leader election vote request: Denying vote to candidate cbc42c7d5db44e00883549e254bdd22e in current term 34: Already voted for candidate 4043e04130264237805f012d8e251bd4 in this term.
I1014 19:25:50.232316 28780 leader_election.cc:278] T 00000000000000000000000000000000 P cbc42c7d5db44e00883549e254bdd22e [CANDIDATE]: Term 34 election: Election decided. Result: candidate lost.
I1014 19:25:50.232226 28825 tablet_service.cc:995] Received RequestConsensusVote() RPC: tablet_id: "00000000000000000000000000000000" candidate_uuid: "4043e04130264237805f012d8e251bd4" candidate_term: 34 candidate_status { last_received { term: 33 index: 23 } } ignore_live_leader: false dest_uuid: "cbc42c7d5db44e00883549e254bdd22e"
I1014 19:25:50.232518 28825 raft_consensus.cc:2185] T 00000000000000000000000000000000 P cbc42c7d5db44e00883549e254bdd22e [term 34 FOLLOWER]: Leader election vote request: Denying vote to candidate 4043e04130264237805f012d8e251bd4 in current term 34: Already voted for candidate cbc42c7d5db44e00883549e254bdd22e in this term.
I1014 19:25:50.232722 31010 raft_consensus.cc:2743] T 00000000000000000000000000000000 P cbc42c7d5db44e00883549e254bdd22e: Snoozing failure detection for 0.140s (election complete)
I1014 19:25:50.232784 31010 raft_consensus.cc:2497] T 00000000000000000000000000000000 P cbc42c7d5db44e00883549e254bdd22e [term 34 FOLLOWER]: Leader election lost for term 34. Reason: could not achieve majority
I1014 19:25:50.233065 28985 leader_election.cc:401] T 00000000000000000000000000000000 P 4043e04130264237805f012d8e251bd4 [CANDIDATE]: Term 34 election: Vote denied by peer cbc42c7d5db44e00883549e254bdd22e (127.20.201.61:59248). Message: Invalid argument: T 00000000000000000000000000000000 P cbc42c7d5db44e00883549e254bdd22e [term 34 FOLLOWER]: Leader election vote request: Denying vote to candidate 4043e04130264237805f012d8e251bd4 in current term 34: Already voted for candidate cbc42c7d5db44e00883549e254bdd22e in this term.
I1014 19:25:50.233661 28640 tablet_service.cc:995] Received RequestConsensusVote() RPC: tablet_id: "00000000000000000000000000000000" candidate_uuid: "4043e04130264237805f012d8e251bd4" candidate_term: 34 candidate_status { last_received { term: 33 index: 23 } } ignore_live_leader: false dest_uuid: "88e69d68a7914bf48d802a2f2e500b71"
I1014 19:25:50.233893 28640 raft_consensus.cc:2216] T 00000000000000000000000000000000 P 88e69d68a7914bf48d802a2f2e500b71 [term 33 LEADER]: Leader election vote request: Denying vote to candidate 4043e04130264237805f012d8e251bd4 for term 34 because replica is either leader or believes a valid leader to be alive.
I1014 19:25:50.234208 28985 leader_election.cc:401] T 00000000000000000000000000000000 P 4043e04130264237805f012d8e251bd4 [CANDIDATE]: Term 34 election: Vote denied by peer 88e69d68a7914bf48d802a2f2e500b71 (127.20.201.62:56252). Message: Invalid argument: T 00000000000000000000000000000000 P 88e69d68a7914bf48d802a2f2e500b71 [term 33 LEADER]: Leader election vote request: Denying vote to candidate 4043e04130264237805f012d8e251bd4 for term 34 because replica is either leader or believes a valid leader to be alive.
I1014 19:25:50.234292 28985 leader_election.cc:278] T 00000000000000000000000000000000 P 4043e04130264237805f012d8e251bd4 [CANDIDATE]: Term 34 election: Election decided. Result: candidate lost.
I1014 19:25:50.234442 28825 raft_consensus.cc:1051] T 00000000000000000000000000000000 P cbc42c7d5db44e00883549e254bdd22e [term 34 FOLLOWER]: Rejecting Update request from peer 88e69d68a7914bf48d802a2f2e500b71 for earlier term 33. Current term is 34. Ops: []
I1014 19:25:50.234346 31154 sys_catalog.cc:337] T 00000000000000000000000000000000 P 88e69d68a7914bf48d802a2f2e500b71 [sys.catalog]: SysCatalogTable state changed. Reason: Peer health change. Latest consensus state: current_term: 33 leader_uuid: "88e69d68a7914bf48d802a2f2e500b71" committed_config { opid_index: -1 OBSOLETE_local: false peers { permanent_uuid: "88e69d68a7914bf48d802a2f2e500b71" member_type: VOTER last_known_addr { host: "127.20.201.62" port: 56252 } } peers { permanent_uuid: "cbc42c7d5db44e00883549e254bdd22e" member_type: VOTER last_known_addr { host: "127.20.201.61" port: 59248 } } peers { permanent_uuid: "4043e04130264237805f012d8e251bd4" member_type: VOTER last_known_addr { host: "127.20.201.60" port: 53788 } } }
I1014 19:25:50.234568 31154 sys_catalog.cc:340] T 00000000000000000000000000000000 P 88e69d68a7914bf48d802a2f2e500b71 [sys.catalog]: This master's current role is: LEADER
I1014 19:25:50.234601 31155 raft_consensus.cc:2743] T 00000000000000000000000000000000 P 4043e04130264237805f012d8e251bd4: Snoozing failure detection for 0.118s (election complete)
I1014 19:25:50.234659 31155 raft_consensus.cc:2497] T 00000000000000000000000000000000 P 4043e04130264237805f012d8e251bd4 [term 34 FOLLOWER]: Leader election lost for term 34. Reason: could not achieve majority
I1014 19:25:50.234917 31159 consensus_queue.cc:974] T 00000000000000000000000000000000 P 88e69d68a7914bf48d802a2f2e500b71 [LEADER]: Peer responded invalid term: Peer: permanent_uuid: "cbc42c7d5db44e00883549e254bdd22e" member_type: VOTER last_known_addr { host: "127.20.201.61" port: 59248 }, Status: INVALID_TERM, Last received: 33.23, Next index: 24, Last known committed idx: 23, Time since last communication: 0.000s
I1014 19:25:50.235121 29177 raft_consensus.cc:2790] T 00000000000000000000000000000000 P 88e69d68a7914bf48d802a2f2e500b71 [term 33 LEADER]: Stepping down as leader of term 33
I1014 19:25:50.235184 29177 raft_consensus.cc:630] T 00000000000000000000000000000000 P 88e69d68a7914bf48d802a2f2e500b71 [term 33 LEADER]: Becoming Follower/Learner. State: Replica: 88e69d68a7914bf48d802a2f2e500b71, State: Running, Role: LEADER
I1014 19:25:50.235226 29010 raft_consensus.cc:1051] T 00000000000000000000000000000000 P 4043e04130264237805f012d8e251bd4 [term 34 FOLLOWER]: Rejecting Update request from peer 88e69d68a7914bf48d802a2f2e500b71 for earlier term 33. Current term is 34. Ops: []
I1014 19:25:50.235397 29177 consensus_queue.cc:228] T 00000000000000000000000000000000 P 88e69d68a7914bf48d802a2f2e500b71 [NON_LEADER]: Queue going to NON_LEADER mode. State: All replicated index: 0, Majority replicated index: 23, Committed index: 23, Last appended: 33.24, Last appended by leader: 24, Current term: 33, Majority size: -1, State: 0, Mode: NON_LEADER, active raft config: opid_index: -1 OBSOLETE_local: false peers { permanent_uuid: "88e69d68a7914bf48d802a2f2e500b71" member_type: VOTER last_known_addr { host: "127.20.201.62" port: 56252 } } peers { permanent_uuid: "cbc42c7d5db44e00883549e254bdd22e" member_type: VOTER last_known_addr { host: "127.20.201.61" port: 59248 } } peers { permanent_uuid: "4043e04130264237805f012d8e251bd4" member_type: VOTER last_known_addr { host: "127.20.201.60" port: 53788 } }
I1014 19:25:50.235599 29177 consensus_peers.cc:455] T 00000000000000000000000000000000 P 88e69d68a7914bf48d802a2f2e500b71 -> Peer 4043e04130264237805f012d8e251bd4 (127.20.201.60:53788): Closing peer: 4043e04130264237805f012d8e251bd4
I1014 19:25:50.235692 29177 consensus_peers.cc:455] T 00000000000000000000000000000000 P 88e69d68a7914bf48d802a2f2e500b71 -> Peer cbc42c7d5db44e00883549e254bdd22e (127.20.201.61:59248): Closing peer: cbc42c7d5db44e00883549e254bdd22e
I1014 19:25:50.235826 29177 raft_consensus.cc:2795] T 00000000000000000000000000000000 P 88e69d68a7914bf48d802a2f2e500b71 [term 33 FOLLOWER]: Advancing to term 34
