I1014 19:25:58.630332 1000 sys_catalog.cc:337] T 00000000000000000000000000000000 P cbc42c7d5db44e00883549e254bdd22e [sys.catalog]: SysCatalogTable state changed. Reason: New leader 4043e04130264237805f012d8e251bd4. Latest consensus state: current_term: 87 leader_uuid: "4043e04130264237805f012d8e251bd4" committed_config { opid_index: -1 OBSOLETE_local: false peers { permanent_uuid: "88e69d68a7914bf48d802a2f2e500b71" member_type: VOTER last_known_addr { host: "127.20.201.62" port: 56252 } } peers { permanent_uuid: "cbc42c7d5db44e00883549e254bdd22e" member_type: VOTER last_known_addr { host: "127.20.201.61" port: 59248 } } peers { permanent_uuid: "4043e04130264237805f012d8e251bd4" member_type: VOTER last_known_addr { host: "127.20.201.60" port: 53788 } } }
I1014 19:25:58.630657 1000 sys_catalog.cc:340] T 00000000000000000000000000000000 P cbc42c7d5db44e00883549e254bdd22e [sys.catalog]: This master's current role is: FOLLOWER
I1014 19:25:58.730221 1000 raft_consensus.cc:457] T 00000000000000000000000000000000 P cbc42c7d5db44e00883549e254bdd22e [term 87 FOLLOWER]: Starting leader election (detected failure of leader 4043e04130264237805f012d8e251bd4)
I1014 19:25:58.730319 1000 raft_consensus.cc:2743] T 00000000000000000000000000000000 P cbc42c7d5db44e00883549e254bdd22e: Snoozing failure detection for 0.146s (starting election)
I1014 19:25:58.730404 1000 raft_consensus.cc:2795] T 00000000000000000000000000000000 P cbc42c7d5db44e00883549e254bdd22e [term 87 FOLLOWER]: Advancing to term 88
I1014 19:25:58.732645 1000 raft_consensus.cc:479] T 00000000000000000000000000000000 P cbc42c7d5db44e00883549e254bdd22e [term 88 FOLLOWER]: Starting leader election with config: opid_index: -1 OBSOLETE_local: false peers { permanent_uuid: "88e69d68a7914bf48d802a2f2e500b71" member_type: VOTER last_known_addr { host: "127.20.201.62" port: 56252 } } peers { permanent_uuid: "cbc42c7d5db44e00883549e254bdd22e" member_type: VOTER last_known_addr { host: "127.20.201.61" port: 59248 } } peers { permanent_uuid: "4043e04130264237805f012d8e251bd4" member_type: VOTER last_known_addr { host: "127.20.201.60" port: 53788 } }
I1014 19:25:58.733177 1000 leader_election.cc:251] T 00000000000000000000000000000000 P cbc42c7d5db44e00883549e254bdd22e [CANDIDATE]: Term 88 election: Requesting vote from peer 88e69d68a7914bf48d802a2f2e500b71 (127.20.201.62:56252)
I1014 19:25:58.733698 1000 leader_election.cc:251] T 00000000000000000000000000000000 P cbc42c7d5db44e00883549e254bdd22e [CANDIDATE]: Term 88 election: Requesting vote from peer 4043e04130264237805f012d8e251bd4 (127.20.201.60:53788)
I1014 19:25:58.734066 28639 tablet_service.cc:995] Received RequestConsensusVote() RPC: tablet_id: "00000000000000000000000000000000" candidate_uuid: "cbc42c7d5db44e00883549e254bdd22e" candidate_term: 88 candidate_status { last_received { term: 87 index: 55 } } ignore_live_leader: false dest_uuid: "88e69d68a7914bf48d802a2f2e500b71"
I1014 19:25:58.734248 28639 raft_consensus.cc:2216] T 00000000000000000000000000000000 P 88e69d68a7914bf48d802a2f2e500b71 [term 87 FOLLOWER]: Leader election vote request: Denying vote to candidate cbc42c7d5db44e00883549e254bdd22e for term 88 because replica is either leader or believes a valid leader to be alive.
I1014 19:25:58.734553 29010 tablet_service.cc:995] Received RequestConsensusVote() RPC: tablet_id: "00000000000000000000000000000000" candidate_uuid: "cbc42c7d5db44e00883549e254bdd22e" candidate_term: 88 candidate_status { last_received { term: 87 index: 55 } } ignore_live_leader: false dest_uuid: "4043e04130264237805f012d8e251bd4"
I1014 19:25:58.734684 28786 leader_election.cc:401] T 00000000000000000000000000000000 P cbc42c7d5db44e00883549e254bdd22e [CANDIDATE]: Term 88 election: Vote denied by peer 88e69d68a7914bf48d802a2f2e500b71 (127.20.201.62:56252). Message: Invalid argument: T 00000000000000000000000000000000 P 88e69d68a7914bf48d802a2f2e500b71 [term 87 FOLLOWER]: Leader election vote request: Denying vote to candidate cbc42c7d5db44e00883549e254bdd22e for term 88 because replica is either leader or believes a valid leader to be alive.
I1014 19:25:58.734753 29010 raft_consensus.cc:2216] T 00000000000000000000000000000000 P 4043e04130264237805f012d8e251bd4 [term 87 LEADER]: Leader election vote request: Denying vote to candidate cbc42c7d5db44e00883549e254bdd22e for term 88 because replica is either leader or believes a valid leader to be alive.
I1014 19:25:58.735083 28780 leader_election.cc:401] T 00000000000000000000000000000000 P cbc42c7d5db44e00883549e254bdd22e [CANDIDATE]: Term 88 election: Vote denied by peer 4043e04130264237805f012d8e251bd4 (127.20.201.60:53788). Message: Invalid argument: T 00000000000000000000000000000000 P 4043e04130264237805f012d8e251bd4 [term 87 LEADER]: Leader election vote request: Denying vote to candidate cbc42c7d5db44e00883549e254bdd22e for term 88 because replica is either leader or believes a valid leader to be alive.
I1014 19:25:58.735172 28780 leader_election.cc:278] T 00000000000000000000000000000000 P cbc42c7d5db44e00883549e254bdd22e [CANDIDATE]: Term 88 election: Election decided. Result: candidate lost.
I1014 19:25:58.735406 1000 raft_consensus.cc:2743] T 00000000000000000000000000000000 P cbc42c7d5db44e00883549e254bdd22e: Snoozing failure detection for 0.135s (election complete)
I1014 19:25:58.735527 1000 raft_consensus.cc:2497] T 00000000000000000000000000000000 P cbc42c7d5db44e00883549e254bdd22e [term 88 FOLLOWER]: Leader election lost for term 88. Reason: could not achieve majority
I1014 19:25:58.749343 32466 sys_catalog.cc:337] T 00000000000000000000000000000000 P 4043e04130264237805f012d8e251bd4 [sys.catalog]: SysCatalogTable state changed. Reason: Peer health change. Latest consensus state: current_term: 87 leader_uuid: "4043e04130264237805f012d8e251bd4" committed_config { opid_index: -1 OBSOLETE_local: false peers { permanent_uuid: "88e69d68a7914bf48d802a2f2e500b71" member_type: VOTER last_known_addr { host: "127.20.201.62" port: 56252 } } peers { permanent_uuid: "cbc42c7d5db44e00883549e254bdd22e" member_type: VOTER last_known_addr { host: "127.20.201.61" port: 59248 } } peers { permanent_uuid: "4043e04130264237805f012d8e251bd4" member_type: VOTER last_known_addr { host: "127.20.201.60" port: 53788 } } }
I1014 19:25:58.749596 32466 sys_catalog.cc:340] T 00000000000000000000000000000000 P 4043e04130264237805f012d8e251bd4 [sys.catalog]: This master's current role is: LEADER
I1014 19:25:58.749822 28825 raft_consensus.cc:1051] T 00000000000000000000000000000000 P cbc42c7d5db44e00883549e254bdd22e [term 88 FOLLOWER]: Rejecting Update request from peer 4043e04130264237805f012d8e251bd4 for earlier term 87. Current term is 88. Ops: []
I1014 19:25:58.750283 32466 consensus_queue.cc:974] T 00000000000000000000000000000000 P 4043e04130264237805f012d8e251bd4 [LEADER]: Peer responded invalid term: Peer: permanent_uuid: "cbc42c7d5db44e00883549e254bdd22e" member_type: VOTER last_known_addr { host: "127.20.201.61" port: 59248 }, Status: INVALID_TERM, Last received: 87.55, Next index: 56, Last known committed idx: 55, Time since last communication: 0.000s
I1014 19:25:58.750514 485 raft_consensus.cc:2790] T 00000000000000000000000000000000 P 4043e04130264237805f012d8e251bd4 [term 87 LEADER]: Stepping down as leader of term 87
I1014 19:25:58.750569 485 raft_consensus.cc:630] T 00000000000000000000000000000000 P 4043e04130264237805f012d8e251bd4 [term 87 LEADER]: Becoming Follower/Learner. State: Replica: 4043e04130264237805f012d8e251bd4, State: Running, Role: LEADER
I1014 19:25:58.750813 485 consensus_queue.cc:228] T 00000000000000000000000000000000 P 4043e04130264237805f012d8e251bd4 [NON_LEADER]: Queue going to NON_LEADER mode. State: All replicated index: 0, Majority replicated index: 55, Committed index: 55, Last appended: 87.55, Last appended by leader: 55, Current term: 87, Majority size: -1, State: 0, Mode: NON_LEADER, active raft config: opid_index: -1 OBSOLETE_local: false peers { permanent_uuid: "88e69d68a7914bf48d802a2f2e500b71" member_type: VOTER last_known_addr { host: "127.20.201.62" port: 56252 } } peers { permanent_uuid: "cbc42c7d5db44e00883549e254bdd22e" member_type: VOTER last_known_addr { host: "127.20.201.61" port: 59248 } } peers { permanent_uuid: "4043e04130264237805f012d8e251bd4" member_type: VOTER last_known_addr { host: "127.20.201.60" port: 53788 } }
I1014 19:25:58.750957 485 consensus_peers.cc:455] T 00000000000000000000000000000000 P 4043e04130264237805f012d8e251bd4 -> Peer cbc42c7d5db44e00883549e254bdd22e (127.20.201.61:59248): Closing peer: cbc42c7d5db44e00883549e254bdd22e
I1014 19:25:58.750999 485 consensus_peers.cc:455] T 00000000000000000000000000000000 P 4043e04130264237805f012d8e251bd4 -> Peer 88e69d68a7914bf48d802a2f2e500b71 (127.20.201.62:56252): Closing peer: 88e69d68a7914bf48d802a2f2e500b71
I1014 19:25:58.751102 485 raft_consensus.cc:2795] T 00000000000000000000000000000000 P 4043e04130264237805f012d8e251bd4 [term 87 FOLLOWER]: Advancing to term 88
I1014 19:25:58.826990 1004 raft_consensus.cc:457] T 00000000000000000000000000000000 P 88e69d68a7914bf48d802a2f2e500b71 [term 87 FOLLOWER]: Starting leader election (detected failure of leader 4043e04130264237805f012d8e251bd4)
I1014 19:25:58.827080 1004 raft_consensus.cc:2743] T 00000000000000000000000000000000 P 88e69d68a7914bf48d802a2f2e500b71: Snoozing failure detection for 0.118s (starting election)
I1014 19:25:58.827157 1004 raft_consensus.cc:2795] T 00000000000000000000000000000000 P 88e69d68a7914bf48d802a2f2e500b71 [term 87 FOLLOWER]: Advancing to term 88
I1014 19:25:58.828589 1004 raft_consensus.cc:479] T 00000000000000000000000000000000 P 88e69d68a7914bf48d802a2f2e500b71 [term 88 FOLLOWER]: Starting leader election with config: opid_index: -1 OBSOLETE_local: false peers { permanent_uuid: "88e69d68a7914bf48d802a2f2e500b71" member_type: VOTER last_known_addr { host: "127.20.201.62" port: 56252 } } peers { permanent_uuid: "cbc42c7d5db44e00883549e254bdd22e" member_type: VOTER last_known_addr { host: "127.20.201.61" port: 59248 } } peers { permanent_uuid: "4043e04130264237805f012d8e251bd4" member_type: VOTER last_known_addr { host: "127.20.201.60" port: 53788 } }
I1014 19:25:58.828974 1004 leader_election.cc:251] T 00000000000000000000000000000000 P 88e69d68a7914bf48d802a2f2e500b71 [CANDIDATE]: Term 88 election: Requesting vote from peer cbc42c7d5db44e00883549e254bdd22e (127.20.201.61:59248)
I1014 19:25:58.829136 1004 leader_election.cc:251] T 00000000000000000000000000000000 P 88e69d68a7914bf48d802a2f2e500b71 [CANDIDATE]: Term 88 election: Requesting vote from peer 4043e04130264237805f012d8e251bd4 (127.20.201.60:53788)
I1014 19:25:58.829619 28825 tablet_service.cc:995] Received RequestConsensusVote() RPC: tablet_id: "00000000000000000000000000000000" candidate_uuid: "88e69d68a7914bf48d802a2f2e500b71" candidate_term: 88 candidate_status { last_received { term: 87 index: 55 } } ignore_live_leader: false dest_uuid: "cbc42c7d5db44e00883549e254bdd22e"
I1014 19:25:58.829712 29010 tablet_service.cc:995] Received RequestConsensusVote() RPC: tablet_id: "00000000000000000000000000000000" candidate_uuid: "88e69d68a7914bf48d802a2f2e500b71" candidate_term: 88 candidate_status { last_received { term: 87 index: 55 } } ignore_live_leader: false dest_uuid: "4043e04130264237805f012d8e251bd4"
I1014 19:25:58.829813 28825 raft_consensus.cc:2185] T 00000000000000000000000000000000 P cbc42c7d5db44e00883549e254bdd22e [term 88 FOLLOWER]: Leader election vote request: Denying vote to candidate 88e69d68a7914bf48d802a2f2e500b71 in current term 88: Already voted for candidate cbc42c7d5db44e00883549e254bdd22e in this term.
I1014 19:25:58.829908 29010 raft_consensus.cc:2743] T 00000000000000000000000000000000 P 4043e04130264237805f012d8e251bd4: Snoozing failure detection for 0.138s (vote granted)
I1014 19:25:58.830159 28600 leader_election.cc:401] T 00000000000000000000000000000000 P 88e69d68a7914bf48d802a2f2e500b71 [CANDIDATE]: Term 88 election: Vote denied by peer cbc42c7d5db44e00883549e254bdd22e (127.20.201.61:59248). Message: Invalid argument: T 00000000000000000000000000000000 P cbc42c7d5db44e00883549e254bdd22e [term 88 FOLLOWER]: Leader election vote request: Denying vote to candidate 88e69d68a7914bf48d802a2f2e500b71 in current term 88: Already voted for candidate cbc42c7d5db44e00883549e254bdd22e in this term.
I1014 19:25:58.831567 29010 raft_consensus.cc:2255] T 00000000000000000000000000000000 P 4043e04130264237805f012d8e251bd4 [term 88 FOLLOWER]: Leader election vote request: Granting yes vote for candidate 88e69d68a7914bf48d802a2f2e500b71 in term 88.
I1014 19:25:58.831854 28594 leader_election.cc:387] T 00000000000000000000000000000000 P 88e69d68a7914bf48d802a2f2e500b71 [CANDIDATE]: Term 88 election: Vote granted by peer 4043e04130264237805f012d8e251bd4 (127.20.201.60:53788)
I1014 19:25:58.831923 28594 leader_election.cc:278] T 00000000000000000000000000000000 P 88e69d68a7914bf48d802a2f2e500b71 [CANDIDATE]: Term 88 election: Election decided. Result: candidate won.
I1014 19:25:58.832162 1004 raft_consensus.cc:2743] T 00000000000000000000000000000000 P 88e69d68a7914bf48d802a2f2e500b71: Snoozing failure detection for 0.109s (election complete)
I1014 19:25:58.832237 1004 raft_consensus.cc:2549] T 00000000000000000000000000000000 P 88e69d68a7914bf48d802a2f2e500b71 [term 88 FOLLOWER]: Leader election won for term 88
I1014 19:25:58.832657 1004 raft_consensus.cc:595] T 00000000000000000000000000000000 P 88e69d68a7914bf48d802a2f2e500b71 [term 88 LEADER]: Becoming Leader. State: Replica: 88e69d68a7914bf48d802a2f2e500b71, State: Running, Role: LEADER
I1014 19:25:58.832871 1004 consensus_queue.cc:205] T 00000000000000000000000000000000 P 88e69d68a7914bf48d802a2f2e500b71 [LEADER]: Queue going to LEADER mode. State: All replicated index: 0, Majority replicated index: 55, Committed index: 55, Last appended: 87.55, Last appended by leader: 55, Current term: 88, Majority size: 2, State: 0, Mode: LEADER, active raft config: opid_index: -1 OBSOLETE_local: false peers { permanent_uuid: "88e69d68a7914bf48d802a2f2e500b71" member_type: VOTER last_known_addr { host: "127.20.201.62" port: 56252 } } peers { permanent_uuid: "cbc42c7d5db44e00883549e254bdd22e" member_type: VOTER last_known_addr { host: "127.20.201.61" port: 59248 } } peers { permanent_uuid: "4043e04130264237805f012d8e251bd4" member_type: VOTER last_known_addr { host: "127.20.201.60" port: 53788 } }
I1014 19:25:58.833853 1141 sys_catalog.cc:337] T 00000000000000000000000000000000 P 88e69d68a7914bf48d802a2f2e500b71 [sys.catalog]: SysCatalogTable state changed. Reason: New leader 88e69d68a7914bf48d802a2f2e500b71. Latest consensus state: current_term: 88 leader_uuid: "88e69d68a7914bf48d802a2f2e500b71" committed_config { opid_index: -1 OBSOLETE_local: false peers { permanent_uuid: "88e69d68a7914bf48d802a2f2e500b71" member_type: VOTER last_known_addr { host: "127.20.201.62" port: 56252 } } peers { permanent_uuid: "cbc42c7d5db44e00883549e254bdd22e" member_type: VOTER last_known_addr { host: "127.20.201.61" port: 59248 } } peers { permanent_uuid: "4043e04130264237805f012d8e251bd4" member_type: VOTER last_known_addr { host: "127.20.201.60" port: 53788 } } }
I1014 19:25:58.834076 1141 sys_catalog.cc:340] T 00000000000000000000000000000000 P 88e69d68a7914bf48d802a2f2e500b71 [sys.catalog]: This master's current role is: LEADER
I1014 19:25:58.871804 1000 raft_consensus.cc:457] T 00000000000000000000000000000000 P cbc42c7d5db44e00883549e254bdd22e [term 88 FOLLOWER]: Starting leader election (no leader contacted us within the election timeout)
I1014 19:25:58.871892 1000 raft_consensus.cc:2743] T 00000000000000000000000000000000 P cbc42c7d5db44e00883549e254bdd22e: Snoozing failure detection for 0.138s (starting election)
I1014 19:25:58.871966 1000 raft_consensus.cc:2795] T 00000000000000000000000000000000 P cbc42c7d5db44e00883549e254bdd22e [term 88 FOLLOWER]: Advancing to term 89
I1014 19:25:58.874089 1000 raft_consensus.cc:479] T 00000000000000000000000000000000 P cbc42c7d5db44e00883549e254bdd22e [term 89 FOLLOWER]: Starting leader election with config: opid_index: -1 OBSOLETE_local: false peers { permanent_uuid: "88e69d68a7914bf48d802a2f2e500b71" member_type: VOTER last_known_addr { host: "127.20.201.62" port: 56252 } } peers { permanent_uuid: "cbc42c7d5db44e00883549e254bdd22e" member_type: VOTER last_known_addr { host: "127.20.201.61" port: 59248 } } peers { permanent_uuid: "4043e04130264237805f012d8e251bd4" member_type: VOTER last_known_addr { host: "127.20.201.60" port: 53788 } }
I1014 19:25:58.874581 1000 leader_election.cc:251] T 00000000000000000000000000000000 P cbc42c7d5db44e00883549e254bdd22e [CANDIDATE]: Term 89 election: Requesting vote from peer 88e69d68a7914bf48d802a2f2e500b71 (127.20.201.62:56252)
I1014 19:25:58.874964 1000 leader_election.cc:251] T 00000000000000000000000000000000 P cbc42c7d5db44e00883549e254bdd22e [CANDIDATE]: Term 89 election: Requesting vote from peer 4043e04130264237805f012d8e251bd4 (127.20.201.60:53788)
I1014 19:25:58.875283 28639 tablet_service.cc:995] Received RequestConsensusVote() RPC: tablet_id: "00000000000000000000000000000000" candidate_uuid: "cbc42c7d5db44e00883549e254bdd22e" candidate_term: 89 candidate_status { last_received { term: 87 index: 55 } } ignore_live_leader: false dest_uuid: "88e69d68a7914bf48d802a2f2e500b71"
I1014 19:25:58.875500 28639 raft_consensus.cc:2216] T 00000000000000000000000000000000 P 88e69d68a7914bf48d802a2f2e500b71 [term 88 LEADER]: Leader election vote request: Denying vote to candidate cbc42c7d5db44e00883549e254bdd22e for term 89 because replica is either leader or believes a valid leader to be alive.
I1014 19:25:58.875564 29010 tablet_service.cc:995] Received RequestConsensusVote() RPC: tablet_id: "00000000000000000000000000000000" candidate_uuid: "cbc42c7d5db44e00883549e254bdd22e" candidate_term: 89 candidate_status { last_received { term: 87 index: 55 } } ignore_live_leader: false dest_uuid: "4043e04130264237805f012d8e251bd4"
I1014 19:25:58.875710 29010 raft_consensus.cc:2795] T 00000000000000000000000000000000 P 4043e04130264237805f012d8e251bd4 [term 88 FOLLOWER]: Advancing to term 89
I1014 19:25:58.875803 29010 raft_consensus.cc:2743] T 00000000000000000000000000000000 P 4043e04130264237805f012d8e251bd4: Snoozing failure detection for 0.128s (vote granted)
I1014 19:25:58.875871 28786 leader_election.cc:401] T 00000000000000000000000000000000 P cbc42c7d5db44e00883549e254bdd22e [CANDIDATE]: Term 89 election: Vote denied by peer 88e69d68a7914bf48d802a2f2e500b71 (127.20.201.62:56252). Message: Invalid argument: T 00000000000000000000000000000000 P 88e69d68a7914bf48d802a2f2e500b71 [term 88 LEADER]: Leader election vote request: Denying vote to candidate cbc42c7d5db44e00883549e254bdd22e for term 89 because replica is either leader or believes a valid leader to be alive.
I1014 19:25:58.877288 29010 raft_consensus.cc:2255] T 00000000000000000000000000000000 P 4043e04130264237805f012d8e251bd4 [term 89 FOLLOWER]: Leader election vote request: Granting yes vote for candidate cbc42c7d5db44e00883549e254bdd22e in term 89.
I1014 19:25:58.877612 28780 leader_election.cc:387] T 00000000000000000000000000000000 P cbc42c7d5db44e00883549e254bdd22e [CANDIDATE]: Term 89 election: Vote granted by peer 4043e04130264237805f012d8e251bd4 (127.20.201.60:53788)
I1014 19:25:58.877686 28780 leader_election.cc:278] T 00000000000000000000000000000000 P cbc42c7d5db44e00883549e254bdd22e [CANDIDATE]: Term 89 election: Election decided. Result: candidate won.
I1014 19:25:58.877913 1000 raft_consensus.cc:2743] T 00000000000000000000000000000000 P cbc42c7d5db44e00883549e254bdd22e: Snoozing failure detection for 0.119s (election complete)
I1014 19:25:58.877984 1000 raft_consensus.cc:2549] T 00000000000000000000000000000000 P cbc42c7d5db44e00883549e254bdd22e [term 89 FOLLOWER]: Leader election won for term 89
I1014 19:25:58.878134 1000 raft_consensus.cc:595] T 00000000000000000000000000000000 P cbc42c7d5db44e00883549e254bdd22e [term 89 LEADER]: Becoming Leader. State: Replica: cbc42c7d5db44e00883549e254bdd22e, State: Running, Role: LEADER
I1014 19:25:58.878429 1000 consensus_queue.cc:205] T 00000000000000000000000000000000 P cbc42c7d5db44e00883549e254bdd22e [LEADER]: Queue going to LEADER mode. State: All replicated index: 0, Majority replicated index: 55, Committed index: 55, Last appended: 87.55, Last appended by leader: 55, Current term: 89, Majority size: 2, State: 0, Mode: LEADER, active raft config: opid_index: -1 OBSOLETE_local: false peers { permanent_uuid: "88e69d68a7914bf48d802a2f2e500b71" member_type: VOTER last_known_addr { host: "127.20.201.62" port: 56252 } } peers { permanent_uuid: "cbc42c7d5db44e00883549e254bdd22e" member_type: VOTER last_known_addr { host: "127.20.201.61" port: 59248 } } peers { permanent_uuid: "4043e04130264237805f012d8e251bd4" member_type: VOTER last_known_addr { host: "127.20.201.60" port: 53788 } }
I1014 19:25:58.879698 1002 sys_catalog.cc:337] T 00000000000000000000000000000000 P cbc42c7d5db44e00883549e254bdd22e [sys.catalog]: SysCatalogTable state changed. Reason: New leader cbc42c7d5db44e00883549e254bdd22e. Latest consensus state: current_term: 89 leader_uuid: "cbc42c7d5db44e00883549e254bdd22e" committed_config { opid_index: -1 OBSOLETE_local: false peers { permanent_uuid: "88e69d68a7914bf48d802a2f2e500b71" member_type: VOTER last_known_addr { host: "127.20.201.62" port: 56252 } } peers { permanent_uuid: "cbc42c7d5db44e00883549e254bdd22e" member_type: VOTER last_known_addr { host: "127.20.201.61" port: 59248 } } peers { permanent_uuid: "4043e04130264237805f012d8e251bd4" member_type: VOTER last_known_addr { host: "127.20.201.60" port: 53788 } } }
I1014 19:25:58.879906 1002 sys_catalog.cc:340] T 00000000000000000000000000000000 P cbc42c7d5db44e00883549e254bdd22e [sys.catalog]: This master's current role is: LEADER
I1014 19:25:58.911579 29010 raft_consensus.cc:1051] T 00000000000000000000000000000000 P 4043e04130264237805f012d8e251bd4 [term 89 FOLLOWER]: Rejecting Update request from peer 88e69d68a7914bf48d802a2f2e500b71 for earlier term 88. Current term is 89. Ops: []
I1014 19:25:58.912310 1141 consensus_queue.cc:974] T 00000000000000000000000000000000 P 88e69d68a7914bf48d802a2f2e500b71 [LEADER]: Peer responded invalid term: Peer: permanent_uuid: "4043e04130264237805f012d8e251bd4" member_type: VOTER last_known_addr { host: "127.20.201.60" port: 53788 }, Status: INVALID_TERM, Last received: 0.0, Next index: 56, Last known committed idx: 55, Time since last communication: 0.000s
I1014 19:25:58.912581 1004 raft_consensus.cc:2790] T 00000000000000000000000000000000 P 88e69d68a7914bf48d802a2f2e500b71 [term 88 LEADER]: Stepping down as leader of term 88
I1014 19:25:58.912637 1004 raft_consensus.cc:630] T 00000000000000000000000000000000 P 88e69d68a7914bf48d802a2f2e500b71 [term 88 LEADER]: Becoming Follower/Learner. State: Replica: 88e69d68a7914bf48d802a2f2e500b71, State: Running, Role: LEADER
I1014 19:25:58.912734 28825 raft_consensus.cc:1051] T 00000000000000000000000000000000 P cbc42c7d5db44e00883549e254bdd22e [term 89 LEADER]: Rejecting Update request from peer 88e69d68a7914bf48d802a2f2e500b71 for earlier term 88. Current term is 89. Ops: []
I1014 19:25:58.912816 1004 consensus_queue.cc:228] T 00000000000000000000000000000000 P 88e69d68a7914bf48d802a2f2e500b71 [NON_LEADER]: Queue going to NON_LEADER mode. State: All replicated index: 0, Majority replicated index: 55, Committed index: 55, Last appended: 88.56, Last appended by leader: 56, Current term: 88, Majority size: -1, State: 0, Mode: NON_LEADER, active raft config: opid_index: -1 OBSOLETE_local: false peers { permanent_uuid: "88e69d68a7914bf48d802a2f2e500b71" member_type: VOTER last_known_addr { host: "127.20.201.62" port: 56252 } } peers { permanent_uuid: "cbc42c7d5db44e00883549e254bdd22e" member_type: VOTER last_known_addr { host: "127.20.201.61" port: 59248 } } peers { permanent_uuid: "4043e04130264237805f012d8e251bd4" member_type: VOTER last_known_addr { host: "127.20.201.60" port: 53788 } }
I1014 19:25:58.913050 1004 consensus_peers.cc:455] T 00000000000000000000000000000000 P 88e69d68a7914bf48d802a2f2e500b71 -> Peer 4043e04130264237805f012d8e251bd4 (127.20.201.60:53788): Closing peer: 4043e04130264237805f012d8e251bd4
I1014 19:25:58.913229 1004 consensus_peers.cc:455] T 00000000000000000000000000000000 P 88e69d68a7914bf48d802a2f2e500b71 -> Peer cbc42c7d5db44e00883549e254bdd22e (127.20.201.61:59248): Closing peer: cbc42c7d5db44e00883549e254bdd22e
I1014 19:25:58.913352 1004 raft_consensus.cc:2795] T 00000000000000000000000000000000 P 88e69d68a7914bf48d802a2f2e500b71 [term 88 FOLLOWER]: Advancing to term 89
W1014 19:25:58.929318 32481 catalog_manager.cc:1038] Time spent T 00000000000000000000000000000000 P 4043e04130264237805f012d8e251bd4: Initializing Kudu internal certificate authority: real 1.995s user 0.001s sys 0.000s
I1014 19:25:58.929376 32481 catalog_manager.cc:1046] Loading token signing keys...
I1014 19:25:58.930132 32481 catalog_manager.cc:4073] T 00000000000000000000000000000000 P 4043e04130264237805f012d8e251bd4: Loaded TSK: 0
I1014 19:25:58.930971 32481 catalog_manager.cc:1011] Loading token signing keys failed; change in term detected: 74 vs 89: Illegal state: Replica 4043e04130264237805f012d8e251bd4 is not leader of this config. Role: FOLLOWER. Consensus state: current_term: 89 committed_config { opid_index: -1 OBSOLETE_local: false peers { permanent_uuid: "88e69d68a7914bf48d802a2f2e500b71" member_type: VOTER last_known_addr { host: "127.20.201.62" port: 56252 } } peers { permanent_uuid: "cbc42c7d5db44e00883549e254bdd22e" member_type: VOTER last_known_addr { host: "127.20.201.61" port: 59248 } } peers { permanent_uuid: "4043e04130264237805f012d8e251bd4" member_type: VOTER last_known_addr { host: "127.20.201.60" port: 53788 } } }
W1014 19:25:58.931185 32481 catalog_manager.cc:960] Failed waiting for node to catch up after master election: Illegal state: Node 4043e04130264237805f012d8e251bd4 not leader. Raft Consensus state: current_term: 89 committed_config { opid_index: -1 OBSOLETE_local: false peers { permanent_uuid: "88e69d68a7914bf48d802a2f2e500b71" member_type: VOTER last_known_addr { host: "127.20.201.62" port: 56252 } } peers { permanent_uuid: "cbc42c7d5db44e00883549e254bdd22e" member_type: VOTER last_known_addr { host: "127.20.201.61" port: 59248 } } peers { permanent_uuid: "4043e04130264237805f012d8e251bd4" member_type: VOTER last_known_addr { host: "127.20.201.60" port: 53788 } } }
W1014 19:25:58.931362 32481 catalog_manager.cc:960] Failed waiting for node to catch up after master election: Illegal state: Node 4043e04130264237805f012d8e251bd4 not leader. Raft Consensus state: current_term: 89 committed_config { opid_index: -1 OBSOLETE_local: false peers { permanent_uuid: "88e69d68a7914bf48d802a2f2e500b71" member_type: VOTER last_known_addr { host: "127.20.201.62" port: 56252 } } peers { permanent_uuid: "cbc42c7d5db44e00883549e254bdd22e" member_type: VOTER last_known_addr { host: "127.20.201.61" port: 59248 } } peers { permanent_uuid: "4043e04130264237805f012d8e251bd4" member_type: VOTER last_known_addr { host: "127.20.201.60" port: 53788 } } }
W1014 19:25:58.931586 32481 catalog_manager.cc:960] Failed waiting for node to catch up after master election: Illegal state: Node 4043e04130264237805f012d8e251bd4 not leader. Raft Consensus state: current_term: 89 committed_config { opid_index: -1 OBSOLETE_local: false peers { permanent_uuid: "88e69d68a7914bf48d802a2f2e500b71" member_type: VOTER last_known_addr { host: "127.20.201.62" port: 56252 } } peers { permanent_uuid: "cbc42c7d5db44e00883549e254bdd22e" member_type: VOTER last_known_addr { host: "127.20.201.61" port: 59248 } } peers { permanent_uuid: "4043e04130264237805f012d8e251bd4" member_type: VOTER last_known_addr { host: "127.20.201.60" port: 53788 } } }
W1014 19:25:58.931742 32481 catalog_manager.cc:960] Failed waiting for node to catch up after master election: Illegal state: Node 4043e04130264237805f012d8e251bd4 not leader. Raft Consensus state: current_term: 89 committed_config { opid_index: -1 OBSOLETE_local: false peers { permanent_uuid: "88e69d68a7914bf48d802a2f2e500b71" member_type: VOTER last_known_addr { host: "127.20.201.62" port: 56252 } } peers { permanent_uuid: "cbc42c7d5db44e00883549e254bdd22e" member_type: VOTER last_known_addr { host: "127.20.201.61" port: 59248 } } peers { permanent_uuid: "4043e04130264237805f012d8e251bd4" member_type: VOTER last_known_addr { host: "127.20.201.60" port: 53788 } } }
W1014 19:25:58.931916 32481 catalog_manager.cc:960] Failed waiting for node to catch up after master election: Illegal state: Node 4043e04130264237805f012d8e251bd4 not leader. Raft Consensus state: current_term: 89 committed_config { opid_index: -1 OBSOLETE_local: false peers { permanent_uuid: "88e69d68a7914bf48d802a2f2e500b71" member_type: VOTER last_known_addr { host: "127.20.201.62" port: 56252 } } peers { permanent_uuid: "cbc42c7d5db44e00883549e254bdd22e" member_type: VOTER last_known_addr { host: "127.20.201.61" port: 59248 } } peers { permanent_uuid: "4043e04130264237805f012d8e251bd4" member_type: VOTER last_known_addr { host: "127.20.201.60" port: 53788 } } }
W1014 19:25:58.932106 32481 catalog_manager.cc:960] Failed waiting for node to catch up after master election: Illegal state: Node 4043e04130264237805f012d8e251bd4 not leader. Raft Consensus state: current_term: 89 committed_config { opid_index: -1 OBSOLETE_local: false peers { permanent_uuid: "88e69d68a7914bf48d802a2f2e500b71" member_type: VOTER last_known_addr { host: "127.20.201.62" port: 56252 } } peers { permanent_uuid: "cbc42c7d5db44e00883549e254bdd22e" member_type: VOTER last_known_addr { host: "127.20.201.61" port: 59248 } } peers { permanent_uuid: "4043e04130264237805f012d8e251bd4" member_type: VOTER last_known_addr { host: "127.20.201.60" port: 53788 } } }
W1014 19:25:58.932301 32481 catalog_manager.cc:960] Failed waiting for node to catch up after master election: Illegal state: Node 4043e04130264237805f012d8e251bd4 not leader. Raft Consensus state: current_term: 89 committed_config { opid_index: -1 OBSOLETE_local: false peers { permanent_uuid: "88e69d68a7914bf48d802a2f2e500b71" member_type: VOTER last_known_addr { host: "127.20.201.62" port: 56252 } } peers { permanent_uuid: "cbc42c7d5db44e00883549e254bdd22e" member_type: VOTER last_known_addr { host: "127.20.201.61" port: 59248 } } peers { permanent_uuid: "4043e04130264237805f012d8e251bd4" member_type: VOTER last_known_addr { host: "127.20.201.60" port: 53788 } } }
W1014 19:25:58.932566 32481 catalog_manager.cc:960] Failed waiting for node to catch up after master election: Illegal state: Node 4043e04130264237805f012d8e251bd4 not leader. Raft Consensus state: current_term: 89 committed_config { opid_index: -1 OBSOLETE_local: false peers { permanent_uuid: "88e69d68a7914bf48d802a2f2e500b71" member_type: VOTER last_known_addr { host: "127.20.201.62" port: 56252 } } peers { permanent_uuid: "cbc42c7d5db44e00883549e254bdd22e" member_type: VOTER last_known_addr { host: "127.20.201.61" port: 59248 } } peers { permanent_uuid: "4043e04130264237805f012d8e251bd4" member_type: VOTER last_known_addr { host: "127.20.201.60" port: 53788 } } }
W1014 19:25:58.932760 32481 catalog_manager.cc:960] Failed waiting for node to catch up after master election: Illegal state: Node 4043e04130264237805f012d8e251bd4 not leader. Raft Consensus state: current_term: 89 committed_config { opid_index: -1 OBSOLETE_local: false peers { permanent_uuid: "88e69d68a7914bf48d802a2f2e500b71" member_type: VOTER last_known_addr { host: "127.20.201.62" port: 56252 } } peers { permanent_uuid: "cbc42c7d5db44e00883549e254bdd22e" member_type: VOTER last_known_addr { host: "127.20.201.61" port: 59248 } } peers { permanent_uuid: "4043e04130264237805f012d8e251bd4" member_type: VOTER last_known_addr { host: "127.20.201.60" port: 53788 } } }
I1014 19:25:58.967075 28639 raft_consensus.cc:1083] T 00000000000000000000000000000000 P 88e69d68a7914bf48d802a2f2e500b71 [term 89 FOLLOWER]: Refusing update from remote peer cbc42c7d5db44e00883549e254bdd22e: Log matching property violated. Preceding OpId in replica: term: 88 index: 56. Preceding OpId from leader: term: 89 index: 56. (term mismatch)
I1014 19:25:58.967152 28639 pending_rounds.cc:76] T 00000000000000000000000000000000 P 88e69d68a7914bf48d802a2f2e500b71: Aborting all transactions after (but not including) 55
I1014 19:25:58.967195 28639 pending_rounds.cc:97] T 00000000000000000000000000000000 P 88e69d68a7914bf48d802a2f2e500b71: Aborting uncommitted NO_OP operation due to leader change: 88.56
I1014 19:25:58.967249 28639 raft_consensus.cc:2632] T 00000000000000000000000000000000 P 88e69d68a7914bf48d802a2f2e500b71 [term 89 FOLLOWER]: NO_OP replication failed: Aborted: Transaction aborted by new leader
I1014 19:25:58.968056 1002 consensus_queue.cc:963] T 00000000000000000000000000000000 P cbc42c7d5db44e00883549e254bdd22e [LEADER]: Connected to new peer: Peer: permanent_uuid: "88e69d68a7914bf48d802a2f2e500b71" member_type: VOTER last_known_addr { host: "127.20.201.62" port: 56252 }, Status: LMP_MISMATCH, Last received: 0.0, Next index: 56, Last known committed idx: 55, Time since last communication: 0.000s
I1014 19:25:58.969763 1004 sys_catalog.cc:337] T 00000000000000000000000000000000 P 88e69d68a7914bf48d802a2f2e500b71 [sys.catalog]: SysCatalogTable state changed. Reason: New leader cbc42c7d5db44e00883549e254bdd22e. Latest consensus state: current_term: 89 leader_uuid: "cbc42c7d5db44e00883549e254bdd22e" committed_config { opid_index: -1 OBSOLETE_local: false peers { permanent_uuid: "88e69d68a7914bf48d802a2f2e500b71" member_type: VOTER last_known_addr { host: "127.20.201.62" port: 56252 } } peers { permanent_uuid: "cbc42c7d5db44e00883549e254bdd22e" member_type: VOTER last_known_addr { host: "127.20.201.61" port: 59248 } } peers { permanent_uuid: "4043e04130264237805f012d8e251bd4" member_type: VOTER last_known_addr { host: "127.20.201.60" port: 53788 } } }
I1014 19:25:58.969956 1004 sys_catalog.cc:340] T 00000000000000000000000000000000 P 88e69d68a7914bf48d802a2f2e500b71 [sys.catalog]: This master's current role is: FOLLOWER
I1014 19:25:58.970837 1002 sys_catalog.cc:337] T 00000000000000000000000000000000 P cbc42c7d5db44e00883549e254bdd22e [sys.catalog]: SysCatalogTable state changed. Reason: Peer health change. Latest consensus state: current_term: 89 leader_uuid: "cbc42c7d5db44e00883549e254bdd22e" committed_config { opid_index: -1 OBSOLETE_local: false peers { permanent_uuid: "88e69d68a7914bf48d802a2f2e500b71" member_type: VOTER last_known_addr { host: "127.20.201.62" port: 56252 } } peers { permanent_uuid: "cbc42c7d5db44e00883549e254bdd22e" member_type: VOTER last_known_addr { host: "127.20.201.61" port: 59248 } } peers { permanent_uuid: "4043e04130264237805f012d8e251bd4" member_type: VOTER last_known_addr { host: "127.20.201.60" port: 53788 } } }
I1014 19:25:58.971084 1002 sys_catalog.cc:340] T 00000000000000000000000000000000 P cbc42c7d5db44e00883549e254bdd22e [sys.catalog]: This master's current role is: LEADER
I1014 19:25:58.971333 29010 raft_consensus.cc:1083] T 00000000000000000000000000000000 P 4043e04130264237805f012d8e251bd4 [term 89 FOLLOWER]: Refusing update from remote peer cbc42c7d5db44e00883549e254bdd22e: Log matching property violated. Preceding OpId in replica: term: 87 index: 55. Preceding OpId from leader: term: 89 index: 56. (index mismatch)
I1014 19:25:58.971997 1000 consensus_queue.cc:963] T 00000000000000000000000000000000 P cbc42c7d5db44e00883549e254bdd22e [LEADER]: Connected to new peer: Peer: permanent_uuid: "4043e04130264237805f012d8e251bd4" member_type: VOTER last_known_addr { host: "127.20.201.60" port: 53788 }, Status: LMP_MISMATCH, Last received: 0.0, Next index: 56, Last known committed idx: 55, Time since last communication: 0.000s
I1014 19:25:58.972385 1004 sys_catalog.cc:337] T 00000000000000000000000000000000 P 88e69d68a7914bf48d802a2f2e500b71 [sys.catalog]: SysCatalogTable state changed. Reason: Replicated consensus-only round. Latest consensus state: current_term: 89 leader_uuid: "cbc42c7d5db44e00883549e254bdd22e" committed_config { opid_index: -1 OBSOLETE_local: false peers { permanent_uuid: "88e69d68a7914bf48d802a2f2e500b71" member_type: VOTER last_known_addr { host: "127.20.201.62" port: 56252 } } peers { permanent_uuid: "cbc42c7d5db44e00883549e254bdd22e" member_type: VOTER last_known_addr { host: "127.20.201.61" port: 59248 } } peers { permanent_uuid: "4043e04130264237805f012d8e251bd4" member_type: VOTER last_known_addr { host: "127.20.201.60" port: 53788 } } }
I1014 19:25:58.972622 1004 sys_catalog.cc:340] T 00000000000000000000000000000000 P 88e69d68a7914bf48d802a2f2e500b71 [sys.catalog]: This master's current role is: FOLLOWER
I1014 19:25:58.973515 32466 sys_catalog.cc:337] T 00000000000000000000000000000000 P 4043e04130264237805f012d8e251bd4 [sys.catalog]: SysCatalogTable state changed. Reason: New leader cbc42c7d5db44e00883549e254bdd22e. Latest consensus state: current_term: 89 leader_uuid: "cbc42c7d5db44e00883549e254bdd22e" committed_config { opid_index: -1 OBSOLETE_local: false peers { permanent_uuid: "88e69d68a7914bf48d802a2f2e500b71" member_type: VOTER last_known_addr { host: "127.20.201.62" port: 56252 } } peers { permanent_uuid: "cbc42c7d5db44e00883549e254bdd22e" member_type: VOTER last_known_addr { host: "127.20.201.61" port: 59248 } } peers { permanent_uuid: "4043e04130264237805f012d8e251bd4" member_type: VOTER last_known_addr { host: "127.20.201.60" port: 53788 } } }
I1014 19:25:58.973583 485 sys_catalog.cc:337] T 00000000000000000000000000000000 P 4043e04130264237805f012d8e251bd4 [sys.catalog]: SysCatalogTable state changed. Reason: Replicated consensus-only round. Latest consensus state: current_term: 89 leader_uuid: "cbc42c7d5db44e00883549e254bdd22e" committed_config { opid_index: -1 OBSOLETE_local: false peers { permanent_uuid: "88e69d68a7914bf48d802a2f2e500b71" member_type: VOTER last_known_addr { host: "127.20.201.62" port: 56252 } } peers { permanent_uuid: "cbc42c7d5db44e00883549e254bdd22e" member_type: VOTER last_known_addr { host: "127.20.201.61" port: 59248 } } peers { permanent_uuid: "4043e04130264237805f012d8e251bd4" member_type: VOTER last_known_addr { host: "127.20.201.60" port: 53788 } } }
I1014 19:25:58.973836 485 sys_catalog.cc:340] T 00000000000000000000000000000000 P 4043e04130264237805f012d8e251bd4 [sys.catalog]: This master's current role is: FOLLOWER
I1014 19:25:58.973836 32466 sys_catalog.cc:340] T 00000000000000000000000000000000 P 4043e04130264237805f012d8e251bd4 [sys.catalog]: This master's current role is: FOLLOWER
I1014 19:25:59.049903 1000 sys_catalog.cc:337] T 00000000000000000000000000000000 P cbc42c7d5db44e00883549e254bdd22e [sys.catalog]: SysCatalogTable state changed. Reason: Peer health change. Latest consensus state: current_term: 89 leader_uuid: "cbc42c7d5db44e00883549e254bdd22e" committed_config { opid_index: -1 OBSOLETE_local: false peers { permanent_uuid: "88e69d68a7914bf48d802a2f2e500b71" member_type: VOTER last_known_addr { host: "127.20.201.62" port: 56252 } } peers { permanent_uuid: "cbc42c7d5db44e00883549e254bdd22e" member_type: VOTER last_known_addr { host: "127.20.201.61" port: 59248 } } peers { permanent_uuid: "4043e04130264237805f012d8e251bd4" member_type: VOTER last_known_addr { host: "127.20.201.60" port: 53788 } } }
I1014 19:25:59.050179 1000 sys_catalog.cc:340] T 00000000000000000000000000000000 P cbc42c7d5db44e00883549e254bdd22e [sys.catalog]: This master's current role is: LEADER
I1014 19:25:59.241719 32466 raft_consensus.cc:457] T 00000000000000000000000000000000 P 4043e04130264237805f012d8e251bd4 [term 89 FOLLOWER]: Starting leader election (detected failure of leader cbc42c7d5db44e00883549e254bdd22e)
I1014 19:25:59.241827 32466 raft_consensus.cc:2743] T 00000000000000000000000000000000 P 4043e04130264237805f012d8e251bd4: Snoozing failure detection for 0.146s (starting election)
I1014 19:25:59.241902 32466 raft_consensus.cc:2795] T 00000000000000000000000000000000 P 4043e04130264237805f012d8e251bd4 [term 89 FOLLOWER]: Advancing to term 90
I1014 19:25:59.244160 32466 raft_consensus.cc:479] T 00000000000000000000000000000000 P 4043e04130264237805f012d8e251bd4 [term 90 FOLLOWER]: Starting leader election with config: opid_index: -1 OBSOLETE_local: false peers { permanent_uuid: "88e69d68a7914bf48d802a2f2e500b71" member_type: VOTER last_known_addr { host: "127.20.201.62" port: 56252 } } peers { permanent_uuid: "cbc42c7d5db44e00883549e254bdd22e" member_type: VOTER last_known_addr { host: "127.20.201.61" port: 59248 } } peers { permanent_uuid: "4043e04130264237805f012d8e251bd4" member_type: VOTER last_known_addr { host: "127.20.201.60" port: 53788 } }
I1014 19:25:59.244706 32466 leader_election.cc:251] T 00000000000000000000000000000000 P 4043e04130264237805f012d8e251bd4 [CANDIDATE]: Term 90 election: Requesting vote from peer 88e69d68a7914bf48d802a2f2e500b71 (127.20.201.62:56252)
I1014 19:25:59.244927 32466 leader_election.cc:251] T 00000000000000000000000000000000 P 4043e04130264237805f012d8e251bd4 [CANDIDATE]: Term 90 election: Requesting vote from peer cbc42c7d5db44e00883549e254bdd22e (127.20.201.61:59248)
I1014 19:25:59.245528 28639 tablet_service.cc:995] Received RequestConsensusVote() RPC: tablet_id: "00000000000000000000000000000000" candidate_uuid: "4043e04130264237805f012d8e251bd4" candidate_term: 90 candidate_status { last_received { term: 89 index: 56 } } ignore_live_leader: false dest_uuid: "88e69d68a7914bf48d802a2f2e500b71"
I1014 19:25:59.245739 28639 raft_consensus.cc:2216] T 00000000000000000000000000000000 P 88e69d68a7914bf48d802a2f2e500b71 [term 89 FOLLOWER]: Leader election vote request: Denying vote to candidate 4043e04130264237805f012d8e251bd4 for term 90 because replica is either leader or believes a valid leader to be alive.
I1014 19:25:59.246376 28825 tablet_service.cc:995] Received RequestConsensusVote() RPC: tablet_id: "00000000000000000000000000000000" candidate_uuid: "4043e04130264237805f012d8e251bd4" candidate_term: 90 candidate_status { last_received { term: 89 index: 56 } } ignore_live_leader: false dest_uuid: "cbc42c7d5db44e00883549e254bdd22e"
I1014 19:25:59.246529 28985 leader_election.cc:401] T 00000000000000000000000000000000 P 4043e04130264237805f012d8e251bd4 [CANDIDATE]: Term 90 election: Vote denied by peer 88e69d68a7914bf48d802a2f2e500b71 (127.20.201.62:56252). Message: Invalid argument: T 00000000000000000000000000000000 P 88e69d68a7914bf48d802a2f2e500b71 [term 89 FOLLOWER]: Leader election vote request: Denying vote to candidate 4043e04130264237805f012d8e251bd4 for term 90 because replica is either leader or believes a valid leader to be alive.
I1014 19:25:59.246609 28825 raft_consensus.cc:2216] T 00000000000000000000000000000000 P cbc42c7d5db44e00883549e254bdd22e [term 89 LEADER]: Leader election vote request: Denying vote to candidate 4043e04130264237805f012d8e251bd4 for term 90 because replica is either leader or believes a valid leader to be alive.
I1014 19:25:59.246991 28985 leader_election.cc:401] T 00000000000000000000000000000000 P 4043e04130264237805f012d8e251bd4 [CANDIDATE]: Term 90 election: Vote denied by peer cbc42c7d5db44e00883549e254bdd22e (127.20.201.61:59248). Message: Invalid argument: T 00000000000000000000000000000000 P cbc42c7d5db44e00883549e254bdd22e [term 89 LEADER]: Leader election vote request: Denying vote to candidate 4043e04130264237805f012d8e251bd4 for term 90 because replica is either leader or believes a valid leader to be alive.
I1014 19:25:59.247066 28985 leader_election.cc:278] T 00000000000000000000000000000000 P 4043e04130264237805f012d8e251bd4 [CANDIDATE]: Term 90 election: Election decided. Result: candidate lost.
I1014 19:25:59.247319 32466 raft_consensus.cc:2743] T 00000000000000000000000000000000 P 4043e04130264237805f012d8e251bd4: Snoozing failure detection for 0.126s (election complete)
I1014 19:25:59.247475 32466 raft_consensus.cc:2497] T 00000000000000000000000000000000 P 4043e04130264237805f012d8e251bd4 [term 90 FOLLOWER]: Leader election lost for term 90. Reason: could not achieve majority
I1014 19:25:59.264044 29010 raft_consensus.cc:1051] T 00000000000000000000000000000000 P 4043e04130264237805f012d8e251bd4 [term 90 FOLLOWER]: Rejecting Update request from peer cbc42c7d5db44e00883549e254bdd22e for earlier term 89. Current term is 90. Ops: []
I1014 19:25:59.264695 1002 consensus_queue.cc:974] T 00000000000000000000000000000000 P cbc42c7d5db44e00883549e254bdd22e [LEADER]: Peer responded invalid term: Peer: permanent_uuid: "4043e04130264237805f012d8e251bd4" member_type: VOTER last_known_addr { host: "127.20.201.60" port: 53788 }, Status: INVALID_TERM, Last received: 89.56, Next index: 57, Last known committed idx: 56, Time since last communication: 0.000s
I1014 19:25:59.264997 1002 raft_consensus.cc:2790] T 00000000000000000000000000000000 P cbc42c7d5db44e00883549e254bdd22e [term 89 LEADER]: Stepping down as leader of term 89
I1014 19:25:59.265058 1002 raft_consensus.cc:630] T 00000000000000000000000000000000 P cbc42c7d5db44e00883549e254bdd22e [term 89 LEADER]: Becoming Follower/Learner. State: Replica: cbc42c7d5db44e00883549e254bdd22e, State: Running, Role: LEADER
I1014 19:25:59.265326 1002 consensus_queue.cc:228] T 00000000000000000000000000000000 P cbc42c7d5db44e00883549e254bdd22e [NON_LEADER]: Queue going to NON_LEADER mode. State: All replicated index: 0, Majority replicated index: 56, Committed index: 56, Last appended: 89.56, Last appended by leader: 56, Current term: 89, Majority size: -1, State: 0, Mode: NON_LEADER, active raft config: opid_index: -1 OBSOLETE_local: false peers { permanent_uuid: "88e69d68a7914bf48d802a2f2e500b71" member_type: VOTER last_known_addr { host: "127.20.201.62" port: 56252 } } peers { permanent_uuid: "cbc42c7d5db44e00883549e254bdd22e" member_type: VOTER last_known_addr { host: "127.20.201.61" port: 59248 } } peers { permanent_uuid: "4043e04130264237805f012d8e251bd4" member_type: VOTER last_known_addr { host: "127.20.201.60" port: 53788 } }
I1014 19:25:59.265563 1002 consensus_peers.cc:455] T 00000000000000000000000000000000 P cbc42c7d5db44e00883549e254bdd22e -> Peer 4043e04130264237805f012d8e251bd4 (127.20.201.60:53788): Closing peer: 4043e04130264237805f012d8e251bd4
I1014 19:25:59.265628 1002 consensus_peers.cc:455] T 00000000000000000000000000000000 P cbc42c7d5db44e00883549e254bdd22e -> Peer 88e69d68a7914bf48d802a2f2e500b71 (127.20.201.62:56252): Closing peer: 88e69d68a7914bf48d802a2f2e500b71
I1014 19:25:59.265771 1002 raft_consensus.cc:2795] T 00000000000000000000000000000000 P cbc42c7d5db44e00883549e254bdd22e [term 89 FOLLOWER]: Advancing to term 90
W1014 19:25:59.310987 32444 catalog_manager.cc:1038] Time spent T 00000000000000000000000000000000 P 88e69d68a7914bf48d802a2f2e500b71: Initializing Kudu internal certificate authority: real 1.557s user 0.002s sys 0.000s
I1014 19:25:59.311059 32444 catalog_manager.cc:1046] Loading token signing keys...
I1014 19:25:59.311970 32444 catalog_manager.cc:4073] T 00000000000000000000000000000000 P 88e69d68a7914bf48d802a2f2e500b71: Loaded TSK: 0
I1014 19:25:59.313704 32444 catalog_manager.cc:1011] Loading token signing keys failed; change in term detected: 78 vs 89: Illegal state: Replica 88e69d68a7914bf48d802a2f2e500b71 is not leader of this config. Role: FOLLOWER. Consensus state: current_term: 89 leader_uuid: "cbc42c7d5db44e00883549e254bdd22e" committed_config { opid_index: -1 OBSOLETE_local: false peers { permanent_uuid: "88e69d68a7914bf48d802a2f2e500b71" member_type: VOTER last_known_addr { host: "127.20.201.62" port: 56252 } } peers { permanent_uuid: "cbc42c7d5db44e00883549e254bdd22e" member_type: VOTER last_known_addr { host: "127.20.201.61" port: 59248 } } peers { permanent_uuid: "4043e04130264237805f012d8e251bd4" member_type: VOTER last_known_addr { host: "127.20.201.60" port: 53788 } } }
W1014 19:25:59.314074 32444 catalog_manager.cc:960] Failed waiting for node to catch up after master election: Illegal state: Node 88e69d68a7914bf48d802a2f2e500b71 not leader. Raft Consensus state: current_term: 89 leader_uuid: "cbc42c7d5db44e00883549e254bdd22e" committed_config { opid_index: -1 OBSOLETE_local: false peers { permanent_uuid: "88e69d68a7914bf48d802a2f2e500b71" member_type: VOTER last_known_addr { host: "127.20.201.62" port: 56252 } } peers { permanent_uuid: "cbc42c7d5db44e00883549e254bdd22e" member_type: VOTER last_known_addr { host: "127.20.201.61" port: 59248 } } peers { permanent_uuid: "4043e04130264237805f012d8e251bd4" member_type: VOTER last_known_addr { host: "127.20.201.60" port: 53788 } } }
W1014 19:25:59.314339 32444 catalog_manager.cc:960] Failed waiting for node to catch up after master election: Illegal state: Node 88e69d68a7914bf48d802a2f2e500b71 not leader. Raft Consensus state: current_term: 89 leader_uuid: "cbc42c7d5db44e00883549e254bdd22e" committed_config { opid_index: -1 OBSOLETE_local: false peers { permanent_uuid: "88e69d68a7914bf48d802a2f2e500b71" member_type: VOTER last_known_addr { host: "127.20.201.62" port: 56252 } } peers { permanent_uuid: "cbc42c7d5db44e00883549e254bdd22e" member_type: VOTER last_known_addr { host: "127.20.201.61" port: 59248 } } peers { permanent_uuid: "4043e04130264237805f012d8e251bd4" member_type: VOTER last_known_addr { host: "127.20.201.60" port: 53788 } } }
