I1014 19:25:53.221418 32299 sys_catalog.cc:337] T 00000000000000000000000000000000 P 88e69d68a7914bf48d802a2f2e500b71 [sys.catalog]: SysCatalogTable state changed. Reason: Peer health change. Latest consensus state: current_term: 52 leader_uuid: "88e69d68a7914bf48d802a2f2e500b71" committed_config { opid_index: -1 OBSOLETE_local: false peers { permanent_uuid: "88e69d68a7914bf48d802a2f2e500b71" member_type: VOTER last_known_addr { host: "127.20.201.62" port: 56252 } } peers { permanent_uuid: "cbc42c7d5db44e00883549e254bdd22e" member_type: VOTER last_known_addr { host: "127.20.201.61" port: 59248 } } peers { permanent_uuid: "4043e04130264237805f012d8e251bd4" member_type: VOTER last_known_addr { host: "127.20.201.60" port: 53788 } } }
I1014 19:25:53.221618 32299 sys_catalog.cc:340] T 00000000000000000000000000000000 P 88e69d68a7914bf48d802a2f2e500b71 [sys.catalog]: This master's current role is: LEADER
I1014 19:25:53.222023 28825 raft_consensus.cc:1083] T 00000000000000000000000000000000 P cbc42c7d5db44e00883549e254bdd22e [term 52 FOLLOWER]: Refusing update from remote peer 88e69d68a7914bf48d802a2f2e500b71: Log matching property violated. Preceding OpId in replica: term: 50 index: 35. Preceding OpId from leader: term: 52 index: 36. (index mismatch)
I1014 19:25:53.222383 32135 sys_catalog.cc:337] T 00000000000000000000000000000000 P 4043e04130264237805f012d8e251bd4 [sys.catalog]: SysCatalogTable state changed. Reason: Replicated consensus-only round. Latest consensus state: current_term: 52 leader_uuid: "88e69d68a7914bf48d802a2f2e500b71" committed_config { opid_index: -1 OBSOLETE_local: false peers { permanent_uuid: "88e69d68a7914bf48d802a2f2e500b71" member_type: VOTER last_known_addr { host: "127.20.201.62" port: 56252 } } peers { permanent_uuid: "cbc42c7d5db44e00883549e254bdd22e" member_type: VOTER last_known_addr { host: "127.20.201.61" port: 59248 } } peers { permanent_uuid: "4043e04130264237805f012d8e251bd4" member_type: VOTER last_known_addr { host: "127.20.201.60" port: 53788 } } }
I1014 19:25:53.222610 32135 sys_catalog.cc:340] T 00000000000000000000000000000000 P 4043e04130264237805f012d8e251bd4 [sys.catalog]: This master's current role is: FOLLOWER
I1014 19:25:53.222672 32413 consensus_queue.cc:963] T 00000000000000000000000000000000 P 88e69d68a7914bf48d802a2f2e500b71 [LEADER]: Connected to new peer: Peer: permanent_uuid: "cbc42c7d5db44e00883549e254bdd22e" member_type: VOTER last_known_addr { host: "127.20.201.61" port: 59248 }, Status: LMP_MISMATCH, Last received: 0.0, Next index: 36, Last known committed idx: 35, Time since last communication: 0.000s
I1014 19:25:53.224361 31533 sys_catalog.cc:337] T 00000000000000000000000000000000 P cbc42c7d5db44e00883549e254bdd22e [sys.catalog]: SysCatalogTable state changed. Reason: New leader 88e69d68a7914bf48d802a2f2e500b71. Latest consensus state: current_term: 52 leader_uuid: "88e69d68a7914bf48d802a2f2e500b71" committed_config { opid_index: -1 OBSOLETE_local: false peers { permanent_uuid: "88e69d68a7914bf48d802a2f2e500b71" member_type: VOTER last_known_addr { host: "127.20.201.62" port: 56252 } } peers { permanent_uuid: "cbc42c7d5db44e00883549e254bdd22e" member_type: VOTER last_known_addr { host: "127.20.201.61" port: 59248 } } peers { permanent_uuid: "4043e04130264237805f012d8e251bd4" member_type: VOTER last_known_addr { host: "127.20.201.60" port: 53788 } } }
I1014 19:25:53.224588 31533 sys_catalog.cc:340] T 00000000000000000000000000000000 P cbc42c7d5db44e00883549e254bdd22e [sys.catalog]: This master's current role is: FOLLOWER
I1014 19:25:53.224716 31533 sys_catalog.cc:337] T 00000000000000000000000000000000 P cbc42c7d5db44e00883549e254bdd22e [sys.catalog]: SysCatalogTable state changed. Reason: Replicated consensus-only round. Latest consensus state: current_term: 52 leader_uuid: "88e69d68a7914bf48d802a2f2e500b71" committed_config { opid_index: -1 OBSOLETE_local: false peers { permanent_uuid: "88e69d68a7914bf48d802a2f2e500b71" member_type: VOTER last_known_addr { host: "127.20.201.62" port: 56252 } } peers { permanent_uuid: "cbc42c7d5db44e00883549e254bdd22e" member_type: VOTER last_known_addr { host: "127.20.201.61" port: 59248 } } peers { permanent_uuid: "4043e04130264237805f012d8e251bd4" member_type: VOTER last_known_addr { host: "127.20.201.60" port: 53788 } } }
I1014 19:25:53.224836 31533 sys_catalog.cc:340] T 00000000000000000000000000000000 P cbc42c7d5db44e00883549e254bdd22e [sys.catalog]: This master's current role is: FOLLOWER
I1014 19:25:53.315268 32299 sys_catalog.cc:337] T 00000000000000000000000000000000 P 88e69d68a7914bf48d802a2f2e500b71 [sys.catalog]: SysCatalogTable state changed. Reason: Peer health change. Latest consensus state: current_term: 52 leader_uuid: "88e69d68a7914bf48d802a2f2e500b71" committed_config { opid_index: -1 OBSOLETE_local: false peers { permanent_uuid: "88e69d68a7914bf48d802a2f2e500b71" member_type: VOTER last_known_addr { host: "127.20.201.62" port: 56252 } } peers { permanent_uuid: "cbc42c7d5db44e00883549e254bdd22e" member_type: VOTER last_known_addr { host: "127.20.201.61" port: 59248 } } peers { permanent_uuid: "4043e04130264237805f012d8e251bd4" member_type: VOTER last_known_addr { host: "127.20.201.60" port: 53788 } } }
I1014 19:25:53.315620 32299 sys_catalog.cc:340] T 00000000000000000000000000000000 P 88e69d68a7914bf48d802a2f2e500b71 [sys.catalog]: This master's current role is: LEADER
I1014 19:25:53.322993 32135 raft_consensus.cc:457] T 00000000000000000000000000000000 P 4043e04130264237805f012d8e251bd4 [term 52 FOLLOWER]: Starting leader election (detected failure of leader 88e69d68a7914bf48d802a2f2e500b71)
I1014 19:25:53.323091 32135 raft_consensus.cc:2743] T 00000000000000000000000000000000 P 4043e04130264237805f012d8e251bd4: Snoozing failure detection for 0.119s (starting election)
I1014 19:25:53.323177 32135 raft_consensus.cc:2795] T 00000000000000000000000000000000 P 4043e04130264237805f012d8e251bd4 [term 52 FOLLOWER]: Advancing to term 53
I1014 19:25:53.324856 32135 raft_consensus.cc:479] T 00000000000000000000000000000000 P 4043e04130264237805f012d8e251bd4 [term 53 FOLLOWER]: Starting leader election with config: opid_index: -1 OBSOLETE_local: false peers { permanent_uuid: "88e69d68a7914bf48d802a2f2e500b71" member_type: VOTER last_known_addr { host: "127.20.201.62" port: 56252 } } peers { permanent_uuid: "cbc42c7d5db44e00883549e254bdd22e" member_type: VOTER last_known_addr { host: "127.20.201.61" port: 59248 } } peers { permanent_uuid: "4043e04130264237805f012d8e251bd4" member_type: VOTER last_known_addr { host: "127.20.201.60" port: 53788 } }
I1014 19:25:53.325327 32135 leader_election.cc:251] T 00000000000000000000000000000000 P 4043e04130264237805f012d8e251bd4 [CANDIDATE]: Term 53 election: Requesting vote from peer 88e69d68a7914bf48d802a2f2e500b71 (127.20.201.62:56252)
I1014 19:25:53.325502 32135 leader_election.cc:251] T 00000000000000000000000000000000 P 4043e04130264237805f012d8e251bd4 [CANDIDATE]: Term 53 election: Requesting vote from peer cbc42c7d5db44e00883549e254bdd22e (127.20.201.61:59248)
I1014 19:25:53.326146 28640 tablet_service.cc:995] Received RequestConsensusVote() RPC: tablet_id: "00000000000000000000000000000000" candidate_uuid: "4043e04130264237805f012d8e251bd4" candidate_term: 53 candidate_status { last_received { term: 52 index: 36 } } ignore_live_leader: false dest_uuid: "88e69d68a7914bf48d802a2f2e500b71"
I1014 19:25:53.326186 28825 tablet_service.cc:995] Received RequestConsensusVote() RPC: tablet_id: "00000000000000000000000000000000" candidate_uuid: "4043e04130264237805f012d8e251bd4" candidate_term: 53 candidate_status { last_received { term: 52 index: 36 } } ignore_live_leader: false dest_uuid: "cbc42c7d5db44e00883549e254bdd22e"
I1014 19:25:53.326334 28640 raft_consensus.cc:2216] T 00000000000000000000000000000000 P 88e69d68a7914bf48d802a2f2e500b71 [term 52 LEADER]: Leader election vote request: Denying vote to candidate 4043e04130264237805f012d8e251bd4 for term 53 because replica is either leader or believes a valid leader to be alive.
I1014 19:25:53.326380 28825 raft_consensus.cc:2216] T 00000000000000000000000000000000 P cbc42c7d5db44e00883549e254bdd22e [term 52 FOLLOWER]: Leader election vote request: Denying vote to candidate 4043e04130264237805f012d8e251bd4 for term 53 because replica is either leader or believes a valid leader to be alive.
I1014 19:25:53.326741 28985 leader_election.cc:401] T 00000000000000000000000000000000 P 4043e04130264237805f012d8e251bd4 [CANDIDATE]: Term 53 election: Vote denied by peer cbc42c7d5db44e00883549e254bdd22e (127.20.201.61:59248). Message: Invalid argument: T 00000000000000000000000000000000 P cbc42c7d5db44e00883549e254bdd22e [term 52 FOLLOWER]: Leader election vote request: Denying vote to candidate 4043e04130264237805f012d8e251bd4 for term 53 because replica is either leader or believes a valid leader to be alive.
I1014 19:25:53.326901 28985 leader_election.cc:401] T 00000000000000000000000000000000 P 4043e04130264237805f012d8e251bd4 [CANDIDATE]: Term 53 election: Vote denied by peer 88e69d68a7914bf48d802a2f2e500b71 (127.20.201.62:56252). Message: Invalid argument: T 00000000000000000000000000000000 P 88e69d68a7914bf48d802a2f2e500b71 [term 52 LEADER]: Leader election vote request: Denying vote to candidate 4043e04130264237805f012d8e251bd4 for term 53 because replica is either leader or believes a valid leader to be alive.
I1014 19:25:53.326967 28985 leader_election.cc:278] T 00000000000000000000000000000000 P 4043e04130264237805f012d8e251bd4 [CANDIDATE]: Term 53 election: Election decided. Result: candidate lost.
I1014 19:25:53.327244 32135 raft_consensus.cc:2743] T 00000000000000000000000000000000 P 4043e04130264237805f012d8e251bd4: Snoozing failure detection for 0.137s (election complete)
I1014 19:25:53.327314 32135 raft_consensus.cc:2497] T 00000000000000000000000000000000 P 4043e04130264237805f012d8e251bd4 [term 53 FOLLOWER]: Leader election lost for term 53. Reason: could not achieve majority
I1014 19:25:53.334350 29010 raft_consensus.cc:1051] T 00000000000000000000000000000000 P 4043e04130264237805f012d8e251bd4 [term 53 FOLLOWER]: Rejecting Update request from peer 88e69d68a7914bf48d802a2f2e500b71 for earlier term 52. Current term is 53. Ops: []
I1014 19:25:53.334874 32299 consensus_queue.cc:974] T 00000000000000000000000000000000 P 88e69d68a7914bf48d802a2f2e500b71 [LEADER]: Peer responded invalid term: Peer: permanent_uuid: "4043e04130264237805f012d8e251bd4" member_type: VOTER last_known_addr { host: "127.20.201.60" port: 53788 }, Status: INVALID_TERM, Last received: 52.36, Next index: 37, Last known committed idx: 36, Time since last communication: 0.000s
I1014 19:25:53.335145 32413 raft_consensus.cc:2790] T 00000000000000000000000000000000 P 88e69d68a7914bf48d802a2f2e500b71 [term 52 LEADER]: Stepping down as leader of term 52
I1014 19:25:53.335227 32413 raft_consensus.cc:630] T 00000000000000000000000000000000 P 88e69d68a7914bf48d802a2f2e500b71 [term 52 LEADER]: Becoming Follower/Learner. State: Replica: 88e69d68a7914bf48d802a2f2e500b71, State: Running, Role: LEADER
I1014 19:25:53.335470 32413 consensus_queue.cc:228] T 00000000000000000000000000000000 P 88e69d68a7914bf48d802a2f2e500b71 [NON_LEADER]: Queue going to NON_LEADER mode. State: All replicated index: 0, Majority replicated index: 36, Committed index: 36, Last appended: 52.36, Last appended by leader: 36, Current term: 52, Majority size: -1, State: 0, Mode: NON_LEADER, active raft config: opid_index: -1 OBSOLETE_local: false peers { permanent_uuid: "88e69d68a7914bf48d802a2f2e500b71" member_type: VOTER last_known_addr { host: "127.20.201.62" port: 56252 } } peers { permanent_uuid: "cbc42c7d5db44e00883549e254bdd22e" member_type: VOTER last_known_addr { host: "127.20.201.61" port: 59248 } } peers { permanent_uuid: "4043e04130264237805f012d8e251bd4" member_type: VOTER last_known_addr { host: "127.20.201.60" port: 53788 } }
I1014 19:25:53.335665 32413 consensus_peers.cc:455] T 00000000000000000000000000000000 P 88e69d68a7914bf48d802a2f2e500b71 -> Peer 4043e04130264237805f012d8e251bd4 (127.20.201.60:53788): Closing peer: 4043e04130264237805f012d8e251bd4
I1014 19:25:53.335716 32413 consensus_peers.cc:455] T 00000000000000000000000000000000 P 88e69d68a7914bf48d802a2f2e500b71 -> Peer cbc42c7d5db44e00883549e254bdd22e (127.20.201.61:59248): Closing peer: cbc42c7d5db44e00883549e254bdd22e
I1014 19:25:53.335819 32413 raft_consensus.cc:2795] T 00000000000000000000000000000000 P 88e69d68a7914bf48d802a2f2e500b71 [term 52 FOLLOWER]: Advancing to term 53
W1014 19:25:53.387928 31832 catalog_manager.cc:1038] Time spent T 00000000000000000000000000000000 P 88e69d68a7914bf48d802a2f2e500b71: Initializing Kudu internal certificate authority: real 1.527s user 0.001s sys 0.000s
I1014 19:25:53.388000 31832 catalog_manager.cc:1046] Loading token signing keys...
I1014 19:25:53.388780 31832 catalog_manager.cc:4073] T 00000000000000000000000000000000 P 88e69d68a7914bf48d802a2f2e500b71: Loaded TSK: 0
I1014 19:25:53.391089 31832 catalog_manager.cc:1011] Loading token signing keys failed; change in term detected: 45 vs 53: Illegal state: Replica 88e69d68a7914bf48d802a2f2e500b71 is not leader of this config. Role: FOLLOWER. Consensus state: current_term: 53 committed_config { opid_index: -1 OBSOLETE_local: false peers { permanent_uuid: "88e69d68a7914bf48d802a2f2e500b71" member_type: VOTER last_known_addr { host: "127.20.201.62" port: 56252 } } peers { permanent_uuid: "cbc42c7d5db44e00883549e254bdd22e" member_type: VOTER last_known_addr { host: "127.20.201.61" port: 59248 } } peers { permanent_uuid: "4043e04130264237805f012d8e251bd4" member_type: VOTER last_known_addr { host: "127.20.201.60" port: 53788 } } }
W1014 19:25:53.391719 31832 catalog_manager.cc:960] Failed waiting for node to catch up after master election: Illegal state: Node 88e69d68a7914bf48d802a2f2e500b71 not leader. Raft Consensus state: current_term: 53 committed_config { opid_index: -1 OBSOLETE_local: false peers { permanent_uuid: "88e69d68a7914bf48d802a2f2e500b71" member_type: VOTER last_known_addr { host: "127.20.201.62" port: 56252 } } peers { permanent_uuid: "cbc42c7d5db44e00883549e254bdd22e" member_type: VOTER last_known_addr { host: "127.20.201.61" port: 59248 } } peers { permanent_uuid: "4043e04130264237805f012d8e251bd4" member_type: VOTER last_known_addr { host: "127.20.201.60" port: 53788 } } }
W1014 19:25:53.391897 31832 catalog_manager.cc:960] Failed waiting for node to catch up after master election: Illegal state: Node 88e69d68a7914bf48d802a2f2e500b71 not leader. Raft Consensus state: current_term: 53 committed_config { opid_index: -1 OBSOLETE_local: false peers { permanent_uuid: "88e69d68a7914bf48d802a2f2e500b71" member_type: VOTER last_known_addr { host: "127.20.201.62" port: 56252 } } peers { permanent_uuid: "cbc42c7d5db44e00883549e254bdd22e" member_type: VOTER last_known_addr { host: "127.20.201.61" port: 59248 } } peers { permanent_uuid: "4043e04130264237805f012d8e251bd4" member_type: VOTER last_known_addr { host: "127.20.201.60" port: 53788 } } }
W1014 19:25:53.392102 31832 catalog_manager.cc:960] Failed waiting for node to catch up after master election: Illegal state: Node 88e69d68a7914bf48d802a2f2e500b71 not leader. Raft Consensus state: current_term: 53 committed_config { opid_index: -1 OBSOLETE_local: false peers { permanent_uuid: "88e69d68a7914bf48d802a2f2e500b71" member_type: VOTER last_known_addr { host: "127.20.201.62" port: 56252 } } peers { permanent_uuid: "cbc42c7d5db44e00883549e254bdd22e" member_type: VOTER last_known_addr { host: "127.20.201.61" port: 59248 } } peers { permanent_uuid: "4043e04130264237805f012d8e251bd4" member_type: VOTER last_known_addr { host: "127.20.201.60" port: 53788 } } }
W1014 19:25:53.392273 31832 catalog_manager.cc:960] Failed waiting for node to catch up after master election: Illegal state: Node 88e69d68a7914bf48d802a2f2e500b71 not leader. Raft Consensus state: current_term: 53 committed_config { opid_index: -1 OBSOLETE_local: false peers { permanent_uuid: "88e69d68a7914bf48d802a2f2e500b71" member_type: VOTER last_known_addr { host: "127.20.201.62" port: 56252 } } peers { permanent_uuid: "cbc42c7d5db44e00883549e254bdd22e" member_type: VOTER last_known_addr { host: "127.20.201.61" port: 59248 } } peers { permanent_uuid: "4043e04130264237805f012d8e251bd4" member_type: VOTER last_known_addr { host: "127.20.201.60" port: 53788 } } }
W1014 19:25:53.392482 31832 catalog_manager.cc:960] Failed waiting for node to catch up after master election: Illegal state: Node 88e69d68a7914bf48d802a2f2e500b71 not leader. Raft Consensus state: current_term: 53 committed_config { opid_index: -1 OBSOLETE_local: false peers { permanent_uuid: "88e69d68a7914bf48d802a2f2e500b71" member_type: VOTER last_known_addr { host: "127.20.201.62" port: 56252 } } peers { permanent_uuid: "cbc42c7d5db44e00883549e254bdd22e" member_type: VOTER last_known_addr { host: "127.20.201.61" port: 59248 } } peers { permanent_uuid: "4043e04130264237805f012d8e251bd4" member_type: VOTER last_known_addr { host: "127.20.201.60" port: 53788 } } }
I1014 19:25:53.416627 32273 raft_consensus.cc:457] T 00000000000000000000000000000000 P cbc42c7d5db44e00883549e254bdd22e [term 52 FOLLOWER]: Starting leader election (detected failure of leader 88e69d68a7914bf48d802a2f2e500b71)
I1014 19:25:53.416736 32273 raft_consensus.cc:2743] T 00000000000000000000000000000000 P cbc42c7d5db44e00883549e254bdd22e: Snoozing failure detection for 0.147s (starting election)
I1014 19:25:53.416821 32273 raft_consensus.cc:2795] T 00000000000000000000000000000000 P cbc42c7d5db44e00883549e254bdd22e [term 52 FOLLOWER]: Advancing to term 53
I1014 19:25:53.418740 32273 raft_consensus.cc:479] T 00000000000000000000000000000000 P cbc42c7d5db44e00883549e254bdd22e [term 53 FOLLOWER]: Starting leader election with config: opid_index: -1 OBSOLETE_local: false peers { permanent_uuid: "88e69d68a7914bf48d802a2f2e500b71" member_type: VOTER last_known_addr { host: "127.20.201.62" port: 56252 } } peers { permanent_uuid: "cbc42c7d5db44e00883549e254bdd22e" member_type: VOTER last_known_addr { host: "127.20.201.61" port: 59248 } } peers { permanent_uuid: "4043e04130264237805f012d8e251bd4" member_type: VOTER last_known_addr { host: "127.20.201.60" port: 53788 } }
I1014 19:25:53.419261 32273 leader_election.cc:251] T 00000000000000000000000000000000 P cbc42c7d5db44e00883549e254bdd22e [CANDIDATE]: Term 53 election: Requesting vote from peer 88e69d68a7914bf48d802a2f2e500b71 (127.20.201.62:56252)
I1014 19:25:53.419457 32273 leader_election.cc:251] T 00000000000000000000000000000000 P cbc42c7d5db44e00883549e254bdd22e [CANDIDATE]: Term 53 election: Requesting vote from peer 4043e04130264237805f012d8e251bd4 (127.20.201.60:53788)
I1014 19:25:53.420189 29010 tablet_service.cc:995] Received RequestConsensusVote() RPC: tablet_id: "00000000000000000000000000000000" candidate_uuid: "cbc42c7d5db44e00883549e254bdd22e" candidate_term: 53 candidate_status { last_received { term: 52 index: 36 } } ignore_live_leader: false dest_uuid: "4043e04130264237805f012d8e251bd4"
I1014 19:25:53.420189 28640 tablet_service.cc:995] Received RequestConsensusVote() RPC: tablet_id: "00000000000000000000000000000000" candidate_uuid: "cbc42c7d5db44e00883549e254bdd22e" candidate_term: 53 candidate_status { last_received { term: 52 index: 36 } } ignore_live_leader: false dest_uuid: "88e69d68a7914bf48d802a2f2e500b71"
I1014 19:25:53.420408 29010 raft_consensus.cc:2185] T 00000000000000000000000000000000 P 4043e04130264237805f012d8e251bd4 [term 53 FOLLOWER]: Leader election vote request: Denying vote to candidate cbc42c7d5db44e00883549e254bdd22e in current term 53: Already voted for candidate 4043e04130264237805f012d8e251bd4 in this term.
I1014 19:25:53.420383 28640 raft_consensus.cc:2743] T 00000000000000000000000000000000 P 88e69d68a7914bf48d802a2f2e500b71: Snoozing failure detection for 0.132s (vote granted)
I1014 19:25:53.420883 28780 leader_election.cc:401] T 00000000000000000000000000000000 P cbc42c7d5db44e00883549e254bdd22e [CANDIDATE]: Term 53 election: Vote denied by peer 4043e04130264237805f012d8e251bd4 (127.20.201.60:53788). Message: Invalid argument: T 00000000000000000000000000000000 P 4043e04130264237805f012d8e251bd4 [term 53 FOLLOWER]: Leader election vote request: Denying vote to candidate cbc42c7d5db44e00883549e254bdd22e in current term 53: Already voted for candidate 4043e04130264237805f012d8e251bd4 in this term.
I1014 19:25:53.422076 28640 raft_consensus.cc:2255] T 00000000000000000000000000000000 P 88e69d68a7914bf48d802a2f2e500b71 [term 53 FOLLOWER]: Leader election vote request: Granting yes vote for candidate cbc42c7d5db44e00883549e254bdd22e in term 53.
I1014 19:25:53.422367 28786 leader_election.cc:387] T 00000000000000000000000000000000 P cbc42c7d5db44e00883549e254bdd22e [CANDIDATE]: Term 53 election: Vote granted by peer 88e69d68a7914bf48d802a2f2e500b71 (127.20.201.62:56252)
I1014 19:25:53.422444 28786 leader_election.cc:278] T 00000000000000000000000000000000 P cbc42c7d5db44e00883549e254bdd22e [CANDIDATE]: Term 53 election: Election decided. Result: candidate won.
I1014 19:25:53.422760 32273 raft_consensus.cc:2743] T 00000000000000000000000000000000 P cbc42c7d5db44e00883549e254bdd22e: Snoozing failure detection for 0.119s (election complete)
I1014 19:25:53.422839 32273 raft_consensus.cc:2549] T 00000000000000000000000000000000 P cbc42c7d5db44e00883549e254bdd22e [term 53 FOLLOWER]: Leader election won for term 53
I1014 19:25:53.422999 32273 raft_consensus.cc:595] T 00000000000000000000000000000000 P cbc42c7d5db44e00883549e254bdd22e [term 53 LEADER]: Becoming Leader. State: Replica: cbc42c7d5db44e00883549e254bdd22e, State: Running, Role: LEADER
I1014 19:25:53.423187 32273 consensus_queue.cc:205] T 00000000000000000000000000000000 P cbc42c7d5db44e00883549e254bdd22e [LEADER]: Queue going to LEADER mode. State: All replicated index: 0, Majority replicated index: 36, Committed index: 36, Last appended: 52.36, Last appended by leader: 36, Current term: 53, Majority size: 2, State: 0, Mode: LEADER, active raft config: opid_index: -1 OBSOLETE_local: false peers { permanent_uuid: "88e69d68a7914bf48d802a2f2e500b71" member_type: VOTER last_known_addr { host: "127.20.201.62" port: 56252 } } peers { permanent_uuid: "cbc42c7d5db44e00883549e254bdd22e" member_type: VOTER last_known_addr { host: "127.20.201.61" port: 59248 } } peers { permanent_uuid: "4043e04130264237805f012d8e251bd4" member_type: VOTER last_known_addr { host: "127.20.201.60" port: 53788 } }
I1014 19:25:53.424105 31533 sys_catalog.cc:337] T 00000000000000000000000000000000 P cbc42c7d5db44e00883549e254bdd22e [sys.catalog]: SysCatalogTable state changed. Reason: New leader cbc42c7d5db44e00883549e254bdd22e. Latest consensus state: current_term: 53 leader_uuid: "cbc42c7d5db44e00883549e254bdd22e" committed_config { opid_index: -1 OBSOLETE_local: false peers { permanent_uuid: "88e69d68a7914bf48d802a2f2e500b71" member_type: VOTER last_known_addr { host: "127.20.201.62" port: 56252 } } peers { permanent_uuid: "cbc42c7d5db44e00883549e254bdd22e" member_type: VOTER last_known_addr { host: "127.20.201.61" port: 59248 } } peers { permanent_uuid: "4043e04130264237805f012d8e251bd4" member_type: VOTER last_known_addr { host: "127.20.201.60" port: 53788 } } }
I1014 19:25:53.424355 31533 sys_catalog.cc:340] T 00000000000000000000000000000000 P cbc42c7d5db44e00883549e254bdd22e [sys.catalog]: This master's current role is: LEADER
I1014 19:25:53.465299 32135 raft_consensus.cc:457] T 00000000000000000000000000000000 P 4043e04130264237805f012d8e251bd4 [term 53 FOLLOWER]: Starting leader election (no leader contacted us within the election timeout)
I1014 19:25:53.465423 32135 raft_consensus.cc:2743] T 00000000000000000000000000000000 P 4043e04130264237805f012d8e251bd4: Snoozing failure detection for 0.133s (starting election)
I1014 19:25:53.465544 32135 raft_consensus.cc:2795] T 00000000000000000000000000000000 P 4043e04130264237805f012d8e251bd4 [term 53 FOLLOWER]: Advancing to term 54
I1014 19:25:53.467927 32135 raft_consensus.cc:479] T 00000000000000000000000000000000 P 4043e04130264237805f012d8e251bd4 [term 54 FOLLOWER]: Starting leader election with config: opid_index: -1 OBSOLETE_local: false peers { permanent_uuid: "88e69d68a7914bf48d802a2f2e500b71" member_type: VOTER last_known_addr { host: "127.20.201.62" port: 56252 } } peers { permanent_uuid: "cbc42c7d5db44e00883549e254bdd22e" member_type: VOTER last_known_addr { host: "127.20.201.61" port: 59248 } } peers { permanent_uuid: "4043e04130264237805f012d8e251bd4" member_type: VOTER last_known_addr { host: "127.20.201.60" port: 53788 } }
I1014 19:25:53.468566 32135 leader_election.cc:251] T 00000000000000000000000000000000 P 4043e04130264237805f012d8e251bd4 [CANDIDATE]: Term 54 election: Requesting vote from peer 88e69d68a7914bf48d802a2f2e500b71 (127.20.201.62:56252)
I1014 19:25:53.468765 32135 leader_election.cc:251] T 00000000000000000000000000000000 P 4043e04130264237805f012d8e251bd4 [CANDIDATE]: Term 54 election: Requesting vote from peer cbc42c7d5db44e00883549e254bdd22e (127.20.201.61:59248)
I1014 19:25:53.470841 28640 tablet_service.cc:995] Received RequestConsensusVote() RPC: tablet_id: "00000000000000000000000000000000" candidate_uuid: "4043e04130264237805f012d8e251bd4" candidate_term: 54 candidate_status { last_received { term: 52 index: 36 } } ignore_live_leader: false dest_uuid: "88e69d68a7914bf48d802a2f2e500b71"
I1014 19:25:53.471024 28640 raft_consensus.cc:2795] T 00000000000000000000000000000000 P 88e69d68a7914bf48d802a2f2e500b71 [term 53 FOLLOWER]: Advancing to term 54
I1014 19:25:53.471109 28640 raft_consensus.cc:2743] T 00000000000000000000000000000000 P 88e69d68a7914bf48d802a2f2e500b71: Snoozing failure detection for 0.148s (vote granted)
I1014 19:25:53.472992 28825 tablet_service.cc:995] Received RequestConsensusVote() RPC: tablet_id: "00000000000000000000000000000000" candidate_uuid: "4043e04130264237805f012d8e251bd4" candidate_term: 54 candidate_status { last_received { term: 52 index: 36 } } ignore_live_leader: false dest_uuid: "cbc42c7d5db44e00883549e254bdd22e"
I1014 19:25:53.473192 28825 raft_consensus.cc:2216] T 00000000000000000000000000000000 P cbc42c7d5db44e00883549e254bdd22e [term 53 LEADER]: Leader election vote request: Denying vote to candidate 4043e04130264237805f012d8e251bd4 for term 54 because replica is either leader or believes a valid leader to be alive.
I1014 19:25:53.473203 28640 raft_consensus.cc:2255] T 00000000000000000000000000000000 P 88e69d68a7914bf48d802a2f2e500b71 [term 54 FOLLOWER]: Leader election vote request: Granting yes vote for candidate 4043e04130264237805f012d8e251bd4 in term 54.
I1014 19:25:53.473656 28985 leader_election.cc:387] T 00000000000000000000000000000000 P 4043e04130264237805f012d8e251bd4 [CANDIDATE]: Term 54 election: Vote granted by peer 88e69d68a7914bf48d802a2f2e500b71 (127.20.201.62:56252)
I1014 19:25:53.473734 28985 leader_election.cc:278] T 00000000000000000000000000000000 P 4043e04130264237805f012d8e251bd4 [CANDIDATE]: Term 54 election: Election decided. Result: candidate won.
I1014 19:25:53.474004 28985 leader_election.cc:401] T 00000000000000000000000000000000 P 4043e04130264237805f012d8e251bd4 [CANDIDATE]: Term 54 election: Vote denied by peer cbc42c7d5db44e00883549e254bdd22e (127.20.201.61:59248). Message: Invalid argument: T 00000000000000000000000000000000 P cbc42c7d5db44e00883549e254bdd22e [term 53 LEADER]: Leader election vote request: Denying vote to candidate 4043e04130264237805f012d8e251bd4 for term 54 because replica is either leader or believes a valid leader to be alive.
I1014 19:25:53.474110 32135 raft_consensus.cc:2743] T 00000000000000000000000000000000 P 4043e04130264237805f012d8e251bd4: Snoozing failure detection for 0.106s (election complete)
I1014 19:25:53.474220 32135 raft_consensus.cc:2549] T 00000000000000000000000000000000 P 4043e04130264237805f012d8e251bd4 [term 54 FOLLOWER]: Leader election won for term 54
I1014 19:25:53.474383 32135 raft_consensus.cc:595] T 00000000000000000000000000000000 P 4043e04130264237805f012d8e251bd4 [term 54 LEADER]: Becoming Leader. State: Replica: 4043e04130264237805f012d8e251bd4, State: Running, Role: LEADER
I1014 19:25:53.474639 32135 consensus_queue.cc:205] T 00000000000000000000000000000000 P 4043e04130264237805f012d8e251bd4 [LEADER]: Queue going to LEADER mode. State: All replicated index: 0, Majority replicated index: 36, Committed index: 36, Last appended: 52.36, Last appended by leader: 36, Current term: 54, Majority size: 2, State: 0, Mode: LEADER, active raft config: opid_index: -1 OBSOLETE_local: false peers { permanent_uuid: "88e69d68a7914bf48d802a2f2e500b71" member_type: VOTER last_known_addr { host: "127.20.201.62" port: 56252 } } peers { permanent_uuid: "cbc42c7d5db44e00883549e254bdd22e" member_type: VOTER last_known_addr { host: "127.20.201.61" port: 59248 } } peers { permanent_uuid: "4043e04130264237805f012d8e251bd4" member_type: VOTER last_known_addr { host: "127.20.201.60" port: 53788 } }
I1014 19:25:53.476069 29621 sys_catalog.cc:337] T 00000000000000000000000000000000 P 4043e04130264237805f012d8e251bd4 [sys.catalog]: SysCatalogTable state changed. Reason: New leader 4043e04130264237805f012d8e251bd4. Latest consensus state: current_term: 54 leader_uuid: "4043e04130264237805f012d8e251bd4" committed_config { opid_index: -1 OBSOLETE_local: false peers { permanent_uuid: "88e69d68a7914bf48d802a2f2e500b71" member_type: VOTER last_known_addr { host: "127.20.201.62" port: 56252 } } peers { permanent_uuid: "cbc42c7d5db44e00883549e254bdd22e" member_type: VOTER last_known_addr { host: "127.20.201.61" port: 59248 } } peers { permanent_uuid: "4043e04130264237805f012d8e251bd4" member_type: VOTER last_known_addr { host: "127.20.201.60" port: 53788 } } }
I1014 19:25:53.476235 29621 sys_catalog.cc:340] T 00000000000000000000000000000000 P 4043e04130264237805f012d8e251bd4 [sys.catalog]: This master's current role is: LEADER
I1014 19:25:53.519788 29010 raft_consensus.cc:1051] T 00000000000000000000000000000000 P 4043e04130264237805f012d8e251bd4 [term 54 LEADER]: Rejecting Update request from peer cbc42c7d5db44e00883549e254bdd22e for earlier term 53. Current term is 54. Ops: []
I1014 19:25:53.520364 31533 consensus_queue.cc:974] T 00000000000000000000000000000000 P cbc42c7d5db44e00883549e254bdd22e [LEADER]: Peer responded invalid term: Peer: permanent_uuid: "4043e04130264237805f012d8e251bd4" member_type: VOTER last_known_addr { host: "127.20.201.60" port: 53788 }, Status: INVALID_TERM, Last received: 0.0, Next index: 37, Last known committed idx: 36, Time since last communication: 0.000s
I1014 19:25:53.520606 31533 consensus_queue.cc:1104] T 00000000000000000000000000000000 P cbc42c7d5db44e00883549e254bdd22e [LEADER]: Peer 4043e04130264237805f012d8e251bd4 log is divergent from this leader: its last log entry 54.37 is not in this leader's log and it has not received anything from this leader yet. Falling back to committed index 36
I1014 19:25:53.520747 32273 raft_consensus.cc:2790] T 00000000000000000000000000000000 P cbc42c7d5db44e00883549e254bdd22e [term 53 LEADER]: Stepping down as leader of term 53
I1014 19:25:53.520802 32273 raft_consensus.cc:630] T 00000000000000000000000000000000 P cbc42c7d5db44e00883549e254bdd22e [term 53 LEADER]: Becoming Follower/Learner. State: Replica: cbc42c7d5db44e00883549e254bdd22e, State: Running, Role: LEADER
I1014 19:25:53.520984 32273 consensus_queue.cc:228] T 00000000000000000000000000000000 P cbc42c7d5db44e00883549e254bdd22e [NON_LEADER]: Queue going to NON_LEADER mode. State: All replicated index: 0, Majority replicated index: 36, Committed index: 36, Last appended: 53.37, Last appended by leader: 37, Current term: 53, Majority size: -1, State: 0, Mode: NON_LEADER, active raft config: opid_index: -1 OBSOLETE_local: false peers { permanent_uuid: "88e69d68a7914bf48d802a2f2e500b71" member_type: VOTER last_known_addr { host: "127.20.201.62" port: 56252 } } peers { permanent_uuid: "cbc42c7d5db44e00883549e254bdd22e" member_type: VOTER last_known_addr { host: "127.20.201.61" port: 59248 } } peers { permanent_uuid: "4043e04130264237805f012d8e251bd4" member_type: VOTER last_known_addr { host: "127.20.201.60" port: 53788 } }
I1014 19:25:53.521137 32273 consensus_peers.cc:455] T 00000000000000000000000000000000 P cbc42c7d5db44e00883549e254bdd22e -> Peer 4043e04130264237805f012d8e251bd4 (127.20.201.60:53788): Closing peer: 4043e04130264237805f012d8e251bd4
I1014 19:25:53.521244 32273 consensus_peers.cc:455] T 00000000000000000000000000000000 P cbc42c7d5db44e00883549e254bdd22e -> Peer 88e69d68a7914bf48d802a2f2e500b71 (127.20.201.62:56252): Closing peer: 88e69d68a7914bf48d802a2f2e500b71
I1014 19:25:53.521395 32273 raft_consensus.cc:2795] T 00000000000000000000000000000000 P cbc42c7d5db44e00883549e254bdd22e [term 53 FOLLOWER]: Advancing to term 54
I1014 19:25:53.572051 28640 raft_consensus.cc:1083] T 00000000000000000000000000000000 P 88e69d68a7914bf48d802a2f2e500b71 [term 54 FOLLOWER]: Refusing update from remote peer 4043e04130264237805f012d8e251bd4: Log matching property violated. Preceding OpId in replica: term: 52 index: 36. Preceding OpId from leader: term: 54 index: 37. (index mismatch)
I1014 19:25:53.572602 29621 consensus_queue.cc:963] T 00000000000000000000000000000000 P 4043e04130264237805f012d8e251bd4 [LEADER]: Connected to new peer: Peer: permanent_uuid: "88e69d68a7914bf48d802a2f2e500b71" member_type: VOTER last_known_addr { host: "127.20.201.62" port: 56252 }, Status: LMP_MISMATCH, Last received: 0.0, Next index: 37, Last known committed idx: 36, Time since last communication: 0.000s
I1014 19:25:53.573985 32413 sys_catalog.cc:337] T 00000000000000000000000000000000 P 88e69d68a7914bf48d802a2f2e500b71 [sys.catalog]: SysCatalogTable state changed. Reason: New leader 4043e04130264237805f012d8e251bd4. Latest consensus state: current_term: 54 leader_uuid: "4043e04130264237805f012d8e251bd4" committed_config { opid_index: -1 OBSOLETE_local: false peers { permanent_uuid: "88e69d68a7914bf48d802a2f2e500b71" member_type: VOTER last_known_addr { host: "127.20.201.62" port: 56252 } } peers { permanent_uuid: "cbc42c7d5db44e00883549e254bdd22e" member_type: VOTER last_known_addr { host: "127.20.201.61" port: 59248 } } peers { permanent_uuid: "4043e04130264237805f012d8e251bd4" member_type: VOTER last_known_addr { host: "127.20.201.60" port: 53788 } } }
I1014 19:25:53.574219 32413 sys_catalog.cc:340] T 00000000000000000000000000000000 P 88e69d68a7914bf48d802a2f2e500b71 [sys.catalog]: This master's current role is: FOLLOWER
I1014 19:25:53.575031 32135 sys_catalog.cc:337] T 00000000000000000000000000000000 P 4043e04130264237805f012d8e251bd4 [sys.catalog]: SysCatalogTable state changed. Reason: Peer health change. Latest consensus state: current_term: 54 leader_uuid: "4043e04130264237805f012d8e251bd4" committed_config { opid_index: -1 OBSOLETE_local: false peers { permanent_uuid: "88e69d68a7914bf48d802a2f2e500b71" member_type: VOTER last_known_addr { host: "127.20.201.62" port: 56252 } } peers { permanent_uuid: "cbc42c7d5db44e00883549e254bdd22e" member_type: VOTER last_known_addr { host: "127.20.201.61" port: 59248 } } peers { permanent_uuid: "4043e04130264237805f012d8e251bd4" member_type: VOTER last_known_addr { host: "127.20.201.60" port: 53788 } } }
I1014 19:25:53.575278 32135 sys_catalog.cc:340] T 00000000000000000000000000000000 P 4043e04130264237805f012d8e251bd4 [sys.catalog]: This master's current role is: LEADER
I1014 19:25:53.576092 28825 raft_consensus.cc:1083] T 00000000000000000000000000000000 P cbc42c7d5db44e00883549e254bdd22e [term 54 FOLLOWER]: Refusing update from remote peer 4043e04130264237805f012d8e251bd4: Log matching property violated. Preceding OpId in replica: term: 53 index: 37. Preceding OpId from leader: term: 54 index: 37. (term mismatch)
I1014 19:25:53.576153 28825 pending_rounds.cc:76] T 00000000000000000000000000000000 P cbc42c7d5db44e00883549e254bdd22e: Aborting all transactions after (but not including) 36
I1014 19:25:53.576195 28825 pending_rounds.cc:97] T 00000000000000000000000000000000 P cbc42c7d5db44e00883549e254bdd22e: Aborting uncommitted NO_OP operation due to leader change: 53.37
I1014 19:25:53.576246 28825 raft_consensus.cc:2632] T 00000000000000000000000000000000 P cbc42c7d5db44e00883549e254bdd22e [term 54 FOLLOWER]: NO_OP replication failed: Aborted: Transaction aborted by new leader
I1014 19:25:53.576601 32413 sys_catalog.cc:337] T 00000000000000000000000000000000 P 88e69d68a7914bf48d802a2f2e500b71 [sys.catalog]: SysCatalogTable state changed. Reason: Replicated consensus-only round. Latest consensus state: current_term: 54 leader_uuid: "4043e04130264237805f012d8e251bd4" committed_config { opid_index: -1 OBSOLETE_local: false peers { permanent_uuid: "88e69d68a7914bf48d802a2f2e500b71" member_type: VOTER last_known_addr { host: "127.20.201.62" port: 56252 } } peers { permanent_uuid: "cbc42c7d5db44e00883549e254bdd22e" member_type: VOTER last_known_addr { host: "127.20.201.61" port: 59248 } } peers { permanent_uuid: "4043e04130264237805f012d8e251bd4" member_type: VOTER last_known_addr { host: "127.20.201.60" port: 53788 } } }
I1014 19:25:53.576823 32413 sys_catalog.cc:340] T 00000000000000000000000000000000 P 88e69d68a7914bf48d802a2f2e500b71 [sys.catalog]: This master's current role is: FOLLOWER
I1014 19:25:53.576972 32135 consensus_queue.cc:963] T 00000000000000000000000000000000 P 4043e04130264237805f012d8e251bd4 [LEADER]: Connected to new peer: Peer: permanent_uuid: "cbc42c7d5db44e00883549e254bdd22e" member_type: VOTER last_known_addr { host: "127.20.201.61" port: 59248 }, Status: LMP_MISMATCH, Last received: 0.0, Next index: 37, Last known committed idx: 36, Time since last communication: 0.000s
I1014 19:25:53.578483 31533 sys_catalog.cc:337] T 00000000000000000000000000000000 P cbc42c7d5db44e00883549e254bdd22e [sys.catalog]: SysCatalogTable state changed. Reason: Replicated consensus-only round. Latest consensus state: current_term: 54 leader_uuid: "4043e04130264237805f012d8e251bd4" committed_config { opid_index: -1 OBSOLETE_local: false peers { permanent_uuid: "88e69d68a7914bf48d802a2f2e500b71" member_type: VOTER last_known_addr { host: "127.20.201.62" port: 56252 } } peers { permanent_uuid: "cbc42c7d5db44e00883549e254bdd22e" member_type: VOTER last_known_addr { host: "127.20.201.61" port: 59248 } } peers { permanent_uuid: "4043e04130264237805f012d8e251bd4" member_type: VOTER last_known_addr { host: "127.20.201.60" port: 53788 } } }
I1014 19:25:53.578721 31533 sys_catalog.cc:340] T 00000000000000000000000000000000 P cbc42c7d5db44e00883549e254bdd22e [sys.catalog]: This master's current role is: FOLLOWER
I1014 19:25:53.578855 32273 sys_catalog.cc:337] T 00000000000000000000000000000000 P cbc42c7d5db44e00883549e254bdd22e [sys.catalog]: SysCatalogTable state changed. Reason: New leader 4043e04130264237805f012d8e251bd4. Latest consensus state: current_term: 54 leader_uuid: "4043e04130264237805f012d8e251bd4" committed_config { opid_index: -1 OBSOLETE_local: false peers { permanent_uuid: "88e69d68a7914bf48d802a2f2e500b71" member_type: VOTER last_known_addr { host: "127.20.201.62" port: 56252 } } peers { permanent_uuid: "cbc42c7d5db44e00883549e254bdd22e" member_type: VOTER last_known_addr { host: "127.20.201.61" port: 59248 } } peers { permanent_uuid: "4043e04130264237805f012d8e251bd4" member_type: VOTER last_known_addr { host: "127.20.201.60" port: 53788 } } }
I1014 19:25:53.579015 32273 sys_catalog.cc:340] T 00000000000000000000000000000000 P cbc42c7d5db44e00883549e254bdd22e [sys.catalog]: This master's current role is: FOLLOWER
I1014 19:25:53.676417 32413 raft_consensus.cc:457] T 00000000000000000000000000000000 P 88e69d68a7914bf48d802a2f2e500b71 [term 54 FOLLOWER]: Starting leader election (detected failure of leader 4043e04130264237805f012d8e251bd4)
I1014 19:25:53.676555 32413 raft_consensus.cc:2743] T 00000000000000000000000000000000 P 88e69d68a7914bf48d802a2f2e500b71: Snoozing failure detection for 0.113s (starting election)
I1014 19:25:53.676628 32413 raft_consensus.cc:2795] T 00000000000000000000000000000000 P 88e69d68a7914bf48d802a2f2e500b71 [term 54 FOLLOWER]: Advancing to term 55
I1014 19:25:53.678197 32413 raft_consensus.cc:479] T 00000000000000000000000000000000 P 88e69d68a7914bf48d802a2f2e500b71 [term 55 FOLLOWER]: Starting leader election with config: opid_index: -1 OBSOLETE_local: false peers { permanent_uuid: "88e69d68a7914bf48d802a2f2e500b71" member_type: VOTER last_known_addr { host: "127.20.201.62" port: 56252 } } peers { permanent_uuid: "cbc42c7d5db44e00883549e254bdd22e" member_type: VOTER last_known_addr { host: "127.20.201.61" port: 59248 } } peers { permanent_uuid: "4043e04130264237805f012d8e251bd4" member_type: VOTER last_known_addr { host: "127.20.201.60" port: 53788 } }
I1014 19:25:53.678663 32413 leader_election.cc:251] T 00000000000000000000000000000000 P 88e69d68a7914bf48d802a2f2e500b71 [CANDIDATE]: Term 55 election: Requesting vote from peer cbc42c7d5db44e00883549e254bdd22e (127.20.201.61:59248)
I1014 19:25:53.678756 32273 raft_consensus.cc:457] T 00000000000000000000000000000000 P cbc42c7d5db44e00883549e254bdd22e [term 54 FOLLOWER]: Starting leader election (detected failure of leader 4043e04130264237805f012d8e251bd4)
I1014 19:25:53.678838 32273 raft_consensus.cc:2743] T 00000000000000000000000000000000 P cbc42c7d5db44e00883549e254bdd22e: Snoozing failure detection for 0.104s (starting election)
I1014 19:25:53.678891 32413 leader_election.cc:251] T 00000000000000000000000000000000 P 88e69d68a7914bf48d802a2f2e500b71 [CANDIDATE]: Term 55 election: Requesting vote from peer 4043e04130264237805f012d8e251bd4 (127.20.201.60:53788)
I1014 19:25:53.678936 32273 raft_consensus.cc:2795] T 00000000000000000000000000000000 P cbc42c7d5db44e00883549e254bdd22e [term 54 FOLLOWER]: Advancing to term 55
I1014 19:25:53.679777 29010 tablet_service.cc:995] Received RequestConsensusVote() RPC: tablet_id: "00000000000000000000000000000000" candidate_uuid: "88e69d68a7914bf48d802a2f2e500b71" candidate_term: 55 candidate_status { last_received { term: 54 index: 37 } } ignore_live_leader: false dest_uuid: "4043e04130264237805f012d8e251bd4"
I1014 19:25:53.679978 29010 raft_consensus.cc:2216] T 00000000000000000000000000000000 P 4043e04130264237805f012d8e251bd4 [term 54 LEADER]: Leader election vote request: Denying vote to candidate 88e69d68a7914bf48d802a2f2e500b71 for term 55 because replica is either leader or believes a valid leader to be alive.
I1014 19:25:53.680197 28825 tablet_service.cc:995] Received RequestConsensusVote() RPC: tablet_id: "00000000000000000000000000000000" candidate_uuid: "88e69d68a7914bf48d802a2f2e500b71" candidate_term: 55 candidate_status { last_received { term: 54 index: 37 } } ignore_live_leader: false dest_uuid: "cbc42c7d5db44e00883549e254bdd22e"
I1014 19:25:53.680418 28594 leader_election.cc:401] T 00000000000000000000000000000000 P 88e69d68a7914bf48d802a2f2e500b71 [CANDIDATE]: Term 55 election: Vote denied by peer 4043e04130264237805f012d8e251bd4 (127.20.201.60:53788). Message: Invalid argument: T 00000000000000000000000000000000 P 4043e04130264237805f012d8e251bd4 [term 54 LEADER]: Leader election vote request: Denying vote to candidate 88e69d68a7914bf48d802a2f2e500b71 for term 55 because replica is either leader or believes a valid leader to be alive.
I1014 19:25:53.681712 32273 raft_consensus.cc:479] T 00000000000000000000000000000000 P cbc42c7d5db44e00883549e254bdd22e [term 55 FOLLOWER]: Starting leader election with config: opid_index: -1 OBSOLETE_local: false peers { permanent_uuid: "88e69d68a7914bf48d802a2f2e500b71" member_type: VOTER last_known_addr { host: "127.20.201.62" port: 56252 } } peers { permanent_uuid: "cbc42c7d5db44e00883549e254bdd22e" member_type: VOTER last_known_addr { host: "127.20.201.61" port: 59248 } } peers { permanent_uuid: "4043e04130264237805f012d8e251bd4" member_type: VOTER last_known_addr { host: "127.20.201.60" port: 53788 } }
I1014 19:25:53.682066 28825 raft_consensus.cc:2185] T 00000000000000000000000000000000 P cbc42c7d5db44e00883549e254bdd22e [term 55 FOLLOWER]: Leader election vote request: Denying vote to candidate 88e69d68a7914bf48d802a2f2e500b71 in current term 55: Already voted for candidate cbc42c7d5db44e00883549e254bdd22e in this term.
I1014 19:25:53.682277 32273 leader_election.cc:251] T 00000000000000000000000000000000 P cbc42c7d5db44e00883549e254bdd22e [CANDIDATE]: Term 55 election: Requesting vote from peer 88e69d68a7914bf48d802a2f2e500b71 (127.20.201.62:56252)
I1014 19:25:53.682474 32273 leader_election.cc:251] T 00000000000000000000000000000000 P cbc42c7d5db44e00883549e254bdd22e [CANDIDATE]: Term 55 election: Requesting vote from peer 4043e04130264237805f012d8e251bd4 (127.20.201.60:53788)
I1014 19:25:53.682621 28600 leader_election.cc:401] T 00000000000000000000000000000000 P 88e69d68a7914bf48d802a2f2e500b71 [CANDIDATE]: Term 55 election: Vote denied by peer cbc42c7d5db44e00883549e254bdd22e (127.20.201.61:59248). Message: Invalid argument: T 00000000000000000000000000000000 P cbc42c7d5db44e00883549e254bdd22e [term 55 FOLLOWER]: Leader election vote request: Denying vote to candidate 88e69d68a7914bf48d802a2f2e500b71 in current term 55: Already voted for candidate cbc42c7d5db44e00883549e254bdd22e in this term.
I1014 19:25:53.682701 28600 leader_election.cc:278] T 00000000000000000000000000000000 P 88e69d68a7914bf48d802a2f2e500b71 [CANDIDATE]: Term 55 election: Election decided. Result: candidate lost.
I1014 19:25:53.682986 32413 raft_consensus.cc:2743] T 00000000000000000000000000000000 P 88e69d68a7914bf48d802a2f2e500b71: Snoozing failure detection for 0.116s (election complete)
I1014 19:25:53.683097 32413 raft_consensus.cc:2497] T 00000000000000000000000000000000 P 88e69d68a7914bf48d802a2f2e500b71 [term 55 FOLLOWER]: Leader election lost for term 55. Reason: could not achieve majority
I1014 19:25:53.683171 29010 tablet_service.cc:995] Received RequestConsensusVote() RPC: tablet_id: "00000000000000000000000000000000" candidate_uuid: "cbc42c7d5db44e00883549e254bdd22e" candidate_term: 55 candidate_status { last_received { term: 54 index: 37 } } ignore_live_leader: false dest_uuid: "4043e04130264237805f012d8e251bd4"
I1014 19:25:53.683341 29010 raft_consensus.cc:2216] T 00000000000000000000000000000000 P 4043e04130264237805f012d8e251bd4 [term 54 LEADER]: Leader election vote request: Denying vote to candidate cbc42c7d5db44e00883549e254bdd22e for term 55 because replica is either leader or believes a valid leader to be alive.
I1014 19:25:53.683450 28640 tablet_service.cc:995] Received RequestConsensusVote() RPC: tablet_id: "00000000000000000000000000000000" candidate_uuid: "cbc42c7d5db44e00883549e254bdd22e" candidate_term: 55 candidate_status { last_received { term: 54 index: 37 } } ignore_live_leader: false dest_uuid: "88e69d68a7914bf48d802a2f2e500b71"
I1014 19:25:53.683629 28640 raft_consensus.cc:2185] T 00000000000000000000000000000000 P 88e69d68a7914bf48d802a2f2e500b71 [term 55 FOLLOWER]: Leader election vote request: Denying vote to candidate cbc42c7d5db44e00883549e254bdd22e in current term 55: Already voted for candidate 88e69d68a7914bf48d802a2f2e500b71 in this term.
I1014 19:25:53.683794 28780 leader_election.cc:401] T 00000000000000000000000000000000 P cbc42c7d5db44e00883549e254bdd22e [CANDIDATE]: Term 55 election: Vote denied by peer 4043e04130264237805f012d8e251bd4 (127.20.201.60:53788). Message: Invalid argument: T 00000000000000000000000000000000 P 4043e04130264237805f012d8e251bd4 [term 54 LEADER]: Leader election vote request: Denying vote to candidate cbc42c7d5db44e00883549e254bdd22e for term 55 because replica is either leader or believes a valid leader to be alive.
I1014 19:25:53.683980 28786 leader_election.cc:401] T 00000000000000000000000000000000 P cbc42c7d5db44e00883549e254bdd22e [CANDIDATE]: Term 55 election: Vote denied by peer 88e69d68a7914bf48d802a2f2e500b71 (127.20.201.62:56252). Message: Invalid argument: T 00000000000000000000000000000000 P 88e69d68a7914bf48d802a2f2e500b71 [term 55 FOLLOWER]: Leader election vote request: Denying vote to candidate cbc42c7d5db44e00883549e254bdd22e in current term 55: Already voted for candidate 88e69d68a7914bf48d802a2f2e500b71 in this term.
I1014 19:25:53.684067 28786 leader_election.cc:278] T 00000000000000000000000000000000 P cbc42c7d5db44e00883549e254bdd22e [CANDIDATE]: Term 55 election: Election decided. Result: candidate lost.
I1014 19:25:53.684340 32273 raft_consensus.cc:2743] T 00000000000000000000000000000000 P cbc42c7d5db44e00883549e254bdd22e: Snoozing failure detection for 0.103s (election complete)
I1014 19:25:53.684419 32273 raft_consensus.cc:2497] T 00000000000000000000000000000000 P cbc42c7d5db44e00883549e254bdd22e [term 55 FOLLOWER]: Leader election lost for term 55. Reason: could not achieve majority
I1014 19:25:53.687991 28640 raft_consensus.cc:1051] T 00000000000000000000000000000000 P 88e69d68a7914bf48d802a2f2e500b71 [term 55 FOLLOWER]: Rejecting Update request from peer 4043e04130264237805f012d8e251bd4 for earlier term 54. Current term is 55. Ops: []
I1014 19:25:53.688504 32135 consensus_queue.cc:974] T 00000000000000000000000000000000 P 4043e04130264237805f012d8e251bd4 [LEADER]: Peer responded invalid term: Peer: permanent_uuid: "88e69d68a7914bf48d802a2f2e500b71" member_type: VOTER last_known_addr { host: "127.20.201.62" port: 56252 }, Status: INVALID_TERM, Last received: 54.37, Next index: 38, Last known committed idx: 37, Time since last communication: 0.000s
I1014 19:25:53.688787 29621 raft_consensus.cc:2790] T 00000000000000000000000000000000 P 4043e04130264237805f012d8e251bd4 [term 54 LEADER]: Stepping down as leader of term 54
I1014 19:25:53.688848 29621 raft_consensus.cc:630] T 00000000000000000000000000000000 P 4043e04130264237805f012d8e251bd4 [term 54 LEADER]: Becoming Follower/Learner. State: Replica: 4043e04130264237805f012d8e251bd4, State: Running, Role: LEADER
