[==========] Running 6 tests from 3 test cases. [----------] Global test environment set-up. [----------] 4 tests from MasterCertAuthorityTest [ RUN ] MasterCertAuthorityTest.CertAuthorityPersistsUponRestart WARNING: Logging before InitGoogleLogging() is written to STDERR
I1014 19:25:29.238864 21284 internal_mini_cluster.cc:146] Creating distributed mini masters. Addrs: 127.20.201.62:50411,127.20.201.61:35872,127.20.201.60:52076
I1014 19:25:29.249318 21284 system_ntp.cc:199] NTP initialized. Skew: 500ppm Current error: 417078us
I1014 19:25:29.250082 21284 fs_manager.cc:263] Metadata directory not provided
I1014 19:25:29.250155 21284 fs_manager.cc:269] Using write-ahead log directory (fs_wal_dir) as metadata directory
I1014 19:25:29.250435 21284 server_base.cc:432] Could not load existing FS layout: Not found: could not find a healthy instance file
I1014 19:25:29.250545 21284 server_base.cc:433] Attempting to create new FS layout instead
I1014 19:25:29.253928 21284 fs_manager.cc:602] Generated new instance metadata in path /data/somelongdirectorytoavoidrpathissues/src/kudutest/master_cert_authority-itest.0.MasterCertAuthorityTest.CertAuthorityPersistsUponRestart.1539570329182132-21284/minicluster-data/master-0-root/instance: uuid: "99714f99f26143dca7fd38e15b849c91" format_stamp: "Formatted at 2018-10-15 02:25:29 on quasar-ixxjpd-1.vpc.cloudera.com"
I1014 19:25:29.264638 21284 fs_manager.cc:503] Time spent creating directory manager: real 0.010s user 0.008s sys 0.001s
I1014 19:25:29.265967 21284 env_posix.cc:1676] Not raising this process' open files per process limit of 32768; it is already as high as it can go
I1014 19:25:29.266541 21284 file_cache.cc:466] Constructed file cache lbm with capacity 13107
I1014 19:25:29.271674 21284 fs_manager.cc:419] Time spent opening block manager: real 0.003s user 0.001s sys 0.001s
I1014 19:25:29.271750 21284 fs_manager.cc:436] Opened local filesystem: /data/somelongdirectorytoavoidrpathissues/src/kudutest/master_cert_authority-itest.0.MasterCertAuthorityTest.CertAuthorityPersistsUponRestart.1539570329182132-21284/minicluster-data/master-0-root uuid: "99714f99f26143dca7fd38e15b849c91" format_stamp: "Formatted at 2018-10-15 02:25:29 on quasar-ixxjpd-1.vpc.cloudera.com"
I1014 19:25:29.271878 21284 fs_report.cc:352] FS layout report -------------------- wal directory: /data/somelongdirectorytoavoidrpathissues/src/kudutest/master_cert_authority-itest.0.MasterCertAuthorityTest.CertAuthorityPersistsUponRestart.1539570329182132-21284/minicluster-data/master-0-root metadata directory: /data/somelongdirectorytoavoidrpathissues/src/kudutest/master_cert_authority-itest.0.MasterCertAuthorityTest.CertAuthorityPersistsUponRestart.1539570329182132-21284/minicluster-data/master-0-root 1 data directories: /data/somelongdirectorytoavoidrpathissues/src/kudutest/master_cert_authority-itest.0.MasterCertAuthorityTest.CertAuthorityPersistsUponRestart.1539570329182132-21284/minicluster-data/master-0-root/data Total live blocks: 0 Total live bytes: 0 Total live bytes (after alignment): 0 Total number of LBM containers: 0 (0 full) Did not check for missing blocks Did not check for orphaned blocks Total full LBM containers with extra space: 0 (0 repaired) Total full LBM container extra space in bytes: 0 (0 repaired) Total incomplete LBM containers: 0 (0 repaired) Total LBM partial records: 0 (0 repaired)
I1014 19:25:29.299134 21284 env_posix.cc:1671] Raising this process' running threads per effective uid limit from 32768 to 65536
I1014 19:25:29.354223 21284 rpc_server.cc:205] RPC server started. Bound to: 127.20.201.62:50411
I1014 19:25:29.354804 21284 webserver.cc:175] Starting webserver on 127.20.201.62:0
I1014 19:25:29.354849 21284 webserver.cc:186] Document root disabled
I1014 19:25:29.355823 21284 webserver.cc:313] Webserver started. Bound to: http://127.20.201.62:37234/
I1014 19:25:29.361562 21469 data_dirs.cc:938] Could only allocate 1 dirs of requested 3 for tablet 00000000000000000000000000000000. 1 dirs total, 0 dirs full, 0 dirs failed
I1014 19:25:29.362426 21284 system_ntp.cc:199] NTP initialized. Skew: 500ppm Current error: 417078us
I1014 19:25:29.362707 21284 fs_manager.cc:263] Metadata directory not provided
I1014 19:25:29.362812 21284 fs_manager.cc:269] Using write-ahead log directory (fs_wal_dir) as metadata directory
I1014 19:25:29.363072 21284 server_base.cc:432] Could not load existing FS layout: Not found: could not find a healthy instance file
I1014 19:25:29.363173 21284 server_base.cc:433] Attempting to create new FS layout instead
I1014 19:25:29.364094 21284 fs_manager.cc:602] Generated new instance metadata in path /data/somelongdirectorytoavoidrpathissues/src/kudutest/master_cert_authority-itest.0.MasterCertAuthorityTest.CertAuthorityPersistsUponRestart.1539570329182132-21284/minicluster-data/master-1-root/instance: uuid: "e63b79beb7394619b5da13690787d902" format_stamp: "Formatted at 2018-10-15 02:25:29 on quasar-ixxjpd-1.vpc.cloudera.com"
I1014 19:25:29.377305 21284 fs_manager.cc:503] Time spent creating directory manager: real 0.013s user 0.003s sys 0.007s
I1014 19:25:29.379253 21284 file_cache.cc:466] Constructed file cache lbm with capacity 13107
I1014 19:25:29.385601 21284 fs_manager.cc:419] Time spent opening block manager: real 0.004s user 0.001s sys 0.002s
I1014 19:25:29.385679 21284 fs_manager.cc:436] Opened local filesystem: /data/somelongdirectorytoavoidrpathissues/src/kudutest/master_cert_authority-itest.0.MasterCertAuthorityTest.CertAuthorityPersistsUponRestart.1539570329182132-21284/minicluster-data/master-1-root uuid: "e63b79beb7394619b5da13690787d902" format_stamp: "Formatted at 2018-10-15 02:25:29 on quasar-ixxjpd-1.vpc.cloudera.com"
I1014 19:25:29.385766 21284 fs_report.cc:352] FS layout report -------------------- wal directory: /data/somelongdirectorytoavoidrpathissues/src/kudutest/master_cert_authority-itest.0.MasterCertAuthorityTest.CertAuthorityPersistsUponRestart.1539570329182132-21284/minicluster-data/master-1-root metadata directory: /data/somelongdirectorytoavoidrpathissues/src/kudutest/master_cert_authority-itest.0.MasterCertAuthorityTest.CertAuthorityPersistsUponRestart.1539570329182132-21284/minicluster-data/master-1-root 1 data directories: /data/somelongdirectorytoavoidrpathissues/src/kudutest/master_cert_authority-itest.0.MasterCertAuthorityTest.CertAuthorityPersistsUponRestart.1539570329182132-21284/minicluster-data/master-1-root/data Total live blocks: 0 Total live bytes: 0 Total live bytes (after alignment): 0 Total number of LBM containers: 0 (0 full) Did not check for missing blocks Did not check for orphaned blocks Total full LBM containers with extra space: 0 (0 repaired) Total full LBM container extra space in bytes: 0 (0 repaired) Total incomplete LBM containers: 0 (0 repaired) Total LBM partial records: 0 (0 repaired)
I1014 19:25:29.383177 21469 sys_catalog.cc:304] member_type: VOTER last_known_addr { host: "127.20.201.62" port: 50411 } has no permanent_uuid. Determining permanent_uuid...
I1014 19:25:29.422493 21469 sys_catalog.cc:304] member_type: VOTER last_known_addr { host: "127.20.201.61" port: 35872 } has no permanent_uuid. Determining permanent_uuid...
W1014 19:25:29.423822 21469 consensus_peers.cc:565] Error getting permanent uuid from config peer 127.20.201.61:35872: Network error: Client connection negotiation failed: client connection to 127.20.201.61:35872: connect: Connection refused (error 111)
I1014 19:25:29.467161 21469 consensus_peers.cc:575] Retrying to get permanent uuid for remote peer: member_type: VOTER last_known_addr { host: "127.20.201.61" port: 35872 } attempt: 1
W1014 19:25:29.468562 21469 consensus_peers.cc:565] Error getting permanent uuid from config peer 127.20.201.61:35872: Network error: Client connection negotiation failed: client connection to 127.20.201.61:35872: connect: Connection refused (error 111)
I1014 19:25:29.501981 21469 consensus_peers.cc:575] Retrying to get permanent uuid for remote peer: member_type: VOTER last_known_addr { host: "127.20.201.61" port: 35872 } attempt: 2
W1014 19:25:29.503548 21469 consensus_peers.cc:565] Error getting permanent uuid from config peer 127.20.201.61:35872: Network error: Client connection negotiation failed: client connection to 127.20.201.61:35872: connect: Connection refused (error 111)
I1014 19:25:29.519383 21284 rpc_server.cc:205] RPC server started. Bound to: 127.20.201.61:35872
I1014 19:25:29.519747 21284 webserver.cc:175] Starting webserver on 127.20.201.61:0
I1014 19:25:29.519798 21284 webserver.cc:186] Document root disabled
I1014 19:25:29.520510 21284 webserver.cc:313] Webserver started. Bound to: http://127.20.201.61:42247/
I1014 19:25:29.522686 21617 data_dirs.cc:938] Could only allocate 1 dirs of requested 3 for tablet 00000000000000000000000000000000. 1 dirs total, 0 dirs full, 0 dirs failed
I1014 19:25:29.526114 21617 sys_catalog.cc:304] member_type: VOTER last_known_addr { host: "127.20.201.62" port: 50411 } has no permanent_uuid. Determining permanent_uuid...
I1014 19:25:29.527532 21284 system_ntp.cc:199] NTP initialized. Skew: 500ppm Current error: 417078us
I1014 19:25:29.527887 21284 fs_manager.cc:263] Metadata directory not provided
I1014 19:25:29.528039 21284 fs_manager.cc:269] Using write-ahead log directory (fs_wal_dir) as metadata directory
I1014 19:25:29.528264 21284 server_base.cc:432] Could not load existing FS layout: Not found: could not find a healthy instance file
I1014 19:25:29.528363 21284 server_base.cc:433] Attempting to create new FS layout instead
I1014 19:25:29.528937 21284 fs_manager.cc:602] Generated new instance metadata in path /data/somelongdirectorytoavoidrpathissues/src/kudutest/master_cert_authority-itest.0.MasterCertAuthorityTest.CertAuthorityPersistsUponRestart.1539570329182132-21284/minicluster-data/master-2-root/instance: uuid: "efaa4987e3b34825a1ad301fd233e4bf" format_stamp: "Formatted at 2018-10-15 02:25:29 on quasar-ixxjpd-1.vpc.cloudera.com"
I1014 19:25:29.541080 21617 sys_catalog.cc:304] member_type: VOTER last_known_addr { host: "127.20.201.61" port: 35872 } has no permanent_uuid. Determining permanent_uuid...
I1014 19:25:29.541290 21284 fs_manager.cc:503] Time spent creating directory manager: real 0.012s user 0.002s sys 0.007s
I1014 19:25:29.545699 21284 file_cache.cc:466] Constructed file cache lbm with capacity 13107
I1014 19:25:29.551851 21617 sys_catalog.cc:304] member_type: VOTER last_known_addr { host: "127.20.201.60" port: 52076 } has no permanent_uuid. Determining permanent_uuid...
I1014 19:25:29.552500 21284 fs_manager.cc:419] Time spent opening block manager: real 0.004s user 0.000s sys 0.003s
I1014 19:25:29.552652 21284 fs_manager.cc:436] Opened local filesystem: /data/somelongdirectorytoavoidrpathissues/src/kudutest/master_cert_authority-itest.0.MasterCertAuthorityTest.CertAuthorityPersistsUponRestart.1539570329182132-21284/minicluster-data/master-2-root uuid: "efaa4987e3b34825a1ad301fd233e4bf" format_stamp: "Formatted at 2018-10-15 02:25:29 on quasar-ixxjpd-1.vpc.cloudera.com"
W1014 19:25:29.553155 21617 consensus_peers.cc:565] Error getting permanent uuid from config peer 127.20.201.60:52076: Network error: Client connection negotiation failed: client connection to 127.20.201.60:52076: connect: Connection refused (error 111)
I1014 19:25:29.553213 21284 fs_report.cc:352] FS layout report -------------------- wal directory: /data/somelongdirectorytoavoidrpathissues/src/kudutest/master_cert_authority-itest.0.MasterCertAuthorityTest.CertAuthorityPersistsUponRestart.1539570329182132-21284/minicluster-data/master-2-root metadata directory: /data/somelongdirectorytoavoidrpathissues/src/kudutest/master_cert_authority-itest.0.MasterCertAuthorityTest.CertAuthorityPersistsUponRestart.1539570329182132-21284/minicluster-data/master-2-root 1 data directories: /data/somelongdirectorytoavoidrpathissues/src/kudutest/master_cert_authority-itest.0.MasterCertAuthorityTest.CertAuthorityPersistsUponRestart.1539570329182132-21284/minicluster-data/master-2-root/data Total live blocks: 0 Total live bytes: 0 Total live bytes (after alignment): 0 Total number of LBM containers: 0 (0 full) Did not check for missing blocks Did not check for orphaned blocks Total full LBM containers with extra space: 0 (0 repaired) Total full LBM container extra space in bytes: 0 (0 repaired) Total incomplete LBM containers: 0 (0 repaired) Total LBM partial records: 0 (0 repaired)
I1014 19:25:29.584393 21617 consensus_peers.cc:575] Retrying to get permanent uuid for remote peer: member_type: VOTER last_known_addr { host: "127.20.201.60" port: 52076 } attempt: 1
W1014 19:25:29.585347 21617 consensus_peers.cc:565] Error getting permanent uuid from config peer 127.20.201.60:52076: Network error: Client connection negotiation failed: client connection to 127.20.201.60:52076: connect: Connection refused (error 111)
I1014 19:25:29.613807 21469 consensus_peers.cc:575] Retrying to get permanent uuid for remote peer: member_type: VOTER last_known_addr { host: "127.20.201.61" port: 35872 } attempt: 3
I1014 19:25:29.619560 21469 sys_catalog.cc:304] member_type: VOTER last_known_addr { host: "127.20.201.60" port: 52076 } has no permanent_uuid. Determining permanent_uuid...
W1014 19:25:29.620517 21469 consensus_peers.cc:565] Error getting permanent uuid from config peer 127.20.201.60:52076: Network error: Client connection negotiation failed: client connection to 127.20.201.60:52076: connect: Connection refused (error 111)
I1014 19:25:29.664652 21617 consensus_peers.cc:575] Retrying to get permanent uuid for remote peer: member_type: VOTER last_known_addr { host: "127.20.201.60" port: 52076 } attempt: 2
W1014 19:25:29.665629 21617 consensus_peers.cc:565] Error getting permanent uuid from config peer 127.20.201.60:52076: Network error: Client connection negotiation failed: client connection to 127.20.201.60:52076: connect: Connection refused (error 111)
I1014 19:25:29.665761 21469 consensus_peers.cc:575] Retrying to get permanent uuid for remote peer: member_type: VOTER last_known_addr { host: "127.20.201.60" port: 52076 } attempt: 1
W1014 19:25:29.668898 21469 consensus_peers.cc:565] Error getting permanent uuid from config peer 127.20.201.60:52076: Network error: Client connection negotiation failed: client connection to 127.20.201.60:52076: connect: Connection refused (error 111)
I1014 19:25:29.677774 21284 rpc_server.cc:205] RPC server started. Bound to: 127.20.201.60:52076
I1014 19:25:29.678067 21284 webserver.cc:175] Starting webserver on 127.20.201.60:0
I1014 19:25:29.678107 21284 webserver.cc:186] Document root disabled
I1014 19:25:29.678807 21284 webserver.cc:313] Webserver started. Bound to: http://127.20.201.60:59994/
I1014 19:25:29.679877 21284 internal_mini_cluster.cc:166] Waiting to initialize catalog manager on master 0
I1014 19:25:29.680626 21693 data_dirs.cc:938] Could only allocate 1 dirs of requested 3 for tablet 00000000000000000000000000000000. 1 dirs total, 0 dirs full, 0 dirs failed
I1014 19:25:29.682678 21693 sys_catalog.cc:304] member_type: VOTER last_known_addr { host: "127.20.201.62" port: 50411 } has no permanent_uuid. Determining permanent_uuid...
I1014 19:25:29.689116 21693 sys_catalog.cc:304] member_type: VOTER last_known_addr { host: "127.20.201.61" port: 35872 } has no permanent_uuid. Determining permanent_uuid...
I1014 19:25:29.694226 21693 sys_catalog.cc:304] member_type: VOTER last_known_addr { host: "127.20.201.60" port: 52076 } has no permanent_uuid. Determining permanent_uuid...
I1014 19:25:29.703920 21693 tablet_bootstrap.cc:438] T 00000000000000000000000000000000 P efaa4987e3b34825a1ad301fd233e4bf: Bootstrap starting.
I1014 19:25:29.706693 21693 tablet_bootstrap.cc:592] T 00000000000000000000000000000000 P efaa4987e3b34825a1ad301fd233e4bf: No blocks or log segments found. Creating new log.
I1014 19:25:29.707648 21693 log.cc:525] T 00000000000000000000000000000000 P efaa4987e3b34825a1ad301fd233e4bf: Log is configured to *not* fsync() on all Append() calls
I1014 19:25:29.710265 21693 tablet_bootstrap.cc:438] T 00000000000000000000000000000000 P efaa4987e3b34825a1ad301fd233e4bf: No bootstrap required, opened a new log
I1014 19:25:29.716528 21693 raft_consensus.cc:325] T 00000000000000000000000000000000 P efaa4987e3b34825a1ad301fd233e4bf [term 0 FOLLOWER]: Replica starting. Triggering 0 pending transactions. Active config: opid_index: -1 OBSOLETE_local: false peers { permanent_uuid: "99714f99f26143dca7fd38e15b849c91" member_type: VOTER last_known_addr { host: "127.20.201.62" port: 50411 } } peers { permanent_uuid: "e63b79beb7394619b5da13690787d902" member_type: VOTER last_known_addr { host: "127.20.201.61" port: 35872 } } peers { permanent_uuid: "efaa4987e3b34825a1ad301fd233e4bf" member_type: VOTER last_known_addr { host: "127.20.201.60" port: 52076 } }
I1014 19:25:29.716774 21693 raft_consensus.cc:351] T 00000000000000000000000000000000 P efaa4987e3b34825a1ad301fd233e4bf [term 0 FOLLOWER]: Consensus starting up: Expiring failure detector timer to make a prompt election more likely
I1014 19:25:29.716858 21693 raft_consensus.cc:630] T 00000000000000000000000000000000 P efaa4987e3b34825a1ad301fd233e4bf [term 0 FOLLOWER]: Becoming Follower/Learner. State: Replica: efaa4987e3b34825a1ad301fd233e4bf, State: Initialized, Role: FOLLOWER
I1014 19:25:29.717411 21693 consensus_queue.cc:228] T 00000000000000000000000000000000 P efaa4987e3b34825a1ad301fd233e4bf [NON_LEADER]: Queue going to NON_LEADER mode. State: All replicated index: 0, Majority replicated index: 0, Committed index: 0, Last appended: 0.0, Last appended by leader: 0, Current term: 0, Majority size: -1, State: 0, Mode: NON_LEADER, active raft config: opid_index: -1 OBSOLETE_local: false peers { permanent_uuid: "99714f99f26143dca7fd38e15b849c91" member_type: VOTER last_known_addr { host: "127.20.201.62" port: 50411 } } peers { permanent_uuid: "e63b79beb7394619b5da13690787d902" member_type: VOTER last_known_addr { host: "127.20.201.61" port: 35872 } } peers { permanent_uuid: "efaa4987e3b34825a1ad301fd233e4bf" member_type: VOTER last_known_addr { host: "127.20.201.60" port: 52076 } }
I1014 19:25:29.719003 21697 sys_catalog.cc:337] T 00000000000000000000000000000000 P efaa4987e3b34825a1ad301fd233e4bf [sys.catalog]: SysCatalogTable state changed. Reason: RaftConsensus started. Latest consensus state: current_term: 0 committed_config { opid_index: -1 OBSOLETE_local: false peers { permanent_uuid: "99714f99f26143dca7fd38e15b849c91" member_type: VOTER last_known_addr { host: "127.20.201.62" port: 50411 } } peers { permanent_uuid: "e63b79beb7394619b5da13690787d902" member_type: VOTER last_known_addr { host: "127.20.201.61" port: 35872 } } peers { permanent_uuid: "efaa4987e3b34825a1ad301fd233e4bf" member_type: VOTER last_known_addr { host: "127.20.201.60" port: 52076 } } }
I1014 19:25:29.719326 21697 sys_catalog.cc:340] T 00000000000000000000000000000000 P efaa4987e3b34825a1ad301fd233e4bf [sys.catalog]: This master's current role is: FOLLOWER
I1014 19:25:29.718852 21693 sys_catalog.cc:337] T 00000000000000000000000000000000 P efaa4987e3b34825a1ad301fd233e4bf [sys.catalog]: SysCatalogTable state changed. Reason: Started TabletReplica. Latest consensus state: current_term: 0 committed_config { opid_index: -1 OBSOLETE_local: false peers { permanent_uuid: "99714f99f26143dca7fd38e15b849c91" member_type: VOTER last_known_addr { host: "127.20.201.62" port: 50411 } } peers { permanent_uuid: "e63b79beb7394619b5da13690787d902" member_type: VOTER last_known_addr { host: "127.20.201.61" port: 35872 } } peers { permanent_uuid: "efaa4987e3b34825a1ad301fd233e4bf" member_type: VOTER last_known_addr { host: "127.20.201.60" port: 52076 } } }
I1014 19:25:29.719543 21693 sys_catalog.cc:340] T 00000000000000000000000000000000 P efaa4987e3b34825a1ad301fd233e4bf [sys.catalog]: This master's current role is: FOLLOWER
I1014 19:25:29.720765 21693 sys_catalog.cc:424] T 00000000000000000000000000000000 P efaa4987e3b34825a1ad301fd233e4bf [sys.catalog]: configured and running, proceeding with master startup.
W1014 19:25:29.726299 21698 catalog_manager.cc:1084] T 00000000000000000000000000000000 P efaa4987e3b34825a1ad301fd233e4bf: acquiring CA information for follower catalog manager: Not found: root CA entry not found
W1014 19:25:29.726490 21698 catalog_manager.cc:583] Not found: root CA entry not found: failed to prepare follower catalog manager, will retry
I1014 19:25:29.744256 21469 consensus_peers.cc:575] Retrying to get permanent uuid for remote peer: member_type: VOTER last_known_addr { host: "127.20.201.60" port: 52076 } attempt: 2
I1014 19:25:29.753878 21469 tablet_bootstrap.cc:438] T 00000000000000000000000000000000 P 99714f99f26143dca7fd38e15b849c91: Bootstrap starting.
I1014 19:25:29.756163 21469 tablet_bootstrap.cc:592] T 00000000000000000000000000000000 P 99714f99f26143dca7fd38e15b849c91: No blocks or log segments found. Creating new log.
I1014 19:25:29.759649 21469 tablet_bootstrap.cc:438] T 00000000000000000000000000000000 P 99714f99f26143dca7fd38e15b849c91: No bootstrap required, opened a new log
I1014 19:25:29.761117 21469 raft_consensus.cc:325] T 00000000000000000000000000000000 P 99714f99f26143dca7fd38e15b849c91 [term 0 FOLLOWER]: Replica starting. Triggering 0 pending transactions. Active config: opid_index: -1 OBSOLETE_local: false peers { permanent_uuid: "99714f99f26143dca7fd38e15b849c91" member_type: VOTER last_known_addr { host: "127.20.201.62" port: 50411 } } peers { permanent_uuid: "e63b79beb7394619b5da13690787d902" member_type: VOTER last_known_addr { host: "127.20.201.61" port: 35872 } } peers { permanent_uuid: "efaa4987e3b34825a1ad301fd233e4bf" member_type: VOTER last_known_addr { host: "127.20.201.60" port: 52076 } }
I1014 19:25:29.761502 21469 raft_consensus.cc:351] T 00000000000000000000000000000000 P 99714f99f26143dca7fd38e15b849c91 [term 0 FOLLOWER]: Consensus starting up: Expiring failure detector timer to make a prompt election more likely
I1014 19:25:29.761639 21469 raft_consensus.cc:630] T 00000000000000000000000000000000 P 99714f99f26143dca7fd38e15b849c91 [term 0 FOLLOWER]: Becoming Follower/Learner. State: Replica: 99714f99f26143dca7fd38e15b849c91, State: Initialized, Role: FOLLOWER
I1014 19:25:29.762049 21469 consensus_queue.cc:228] T 00000000000000000000000000000000 P 99714f99f26143dca7fd38e15b849c91 [NON_LEADER]: Queue going to NON_LEADER mode. State: All replicated index: 0, Majority replicated index: 0, Committed index: 0, Last appended: 0.0, Last appended by leader: 0, Current term: 0, Majority size: -1, State: 0, Mode: NON_LEADER, active raft config: opid_index: -1 OBSOLETE_local: false peers { permanent_uuid: "99714f99f26143dca7fd38e15b849c91" member_type: VOTER last_known_addr { host: "127.20.201.62" port: 50411 } } peers { permanent_uuid: "e63b79beb7394619b5da13690787d902" member_type: VOTER last_known_addr { host: "127.20.201.61" port: 35872 } } peers { permanent_uuid: "efaa4987e3b34825a1ad301fd233e4bf" member_type: VOTER last_known_addr { host: "127.20.201.60" port: 52076 } }
I1014 19:25:29.763586 21469 sys_catalog.cc:337] T 00000000000000000000000000000000 P 99714f99f26143dca7fd38e15b849c91 [sys.catalog]: SysCatalogTable state changed. Reason: Started TabletReplica. Latest consensus state: current_term: 0 committed_config { opid_index: -1 OBSOLETE_local: false peers { permanent_uuid: "99714f99f26143dca7fd38e15b849c91" member_type: VOTER last_known_addr { host: "127.20.201.62" port: 50411 } } peers { permanent_uuid: "e63b79beb7394619b5da13690787d902" member_type: VOTER last_known_addr { host: "127.20.201.61" port: 35872 } } peers { permanent_uuid: "efaa4987e3b34825a1ad301fd233e4bf" member_type: VOTER last_known_addr { host: "127.20.201.60" port: 52076 } } }
I1014 19:25:29.763988 21469 sys_catalog.cc:340] T 00000000000000000000000000000000 P 99714f99f26143dca7fd38e15b849c91 [sys.catalog]: This master's current role is: FOLLOWER
I1014 19:25:29.764720 21469 sys_catalog.cc:424] T 00000000000000000000000000000000 P 99714f99f26143dca7fd38e15b849c91 [sys.catalog]: configured and running, proceeding with master startup.
I1014 19:25:29.767151 21284 internal_mini_cluster.cc:166] Waiting to initialize catalog manager on master 1
I1014 19:25:29.767204 21701 sys_catalog.cc:337] T 00000000000000000000000000000000 P 99714f99f26143dca7fd38e15b849c91 [sys.catalog]: SysCatalogTable state changed. Reason: RaftConsensus started. Latest consensus state: current_term: 0 committed_config { opid_index: -1 OBSOLETE_local: false peers { permanent_uuid: "99714f99f26143dca7fd38e15b849c91" member_type: VOTER last_known_addr { host: "127.20.201.62" port: 50411 } } peers { permanent_uuid: "e63b79beb7394619b5da13690787d902" member_type: VOTER last_known_addr { host: "127.20.201.61" port: 35872 } } peers { permanent_uuid: "efaa4987e3b34825a1ad301fd233e4bf" member_type: VOTER last_known_addr { host: "127.20.201.60" port: 52076 } } }
I1014 19:25:29.768885 21701 sys_catalog.cc:340] T 00000000000000000000000000000000 P 99714f99f26143dca7fd38e15b849c91 [sys.catalog]: This master's current role is: FOLLOWER
W1014 19:25:29.770048 21703 catalog_manager.cc:1084] T 00000000000000000000000000000000 P 99714f99f26143dca7fd38e15b849c91: acquiring CA information for follower catalog manager: Not found: root CA entry not found
W1014 19:25:29.770151 21703 catalog_manager.cc:583] Not found: root CA entry not found: failed to prepare follower catalog manager, will retry
I1014 19:25:29.770911 21617 consensus_peers.cc:575] Retrying to get permanent uuid for remote peer: member_type: VOTER last_known_addr { host: "127.20.201.60" port: 52076 } attempt: 3
I1014 19:25:29.780385 21617 tablet_bootstrap.cc:438] T 00000000000000000000000000000000 P e63b79beb7394619b5da13690787d902: Bootstrap starting.
I1014 19:25:29.782655 21617 tablet_bootstrap.cc:592] T 00000000000000000000000000000000 P e63b79beb7394619b5da13690787d902: No blocks or log segments found. Creating new log.
I1014 19:25:29.785809 21617 tablet_bootstrap.cc:438] T 00000000000000000000000000000000 P e63b79beb7394619b5da13690787d902: No bootstrap required, opened a new log
I1014 19:25:29.787470 21617 raft_consensus.cc:325] T 00000000000000000000000000000000 P e63b79beb7394619b5da13690787d902 [term 0 FOLLOWER]: Replica starting. Triggering 0 pending transactions. Active config: opid_index: -1 OBSOLETE_local: false peers { permanent_uuid: "99714f99f26143dca7fd38e15b849c91" member_type: VOTER last_known_addr { host: "127.20.201.62" port: 50411 } } peers { permanent_uuid: "e63b79beb7394619b5da13690787d902" member_type: VOTER last_known_addr { host: "127.20.201.61" port: 35872 } } peers { permanent_uuid: "efaa4987e3b34825a1ad301fd233e4bf" member_type: VOTER last_known_addr { host: "127.20.201.60" port: 52076 } }
I1014 19:25:29.787819 21617 raft_consensus.cc:351] T 00000000000000000000000000000000 P e63b79beb7394619b5da13690787d902 [term 0 FOLLOWER]: Consensus starting up: Expiring failure detector timer to make a prompt election more likely
I1014 19:25:29.787930 21617 raft_consensus.cc:630] T 00000000000000000000000000000000 P e63b79beb7394619b5da13690787d902 [term 0 FOLLOWER]: Becoming Follower/Learner. State: Replica: e63b79beb7394619b5da13690787d902, State: Initialized, Role: FOLLOWER
I1014 19:25:29.788326 21617 consensus_queue.cc:228] T 00000000000000000000000000000000 P e63b79beb7394619b5da13690787d902 [NON_LEADER]: Queue going to NON_LEADER mode. State: All replicated index: 0, Majority replicated index: 0, Committed index: 0, Last appended: 0.0, Last appended by leader: 0, Current term: 0, Majority size: -1, State: 0, Mode: NON_LEADER, active raft config: opid_index: -1 OBSOLETE_local: false peers { permanent_uuid: "99714f99f26143dca7fd38e15b849c91" member_type: VOTER last_known_addr { host: "127.20.201.62" port: 50411 } } peers { permanent_uuid: "e63b79beb7394619b5da13690787d902" member_type: VOTER last_known_addr { host: "127.20.201.61" port: 35872 } } peers { permanent_uuid: "efaa4987e3b34825a1ad301fd233e4bf" member_type: VOTER last_known_addr { host: "127.20.201.60" port: 52076 } }
I1014 19:25:29.789680 21617 sys_catalog.cc:337] T 00000000000000000000000000000000 P e63b79beb7394619b5da13690787d902 [sys.catalog]: SysCatalogTable state changed. Reason: Started TabletReplica. Latest consensus state: current_term: 0 committed_config { opid_index: -1 OBSOLETE_local: false peers { permanent_uuid: "99714f99f26143dca7fd38e15b849c91" member_type: VOTER last_known_addr { host: "127.20.201.62" port: 50411 } } peers { permanent_uuid: "e63b79beb7394619b5da13690787d902" member_type: VOTER last_known_addr { host: "127.20.201.61" port: 35872 } } peers { permanent_uuid: "efaa4987e3b34825a1ad301fd233e4bf" member_type: VOTER last_known_addr { host: "127.20.201.60" port: 52076 } } }
I1014 19:25:29.790040 21617 sys_catalog.cc:340] T 00000000000000000000000000000000 P e63b79beb7394619b5da13690787d902 [sys.catalog]: This master's current role is: FOLLOWER
I1014 19:25:29.790036 21707 sys_catalog.cc:337] T 00000000000000000000000000000000 P e63b79beb7394619b5da13690787d902 [sys.catalog]: SysCatalogTable state changed. Reason: RaftConsensus started. Latest consensus state: current_term: 0 committed_config { opid_index: -1 OBSOLETE_local: false peers { permanent_uuid: "99714f99f26143dca7fd38e15b849c91" member_type: VOTER last_known_addr { host: "127.20.201.62" port: 50411 } } peers { permanent_uuid: "e63b79beb7394619b5da13690787d902" member_type: VOTER last_known_addr { host: "127.20.201.61" port: 35872 } } peers { permanent_uuid: "efaa4987e3b34825a1ad301fd233e4bf" member_type: VOTER last_known_addr { host: "127.20.201.60" port: 52076 } } }
I1014 19:25:29.790709 21707 sys_catalog.cc:340] T 00000000000000000000000000000000 P e63b79beb7394619b5da13690787d902 [sys.catalog]: This master's current role is: FOLLOWER
I1014 19:25:29.791079 21617 sys_catalog.cc:424] T 00000000000000000000000000000000 P e63b79beb7394619b5da13690787d902 [sys.catalog]: configured and running, proceeding with master startup.
I1014 19:25:29.797406 21284 internal_mini_cluster.cc:166] Waiting to initialize catalog manager on master 2
W1014 19:25:29.799602 21709 catalog_manager.cc:1084] T 00000000000000000000000000000000 P e63b79beb7394619b5da13690787d902: acquiring CA information for follower catalog manager: Not found: root CA entry not found
W1014 19:25:29.799738 21709 catalog_manager.cc:583] Not found: root CA entry not found: failed to prepare follower catalog manager, will retry
W1014 19:25:29.802727 21415 tablet.cc:1720] T 00000000000000000000000000000000 P 99714f99f26143dca7fd38e15b849c91: Can't schedule compaction. Clean time has not been advanced past its initial value.
I1014 19:25:29.805616 21284 system_ntp.cc:199] NTP initialized. Skew: 500ppm Current error: 417078us
I1014 19:25:29.805887 21284 fs_manager.cc:263] Metadata directory not provided
I1014 19:25:29.806015 21284 fs_manager.cc:269] Using write-ahead log directory (fs_wal_dir) as metadata directory
I1014 19:25:29.806181 21284 server_base.cc:432] Could not load existing FS layout: Not found: could not find a healthy instance file
I1014 19:25:29.806290 21284 server_base.cc:433] Attempting to create new FS layout instead
I1014 19:25:29.807140 21284 fs_manager.cc:602] Generated new instance metadata in path /data/somelongdirectorytoavoidrpathissues/src/kudutest/master_cert_authority-itest.0.MasterCertAuthorityTest.CertAuthorityPersistsUponRestart.1539570329182132-21284/minicluster-data/ts-0-root/instance: uuid: "bfb645a6e45043fe9b3933816423ce8e" format_stamp: "Formatted at 2018-10-15 02:25:29 on quasar-ixxjpd-1.vpc.cloudera.com"
I1014 19:25:29.815145 21284 fs_manager.cc:503] Time spent creating directory manager: real 0.007s user 0.004s sys 0.002s
I1014 19:25:29.816676 21284 file_cache.cc:466] Constructed file cache lbm with capacity 13107
I1014 19:25:29.825536 21284 fs_manager.cc:419] Time spent opening block manager: real 0.006s user 0.000s sys 0.005s
I1014 19:25:29.825666 21284 fs_manager.cc:436] Opened local filesystem: /data/somelongdirectorytoavoidrpathissues/src/kudutest/master_cert_authority-itest.0.MasterCertAuthorityTest.CertAuthorityPersistsUponRestart.1539570329182132-21284/minicluster-data/ts-0-root uuid: "bfb645a6e45043fe9b3933816423ce8e" format_stamp: "Formatted at 2018-10-15 02:25:29 on quasar-ixxjpd-1.vpc.cloudera.com"
I1014 19:25:29.825886 21284 fs_report.cc:352] FS layout report -------------------- wal directory: /data/somelongdirectorytoavoidrpathissues/src/kudutest/master_cert_authority-itest.0.MasterCertAuthorityTest.CertAuthorityPersistsUponRestart.1539570329182132-21284/minicluster-data/ts-0-root metadata directory: /data/somelongdirectorytoavoidrpathissues/src/kudutest/master_cert_authority-itest.0.MasterCertAuthorityTest.CertAuthorityPersistsUponRestart.1539570329182132-21284/minicluster-data/ts-0-root 1 data directories: /data/somelongdirectorytoavoidrpathissues/src/kudutest/master_cert_authority-itest.0.MasterCertAuthorityTest.CertAuthorityPersistsUponRestart.1539570329182132-21284/minicluster-data/ts-0-root/data Total live blocks: 0 Total live bytes: 0 Total live bytes (after alignment): 0 Total number of LBM containers: 0 (0 full) Did not check for missing blocks Did not check for orphaned blocks Total full LBM containers with extra space: 0 (0 repaired) Total full LBM container extra space in bytes: 0 (0 repaired) Total incomplete LBM containers: 0 (0 repaired) Total LBM partial records: 0 (0 repaired)
I1014 19:25:29.826794 21697 raft_consensus.cc:457] T 00000000000000000000000000000000 P efaa4987e3b34825a1ad301fd233e4bf [term 0 FOLLOWER]: Starting pre-election (no leader contacted us within the election timeout)
I1014 19:25:29.827121 21697 raft_consensus.cc:2743] T 00000000000000000000000000000000 P efaa4987e3b34825a1ad301fd233e4bf: Snoozing failure detection for 1.978s (starting election)
I1014 19:25:29.827309 21697 raft_consensus.cc:479] T 00000000000000000000000000000000 P efaa4987e3b34825a1ad301fd233e4bf [term 0 FOLLOWER]: Starting pre-election with config: opid_index: -1 OBSOLETE_local: false peers { permanent_uuid: "99714f99f26143dca7fd38e15b849c91" member_type: VOTER last_known_addr { host: "127.20.201.62" port: 50411 } } peers { permanent_uuid: "e63b79beb7394619b5da13690787d902" member_type: VOTER last_known_addr { host: "127.20.201.61" port: 35872 } } peers { permanent_uuid: "efaa4987e3b34825a1ad301fd233e4bf" member_type: VOTER last_known_addr { host: "127.20.201.60" port: 52076 } }
I1014 19:25:29.828526 21697 leader_election.cc:251] T 00000000000000000000000000000000 P efaa4987e3b34825a1ad301fd233e4bf [CANDIDATE]: Term 1 pre-election: Requesting pre-vote from peer 99714f99f26143dca7fd38e15b849c91 (127.20.201.62:50411)
I1014 19:25:29.829197 21697 leader_election.cc:251] T 00000000000000000000000000000000 P efaa4987e3b34825a1ad301fd233e4bf [CANDIDATE]: Term 1 pre-election: Requesting pre-vote from peer e63b79beb7394619b5da13690787d902 (127.20.201.61:35872)
I1014 19:25:29.830893 21701 raft_consensus.cc:457] T 00000000000000000000000000000000 P 99714f99f26143dca7fd38e15b849c91 [term 0 FOLLOWER]: Starting pre-election (no leader contacted us within the election timeout)
I1014 19:25:29.831420 21701 raft_consensus.cc:2743] T 00000000000000000000000000000000 P 99714f99f26143dca7fd38e15b849c91: Snoozing failure detection for 2.165s (starting election)
I1014 19:25:29.830462 21569 tablet_service.cc:995] Received RequestConsensusVote() RPC: tablet_id: "00000000000000000000000000000000" candidate_uuid: "efaa4987e3b34825a1ad301fd233e4bf" candidate_term: 1 candidate_status { last_received { term: 0 index: 0 } } ignore_live_leader: false dest_uuid: "e63b79beb7394619b5da13690787d902" is_pre_election: true
I1014 19:25:29.831682 21701 raft_consensus.cc:479] T 00000000000000000000000000000000 P 99714f99f26143dca7fd38e15b849c91 [term 0 FOLLOWER]: Starting pre-election with config: opid_index: -1 OBSOLETE_local: false peers { permanent_uuid: "99714f99f26143dca7fd38e15b849c91" member_type: VOTER last_known_addr { host: "127.20.201.62" port: 50411 } } peers { permanent_uuid: "e63b79beb7394619b5da13690787d902" member_type: VOTER last_known_addr { host: "127.20.201.61" port: 35872 } } peers { permanent_uuid: "efaa4987e3b34825a1ad301fd233e4bf" member_type: VOTER last_known_addr { host: "127.20.201.60" port: 52076 } }
I1014 19:25:29.830890 21439 tablet_service.cc:995] Received RequestConsensusVote() RPC: tablet_id: "00000000000000000000000000000000" candidate_uuid: "efaa4987e3b34825a1ad301fd233e4bf" candidate_term: 1 candidate_status { last_received { term: 0 index: 0 } } ignore_live_leader: false dest_uuid: "99714f99f26143dca7fd38e15b849c91" is_pre_election: true
I1014 19:25:29.832494 21439 raft_consensus.cc:2743] T 00000000000000000000000000000000 P 99714f99f26143dca7fd38e15b849c91: Snoozing failure detection for 2.144s (vote granted)
I1014 19:25:29.832137 21701 leader_election.cc:251] T 00000000000000000000000000000000 P 99714f99f26143dca7fd38e15b849c91 [CANDIDATE]: Term 1 pre-election: Requesting pre-vote from peer e63b79beb7394619b5da13690787d902 (127.20.201.61:35872)
I1014 19:25:29.832494 21569 raft_consensus.cc:2743] T 00000000000000000000000000000000 P e63b79beb7394619b5da13690787d902: Snoozing failure detection for 1.855s (vote granted)
I1014 19:25:29.832818 21569 raft_consensus.cc:2255] T 00000000000000000000000000000000 P e63b79beb7394619b5da13690787d902 [term 0 FOLLOWER]: Leader pre-election vote request: Granting yes vote for candidate efaa4987e3b34825a1ad301fd233e4bf in term 0.
I1014 19:25:29.833098 21439 raft_consensus.cc:2255] T 00000000000000000000000000000000 P 99714f99f26143dca7fd38e15b849c91 [term 0 FOLLOWER]: Leader pre-election vote request: Granting yes vote for candidate efaa4987e3b34825a1ad301fd233e4bf in term 0.
I1014 19:25:29.833428 21701 leader_election.cc:251] T 00000000000000000000000000000000 P 99714f99f26143dca7fd38e15b849c91 [CANDIDATE]: Term 1 pre-election: Requesting pre-vote from peer efaa4987e3b34825a1ad301fd233e4bf (127.20.201.60:52076)
I1014 19:25:29.834100 21638 leader_election.cc:387] T 00000000000000000000000000000000 P efaa4987e3b34825a1ad301fd233e4bf [CANDIDATE]: Term 1 pre-election: Vote granted by peer 99714f99f26143dca7fd38e15b849c91 (127.20.201.62:50411)
I1014 19:25:29.834245 21638 leader_election.cc:278] T 00000000000000000000000000000000 P efaa4987e3b34825a1ad301fd233e4bf [CANDIDATE]: Term 1 pre-election: Election decided. Result: candidate won.
I1014 19:25:29.834502 21641 leader_election.cc:387] T 00000000000000000000000000000000 P efaa4987e3b34825a1ad301fd233e4bf [CANDIDATE]: Term 1 pre-election: Vote granted by peer e63b79beb7394619b5da13690787d902 (127.20.201.61:35872)
I1014 19:25:29.834498 21568 tablet_service.cc:995] Received RequestConsensusVote() RPC: tablet_id: "00000000000000000000000000000000" candidate_uuid: "99714f99f26143dca7fd38e15b849c91" candidate_term: 1 candidate_status { last_received { term: 0 index: 0 } } ignore_live_leader: false dest_uuid: "e63b79beb7394619b5da13690787d902" is_pre_election: true
I1014 19:25:29.835369 21697 raft_consensus.cc:2743] T 00000000000000000000000000000000 P efaa4987e3b34825a1ad301fd233e4bf: Snoozing failure detection for 1.962s (election complete)
I1014 19:25:29.835670 21568 raft_consensus.cc:2743] T 00000000000000000000000000000000 P e63b79beb7394619b5da13690787d902: Snoozing failure detection for 2.008s (vote granted)
I1014 19:25:29.835664 21697 raft_consensus.cc:2549] T 00000000000000000000000000000000 P efaa4987e3b34825a1ad301fd233e4bf [term 0 FOLLOWER]: Leader pre-election won for term 1
I1014 19:25:29.835083 21670 tablet_service.cc:995] Received RequestConsensusVote() RPC: tablet_id: "00000000000000000000000000000000" candidate_uuid: "99714f99f26143dca7fd38e15b849c91" candidate_term: 1 candidate_status { last_received { term: 0 index: 0 } } ignore_live_leader: false dest_uuid: "efaa4987e3b34825a1ad301fd233e4bf" is_pre_election: true
I1014 19:25:29.836526 21697 raft_consensus.cc:457] T 00000000000000000000000000000000 P efaa4987e3b34825a1ad301fd233e4bf [term 0 FOLLOWER]: Starting leader election (no leader contacted us within the election timeout)
I1014 19:25:29.836001 21568 raft_consensus.cc:2255] T 00000000000000000000000000000000 P e63b79beb7394619b5da13690787d902 [term 0 FOLLOWER]: Leader pre-election vote request: Granting yes vote for candidate 99714f99f26143dca7fd38e15b849c91 in term 0.
I1014 19:25:29.836771 21697 raft_consensus.cc:2743] T 00000000000000000000000000000000 P efaa4987e3b34825a1ad301fd233e4bf: Snoozing failure detection for 1.790s (starting election)
I1014 19:25:29.836884 21697 raft_consensus.cc:2795] T 00000000000000000000000000000000 P efaa4987e3b34825a1ad301fd233e4bf [term 0 FOLLOWER]: Advancing to term 1
I1014 19:25:29.840417 21405 leader_election.cc:387] T 00000000000000000000000000000000 P 99714f99f26143dca7fd38e15b849c91 [CANDIDATE]: Term 1 pre-election: Vote granted by peer e63b79beb7394619b5da13690787d902 (127.20.201.61:35872)
I1014 19:25:29.840543 21405 leader_election.cc:278] T 00000000000000000000000000000000 P 99714f99f26143dca7fd38e15b849c91 [CANDIDATE]: Term 1 pre-election: Election decided. Result: candidate won.
I1014 19:25:29.840756 21701 raft_consensus.cc:2743] T 00000000000000000000000000000000 P 99714f99f26143dca7fd38e15b849c91: Snoozing failure detection for 1.778s (election complete)
I1014 19:25:29.840883 21701 raft_consensus.cc:2549] T 00000000000000000000000000000000 P 99714f99f26143dca7fd38e15b849c91 [term 0 FOLLOWER]: Leader pre-election won for term 1
I1014 19:25:29.840983 21701 raft_consensus.cc:457] T 00000000000000000000000000000000 P 99714f99f26143dca7fd38e15b849c91 [term 0 FOLLOWER]: Starting leader election (no leader contacted us within the election timeout)
I1014 19:25:29.841163 21701 raft_consensus.cc:2743] T 00000000000000000000000000000000 P 99714f99f26143dca7fd38e15b849c91: Snoozing failure detection for 2.108s (starting election)
I1014 19:25:29.841289 21701 raft_consensus.cc:2795] T 00000000000000000000000000000000 P 99714f99f26143dca7fd38e15b849c91 [term 0 FOLLOWER]: Advancing to term 1
I1014 19:25:29.841161 21697 raft_consensus.cc:479] T 00000000000000000000000000000000 P efaa4987e3b34825a1ad301fd233e4bf [term 1 FOLLOWER]: Starting leader election with config: opid_index: -1 OBSOLETE_local: false peers { permanent_uuid: "99714f99f26143dca7fd38e15b849c91" member_type: VOTER last_known_addr { host: "127.20.201.62" port: 50411 } } peers { permanent_uuid: "e63b79beb7394619b5da13690787d902" member_type: VOTER last_known_addr { host: "127.20.201.61" port: 35872 } } peers { permanent_uuid: "efaa4987e3b34825a1ad301fd233e4bf" member_type: VOTER last_known_addr { host: "127.20.201.60" port: 52076 } }
I1014 19:25:29.841748 21670 raft_consensus.cc:2185] T 00000000000000000000000000000000 P efaa4987e3b34825a1ad301fd233e4bf [term 1 FOLLOWER]: Leader pre-election vote request: Denying vote to candidate 99714f99f26143dca7fd38e15b849c91 in current term 1: Already voted for candidate efaa4987e3b34825a1ad301fd233e4bf in this term.
I1014 19:25:29.843246 21697 leader_election.cc:251] T 00000000000000000000000000000000 P efaa4987e3b34825a1ad301fd233e4bf [CANDIDATE]: Term 1 election: Requesting vote from peer 99714f99f26143dca7fd38e15b849c91 (127.20.201.62:50411)
I1014 19:25:29.843910 21406 leader_election.cc:401] T 00000000000000000000000000000000 P 99714f99f26143dca7fd38e15b849c91 [CANDIDATE]: Term 1 pre-election: Vote denied by peer efaa4987e3b34825a1ad301fd233e4bf (127.20.201.60:52076). Message: Invalid argument: T 00000000000000000000000000000000 P efaa4987e3b34825a1ad301fd233e4bf [term 1 FOLLOWER]: Leader pre-election vote request: Denying vote to candidate 99714f99f26143dca7fd38e15b849c91 in current term 1: Already voted for candidate efaa4987e3b34825a1ad301fd233e4bf in this term.
I1014 19:25:29.845304 21439 tablet_service.cc:995] Received RequestConsensusVote() RPC: tablet_id: "00000000000000000000000000000000" candidate_uuid: "efaa4987e3b34825a1ad301fd233e4bf" candidate_term: 1 candidate_status { last_received { term: 0 index: 0 } } ignore_live_leader: false dest_uuid: "99714f99f26143dca7fd38e15b849c91"
I1014 19:25:29.845518 21697 leader_election.cc:251] T 00000000000000000000000000000000 P efaa4987e3b34825a1ad301fd233e4bf [CANDIDATE]: Term 1 election: Requesting vote from peer e63b79beb7394619b5da13690787d902 (127.20.201.61:35872)
I1014 19:25:29.846176 21568 tablet_service.cc:995] Received RequestConsensusVote() RPC: tablet_id: "00000000000000000000000000000000" candidate_uuid: "efaa4987e3b34825a1ad301fd233e4bf" candidate_term: 1 candidate_status { last_received { term: 0 index: 0 } } ignore_live_leader: false dest_uuid: "e63b79beb7394619b5da13690787d902"
I1014 19:25:29.846549 21568 raft_consensus.cc:2795] T 00000000000000000000000000000000 P e63b79beb7394619b5da13690787d902 [term 0 FOLLOWER]: Advancing to term 1
I1014 19:25:29.846766 21568 raft_consensus.cc:2743] T 00000000000000000000000000000000 P e63b79beb7394619b5da13690787d902: Snoozing failure detection for 1.565s (vote granted)
I1014 19:25:29.848317 21701 raft_consensus.cc:479] T 00000000000000000000000000000000 P 99714f99f26143dca7fd38e15b849c91 [term 1 FOLLOWER]: Starting leader election with config: opid_index: -1 OBSOLETE_local: false peers { permanent_uuid: "99714f99f26143dca7fd38e15b849c91" member_type: VOTER last_known_addr { host: "127.20.201.62" port: 50411 } } peers { permanent_uuid: "e63b79beb7394619b5da13690787d902" member_type: VOTER last_known_addr { host: "127.20.201.61" port: 35872 } } peers { permanent_uuid: "efaa4987e3b34825a1ad301fd233e4bf" member_type: VOTER last_known_addr { host: "127.20.201.60" port: 52076 } }
I1014 19:25:29.849009 21439 raft_consensus.cc:2185] T 00000000000000000000000000000000 P 99714f99f26143dca7fd38e15b849c91 [term 1 FOLLOWER]: Leader election vote request: Denying vote to candidate efaa4987e3b34825a1ad301fd233e4bf in current term 1: Already voted for candidate 99714f99f26143dca7fd38e15b849c91 in this term.
I1014 19:25:29.849027 21701 leader_election.cc:251] T 00000000000000000000000000000000 P 99714f99f26143dca7fd38e15b849c91 [CANDIDATE]: Term 1 election: Requesting vote from peer e63b79beb7394619b5da13690787d902 (127.20.201.61:35872)
I1014 19:25:29.851735 21569 tablet_service.cc:995] Received RequestConsensusVote() RPC: tablet_id: "00000000000000000000000000000000" candidate_uuid: "99714f99f26143dca7fd38e15b849c91" candidate_term: 1 candidate_status { last_received { term: 0 index: 0 } } ignore_live_leader: false dest_uuid: "e63b79beb7394619b5da13690787d902"
I1014 19:25:29.852044 21638 leader_election.cc:401] T 00000000000000000000000000000000 P efaa4987e3b34825a1ad301fd233e4bf [CANDIDATE]: Term 1 election: Vote denied by peer 99714f99f26143dca7fd38e15b849c91 (127.20.201.62:50411). Message: Invalid argument: T 00000000000000000000000000000000 P 99714f99f26143dca7fd38e15b849c91 [term 1 FOLLOWER]: Leader election vote request: Denying vote to candidate efaa4987e3b34825a1ad301fd233e4bf in current term 1: Already voted for candidate 99714f99f26143dca7fd38e15b849c91 in this term.
I1014 19:25:29.852486 21701 leader_election.cc:251] T 00000000000000000000000000000000 P 99714f99f26143dca7fd38e15b849c91 [CANDIDATE]: Term 1 election: Requesting vote from peer efaa4987e3b34825a1ad301fd233e4bf (127.20.201.60:52076)
I1014 19:25:29.853734 21670 tablet_service.cc:995] Received RequestConsensusVote() RPC: tablet_id: "00000000000000000000000000000000" candidate_uuid: "99714f99f26143dca7fd38e15b849c91" candidate_term: 1 candidate_status { last_received { term: 0 index: 0 } } ignore_live_leader: false dest_uuid: "efaa4987e3b34825a1ad301fd233e4bf"
I1014 19:25:29.854163 21670 raft_consensus.cc:2185] T 00000000000000000000000000000000 P efaa4987e3b34825a1ad301fd233e4bf [term 1 FOLLOWER]: Leader election vote request: Denying vote to candidate 99714f99f26143dca7fd38e15b849c91 in current term 1: Already voted for candidate efaa4987e3b34825a1ad301fd233e4bf in this term.
I1014 19:25:29.855327 21406 leader_election.cc:401] T 00000000000000000000000000000000 P 99714f99f26143dca7fd38e15b849c91 [CANDIDATE]: Term 1 election: Vote denied by peer efaa4987e3b34825a1ad301fd233e4bf (127.20.201.60:52076). Message: Invalid argument: T 00000000000000000000000000000000 P efaa4987e3b34825a1ad301fd233e4bf [term 1 FOLLOWER]: Leader election vote request: Denying vote to candidate 99714f99f26143dca7fd38e15b849c91 in current term 1: Already voted for candidate efaa4987e3b34825a1ad301fd233e4bf in this term.
I1014 19:25:29.855330 21568 raft_consensus.cc:2255] T 00000000000000000000000000000000 P e63b79beb7394619b5da13690787d902 [term 1 FOLLOWER]: Leader election vote request: Granting yes vote for candidate efaa4987e3b34825a1ad301fd233e4bf in term 1.
I1014 19:25:29.855819 21569 raft_consensus.cc:2230] T 00000000000000000000000000000000 P e63b79beb7394619b5da13690787d902 [term 1 FOLLOWER]: Leader election vote request: Denying vote to candidate 99714f99f26143dca7fd38e15b849c91 for term 1 because replica is already servicing an update from a current leader or another vote.
I1014 19:25:29.855818 21641 leader_election.cc:387] T 00000000000000000000000000000000 P efaa4987e3b34825a1ad301fd233e4bf [CANDIDATE]: Term 1 election: Vote granted by peer e63b79beb7394619b5da13690787d902 (127.20.201.61:35872)
I1014 19:25:29.856104 21641 leader_election.cc:278] T 00000000000000000000000000000000 P efaa4987e3b34825a1ad301fd233e4bf [CANDIDATE]: Term 1 election: Election decided. Result: candidate won.
I1014 19:25:29.856506 21697 raft_consensus.cc:2743] T 00000000000000000000000000000000 P efaa4987e3b34825a1ad301fd233e4bf: Snoozing failure detection for 1.630s (election complete)
I1014 19:25:29.856775 21697 raft_consensus.cc:2549] T 00000000000000000000000000000000 P efaa4987e3b34825a1ad301fd233e4bf [term 1 FOLLOWER]: Leader election won for term 1
