I1014 19:25:47.061184 29813 sys_catalog.cc:337] T 00000000000000000000000000000000 P 4043e04130264237805f012d8e251bd4 [sys.catalog]: SysCatalogTable state changed. Reason: New leader cbc42c7d5db44e00883549e254bdd22e. Latest consensus state: current_term: 12 leader_uuid: "cbc42c7d5db44e00883549e254bdd22e" committed_config { opid_index: -1 OBSOLETE_local: false peers { permanent_uuid: "88e69d68a7914bf48d802a2f2e500b71" member_type: VOTER last_known_addr { host: "127.20.201.62" port: 56252 } } peers { permanent_uuid: "cbc42c7d5db44e00883549e254bdd22e" member_type: VOTER last_known_addr { host: "127.20.201.61" port: 59248 } } peers { permanent_uuid: "4043e04130264237805f012d8e251bd4" member_type: VOTER last_known_addr { host: "127.20.201.60" port: 53788 } } }
I1014 19:25:47.061532 29813 sys_catalog.cc:340] T 00000000000000000000000000000000 P 4043e04130264237805f012d8e251bd4 [sys.catalog]: This master's current role is: FOLLOWER
I1014 19:25:47.062458 29290 sys_catalog.cc:337] T 00000000000000000000000000000000 P cbc42c7d5db44e00883549e254bdd22e [sys.catalog]: SysCatalogTable state changed. Reason: Peer health change. Latest consensus state: current_term: 12 leader_uuid: "cbc42c7d5db44e00883549e254bdd22e" committed_config { opid_index: -1 OBSOLETE_local: false peers { permanent_uuid: "88e69d68a7914bf48d802a2f2e500b71" member_type: VOTER last_known_addr { host: "127.20.201.62" port: 56252 } } peers { permanent_uuid: "cbc42c7d5db44e00883549e254bdd22e" member_type: VOTER last_known_addr { host: "127.20.201.61" port: 59248 } } peers { permanent_uuid: "4043e04130264237805f012d8e251bd4" member_type: VOTER last_known_addr { host: "127.20.201.60" port: 53788 } } }
I1014 19:25:47.062726 29290 sys_catalog.cc:340] T 00000000000000000000000000000000 P cbc42c7d5db44e00883549e254bdd22e [sys.catalog]: This master's current role is: LEADER
I1014 19:25:47.063014 28639 raft_consensus.cc:1083] T 00000000000000000000000000000000 P 88e69d68a7914bf48d802a2f2e500b71 [term 12 FOLLOWER]: Refusing update from remote peer cbc42c7d5db44e00883549e254bdd22e: Log matching property violated. Preceding OpId in replica: term: 11 index: 10. Preceding OpId from leader: term: 12 index: 10. (term mismatch)
I1014 19:25:47.063086 28639 pending_rounds.cc:76] T 00000000000000000000000000000000 P 88e69d68a7914bf48d802a2f2e500b71: Aborting all transactions after (but not including) 9
I1014 19:25:47.063120 28639 pending_rounds.cc:97] T 00000000000000000000000000000000 P 88e69d68a7914bf48d802a2f2e500b71: Aborting uncommitted NO_OP operation due to leader change: 11.10
I1014 19:25:47.063179 28639 raft_consensus.cc:2632] T 00000000000000000000000000000000 P 88e69d68a7914bf48d802a2f2e500b71 [term 12 FOLLOWER]: NO_OP replication failed: Aborted: Transaction aborted by new leader
I1014 19:25:47.063554 29813 sys_catalog.cc:337] T 00000000000000000000000000000000 P 4043e04130264237805f012d8e251bd4 [sys.catalog]: SysCatalogTable state changed. Reason: Replicated consensus-only round. Latest consensus state: current_term: 12 leader_uuid: "cbc42c7d5db44e00883549e254bdd22e" committed_config { opid_index: -1 OBSOLETE_local: false peers { permanent_uuid: "88e69d68a7914bf48d802a2f2e500b71" member_type: VOTER last_known_addr { host: "127.20.201.62" port: 56252 } } peers { permanent_uuid: "cbc42c7d5db44e00883549e254bdd22e" member_type: VOTER last_known_addr { host: "127.20.201.61" port: 59248 } } peers { permanent_uuid: "4043e04130264237805f012d8e251bd4" member_type: VOTER last_known_addr { host: "127.20.201.60" port: 53788 } } }
I1014 19:25:47.063769 29813 sys_catalog.cc:340] T 00000000000000000000000000000000 P 4043e04130264237805f012d8e251bd4 [sys.catalog]: This master's current role is: FOLLOWER
I1014 19:25:47.063890 29290 consensus_queue.cc:963] T 00000000000000000000000000000000 P cbc42c7d5db44e00883549e254bdd22e [LEADER]: Connected to new peer: Peer: permanent_uuid: "88e69d68a7914bf48d802a2f2e500b71" member_type: VOTER last_known_addr { host: "127.20.201.62" port: 56252 }, Status: LMP_MISMATCH, Last received: 0.0, Next index: 10, Last known committed idx: 9, Time since last communication: 0.000s
I1014 19:25:47.065217 29494 sys_catalog.cc:337] T 00000000000000000000000000000000 P 88e69d68a7914bf48d802a2f2e500b71 [sys.catalog]: SysCatalogTable state changed. Reason: Replicated consensus-only round. Latest consensus state: current_term: 12 leader_uuid: "cbc42c7d5db44e00883549e254bdd22e" committed_config { opid_index: -1 OBSOLETE_local: false peers { permanent_uuid: "88e69d68a7914bf48d802a2f2e500b71" member_type: VOTER last_known_addr { host: "127.20.201.62" port: 56252 } } peers { permanent_uuid: "cbc42c7d5db44e00883549e254bdd22e" member_type: VOTER last_known_addr { host: "127.20.201.61" port: 59248 } } peers { permanent_uuid: "4043e04130264237805f012d8e251bd4" member_type: VOTER last_known_addr { host: "127.20.201.60" port: 53788 } } }
I1014 19:25:47.065598 29494 sys_catalog.cc:340] T 00000000000000000000000000000000 P 88e69d68a7914bf48d802a2f2e500b71 [sys.catalog]: This master's current role is: FOLLOWER
I1014 19:25:47.065744 29177 sys_catalog.cc:337] T 00000000000000000000000000000000 P 88e69d68a7914bf48d802a2f2e500b71 [sys.catalog]: SysCatalogTable state changed. Reason: New leader cbc42c7d5db44e00883549e254bdd22e. Latest consensus state: current_term: 12 leader_uuid: "cbc42c7d5db44e00883549e254bdd22e" committed_config { opid_index: -1 OBSOLETE_local: false peers { permanent_uuid: "88e69d68a7914bf48d802a2f2e500b71" member_type: VOTER last_known_addr { host: "127.20.201.62" port: 56252 } } peers { permanent_uuid: "cbc42c7d5db44e00883549e254bdd22e" member_type: VOTER last_known_addr { host: "127.20.201.61" port: 59248 } } peers { permanent_uuid: "4043e04130264237805f012d8e251bd4" member_type: VOTER last_known_addr { host: "127.20.201.60" port: 53788 } } }
I1014 19:25:47.065933 29177 sys_catalog.cc:340] T 00000000000000000000000000000000 P 88e69d68a7914bf48d802a2f2e500b71 [sys.catalog]: This master's current role is: FOLLOWER
I1014 19:25:47.166136 29177 raft_consensus.cc:457] T 00000000000000000000000000000000 P 88e69d68a7914bf48d802a2f2e500b71 [term 12 FOLLOWER]: Starting leader election (detected failure of leader cbc42c7d5db44e00883549e254bdd22e)
I1014 19:25:47.166232 29177 raft_consensus.cc:2743] T 00000000000000000000000000000000 P 88e69d68a7914bf48d802a2f2e500b71: Snoozing failure detection for 0.126s (starting election)
I1014 19:25:47.166301 29177 raft_consensus.cc:2795] T 00000000000000000000000000000000 P 88e69d68a7914bf48d802a2f2e500b71 [term 12 FOLLOWER]: Advancing to term 13
I1014 19:25:47.169385 29177 raft_consensus.cc:479] T 00000000000000000000000000000000 P 88e69d68a7914bf48d802a2f2e500b71 [term 13 FOLLOWER]: Starting leader election with config: opid_index: -1 OBSOLETE_local: false peers { permanent_uuid: "88e69d68a7914bf48d802a2f2e500b71" member_type: VOTER last_known_addr { host: "127.20.201.62" port: 56252 } } peers { permanent_uuid: "cbc42c7d5db44e00883549e254bdd22e" member_type: VOTER last_known_addr { host: "127.20.201.61" port: 59248 } } peers { permanent_uuid: "4043e04130264237805f012d8e251bd4" member_type: VOTER last_known_addr { host: "127.20.201.60" port: 53788 } }
I1014 19:25:47.170115 29177 leader_election.cc:251] T 00000000000000000000000000000000 P 88e69d68a7914bf48d802a2f2e500b71 [CANDIDATE]: Term 13 election: Requesting vote from peer cbc42c7d5db44e00883549e254bdd22e (127.20.201.61:59248)
I1014 19:25:47.170397 29177 leader_election.cc:251] T 00000000000000000000000000000000 P 88e69d68a7914bf48d802a2f2e500b71 [CANDIDATE]: Term 13 election: Requesting vote from peer 4043e04130264237805f012d8e251bd4 (127.20.201.60:53788)
I1014 19:25:47.170886 28825 tablet_service.cc:995] Received RequestConsensusVote() RPC: tablet_id: "00000000000000000000000000000000" candidate_uuid: "88e69d68a7914bf48d802a2f2e500b71" candidate_term: 13 candidate_status { last_received { term: 12 index: 10 } } ignore_live_leader: false dest_uuid: "cbc42c7d5db44e00883549e254bdd22e"
I1014 19:25:47.171108 28825 raft_consensus.cc:2216] T 00000000000000000000000000000000 P cbc42c7d5db44e00883549e254bdd22e [term 12 LEADER]: Leader election vote request: Denying vote to candidate 88e69d68a7914bf48d802a2f2e500b71 for term 13 because replica is either leader or believes a valid leader to be alive.
I1014 19:25:47.171103 29010 tablet_service.cc:995] Received RequestConsensusVote() RPC: tablet_id: "00000000000000000000000000000000" candidate_uuid: "88e69d68a7914bf48d802a2f2e500b71" candidate_term: 13 candidate_status { last_received { term: 12 index: 10 } } ignore_live_leader: false dest_uuid: "4043e04130264237805f012d8e251bd4"
I1014 19:25:47.171306 29010 raft_consensus.cc:2216] T 00000000000000000000000000000000 P 4043e04130264237805f012d8e251bd4 [term 12 FOLLOWER]: Leader election vote request: Denying vote to candidate 88e69d68a7914bf48d802a2f2e500b71 for term 13 because replica is either leader or believes a valid leader to be alive.
I1014 19:25:47.171607 28600 leader_election.cc:401] T 00000000000000000000000000000000 P 88e69d68a7914bf48d802a2f2e500b71 [CANDIDATE]: Term 13 election: Vote denied by peer cbc42c7d5db44e00883549e254bdd22e (127.20.201.61:59248). Message: Invalid argument: T 00000000000000000000000000000000 P cbc42c7d5db44e00883549e254bdd22e [term 12 LEADER]: Leader election vote request: Denying vote to candidate 88e69d68a7914bf48d802a2f2e500b71 for term 13 because replica is either leader or believes a valid leader to be alive.
I1014 19:25:47.171841 28594 leader_election.cc:401] T 00000000000000000000000000000000 P 88e69d68a7914bf48d802a2f2e500b71 [CANDIDATE]: Term 13 election: Vote denied by peer 4043e04130264237805f012d8e251bd4 (127.20.201.60:53788). Message: Invalid argument: T 00000000000000000000000000000000 P 4043e04130264237805f012d8e251bd4 [term 12 FOLLOWER]: Leader election vote request: Denying vote to candidate 88e69d68a7914bf48d802a2f2e500b71 for term 13 because replica is either leader or believes a valid leader to be alive.
I1014 19:25:47.171972 28594 leader_election.cc:278] T 00000000000000000000000000000000 P 88e69d68a7914bf48d802a2f2e500b71 [CANDIDATE]: Term 13 election: Election decided. Result: candidate lost.
I1014 19:25:47.172796 29290 sys_catalog.cc:337] T 00000000000000000000000000000000 P cbc42c7d5db44e00883549e254bdd22e [sys.catalog]: SysCatalogTable state changed. Reason: Peer health change. Latest consensus state: current_term: 12 leader_uuid: "cbc42c7d5db44e00883549e254bdd22e" committed_config { opid_index: -1 OBSOLETE_local: false peers { permanent_uuid: "88e69d68a7914bf48d802a2f2e500b71" member_type: VOTER last_known_addr { host: "127.20.201.62" port: 56252 } } peers { permanent_uuid: "cbc42c7d5db44e00883549e254bdd22e" member_type: VOTER last_known_addr { host: "127.20.201.61" port: 59248 } } peers { permanent_uuid: "4043e04130264237805f012d8e251bd4" member_type: VOTER last_known_addr { host: "127.20.201.60" port: 53788 } } }
I1014 19:25:47.173055 29290 sys_catalog.cc:340] T 00000000000000000000000000000000 P cbc42c7d5db44e00883549e254bdd22e [sys.catalog]: This master's current role is: LEADER
I1014 19:25:47.172505 29177 raft_consensus.cc:2743] T 00000000000000000000000000000000 P 88e69d68a7914bf48d802a2f2e500b71: Snoozing failure detection for 0.145s (election complete)
I1014 19:25:47.174515 29177 raft_consensus.cc:2497] T 00000000000000000000000000000000 P 88e69d68a7914bf48d802a2f2e500b71 [term 13 FOLLOWER]: Leader election lost for term 13. Reason: could not achieve majority
I1014 19:25:47.174655 28639 raft_consensus.cc:1051] T 00000000000000000000000000000000 P 88e69d68a7914bf48d802a2f2e500b71 [term 13 FOLLOWER]: Rejecting Update request from peer cbc42c7d5db44e00883549e254bdd22e for earlier term 12. Current term is 13. Ops: []
I1014 19:25:47.175331 29290 consensus_queue.cc:974] T 00000000000000000000000000000000 P cbc42c7d5db44e00883549e254bdd22e [LEADER]: Peer responded invalid term: Peer: permanent_uuid: "88e69d68a7914bf48d802a2f2e500b71" member_type: VOTER last_known_addr { host: "127.20.201.62" port: 56252 }, Status: INVALID_TERM, Last received: 12.10, Next index: 11, Last known committed idx: 10, Time since last communication: 0.000s
I1014 19:25:47.176772 29049 raft_consensus.cc:2790] T 00000000000000000000000000000000 P cbc42c7d5db44e00883549e254bdd22e [term 12 LEADER]: Stepping down as leader of term 12
I1014 19:25:47.177211 29049 raft_consensus.cc:630] T 00000000000000000000000000000000 P cbc42c7d5db44e00883549e254bdd22e [term 12 LEADER]: Becoming Follower/Learner. State: Replica: cbc42c7d5db44e00883549e254bdd22e, State: Running, Role: LEADER
I1014 19:25:47.177574 29049 consensus_queue.cc:228] T 00000000000000000000000000000000 P cbc42c7d5db44e00883549e254bdd22e [NON_LEADER]: Queue going to NON_LEADER mode. State: All replicated index: 0, Majority replicated index: 10, Committed index: 10, Last appended: 12.10, Last appended by leader: 10, Current term: 12, Majority size: -1, State: 0, Mode: NON_LEADER, active raft config: opid_index: -1 OBSOLETE_local: false peers { permanent_uuid: "88e69d68a7914bf48d802a2f2e500b71" member_type: VOTER last_known_addr { host: "127.20.201.62" port: 56252 } } peers { permanent_uuid: "cbc42c7d5db44e00883549e254bdd22e" member_type: VOTER last_known_addr { host: "127.20.201.61" port: 59248 } } peers { permanent_uuid: "4043e04130264237805f012d8e251bd4" member_type: VOTER last_known_addr { host: "127.20.201.60" port: 53788 } }
I1014 19:25:47.177865 29049 consensus_peers.cc:455] T 00000000000000000000000000000000 P cbc42c7d5db44e00883549e254bdd22e -> Peer 4043e04130264237805f012d8e251bd4 (127.20.201.60:53788): Closing peer: 4043e04130264237805f012d8e251bd4
I1014 19:25:47.177944 29049 consensus_peers.cc:455] T 00000000000000000000000000000000 P cbc42c7d5db44e00883549e254bdd22e -> Peer 88e69d68a7914bf48d802a2f2e500b71 (127.20.201.62:56252): Closing peer: 88e69d68a7914bf48d802a2f2e500b71
I1014 19:25:47.178118 29049 raft_consensus.cc:2795] T 00000000000000000000000000000000 P cbc42c7d5db44e00883549e254bdd22e [term 12 FOLLOWER]: Advancing to term 13
I1014 19:25:47.262363 29813 raft_consensus.cc:457] T 00000000000000000000000000000000 P 4043e04130264237805f012d8e251bd4 [term 12 FOLLOWER]: Starting leader election (detected failure of leader cbc42c7d5db44e00883549e254bdd22e)
I1014 19:25:47.262495 29813 raft_consensus.cc:2743] T 00000000000000000000000000000000 P 4043e04130264237805f012d8e251bd4: Snoozing failure detection for 0.148s (starting election)
I1014 19:25:47.262588 29813 raft_consensus.cc:2795] T 00000000000000000000000000000000 P 4043e04130264237805f012d8e251bd4 [term 12 FOLLOWER]: Advancing to term 13
I1014 19:25:47.264266 29813 raft_consensus.cc:479] T 00000000000000000000000000000000 P 4043e04130264237805f012d8e251bd4 [term 13 FOLLOWER]: Starting leader election with config: opid_index: -1 OBSOLETE_local: false peers { permanent_uuid: "88e69d68a7914bf48d802a2f2e500b71" member_type: VOTER last_known_addr { host: "127.20.201.62" port: 56252 } } peers { permanent_uuid: "cbc42c7d5db44e00883549e254bdd22e" member_type: VOTER last_known_addr { host: "127.20.201.61" port: 59248 } } peers { permanent_uuid: "4043e04130264237805f012d8e251bd4" member_type: VOTER last_known_addr { host: "127.20.201.60" port: 53788 } }
I1014 19:25:47.264847 29813 leader_election.cc:251] T 00000000000000000000000000000000 P 4043e04130264237805f012d8e251bd4 [CANDIDATE]: Term 13 election: Requesting vote from peer 88e69d68a7914bf48d802a2f2e500b71 (127.20.201.62:56252)
I1014 19:25:47.265056 29813 leader_election.cc:251] T 00000000000000000000000000000000 P 4043e04130264237805f012d8e251bd4 [CANDIDATE]: Term 13 election: Requesting vote from peer cbc42c7d5db44e00883549e254bdd22e (127.20.201.61:59248)
I1014 19:25:47.265744 28825 tablet_service.cc:995] Received RequestConsensusVote() RPC: tablet_id: "00000000000000000000000000000000" candidate_uuid: "4043e04130264237805f012d8e251bd4" candidate_term: 13 candidate_status { last_received { term: 12 index: 10 } } ignore_live_leader: false dest_uuid: "cbc42c7d5db44e00883549e254bdd22e"
I1014 19:25:47.265926 28825 raft_consensus.cc:2743] T 00000000000000000000000000000000 P cbc42c7d5db44e00883549e254bdd22e: Snoozing failure detection for 0.107s (vote granted)
I1014 19:25:47.266888 28639 tablet_service.cc:995] Received RequestConsensusVote() RPC: tablet_id: "00000000000000000000000000000000" candidate_uuid: "4043e04130264237805f012d8e251bd4" candidate_term: 13 candidate_status { last_received { term: 12 index: 10 } } ignore_live_leader: false dest_uuid: "88e69d68a7914bf48d802a2f2e500b71"
I1014 19:25:47.267170 28639 raft_consensus.cc:2185] T 00000000000000000000000000000000 P 88e69d68a7914bf48d802a2f2e500b71 [term 13 FOLLOWER]: Leader election vote request: Denying vote to candidate 4043e04130264237805f012d8e251bd4 in current term 13: Already voted for candidate 88e69d68a7914bf48d802a2f2e500b71 in this term.
I1014 19:25:47.267551 28985 leader_election.cc:401] T 00000000000000000000000000000000 P 4043e04130264237805f012d8e251bd4 [CANDIDATE]: Term 13 election: Vote denied by peer 88e69d68a7914bf48d802a2f2e500b71 (127.20.201.62:56252). Message: Invalid argument: T 00000000000000000000000000000000 P 88e69d68a7914bf48d802a2f2e500b71 [term 13 FOLLOWER]: Leader election vote request: Denying vote to candidate 4043e04130264237805f012d8e251bd4 in current term 13: Already voted for candidate 88e69d68a7914bf48d802a2f2e500b71 in this term.
I1014 19:25:47.268226 28825 raft_consensus.cc:2255] T 00000000000000000000000000000000 P cbc42c7d5db44e00883549e254bdd22e [term 13 FOLLOWER]: Leader election vote request: Granting yes vote for candidate 4043e04130264237805f012d8e251bd4 in term 13.
I1014 19:25:47.268549 28985 leader_election.cc:387] T 00000000000000000000000000000000 P 4043e04130264237805f012d8e251bd4 [CANDIDATE]: Term 13 election: Vote granted by peer cbc42c7d5db44e00883549e254bdd22e (127.20.201.61:59248)
I1014 19:25:47.268613 28985 leader_election.cc:278] T 00000000000000000000000000000000 P 4043e04130264237805f012d8e251bd4 [CANDIDATE]: Term 13 election: Election decided. Result: candidate won.
I1014 19:25:47.268853 29813 raft_consensus.cc:2743] T 00000000000000000000000000000000 P 4043e04130264237805f012d8e251bd4: Snoozing failure detection for 0.101s (election complete)
I1014 19:25:47.268930 29813 raft_consensus.cc:2549] T 00000000000000000000000000000000 P 4043e04130264237805f012d8e251bd4 [term 13 FOLLOWER]: Leader election won for term 13
I1014 19:25:47.269080 29813 raft_consensus.cc:595] T 00000000000000000000000000000000 P 4043e04130264237805f012d8e251bd4 [term 13 LEADER]: Becoming Leader. State: Replica: 4043e04130264237805f012d8e251bd4, State: Running, Role: LEADER
I1014 19:25:47.269284 29813 consensus_queue.cc:205] T 00000000000000000000000000000000 P 4043e04130264237805f012d8e251bd4 [LEADER]: Queue going to LEADER mode. State: All replicated index: 0, Majority replicated index: 10, Committed index: 10, Last appended: 12.10, Last appended by leader: 10, Current term: 13, Majority size: 2, State: 0, Mode: LEADER, active raft config: opid_index: -1 OBSOLETE_local: false peers { permanent_uuid: "88e69d68a7914bf48d802a2f2e500b71" member_type: VOTER last_known_addr { host: "127.20.201.62" port: 56252 } } peers { permanent_uuid: "cbc42c7d5db44e00883549e254bdd22e" member_type: VOTER last_known_addr { host: "127.20.201.61" port: 59248 } } peers { permanent_uuid: "4043e04130264237805f012d8e251bd4" member_type: VOTER last_known_addr { host: "127.20.201.60" port: 53788 } }
I1014 19:25:47.270563 29621 sys_catalog.cc:337] T 00000000000000000000000000000000 P 4043e04130264237805f012d8e251bd4 [sys.catalog]: SysCatalogTable state changed. Reason: New leader 4043e04130264237805f012d8e251bd4. Latest consensus state: current_term: 13 leader_uuid: "4043e04130264237805f012d8e251bd4" committed_config { opid_index: -1 OBSOLETE_local: false peers { permanent_uuid: "88e69d68a7914bf48d802a2f2e500b71" member_type: VOTER last_known_addr { host: "127.20.201.62" port: 56252 } } peers { permanent_uuid: "cbc42c7d5db44e00883549e254bdd22e" member_type: VOTER last_known_addr { host: "127.20.201.61" port: 59248 } } peers { permanent_uuid: "4043e04130264237805f012d8e251bd4" member_type: VOTER last_known_addr { host: "127.20.201.60" port: 53788 } } }
I1014 19:25:47.270727 29621 sys_catalog.cc:340] T 00000000000000000000000000000000 P 4043e04130264237805f012d8e251bd4 [sys.catalog]: This master's current role is: LEADER
I1014 19:25:47.320612 29177 raft_consensus.cc:457] T 00000000000000000000000000000000 P 88e69d68a7914bf48d802a2f2e500b71 [term 13 FOLLOWER]: Starting leader election (no leader contacted us within the election timeout)
I1014 19:25:47.320706 29177 raft_consensus.cc:2743] T 00000000000000000000000000000000 P 88e69d68a7914bf48d802a2f2e500b71: Snoozing failure detection for 0.160s (starting election)
I1014 19:25:47.320791 29177 raft_consensus.cc:2795] T 00000000000000000000000000000000 P 88e69d68a7914bf48d802a2f2e500b71 [term 13 FOLLOWER]: Advancing to term 14
I1014 19:25:47.322716 29177 raft_consensus.cc:479] T 00000000000000000000000000000000 P 88e69d68a7914bf48d802a2f2e500b71 [term 14 FOLLOWER]: Starting leader election with config: opid_index: -1 OBSOLETE_local: false peers { permanent_uuid: "88e69d68a7914bf48d802a2f2e500b71" member_type: VOTER last_known_addr { host: "127.20.201.62" port: 56252 } } peers { permanent_uuid: "cbc42c7d5db44e00883549e254bdd22e" member_type: VOTER last_known_addr { host: "127.20.201.61" port: 59248 } } peers { permanent_uuid: "4043e04130264237805f012d8e251bd4" member_type: VOTER last_known_addr { host: "127.20.201.60" port: 53788 } }
I1014 19:25:47.323232 29177 leader_election.cc:251] T 00000000000000000000000000000000 P 88e69d68a7914bf48d802a2f2e500b71 [CANDIDATE]: Term 14 election: Requesting vote from peer cbc42c7d5db44e00883549e254bdd22e (127.20.201.61:59248)
I1014 19:25:47.323487 29177 leader_election.cc:251] T 00000000000000000000000000000000 P 88e69d68a7914bf48d802a2f2e500b71 [CANDIDATE]: Term 14 election: Requesting vote from peer 4043e04130264237805f012d8e251bd4 (127.20.201.60:53788)
I1014 19:25:47.324008 28825 tablet_service.cc:995] Received RequestConsensusVote() RPC: tablet_id: "00000000000000000000000000000000" candidate_uuid: "88e69d68a7914bf48d802a2f2e500b71" candidate_term: 14 candidate_status { last_received { term: 12 index: 10 } } ignore_live_leader: false dest_uuid: "cbc42c7d5db44e00883549e254bdd22e"
I1014 19:25:47.324156 28825 raft_consensus.cc:2795] T 00000000000000000000000000000000 P cbc42c7d5db44e00883549e254bdd22e [term 13 FOLLOWER]: Advancing to term 14
I1014 19:25:47.324143 29010 tablet_service.cc:995] Received RequestConsensusVote() RPC: tablet_id: "00000000000000000000000000000000" candidate_uuid: "88e69d68a7914bf48d802a2f2e500b71" candidate_term: 14 candidate_status { last_received { term: 12 index: 10 } } ignore_live_leader: false dest_uuid: "4043e04130264237805f012d8e251bd4"
I1014 19:25:47.324235 28825 raft_consensus.cc:2743] T 00000000000000000000000000000000 P cbc42c7d5db44e00883549e254bdd22e: Snoozing failure detection for 0.125s (vote granted)
I1014 19:25:47.324368 29010 raft_consensus.cc:2216] T 00000000000000000000000000000000 P 4043e04130264237805f012d8e251bd4 [term 13 LEADER]: Leader election vote request: Denying vote to candidate 88e69d68a7914bf48d802a2f2e500b71 for term 14 because replica is either leader or believes a valid leader to be alive.
I1014 19:25:47.324774 28594 leader_election.cc:401] T 00000000000000000000000000000000 P 88e69d68a7914bf48d802a2f2e500b71 [CANDIDATE]: Term 14 election: Vote denied by peer 4043e04130264237805f012d8e251bd4 (127.20.201.60:53788). Message: Invalid argument: T 00000000000000000000000000000000 P 4043e04130264237805f012d8e251bd4 [term 13 LEADER]: Leader election vote request: Denying vote to candidate 88e69d68a7914bf48d802a2f2e500b71 for term 14 because replica is either leader or believes a valid leader to be alive.
I1014 19:25:47.325773 28825 raft_consensus.cc:2255] T 00000000000000000000000000000000 P cbc42c7d5db44e00883549e254bdd22e [term 14 FOLLOWER]: Leader election vote request: Granting yes vote for candidate 88e69d68a7914bf48d802a2f2e500b71 in term 14.
I1014 19:25:47.326061 28600 leader_election.cc:387] T 00000000000000000000000000000000 P 88e69d68a7914bf48d802a2f2e500b71 [CANDIDATE]: Term 14 election: Vote granted by peer cbc42c7d5db44e00883549e254bdd22e (127.20.201.61:59248)
I1014 19:25:47.326138 28600 leader_election.cc:278] T 00000000000000000000000000000000 P 88e69d68a7914bf48d802a2f2e500b71 [CANDIDATE]: Term 14 election: Election decided. Result: candidate won.
I1014 19:25:47.326407 29177 raft_consensus.cc:2743] T 00000000000000000000000000000000 P 88e69d68a7914bf48d802a2f2e500b71: Snoozing failure detection for 0.176s (election complete)
I1014 19:25:47.326750 29177 raft_consensus.cc:2549] T 00000000000000000000000000000000 P 88e69d68a7914bf48d802a2f2e500b71 [term 14 FOLLOWER]: Leader election won for term 14
I1014 19:25:47.326886 29177 raft_consensus.cc:595] T 00000000000000000000000000000000 P 88e69d68a7914bf48d802a2f2e500b71 [term 14 LEADER]: Becoming Leader. State: Replica: 88e69d68a7914bf48d802a2f2e500b71, State: Running, Role: LEADER
I1014 19:25:47.327082 29177 consensus_queue.cc:205] T 00000000000000000000000000000000 P 88e69d68a7914bf48d802a2f2e500b71 [LEADER]: Queue going to LEADER mode. State: All replicated index: 0, Majority replicated index: 10, Committed index: 10, Last appended: 12.10, Last appended by leader: 10, Current term: 14, Majority size: 2, State: 0, Mode: LEADER, active raft config: opid_index: -1 OBSOLETE_local: false peers { permanent_uuid: "88e69d68a7914bf48d802a2f2e500b71" member_type: VOTER last_known_addr { host: "127.20.201.62" port: 56252 } } peers { permanent_uuid: "cbc42c7d5db44e00883549e254bdd22e" member_type: VOTER last_known_addr { host: "127.20.201.61" port: 59248 } } peers { permanent_uuid: "4043e04130264237805f012d8e251bd4" member_type: VOTER last_known_addr { host: "127.20.201.60" port: 53788 } }
I1014 19:25:47.328027 29494 sys_catalog.cc:337] T 00000000000000000000000000000000 P 88e69d68a7914bf48d802a2f2e500b71 [sys.catalog]: SysCatalogTable state changed. Reason: New leader 88e69d68a7914bf48d802a2f2e500b71. Latest consensus state: current_term: 14 leader_uuid: "88e69d68a7914bf48d802a2f2e500b71" committed_config { opid_index: -1 OBSOLETE_local: false peers { permanent_uuid: "88e69d68a7914bf48d802a2f2e500b71" member_type: VOTER last_known_addr { host: "127.20.201.62" port: 56252 } } peers { permanent_uuid: "cbc42c7d5db44e00883549e254bdd22e" member_type: VOTER last_known_addr { host: "127.20.201.61" port: 59248 } } peers { permanent_uuid: "4043e04130264237805f012d8e251bd4" member_type: VOTER last_known_addr { host: "127.20.201.60" port: 53788 } } }
I1014 19:25:47.328256 29494 sys_catalog.cc:340] T 00000000000000000000000000000000 P 88e69d68a7914bf48d802a2f2e500b71 [sys.catalog]: This master's current role is: LEADER
I1014 19:25:47.360249 28825 raft_consensus.cc:1051] T 00000000000000000000000000000000 P cbc42c7d5db44e00883549e254bdd22e [term 14 FOLLOWER]: Rejecting Update request from peer 4043e04130264237805f012d8e251bd4 for earlier term 13. Current term is 14. Ops: []
I1014 19:25:47.360759 29621 consensus_queue.cc:974] T 00000000000000000000000000000000 P 4043e04130264237805f012d8e251bd4 [LEADER]: Peer responded invalid term: Peer: permanent_uuid: "cbc42c7d5db44e00883549e254bdd22e" member_type: VOTER last_known_addr { host: "127.20.201.61" port: 59248 }, Status: INVALID_TERM, Last received: 0.0, Next index: 11, Last known committed idx: 10, Time since last communication: 0.000s
I1014 19:25:47.361013 29813 raft_consensus.cc:2790] T 00000000000000000000000000000000 P 4043e04130264237805f012d8e251bd4 [term 13 LEADER]: Stepping down as leader of term 13
I1014 19:25:47.361068 29813 raft_consensus.cc:630] T 00000000000000000000000000000000 P 4043e04130264237805f012d8e251bd4 [term 13 LEADER]: Becoming Follower/Learner. State: Replica: 4043e04130264237805f012d8e251bd4, State: Running, Role: LEADER
I1014 19:25:47.361289 29813 consensus_queue.cc:228] T 00000000000000000000000000000000 P 4043e04130264237805f012d8e251bd4 [NON_LEADER]: Queue going to NON_LEADER mode. State: All replicated index: 0, Majority replicated index: 10, Committed index: 10, Last appended: 13.11, Last appended by leader: 11, Current term: 13, Majority size: -1, State: 0, Mode: NON_LEADER, active raft config: opid_index: -1 OBSOLETE_local: false peers { permanent_uuid: "88e69d68a7914bf48d802a2f2e500b71" member_type: VOTER last_known_addr { host: "127.20.201.62" port: 56252 } } peers { permanent_uuid: "cbc42c7d5db44e00883549e254bdd22e" member_type: VOTER last_known_addr { host: "127.20.201.61" port: 59248 } } peers { permanent_uuid: "4043e04130264237805f012d8e251bd4" member_type: VOTER last_known_addr { host: "127.20.201.60" port: 53788 } }
I1014 19:25:47.361439 29813 consensus_peers.cc:455] T 00000000000000000000000000000000 P 4043e04130264237805f012d8e251bd4 -> Peer cbc42c7d5db44e00883549e254bdd22e (127.20.201.61:59248): Closing peer: cbc42c7d5db44e00883549e254bdd22e
I1014 19:25:47.361534 29813 consensus_peers.cc:455] T 00000000000000000000000000000000 P 4043e04130264237805f012d8e251bd4 -> Peer 88e69d68a7914bf48d802a2f2e500b71 (127.20.201.62:56252): Closing peer: 88e69d68a7914bf48d802a2f2e500b71
I1014 19:25:47.361662 29813 raft_consensus.cc:2795] T 00000000000000000000000000000000 P 4043e04130264237805f012d8e251bd4 [term 13 FOLLOWER]: Advancing to term 14
I1014 19:25:47.422742 28825 raft_consensus.cc:1083] T 00000000000000000000000000000000 P cbc42c7d5db44e00883549e254bdd22e [term 14 FOLLOWER]: Refusing update from remote peer 88e69d68a7914bf48d802a2f2e500b71: Log matching property violated. Preceding OpId in replica: term: 12 index: 10. Preceding OpId from leader: term: 14 index: 11. (index mismatch)
I1014 19:25:47.423257 29494 consensus_queue.cc:963] T 00000000000000000000000000000000 P 88e69d68a7914bf48d802a2f2e500b71 [LEADER]: Connected to new peer: Peer: permanent_uuid: "cbc42c7d5db44e00883549e254bdd22e" member_type: VOTER last_known_addr { host: "127.20.201.61" port: 59248 }, Status: LMP_MISMATCH, Last received: 0.0, Next index: 11, Last known committed idx: 10, Time since last communication: 0.000s
I1014 19:25:47.424868 29049 sys_catalog.cc:337] T 00000000000000000000000000000000 P cbc42c7d5db44e00883549e254bdd22e [sys.catalog]: SysCatalogTable state changed. Reason: New leader 88e69d68a7914bf48d802a2f2e500b71. Latest consensus state: current_term: 14 leader_uuid: "88e69d68a7914bf48d802a2f2e500b71" committed_config { opid_index: -1 OBSOLETE_local: false peers { permanent_uuid: "88e69d68a7914bf48d802a2f2e500b71" member_type: VOTER last_known_addr { host: "127.20.201.62" port: 56252 } } peers { permanent_uuid: "cbc42c7d5db44e00883549e254bdd22e" member_type: VOTER last_known_addr { host: "127.20.201.61" port: 59248 } } peers { permanent_uuid: "4043e04130264237805f012d8e251bd4" member_type: VOTER last_known_addr { host: "127.20.201.60" port: 53788 } } }
I1014 19:25:47.425155 29049 sys_catalog.cc:340] T 00000000000000000000000000000000 P cbc42c7d5db44e00883549e254bdd22e [sys.catalog]: This master's current role is: FOLLOWER
I1014 19:25:47.425894 29494 sys_catalog.cc:337] T 00000000000000000000000000000000 P 88e69d68a7914bf48d802a2f2e500b71 [sys.catalog]: SysCatalogTable state changed. Reason: Peer health change. Latest consensus state: current_term: 14 leader_uuid: "88e69d68a7914bf48d802a2f2e500b71" committed_config { opid_index: -1 OBSOLETE_local: false peers { permanent_uuid: "88e69d68a7914bf48d802a2f2e500b71" member_type: VOTER last_known_addr { host: "127.20.201.62" port: 56252 } } peers { permanent_uuid: "cbc42c7d5db44e00883549e254bdd22e" member_type: VOTER last_known_addr { host: "127.20.201.61" port: 59248 } } peers { permanent_uuid: "4043e04130264237805f012d8e251bd4" member_type: VOTER last_known_addr { host: "127.20.201.60" port: 53788 } } }
I1014 19:25:47.426115 29494 sys_catalog.cc:340] T 00000000000000000000000000000000 P 88e69d68a7914bf48d802a2f2e500b71 [sys.catalog]: This master's current role is: LEADER
I1014 19:25:47.426887 29010 raft_consensus.cc:1083] T 00000000000000000000000000000000 P 4043e04130264237805f012d8e251bd4 [term 14 FOLLOWER]: Refusing update from remote peer 88e69d68a7914bf48d802a2f2e500b71: Log matching property violated. Preceding OpId in replica: term: 13 index: 11. Preceding OpId from leader: term: 14 index: 11. (term mismatch)
I1014 19:25:47.426962 29010 pending_rounds.cc:76] T 00000000000000000000000000000000 P 4043e04130264237805f012d8e251bd4: Aborting all transactions after (but not including) 10
I1014 19:25:47.427026 29010 pending_rounds.cc:97] T 00000000000000000000000000000000 P 4043e04130264237805f012d8e251bd4: Aborting uncommitted NO_OP operation due to leader change: 13.11
I1014 19:25:47.427125 29010 raft_consensus.cc:2632] T 00000000000000000000000000000000 P 4043e04130264237805f012d8e251bd4 [term 14 FOLLOWER]: NO_OP replication failed: Aborted: Transaction aborted by new leader
I1014 19:25:47.427791 29177 consensus_queue.cc:963] T 00000000000000000000000000000000 P 88e69d68a7914bf48d802a2f2e500b71 [LEADER]: Connected to new peer: Peer: permanent_uuid: "4043e04130264237805f012d8e251bd4" member_type: VOTER last_known_addr { host: "127.20.201.60" port: 53788 }, Status: LMP_MISMATCH, Last received: 0.0, Next index: 11, Last known committed idx: 10, Time since last communication: 0.000s
I1014 19:25:47.429179 29813 sys_catalog.cc:337] T 00000000000000000000000000000000 P 4043e04130264237805f012d8e251bd4 [sys.catalog]: SysCatalogTable state changed. Reason: New leader 88e69d68a7914bf48d802a2f2e500b71. Latest consensus state: current_term: 14 leader_uuid: "88e69d68a7914bf48d802a2f2e500b71" committed_config { opid_index: -1 OBSOLETE_local: false peers { permanent_uuid: "88e69d68a7914bf48d802a2f2e500b71" member_type: VOTER last_known_addr { host: "127.20.201.62" port: 56252 } } peers { permanent_uuid: "cbc42c7d5db44e00883549e254bdd22e" member_type: VOTER last_known_addr { host: "127.20.201.61" port: 59248 } } peers { permanent_uuid: "4043e04130264237805f012d8e251bd4" member_type: VOTER last_known_addr { host: "127.20.201.60" port: 53788 } } }
I1014 19:25:47.429396 29813 sys_catalog.cc:340] T 00000000000000000000000000000000 P 4043e04130264237805f012d8e251bd4 [sys.catalog]: This master's current role is: FOLLOWER
I1014 19:25:47.429565 29813 sys_catalog.cc:337] T 00000000000000000000000000000000 P 4043e04130264237805f012d8e251bd4 [sys.catalog]: SysCatalogTable state changed. Reason: Replicated consensus-only round. Latest consensus state: current_term: 14 leader_uuid: "88e69d68a7914bf48d802a2f2e500b71" committed_config { opid_index: -1 OBSOLETE_local: false peers { permanent_uuid: "88e69d68a7914bf48d802a2f2e500b71" member_type: VOTER last_known_addr { host: "127.20.201.62" port: 56252 } } peers { permanent_uuid: "cbc42c7d5db44e00883549e254bdd22e" member_type: VOTER last_known_addr { host: "127.20.201.61" port: 59248 } } peers { permanent_uuid: "4043e04130264237805f012d8e251bd4" member_type: VOTER last_known_addr { host: "127.20.201.60" port: 53788 } } }
I1014 19:25:47.429757 29813 sys_catalog.cc:340] T 00000000000000000000000000000000 P 4043e04130264237805f012d8e251bd4 [sys.catalog]: This master's current role is: FOLLOWER
I1014 19:25:47.430626 29049 sys_catalog.cc:337] T 00000000000000000000000000000000 P cbc42c7d5db44e00883549e254bdd22e [sys.catalog]: SysCatalogTable state changed. Reason: Replicated consensus-only round. Latest consensus state: current_term: 14 leader_uuid: "88e69d68a7914bf48d802a2f2e500b71" committed_config { opid_index: -1 OBSOLETE_local: false peers { permanent_uuid: "88e69d68a7914bf48d802a2f2e500b71" member_type: VOTER last_known_addr { host: "127.20.201.62" port: 56252 } } peers { permanent_uuid: "cbc42c7d5db44e00883549e254bdd22e" member_type: VOTER last_known_addr { host: "127.20.201.61" port: 59248 } } peers { permanent_uuid: "4043e04130264237805f012d8e251bd4" member_type: VOTER last_known_addr { host: "127.20.201.60" port: 53788 } } }
I1014 19:25:47.430816 29049 sys_catalog.cc:340] T 00000000000000000000000000000000 P cbc42c7d5db44e00883549e254bdd22e [sys.catalog]: This master's current role is: FOLLOWER
I1014 19:25:47.527154 29049 raft_consensus.cc:457] T 00000000000000000000000000000000 P cbc42c7d5db44e00883549e254bdd22e [term 14 FOLLOWER]: Starting leader election (detected failure of leader 88e69d68a7914bf48d802a2f2e500b71)
I1014 19:25:47.527257 29049 raft_consensus.cc:2743] T 00000000000000000000000000000000 P cbc42c7d5db44e00883549e254bdd22e: Snoozing failure detection for 0.127s (starting election)
I1014 19:25:47.527333 29049 raft_consensus.cc:2795] T 00000000000000000000000000000000 P cbc42c7d5db44e00883549e254bdd22e [term 14 FOLLOWER]: Advancing to term 15
I1014 19:25:47.529464 29621 raft_consensus.cc:457] T 00000000000000000000000000000000 P 4043e04130264237805f012d8e251bd4 [term 14 FOLLOWER]: Starting leader election (detected failure of leader 88e69d68a7914bf48d802a2f2e500b71)
I1014 19:25:47.529579 29621 raft_consensus.cc:2743] T 00000000000000000000000000000000 P 4043e04130264237805f012d8e251bd4: Snoozing failure detection for 0.117s (starting election)
I1014 19:25:47.529487 29049 raft_consensus.cc:479] T 00000000000000000000000000000000 P cbc42c7d5db44e00883549e254bdd22e [term 15 FOLLOWER]: Starting leader election with config: opid_index: -1 OBSOLETE_local: false peers { permanent_uuid: "88e69d68a7914bf48d802a2f2e500b71" member_type: VOTER last_known_addr { host: "127.20.201.62" port: 56252 } } peers { permanent_uuid: "cbc42c7d5db44e00883549e254bdd22e" member_type: VOTER last_known_addr { host: "127.20.201.61" port: 59248 } } peers { permanent_uuid: "4043e04130264237805f012d8e251bd4" member_type: VOTER last_known_addr { host: "127.20.201.60" port: 53788 } }
I1014 19:25:47.529666 29621 raft_consensus.cc:2795] T 00000000000000000000000000000000 P 4043e04130264237805f012d8e251bd4 [term 14 FOLLOWER]: Advancing to term 15
I1014 19:25:47.529857 28825 raft_consensus.cc:1051] T 00000000000000000000000000000000 P cbc42c7d5db44e00883549e254bdd22e [term 15 FOLLOWER]: Rejecting Update request from peer 88e69d68a7914bf48d802a2f2e500b71 for earlier term 14. Current term is 15. Ops: []
I1014 19:25:47.530009 29049 leader_election.cc:251] T 00000000000000000000000000000000 P cbc42c7d5db44e00883549e254bdd22e [CANDIDATE]: Term 15 election: Requesting vote from peer 88e69d68a7914bf48d802a2f2e500b71 (127.20.201.62:56252)
I1014 19:25:47.530198 29049 leader_election.cc:251] T 00000000000000000000000000000000 P cbc42c7d5db44e00883549e254bdd22e [CANDIDATE]: Term 15 election: Requesting vote from peer 4043e04130264237805f012d8e251bd4 (127.20.201.60:53788)
I1014 19:25:47.530683 29177 consensus_queue.cc:974] T 00000000000000000000000000000000 P 88e69d68a7914bf48d802a2f2e500b71 [LEADER]: Peer responded invalid term: Peer: permanent_uuid: "cbc42c7d5db44e00883549e254bdd22e" member_type: VOTER last_known_addr { host: "127.20.201.61" port: 59248 }, Status: INVALID_TERM, Last received: 14.11, Next index: 12, Last known committed idx: 11, Time since last communication: 0.000s
I1014 19:25:47.530995 29177 raft_consensus.cc:2790] T 00000000000000000000000000000000 P 88e69d68a7914bf48d802a2f2e500b71 [term 14 LEADER]: Stepping down as leader of term 14
I1014 19:25:47.531092 29177 raft_consensus.cc:630] T 00000000000000000000000000000000 P 88e69d68a7914bf48d802a2f2e500b71 [term 14 LEADER]: Becoming Follower/Learner. State: Replica: 88e69d68a7914bf48d802a2f2e500b71, State: Running, Role: LEADER
I1014 19:25:47.531190 28639 tablet_service.cc:995] Received RequestConsensusVote() RPC: tablet_id: "00000000000000000000000000000000" candidate_uuid: "cbc42c7d5db44e00883549e254bdd22e" candidate_term: 15 candidate_status { last_received { term: 14 index: 11 } } ignore_live_leader: false dest_uuid: "88e69d68a7914bf48d802a2f2e500b71"
I1014 19:25:47.531332 29177 consensus_queue.cc:228] T 00000000000000000000000000000000 P 88e69d68a7914bf48d802a2f2e500b71 [NON_LEADER]: Queue going to NON_LEADER mode. State: All replicated index: 0, Majority replicated index: 11, Committed index: 11, Last appended: 14.11, Last appended by leader: 11, Current term: 14, Majority size: -1, State: 0, Mode: NON_LEADER, active raft config: opid_index: -1 OBSOLETE_local: false peers { permanent_uuid: "88e69d68a7914bf48d802a2f2e500b71" member_type: VOTER last_known_addr { host: "127.20.201.62" port: 56252 } } peers { permanent_uuid: "cbc42c7d5db44e00883549e254bdd22e" member_type: VOTER last_known_addr { host: "127.20.201.61" port: 59248 } } peers { permanent_uuid: "4043e04130264237805f012d8e251bd4" member_type: VOTER last_known_addr { host: "127.20.201.60" port: 53788 } }
I1014 19:25:47.531540 29177 consensus_peers.cc:455] T 00000000000000000000000000000000 P 88e69d68a7914bf48d802a2f2e500b71 -> Peer 4043e04130264237805f012d8e251bd4 (127.20.201.60:53788): Closing peer: 4043e04130264237805f012d8e251bd4
I1014 19:25:47.531611 29177 consensus_peers.cc:455] T 00000000000000000000000000000000 P 88e69d68a7914bf48d802a2f2e500b71 -> Peer cbc42c7d5db44e00883549e254bdd22e (127.20.201.61:59248): Closing peer: cbc42c7d5db44e00883549e254bdd22e
I1014 19:25:47.531544 29010 tablet_service.cc:995] Received RequestConsensusVote() RPC: tablet_id: "00000000000000000000000000000000" candidate_uuid: "cbc42c7d5db44e00883549e254bdd22e" candidate_term: 15 candidate_status { last_received { term: 14 index: 11 } } ignore_live_leader: false dest_uuid: "4043e04130264237805f012d8e251bd4"
I1014 19:25:47.531746 29177 raft_consensus.cc:2795] T 00000000000000000000000000000000 P 88e69d68a7914bf48d802a2f2e500b71 [term 14 FOLLOWER]: Advancing to term 15
I1014 19:25:47.532176 29621 raft_consensus.cc:479] T 00000000000000000000000000000000 P 4043e04130264237805f012d8e251bd4 [term 15 FOLLOWER]: Starting leader election with config: opid_index: -1 OBSOLETE_local: false peers { permanent_uuid: "88e69d68a7914bf48d802a2f2e500b71" member_type: VOTER last_known_addr { host: "127.20.201.62" port: 56252 } } peers { permanent_uuid: "cbc42c7d5db44e00883549e254bdd22e" member_type: VOTER last_known_addr { host: "127.20.201.61" port: 59248 } } peers { permanent_uuid: "4043e04130264237805f012d8e251bd4" member_type: VOTER last_known_addr { host: "127.20.201.60" port: 53788 } }
I1014 19:25:47.532651 29621 leader_election.cc:251] T 00000000000000000000000000000000 P 4043e04130264237805f012d8e251bd4 [CANDIDATE]: Term 15 election: Requesting vote from peer 88e69d68a7914bf48d802a2f2e500b71 (127.20.201.62:56252)
I1014 19:25:47.532835 29621 leader_election.cc:251] T 00000000000000000000000000000000 P 4043e04130264237805f012d8e251bd4 [CANDIDATE]: Term 15 election: Requesting vote from peer cbc42c7d5db44e00883549e254bdd22e (127.20.201.61:59248)
I1014 19:25:47.533082 29010 raft_consensus.cc:2185] T 00000000000000000000000000000000 P 4043e04130264237805f012d8e251bd4 [term 15 FOLLOWER]: Leader election vote request: Denying vote to candidate cbc42c7d5db44e00883549e254bdd22e in current term 15: Already voted for candidate 4043e04130264237805f012d8e251bd4 in this term.
I1014 19:25:47.533366 28640 tablet_service.cc:995] Received RequestConsensusVote() RPC: tablet_id: "00000000000000000000000000000000" candidate_uuid: "4043e04130264237805f012d8e251bd4" candidate_term: 15 candidate_status { last_received { term: 14 index: 11 } } ignore_live_leader: false dest_uuid: "88e69d68a7914bf48d802a2f2e500b71"
I1014 19:25:47.533648 28825 tablet_service.cc:995] Received RequestConsensusVote() RPC: tablet_id: "00000000000000000000000000000000" candidate_uuid: "4043e04130264237805f012d8e251bd4" candidate_term: 15 candidate_status { last_received { term: 14 index: 11 } } ignore_live_leader: false dest_uuid: "cbc42c7d5db44e00883549e254bdd22e"
I1014 19:25:47.533866 28780 leader_election.cc:401] T 00000000000000000000000000000000 P cbc42c7d5db44e00883549e254bdd22e [CANDIDATE]: Term 15 election: Vote denied by peer 4043e04130264237805f012d8e251bd4 (127.20.201.60:53788). Message: Invalid argument: T 00000000000000000000000000000000 P 4043e04130264237805f012d8e251bd4 [term 15 FOLLOWER]: Leader election vote request: Denying vote to candidate cbc42c7d5db44e00883549e254bdd22e in current term 15: Already voted for candidate 4043e04130264237805f012d8e251bd4 in this term.
I1014 19:25:47.533866 28825 raft_consensus.cc:2185] T 00000000000000000000000000000000 P cbc42c7d5db44e00883549e254bdd22e [term 15 FOLLOWER]: Leader election vote request: Denying vote to candidate 4043e04130264237805f012d8e251bd4 in current term 15: Already voted for candidate cbc42c7d5db44e00883549e254bdd22e in this term.
I1014 19:25:47.534376 28639 raft_consensus.cc:2743] T 00000000000000000000000000000000 P 88e69d68a7914bf48d802a2f2e500b71: Snoozing failure detection for 0.133s (vote granted)
I1014 19:25:47.534754 28985 leader_election.cc:401] T 00000000000000000000000000000000 P 4043e04130264237805f012d8e251bd4 [CANDIDATE]: Term 15 election: Vote denied by peer cbc42c7d5db44e00883549e254bdd22e (127.20.201.61:59248). Message: Invalid argument: T 00000000000000000000000000000000 P cbc42c7d5db44e00883549e254bdd22e [term 15 FOLLOWER]: Leader election vote request: Denying vote to candidate 4043e04130264237805f012d8e251bd4 in current term 15: Already voted for candidate cbc42c7d5db44e00883549e254bdd22e in this term.
I1014 19:25:47.535781 28639 raft_consensus.cc:2255] T 00000000000000000000000000000000 P 88e69d68a7914bf48d802a2f2e500b71 [term 15 FOLLOWER]: Leader election vote request: Granting yes vote for candidate cbc42c7d5db44e00883549e254bdd22e in term 15.
I1014 19:25:47.535969 28640 raft_consensus.cc:2230] T 00000000000000000000000000000000 P 88e69d68a7914bf48d802a2f2e500b71 [term 15 FOLLOWER]: Leader election vote request: Denying vote to candidate 4043e04130264237805f012d8e251bd4 for term 15 because replica is already servicing an update from a current leader or another vote.
I1014 19:25:47.536165 28786 leader_election.cc:387] T 00000000000000000000000000000000 P cbc42c7d5db44e00883549e254bdd22e [CANDIDATE]: Term 15 election: Vote granted by peer 88e69d68a7914bf48d802a2f2e500b71 (127.20.201.62:56252)
I1014 19:25:47.536226 28786 leader_election.cc:278] T 00000000000000000000000000000000 P cbc42c7d5db44e00883549e254bdd22e [CANDIDATE]: Term 15 election: Election decided. Result: candidate won.
I1014 19:25:47.536420 28985 leader_election.cc:401] T 00000000000000000000000000000000 P 4043e04130264237805f012d8e251bd4 [CANDIDATE]: Term 15 election: Vote denied by peer 88e69d68a7914bf48d802a2f2e500b71 (127.20.201.62:56252). Message: Service unavailable: T 00000000000000000000000000000000 P 88e69d68a7914bf48d802a2f2e500b71 [term 15 FOLLOWER]: Leader election vote request: Denying vote to candidate 4043e04130264237805f012d8e251bd4 for term 15 because replica is already servicing an update from a current leader or another vote.
I1014 19:25:47.536459 29049 raft_consensus.cc:2743] T 00000000000000000000000000000000 P cbc42c7d5db44e00883549e254bdd22e: Snoozing failure detection for 0.128s (election complete)
I1014 19:25:47.536538 29049 raft_consensus.cc:2549] T 00000000000000000000000000000000 P cbc42c7d5db44e00883549e254bdd22e [term 15 FOLLOWER]: Leader election won for term 15
I1014 19:25:47.536556 28985 leader_election.cc:278] T 00000000000000000000000000000000 P 4043e04130264237805f012d8e251bd4 [CANDIDATE]: Term 15 election: Election decided. Result: candidate lost.
I1014 19:25:47.536684 29049 raft_consensus.cc:595] T 00000000000000000000000000000000 P cbc42c7d5db44e00883549e254bdd22e [term 15 LEADER]: Becoming Leader. State: Replica: cbc42c7d5db44e00883549e254bdd22e, State: Running, Role: LEADER
I1014 19:25:47.536859 29621 raft_consensus.cc:2743] T 00000000000000000000000000000000 P 4043e04130264237805f012d8e251bd4: Snoozing failure detection for 0.101s (election complete)
I1014 19:25:47.536973 29621 raft_consensus.cc:2497] T 00000000000000000000000000000000 P 4043e04130264237805f012d8e251bd4 [term 15 FOLLOWER]: Leader election lost for term 15. Reason: could not achieve majority
I1014 19:25:47.536893 29049 consensus_queue.cc:205] T 00000000000000000000000000000000 P cbc42c7d5db44e00883549e254bdd22e [LEADER]: Queue going to LEADER mode. State: All replicated index: 0, Majority replicated index: 11, Committed index: 11, Last appended: 14.11, Last appended by leader: 11, Current term: 15, Majority size: 2, State: 0, Mode: LEADER, active raft config: opid_index: -1 OBSOLETE_local: false peers { permanent_uuid: "88e69d68a7914bf48d802a2f2e500b71" member_type: VOTER last_known_addr { host: "127.20.201.62" port: 56252 } } peers { permanent_uuid: "cbc42c7d5db44e00883549e254bdd22e" member_type: VOTER last_known_addr { host: "127.20.201.61" port: 59248 } } peers { permanent_uuid: "4043e04130264237805f012d8e251bd4" member_type: VOTER last_known_addr { host: "127.20.201.60" port: 53788 } }
I1014 19:25:47.537830 29997 sys_catalog.cc:337] T 00000000000000000000000000000000 P cbc42c7d5db44e00883549e254bdd22e [sys.catalog]: SysCatalogTable state changed. Reason: New leader cbc42c7d5db44e00883549e254bdd22e. Latest consensus state: current_term: 15 leader_uuid: "cbc42c7d5db44e00883549e254bdd22e" committed_config { opid_index: -1 OBSOLETE_local: false peers { permanent_uuid: "88e69d68a7914bf48d802a2f2e500b71" member_type: VOTER last_known_addr { host: "127.20.201.62" port: 56252 } } peers { permanent_uuid: "cbc42c7d5db44e00883549e254bdd22e" member_type: VOTER last_known_addr { host: "127.20.201.61" port: 59248 } } peers { permanent_uuid: "4043e04130264237805f012d8e251bd4" member_type: VOTER last_known_addr { host: "127.20.201.60" port: 53788 } } }
I1014 19:25:47.538110 29997 sys_catalog.cc:340] T 00000000000000000000000000000000 P cbc42c7d5db44e00883549e254bdd22e [sys.catalog]: This master's current role is: LEADER
