I1014 19:25:53.689076 29621 consensus_queue.cc:228] T 00000000000000000000000000000000 P 4043e04130264237805f012d8e251bd4 [NON_LEADER]: Queue going to NON_LEADER mode. State: All replicated index: 0, Majority replicated index: 37, Committed index: 37, Last appended: 54.37, Last appended by leader: 37, Current term: 54, Majority size: -1, State: 0, Mode: NON_LEADER, active raft config: opid_index: -1 OBSOLETE_local: false peers { permanent_uuid: "88e69d68a7914bf48d802a2f2e500b71" member_type: VOTER last_known_addr { host: "127.20.201.62" port: 56252 } } peers { permanent_uuid: "cbc42c7d5db44e00883549e254bdd22e" member_type: VOTER last_known_addr { host: "127.20.201.61" port: 59248 } } peers { permanent_uuid: "4043e04130264237805f012d8e251bd4" member_type: VOTER last_known_addr { host: "127.20.201.60" port: 53788 } }
I1014 19:25:53.689235 29621 consensus_peers.cc:455] T 00000000000000000000000000000000 P 4043e04130264237805f012d8e251bd4 -> Peer cbc42c7d5db44e00883549e254bdd22e (127.20.201.61:59248): Closing peer: cbc42c7d5db44e00883549e254bdd22e
I1014 19:25:53.689327 29621 consensus_peers.cc:455] T 00000000000000000000000000000000 P 4043e04130264237805f012d8e251bd4 -> Peer 88e69d68a7914bf48d802a2f2e500b71 (127.20.201.62:56252): Closing peer: 88e69d68a7914bf48d802a2f2e500b71
I1014 19:25:53.689445 29621 raft_consensus.cc:2795] T 00000000000000000000000000000000 P 4043e04130264237805f012d8e251bd4 [term 54 FOLLOWER]: Advancing to term 55
I1014 19:25:53.766808 29621 raft_consensus.cc:457] T 00000000000000000000000000000000 P 4043e04130264237805f012d8e251bd4 [term 55 FOLLOWER]: Starting leader election (no leader contacted us within the election timeout)
I1014 19:25:53.766908 29621 raft_consensus.cc:2743] T 00000000000000000000000000000000 P 4043e04130264237805f012d8e251bd4: Snoozing failure detection for 0.111s (starting election)
I1014 19:25:53.766991 29621 raft_consensus.cc:2795] T 00000000000000000000000000000000 P 4043e04130264237805f012d8e251bd4 [term 55 FOLLOWER]: Advancing to term 56
I1014 19:25:53.768585 29621 raft_consensus.cc:479] T 00000000000000000000000000000000 P 4043e04130264237805f012d8e251bd4 [term 56 FOLLOWER]: Starting leader election with config: opid_index: -1 OBSOLETE_local: false peers { permanent_uuid: "88e69d68a7914bf48d802a2f2e500b71" member_type: VOTER last_known_addr { host: "127.20.201.62" port: 56252 } } peers { permanent_uuid: "cbc42c7d5db44e00883549e254bdd22e" member_type: VOTER last_known_addr { host: "127.20.201.61" port: 59248 } } peers { permanent_uuid: "4043e04130264237805f012d8e251bd4" member_type: VOTER last_known_addr { host: "127.20.201.60" port: 53788 } }
I1014 19:25:53.768991 29621 leader_election.cc:251] T 00000000000000000000000000000000 P 4043e04130264237805f012d8e251bd4 [CANDIDATE]: Term 56 election: Requesting vote from peer 88e69d68a7914bf48d802a2f2e500b71 (127.20.201.62:56252)
I1014 19:25:53.769145 29621 leader_election.cc:251] T 00000000000000000000000000000000 P 4043e04130264237805f012d8e251bd4 [CANDIDATE]: Term 56 election: Requesting vote from peer cbc42c7d5db44e00883549e254bdd22e (127.20.201.61:59248)
I1014 19:25:53.769816 28640 tablet_service.cc:995] Received RequestConsensusVote() RPC: tablet_id: "00000000000000000000000000000000" candidate_uuid: "4043e04130264237805f012d8e251bd4" candidate_term: 56 candidate_status { last_received { term: 54 index: 37 } } ignore_live_leader: false dest_uuid: "88e69d68a7914bf48d802a2f2e500b71"
I1014 19:25:53.769860 28825 tablet_service.cc:995] Received RequestConsensusVote() RPC: tablet_id: "00000000000000000000000000000000" candidate_uuid: "4043e04130264237805f012d8e251bd4" candidate_term: 56 candidate_status { last_received { term: 54 index: 37 } } ignore_live_leader: false dest_uuid: "cbc42c7d5db44e00883549e254bdd22e"
I1014 19:25:53.769973 28640 raft_consensus.cc:2795] T 00000000000000000000000000000000 P 88e69d68a7914bf48d802a2f2e500b71 [term 55 FOLLOWER]: Advancing to term 56
I1014 19:25:53.770026 28825 raft_consensus.cc:2795] T 00000000000000000000000000000000 P cbc42c7d5db44e00883549e254bdd22e [term 55 FOLLOWER]: Advancing to term 56
I1014 19:25:53.770057 28640 raft_consensus.cc:2743] T 00000000000000000000000000000000 P 88e69d68a7914bf48d802a2f2e500b71: Snoozing failure detection for 0.106s (vote granted)
I1014 19:25:53.770121 28825 raft_consensus.cc:2743] T 00000000000000000000000000000000 P cbc42c7d5db44e00883549e254bdd22e: Snoozing failure detection for 0.174s (vote granted)
I1014 19:25:53.771589 28825 raft_consensus.cc:2255] T 00000000000000000000000000000000 P cbc42c7d5db44e00883549e254bdd22e [term 56 FOLLOWER]: Leader election vote request: Granting yes vote for candidate 4043e04130264237805f012d8e251bd4 in term 56.
I1014 19:25:53.771932 28985 leader_election.cc:387] T 00000000000000000000000000000000 P 4043e04130264237805f012d8e251bd4 [CANDIDATE]: Term 56 election: Vote granted by peer cbc42c7d5db44e00883549e254bdd22e (127.20.201.61:59248)
I1014 19:25:53.772013 28985 leader_election.cc:278] T 00000000000000000000000000000000 P 4043e04130264237805f012d8e251bd4 [CANDIDATE]: Term 56 election: Election decided. Result: candidate won.
I1014 19:25:53.772069 28640 raft_consensus.cc:2255] T 00000000000000000000000000000000 P 88e69d68a7914bf48d802a2f2e500b71 [term 56 FOLLOWER]: Leader election vote request: Granting yes vote for candidate 4043e04130264237805f012d8e251bd4 in term 56.
I1014 19:25:53.772256 29621 raft_consensus.cc:2743] T 00000000000000000000000000000000 P 4043e04130264237805f012d8e251bd4: Snoozing failure detection for 0.123s (election complete)
I1014 19:25:53.772358 29621 raft_consensus.cc:2549] T 00000000000000000000000000000000 P 4043e04130264237805f012d8e251bd4 [term 56 FOLLOWER]: Leader election won for term 56
I1014 19:25:53.772438 28985 leader_election.cc:387] T 00000000000000000000000000000000 P 4043e04130264237805f012d8e251bd4 [CANDIDATE]: Term 56 election: Vote granted by peer 88e69d68a7914bf48d802a2f2e500b71 (127.20.201.62:56252)
I1014 19:25:53.772549 29621 raft_consensus.cc:595] T 00000000000000000000000000000000 P 4043e04130264237805f012d8e251bd4 [term 56 LEADER]: Becoming Leader. State: Replica: 4043e04130264237805f012d8e251bd4, State: Running, Role: LEADER
I1014 19:25:53.772785 29621 consensus_queue.cc:205] T 00000000000000000000000000000000 P 4043e04130264237805f012d8e251bd4 [LEADER]: Queue going to LEADER mode. State: All replicated index: 0, Majority replicated index: 37, Committed index: 37, Last appended: 54.37, Last appended by leader: 37, Current term: 56, Majority size: 2, State: 0, Mode: LEADER, active raft config: opid_index: -1 OBSOLETE_local: false peers { permanent_uuid: "88e69d68a7914bf48d802a2f2e500b71" member_type: VOTER last_known_addr { host: "127.20.201.62" port: 56252 } } peers { permanent_uuid: "cbc42c7d5db44e00883549e254bdd22e" member_type: VOTER last_known_addr { host: "127.20.201.61" port: 59248 } } peers { permanent_uuid: "4043e04130264237805f012d8e251bd4" member_type: VOTER last_known_addr { host: "127.20.201.60" port: 53788 } }
I1014 19:25:53.773813 32135 sys_catalog.cc:337] T 00000000000000000000000000000000 P 4043e04130264237805f012d8e251bd4 [sys.catalog]: SysCatalogTable state changed. Reason: New leader 4043e04130264237805f012d8e251bd4. Latest consensus state: current_term: 56 leader_uuid: "4043e04130264237805f012d8e251bd4" committed_config { opid_index: -1 OBSOLETE_local: false peers { permanent_uuid: "88e69d68a7914bf48d802a2f2e500b71" member_type: VOTER last_known_addr { host: "127.20.201.62" port: 56252 } } peers { permanent_uuid: "cbc42c7d5db44e00883549e254bdd22e" member_type: VOTER last_known_addr { host: "127.20.201.61" port: 59248 } } peers { permanent_uuid: "4043e04130264237805f012d8e251bd4" member_type: VOTER last_known_addr { host: "127.20.201.60" port: 53788 } } }
I1014 19:25:53.774049 32135 sys_catalog.cc:340] T 00000000000000000000000000000000 P 4043e04130264237805f012d8e251bd4 [sys.catalog]: This master's current role is: LEADER
I1014 19:25:53.865656 28825 raft_consensus.cc:1083] T 00000000000000000000000000000000 P cbc42c7d5db44e00883549e254bdd22e [term 56 FOLLOWER]: Refusing update from remote peer 4043e04130264237805f012d8e251bd4: Log matching property violated. Preceding OpId in replica: term: 54 index: 37. Preceding OpId from leader: term: 56 index: 38. (index mismatch)
I1014 19:25:53.866576 32135 consensus_queue.cc:963] T 00000000000000000000000000000000 P 4043e04130264237805f012d8e251bd4 [LEADER]: Connected to new peer: Peer: permanent_uuid: "cbc42c7d5db44e00883549e254bdd22e" member_type: VOTER last_known_addr { host: "127.20.201.61" port: 59248 }, Status: LMP_MISMATCH, Last received: 0.0, Next index: 38, Last known committed idx: 37, Time since last communication: 0.000s
I1014 19:25:53.868131 32273 sys_catalog.cc:337] T 00000000000000000000000000000000 P cbc42c7d5db44e00883549e254bdd22e [sys.catalog]: SysCatalogTable state changed. Reason: New leader 4043e04130264237805f012d8e251bd4. Latest consensus state: current_term: 56 leader_uuid: "4043e04130264237805f012d8e251bd4" committed_config { opid_index: -1 OBSOLETE_local: false peers { permanent_uuid: "88e69d68a7914bf48d802a2f2e500b71" member_type: VOTER last_known_addr { host: "127.20.201.62" port: 56252 } } peers { permanent_uuid: "cbc42c7d5db44e00883549e254bdd22e" member_type: VOTER last_known_addr { host: "127.20.201.61" port: 59248 } } peers { permanent_uuid: "4043e04130264237805f012d8e251bd4" member_type: VOTER last_known_addr { host: "127.20.201.60" port: 53788 } } }
I1014 19:25:53.868316 32273 sys_catalog.cc:340] T 00000000000000000000000000000000 P cbc42c7d5db44e00883549e254bdd22e [sys.catalog]: This master's current role is: FOLLOWER
I1014 19:25:53.869585 29621 sys_catalog.cc:337] T 00000000000000000000000000000000 P 4043e04130264237805f012d8e251bd4 [sys.catalog]: SysCatalogTable state changed. Reason: Peer health change. Latest consensus state: current_term: 56 leader_uuid: "4043e04130264237805f012d8e251bd4" committed_config { opid_index: -1 OBSOLETE_local: false peers { permanent_uuid: "88e69d68a7914bf48d802a2f2e500b71" member_type: VOTER last_known_addr { host: "127.20.201.62" port: 56252 } } peers { permanent_uuid: "cbc42c7d5db44e00883549e254bdd22e" member_type: VOTER last_known_addr { host: "127.20.201.61" port: 59248 } } peers { permanent_uuid: "4043e04130264237805f012d8e251bd4" member_type: VOTER last_known_addr { host: "127.20.201.60" port: 53788 } } }
I1014 19:25:53.869827 29621 sys_catalog.cc:340] T 00000000000000000000000000000000 P 4043e04130264237805f012d8e251bd4 [sys.catalog]: This master's current role is: LEADER
I1014 19:25:53.870131 28640 raft_consensus.cc:1083] T 00000000000000000000000000000000 P 88e69d68a7914bf48d802a2f2e500b71 [term 56 FOLLOWER]: Refusing update from remote peer 4043e04130264237805f012d8e251bd4: Log matching property violated. Preceding OpId in replica: term: 54 index: 37. Preceding OpId from leader: term: 56 index: 38. (index mismatch)
I1014 19:25:53.870018 32273 sys_catalog.cc:337] T 00000000000000000000000000000000 P cbc42c7d5db44e00883549e254bdd22e [sys.catalog]: SysCatalogTable state changed. Reason: Replicated consensus-only round. Latest consensus state: current_term: 56 leader_uuid: "4043e04130264237805f012d8e251bd4" committed_config { opid_index: -1 OBSOLETE_local: false peers { permanent_uuid: "88e69d68a7914bf48d802a2f2e500b71" member_type: VOTER last_known_addr { host: "127.20.201.62" port: 56252 } } peers { permanent_uuid: "cbc42c7d5db44e00883549e254bdd22e" member_type: VOTER last_known_addr { host: "127.20.201.61" port: 59248 } } peers { permanent_uuid: "4043e04130264237805f012d8e251bd4" member_type: VOTER last_known_addr { host: "127.20.201.60" port: 53788 } } }
I1014 19:25:53.870308 32273 sys_catalog.cc:340] T 00000000000000000000000000000000 P cbc42c7d5db44e00883549e254bdd22e [sys.catalog]: This master's current role is: FOLLOWER
I1014 19:25:53.870623 32135 consensus_queue.cc:963] T 00000000000000000000000000000000 P 4043e04130264237805f012d8e251bd4 [LEADER]: Connected to new peer: Peer: permanent_uuid: "88e69d68a7914bf48d802a2f2e500b71" member_type: VOTER last_known_addr { host: "127.20.201.62" port: 56252 }, Status: LMP_MISMATCH, Last received: 0.0, Next index: 38, Last known committed idx: 37, Time since last communication: 0.000s
I1014 19:25:53.872079 32413 sys_catalog.cc:337] T 00000000000000000000000000000000 P 88e69d68a7914bf48d802a2f2e500b71 [sys.catalog]: SysCatalogTable state changed. Reason: New leader 4043e04130264237805f012d8e251bd4. Latest consensus state: current_term: 56 leader_uuid: "4043e04130264237805f012d8e251bd4" committed_config { opid_index: -1 OBSOLETE_local: false peers { permanent_uuid: "88e69d68a7914bf48d802a2f2e500b71" member_type: VOTER last_known_addr { host: "127.20.201.62" port: 56252 } } peers { permanent_uuid: "cbc42c7d5db44e00883549e254bdd22e" member_type: VOTER last_known_addr { host: "127.20.201.61" port: 59248 } } peers { permanent_uuid: "4043e04130264237805f012d8e251bd4" member_type: VOTER last_known_addr { host: "127.20.201.60" port: 53788 } } }
I1014 19:25:53.872390 32413 sys_catalog.cc:340] T 00000000000000000000000000000000 P 88e69d68a7914bf48d802a2f2e500b71 [sys.catalog]: This master's current role is: FOLLOWER
I1014 19:25:53.872571 32413 sys_catalog.cc:337] T 00000000000000000000000000000000 P 88e69d68a7914bf48d802a2f2e500b71 [sys.catalog]: SysCatalogTable state changed. Reason: Replicated consensus-only round. Latest consensus state: current_term: 56 leader_uuid: "4043e04130264237805f012d8e251bd4" committed_config { opid_index: -1 OBSOLETE_local: false peers { permanent_uuid: "88e69d68a7914bf48d802a2f2e500b71" member_type: VOTER last_known_addr { host: "127.20.201.62" port: 56252 } } peers { permanent_uuid: "cbc42c7d5db44e00883549e254bdd22e" member_type: VOTER last_known_addr { host: "127.20.201.61" port: 59248 } } peers { permanent_uuid: "4043e04130264237805f012d8e251bd4" member_type: VOTER last_known_addr { host: "127.20.201.60" port: 53788 } } }
I1014 19:25:53.872769 32413 sys_catalog.cc:340] T 00000000000000000000000000000000 P 88e69d68a7914bf48d802a2f2e500b71 [sys.catalog]: This master's current role is: FOLLOWER
I1014 19:25:53.972209 32413 raft_consensus.cc:457] T 00000000000000000000000000000000 P 88e69d68a7914bf48d802a2f2e500b71 [term 56 FOLLOWER]: Starting leader election (detected failure of leader 4043e04130264237805f012d8e251bd4)
I1014 19:25:53.972296 32413 raft_consensus.cc:2743] T 00000000000000000000000000000000 P 88e69d68a7914bf48d802a2f2e500b71: Snoozing failure detection for 0.105s (starting election)
I1014 19:25:53.972357 32413 raft_consensus.cc:2795] T 00000000000000000000000000000000 P 88e69d68a7914bf48d802a2f2e500b71 [term 56 FOLLOWER]: Advancing to term 57
I1014 19:25:53.974448 32413 raft_consensus.cc:479] T 00000000000000000000000000000000 P 88e69d68a7914bf48d802a2f2e500b71 [term 57 FOLLOWER]: Starting leader election with config: opid_index: -1 OBSOLETE_local: false peers { permanent_uuid: "88e69d68a7914bf48d802a2f2e500b71" member_type: VOTER last_known_addr { host: "127.20.201.62" port: 56252 } } peers { permanent_uuid: "cbc42c7d5db44e00883549e254bdd22e" member_type: VOTER last_known_addr { host: "127.20.201.61" port: 59248 } } peers { permanent_uuid: "4043e04130264237805f012d8e251bd4" member_type: VOTER last_known_addr { host: "127.20.201.60" port: 53788 } }
I1014 19:25:53.974941 32413 leader_election.cc:251] T 00000000000000000000000000000000 P 88e69d68a7914bf48d802a2f2e500b71 [CANDIDATE]: Term 57 election: Requesting vote from peer cbc42c7d5db44e00883549e254bdd22e (127.20.201.61:59248)
I1014 19:25:53.975129 32413 leader_election.cc:251] T 00000000000000000000000000000000 P 88e69d68a7914bf48d802a2f2e500b71 [CANDIDATE]: Term 57 election: Requesting vote from peer 4043e04130264237805f012d8e251bd4 (127.20.201.60:53788)
I1014 19:25:53.975795 29010 tablet_service.cc:995] Received RequestConsensusVote() RPC: tablet_id: "00000000000000000000000000000000" candidate_uuid: "88e69d68a7914bf48d802a2f2e500b71" candidate_term: 57 candidate_status { last_received { term: 56 index: 38 } } ignore_live_leader: false dest_uuid: "4043e04130264237805f012d8e251bd4"
I1014 19:25:53.976078 29010 raft_consensus.cc:2216] T 00000000000000000000000000000000 P 4043e04130264237805f012d8e251bd4 [term 56 LEADER]: Leader election vote request: Denying vote to candidate 88e69d68a7914bf48d802a2f2e500b71 for term 57 because replica is either leader or believes a valid leader to be alive.
I1014 19:25:53.976470 28825 tablet_service.cc:995] Received RequestConsensusVote() RPC: tablet_id: "00000000000000000000000000000000" candidate_uuid: "88e69d68a7914bf48d802a2f2e500b71" candidate_term: 57 candidate_status { last_received { term: 56 index: 38 } } ignore_live_leader: false dest_uuid: "cbc42c7d5db44e00883549e254bdd22e"
I1014 19:25:53.976362 32135 sys_catalog.cc:337] T 00000000000000000000000000000000 P 4043e04130264237805f012d8e251bd4 [sys.catalog]: SysCatalogTable state changed. Reason: Peer health change. Latest consensus state: current_term: 56 leader_uuid: "4043e04130264237805f012d8e251bd4" committed_config { opid_index: -1 OBSOLETE_local: false peers { permanent_uuid: "88e69d68a7914bf48d802a2f2e500b71" member_type: VOTER last_known_addr { host: "127.20.201.62" port: 56252 } } peers { permanent_uuid: "cbc42c7d5db44e00883549e254bdd22e" member_type: VOTER last_known_addr { host: "127.20.201.61" port: 59248 } } peers { permanent_uuid: "4043e04130264237805f012d8e251bd4" member_type: VOTER last_known_addr { host: "127.20.201.60" port: 53788 } } }
I1014 19:25:53.976632 28640 raft_consensus.cc:1051] T 00000000000000000000000000000000 P 88e69d68a7914bf48d802a2f2e500b71 [term 57 FOLLOWER]: Rejecting Update request from peer 4043e04130264237805f012d8e251bd4 for earlier term 56. Current term is 57. Ops: []
I1014 19:25:53.976681 28825 raft_consensus.cc:2216] T 00000000000000000000000000000000 P cbc42c7d5db44e00883549e254bdd22e [term 56 FOLLOWER]: Leader election vote request: Denying vote to candidate 88e69d68a7914bf48d802a2f2e500b71 for term 57 because replica is either leader or believes a valid leader to be alive.
I1014 19:25:53.976662 32135 sys_catalog.cc:340] T 00000000000000000000000000000000 P 4043e04130264237805f012d8e251bd4 [sys.catalog]: This master's current role is: LEADER
I1014 19:25:53.977366 32135 consensus_queue.cc:974] T 00000000000000000000000000000000 P 4043e04130264237805f012d8e251bd4 [LEADER]: Peer responded invalid term: Peer: permanent_uuid: "88e69d68a7914bf48d802a2f2e500b71" member_type: VOTER last_known_addr { host: "127.20.201.62" port: 56252 }, Status: INVALID_TERM, Last received: 56.38, Next index: 39, Last known committed idx: 38, Time since last communication: 0.000s
I1014 19:25:53.977614 28594 leader_election.cc:401] T 00000000000000000000000000000000 P 88e69d68a7914bf48d802a2f2e500b71 [CANDIDATE]: Term 57 election: Vote denied by peer 4043e04130264237805f012d8e251bd4 (127.20.201.60:53788). Message: Invalid argument: T 00000000000000000000000000000000 P 4043e04130264237805f012d8e251bd4 [term 56 LEADER]: Leader election vote request: Denying vote to candidate 88e69d68a7914bf48d802a2f2e500b71 for term 57 because replica is either leader or believes a valid leader to be alive.
I1014 19:25:53.977825 28600 leader_election.cc:401] T 00000000000000000000000000000000 P 88e69d68a7914bf48d802a2f2e500b71 [CANDIDATE]: Term 57 election: Vote denied by peer cbc42c7d5db44e00883549e254bdd22e (127.20.201.61:59248). Message: Invalid argument: T 00000000000000000000000000000000 P cbc42c7d5db44e00883549e254bdd22e [term 56 FOLLOWER]: Leader election vote request: Denying vote to candidate 88e69d68a7914bf48d802a2f2e500b71 for term 57 because replica is either leader or believes a valid leader to be alive.
I1014 19:25:53.977895 28600 leader_election.cc:278] T 00000000000000000000000000000000 P 88e69d68a7914bf48d802a2f2e500b71 [CANDIDATE]: Term 57 election: Election decided. Result: candidate lost.
I1014 19:25:53.978106 32413 raft_consensus.cc:2743] T 00000000000000000000000000000000 P 88e69d68a7914bf48d802a2f2e500b71: Snoozing failure detection for 0.119s (election complete)
I1014 19:25:53.978181 32413 raft_consensus.cc:2497] T 00000000000000000000000000000000 P 88e69d68a7914bf48d802a2f2e500b71 [term 57 FOLLOWER]: Leader election lost for term 57. Reason: could not achieve majority
I1014 19:25:53.978616 29621 raft_consensus.cc:2790] T 00000000000000000000000000000000 P 4043e04130264237805f012d8e251bd4 [term 56 LEADER]: Stepping down as leader of term 56
I1014 19:25:53.978703 29621 raft_consensus.cc:630] T 00000000000000000000000000000000 P 4043e04130264237805f012d8e251bd4 [term 56 LEADER]: Becoming Follower/Learner. State: Replica: 4043e04130264237805f012d8e251bd4, State: Running, Role: LEADER
I1014 19:25:53.978951 29621 consensus_queue.cc:228] T 00000000000000000000000000000000 P 4043e04130264237805f012d8e251bd4 [NON_LEADER]: Queue going to NON_LEADER mode. State: All replicated index: 0, Majority replicated index: 38, Committed index: 38, Last appended: 56.38, Last appended by leader: 38, Current term: 56, Majority size: -1, State: 0, Mode: NON_LEADER, active raft config: opid_index: -1 OBSOLETE_local: false peers { permanent_uuid: "88e69d68a7914bf48d802a2f2e500b71" member_type: VOTER last_known_addr { host: "127.20.201.62" port: 56252 } } peers { permanent_uuid: "cbc42c7d5db44e00883549e254bdd22e" member_type: VOTER last_known_addr { host: "127.20.201.61" port: 59248 } } peers { permanent_uuid: "4043e04130264237805f012d8e251bd4" member_type: VOTER last_known_addr { host: "127.20.201.60" port: 53788 } }
I1014 19:25:53.979125 29621 consensus_peers.cc:455] T 00000000000000000000000000000000 P 4043e04130264237805f012d8e251bd4 -> Peer cbc42c7d5db44e00883549e254bdd22e (127.20.201.61:59248): Closing peer: cbc42c7d5db44e00883549e254bdd22e
I1014 19:25:53.979193 29621 consensus_peers.cc:455] T 00000000000000000000000000000000 P 4043e04130264237805f012d8e251bd4 -> Peer 88e69d68a7914bf48d802a2f2e500b71 (127.20.201.62:56252): Closing peer: 88e69d68a7914bf48d802a2f2e500b71
I1014 19:25:53.979333 29621 raft_consensus.cc:2795] T 00000000000000000000000000000000 P 4043e04130264237805f012d8e251bd4 [term 56 FOLLOWER]: Advancing to term 57
I1014 19:25:54.071172 32273 raft_consensus.cc:457] T 00000000000000000000000000000000 P cbc42c7d5db44e00883549e254bdd22e [term 56 FOLLOWER]: Starting leader election (detected failure of leader 4043e04130264237805f012d8e251bd4)
I1014 19:25:54.071267 32273 raft_consensus.cc:2743] T 00000000000000000000000000000000 P cbc42c7d5db44e00883549e254bdd22e: Snoozing failure detection for 0.121s (starting election)
I1014 19:25:54.071362 32273 raft_consensus.cc:2795] T 00000000000000000000000000000000 P cbc42c7d5db44e00883549e254bdd22e [term 56 FOLLOWER]: Advancing to term 57
I1014 19:25:54.073662 32273 raft_consensus.cc:479] T 00000000000000000000000000000000 P cbc42c7d5db44e00883549e254bdd22e [term 57 FOLLOWER]: Starting leader election with config: opid_index: -1 OBSOLETE_local: false peers { permanent_uuid: "88e69d68a7914bf48d802a2f2e500b71" member_type: VOTER last_known_addr { host: "127.20.201.62" port: 56252 } } peers { permanent_uuid: "cbc42c7d5db44e00883549e254bdd22e" member_type: VOTER last_known_addr { host: "127.20.201.61" port: 59248 } } peers { permanent_uuid: "4043e04130264237805f012d8e251bd4" member_type: VOTER last_known_addr { host: "127.20.201.60" port: 53788 } }
I1014 19:25:54.074174 32273 leader_election.cc:251] T 00000000000000000000000000000000 P cbc42c7d5db44e00883549e254bdd22e [CANDIDATE]: Term 57 election: Requesting vote from peer 88e69d68a7914bf48d802a2f2e500b71 (127.20.201.62:56252)
I1014 19:25:54.074393 32273 leader_election.cc:251] T 00000000000000000000000000000000 P cbc42c7d5db44e00883549e254bdd22e [CANDIDATE]: Term 57 election: Requesting vote from peer 4043e04130264237805f012d8e251bd4 (127.20.201.60:53788)
I1014 19:25:54.074960 28640 tablet_service.cc:995] Received RequestConsensusVote() RPC: tablet_id: "00000000000000000000000000000000" candidate_uuid: "cbc42c7d5db44e00883549e254bdd22e" candidate_term: 57 candidate_status { last_received { term: 56 index: 38 } } ignore_live_leader: false dest_uuid: "88e69d68a7914bf48d802a2f2e500b71"
I1014 19:25:54.075186 28640 raft_consensus.cc:2185] T 00000000000000000000000000000000 P 88e69d68a7914bf48d802a2f2e500b71 [term 57 FOLLOWER]: Leader election vote request: Denying vote to candidate cbc42c7d5db44e00883549e254bdd22e in current term 57: Already voted for candidate 88e69d68a7914bf48d802a2f2e500b71 in this term.
I1014 19:25:54.075639 28786 leader_election.cc:401] T 00000000000000000000000000000000 P cbc42c7d5db44e00883549e254bdd22e [CANDIDATE]: Term 57 election: Vote denied by peer 88e69d68a7914bf48d802a2f2e500b71 (127.20.201.62:56252). Message: Invalid argument: T 00000000000000000000000000000000 P 88e69d68a7914bf48d802a2f2e500b71 [term 57 FOLLOWER]: Leader election vote request: Denying vote to candidate cbc42c7d5db44e00883549e254bdd22e in current term 57: Already voted for candidate 88e69d68a7914bf48d802a2f2e500b71 in this term.
I1014 19:25:54.075796 29010 tablet_service.cc:995] Received RequestConsensusVote() RPC: tablet_id: "00000000000000000000000000000000" candidate_uuid: "cbc42c7d5db44e00883549e254bdd22e" candidate_term: 57 candidate_status { last_received { term: 56 index: 38 } } ignore_live_leader: false dest_uuid: "4043e04130264237805f012d8e251bd4"
I1014 19:25:54.075980 29010 raft_consensus.cc:2743] T 00000000000000000000000000000000 P 4043e04130264237805f012d8e251bd4: Snoozing failure detection for 0.142s (vote granted)
I1014 19:25:54.078073 29010 raft_consensus.cc:2255] T 00000000000000000000000000000000 P 4043e04130264237805f012d8e251bd4 [term 57 FOLLOWER]: Leader election vote request: Granting yes vote for candidate cbc42c7d5db44e00883549e254bdd22e in term 57.
I1014 19:25:54.078523 28780 leader_election.cc:387] T 00000000000000000000000000000000 P cbc42c7d5db44e00883549e254bdd22e [CANDIDATE]: Term 57 election: Vote granted by peer 4043e04130264237805f012d8e251bd4 (127.20.201.60:53788)
I1014 19:25:54.078610 28780 leader_election.cc:278] T 00000000000000000000000000000000 P cbc42c7d5db44e00883549e254bdd22e [CANDIDATE]: Term 57 election: Election decided. Result: candidate won.
I1014 19:25:54.078900 32273 raft_consensus.cc:2743] T 00000000000000000000000000000000 P cbc42c7d5db44e00883549e254bdd22e: Snoozing failure detection for 0.138s (election complete)
I1014 19:25:54.079039 32273 raft_consensus.cc:2549] T 00000000000000000000000000000000 P cbc42c7d5db44e00883549e254bdd22e [term 57 FOLLOWER]: Leader election won for term 57
I1014 19:25:54.079483 32273 raft_consensus.cc:595] T 00000000000000000000000000000000 P cbc42c7d5db44e00883549e254bdd22e [term 57 LEADER]: Becoming Leader. State: Replica: cbc42c7d5db44e00883549e254bdd22e, State: Running, Role: LEADER
I1014 19:25:54.079771 32273 consensus_queue.cc:205] T 00000000000000000000000000000000 P cbc42c7d5db44e00883549e254bdd22e [LEADER]: Queue going to LEADER mode. State: All replicated index: 0, Majority replicated index: 38, Committed index: 38, Last appended: 56.38, Last appended by leader: 38, Current term: 57, Majority size: 2, State: 0, Mode: LEADER, active raft config: opid_index: -1 OBSOLETE_local: false peers { permanent_uuid: "88e69d68a7914bf48d802a2f2e500b71" member_type: VOTER last_known_addr { host: "127.20.201.62" port: 56252 } } peers { permanent_uuid: "cbc42c7d5db44e00883549e254bdd22e" member_type: VOTER last_known_addr { host: "127.20.201.61" port: 59248 } } peers { permanent_uuid: "4043e04130264237805f012d8e251bd4" member_type: VOTER last_known_addr { host: "127.20.201.60" port: 53788 } }
I1014 19:25:54.080953 32443 sys_catalog.cc:337] T 00000000000000000000000000000000 P cbc42c7d5db44e00883549e254bdd22e [sys.catalog]: SysCatalogTable state changed. Reason: New leader cbc42c7d5db44e00883549e254bdd22e. Latest consensus state: current_term: 57 leader_uuid: "cbc42c7d5db44e00883549e254bdd22e" committed_config { opid_index: -1 OBSOLETE_local: false peers { permanent_uuid: "88e69d68a7914bf48d802a2f2e500b71" member_type: VOTER last_known_addr { host: "127.20.201.62" port: 56252 } } peers { permanent_uuid: "cbc42c7d5db44e00883549e254bdd22e" member_type: VOTER last_known_addr { host: "127.20.201.61" port: 59248 } } peers { permanent_uuid: "4043e04130264237805f012d8e251bd4" member_type: VOTER last_known_addr { host: "127.20.201.60" port: 53788 } } }
I1014 19:25:54.081248 32443 sys_catalog.cc:340] T 00000000000000000000000000000000 P cbc42c7d5db44e00883549e254bdd22e [sys.catalog]: This master's current role is: LEADER
W1014 19:25:54.094102 31406 catalog_manager.cc:1038] Time spent T 00000000000000000000000000000000 P 4043e04130264237805f012d8e251bd4: Initializing Kudu internal certificate authority: real 1.465s user 0.001s sys 0.001s
I1014 19:25:54.094183 31406 catalog_manager.cc:1046] Loading token signing keys...
I1014 19:25:54.095154 31406 catalog_manager.cc:4073] T 00000000000000000000000000000000 P 4043e04130264237805f012d8e251bd4: Loaded TSK: 0
I1014 19:25:54.096676 31406 catalog_manager.cc:1011] Loading token signing keys failed; change in term detected: 49 vs 57: Illegal state: Replica 4043e04130264237805f012d8e251bd4 is not leader of this config. Role: FOLLOWER. Consensus state: current_term: 57 committed_config { opid_index: -1 OBSOLETE_local: false peers { permanent_uuid: "88e69d68a7914bf48d802a2f2e500b71" member_type: VOTER last_known_addr { host: "127.20.201.62" port: 56252 } } peers { permanent_uuid: "cbc42c7d5db44e00883549e254bdd22e" member_type: VOTER last_known_addr { host: "127.20.201.61" port: 59248 } } peers { permanent_uuid: "4043e04130264237805f012d8e251bd4" member_type: VOTER last_known_addr { host: "127.20.201.60" port: 53788 } } }
W1014 19:25:54.097076 31406 catalog_manager.cc:960] Failed waiting for node to catch up after master election: Illegal state: Node 4043e04130264237805f012d8e251bd4 not leader. Raft Consensus state: current_term: 57 committed_config { opid_index: -1 OBSOLETE_local: false peers { permanent_uuid: "88e69d68a7914bf48d802a2f2e500b71" member_type: VOTER last_known_addr { host: "127.20.201.62" port: 56252 } } peers { permanent_uuid: "cbc42c7d5db44e00883549e254bdd22e" member_type: VOTER last_known_addr { host: "127.20.201.61" port: 59248 } } peers { permanent_uuid: "4043e04130264237805f012d8e251bd4" member_type: VOTER last_known_addr { host: "127.20.201.60" port: 53788 } } }
W1014 19:25:54.097347 31406 catalog_manager.cc:960] Failed waiting for node to catch up after master election: Illegal state: Node 4043e04130264237805f012d8e251bd4 not leader. Raft Consensus state: current_term: 57 committed_config { opid_index: -1 OBSOLETE_local: false peers { permanent_uuid: "88e69d68a7914bf48d802a2f2e500b71" member_type: VOTER last_known_addr { host: "127.20.201.62" port: 56252 } } peers { permanent_uuid: "cbc42c7d5db44e00883549e254bdd22e" member_type: VOTER last_known_addr { host: "127.20.201.61" port: 59248 } } peers { permanent_uuid: "4043e04130264237805f012d8e251bd4" member_type: VOTER last_known_addr { host: "127.20.201.60" port: 53788 } } }
W1014 19:25:54.097651 31406 catalog_manager.cc:960] Failed waiting for node to catch up after master election: Illegal state: Node 4043e04130264237805f012d8e251bd4 not leader. Raft Consensus state: current_term: 57 committed_config { opid_index: -1 OBSOLETE_local: false peers { permanent_uuid: "88e69d68a7914bf48d802a2f2e500b71" member_type: VOTER last_known_addr { host: "127.20.201.62" port: 56252 } } peers { permanent_uuid: "cbc42c7d5db44e00883549e254bdd22e" member_type: VOTER last_known_addr { host: "127.20.201.61" port: 59248 } } peers { permanent_uuid: "4043e04130264237805f012d8e251bd4" member_type: VOTER last_known_addr { host: "127.20.201.60" port: 53788 } } }
I1014 19:25:54.097851 32413 raft_consensus.cc:457] T 00000000000000000000000000000000 P 88e69d68a7914bf48d802a2f2e500b71 [term 57 FOLLOWER]: Starting leader election (no leader contacted us within the election timeout)
W1014 19:25:54.097954 31406 catalog_manager.cc:960] Failed waiting for node to catch up after master election: Illegal state: Node 4043e04130264237805f012d8e251bd4 not leader. Raft Consensus state: current_term: 57 committed_config { opid_index: -1 OBSOLETE_local: false peers { permanent_uuid: "88e69d68a7914bf48d802a2f2e500b71" member_type: VOTER last_known_addr { host: "127.20.201.62" port: 56252 } } peers { permanent_uuid: "cbc42c7d5db44e00883549e254bdd22e" member_type: VOTER last_known_addr { host: "127.20.201.61" port: 59248 } } peers { permanent_uuid: "4043e04130264237805f012d8e251bd4" member_type: VOTER last_known_addr { host: "127.20.201.60" port: 53788 } } }
I1014 19:25:54.097955 32413 raft_consensus.cc:2743] T 00000000000000000000000000000000 P 88e69d68a7914bf48d802a2f2e500b71: Snoozing failure detection for 0.127s (starting election)
I1014 19:25:54.098034 32413 raft_consensus.cc:2795] T 00000000000000000000000000000000 P 88e69d68a7914bf48d802a2f2e500b71 [term 57 FOLLOWER]: Advancing to term 58
W1014 19:25:54.098256 31406 catalog_manager.cc:960] Failed waiting for node to catch up after master election: Illegal state: Node 4043e04130264237805f012d8e251bd4 not leader. Raft Consensus state: current_term: 57 committed_config { opid_index: -1 OBSOLETE_local: false peers { permanent_uuid: "88e69d68a7914bf48d802a2f2e500b71" member_type: VOTER last_known_addr { host: "127.20.201.62" port: 56252 } } peers { permanent_uuid: "cbc42c7d5db44e00883549e254bdd22e" member_type: VOTER last_known_addr { host: "127.20.201.61" port: 59248 } } peers { permanent_uuid: "4043e04130264237805f012d8e251bd4" member_type: VOTER last_known_addr { host: "127.20.201.60" port: 53788 } } }
W1014 19:25:54.098618 31406 catalog_manager.cc:960] Failed waiting for node to catch up after master election: Illegal state: Node 4043e04130264237805f012d8e251bd4 not leader. Raft Consensus state: current_term: 57 committed_config { opid_index: -1 OBSOLETE_local: false peers { permanent_uuid: "88e69d68a7914bf48d802a2f2e500b71" member_type: VOTER last_known_addr { host: "127.20.201.62" port: 56252 } } peers { permanent_uuid: "cbc42c7d5db44e00883549e254bdd22e" member_type: VOTER last_known_addr { host: "127.20.201.61" port: 59248 } } peers { permanent_uuid: "4043e04130264237805f012d8e251bd4" member_type: VOTER last_known_addr { host: "127.20.201.60" port: 53788 } } }
W1014 19:25:54.099056 31406 catalog_manager.cc:960] Failed waiting for node to catch up after master election: Illegal state: Node 4043e04130264237805f012d8e251bd4 not leader. Raft Consensus state: current_term: 57 committed_config { opid_index: -1 OBSOLETE_local: false peers { permanent_uuid: "88e69d68a7914bf48d802a2f2e500b71" member_type: VOTER last_known_addr { host: "127.20.201.62" port: 56252 } } peers { permanent_uuid: "cbc42c7d5db44e00883549e254bdd22e" member_type: VOTER last_known_addr { host: "127.20.201.61" port: 59248 } } peers { permanent_uuid: "4043e04130264237805f012d8e251bd4" member_type: VOTER last_known_addr { host: "127.20.201.60" port: 53788 } } }
W1014 19:25:54.099347 31406 catalog_manager.cc:960] Failed waiting for node to catch up after master election: Illegal state: Node 4043e04130264237805f012d8e251bd4 not leader. Raft Consensus state: current_term: 57 committed_config { opid_index: -1 OBSOLETE_local: false peers { permanent_uuid: "88e69d68a7914bf48d802a2f2e500b71" member_type: VOTER last_known_addr { host: "127.20.201.62" port: 56252 } } peers { permanent_uuid: "cbc42c7d5db44e00883549e254bdd22e" member_type: VOTER last_known_addr { host: "127.20.201.61" port: 59248 } } peers { permanent_uuid: "4043e04130264237805f012d8e251bd4" member_type: VOTER last_known_addr { host: "127.20.201.60" port: 53788 } } }
W1014 19:25:54.099603 31406 catalog_manager.cc:960] Failed waiting for node to catch up after master election: Illegal state: Node 4043e04130264237805f012d8e251bd4 not leader. Raft Consensus state: current_term: 57 committed_config { opid_index: -1 OBSOLETE_local: false peers { permanent_uuid: "88e69d68a7914bf48d802a2f2e500b71" member_type: VOTER last_known_addr { host: "127.20.201.62" port: 56252 } } peers { permanent_uuid: "cbc42c7d5db44e00883549e254bdd22e" member_type: VOTER last_known_addr { host: "127.20.201.61" port: 59248 } } peers { permanent_uuid: "4043e04130264237805f012d8e251bd4" member_type: VOTER last_known_addr { host: "127.20.201.60" port: 53788 } } }
W1014 19:25:54.099885 31406 catalog_manager.cc:960] Failed waiting for node to catch up after master election: Illegal state: Node 4043e04130264237805f012d8e251bd4 not leader. Raft Consensus state: current_term: 57 committed_config { opid_index: -1 OBSOLETE_local: false peers { permanent_uuid: "88e69d68a7914bf48d802a2f2e500b71" member_type: VOTER last_known_addr { host: "127.20.201.62" port: 56252 } } peers { permanent_uuid: "cbc42c7d5db44e00883549e254bdd22e" member_type: VOTER last_known_addr { host: "127.20.201.61" port: 59248 } } peers { permanent_uuid: "4043e04130264237805f012d8e251bd4" member_type: VOTER last_known_addr { host: "127.20.201.60" port: 53788 } } }
W1014 19:25:54.100127 31406 catalog_manager.cc:960] Failed waiting for node to catch up after master election: Illegal state: Node 4043e04130264237805f012d8e251bd4 not leader. Raft Consensus state: current_term: 57 committed_config { opid_index: -1 OBSOLETE_local: false peers { permanent_uuid: "88e69d68a7914bf48d802a2f2e500b71" member_type: VOTER last_known_addr { host: "127.20.201.62" port: 56252 } } peers { permanent_uuid: "cbc42c7d5db44e00883549e254bdd22e" member_type: VOTER last_known_addr { host: "127.20.201.61" port: 59248 } } peers { permanent_uuid: "4043e04130264237805f012d8e251bd4" member_type: VOTER last_known_addr { host: "127.20.201.60" port: 53788 } } }
I1014 19:25:54.100273 32413 raft_consensus.cc:479] T 00000000000000000000000000000000 P 88e69d68a7914bf48d802a2f2e500b71 [term 58 FOLLOWER]: Starting leader election with config: opid_index: -1 OBSOLETE_local: false peers { permanent_uuid: "88e69d68a7914bf48d802a2f2e500b71" member_type: VOTER last_known_addr { host: "127.20.201.62" port: 56252 } } peers { permanent_uuid: "cbc42c7d5db44e00883549e254bdd22e" member_type: VOTER last_known_addr { host: "127.20.201.61" port: 59248 } } peers { permanent_uuid: "4043e04130264237805f012d8e251bd4" member_type: VOTER last_known_addr { host: "127.20.201.60" port: 53788 } }
I1014 19:25:54.100792 32413 leader_election.cc:251] T 00000000000000000000000000000000 P 88e69d68a7914bf48d802a2f2e500b71 [CANDIDATE]: Term 58 election: Requesting vote from peer cbc42c7d5db44e00883549e254bdd22e (127.20.201.61:59248)
I1014 19:25:54.100980 32413 leader_election.cc:251] T 00000000000000000000000000000000 P 88e69d68a7914bf48d802a2f2e500b71 [CANDIDATE]: Term 58 election: Requesting vote from peer 4043e04130264237805f012d8e251bd4 (127.20.201.60:53788)
I1014 19:25:54.102061 28825 tablet_service.cc:995] Received RequestConsensusVote() RPC: tablet_id: "00000000000000000000000000000000" candidate_uuid: "88e69d68a7914bf48d802a2f2e500b71" candidate_term: 58 candidate_status { last_received { term: 56 index: 38 } } ignore_live_leader: false dest_uuid: "cbc42c7d5db44e00883549e254bdd22e"
I1014 19:25:54.102291 28825 raft_consensus.cc:2216] T 00000000000000000000000000000000 P cbc42c7d5db44e00883549e254bdd22e [term 57 LEADER]: Leader election vote request: Denying vote to candidate 88e69d68a7914bf48d802a2f2e500b71 for term 58 because replica is either leader or believes a valid leader to be alive.
I1014 19:25:54.102854 28600 leader_election.cc:401] T 00000000000000000000000000000000 P 88e69d68a7914bf48d802a2f2e500b71 [CANDIDATE]: Term 58 election: Vote denied by peer cbc42c7d5db44e00883549e254bdd22e (127.20.201.61:59248). Message: Invalid argument: T 00000000000000000000000000000000 P cbc42c7d5db44e00883549e254bdd22e [term 57 LEADER]: Leader election vote request: Denying vote to candidate 88e69d68a7914bf48d802a2f2e500b71 for term 58 because replica is either leader or believes a valid leader to be alive.
I1014 19:25:54.103288 29010 tablet_service.cc:995] Received RequestConsensusVote() RPC: tablet_id: "00000000000000000000000000000000" candidate_uuid: "88e69d68a7914bf48d802a2f2e500b71" candidate_term: 58 candidate_status { last_received { term: 56 index: 38 } } ignore_live_leader: false dest_uuid: "4043e04130264237805f012d8e251bd4"
I1014 19:25:54.103435 29010 raft_consensus.cc:2795] T 00000000000000000000000000000000 P 4043e04130264237805f012d8e251bd4 [term 57 FOLLOWER]: Advancing to term 58
I1014 19:25:54.103555 29010 raft_consensus.cc:2743] T 00000000000000000000000000000000 P 4043e04130264237805f012d8e251bd4: Snoozing failure detection for 0.110s (vote granted)
I1014 19:25:54.105918 29010 raft_consensus.cc:2255] T 00000000000000000000000000000000 P 4043e04130264237805f012d8e251bd4 [term 58 FOLLOWER]: Leader election vote request: Granting yes vote for candidate 88e69d68a7914bf48d802a2f2e500b71 in term 58.
I1014 19:25:54.106261 28594 leader_election.cc:387] T 00000000000000000000000000000000 P 88e69d68a7914bf48d802a2f2e500b71 [CANDIDATE]: Term 58 election: Vote granted by peer 4043e04130264237805f012d8e251bd4 (127.20.201.60:53788)
I1014 19:25:54.106320 28594 leader_election.cc:278] T 00000000000000000000000000000000 P 88e69d68a7914bf48d802a2f2e500b71 [CANDIDATE]: Term 58 election: Election decided. Result: candidate won.
I1014 19:25:54.106709 32413 raft_consensus.cc:2743] T 00000000000000000000000000000000 P 88e69d68a7914bf48d802a2f2e500b71: Snoozing failure detection for 0.151s (election complete)
I1014 19:25:54.106796 32413 raft_consensus.cc:2549] T 00000000000000000000000000000000 P 88e69d68a7914bf48d802a2f2e500b71 [term 58 FOLLOWER]: Leader election won for term 58
I1014 19:25:54.106966 32413 raft_consensus.cc:595] T 00000000000000000000000000000000 P 88e69d68a7914bf48d802a2f2e500b71 [term 58 LEADER]: Becoming Leader. State: Replica: 88e69d68a7914bf48d802a2f2e500b71, State: Running, Role: LEADER
I1014 19:25:54.107178 32413 consensus_queue.cc:205] T 00000000000000000000000000000000 P 88e69d68a7914bf48d802a2f2e500b71 [LEADER]: Queue going to LEADER mode. State: All replicated index: 0, Majority replicated index: 38, Committed index: 38, Last appended: 56.38, Last appended by leader: 38, Current term: 58, Majority size: 2, State: 0, Mode: LEADER, active raft config: opid_index: -1 OBSOLETE_local: false peers { permanent_uuid: "88e69d68a7914bf48d802a2f2e500b71" member_type: VOTER last_known_addr { host: "127.20.201.62" port: 56252 } } peers { permanent_uuid: "cbc42c7d5db44e00883549e254bdd22e" member_type: VOTER last_known_addr { host: "127.20.201.61" port: 59248 } } peers { permanent_uuid: "4043e04130264237805f012d8e251bd4" member_type: VOTER last_known_addr { host: "127.20.201.60" port: 53788 } }
I1014 19:25:54.108503 32435 sys_catalog.cc:337] T 00000000000000000000000000000000 P 88e69d68a7914bf48d802a2f2e500b71 [sys.catalog]: SysCatalogTable state changed. Reason: New leader 88e69d68a7914bf48d802a2f2e500b71. Latest consensus state: current_term: 58 leader_uuid: "88e69d68a7914bf48d802a2f2e500b71" committed_config { opid_index: -1 OBSOLETE_local: false peers { permanent_uuid: "88e69d68a7914bf48d802a2f2e500b71" member_type: VOTER last_known_addr { host: "127.20.201.62" port: 56252 } } peers { permanent_uuid: "cbc42c7d5db44e00883549e254bdd22e" member_type: VOTER last_known_addr { host: "127.20.201.61" port: 59248 } } peers { permanent_uuid: "4043e04130264237805f012d8e251bd4" member_type: VOTER last_known_addr { host: "127.20.201.60" port: 53788 } } }
I1014 19:25:54.108718 32435 sys_catalog.cc:340] T 00000000000000000000000000000000 P 88e69d68a7914bf48d802a2f2e500b71 [sys.catalog]: This master's current role is: LEADER
I1014 19:25:54.109278 32444 catalog_manager.cc:1026] Loading table and tablet metadata into memory...
I1014 19:25:54.112088 32444 catalog_manager.cc:1037] Initializing Kudu internal certificate authority...
I1014 19:25:54.175464 28640 raft_consensus.cc:1051] T 00000000000000000000000000000000 P 88e69d68a7914bf48d802a2f2e500b71 [term 58 LEADER]: Rejecting Update request from peer cbc42c7d5db44e00883549e254bdd22e for earlier term 57. Current term is 58. Ops: []
I1014 19:25:54.176105 32443 consensus_queue.cc:974] T 00000000000000000000000000000000 P cbc42c7d5db44e00883549e254bdd22e [LEADER]: Peer responded invalid term: Peer: permanent_uuid: "88e69d68a7914bf48d802a2f2e500b71" member_type: VOTER last_known_addr { host: "127.20.201.62" port: 56252 }, Status: INVALID_TERM, Last received: 0.0, Next index: 39, Last known committed idx: 38, Time since last communication: 0.000s
I1014 19:25:54.176379 32443 consensus_queue.cc:1104] T 00000000000000000000000000000000 P cbc42c7d5db44e00883549e254bdd22e [LEADER]: Peer 88e69d68a7914bf48d802a2f2e500b71 log is divergent from this leader: its last log entry 58.39 is not in this leader's log and it has not received anything from this leader yet. Falling back to committed index 38
I1014 19:25:54.176520 32273 raft_consensus.cc:2790] T 00000000000000000000000000000000 P cbc42c7d5db44e00883549e254bdd22e [term 57 LEADER]: Stepping down as leader of term 57
I1014 19:25:54.176579 32273 raft_consensus.cc:630] T 00000000000000000000000000000000 P cbc42c7d5db44e00883549e254bdd22e [term 57 LEADER]: Becoming Follower/Learner. State: Replica: cbc42c7d5db44e00883549e254bdd22e, State: Running, Role: LEADER
I1014 19:25:54.176771 32273 consensus_queue.cc:228] T 00000000000000000000000000000000 P cbc42c7d5db44e00883549e254bdd22e [NON_LEADER]: Queue going to NON_LEADER mode. State: All replicated index: 0, Majority replicated index: 38, Committed index: 38, Last appended: 57.39, Last appended by leader: 39, Current term: 57, Majority size: -1, State: 0, Mode: NON_LEADER, active raft config: opid_index: -1 OBSOLETE_local: false peers { permanent_uuid: "88e69d68a7914bf48d802a2f2e500b71" member_type: VOTER last_known_addr { host: "127.20.201.62" port: 56252 } } peers { permanent_uuid: "cbc42c7d5db44e00883549e254bdd22e" member_type: VOTER last_known_addr { host: "127.20.201.61" port: 59248 } } peers { permanent_uuid: "4043e04130264237805f012d8e251bd4" member_type: VOTER last_known_addr { host: "127.20.201.60" port: 53788 } }
I1014 19:25:54.176991 32273 consensus_peers.cc:455] T 00000000000000000000000000000000 P cbc42c7d5db44e00883549e254bdd22e -> Peer 4043e04130264237805f012d8e251bd4 (127.20.201.60:53788): Closing peer: 4043e04130264237805f012d8e251bd4
I1014 19:25:54.177050 32273 consensus_peers.cc:455] T 00000000000000000000000000000000 P cbc42c7d5db44e00883549e254bdd22e -> Peer 88e69d68a7914bf48d802a2f2e500b71 (127.20.201.62:56252): Closing peer: 88e69d68a7914bf48d802a2f2e500b71
I1014 19:25:54.177160 32273 raft_consensus.cc:2795] T 00000000000000000000000000000000 P cbc42c7d5db44e00883549e254bdd22e [term 57 FOLLOWER]: Advancing to term 58
I1014 19:25:54.216212 29621 raft_consensus.cc:457] T 00000000000000000000000000000000 P 4043e04130264237805f012d8e251bd4 [term 58 FOLLOWER]: Starting leader election (no leader contacted us within the election timeout)
I1014 19:25:54.216306 29621 raft_consensus.cc:2743] T 00000000000000000000000000000000 P 4043e04130264237805f012d8e251bd4: Snoozing failure detection for 0.144s (starting election)
I1014 19:25:54.216393 29621 raft_consensus.cc:2795] T 00000000000000000000000000000000 P 4043e04130264237805f012d8e251bd4 [term 58 FOLLOWER]: Advancing to term 59
I1014 19:25:54.216703 28825 raft_consensus.cc:1083] T 00000000000000000000000000000000 P cbc42c7d5db44e00883549e254bdd22e [term 58 FOLLOWER]: Refusing update from remote peer 88e69d68a7914bf48d802a2f2e500b71: Log matching property violated. Preceding OpId in replica: term: 57 index: 39. Preceding OpId from leader: term: 58 index: 39. (term mismatch)
I1014 19:25:54.216775 28825 pending_rounds.cc:76] T 00000000000000000000000000000000 P cbc42c7d5db44e00883549e254bdd22e: Aborting all transactions after (but not including) 38
I1014 19:25:54.216814 28825 pending_rounds.cc:97] T 00000000000000000000000000000000 P cbc42c7d5db44e00883549e254bdd22e: Aborting uncommitted NO_OP operation due to leader change: 57.39
I1014 19:25:54.216888 28825 raft_consensus.cc:2632] T 00000000000000000000000000000000 P cbc42c7d5db44e00883549e254bdd22e [term 58 FOLLOWER]: NO_OP replication failed: Aborted: Transaction aborted by new leader
I1014 19:25:54.217490 32435 consensus_queue.cc:963] T 00000000000000000000000000000000 P 88e69d68a7914bf48d802a2f2e500b71 [LEADER]: Connected to new peer: Peer: permanent_uuid: "cbc42c7d5db44e00883549e254bdd22e" member_type: VOTER last_known_addr { host: "127.20.201.61" port: 59248 }, Status: LMP_MISMATCH, Last received: 0.0, Next index: 39, Last known committed idx: 38, Time since last communication: 0.000s
I1014 19:25:54.218277 29621 raft_consensus.cc:479] T 00000000000000000000000000000000 P 4043e04130264237805f012d8e251bd4 [term 59 FOLLOWER]: Starting leader election with config: opid_index: -1 OBSOLETE_local: false peers { permanent_uuid: "88e69d68a7914bf48d802a2f2e500b71" member_type: VOTER last_known_addr { host: "127.20.201.62" port: 56252 } } peers { permanent_uuid: "cbc42c7d5db44e00883549e254bdd22e" member_type: VOTER last_known_addr { host: "127.20.201.61" port: 59248 } } peers { permanent_uuid: "4043e04130264237805f012d8e251bd4" member_type: VOTER last_known_addr { host: "127.20.201.60" port: 53788 } }
I1014 19:25:54.218700 29621 leader_election.cc:251] T 00000000000000000000000000000000 P 4043e04130264237805f012d8e251bd4 [CANDIDATE]: Term 59 election: Requesting vote from peer 88e69d68a7914bf48d802a2f2e500b71 (127.20.201.62:56252)
I1014 19:25:54.218864 29621 leader_election.cc:251] T 00000000000000000000000000000000 P 4043e04130264237805f012d8e251bd4 [CANDIDATE]: Term 59 election: Requesting vote from peer cbc42c7d5db44e00883549e254bdd22e (127.20.201.61:59248)
