I1014 19:25:45.337954 28985 leader_election.cc:401] T 00000000000000000000000000000000 P 4043e04130264237805f012d8e251bd4 [CANDIDATE]: Term 3 election: Vote denied by peer cbc42c7d5db44e00883549e254bdd22e (127.20.201.61:59248). Message: Invalid argument: T 00000000000000000000000000000000 P cbc42c7d5db44e00883549e254bdd22e [term 2 LEADER]: Leader election vote request: Denying vote to candidate 4043e04130264237805f012d8e251bd4 for term 3 because replica is either leader or believes a valid leader to be alive.
I1014 19:25:45.338351 29304 heartbeater.cc:346] Connected to a master server at 127.20.201.60:53788
I1014 19:25:45.338521 29304 heartbeater.cc:426] Registering TS with master...
I1014 19:25:45.339165 29302 heartbeater.cc:475] Master 127.20.201.62:56252 requested a full tablet report, sending...
I1014 19:25:45.339308 29304 heartbeater.cc:475] Master 127.20.201.60:53788 requested a full tablet report, sending...
I1014 19:25:45.339732 29303 heartbeater.cc:475] Master 127.20.201.61:59248 requested a full tablet report, sending...
I1014 19:25:45.340394 29314 sys_catalog.cc:337] T 00000000000000000000000000000000 P 4043e04130264237805f012d8e251bd4 [sys.catalog]: SysCatalogTable state changed. Reason: New leader 4043e04130264237805f012d8e251bd4. Latest consensus state: current_term: 3 leader_uuid: "4043e04130264237805f012d8e251bd4" committed_config { opid_index: -1 OBSOLETE_local: false peers { permanent_uuid: "88e69d68a7914bf48d802a2f2e500b71" member_type: VOTER last_known_addr { host: "127.20.201.62" port: 56252 } } peers { permanent_uuid: "cbc42c7d5db44e00883549e254bdd22e" member_type: VOTER last_known_addr { host: "127.20.201.61" port: 59248 } } peers { permanent_uuid: "4043e04130264237805f012d8e251bd4" member_type: VOTER last_known_addr { host: "127.20.201.60" port: 53788 } } }
I1014 19:25:45.340957 29314 sys_catalog.cc:340] T 00000000000000000000000000000000 P 4043e04130264237805f012d8e251bd4 [sys.catalog]: This master's current role is: LEADER
I1014 19:25:45.341296 28816 ts_manager.cc:98] Registered new tserver with Master: 0e3c7f0d1cb242518cabae35a1c0dabd (127.20.201.1:57994)
I1014 19:25:45.341518 29001 ts_manager.cc:98] Registered new tserver with Master: 0e3c7f0d1cb242518cabae35a1c0dabd (127.20.201.1:57994)
I1014 19:25:45.342022 28630 ts_manager.cc:98] Registered new tserver with Master: 0e3c7f0d1cb242518cabae35a1c0dabd (127.20.201.1:57994)
I1014 19:25:45.347000 29316 catalog_manager.cc:1026] Loading table and tablet metadata into memory...
I1014 19:25:45.350642 21284 external_mini_cluster.cc:535] 1 TS(s) registered with all masters
I1014 19:25:45.352509 29316 catalog_manager.cc:1037] Initializing Kudu internal certificate authority...
W1014 19:25:45.352689 29316 fault_injection.cc:41] FAULT INJECTION ENABLED!
W1014 19:25:45.352751 29316 fault_injection.cc:42] THIS SERVER MAY CRASH!
I1014 19:25:45.419602 28640 raft_consensus.cc:1051] T 00000000000000000000000000000000 P 88e69d68a7914bf48d802a2f2e500b71 [term 3 FOLLOWER]: Rejecting Update request from peer cbc42c7d5db44e00883549e254bdd22e for earlier term 2. Current term is 3. Ops: []
I1014 19:25:45.420331 29290 consensus_queue.cc:974] T 00000000000000000000000000000000 P cbc42c7d5db44e00883549e254bdd22e [LEADER]: Peer responded invalid term: Peer: permanent_uuid: "88e69d68a7914bf48d802a2f2e500b71" member_type: VOTER last_known_addr { host: "127.20.201.62" port: 56252 }, Status: INVALID_TERM, Last received: 0.0, Next index: 2, Last known committed idx: 1, Time since last communication: 0.000s
I1014 19:25:45.420686 29049 raft_consensus.cc:2790] T 00000000000000000000000000000000 P cbc42c7d5db44e00883549e254bdd22e [term 2 LEADER]: Stepping down as leader of term 2
I1014 19:25:45.420744 29049 raft_consensus.cc:630] T 00000000000000000000000000000000 P cbc42c7d5db44e00883549e254bdd22e [term 2 LEADER]: Becoming Follower/Learner. State: Replica: cbc42c7d5db44e00883549e254bdd22e, State: Running, Role: LEADER
I1014 19:25:45.420998 29049 consensus_queue.cc:228] T 00000000000000000000000000000000 P cbc42c7d5db44e00883549e254bdd22e [NON_LEADER]: Queue going to NON_LEADER mode. State: All replicated index: 0, Majority replicated index: 1, Committed index: 1, Last appended: 2.2, Last appended by leader: 2, Current term: 2, Majority size: -1, State: 0, Mode: NON_LEADER, active raft config: opid_index: -1 OBSOLETE_local: false peers { permanent_uuid: "88e69d68a7914bf48d802a2f2e500b71" member_type: VOTER last_known_addr { host: "127.20.201.62" port: 56252 } } peers { permanent_uuid: "cbc42c7d5db44e00883549e254bdd22e" member_type: VOTER last_known_addr { host: "127.20.201.61" port: 59248 } } peers { permanent_uuid: "4043e04130264237805f012d8e251bd4" member_type: VOTER last_known_addr { host: "127.20.201.60" port: 53788 } }
I1014 19:25:45.421164 29049 consensus_peers.cc:455] T 00000000000000000000000000000000 P cbc42c7d5db44e00883549e254bdd22e -> Peer 4043e04130264237805f012d8e251bd4 (127.20.201.60:53788): Closing peer: 4043e04130264237805f012d8e251bd4
I1014 19:25:45.421241 29049 consensus_peers.cc:455] T 00000000000000000000000000000000 P cbc42c7d5db44e00883549e254bdd22e -> Peer 88e69d68a7914bf48d802a2f2e500b71 (127.20.201.62:56252): Closing peer: 88e69d68a7914bf48d802a2f2e500b71
I1014 19:25:45.421401 29049 raft_consensus.cc:2795] T 00000000000000000000000000000000 P cbc42c7d5db44e00883549e254bdd22e [term 2 FOLLOWER]: Advancing to term 3
I1014 19:25:45.428045 28640 raft_consensus.cc:1083] T 00000000000000000000000000000000 P 88e69d68a7914bf48d802a2f2e500b71 [term 3 FOLLOWER]: Refusing update from remote peer 4043e04130264237805f012d8e251bd4: Log matching property violated. Preceding OpId in replica: term: 1 index: 1. Preceding OpId from leader: term: 3 index: 2. (index mismatch)
I1014 19:25:45.428663 29314 consensus_queue.cc:963] T 00000000000000000000000000000000 P 4043e04130264237805f012d8e251bd4 [LEADER]: Connected to new peer: Peer: permanent_uuid: "88e69d68a7914bf48d802a2f2e500b71" member_type: VOTER last_known_addr { host: "127.20.201.62" port: 56252 }, Status: LMP_MISMATCH, Last received: 0.0, Next index: 2, Last known committed idx: 1, Time since last communication: 0.000s
I1014 19:25:45.430248 29177 sys_catalog.cc:337] T 00000000000000000000000000000000 P 88e69d68a7914bf48d802a2f2e500b71 [sys.catalog]: SysCatalogTable state changed. Reason: New leader 4043e04130264237805f012d8e251bd4. Latest consensus state: current_term: 3 leader_uuid: "4043e04130264237805f012d8e251bd4" committed_config { opid_index: -1 OBSOLETE_local: false peers { permanent_uuid: "88e69d68a7914bf48d802a2f2e500b71" member_type: VOTER last_known_addr { host: "127.20.201.62" port: 56252 } } peers { permanent_uuid: "cbc42c7d5db44e00883549e254bdd22e" member_type: VOTER last_known_addr { host: "127.20.201.61" port: 59248 } } peers { permanent_uuid: "4043e04130264237805f012d8e251bd4" member_type: VOTER last_known_addr { host: "127.20.201.60" port: 53788 } } }
I1014 19:25:45.430759 29177 sys_catalog.cc:340] T 00000000000000000000000000000000 P 88e69d68a7914bf48d802a2f2e500b71 [sys.catalog]: This master's current role is: FOLLOWER
I1014 19:25:45.433286 29050 sys_catalog.cc:337] T 00000000000000000000000000000000 P 4043e04130264237805f012d8e251bd4 [sys.catalog]: SysCatalogTable state changed. Reason: Peer health change. Latest consensus state: current_term: 3 leader_uuid: "4043e04130264237805f012d8e251bd4" committed_config { opid_index: -1 OBSOLETE_local: false peers { permanent_uuid: "88e69d68a7914bf48d802a2f2e500b71" member_type: VOTER last_known_addr { host: "127.20.201.62" port: 56252 } } peers { permanent_uuid: "cbc42c7d5db44e00883549e254bdd22e" member_type: VOTER last_known_addr { host: "127.20.201.61" port: 59248 } } peers { permanent_uuid: "4043e04130264237805f012d8e251bd4" member_type: VOTER last_known_addr { host: "127.20.201.60" port: 53788 } } }
I1014 19:25:45.433511 29050 sys_catalog.cc:340] T 00000000000000000000000000000000 P 4043e04130264237805f012d8e251bd4 [sys.catalog]: This master's current role is: LEADER
I1014 19:25:45.433508 29177 sys_catalog.cc:337] T 00000000000000000000000000000000 P 88e69d68a7914bf48d802a2f2e500b71 [sys.catalog]: SysCatalogTable state changed. Reason: Replicated consensus-only round. Latest consensus state: current_term: 3 leader_uuid: "4043e04130264237805f012d8e251bd4" committed_config { opid_index: -1 OBSOLETE_local: false peers { permanent_uuid: "88e69d68a7914bf48d802a2f2e500b71" member_type: VOTER last_known_addr { host: "127.20.201.62" port: 56252 } } peers { permanent_uuid: "cbc42c7d5db44e00883549e254bdd22e" member_type: VOTER last_known_addr { host: "127.20.201.61" port: 59248 } } peers { permanent_uuid: "4043e04130264237805f012d8e251bd4" member_type: VOTER last_known_addr { host: "127.20.201.60" port: 53788 } } }
I1014 19:25:45.433733 29177 sys_catalog.cc:340] T 00000000000000000000000000000000 P 88e69d68a7914bf48d802a2f2e500b71 [sys.catalog]: This master's current role is: FOLLOWER
I1014 19:25:45.434288 28826 raft_consensus.cc:1083] T 00000000000000000000000000000000 P cbc42c7d5db44e00883549e254bdd22e [term 3 FOLLOWER]: Refusing update from remote peer 4043e04130264237805f012d8e251bd4: Log matching property violated. Preceding OpId in replica: term: 2 index: 2. Preceding OpId from leader: term: 3 index: 2. (term mismatch)
I1014 19:25:45.434362 28826 pending_rounds.cc:76] T 00000000000000000000000000000000 P cbc42c7d5db44e00883549e254bdd22e: Aborting all transactions after (but not including) 1
I1014 19:25:45.434406 28826 pending_rounds.cc:97] T 00000000000000000000000000000000 P cbc42c7d5db44e00883549e254bdd22e: Aborting uncommitted NO_OP operation due to leader change: 2.2
I1014 19:25:45.434537 28826 raft_consensus.cc:2632] T 00000000000000000000000000000000 P cbc42c7d5db44e00883549e254bdd22e [term 3 FOLLOWER]: NO_OP replication failed: Aborted: Transaction aborted by new leader
I1014 19:25:45.435642 29050 consensus_queue.cc:963] T 00000000000000000000000000000000 P 4043e04130264237805f012d8e251bd4 [LEADER]: Connected to new peer: Peer: permanent_uuid: "cbc42c7d5db44e00883549e254bdd22e" member_type: VOTER last_known_addr { host: "127.20.201.61" port: 59248 }, Status: LMP_MISMATCH, Last received: 0.0, Next index: 2, Last known committed idx: 1, Time since last communication: 0.001s
I1014 19:25:45.439512 29290 sys_catalog.cc:337] T 00000000000000000000000000000000 P cbc42c7d5db44e00883549e254bdd22e [sys.catalog]: SysCatalogTable state changed. Reason: Replicated consensus-only round. Latest consensus state: current_term: 3 leader_uuid: "4043e04130264237805f012d8e251bd4" committed_config { opid_index: -1 OBSOLETE_local: false peers { permanent_uuid: "88e69d68a7914bf48d802a2f2e500b71" member_type: VOTER last_known_addr { host: "127.20.201.62" port: 56252 } } peers { permanent_uuid: "cbc42c7d5db44e00883549e254bdd22e" member_type: VOTER last_known_addr { host: "127.20.201.61" port: 59248 } } peers { permanent_uuid: "4043e04130264237805f012d8e251bd4" member_type: VOTER last_known_addr { host: "127.20.201.60" port: 53788 } } }
I1014 19:25:45.440008 29290 sys_catalog.cc:340] T 00000000000000000000000000000000 P cbc42c7d5db44e00883549e254bdd22e [sys.catalog]: This master's current role is: FOLLOWER
I1014 19:25:45.439652 29049 sys_catalog.cc:337] T 00000000000000000000000000000000 P cbc42c7d5db44e00883549e254bdd22e [sys.catalog]: SysCatalogTable state changed. Reason: New leader 4043e04130264237805f012d8e251bd4. Latest consensus state: current_term: 3 leader_uuid: "4043e04130264237805f012d8e251bd4" committed_config { opid_index: -1 OBSOLETE_local: false peers { permanent_uuid: "88e69d68a7914bf48d802a2f2e500b71" member_type: VOTER last_known_addr { host: "127.20.201.62" port: 56252 } } peers { permanent_uuid: "cbc42c7d5db44e00883549e254bdd22e" member_type: VOTER last_known_addr { host: "127.20.201.61" port: 59248 } } peers { permanent_uuid: "4043e04130264237805f012d8e251bd4" member_type: VOTER last_known_addr { host: "127.20.201.60" port: 53788 } } }
I1014 19:25:45.440426 29049 sys_catalog.cc:340] T 00000000000000000000000000000000 P cbc42c7d5db44e00883549e254bdd22e [sys.catalog]: This master's current role is: FOLLOWER
I1014 19:25:45.498594 29050 sys_catalog.cc:337] T 00000000000000000000000000000000 P 4043e04130264237805f012d8e251bd4 [sys.catalog]: SysCatalogTable state changed. Reason: Peer health change. Latest consensus state: current_term: 3 leader_uuid: "4043e04130264237805f012d8e251bd4" committed_config { opid_index: -1 OBSOLETE_local: false peers { permanent_uuid: "88e69d68a7914bf48d802a2f2e500b71" member_type: VOTER last_known_addr { host: "127.20.201.62" port: 56252 } } peers { permanent_uuid: "cbc42c7d5db44e00883549e254bdd22e" member_type: VOTER last_known_addr { host: "127.20.201.61" port: 59248 } } peers { permanent_uuid: "4043e04130264237805f012d8e251bd4" member_type: VOTER last_known_addr { host: "127.20.201.60" port: 53788 } } }
I1014 19:25:45.498854 29050 sys_catalog.cc:340] T 00000000000000000000000000000000 P 4043e04130264237805f012d8e251bd4 [sys.catalog]: This master's current role is: LEADER
I1014 19:25:45.508836 29316 catalog_manager.cc:924] Generated new certificate authority record
I1014 19:25:45.510807 29316 catalog_manager.cc:1046] Loading token signing keys...
I1014 19:25:45.528036 29316 catalog_manager.cc:4062] T 00000000000000000000000000000000 P 4043e04130264237805f012d8e251bd4: Generated new TSK 0
I1014 19:25:45.633093 29177 raft_consensus.cc:457] T 00000000000000000000000000000000 P 88e69d68a7914bf48d802a2f2e500b71 [term 3 FOLLOWER]: Starting leader election (detected failure of leader 4043e04130264237805f012d8e251bd4)
I1014 19:25:45.633190 29177 raft_consensus.cc:2743] T 00000000000000000000000000000000 P 88e69d68a7914bf48d802a2f2e500b71: Snoozing failure detection for 0.111s (starting election)
I1014 19:25:45.633262 29177 raft_consensus.cc:2795] T 00000000000000000000000000000000 P 88e69d68a7914bf48d802a2f2e500b71 [term 3 FOLLOWER]: Advancing to term 4
I1014 19:25:45.635354 29177 raft_consensus.cc:479] T 00000000000000000000000000000000 P 88e69d68a7914bf48d802a2f2e500b71 [term 4 FOLLOWER]: Starting leader election with config: opid_index: -1 OBSOLETE_local: false peers { permanent_uuid: "88e69d68a7914bf48d802a2f2e500b71" member_type: VOTER last_known_addr { host: "127.20.201.62" port: 56252 } } peers { permanent_uuid: "cbc42c7d5db44e00883549e254bdd22e" member_type: VOTER last_known_addr { host: "127.20.201.61" port: 59248 } } peers { permanent_uuid: "4043e04130264237805f012d8e251bd4" member_type: VOTER last_known_addr { host: "127.20.201.60" port: 53788 } }
I1014 19:25:45.635885 29177 leader_election.cc:251] T 00000000000000000000000000000000 P 88e69d68a7914bf48d802a2f2e500b71 [CANDIDATE]: Term 4 election: Requesting vote from peer cbc42c7d5db44e00883549e254bdd22e (127.20.201.61:59248)
I1014 19:25:45.636076 29177 leader_election.cc:251] T 00000000000000000000000000000000 P 88e69d68a7914bf48d802a2f2e500b71 [CANDIDATE]: Term 4 election: Requesting vote from peer 4043e04130264237805f012d8e251bd4 (127.20.201.60:53788)
I1014 19:25:45.636443 28826 tablet_service.cc:995] Received RequestConsensusVote() RPC: tablet_id: "00000000000000000000000000000000" candidate_uuid: "88e69d68a7914bf48d802a2f2e500b71" candidate_term: 4 candidate_status { last_received { term: 3 index: 5 } } ignore_live_leader: false dest_uuid: "cbc42c7d5db44e00883549e254bdd22e"
I1014 19:25:45.636669 28826 raft_consensus.cc:2216] T 00000000000000000000000000000000 P cbc42c7d5db44e00883549e254bdd22e [term 3 FOLLOWER]: Leader election vote request: Denying vote to candidate 88e69d68a7914bf48d802a2f2e500b71 for term 4 because replica is either leader or believes a valid leader to be alive.
I1014 19:25:45.636863 29010 tablet_service.cc:995] Received RequestConsensusVote() RPC: tablet_id: "00000000000000000000000000000000" candidate_uuid: "88e69d68a7914bf48d802a2f2e500b71" candidate_term: 4 candidate_status { last_received { term: 3 index: 5 } } ignore_live_leader: false dest_uuid: "4043e04130264237805f012d8e251bd4"
I1014 19:25:45.637110 29010 raft_consensus.cc:2216] T 00000000000000000000000000000000 P 4043e04130264237805f012d8e251bd4 [term 3 LEADER]: Leader election vote request: Denying vote to candidate 88e69d68a7914bf48d802a2f2e500b71 for term 4 because replica is either leader or believes a valid leader to be alive.
I1014 19:25:45.637715 28600 leader_election.cc:401] T 00000000000000000000000000000000 P 88e69d68a7914bf48d802a2f2e500b71 [CANDIDATE]: Term 4 election: Vote denied by peer cbc42c7d5db44e00883549e254bdd22e (127.20.201.61:59248). Message: Invalid argument: T 00000000000000000000000000000000 P cbc42c7d5db44e00883549e254bdd22e [term 3 FOLLOWER]: Leader election vote request: Denying vote to candidate 88e69d68a7914bf48d802a2f2e500b71 for term 4 because replica is either leader or believes a valid leader to be alive.
I1014 19:25:45.637882 28594 leader_election.cc:401] T 00000000000000000000000000000000 P 88e69d68a7914bf48d802a2f2e500b71 [CANDIDATE]: Term 4 election: Vote denied by peer 4043e04130264237805f012d8e251bd4 (127.20.201.60:53788). Message: Invalid argument: T 00000000000000000000000000000000 P 4043e04130264237805f012d8e251bd4 [term 3 LEADER]: Leader election vote request: Denying vote to candidate 88e69d68a7914bf48d802a2f2e500b71 for term 4 because replica is either leader or believes a valid leader to be alive.
I1014 19:25:45.637964 28594 leader_election.cc:278] T 00000000000000000000000000000000 P 88e69d68a7914bf48d802a2f2e500b71 [CANDIDATE]: Term 4 election: Election decided. Result: candidate lost.
I1014 19:25:45.638217 29177 raft_consensus.cc:2743] T 00000000000000000000000000000000 P 88e69d68a7914bf48d802a2f2e500b71: Snoozing failure detection for 0.138s (election complete)
I1014 19:25:45.638288 29177 raft_consensus.cc:2497] T 00000000000000000000000000000000 P 88e69d68a7914bf48d802a2f2e500b71 [term 4 FOLLOWER]: Leader election lost for term 4. Reason: could not achieve majority
I1014 19:25:45.648175 28639 raft_consensus.cc:1051] T 00000000000000000000000000000000 P 88e69d68a7914bf48d802a2f2e500b71 [term 4 FOLLOWER]: Rejecting Update request from peer 4043e04130264237805f012d8e251bd4 for earlier term 3. Current term is 4. Ops: []
I1014 19:25:45.648881 29050 consensus_queue.cc:974] T 00000000000000000000000000000000 P 4043e04130264237805f012d8e251bd4 [LEADER]: Peer responded invalid term: Peer: permanent_uuid: "88e69d68a7914bf48d802a2f2e500b71" member_type: VOTER last_known_addr { host: "127.20.201.62" port: 56252 }, Status: INVALID_TERM, Last received: 3.5, Next index: 6, Last known committed idx: 5, Time since last communication: 0.000s
I1014 19:25:45.649241 29050 raft_consensus.cc:2790] T 00000000000000000000000000000000 P 4043e04130264237805f012d8e251bd4 [term 3 LEADER]: Stepping down as leader of term 3
I1014 19:25:45.649304 29050 raft_consensus.cc:630] T 00000000000000000000000000000000 P 4043e04130264237805f012d8e251bd4 [term 3 LEADER]: Becoming Follower/Learner. State: Replica: 4043e04130264237805f012d8e251bd4, State: Running, Role: LEADER
I1014 19:25:45.649544 29050 consensus_queue.cc:228] T 00000000000000000000000000000000 P 4043e04130264237805f012d8e251bd4 [NON_LEADER]: Queue going to NON_LEADER mode. State: All replicated index: 0, Majority replicated index: 5, Committed index: 5, Last appended: 3.5, Last appended by leader: 5, Current term: 3, Majority size: -1, State: 0, Mode: NON_LEADER, active raft config: opid_index: -1 OBSOLETE_local: false peers { permanent_uuid: "88e69d68a7914bf48d802a2f2e500b71" member_type: VOTER last_known_addr { host: "127.20.201.62" port: 56252 } } peers { permanent_uuid: "cbc42c7d5db44e00883549e254bdd22e" member_type: VOTER last_known_addr { host: "127.20.201.61" port: 59248 } } peers { permanent_uuid: "4043e04130264237805f012d8e251bd4" member_type: VOTER last_known_addr { host: "127.20.201.60" port: 53788 } }
I1014 19:25:45.649760 29050 consensus_peers.cc:455] T 00000000000000000000000000000000 P 4043e04130264237805f012d8e251bd4 -> Peer cbc42c7d5db44e00883549e254bdd22e (127.20.201.61:59248): Closing peer: cbc42c7d5db44e00883549e254bdd22e
I1014 19:25:45.649842 29050 consensus_peers.cc:455] T 00000000000000000000000000000000 P 4043e04130264237805f012d8e251bd4 -> Peer 88e69d68a7914bf48d802a2f2e500b71 (127.20.201.62:56252): Closing peer: 88e69d68a7914bf48d802a2f2e500b71
I1014 19:25:45.650051 29050 raft_consensus.cc:2795] T 00000000000000000000000000000000 P 4043e04130264237805f012d8e251bd4 [term 3 FOLLOWER]: Advancing to term 4
I1014 19:25:45.709151 29049 raft_consensus.cc:457] T 00000000000000000000000000000000 P cbc42c7d5db44e00883549e254bdd22e [term 3 FOLLOWER]: Starting leader election (detected failure of leader 4043e04130264237805f012d8e251bd4)
I1014 19:25:45.709271 29049 raft_consensus.cc:2743] T 00000000000000000000000000000000 P cbc42c7d5db44e00883549e254bdd22e: Snoozing failure detection for 0.144s (starting election)
I1014 19:25:45.709367 29049 raft_consensus.cc:2795] T 00000000000000000000000000000000 P cbc42c7d5db44e00883549e254bdd22e [term 3 FOLLOWER]: Advancing to term 4
I1014 19:25:45.711853 29049 raft_consensus.cc:479] T 00000000000000000000000000000000 P cbc42c7d5db44e00883549e254bdd22e [term 4 FOLLOWER]: Starting leader election with config: opid_index: -1 OBSOLETE_local: false peers { permanent_uuid: "88e69d68a7914bf48d802a2f2e500b71" member_type: VOTER last_known_addr { host: "127.20.201.62" port: 56252 } } peers { permanent_uuid: "cbc42c7d5db44e00883549e254bdd22e" member_type: VOTER last_known_addr { host: "127.20.201.61" port: 59248 } } peers { permanent_uuid: "4043e04130264237805f012d8e251bd4" member_type: VOTER last_known_addr { host: "127.20.201.60" port: 53788 } }
I1014 19:25:45.712385 29049 leader_election.cc:251] T 00000000000000000000000000000000 P cbc42c7d5db44e00883549e254bdd22e [CANDIDATE]: Term 4 election: Requesting vote from peer 88e69d68a7914bf48d802a2f2e500b71 (127.20.201.62:56252)
I1014 19:25:45.713330 28639 tablet_service.cc:995] Received RequestConsensusVote() RPC: tablet_id: "00000000000000000000000000000000" candidate_uuid: "cbc42c7d5db44e00883549e254bdd22e" candidate_term: 4 candidate_status { last_received { term: 3 index: 5 } } ignore_live_leader: false dest_uuid: "88e69d68a7914bf48d802a2f2e500b71"
I1014 19:25:45.713568 28639 raft_consensus.cc:2185] T 00000000000000000000000000000000 P 88e69d68a7914bf48d802a2f2e500b71 [term 4 FOLLOWER]: Leader election vote request: Denying vote to candidate cbc42c7d5db44e00883549e254bdd22e in current term 4: Already voted for candidate 88e69d68a7914bf48d802a2f2e500b71 in this term.
I1014 19:25:45.713987 28786 leader_election.cc:401] T 00000000000000000000000000000000 P cbc42c7d5db44e00883549e254bdd22e [CANDIDATE]: Term 4 election: Vote denied by peer 88e69d68a7914bf48d802a2f2e500b71 (127.20.201.62:56252). Message: Invalid argument: T 00000000000000000000000000000000 P 88e69d68a7914bf48d802a2f2e500b71 [term 4 FOLLOWER]: Leader election vote request: Denying vote to candidate cbc42c7d5db44e00883549e254bdd22e in current term 4: Already voted for candidate 88e69d68a7914bf48d802a2f2e500b71 in this term.
I1014 19:25:45.714138 29049 leader_election.cc:251] T 00000000000000000000000000000000 P cbc42c7d5db44e00883549e254bdd22e [CANDIDATE]: Term 4 election: Requesting vote from peer 4043e04130264237805f012d8e251bd4 (127.20.201.60:53788)
I1014 19:25:45.714826 29010 tablet_service.cc:995] Received RequestConsensusVote() RPC: tablet_id: "00000000000000000000000000000000" candidate_uuid: "cbc42c7d5db44e00883549e254bdd22e" candidate_term: 4 candidate_status { last_received { term: 3 index: 5 } } ignore_live_leader: false dest_uuid: "4043e04130264237805f012d8e251bd4"
I1014 19:25:45.715059 29010 raft_consensus.cc:2743] T 00000000000000000000000000000000 P 4043e04130264237805f012d8e251bd4: Snoozing failure detection for 0.121s (vote granted)
I1014 19:25:45.717873 29010 raft_consensus.cc:2255] T 00000000000000000000000000000000 P 4043e04130264237805f012d8e251bd4 [term 4 FOLLOWER]: Leader election vote request: Granting yes vote for candidate cbc42c7d5db44e00883549e254bdd22e in term 4.
I1014 19:25:45.719463 28780 leader_election.cc:387] T 00000000000000000000000000000000 P cbc42c7d5db44e00883549e254bdd22e [CANDIDATE]: Term 4 election: Vote granted by peer 4043e04130264237805f012d8e251bd4 (127.20.201.60:53788)
I1014 19:25:45.719535 28780 leader_election.cc:278] T 00000000000000000000000000000000 P cbc42c7d5db44e00883549e254bdd22e [CANDIDATE]: Term 4 election: Election decided. Result: candidate won.
I1014 19:25:45.719765 29049 raft_consensus.cc:2743] T 00000000000000000000000000000000 P cbc42c7d5db44e00883549e254bdd22e: Snoozing failure detection for 0.131s (election complete)
I1014 19:25:45.719835 29049 raft_consensus.cc:2549] T 00000000000000000000000000000000 P cbc42c7d5db44e00883549e254bdd22e [term 4 FOLLOWER]: Leader election won for term 4
I1014 19:25:45.719986 29049 raft_consensus.cc:595] T 00000000000000000000000000000000 P cbc42c7d5db44e00883549e254bdd22e [term 4 LEADER]: Becoming Leader. State: Replica: cbc42c7d5db44e00883549e254bdd22e, State: Running, Role: LEADER
I1014 19:25:45.720158 29049 consensus_queue.cc:205] T 00000000000000000000000000000000 P cbc42c7d5db44e00883549e254bdd22e [LEADER]: Queue going to LEADER mode. State: All replicated index: 0, Majority replicated index: 5, Committed index: 5, Last appended: 3.5, Last appended by leader: 5, Current term: 4, Majority size: 2, State: 0, Mode: LEADER, active raft config: opid_index: -1 OBSOLETE_local: false peers { permanent_uuid: "88e69d68a7914bf48d802a2f2e500b71" member_type: VOTER last_known_addr { host: "127.20.201.62" port: 56252 } } peers { permanent_uuid: "cbc42c7d5db44e00883549e254bdd22e" member_type: VOTER last_known_addr { host: "127.20.201.61" port: 59248 } } peers { permanent_uuid: "4043e04130264237805f012d8e251bd4" member_type: VOTER last_known_addr { host: "127.20.201.60" port: 53788 } }
I1014 19:25:45.721055 29290 sys_catalog.cc:337] T 00000000000000000000000000000000 P cbc42c7d5db44e00883549e254bdd22e [sys.catalog]: SysCatalogTable state changed. Reason: New leader cbc42c7d5db44e00883549e254bdd22e. Latest consensus state: current_term: 4 leader_uuid: "cbc42c7d5db44e00883549e254bdd22e" committed_config { opid_index: -1 OBSOLETE_local: false peers { permanent_uuid: "88e69d68a7914bf48d802a2f2e500b71" member_type: VOTER last_known_addr { host: "127.20.201.62" port: 56252 } } peers { permanent_uuid: "cbc42c7d5db44e00883549e254bdd22e" member_type: VOTER last_known_addr { host: "127.20.201.61" port: 59248 } } peers { permanent_uuid: "4043e04130264237805f012d8e251bd4" member_type: VOTER last_known_addr { host: "127.20.201.60" port: 53788 } } }
I1014 19:25:45.721249 29290 sys_catalog.cc:340] T 00000000000000000000000000000000 P cbc42c7d5db44e00883549e254bdd22e [sys.catalog]: This master's current role is: LEADER
I1014 19:25:45.777377 29177 raft_consensus.cc:457] T 00000000000000000000000000000000 P 88e69d68a7914bf48d802a2f2e500b71 [term 4 FOLLOWER]: Starting leader election (no leader contacted us within the election timeout)
I1014 19:25:45.777462 29177 raft_consensus.cc:2743] T 00000000000000000000000000000000 P 88e69d68a7914bf48d802a2f2e500b71: Snoozing failure detection for 0.189s (starting election)
I1014 19:25:45.777559 29177 raft_consensus.cc:2795] T 00000000000000000000000000000000 P 88e69d68a7914bf48d802a2f2e500b71 [term 4 FOLLOWER]: Advancing to term 5
I1014 19:25:45.779836 29177 raft_consensus.cc:479] T 00000000000000000000000000000000 P 88e69d68a7914bf48d802a2f2e500b71 [term 5 FOLLOWER]: Starting leader election with config: opid_index: -1 OBSOLETE_local: false peers { permanent_uuid: "88e69d68a7914bf48d802a2f2e500b71" member_type: VOTER last_known_addr { host: "127.20.201.62" port: 56252 } } peers { permanent_uuid: "cbc42c7d5db44e00883549e254bdd22e" member_type: VOTER last_known_addr { host: "127.20.201.61" port: 59248 } } peers { permanent_uuid: "4043e04130264237805f012d8e251bd4" member_type: VOTER last_known_addr { host: "127.20.201.60" port: 53788 } }
I1014 19:25:45.780408 29177 leader_election.cc:251] T 00000000000000000000000000000000 P 88e69d68a7914bf48d802a2f2e500b71 [CANDIDATE]: Term 5 election: Requesting vote from peer cbc42c7d5db44e00883549e254bdd22e (127.20.201.61:59248)
I1014 19:25:45.780611 29177 leader_election.cc:251] T 00000000000000000000000000000000 P 88e69d68a7914bf48d802a2f2e500b71 [CANDIDATE]: Term 5 election: Requesting vote from peer 4043e04130264237805f012d8e251bd4 (127.20.201.60:53788)
I1014 19:25:45.781239 28826 tablet_service.cc:995] Received RequestConsensusVote() RPC: tablet_id: "00000000000000000000000000000000" candidate_uuid: "88e69d68a7914bf48d802a2f2e500b71" candidate_term: 5 candidate_status { last_received { term: 3 index: 5 } } ignore_live_leader: false dest_uuid: "cbc42c7d5db44e00883549e254bdd22e"
I1014 19:25:45.781446 28826 raft_consensus.cc:2216] T 00000000000000000000000000000000 P cbc42c7d5db44e00883549e254bdd22e [term 4 LEADER]: Leader election vote request: Denying vote to candidate 88e69d68a7914bf48d802a2f2e500b71 for term 5 because replica is either leader or believes a valid leader to be alive.
I1014 19:25:45.781498 29010 tablet_service.cc:995] Received RequestConsensusVote() RPC: tablet_id: "00000000000000000000000000000000" candidate_uuid: "88e69d68a7914bf48d802a2f2e500b71" candidate_term: 5 candidate_status { last_received { term: 3 index: 5 } } ignore_live_leader: false dest_uuid: "4043e04130264237805f012d8e251bd4"
I1014 19:25:45.781672 29010 raft_consensus.cc:2795] T 00000000000000000000000000000000 P 4043e04130264237805f012d8e251bd4 [term 4 FOLLOWER]: Advancing to term 5
I1014 19:25:45.781848 28600 leader_election.cc:401] T 00000000000000000000000000000000 P 88e69d68a7914bf48d802a2f2e500b71 [CANDIDATE]: Term 5 election: Vote denied by peer cbc42c7d5db44e00883549e254bdd22e (127.20.201.61:59248). Message: Invalid argument: T 00000000000000000000000000000000 P cbc42c7d5db44e00883549e254bdd22e [term 4 LEADER]: Leader election vote request: Denying vote to candidate 88e69d68a7914bf48d802a2f2e500b71 for term 5 because replica is either leader or believes a valid leader to be alive.
I1014 19:25:45.789551 29010 raft_consensus.cc:2743] T 00000000000000000000000000000000 P 4043e04130264237805f012d8e251bd4: Snoozing failure detection for 0.146s (vote granted)
I1014 19:25:45.796331 29010 raft_consensus.cc:2255] T 00000000000000000000000000000000 P 4043e04130264237805f012d8e251bd4 [term 5 FOLLOWER]: Leader election vote request: Granting yes vote for candidate 88e69d68a7914bf48d802a2f2e500b71 in term 5.
I1014 19:25:45.797835 28594 leader_election.cc:387] T 00000000000000000000000000000000 P 88e69d68a7914bf48d802a2f2e500b71 [CANDIDATE]: Term 5 election: Vote granted by peer 4043e04130264237805f012d8e251bd4 (127.20.201.60:53788)
I1014 19:25:45.797931 28594 leader_election.cc:278] T 00000000000000000000000000000000 P 88e69d68a7914bf48d802a2f2e500b71 [CANDIDATE]: Term 5 election: Election decided. Result: candidate won.
I1014 19:25:45.798204 29177 raft_consensus.cc:2743] T 00000000000000000000000000000000 P 88e69d68a7914bf48d802a2f2e500b71: Snoozing failure detection for 0.210s (election complete)
I1014 19:25:45.798280 29177 raft_consensus.cc:2549] T 00000000000000000000000000000000 P 88e69d68a7914bf48d802a2f2e500b71 [term 5 FOLLOWER]: Leader election won for term 5
I1014 19:25:45.798712 29177 raft_consensus.cc:595] T 00000000000000000000000000000000 P 88e69d68a7914bf48d802a2f2e500b71 [term 5 LEADER]: Becoming Leader. State: Replica: 88e69d68a7914bf48d802a2f2e500b71, State: Running, Role: LEADER
I1014 19:25:45.798977 29177 consensus_queue.cc:205] T 00000000000000000000000000000000 P 88e69d68a7914bf48d802a2f2e500b71 [LEADER]: Queue going to LEADER mode. State: All replicated index: 0, Majority replicated index: 5, Committed index: 5, Last appended: 3.5, Last appended by leader: 5, Current term: 5, Majority size: 2, State: 0, Mode: LEADER, active raft config: opid_index: -1 OBSOLETE_local: false peers { permanent_uuid: "88e69d68a7914bf48d802a2f2e500b71" member_type: VOTER last_known_addr { host: "127.20.201.62" port: 56252 } } peers { permanent_uuid: "cbc42c7d5db44e00883549e254bdd22e" member_type: VOTER last_known_addr { host: "127.20.201.61" port: 59248 } } peers { permanent_uuid: "4043e04130264237805f012d8e251bd4" member_type: VOTER last_known_addr { host: "127.20.201.60" port: 53788 } }
I1014 19:25:45.800091 29494 sys_catalog.cc:337] T 00000000000000000000000000000000 P 88e69d68a7914bf48d802a2f2e500b71 [sys.catalog]: SysCatalogTable state changed. Reason: New leader 88e69d68a7914bf48d802a2f2e500b71. Latest consensus state: current_term: 5 leader_uuid: "88e69d68a7914bf48d802a2f2e500b71" committed_config { opid_index: -1 OBSOLETE_local: false peers { permanent_uuid: "88e69d68a7914bf48d802a2f2e500b71" member_type: VOTER last_known_addr { host: "127.20.201.62" port: 56252 } } peers { permanent_uuid: "cbc42c7d5db44e00883549e254bdd22e" member_type: VOTER last_known_addr { host: "127.20.201.61" port: 59248 } } peers { permanent_uuid: "4043e04130264237805f012d8e251bd4" member_type: VOTER last_known_addr { host: "127.20.201.60" port: 53788 } } }
I1014 19:25:45.800410 29494 sys_catalog.cc:340] T 00000000000000000000000000000000 P 88e69d68a7914bf48d802a2f2e500b71 [sys.catalog]: This master's current role is: LEADER
I1014 19:25:45.833184 28639 raft_consensus.cc:1051] T 00000000000000000000000000000000 P 88e69d68a7914bf48d802a2f2e500b71 [term 5 LEADER]: Rejecting Update request from peer cbc42c7d5db44e00883549e254bdd22e for earlier term 4. Current term is 5. Ops: []
I1014 19:25:45.833732 29049 consensus_queue.cc:974] T 00000000000000000000000000000000 P cbc42c7d5db44e00883549e254bdd22e [LEADER]: Peer responded invalid term: Peer: permanent_uuid: "88e69d68a7914bf48d802a2f2e500b71" member_type: VOTER last_known_addr { host: "127.20.201.62" port: 56252 }, Status: INVALID_TERM, Last received: 0.0, Next index: 6, Last known committed idx: 5, Time since last communication: 0.000s
I1014 19:25:45.833938 29049 consensus_queue.cc:1104] T 00000000000000000000000000000000 P cbc42c7d5db44e00883549e254bdd22e [LEADER]: Peer 88e69d68a7914bf48d802a2f2e500b71 log is divergent from this leader: its last log entry 5.6 is not in this leader's log and it has not received anything from this leader yet. Falling back to committed index 5
I1014 19:25:45.834039 29049 raft_consensus.cc:2790] T 00000000000000000000000000000000 P cbc42c7d5db44e00883549e254bdd22e [term 4 LEADER]: Stepping down as leader of term 4
I1014 19:25:45.834084 29049 raft_consensus.cc:630] T 00000000000000000000000000000000 P cbc42c7d5db44e00883549e254bdd22e [term 4 LEADER]: Becoming Follower/Learner. State: Replica: cbc42c7d5db44e00883549e254bdd22e, State: Running, Role: LEADER
I1014 19:25:45.834261 29049 consensus_queue.cc:228] T 00000000000000000000000000000000 P cbc42c7d5db44e00883549e254bdd22e [NON_LEADER]: Queue going to NON_LEADER mode. State: All replicated index: 0, Majority replicated index: 5, Committed index: 5, Last appended: 4.6, Last appended by leader: 6, Current term: 4, Majority size: -1, State: 0, Mode: NON_LEADER, active raft config: opid_index: -1 OBSOLETE_local: false peers { permanent_uuid: "88e69d68a7914bf48d802a2f2e500b71" member_type: VOTER last_known_addr { host: "127.20.201.62" port: 56252 } } peers { permanent_uuid: "cbc42c7d5db44e00883549e254bdd22e" member_type: VOTER last_known_addr { host: "127.20.201.61" port: 59248 } } peers { permanent_uuid: "4043e04130264237805f012d8e251bd4" member_type: VOTER last_known_addr { host: "127.20.201.60" port: 53788 } }
I1014 19:25:45.834450 29049 consensus_peers.cc:455] T 00000000000000000000000000000000 P cbc42c7d5db44e00883549e254bdd22e -> Peer 4043e04130264237805f012d8e251bd4 (127.20.201.60:53788): Closing peer: 4043e04130264237805f012d8e251bd4
I1014 19:25:45.834529 29049 consensus_peers.cc:455] T 00000000000000000000000000000000 P cbc42c7d5db44e00883549e254bdd22e -> Peer 88e69d68a7914bf48d802a2f2e500b71 (127.20.201.62:56252): Closing peer: 88e69d68a7914bf48d802a2f2e500b71
I1014 19:25:45.834641 29049 raft_consensus.cc:2795] T 00000000000000000000000000000000 P cbc42c7d5db44e00883549e254bdd22e [term 4 FOLLOWER]: Advancing to term 5
I1014 19:25:45.849493 29051 catalog_manager.cc:1082] T 00000000000000000000000000000000 P cbc42c7d5db44e00883549e254bdd22e: acquiring CA information for follower catalog manager: success
I1014 19:25:45.854030 29051 catalog_manager.cc:1110] T 00000000000000000000000000000000 P cbc42c7d5db44e00883549e254bdd22e: importing token verification keys for follower catalog manager: success; most recent TSK sequence number 0
I1014 19:25:45.854305 29298 catalog_manager.cc:1026] Loading table and tablet metadata into memory...
I1014 19:25:45.856875 29298 catalog_manager.cc:1037] Initializing Kudu internal certificate authority...
I1014 19:25:45.884661 28826 raft_consensus.cc:1083] T 00000000000000000000000000000000 P cbc42c7d5db44e00883549e254bdd22e [term 5 FOLLOWER]: Refusing update from remote peer 88e69d68a7914bf48d802a2f2e500b71: Log matching property violated. Preceding OpId in replica: term: 4 index: 6. Preceding OpId from leader: term: 5 index: 6. (term mismatch)
I1014 19:25:45.884768 28826 pending_rounds.cc:76] T 00000000000000000000000000000000 P cbc42c7d5db44e00883549e254bdd22e: Aborting all transactions after (but not including) 5
I1014 19:25:45.884836 28826 pending_rounds.cc:97] T 00000000000000000000000000000000 P cbc42c7d5db44e00883549e254bdd22e: Aborting uncommitted NO_OP operation due to leader change: 4.6
I1014 19:25:45.884928 28826 raft_consensus.cc:2632] T 00000000000000000000000000000000 P cbc42c7d5db44e00883549e254bdd22e [term 5 FOLLOWER]: NO_OP replication failed: Aborted: Transaction aborted by new leader
I1014 19:25:45.885562 29494 consensus_queue.cc:963] T 00000000000000000000000000000000 P 88e69d68a7914bf48d802a2f2e500b71 [LEADER]: Connected to new peer: Peer: permanent_uuid: "cbc42c7d5db44e00883549e254bdd22e" member_type: VOTER last_known_addr { host: "127.20.201.61" port: 59248 }, Status: LMP_MISMATCH, Last received: 0.0, Next index: 6, Last known committed idx: 5, Time since last communication: 0.000s
I1014 19:25:45.886914 29290 sys_catalog.cc:337] T 00000000000000000000000000000000 P cbc42c7d5db44e00883549e254bdd22e [sys.catalog]: SysCatalogTable state changed. Reason: New leader 88e69d68a7914bf48d802a2f2e500b71. Latest consensus state: current_term: 5 leader_uuid: "88e69d68a7914bf48d802a2f2e500b71" committed_config { opid_index: -1 OBSOLETE_local: false peers { permanent_uuid: "88e69d68a7914bf48d802a2f2e500b71" member_type: VOTER last_known_addr { host: "127.20.201.62" port: 56252 } } peers { permanent_uuid: "cbc42c7d5db44e00883549e254bdd22e" member_type: VOTER last_known_addr { host: "127.20.201.61" port: 59248 } } peers { permanent_uuid: "4043e04130264237805f012d8e251bd4" member_type: VOTER last_known_addr { host: "127.20.201.60" port: 53788 } } }
I1014 19:25:45.887228 29290 sys_catalog.cc:340] T 00000000000000000000000000000000 P cbc42c7d5db44e00883549e254bdd22e [sys.catalog]: This master's current role is: FOLLOWER
I1014 19:25:45.888161 29177 sys_catalog.cc:337] T 00000000000000000000000000000000 P 88e69d68a7914bf48d802a2f2e500b71 [sys.catalog]: SysCatalogTable state changed. Reason: Peer health change. Latest consensus state: current_term: 5 leader_uuid: "88e69d68a7914bf48d802a2f2e500b71" committed_config { opid_index: -1 OBSOLETE_local: false peers { permanent_uuid: "88e69d68a7914bf48d802a2f2e500b71" member_type: VOTER last_known_addr { host: "127.20.201.62" port: 56252 } } peers { permanent_uuid: "cbc42c7d5db44e00883549e254bdd22e" member_type: VOTER last_known_addr { host: "127.20.201.61" port: 59248 } } peers { permanent_uuid: "4043e04130264237805f012d8e251bd4" member_type: VOTER last_known_addr { host: "127.20.201.60" port: 53788 } } }
I1014 19:25:45.888373 29177 sys_catalog.cc:340] T 00000000000000000000000000000000 P 88e69d68a7914bf48d802a2f2e500b71 [sys.catalog]: This master's current role is: LEADER
I1014 19:25:45.888836 29010 raft_consensus.cc:1083] T 00000000000000000000000000000000 P 4043e04130264237805f012d8e251bd4 [term 5 FOLLOWER]: Refusing update from remote peer 88e69d68a7914bf48d802a2f2e500b71: Log matching property violated. Preceding OpId in replica: term: 3 index: 5. Preceding OpId from leader: term: 5 index: 6. (index mismatch)
I1014 19:25:45.889382 29177 consensus_queue.cc:963] T 00000000000000000000000000000000 P 88e69d68a7914bf48d802a2f2e500b71 [LEADER]: Connected to new peer: Peer: permanent_uuid: "4043e04130264237805f012d8e251bd4" member_type: VOTER last_known_addr { host: "127.20.201.60" port: 53788 }, Status: LMP_MISMATCH, Last received: 0.0, Next index: 6, Last known committed idx: 5, Time since last communication: 0.000s
I1014 19:25:45.890100 29290 sys_catalog.cc:337] T 00000000000000000000000000000000 P cbc42c7d5db44e00883549e254bdd22e [sys.catalog]: SysCatalogTable state changed. Reason: Replicated consensus-only round. Latest consensus state: current_term: 5 leader_uuid: "88e69d68a7914bf48d802a2f2e500b71" committed_config { opid_index: -1 OBSOLETE_local: false peers { permanent_uuid: "88e69d68a7914bf48d802a2f2e500b71" member_type: VOTER last_known_addr { host: "127.20.201.62" port: 56252 } } peers { permanent_uuid: "cbc42c7d5db44e00883549e254bdd22e" member_type: VOTER last_known_addr { host: "127.20.201.61" port: 59248 } } peers { permanent_uuid: "4043e04130264237805f012d8e251bd4" member_type: VOTER last_known_addr { host: "127.20.201.60" port: 53788 } } }
I1014 19:25:45.890352 29290 sys_catalog.cc:340] T 00000000000000000000000000000000 P cbc42c7d5db44e00883549e254bdd22e [sys.catalog]: This master's current role is: FOLLOWER
I1014 19:25:45.891216 29050 sys_catalog.cc:337] T 00000000000000000000000000000000 P 4043e04130264237805f012d8e251bd4 [sys.catalog]: SysCatalogTable state changed. Reason: New leader 88e69d68a7914bf48d802a2f2e500b71. Latest consensus state: current_term: 5 leader_uuid: "88e69d68a7914bf48d802a2f2e500b71" committed_config { opid_index: -1 OBSOLETE_local: false peers { permanent_uuid: "88e69d68a7914bf48d802a2f2e500b71" member_type: VOTER last_known_addr { host: "127.20.201.62" port: 56252 } } peers { permanent_uuid: "cbc42c7d5db44e00883549e254bdd22e" member_type: VOTER last_known_addr { host: "127.20.201.61" port: 59248 } } peers { permanent_uuid: "4043e04130264237805f012d8e251bd4" member_type: VOTER last_known_addr { host: "127.20.201.60" port: 53788 } } }
I1014 19:25:45.891686 29372 sys_catalog.cc:337] T 00000000000000000000000000000000 P 4043e04130264237805f012d8e251bd4 [sys.catalog]: SysCatalogTable state changed. Reason: Replicated consensus-only round. Latest consensus state: current_term: 5 leader_uuid: "88e69d68a7914bf48d802a2f2e500b71" committed_config { opid_index: -1 OBSOLETE_local: false peers { permanent_uuid: "88e69d68a7914bf48d802a2f2e500b71" member_type: VOTER last_known_addr { host: "127.20.201.62" port: 56252 } } peers { permanent_uuid: "cbc42c7d5db44e00883549e254bdd22e" member_type: VOTER last_known_addr { host: "127.20.201.61" port: 59248 } } peers { permanent_uuid: "4043e04130264237805f012d8e251bd4" member_type: VOTER last_known_addr { host: "127.20.201.60" port: 53788 } } }
I1014 19:25:45.892307 29372 sys_catalog.cc:340] T 00000000000000000000000000000000 P 4043e04130264237805f012d8e251bd4 [sys.catalog]: This master's current role is: FOLLOWER
I1014 19:25:45.892401 29050 sys_catalog.cc:340] T 00000000000000000000000000000000 P 4043e04130264237805f012d8e251bd4 [sys.catalog]: This master's current role is: FOLLOWER
I1014 19:25:45.991700 29050 raft_consensus.cc:457] T 00000000000000000000000000000000 P 4043e04130264237805f012d8e251bd4 [term 5 FOLLOWER]: Starting leader election (detected failure of leader 88e69d68a7914bf48d802a2f2e500b71)
I1014 19:25:45.991798 29050 raft_consensus.cc:2743] T 00000000000000000000000000000000 P 4043e04130264237805f012d8e251bd4: Snoozing failure detection for 0.105s (starting election)
I1014 19:25:45.992043 29050 raft_consensus.cc:2795] T 00000000000000000000000000000000 P 4043e04130264237805f012d8e251bd4 [term 5 FOLLOWER]: Advancing to term 6
I1014 19:25:45.992640 29054 catalog_manager.cc:1110] T 00000000000000000000000000000000 P 4043e04130264237805f012d8e251bd4: importing token verification keys for follower catalog manager: success; most recent TSK sequence number 0
I1014 19:25:45.994310 29050 raft_consensus.cc:479] T 00000000000000000000000000000000 P 4043e04130264237805f012d8e251bd4 [term 6 FOLLOWER]: Starting leader election with config: opid_index: -1 OBSOLETE_local: false peers { permanent_uuid: "88e69d68a7914bf48d802a2f2e500b71" member_type: VOTER last_known_addr { host: "127.20.201.62" port: 56252 } } peers { permanent_uuid: "cbc42c7d5db44e00883549e254bdd22e" member_type: VOTER last_known_addr { host: "127.20.201.61" port: 59248 } } peers { permanent_uuid: "4043e04130264237805f012d8e251bd4" member_type: VOTER last_known_addr { host: "127.20.201.60" port: 53788 } }
I1014 19:25:45.994804 29050 leader_election.cc:251] T 00000000000000000000000000000000 P 4043e04130264237805f012d8e251bd4 [CANDIDATE]: Term 6 election: Requesting vote from peer 88e69d68a7914bf48d802a2f2e500b71 (127.20.201.62:56252)
I1014 19:25:45.995364 28639 tablet_service.cc:995] Received RequestConsensusVote() RPC: tablet_id: "00000000000000000000000000000000" candidate_uuid: "4043e04130264237805f012d8e251bd4" candidate_term: 6 candidate_status { last_received { term: 5 index: 6 } } ignore_live_leader: false dest_uuid: "88e69d68a7914bf48d802a2f2e500b71"
I1014 19:25:45.995553 28639 raft_consensus.cc:2216] T 00000000000000000000000000000000 P 88e69d68a7914bf48d802a2f2e500b71 [term 5 LEADER]: Leader election vote request: Denying vote to candidate 4043e04130264237805f012d8e251bd4 for term 6 because replica is either leader or believes a valid leader to be alive.
I1014 19:25:45.996002 28985 leader_election.cc:401] T 00000000000000000000000000000000 P 4043e04130264237805f012d8e251bd4 [CANDIDATE]: Term 6 election: Vote denied by peer 88e69d68a7914bf48d802a2f2e500b71 (127.20.201.62:56252). Message: Invalid argument: T 00000000000000000000000000000000 P 88e69d68a7914bf48d802a2f2e500b71 [term 5 LEADER]: Leader election vote request: Denying vote to candidate 4043e04130264237805f012d8e251bd4 for term 6 because replica is either leader or believes a valid leader to be alive.
I1014 19:25:45.996191 29050 leader_election.cc:251] T 00000000000000000000000000000000 P 4043e04130264237805f012d8e251bd4 [CANDIDATE]: Term 6 election: Requesting vote from peer cbc42c7d5db44e00883549e254bdd22e (127.20.201.61:59248)
I1014 19:25:45.997485 28826 tablet_service.cc:995] Received RequestConsensusVote() RPC: tablet_id: "00000000000000000000000000000000" candidate_uuid: "4043e04130264237805f012d8e251bd4" candidate_term: 6 candidate_status { last_received { term: 5 index: 6 } } ignore_live_leader: false dest_uuid: "cbc42c7d5db44e00883549e254bdd22e"
I1014 19:25:45.997701 28826 raft_consensus.cc:2216] T 00000000000000000000000000000000 P cbc42c7d5db44e00883549e254bdd22e [term 5 FOLLOWER]: Leader election vote request: Denying vote to candidate 4043e04130264237805f012d8e251bd4 for term 6 because replica is either leader or believes a valid leader to be alive.
I1014 19:25:45.997982 28985 leader_election.cc:401] T 00000000000000000000000000000000 P 4043e04130264237805f012d8e251bd4 [CANDIDATE]: Term 6 election: Vote denied by peer cbc42c7d5db44e00883549e254bdd22e (127.20.201.61:59248). Message: Invalid argument: T 00000000000000000000000000000000 P cbc42c7d5db44e00883549e254bdd22e [term 5 FOLLOWER]: Leader election vote request: Denying vote to candidate 4043e04130264237805f012d8e251bd4 for term 6 because replica is either leader or believes a valid leader to be alive.
I1014 19:25:45.998057 28985 leader_election.cc:278] T 00000000000000000000000000000000 P 4043e04130264237805f012d8e251bd4 [CANDIDATE]: Term 6 election: Election decided. Result: candidate lost.
I1014 19:25:45.998356 29050 raft_consensus.cc:2743] T 00000000000000000000000000000000 P 4043e04130264237805f012d8e251bd4: Snoozing failure detection for 0.117s (election complete)
I1014 19:25:45.998446 29050 raft_consensus.cc:2497] T 00000000000000000000000000000000 P 4043e04130264237805f012d8e251bd4 [term 6 FOLLOWER]: Leader election lost for term 6. Reason: could not achieve majority
I1014 19:25:46.003262 29177 sys_catalog.cc:337] T 00000000000000000000000000000000 P 88e69d68a7914bf48d802a2f2e500b71 [sys.catalog]: SysCatalogTable state changed. Reason: Peer health change. Latest consensus state: current_term: 5 leader_uuid: "88e69d68a7914bf48d802a2f2e500b71" committed_config { opid_index: -1 OBSOLETE_local: false peers { permanent_uuid: "88e69d68a7914bf48d802a2f2e500b71" member_type: VOTER last_known_addr { host: "127.20.201.62" port: 56252 } } peers { permanent_uuid: "cbc42c7d5db44e00883549e254bdd22e" member_type: VOTER last_known_addr { host: "127.20.201.61" port: 59248 } } peers { permanent_uuid: "4043e04130264237805f012d8e251bd4" member_type: VOTER last_known_addr { host: "127.20.201.60" port: 53788 } } }
I1014 19:25:46.003463 29177 sys_catalog.cc:340] T 00000000000000000000000000000000 P 88e69d68a7914bf48d802a2f2e500b71 [sys.catalog]: This master's current role is: LEADER
I1014 19:25:46.004191 29010 raft_consensus.cc:1051] T 00000000000000000000000000000000 P 4043e04130264237805f012d8e251bd4 [term 6 FOLLOWER]: Rejecting Update request from peer 88e69d68a7914bf48d802a2f2e500b71 for earlier term 5. Current term is 6. Ops: []
I1014 19:25:46.008824 29494 consensus_queue.cc:974] T 00000000000000000000000000000000 P 88e69d68a7914bf48d802a2f2e500b71 [LEADER]: Peer responded invalid term: Peer: permanent_uuid: "4043e04130264237805f012d8e251bd4" member_type: VOTER last_known_addr { host: "127.20.201.60" port: 53788 }, Status: INVALID_TERM, Last received: 5.6, Next index: 7, Last known committed idx: 6, Time since last communication: 0.000s
