I0927 22:56:07.125524 19141 negotiation.cc:315] RPC negotiation tracing enabled. Trace: 0927 22:56:07.124983 (+ 0us) reactor.cc:577] Submitting negotiation task for client connection to 127.17.51.62:11080 0927 22:56:07.125250 (+ 267us) negotiation.cc:98] Waiting for socket to connect 0927 22:56:07.125322 (+ 72us) negotiation.cc:304] Negotiation complete: Network error: Client connection negotiation failed: client connection to 127.17.51.62:11080: connect: Connection refused (error 111) Metrics: {"client-negotiator.queue_time_us":114}
W0927 22:56:07.125708 18437 consensus_peers.cc:435] T 00000000000000000000000000000000 P 9fa6f72caa24460e896f673a01c0fcf2 -> Peer 133b07c7153a40f0b5e18b033e7982c0 (127.17.51.62:11080): Couldn't send request to peer 133b07c7153a40f0b5e18b033e7982c0 for tablet 00000000000000000000000000000000. Status: Network error: Client connection negotiation failed: client connection to 127.17.51.62:11080: connect: Connection refused (error 111). Retrying in the next heartbeat period. Already tried 9 times.
I0927 22:56:07.149241 19141 negotiation.cc:315] RPC negotiation tracing enabled. Trace: 0927 22:56:07.148725 (+ 0us) reactor.cc:577] Submitting negotiation task for client connection to 127.17.51.62:11080 0927 22:56:07.148963 (+ 238us) negotiation.cc:98] Waiting for socket to connect 0927 22:56:07.149036 (+ 73us) negotiation.cc:304] Negotiation complete: Network error: Client connection negotiation failed: client connection to 127.17.51.62:11080: connect: Connection refused (error 111) Metrics: {"client-negotiator.queue_time_us":87}
W0927 22:56:07.149410 18437 consensus_peers.cc:435] T 00000000000000000000000000000000 P 9fa6f72caa24460e896f673a01c0fcf2 -> Peer 133b07c7153a40f0b5e18b033e7982c0 (127.17.51.62:11080): Couldn't send request to peer 133b07c7153a40f0b5e18b033e7982c0 for tablet 00000000000000000000000000000000. Status: Network error: Client connection negotiation failed: client connection to 127.17.51.62:11080: connect: Connection refused (error 111). Retrying in the next heartbeat period. Already tried 10 times.
I0927 22:56:07.174933 19141 negotiation.cc:315] RPC negotiation tracing enabled. Trace: 0927 22:56:07.174435 (+ 0us) reactor.cc:577] Submitting negotiation task for client connection to 127.17.51.62:11080 0927 22:56:07.174687 (+ 252us) negotiation.cc:98] Waiting for socket to connect 0927 22:56:07.174759 (+ 72us) negotiation.cc:304] Negotiation complete: Network error: Client connection negotiation failed: client connection to 127.17.51.62:11080: connect: Connection refused (error 111) Metrics: {"client-negotiator.queue_time_us":95}
W0927 22:56:07.175160 18437 consensus_peers.cc:435] T 00000000000000000000000000000000 P 9fa6f72caa24460e896f673a01c0fcf2 -> Peer 133b07c7153a40f0b5e18b033e7982c0 (127.17.51.62:11080): Couldn't send request to peer 133b07c7153a40f0b5e18b033e7982c0 for tablet 00000000000000000000000000000000. Status: Network error: Client connection negotiation failed: client connection to 127.17.51.62:11080: connect: Connection refused (error 111). Retrying in the next heartbeat period. Already tried 11 times.
I0927 22:56:07.205651 19141 negotiation.cc:315] RPC negotiation tracing enabled. Trace: 0927 22:56:07.205149 (+ 0us) reactor.cc:577] Submitting negotiation task for client connection to 127.17.51.62:11080 0927 22:56:07.205392 (+ 243us) negotiation.cc:98] Waiting for socket to connect 0927 22:56:07.205465 (+ 73us) negotiation.cc:304] Negotiation complete: Network error: Client connection negotiation failed: client connection to 127.17.51.62:11080: connect: Connection refused (error 111) Metrics: {"client-negotiator.queue_time_us":100}
W0927 22:56:07.205818 18437 consensus_peers.cc:435] T 00000000000000000000000000000000 P 9fa6f72caa24460e896f673a01c0fcf2 -> Peer 133b07c7153a40f0b5e18b033e7982c0 (127.17.51.62:11080): Couldn't send request to peer 133b07c7153a40f0b5e18b033e7982c0 for tablet 00000000000000000000000000000000. Status: Network error: Client connection negotiation failed: client connection to 127.17.51.62:11080: connect: Connection refused (error 111). Retrying in the next heartbeat period. Already tried 12 times.
I0927 22:56:07.235402 19141 negotiation.cc:315] RPC negotiation tracing enabled. Trace: 0927 22:56:07.234851 (+ 0us) reactor.cc:577] Submitting negotiation task for client connection to 127.17.51.62:11080 0927 22:56:07.235127 (+ 276us) negotiation.cc:98] Waiting for socket to connect 0927 22:56:07.235201 (+ 74us) negotiation.cc:304] Negotiation complete: Network error: Client connection negotiation failed: client connection to 127.17.51.62:11080: connect: Connection refused (error 111) Metrics: {"client-negotiator.queue_time_us":97}
W0927 22:56:07.235585 18437 consensus_peers.cc:435] T 00000000000000000000000000000000 P 9fa6f72caa24460e896f673a01c0fcf2 -> Peer 133b07c7153a40f0b5e18b033e7982c0 (127.17.51.62:11080): Couldn't send request to peer 133b07c7153a40f0b5e18b033e7982c0 for tablet 00000000000000000000000000000000. Status: Network error: Client connection negotiation failed: client connection to 127.17.51.62:11080: connect: Connection refused (error 111). Retrying in the next heartbeat period. Already tried 13 times.
I0927 22:56:07.257565 19139 raft_consensus.cc:436] T 00000000000000000000000000000000 P 93ce3bfa2f2a4d00abf078a11b3b7fec [term 3 FOLLOWER]: Starting pre-election (detected failure of leader 9fa6f72caa24460e896f673a01c0fcf2)
I0927 22:56:07.257972 19139 raft_consensus.cc:2700] T 00000000000000000000000000000000 P 93ce3bfa2f2a4d00abf078a11b3b7fec: Snoozing failure detection for 0.080s (starting election)
I0927 22:56:07.258210 19139 raft_consensus.cc:458] T 00000000000000000000000000000000 P 93ce3bfa2f2a4d00abf078a11b3b7fec [term 3 FOLLOWER]: Starting pre-election with config: opid_index: -1 OBSOLETE_local: false peers { permanent_uuid: "133b07c7153a40f0b5e18b033e7982c0" member_type: VOTER last_known_addr { host: "127.17.51.62" port: 11080 } } peers { permanent_uuid: "93ce3bfa2f2a4d00abf078a11b3b7fec" member_type: VOTER last_known_addr { host: "127.17.51.61" port: 11081 } } peers { permanent_uuid: "9fa6f72caa24460e896f673a01c0fcf2" member_type: VOTER last_known_addr { host: "127.17.51.60" port: 11082 } }
I0927 22:56:07.259183 19141 negotiation.cc:315] RPC negotiation tracing enabled. Trace: 0927 22:56:07.258624 (+ 0us) reactor.cc:577] Submitting negotiation task for client connection to 127.17.51.62:11080 0927 22:56:07.258866 (+ 242us) negotiation.cc:98] Waiting for socket to connect 0927 22:56:07.258954 (+ 88us) negotiation.cc:304] Negotiation complete: Network error: Client connection negotiation failed: client connection to 127.17.51.62:11080: connect: Connection refused (error 111) Metrics: {"client-negotiator.queue_time_us":82}
I0927 22:56:07.259238 19139 leader_election.cc:231] T 00000000000000000000000000000000 P 93ce3bfa2f2a4d00abf078a11b3b7fec [CANDIDATE]: Term 4 pre-election: Requesting pre-vote from peer 133b07c7153a40f0b5e18b033e7982c0
W0927 22:56:07.259354 18437 consensus_peers.cc:435] T 00000000000000000000000000000000 P 9fa6f72caa24460e896f673a01c0fcf2 -> Peer 133b07c7153a40f0b5e18b033e7982c0 (127.17.51.62:11080): Couldn't send request to peer 133b07c7153a40f0b5e18b033e7982c0 for tablet 00000000000000000000000000000000. Status: Network error: Client connection negotiation failed: client connection to 127.17.51.62:11080: connect: Connection refused (error 111). Retrying in the next heartbeat period. Already tried 14 times.
I0927 22:56:07.259450 19139 leader_election.cc:231] T 00000000000000000000000000000000 P 93ce3bfa2f2a4d00abf078a11b3b7fec [CANDIDATE]: Term 4 pre-election: Requesting pre-vote from peer 9fa6f72caa24460e896f673a01c0fcf2
I0927 22:56:07.276249 18464 tablet_service.cc:994] Received RequestConsensusVote() RPC: tablet_id: "00000000000000000000000000000000" candidate_uuid: "93ce3bfa2f2a4d00abf078a11b3b7fec" candidate_term: 4 candidate_status { last_received { term: 3 index: 18 } } ignore_live_leader: false dest_uuid: "9fa6f72caa24460e896f673a01c0fcf2" is_pre_election: true
I0927 22:56:07.276522 18464 raft_consensus.cc:2176] T 00000000000000000000000000000000 P 9fa6f72caa24460e896f673a01c0fcf2 [term 3 LEADER]: Leader pre-election vote request: Denying vote to candidate 93ce3bfa2f2a4d00abf078a11b3b7fec for term 4 because replica is either leader or believes a valid leader to be alive.
I0927 22:56:07.277027 19142 negotiation.cc:315] RPC negotiation tracing enabled. Trace: 0927 22:56:07.259606 (+ 0us) reactor.cc:577] Submitting negotiation task for client connection to 127.17.51.62:11080 0927 22:56:07.259827 (+ 221us) negotiation.cc:98] Waiting for socket to connect 0927 22:56:07.259895 (+ 68us) negotiation.cc:304] Negotiation complete: Network error: Client connection negotiation failed: client connection to 127.17.51.62:11080: connect: Connection refused (error 111) Metrics: {"client-negotiator.queue_time_us":87}
I0927 22:56:07.277506 18373 leader_election.cc:377] T 00000000000000000000000000000000 P 93ce3bfa2f2a4d00abf078a11b3b7fec [CANDIDATE]: Term 4 pre-election: Vote denied by peer 9fa6f72caa24460e896f673a01c0fcf2. Message: Invalid argument: T 00000000000000000000000000000000 P 9fa6f72caa24460e896f673a01c0fcf2 [term 3 LEADER]: Leader pre-election vote request: Denying vote to candidate 93ce3bfa2f2a4d00abf078a11b3b7fec for term 4 because replica is either leader or believes a valid leader to be alive.
W0927 22:56:07.277876 18372 leader_election.cc:287] T 00000000000000000000000000000000 P 93ce3bfa2f2a4d00abf078a11b3b7fec [CANDIDATE]: Term 4 pre-election: RPC error from VoteRequest() call to peer 133b07c7153a40f0b5e18b033e7982c0: Network error: Client connection negotiation failed: client connection to 127.17.51.62:11080: connect: Connection refused (error 111)
I0927 22:56:07.278219 18372 leader_election.cc:258] T 00000000000000000000000000000000 P 93ce3bfa2f2a4d00abf078a11b3b7fec [CANDIDATE]: Term 4 pre-election: Election decided. Result: candidate lost.
I0927 22:56:07.278949 19139 raft_consensus.cc:2700] T 00000000000000000000000000000000 P 93ce3bfa2f2a4d00abf078a11b3b7fec: Snoozing failure detection for 0.109s (election complete)
I0927 22:56:07.279129 19139 raft_consensus.cc:2455] T 00000000000000000000000000000000 P 93ce3bfa2f2a4d00abf078a11b3b7fec [term 3 FOLLOWER]: Leader pre-election lost for term 4. Reason: could not achieve majority
I0927 22:56:07.279415 19141 negotiation.cc:315] RPC negotiation tracing enabled. Trace: 0927 22:56:07.278792 (+ 0us) reactor.cc:577] Submitting negotiation task for client connection to 127.17.51.62:11080 0927 22:56:07.279112 (+ 320us) negotiation.cc:98] Waiting for socket to connect 0927 22:56:07.279199 (+ 87us) negotiation.cc:304] Negotiation complete: Network error: Client connection negotiation failed: client connection to 127.17.51.62:11080: connect: Connection refused (error 111) Metrics: {"client-negotiator.queue_time_us":137}
W0927 22:56:07.279522 18437 consensus_peers.cc:435] T 00000000000000000000000000000000 P 9fa6f72caa24460e896f673a01c0fcf2 -> Peer 133b07c7153a40f0b5e18b033e7982c0 (127.17.51.62:11080): Couldn't send request to peer 133b07c7153a40f0b5e18b033e7982c0 for tablet 00000000000000000000000000000000. Status: Network error: Client connection negotiation failed: client connection to 127.17.51.62:11080: connect: Connection refused (error 111). Retrying in the next heartbeat period. Already tried 15 times.
I0927 22:56:07.299796 19141 negotiation.cc:315] RPC negotiation tracing enabled. Trace: 0927 22:56:07.299318 (+ 0us) reactor.cc:577] Submitting negotiation task for client connection to 127.17.51.62:11080 0927 22:56:07.299547 (+ 229us) negotiation.cc:98] Waiting for socket to connect 0927 22:56:07.299621 (+ 74us) negotiation.cc:304] Negotiation complete: Network error: Client connection negotiation failed: client connection to 127.17.51.62:11080: connect: Connection refused (error 111) Metrics: {"client-negotiator.queue_time_us":84}
W0927 22:56:07.299959 18437 consensus_peers.cc:435] T 00000000000000000000000000000000 P 9fa6f72caa24460e896f673a01c0fcf2 -> Peer 133b07c7153a40f0b5e18b033e7982c0 (127.17.51.62:11080): Couldn't send request to peer 133b07c7153a40f0b5e18b033e7982c0 for tablet 00000000000000000000000000000000. Status: Network error: Client connection negotiation failed: client connection to 127.17.51.62:11080: connect: Connection refused (error 111). Retrying in the next heartbeat period. Already tried 16 times.
I0927 22:56:07.329532 19141 negotiation.cc:315] RPC negotiation tracing enabled. Trace: 0927 22:56:07.328985 (+ 0us) reactor.cc:577] Submitting negotiation task for client connection to 127.17.51.62:11080 0927 22:56:07.329229 (+ 244us) negotiation.cc:98] Waiting for socket to connect 0927 22:56:07.329316 (+ 87us) negotiation.cc:304] Negotiation complete: Network error: Client connection negotiation failed: client connection to 127.17.51.62:11080: connect: Connection refused (error 111) Metrics: {"client-negotiator.queue_time_us":97}
W0927 22:56:07.329717 18437 consensus_peers.cc:435] T 00000000000000000000000000000000 P 9fa6f72caa24460e896f673a01c0fcf2 -> Peer 133b07c7153a40f0b5e18b033e7982c0 (127.17.51.62:11080): Couldn't send request to peer 133b07c7153a40f0b5e18b033e7982c0 for tablet 00000000000000000000000000000000. Status: Network error: Client connection negotiation failed: client connection to 127.17.51.62:11080: connect: Connection refused (error 111). Retrying in the next heartbeat period. Already tried 17 times.
I0927 22:56:07.353013 19141 negotiation.cc:315] RPC negotiation tracing enabled. Trace: 0927 22:56:07.352510 (+ 0us) reactor.cc:577] Submitting negotiation task for client connection to 127.17.51.62:11080 0927 22:56:07.352721 (+ 211us) negotiation.cc:98] Waiting for socket to connect 0927 22:56:07.352807 (+ 86us) negotiation.cc:304] Negotiation complete: Network error: Client connection negotiation failed: client connection to 127.17.51.62:11080: connect: Connection refused (error 111) Metrics: {"client-negotiator.queue_time_us":67}
W0927 22:56:07.353224 18437 consensus_peers.cc:435] T 00000000000000000000000000000000 P 9fa6f72caa24460e896f673a01c0fcf2 -> Peer 133b07c7153a40f0b5e18b033e7982c0 (127.17.51.62:11080): Couldn't send request to peer 133b07c7153a40f0b5e18b033e7982c0 for tablet 00000000000000000000000000000000. Status: Network error: Client connection negotiation failed: client connection to 127.17.51.62:11080: connect: Connection refused (error 111). Retrying in the next heartbeat period. Already tried 18 times.
I0927 22:56:07.379705 19141 negotiation.cc:315] RPC negotiation tracing enabled. Trace: 0927 22:56:07.379184 (+ 0us) reactor.cc:577] Submitting negotiation task for client connection to 127.17.51.62:11080 0927 22:56:07.379405 (+ 221us) negotiation.cc:98] Waiting for socket to connect 0927 22:56:07.379494 (+ 89us) negotiation.cc:304] Negotiation complete: Network error: Client connection negotiation failed: client connection to 127.17.51.62:11080: connect: Connection refused (error 111) Metrics: {"client-negotiator.queue_time_us":70}
W0927 22:56:07.379907 18437 consensus_peers.cc:435] T 00000000000000000000000000000000 P 9fa6f72caa24460e896f673a01c0fcf2 -> Peer 133b07c7153a40f0b5e18b033e7982c0 (127.17.51.62:11080): Couldn't send request to peer 133b07c7153a40f0b5e18b033e7982c0 for tablet 00000000000000000000000000000000. Status: Network error: Client connection negotiation failed: client connection to 127.17.51.62:11080: connect: Connection refused (error 111). Retrying in the next heartbeat period. Already tried 19 times.
I0927 22:56:07.408043 19141 negotiation.cc:315] RPC negotiation tracing enabled. Trace: 0927 22:56:07.407527 (+ 0us) reactor.cc:577] Submitting negotiation task for client connection to 127.17.51.62:11080 0927 22:56:07.407746 (+ 219us) negotiation.cc:98] Waiting for socket to connect 0927 22:56:07.407843 (+ 97us) negotiation.cc:304] Negotiation complete: Network error: Client connection negotiation failed: client connection to 127.17.51.62:11080: connect: Connection refused (error 111) Metrics: {"client-negotiator.queue_time_us":72}
W0927 22:56:07.408249 18437 consensus_peers.cc:435] T 00000000000000000000000000000000 P 9fa6f72caa24460e896f673a01c0fcf2 -> Peer 133b07c7153a40f0b5e18b033e7982c0 (127.17.51.62:11080): Couldn't send request to peer 133b07c7153a40f0b5e18b033e7982c0 for tablet 00000000000000000000000000000000. Status: Network error: Client connection negotiation failed: client connection to 127.17.51.62:11080: connect: Connection refused (error 111). Retrying in the next heartbeat period. Already tried 20 times.
I0927 22:56:07.433616 19141 negotiation.cc:315] RPC negotiation tracing enabled. Trace: 0927 22:56:07.433085 (+ 0us) reactor.cc:577] Submitting negotiation task for client connection to 127.17.51.62:11080 0927 22:56:07.433308 (+ 223us) negotiation.cc:98] Waiting for socket to connect 0927 22:56:07.433395 (+ 87us) negotiation.cc:304] Negotiation complete: Network error: Client connection negotiation failed: client connection to 127.17.51.62:11080: connect: Connection refused (error 111) Metrics: {"client-negotiator.queue_time_us":75}
W0927 22:56:07.433799 18437 consensus_peers.cc:435] T 00000000000000000000000000000000 P 9fa6f72caa24460e896f673a01c0fcf2 -> Peer 133b07c7153a40f0b5e18b033e7982c0 (127.17.51.62:11080): Couldn't send request to peer 133b07c7153a40f0b5e18b033e7982c0 for tablet 00000000000000000000000000000000. Status: Network error: Client connection negotiation failed: client connection to 127.17.51.62:11080: connect: Connection refused (error 111). Retrying in the next heartbeat period. Already tried 21 times.
I0927 22:56:07.451983 19141 negotiation.cc:315] RPC negotiation tracing enabled. Trace: 0927 22:56:07.451505 (+ 0us) reactor.cc:577] Submitting negotiation task for client connection to 127.17.51.62:11080 0927 22:56:07.451714 (+ 209us) negotiation.cc:98] Waiting for socket to connect 0927 22:56:07.451796 (+ 82us) negotiation.cc:304] Negotiation complete: Network error: Client connection negotiation failed: client connection to 127.17.51.62:11080: connect: Connection refused (error 111) Metrics: {"client-negotiator.queue_time_us":71}
W0927 22:56:07.452172 18437 consensus_peers.cc:435] T 00000000000000000000000000000000 P 9fa6f72caa24460e896f673a01c0fcf2 -> Peer 133b07c7153a40f0b5e18b033e7982c0 (127.17.51.62:11080): Couldn't send request to peer 133b07c7153a40f0b5e18b033e7982c0 for tablet 00000000000000000000000000000000. Status: Network error: Client connection negotiation failed: client connection to 127.17.51.62:11080: connect: Connection refused (error 111). Retrying in the next heartbeat period. Already tried 22 times.
I0927 22:56:07.479600 19141 negotiation.cc:315] RPC negotiation tracing enabled. Trace: 0927 22:56:07.479049 (+ 0us) reactor.cc:577] Submitting negotiation task for client connection to 127.17.51.62:11080 0927 22:56:07.479303 (+ 254us) negotiation.cc:98] Waiting for socket to connect 0927 22:56:07.479389 (+ 86us) negotiation.cc:304] Negotiation complete: Network error: Client connection negotiation failed: client connection to 127.17.51.62:11080: connect: Connection refused (error 111) Metrics: {"client-negotiator.queue_time_us":71}
W0927 22:56:07.479775 18437 consensus_peers.cc:435] T 00000000000000000000000000000000 P 9fa6f72caa24460e896f673a01c0fcf2 -> Peer 133b07c7153a40f0b5e18b033e7982c0 (127.17.51.62:11080): Couldn't send request to peer 133b07c7153a40f0b5e18b033e7982c0 for tablet 00000000000000000000000000000000. Status: Network error: Client connection negotiation failed: client connection to 127.17.51.62:11080: connect: Connection refused (error 111). Retrying in the next heartbeat period. Already tried 23 times.
I0927 22:56:07.506152 19141 negotiation.cc:315] RPC negotiation tracing enabled. Trace: 0927 22:56:07.505617 (+ 0us) reactor.cc:577] Submitting negotiation task for client connection to 127.17.51.62:11080 0927 22:56:07.505829 (+ 212us) negotiation.cc:98] Waiting for socket to connect 0927 22:56:07.505912 (+ 83us) negotiation.cc:304] Negotiation complete: Network error: Client connection negotiation failed: client connection to 127.17.51.62:11080: connect: Connection refused (error 111) Metrics: {"client-negotiator.queue_time_us":71}
W0927 22:56:07.506326 18437 consensus_peers.cc:435] T 00000000000000000000000000000000 P 9fa6f72caa24460e896f673a01c0fcf2 -> Peer 133b07c7153a40f0b5e18b033e7982c0 (127.17.51.62:11080): Couldn't send request to peer 133b07c7153a40f0b5e18b033e7982c0 for tablet 00000000000000000000000000000000. Status: Network error: Client connection negotiation failed: client connection to 127.17.51.62:11080: connect: Connection refused (error 111). Retrying in the next heartbeat period. Already tried 24 times.
I0927 22:56:07.530663 19141 negotiation.cc:315] RPC negotiation tracing enabled. Trace: 0927 22:56:07.530151 (+ 0us) reactor.cc:577] Submitting negotiation task for client connection to 127.17.51.62:11080 0927 22:56:07.530366 (+ 215us) negotiation.cc:98] Waiting for socket to connect 0927 22:56:07.530450 (+ 84us) negotiation.cc:304] Negotiation complete: Network error: Client connection negotiation failed: client connection to 127.17.51.62:11080: connect: Connection refused (error 111) Metrics: {"client-negotiator.queue_time_us":72}
W0927 22:56:07.530859 18437 consensus_peers.cc:435] T 00000000000000000000000000000000 P 9fa6f72caa24460e896f673a01c0fcf2 -> Peer 133b07c7153a40f0b5e18b033e7982c0 (127.17.51.62:11080): Couldn't send request to peer 133b07c7153a40f0b5e18b033e7982c0 for tablet 00000000000000000000000000000000. Status: Network error: Client connection negotiation failed: client connection to 127.17.51.62:11080: connect: Connection refused (error 111). Retrying in the next heartbeat period. Already tried 25 times.
I0927 22:56:07.548907 19141 negotiation.cc:315] RPC negotiation tracing enabled. Trace: 0927 22:56:07.548401 (+ 0us) reactor.cc:577] Submitting negotiation task for client connection to 127.17.51.62:11080 0927 22:56:07.548628 (+ 227us) negotiation.cc:98] Waiting for socket to connect 0927 22:56:07.548702 (+ 74us) negotiation.cc:304] Negotiation complete: Network error: Client connection negotiation failed: client connection to 127.17.51.62:11080: connect: Connection refused (error 111) Metrics: {"client-negotiator.queue_time_us":82}
W0927 22:56:07.549123 18437 consensus_peers.cc:435] T 00000000000000000000000000000000 P 9fa6f72caa24460e896f673a01c0fcf2 -> Peer 133b07c7153a40f0b5e18b033e7982c0 (127.17.51.62:11080): Couldn't send request to peer 133b07c7153a40f0b5e18b033e7982c0 for tablet 00000000000000000000000000000000. Status: Network error: Client connection negotiation failed: client connection to 127.17.51.62:11080: connect: Connection refused (error 111). Retrying in the next heartbeat period. Already tried 26 times.
I0927 22:56:07.578685 19141 negotiation.cc:315] RPC negotiation tracing enabled. Trace: 0927 22:56:07.578171 (+ 0us) reactor.cc:577] Submitting negotiation task for client connection to 127.17.51.62:11080 0927 22:56:07.578401 (+ 230us) negotiation.cc:98] Waiting for socket to connect 0927 22:56:07.578479 (+ 78us) negotiation.cc:304] Negotiation complete: Network error: Client connection negotiation failed: client connection to 127.17.51.62:11080: connect: Connection refused (error 111) Metrics: {"client-negotiator.queue_time_us":94}
W0927 22:56:07.578871 18437 consensus_peers.cc:435] T 00000000000000000000000000000000 P 9fa6f72caa24460e896f673a01c0fcf2 -> Peer 133b07c7153a40f0b5e18b033e7982c0 (127.17.51.62:11080): Couldn't send request to peer 133b07c7153a40f0b5e18b033e7982c0 for tablet 00000000000000000000000000000000. Status: Network error: Client connection negotiation failed: client connection to 127.17.51.62:11080: connect: Connection refused (error 111). Retrying in the next heartbeat period. Already tried 27 times. ================================================================= ==18362==ERROR: LeakSanitizer: detected memory leaks Direct leak of 8 byte(s) in 1 object(s) allocated from: #0 0x4e4b25 in calloc /data/somelongdirectorytoavoidrpathissues/src/kudu/thirdparty/src/llvm-4.0.0.src/projects/compiler-rt/lib/asan/asan_malloc_linux.cc:74 #1 0x7f06d7c7d9f2 (/usr/lib/x86_64-linux-gnu/libkrb5.so.3+0x4e9f2) SUMMARY: AddressSanitizer: 8 byte(s) leaked in 1 allocation(s).
I0927 22:56:07.608387 19141 negotiation.cc:315] RPC negotiation tracing enabled. Trace: 0927 22:56:07.607890 (+ 0us) reactor.cc:577] Submitting negotiation task for client connection to 127.17.51.62:11080 0927 22:56:07.608139 (+ 249us) negotiation.cc:98] Waiting for socket to connect 0927 22:56:07.608216 (+ 77us) negotiation.cc:304] Negotiation complete: Network error: Client connection negotiation failed: client connection to 127.17.51.62:11080: connect: Connection refused (error 111) Metrics: {"client-negotiator.queue_time_us":84}
W0927 22:56:07.608556 18437 consensus_peers.cc:435] T 00000000000000000000000000000000 P 9fa6f72caa24460e896f673a01c0fcf2 -> Peer 133b07c7153a40f0b5e18b033e7982c0 (127.17.51.62:11080): Couldn't send request to peer 133b07c7153a40f0b5e18b033e7982c0 for tablet 00000000000000000000000000000000. Status: Network error: Client connection negotiation failed: client connection to 127.17.51.62:11080: connect: Connection refused (error 111). Retrying in the next heartbeat period. Already tried 28 times.
I0927 22:56:07.628151 19141 negotiation.cc:315] RPC negotiation tracing enabled. Trace: 0927 22:56:07.627581 (+ 0us) reactor.cc:577] Submitting negotiation task for client connection to 127.17.51.62:11080 0927 22:56:07.627838 (+ 257us) negotiation.cc:98] Waiting for socket to connect 0927 22:56:07.627916 (+ 78us) negotiation.cc:304] Negotiation complete: Network error: Client connection negotiation failed: client connection to 127.17.51.62:11080: connect: Connection refused (error 111) Metrics: {"client-negotiator.queue_time_us":116}
W0927 22:56:07.628348 18437 consensus_peers.cc:435] T 00000000000000000000000000000000 P 9fa6f72caa24460e896f673a01c0fcf2 -> Peer 133b07c7153a40f0b5e18b033e7982c0 (127.17.51.62:11080): Couldn't send request to peer 133b07c7153a40f0b5e18b033e7982c0 for tablet 00000000000000000000000000000000. Status: Network error: Client connection negotiation failed: client connection to 127.17.51.62:11080: connect: Connection refused (error 111). Retrying in the next heartbeat period. Already tried 29 times.
I0927 22:56:07.655942 19141 negotiation.cc:315] RPC negotiation tracing enabled. Trace: 0927 22:56:07.655454 (+ 0us) reactor.cc:577] Submitting negotiation task for client connection to 127.17.51.62:11080 0927 22:56:07.655679 (+ 225us) negotiation.cc:98] Waiting for socket to connect 0927 22:56:07.655759 (+ 80us) negotiation.cc:304] Negotiation complete: Network error: Client connection negotiation failed: client connection to 127.17.51.62:11080: connect: Connection refused (error 111) Metrics: {"client-negotiator.queue_time_us":79}
W0927 22:56:07.656149 18437 consensus_peers.cc:435] T 00000000000000000000000000000000 P 9fa6f72caa24460e896f673a01c0fcf2 -> Peer 133b07c7153a40f0b5e18b033e7982c0 (127.17.51.62:11080): Couldn't send request to peer 133b07c7153a40f0b5e18b033e7982c0 for tablet 00000000000000000000000000000000. Status: Network error: Client connection negotiation failed: client connection to 127.17.51.62:11080: connect: Connection refused (error 111). Retrying in the next heartbeat period. Already tried 30 times.
I0927 22:56:07.684180 19141 negotiation.cc:315] RPC negotiation tracing enabled. Trace: 0927 22:56:07.683665 (+ 0us) reactor.cc:577] Submitting negotiation task for client connection to 127.17.51.62:11080 0927 22:56:07.683886 (+ 221us) negotiation.cc:98] Waiting for socket to connect 0927 22:56:07.683964 (+ 78us) negotiation.cc:304] Negotiation complete: Network error: Client connection negotiation failed: client connection to 127.17.51.62:11080: connect: Connection refused (error 111) Metrics: {"client-negotiator.queue_time_us":88}
W0927 22:56:07.684366 18437 consensus_peers.cc:435] T 00000000000000000000000000000000 P 9fa6f72caa24460e896f673a01c0fcf2 -> Peer 133b07c7153a40f0b5e18b033e7982c0 (127.17.51.62:11080): Couldn't send request to peer 133b07c7153a40f0b5e18b033e7982c0 for tablet 00000000000000000000000000000000. Status: Network error: Client connection negotiation failed: client connection to 127.17.51.62:11080: connect: Connection refused (error 111). Retrying in the next heartbeat period. Already tried 31 times.
I0927 22:56:07.718781 19141 negotiation.cc:315] RPC negotiation tracing enabled. Trace: 0927 22:56:07.718273 (+ 0us) reactor.cc:577] Submitting negotiation task for client connection to 127.17.51.62:11080 0927 22:56:07.718504 (+ 231us) negotiation.cc:98] Waiting for socket to connect 0927 22:56:07.718594 (+ 90us) negotiation.cc:304] Negotiation complete: Network error: Client connection negotiation failed: client connection to 127.17.51.62:11080: connect: Connection refused (error 111) Metrics: {"client-negotiator.queue_time_us":89}
W0927 22:56:07.718958 18437 consensus_peers.cc:435] T 00000000000000000000000000000000 P 9fa6f72caa24460e896f673a01c0fcf2 -> Peer 133b07c7153a40f0b5e18b033e7982c0 (127.17.51.62:11080): Couldn't send request to peer 133b07c7153a40f0b5e18b033e7982c0 for tablet 00000000000000000000000000000000. Status: Network error: Client connection negotiation failed: client connection to 127.17.51.62:11080: connect: Connection refused (error 111). Retrying in the next heartbeat period. Already tried 32 times.
I0927 22:56:07.748332 19141 negotiation.cc:315] RPC negotiation tracing enabled. Trace: 0927 22:56:07.747747 (+ 0us) reactor.cc:577] Submitting negotiation task for client connection to 127.17.51.62:11080 0927 22:56:07.747974 (+ 227us) negotiation.cc:98] Waiting for socket to connect 0927 22:56:07.748095 (+ 121us) negotiation.cc:304] Negotiation complete: Network error: Client connection negotiation failed: client connection to 127.17.51.62:11080: connect: Connection refused (error 111) Metrics: {"client-negotiator.queue_time_us":43}
W0927 22:56:07.748545 18437 consensus_peers.cc:435] T 00000000000000000000000000000000 P 9fa6f72caa24460e896f673a01c0fcf2 -> Peer 133b07c7153a40f0b5e18b033e7982c0 (127.17.51.62:11080): Couldn't send request to peer 133b07c7153a40f0b5e18b033e7982c0 for tablet 00000000000000000000000000000000. Status: Network error: Client connection negotiation failed: client connection to 127.17.51.62:11080: connect: Connection refused (error 111). Retrying in the next heartbeat period. Already tried 33 times.
I0927 22:56:07.772104 19141 negotiation.cc:315] RPC negotiation tracing enabled. Trace: 0927 22:56:07.771474 (+ 0us) reactor.cc:577] Submitting negotiation task for client connection to 127.17.51.62:11080 0927 22:56:07.771726 (+ 252us) negotiation.cc:98] Waiting for socket to connect 0927 22:56:07.771824 (+ 98us) negotiation.cc:304] Negotiation complete: Network error: Client connection negotiation failed: client connection to 127.17.51.62:11080: connect: Connection refused (error 111) Metrics: {"client-negotiator.queue_time_us":89}
W0927 22:56:07.772317 18437 consensus_peers.cc:435] T 00000000000000000000000000000000 P 9fa6f72caa24460e896f673a01c0fcf2 -> Peer 133b07c7153a40f0b5e18b033e7982c0 (127.17.51.62:11080): Couldn't send request to peer 133b07c7153a40f0b5e18b033e7982c0 for tablet 00000000000000000000000000000000. Status: Network error: Client connection negotiation failed: client connection to 127.17.51.62:11080: connect: Connection refused (error 111). Retrying in the next heartbeat period. Already tried 34 times.
I0927 22:56:07.796641 19141 negotiation.cc:315] RPC negotiation tracing enabled. Trace: 0927 22:56:07.796092 (+ 0us) reactor.cc:577] Submitting negotiation task for client connection to 127.17.51.62:11080 0927 22:56:07.796308 (+ 216us) negotiation.cc:98] Waiting for socket to connect 0927 22:56:07.796386 (+ 78us) negotiation.cc:304] Negotiation complete: Network error: Client connection negotiation failed: client connection to 127.17.51.62:11080: connect: Connection refused (error 111) Metrics: {"client-negotiator.queue_time_us":78}
W0927 22:56:07.796821 18437 consensus_peers.cc:435] T 00000000000000000000000000000000 P 9fa6f72caa24460e896f673a01c0fcf2 -> Peer 133b07c7153a40f0b5e18b033e7982c0 (127.17.51.62:11080): Couldn't send request to peer 133b07c7153a40f0b5e18b033e7982c0 for tablet 00000000000000000000000000000000. Status: Network error: Client connection negotiation failed: client connection to 127.17.51.62:11080: connect: Connection refused (error 111). Retrying in the next heartbeat period. Already tried 35 times.
I0927 22:56:07.817178 19141 negotiation.cc:315] RPC negotiation tracing enabled. Trace: 0927 22:56:07.816585 (+ 0us) reactor.cc:577] Submitting negotiation task for client connection to 127.17.51.62:11080 0927 22:56:07.816898 (+ 313us) negotiation.cc:98] Waiting for socket to connect 0927 22:56:07.816974 (+ 76us) negotiation.cc:304] Negotiation complete: Network error: Client connection negotiation failed: client connection to 127.17.51.62:11080: connect: Connection refused (error 111) Metrics: {"client-negotiator.queue_time_us":182}
W0927 22:56:07.817342 18437 consensus_peers.cc:435] T 00000000000000000000000000000000 P 9fa6f72caa24460e896f673a01c0fcf2 -> Peer 133b07c7153a40f0b5e18b033e7982c0 (127.17.51.62:11080): Couldn't send request to peer 133b07c7153a40f0b5e18b033e7982c0 for tablet 00000000000000000000000000000000. Status: Network error: Client connection negotiation failed: client connection to 127.17.51.62:11080: connect: Connection refused (error 111). Retrying in the next heartbeat period. Already tried 36 times.
I0927 22:56:07.841768 19141 negotiation.cc:315] RPC negotiation tracing enabled. Trace: 0927 22:56:07.841244 (+ 0us) reactor.cc:577] Submitting negotiation task for client connection to 127.17.51.62:11080 0927 22:56:07.841476 (+ 232us) negotiation.cc:98] Waiting for socket to connect 0927 22:56:07.841555 (+ 79us) negotiation.cc:304] Negotiation complete: Network error: Client connection negotiation failed: client connection to 127.17.51.62:11080: connect: Connection refused (error 111) Metrics: {"client-negotiator.queue_time_us":97}
W0927 22:56:07.841958 18437 consensus_peers.cc:435] T 00000000000000000000000000000000 P 9fa6f72caa24460e896f673a01c0fcf2 -> Peer 133b07c7153a40f0b5e18b033e7982c0 (127.17.51.62:11080): Couldn't send request to peer 133b07c7153a40f0b5e18b033e7982c0 for tablet 00000000000000000000000000000000. Status: Network error: Client connection negotiation failed: client connection to 127.17.51.62:11080: connect: Connection refused (error 111). Retrying in the next heartbeat period. Already tried 37 times.
I0927 22:56:07.871567 19141 negotiation.cc:315] RPC negotiation tracing enabled. Trace: 0927 22:56:07.871043 (+ 0us) reactor.cc:577] Submitting negotiation task for client connection to 127.17.51.62:11080 0927 22:56:07.871310 (+ 267us) negotiation.cc:98] Waiting for socket to connect 0927 22:56:07.871384 (+ 74us) negotiation.cc:304] Negotiation complete: Network error: Client connection negotiation failed: client connection to 127.17.51.62:11080: connect: Connection refused (error 111) Metrics: {"client-negotiator.queue_time_us":89}
W0927 22:56:07.871750 18437 consensus_peers.cc:435] T 00000000000000000000000000000000 P 9fa6f72caa24460e896f673a01c0fcf2 -> Peer 133b07c7153a40f0b5e18b033e7982c0 (127.17.51.62:11080): Couldn't send request to peer 133b07c7153a40f0b5e18b033e7982c0 for tablet 00000000000000000000000000000000. Status: Network error: Client connection negotiation failed: client connection to 127.17.51.62:11080: connect: Connection refused (error 111). Retrying in the next heartbeat period. Already tried 38 times.
I0927 22:56:07.898387 19141 negotiation.cc:315] RPC negotiation tracing enabled. Trace: 0927 22:56:07.897867 (+ 0us) reactor.cc:577] Submitting negotiation task for client connection to 127.17.51.62:11080 0927 22:56:07.898104 (+ 237us) negotiation.cc:98] Waiting for socket to connect 0927 22:56:07.898197 (+ 93us) negotiation.cc:304] Negotiation complete: Network error: Client connection negotiation failed: client connection to 127.17.51.62:11080: connect: Connection refused (error 111) Metrics: {"client-negotiator.queue_time_us":67}
W0927 22:56:07.898578 18437 consensus_peers.cc:435] T 00000000000000000000000000000000 P 9fa6f72caa24460e896f673a01c0fcf2 -> Peer 133b07c7153a40f0b5e18b033e7982c0 (127.17.51.62:11080): Couldn't send request to peer 133b07c7153a40f0b5e18b033e7982c0 for tablet 00000000000000000000000000000000. Status: Network error: Client connection negotiation failed: client connection to 127.17.51.62:11080: connect: Connection refused (error 111). Retrying in the next heartbeat period. Already tried 39 times.
I0927 22:56:07.910490 19139 raft_consensus.cc:436] T 00000000000000000000000000000000 P 93ce3bfa2f2a4d00abf078a11b3b7fec [term 3 FOLLOWER]: Starting pre-election (detected failure of leader 9fa6f72caa24460e896f673a01c0fcf2) ================================================================= ==18362==ERROR: LeakSanitizer: detected memory leaks Direct leak of 8 byte(s) in 1 object(s) allocated from:
I0927 22:56:07.910876 19139 raft_consensus.cc:2700] T 00000000000000000000000000000000 P 93ce3bfa2f2a4d00abf078a11b3b7fec: Snoozing failure detection for 0.077s (starting election) #0 0x4e4b25 in calloc /data/somelongdirectorytoavoidrpathissues/src/kudu/thirdparty/src/llvm-4.0.0.src/projects/compiler-rt/lib/asan/asan_malloc_linux.cc:74 #1 0x7f06d7c7d9f2 (/usr/lib/x86_64-linux-gnu/libkrb5.so.3+0x4e9f2)
I0927 22:56:07.911365 19139 raft_consensus.cc:458] T 00000000000000000000000000000000 P 93ce3bfa2f2a4d00abf078a11b3b7fec [term 3 FOLLOWER]: Starting pre-election with config: opid_index: -1 OBSOLETE_local: false peers { permanent_uuid: "133b07c7153a40f0b5e18b033e7982c0" member_type: VOTER last_known_addr { host: "127.17.51.62" port: 11080 } } peers { permanent_uuid: "93ce3bfa2f2a4d00abf078a11b3b7fec" member_type: VOTER last_known_addr { host: "127.17.51.61" port: 11081 } } peers { permanent_uuid: "9fa6f72caa24460e896f673a01c0fcf2" member_type: VOTER last_known_addr { host: "127.17.51.60" port: 11082 } } SUMMARY: AddressSanitizer: 8 byte(s) leaked in 1 allocation(s).
I0927 22:56:07.912019 19139 leader_election.cc:231] T 00000000000000000000000000000000 P 93ce3bfa2f2a4d00abf078a11b3b7fec [CANDIDATE]: Term 4 pre-election: Requesting pre-vote from peer 133b07c7153a40f0b5e18b033e7982c0
I0927 22:56:07.912259 19139 leader_election.cc:231] T 00000000000000000000000000000000 P 93ce3bfa2f2a4d00abf078a11b3b7fec [CANDIDATE]: Term 4 pre-election: Requesting pre-vote from peer 9fa6f72caa24460e896f673a01c0fcf2
I0927 22:56:07.913261 19159 negotiation.cc:315] RPC negotiation tracing enabled. Trace: 0927 22:56:07.912446 (+ 0us) reactor.cc:577] Submitting negotiation task for client connection to 127.17.51.62:11080 0927 22:56:07.912908 (+ 462us) negotiation.cc:98] Waiting for socket to connect 0927 22:56:07.913003 (+ 95us) negotiation.cc:304] Negotiation complete: Network error: Client connection negotiation failed: client connection to 127.17.51.62:11080: connect: Connection refused (error 111) Metrics: {"client-negotiator.queue_time_us":294,"thread_start_us":182,"threads_started":1}
I0927 22:56:07.913327 18464 tablet_service.cc:994] Received RequestConsensusVote() RPC: tablet_id: "00000000000000000000000000000000" candidate_uuid: "93ce3bfa2f2a4d00abf078a11b3b7fec" candidate_term: 4 candidate_status { last_received { term: 3 index: 18 } } ignore_live_leader: false dest_uuid: "9fa6f72caa24460e896f673a01c0fcf2" is_pre_election: true
W0927 22:56:07.913475 18372 leader_election.cc:287] T 00000000000000000000000000000000 P 93ce3bfa2f2a4d00abf078a11b3b7fec [CANDIDATE]: Term 4 pre-election: RPC error from VoteRequest() call to peer 133b07c7153a40f0b5e18b033e7982c0: Network error: Client connection negotiation failed: client connection to 127.17.51.62:11080: connect: Connection refused (error 111)
I0927 22:56:07.913545 18464 raft_consensus.cc:2176] T 00000000000000000000000000000000 P 9fa6f72caa24460e896f673a01c0fcf2 [term 3 LEADER]: Leader pre-election vote request: Denying vote to candidate 93ce3bfa2f2a4d00abf078a11b3b7fec for term 4 because replica is either leader or believes a valid leader to be alive.
I0927 22:56:07.914165 18373 leader_election.cc:377] T 00000000000000000000000000000000 P 93ce3bfa2f2a4d00abf078a11b3b7fec [CANDIDATE]: Term 4 pre-election: Vote denied by peer 9fa6f72caa24460e896f673a01c0fcf2. Message: Invalid argument: T 00000000000000000000000000000000 P 9fa6f72caa24460e896f673a01c0fcf2 [term 3 LEADER]: Leader pre-election vote request: Denying vote to candidate 93ce3bfa2f2a4d00abf078a11b3b7fec for term 4 because replica is either leader or believes a valid leader to be alive.
I0927 22:56:07.914247 18373 leader_election.cc:258] T 00000000000000000000000000000000 P 93ce3bfa2f2a4d00abf078a11b3b7fec [CANDIDATE]: Term 4 pre-election: Election decided. Result: candidate lost.
I0927 22:56:07.914448 19139 raft_consensus.cc:2700] T 00000000000000000000000000000000 P 93ce3bfa2f2a4d00abf078a11b3b7fec: Snoozing failure detection for 0.155s (election complete)
I0927 22:56:07.914527 19139 raft_consensus.cc:2455] T 00000000000000000000000000000000 P 93ce3bfa2f2a4d00abf078a11b3b7fec [term 3 FOLLOWER]: Leader pre-election lost for term 4. Reason: could not achieve majority
I0927 22:56:07.928623 19141 negotiation.cc:315] RPC negotiation tracing enabled. Trace: 0927 22:56:07.928098 (+ 0us) reactor.cc:577] Submitting negotiation task for client connection to 127.17.51.62:11080 0927 22:56:07.928323 (+ 225us) negotiation.cc:98] Waiting for socket to connect 0927 22:56:07.928402 (+ 79us) negotiation.cc:304] Negotiation complete: Network error: Client connection negotiation failed: client connection to 127.17.51.62:11080: connect: Connection refused (error 111) Metrics: {"client-negotiator.queue_time_us":87}
W0927 22:56:07.928777 18437 consensus_peers.cc:435] T 00000000000000000000000000000000 P 9fa6f72caa24460e896f673a01c0fcf2 -> Peer 133b07c7153a40f0b5e18b033e7982c0 (127.17.51.62:11080): Couldn't send request to peer 133b07c7153a40f0b5e18b033e7982c0 for tablet 00000000000000000000000000000000. Status: Network error: Client connection negotiation failed: client connection to 127.17.51.62:11080: connect: Connection refused (error 111). Retrying in the next heartbeat period. Already tried 40 times.
W0927 22:56:07.933622 17612 external_mini_cluster.cc:1058] Unable to check leaks on /tmp/dist-test-taskFgBoie/build/asan/bin/kudu-master pid 18362: Timed out: CheckLeaks RPC to 127.17.51.61:11081 timed out after 1.000s (SENT)
I0927 22:56:07.933761 17612 external_mini_cluster.cc:1001] Killing /tmp/dist-test-taskFgBoie/build/asan/bin/kudu-master with pid 18362
I0927 22:56:07.949180 19141 negotiation.cc:315] RPC negotiation tracing enabled. Trace: 0927 22:56:07.948656 (+ 0us) reactor.cc:577] Submitting negotiation task for client connection to 127.17.51.62:11080 0927 22:56:07.948871 (+ 215us) negotiation.cc:98] Waiting for socket to connect 0927 22:56:07.948952 (+ 81us) negotiation.cc:304] Negotiation complete: Network error: Client connection negotiation failed: client connection to 127.17.51.62:11080: connect: Connection refused (error 111) Metrics: {"client-negotiator.queue_time_us":83}
W0927 22:56:07.949386 18437 consensus_peers.cc:435] T 00000000000000000000000000000000 P 9fa6f72caa24460e896f673a01c0fcf2 -> Peer 133b07c7153a40f0b5e18b033e7982c0 (127.17.51.62:11080): Couldn't send request to peer 133b07c7153a40f0b5e18b033e7982c0 for tablet 00000000000000000000000000000000. Status: Network error: Client connection negotiation failed: client connection to 127.17.51.62:11080: connect: Connection refused (error 111). Retrying in the next heartbeat period. Already tried 41 times.
W0927 22:56:07.973700 18436 connection.cc:513] server connection from 127.0.0.1:42666 recv error: Network error: failed to read from TLS socket: Connection reset by peer (error 104)
W0927 22:56:07.973780 18285 connection.cc:513] client connection to 127.17.51.61:11081 recv error: Network error: failed to read from TLS socket: Connection reset by peer (error 104)
W0927 22:56:07.974093 18436 connection.cc:513] client connection to 127.17.51.61:11081 recv error: Network error: failed to read from TLS socket: Connection reset by peer (error 104)
I0927 22:56:07.974164 17612 external_mini_cluster.cc:1042] Attempting to check leaks for /tmp/dist-test-taskFgBoie/build/asan/bin/kudu-master pid 18427
W0927 22:56:07.974187 18436 consensus_peers.cc:435] T 00000000000000000000000000000000 P 9fa6f72caa24460e896f673a01c0fcf2 -> Peer 93ce3bfa2f2a4d00abf078a11b3b7fec (127.17.51.61:11081): Couldn't send request to peer 93ce3bfa2f2a4d00abf078a11b3b7fec for tablet 00000000000000000000000000000000. Status: Network error: failed to read from TLS socket: Connection reset by peer (error 104). Retrying in the next heartbeat period. Already tried 1 times.
W0927 22:56:07.974408 18436 connection.cc:186] Error closing socket: Network error: TlsSocket::Close: Broken pipe
I0927 22:56:07.976701 19141 negotiation.cc:315] RPC negotiation tracing enabled. Trace: 0927 22:56:07.976191 (+ 0us) reactor.cc:577] Submitting negotiation task for client connection to 127.17.51.62:11080 0927 22:56:07.976422 (+ 231us) negotiation.cc:98] Waiting for socket to connect 0927 22:56:07.976518 (+ 96us) negotiation.cc:304] Negotiation complete: Network error: Client connection negotiation failed: client connection to 127.17.51.62:11080: connect: Connection refused (error 111) Metrics: {"client-negotiator.queue_time_us":88}
W0927 22:56:07.976852 18437 consensus_peers.cc:435] T 00000000000000000000000000000000 P 9fa6f72caa24460e896f673a01c0fcf2 -> Peer 133b07c7153a40f0b5e18b033e7982c0 (127.17.51.62:11080): Couldn't send request to peer 133b07c7153a40f0b5e18b033e7982c0 for tablet 00000000000000000000000000000000. Status: Network error: Client connection negotiation failed: client connection to 127.17.51.62:11080: connect: Connection refused (error 111). Retrying in the next heartbeat period. Already tried 42 times.
I0927 22:56:07.993228 19147 sys_catalog.cc:335] T 00000000000000000000000000000000 P 9fa6f72caa24460e896f673a01c0fcf2 [sys.catalog]: SysCatalogTable state changed. Reason: Peer health change. Latest consensus state: current_term: 3 leader_uuid: "9fa6f72caa24460e896f673a01c0fcf2" committed_config { opid_index: -1 OBSOLETE_local: false peers { permanent_uuid: "133b07c7153a40f0b5e18b033e7982c0" member_type: VOTER last_known_addr { host: "127.17.51.62" port: 11080 } } peers { permanent_uuid: "93ce3bfa2f2a4d00abf078a11b3b7fec" member_type: VOTER last_known_addr { host: "127.17.51.61" port: 11081 } } peers { permanent_uuid: "9fa6f72caa24460e896f673a01c0fcf2" member_type: VOTER last_known_addr { host: "127.17.51.60" port: 11082 } } }
I0927 22:56:07.993502 19141 negotiation.cc:315] RPC negotiation tracing enabled. Trace: 0927 22:56:07.992955 (+ 0us) reactor.cc:577] Submitting negotiation task for client connection to 127.17.51.61:11081 0927 22:56:07.993266 (+ 311us) negotiation.cc:98] Waiting for socket to connect 0927 22:56:07.993321 (+ 55us) negotiation.cc:304] Negotiation complete: Network error: Client connection negotiation failed: client connection to 127.17.51.61:11081: connect: Connection refused (error 111) Metrics: {"client-negotiator.queue_time_us":166}
W0927 22:56:07.993652 18436 consensus_peers.cc:435] T 00000000000000000000000000000000 P 9fa6f72caa24460e896f673a01c0fcf2 -> Peer 93ce3bfa2f2a4d00abf078a11b3b7fec (127.17.51.61:11081): Couldn't send request to peer 93ce3bfa2f2a4d00abf078a11b3b7fec for tablet 00000000000000000000000000000000. Status: Network error: Client connection negotiation failed: client connection to 127.17.51.61:11081: connect: Connection refused (error 111). Retrying in the next heartbeat period. Already tried 2 times.
I0927 22:56:07.993505 19147 sys_catalog.cc:338] T 00000000000000000000000000000000 P 9fa6f72caa24460e896f673a01c0fcf2 [sys.catalog]: This master's current role is: LEADER
