I0802 04:15:01.739195 1110 consensus_queue.cc:227] T bb6b8e87379d45f68e5e712714b02d1f P ce57a0e8b6a942f8923606287c5ff61c [NON_LEADER]: Queue going to NON_LEADER mode. State: All replicated index: 0, Majority replicated index: 0, Committed index: 0, Last appended: 0.0, Last appended by leader: 0, Current term: 0, Majority size: -1, State: 0, Mode: NON_LEADER, active raft config: opid_index: -1 OBSOLETE_local: false peers { permanent_uuid: "c7577ce447b545f8ab9695673d2e00c4" member_type: VOTER last_known_addr { host: "127.0.52.193" port: 33585 } } peers { permanent_uuid: "ce57a0e8b6a942f8923606287c5ff61c" member_type: VOTER last_known_addr { host: "127.0.52.194" port: 35717 } } peers { permanent_uuid: "08bb750123664f5782edc1976ab8e592" member_type: VOTER last_known_addr { host: "127.0.52.195" port: 38677 } }
I0802 04:15:01.739284 1111 tablet_bootstrap.cc:586] T c7b6eb8c140240669d04460b69f8a4df P 08bb750123664f5782edc1976ab8e592: No blocks or log segments found. Creating new log.
I0802 04:15:01.739639 1112 tablet_bootstrap.cc:586] T bb6b8e87379d45f68e5e712714b02d1f P c7577ce447b545f8ab9695673d2e00c4: No blocks or log segments found. Creating new log.
I0802 04:15:01.740267 1110 ts_tablet_manager.cc:1073] T bb6b8e87379d45f68e5e712714b02d1f P ce57a0e8b6a942f8923606287c5ff61c: Time spent starting tablet: real 0.002s user 0.001s sys 0.000s
I0802 04:15:01.740434 1110 ts_tablet_manager.cc:1028] T 34546b1bdca44b04addad9e4657a1ec9 P ce57a0e8b6a942f8923606287c5ff61c: Bootstrapping tablet
I0802 04:15:01.740499 1111 tablet_bootstrap.cc:432] T c7b6eb8c140240669d04460b69f8a4df P 08bb750123664f5782edc1976ab8e592: No bootstrap required, opened a new log
I0802 04:15:01.740504 1110 tablet_bootstrap.cc:432] T 34546b1bdca44b04addad9e4657a1ec9 P ce57a0e8b6a942f8923606287c5ff61c: Bootstrap starting.
I0802 04:15:01.740556 1111 ts_tablet_manager.cc:1045] T c7b6eb8c140240669d04460b69f8a4df P 08bb750123664f5782edc1976ab8e592: Time spent bootstrapping tablet: real 0.002s user 0.001s sys 0.000s
I0802 04:15:01.740949 1112 tablet_bootstrap.cc:432] T bb6b8e87379d45f68e5e712714b02d1f P c7577ce447b545f8ab9695673d2e00c4: No bootstrap required, opened a new log
I0802 04:15:01.740952 1111 raft_consensus.cc:325] T c7b6eb8c140240669d04460b69f8a4df P 08bb750123664f5782edc1976ab8e592 [term 0 FOLLOWER]: Replica starting. Triggering 0 pending transactions. Active config: opid_index: -1 OBSOLETE_local: false peers { permanent_uuid: "c7577ce447b545f8ab9695673d2e00c4" member_type: VOTER last_known_addr { host: "127.0.52.193" port: 33585 } } peers { permanent_uuid: "ce57a0e8b6a942f8923606287c5ff61c" member_type: VOTER last_known_addr { host: "127.0.52.194" port: 35717 } } peers { permanent_uuid: "08bb750123664f5782edc1976ab8e592" member_type: VOTER last_known_addr { host: "127.0.52.195" port: 38677 } }
I0802 04:15:01.740977 1111 raft_consensus.cc:351] T c7b6eb8c140240669d04460b69f8a4df P 08bb750123664f5782edc1976ab8e592 [term 0 FOLLOWER]: Consensus starting up: Expiring failure detector timer to make a prompt election more likely
I0802 04:15:01.740993 1111 raft_consensus.cc:630] T c7b6eb8c140240669d04460b69f8a4df P 08bb750123664f5782edc1976ab8e592 [term 0 FOLLOWER]: Becoming Follower/Learner. State: Replica: 08bb750123664f5782edc1976ab8e592, State: Initialized, Role: FOLLOWER
I0802 04:15:01.741010 1112 ts_tablet_manager.cc:1045] T bb6b8e87379d45f68e5e712714b02d1f P c7577ce447b545f8ab9695673d2e00c4: Time spent bootstrapping tablet: real 0.002s user 0.001s sys 0.000s
I0802 04:15:01.741149 1111 consensus_queue.cc:227] T c7b6eb8c140240669d04460b69f8a4df P 08bb750123664f5782edc1976ab8e592 [NON_LEADER]: Queue going to NON_LEADER mode. State: All replicated index: 0, Majority replicated index: 0, Committed index: 0, Last appended: 0.0, Last appended by leader: 0, Current term: 0, Majority size: -1, State: 0, Mode: NON_LEADER, active raft config: opid_index: -1 OBSOLETE_local: false peers { permanent_uuid: "c7577ce447b545f8ab9695673d2e00c4" member_type: VOTER last_known_addr { host: "127.0.52.193" port: 33585 } } peers { permanent_uuid: "ce57a0e8b6a942f8923606287c5ff61c" member_type: VOTER last_known_addr { host: "127.0.52.194" port: 35717 } } peers { permanent_uuid: "08bb750123664f5782edc1976ab8e592" member_type: VOTER last_known_addr { host: "127.0.52.195" port: 38677 } }
I0802 04:15:01.741221 1110 tablet_bootstrap.cc:586] T 34546b1bdca44b04addad9e4657a1ec9 P ce57a0e8b6a942f8923606287c5ff61c: No blocks or log segments found. Creating new log.
I0802 04:15:01.741417 1112 raft_consensus.cc:325] T bb6b8e87379d45f68e5e712714b02d1f P c7577ce447b545f8ab9695673d2e00c4 [term 0 FOLLOWER]: Replica starting. Triggering 0 pending transactions. Active config: opid_index: -1 OBSOLETE_local: false peers { permanent_uuid: "c7577ce447b545f8ab9695673d2e00c4" member_type: VOTER last_known_addr { host: "127.0.52.193" port: 33585 } } peers { permanent_uuid: "ce57a0e8b6a942f8923606287c5ff61c" member_type: VOTER last_known_addr { host: "127.0.52.194" port: 35717 } } peers { permanent_uuid: "08bb750123664f5782edc1976ab8e592" member_type: VOTER last_known_addr { host: "127.0.52.195" port: 38677 } }
I0802 04:15:01.741451 1112 raft_consensus.cc:351] T bb6b8e87379d45f68e5e712714b02d1f P c7577ce447b545f8ab9695673d2e00c4 [term 0 FOLLOWER]: Consensus starting up: Expiring failure detector timer to make a prompt election more likely
I0802 04:15:01.741468 1112 raft_consensus.cc:630] T bb6b8e87379d45f68e5e712714b02d1f P c7577ce447b545f8ab9695673d2e00c4 [term 0 FOLLOWER]: Becoming Follower/Learner. State: Replica: c7577ce447b545f8ab9695673d2e00c4, State: Initialized, Role: FOLLOWER
I0802 04:15:01.741631 1112 consensus_queue.cc:227] T bb6b8e87379d45f68e5e712714b02d1f P c7577ce447b545f8ab9695673d2e00c4 [NON_LEADER]: Queue going to NON_LEADER mode. State: All replicated index: 0, Majority replicated index: 0, Committed index: 0, Last appended: 0.0, Last appended by leader: 0, Current term: 0, Majority size: -1, State: 0, Mode: NON_LEADER, active raft config: opid_index: -1 OBSOLETE_local: false peers { permanent_uuid: "c7577ce447b545f8ab9695673d2e00c4" member_type: VOTER last_known_addr { host: "127.0.52.193" port: 33585 } } peers { permanent_uuid: "ce57a0e8b6a942f8923606287c5ff61c" member_type: VOTER last_known_addr { host: "127.0.52.194" port: 35717 } } peers { permanent_uuid: "08bb750123664f5782edc1976ab8e592" member_type: VOTER last_known_addr { host: "127.0.52.195" port: 38677 } }
I0802 04:15:01.742130 1110 tablet_bootstrap.cc:432] T 34546b1bdca44b04addad9e4657a1ec9 P ce57a0e8b6a942f8923606287c5ff61c: No bootstrap required, opened a new log
I0802 04:15:01.742192 1110 ts_tablet_manager.cc:1045] T 34546b1bdca44b04addad9e4657a1ec9 P ce57a0e8b6a942f8923606287c5ff61c: Time spent bootstrapping tablet: real 0.002s user 0.001s sys 0.000s
I0802 04:15:01.742278 1111 ts_tablet_manager.cc:1073] T c7b6eb8c140240669d04460b69f8a4df P 08bb750123664f5782edc1976ab8e592: Time spent starting tablet: real 0.002s user 0.001s sys 0.000s
I0802 04:15:01.742466 1111 ts_tablet_manager.cc:1028] T 1466ff556b9846a69bfc0e0c047672ef P 08bb750123664f5782edc1976ab8e592: Bootstrapping tablet
I0802 04:15:01.742530 1111 tablet_bootstrap.cc:432] T 1466ff556b9846a69bfc0e0c047672ef P 08bb750123664f5782edc1976ab8e592: Bootstrap starting.
I0802 04:15:01.742590 1110 raft_consensus.cc:325] T 34546b1bdca44b04addad9e4657a1ec9 P ce57a0e8b6a942f8923606287c5ff61c [term 0 FOLLOWER]: Replica starting. Triggering 0 pending transactions. Active config: opid_index: -1 OBSOLETE_local: false peers { permanent_uuid: "c7577ce447b545f8ab9695673d2e00c4" member_type: VOTER last_known_addr { host: "127.0.52.193" port: 33585 } } peers { permanent_uuid: "ce57a0e8b6a942f8923606287c5ff61c" member_type: VOTER last_known_addr { host: "127.0.52.194" port: 35717 } } peers { permanent_uuid: "08bb750123664f5782edc1976ab8e592" member_type: VOTER last_known_addr { host: "127.0.52.195" port: 38677 } }
I0802 04:15:01.742619 1110 raft_consensus.cc:351] T 34546b1bdca44b04addad9e4657a1ec9 P ce57a0e8b6a942f8923606287c5ff61c [term 0 FOLLOWER]: Consensus starting up: Expiring failure detector timer to make a prompt election more likely
I0802 04:15:01.742635 1110 raft_consensus.cc:630] T 34546b1bdca44b04addad9e4657a1ec9 P ce57a0e8b6a942f8923606287c5ff61c [term 0 FOLLOWER]: Becoming Follower/Learner. State: Replica: ce57a0e8b6a942f8923606287c5ff61c, State: Initialized, Role: FOLLOWER
I0802 04:15:01.742820 1110 consensus_queue.cc:227] T 34546b1bdca44b04addad9e4657a1ec9 P ce57a0e8b6a942f8923606287c5ff61c [NON_LEADER]: Queue going to NON_LEADER mode. State: All replicated index: 0, Majority replicated index: 0, Committed index: 0, Last appended: 0.0, Last appended by leader: 0, Current term: 0, Majority size: -1, State: 0, Mode: NON_LEADER, active raft config: opid_index: -1 OBSOLETE_local: false peers { permanent_uuid: "c7577ce447b545f8ab9695673d2e00c4" member_type: VOTER last_known_addr { host: "127.0.52.193" port: 33585 } } peers { permanent_uuid: "ce57a0e8b6a942f8923606287c5ff61c" member_type: VOTER last_known_addr { host: "127.0.52.194" port: 35717 } } peers { permanent_uuid: "08bb750123664f5782edc1976ab8e592" member_type: VOTER last_known_addr { host: "127.0.52.195" port: 38677 } }
I0802 04:15:01.742879 1112 ts_tablet_manager.cc:1073] T bb6b8e87379d45f68e5e712714b02d1f P c7577ce447b545f8ab9695673d2e00c4: Time spent starting tablet: real 0.002s user 0.001s sys 0.000s
I0802 04:15:01.742964 1112 ts_tablet_manager.cc:1028] T 1466ff556b9846a69bfc0e0c047672ef P c7577ce447b545f8ab9695673d2e00c4: Bootstrapping tablet
I0802 04:15:01.743021 1112 tablet_bootstrap.cc:432] T 1466ff556b9846a69bfc0e0c047672ef P c7577ce447b545f8ab9695673d2e00c4: Bootstrap starting.
I0802 04:15:01.743255 1111 tablet_bootstrap.cc:586] T 1466ff556b9846a69bfc0e0c047672ef P 08bb750123664f5782edc1976ab8e592: No blocks or log segments found. Creating new log.
I0802 04:15:01.743362 1110 ts_tablet_manager.cc:1073] T 34546b1bdca44b04addad9e4657a1ec9 P ce57a0e8b6a942f8923606287c5ff61c: Time spent starting tablet: real 0.001s user 0.001s sys 0.000s
I0802 04:15:01.743443 1110 ts_tablet_manager.cc:1028] T a5483cdca36b41b6b050d590c2e0e47f P ce57a0e8b6a942f8923606287c5ff61c: Bootstrapping tablet
I0802 04:15:01.743510 1110 tablet_bootstrap.cc:432] T a5483cdca36b41b6b050d590c2e0e47f P ce57a0e8b6a942f8923606287c5ff61c: Bootstrap starting.
I0802 04:15:01.743716 1112 tablet_bootstrap.cc:586] T 1466ff556b9846a69bfc0e0c047672ef P c7577ce447b545f8ab9695673d2e00c4: No blocks or log segments found. Creating new log.
I0802 04:15:01.744221 1110 tablet_bootstrap.cc:586] T a5483cdca36b41b6b050d590c2e0e47f P ce57a0e8b6a942f8923606287c5ff61c: No blocks or log segments found. Creating new log.
I0802 04:15:01.745313 1112 tablet_bootstrap.cc:432] T 1466ff556b9846a69bfc0e0c047672ef P c7577ce447b545f8ab9695673d2e00c4: No bootstrap required, opened a new log
I0802 04:15:01.745395 1112 ts_tablet_manager.cc:1045] T 1466ff556b9846a69bfc0e0c047672ef P c7577ce447b545f8ab9695673d2e00c4: Time spent bootstrapping tablet: real 0.002s user 0.002s sys 0.000s
I0802 04:15:01.745652 1110 tablet_bootstrap.cc:432] T a5483cdca36b41b6b050d590c2e0e47f P ce57a0e8b6a942f8923606287c5ff61c: No bootstrap required, opened a new log
I0802 04:15:01.745717 1110 ts_tablet_manager.cc:1045] T a5483cdca36b41b6b050d590c2e0e47f P ce57a0e8b6a942f8923606287c5ff61c: Time spent bootstrapping tablet: real 0.002s user 0.002s sys 0.000s
I0802 04:15:01.745790 1112 raft_consensus.cc:325] T 1466ff556b9846a69bfc0e0c047672ef P c7577ce447b545f8ab9695673d2e00c4 [term 0 FOLLOWER]: Replica starting. Triggering 0 pending transactions. Active config: opid_index: -1 OBSOLETE_local: false peers { permanent_uuid: "ce57a0e8b6a942f8923606287c5ff61c" member_type: VOTER last_known_addr { host: "127.0.52.194" port: 35717 } } peers { permanent_uuid: "c7577ce447b545f8ab9695673d2e00c4" member_type: VOTER last_known_addr { host: "127.0.52.193" port: 33585 } } peers { permanent_uuid: "08bb750123664f5782edc1976ab8e592" member_type: VOTER last_known_addr { host: "127.0.52.195" port: 38677 } }
I0802 04:15:01.745810 1112 raft_consensus.cc:351] T 1466ff556b9846a69bfc0e0c047672ef P c7577ce447b545f8ab9695673d2e00c4 [term 0 FOLLOWER]: Consensus starting up: Expiring failure detector timer to make a prompt election more likely
I0802 04:15:01.745823 1112 raft_consensus.cc:630] T 1466ff556b9846a69bfc0e0c047672ef P c7577ce447b545f8ab9695673d2e00c4 [term 0 FOLLOWER]: Becoming Follower/Learner. State: Replica: c7577ce447b545f8ab9695673d2e00c4, State: Initialized, Role: FOLLOWER
I0802 04:15:01.746062 1111 tablet_bootstrap.cc:432] T 1466ff556b9846a69bfc0e0c047672ef P 08bb750123664f5782edc1976ab8e592: No bootstrap required, opened a new log
I0802 04:15:01.746134 1110 raft_consensus.cc:325] T a5483cdca36b41b6b050d590c2e0e47f P ce57a0e8b6a942f8923606287c5ff61c [term 0 FOLLOWER]: Replica starting. Triggering 0 pending transactions. Active config: opid_index: -1 OBSOLETE_local: false peers { permanent_uuid: "c7577ce447b545f8ab9695673d2e00c4" member_type: VOTER last_known_addr { host: "127.0.52.193" port: 33585 } } peers { permanent_uuid: "ce57a0e8b6a942f8923606287c5ff61c" member_type: VOTER last_known_addr { host: "127.0.52.194" port: 35717 } } peers { permanent_uuid: "08bb750123664f5782edc1976ab8e592" member_type: VOTER last_known_addr { host: "127.0.52.195" port: 38677 } }
I0802 04:15:01.746157 1110 raft_consensus.cc:351] T a5483cdca36b41b6b050d590c2e0e47f P ce57a0e8b6a942f8923606287c5ff61c [term 0 FOLLOWER]: Consensus starting up: Expiring failure detector timer to make a prompt election more likely
I0802 04:15:01.746160 1111 ts_tablet_manager.cc:1045] T 1466ff556b9846a69bfc0e0c047672ef P 08bb750123664f5782edc1976ab8e592: Time spent bootstrapping tablet: real 0.004s user 0.002s sys 0.000s
I0802 04:15:01.746174 1110 raft_consensus.cc:630] T a5483cdca36b41b6b050d590c2e0e47f P ce57a0e8b6a942f8923606287c5ff61c [term 0 FOLLOWER]: Becoming Follower/Learner. State: Replica: ce57a0e8b6a942f8923606287c5ff61c, State: Initialized, Role: FOLLOWER
I0802 04:15:01.746328 1110 consensus_queue.cc:227] T a5483cdca36b41b6b050d590c2e0e47f P ce57a0e8b6a942f8923606287c5ff61c [NON_LEADER]: Queue going to NON_LEADER mode. State: All replicated index: 0, Majority replicated index: 0, Committed index: 0, Last appended: 0.0, Last appended by leader: 0, Current term: 0, Majority size: -1, State: 0, Mode: NON_LEADER, active raft config: opid_index: -1 OBSOLETE_local: false peers { permanent_uuid: "c7577ce447b545f8ab9695673d2e00c4" member_type: VOTER last_known_addr { host: "127.0.52.193" port: 33585 } } peers { permanent_uuid: "ce57a0e8b6a942f8923606287c5ff61c" member_type: VOTER last_known_addr { host: "127.0.52.194" port: 35717 } } peers { permanent_uuid: "08bb750123664f5782edc1976ab8e592" member_type: VOTER last_known_addr { host: "127.0.52.195" port: 38677 } }
I0802 04:15:01.746563 1111 raft_consensus.cc:325] T 1466ff556b9846a69bfc0e0c047672ef P 08bb750123664f5782edc1976ab8e592 [term 0 FOLLOWER]: Replica starting. Triggering 0 pending transactions. Active config: opid_index: -1 OBSOLETE_local: false peers { permanent_uuid: "ce57a0e8b6a942f8923606287c5ff61c" member_type: VOTER last_known_addr { host: "127.0.52.194" port: 35717 } } peers { permanent_uuid: "c7577ce447b545f8ab9695673d2e00c4" member_type: VOTER last_known_addr { host: "127.0.52.193" port: 33585 } } peers { permanent_uuid: "08bb750123664f5782edc1976ab8e592" member_type: VOTER last_known_addr { host: "127.0.52.195" port: 38677 } }
I0802 04:15:01.746595 1111 raft_consensus.cc:351] T 1466ff556b9846a69bfc0e0c047672ef P 08bb750123664f5782edc1976ab8e592 [term 0 FOLLOWER]: Consensus starting up: Expiring failure detector timer to make a prompt election more likely
I0802 04:15:01.746613 1111 raft_consensus.cc:630] T 1466ff556b9846a69bfc0e0c047672ef P 08bb750123664f5782edc1976ab8e592 [term 0 FOLLOWER]: Becoming Follower/Learner. State: Replica: 08bb750123664f5782edc1976ab8e592, State: Initialized, Role: FOLLOWER
I0802 04:15:01.746695 1110 ts_tablet_manager.cc:1073] T a5483cdca36b41b6b050d590c2e0e47f P ce57a0e8b6a942f8923606287c5ff61c: Time spent starting tablet: real 0.001s user 0.001s sys 0.000s
I0802 04:15:01.746762 1111 consensus_queue.cc:227] T 1466ff556b9846a69bfc0e0c047672ef P 08bb750123664f5782edc1976ab8e592 [NON_LEADER]: Queue going to NON_LEADER mode. State: All replicated index: 0, Majority replicated index: 0, Committed index: 0, Last appended: 0.0, Last appended by leader: 0, Current term: 0, Majority size: -1, State: 0, Mode: NON_LEADER, active raft config: opid_index: -1 OBSOLETE_local: false peers { permanent_uuid: "ce57a0e8b6a942f8923606287c5ff61c" member_type: VOTER last_known_addr { host: "127.0.52.194" port: 35717 } } peers { permanent_uuid: "c7577ce447b545f8ab9695673d2e00c4" member_type: VOTER last_known_addr { host: "127.0.52.193" port: 33585 } } peers { permanent_uuid: "08bb750123664f5782edc1976ab8e592" member_type: VOTER last_known_addr { host: "127.0.52.195" port: 38677 } }
I0802 04:15:01.746795 1110 ts_tablet_manager.cc:1028] T 0564a0d5344449339ea7eabe7e82591f P ce57a0e8b6a942f8923606287c5ff61c: Bootstrapping tablet
I0802 04:15:01.746851 1110 tablet_bootstrap.cc:432] T 0564a0d5344449339ea7eabe7e82591f P ce57a0e8b6a942f8923606287c5ff61c: Bootstrap starting.
I0802 04:15:01.747129 1111 ts_tablet_manager.cc:1073] T 1466ff556b9846a69bfc0e0c047672ef P 08bb750123664f5782edc1976ab8e592: Time spent starting tablet: real 0.001s user 0.001s sys 0.000s
I0802 04:15:01.747207 1111 ts_tablet_manager.cc:1028] T fce2c7936a8c4bc798ebc03c5e2df17e P 08bb750123664f5782edc1976ab8e592: Bootstrapping tablet
I0802 04:15:01.747262 1111 tablet_bootstrap.cc:432] T fce2c7936a8c4bc798ebc03c5e2df17e P 08bb750123664f5782edc1976ab8e592: Bootstrap starting.
I0802 04:15:01.747561 1110 tablet_bootstrap.cc:586] T 0564a0d5344449339ea7eabe7e82591f P ce57a0e8b6a942f8923606287c5ff61c: No blocks or log segments found. Creating new log.
I0802 04:15:01.748497 1110 tablet_bootstrap.cc:432] T 0564a0d5344449339ea7eabe7e82591f P ce57a0e8b6a942f8923606287c5ff61c: No bootstrap required, opened a new log
I0802 04:15:01.748600 1110 ts_tablet_manager.cc:1045] T 0564a0d5344449339ea7eabe7e82591f P ce57a0e8b6a942f8923606287c5ff61c: Time spent bootstrapping tablet: real 0.002s user 0.001s sys 0.000s
I0802 04:15:01.748785 1111 tablet_bootstrap.cc:586] T fce2c7936a8c4bc798ebc03c5e2df17e P 08bb750123664f5782edc1976ab8e592: No blocks or log segments found. Creating new log.
I0802 04:15:01.749053 1110 raft_consensus.cc:325] T 0564a0d5344449339ea7eabe7e82591f P ce57a0e8b6a942f8923606287c5ff61c [term 0 FOLLOWER]: Replica starting. Triggering 0 pending transactions. Active config: opid_index: -1 OBSOLETE_local: false peers { permanent_uuid: "ce57a0e8b6a942f8923606287c5ff61c" member_type: VOTER last_known_addr { host: "127.0.52.194" port: 35717 } } peers { permanent_uuid: "c7577ce447b545f8ab9695673d2e00c4" member_type: VOTER last_known_addr { host: "127.0.52.193" port: 33585 } } peers { permanent_uuid: "08bb750123664f5782edc1976ab8e592" member_type: VOTER last_known_addr { host: "127.0.52.195" port: 38677 } }
I0802 04:15:01.749089 1110 raft_consensus.cc:351] T 0564a0d5344449339ea7eabe7e82591f P ce57a0e8b6a942f8923606287c5ff61c [term 0 FOLLOWER]: Consensus starting up: Expiring failure detector timer to make a prompt election more likely
I0802 04:15:01.749106 1110 raft_consensus.cc:630] T 0564a0d5344449339ea7eabe7e82591f P ce57a0e8b6a942f8923606287c5ff61c [term 0 FOLLOWER]: Becoming Follower/Learner. State: Replica: ce57a0e8b6a942f8923606287c5ff61c, State: Initialized, Role: FOLLOWER
I0802 04:15:01.749254 1110 consensus_queue.cc:227] T 0564a0d5344449339ea7eabe7e82591f P ce57a0e8b6a942f8923606287c5ff61c [NON_LEADER]: Queue going to NON_LEADER mode. State: All replicated index: 0, Majority replicated index: 0, Committed index: 0, Last appended: 0.0, Last appended by leader: 0, Current term: 0, Majority size: -1, State: 0, Mode: NON_LEADER, active raft config: opid_index: -1 OBSOLETE_local: false peers { permanent_uuid: "ce57a0e8b6a942f8923606287c5ff61c" member_type: VOTER last_known_addr { host: "127.0.52.194" port: 35717 } } peers { permanent_uuid: "c7577ce447b545f8ab9695673d2e00c4" member_type: VOTER last_known_addr { host: "127.0.52.193" port: 33585 } } peers { permanent_uuid: "08bb750123664f5782edc1976ab8e592" member_type: VOTER last_known_addr { host: "127.0.52.195" port: 38677 } }
I0802 04:15:01.749294 1112 consensus_queue.cc:227] T 1466ff556b9846a69bfc0e0c047672ef P c7577ce447b545f8ab9695673d2e00c4 [NON_LEADER]: Queue going to NON_LEADER mode. State: All replicated index: 0, Majority replicated index: 0, Committed index: 0, Last appended: 0.0, Last appended by leader: 0, Current term: 0, Majority size: -1, State: 0, Mode: NON_LEADER, active raft config: opid_index: -1 OBSOLETE_local: false peers { permanent_uuid: "ce57a0e8b6a942f8923606287c5ff61c" member_type: VOTER last_known_addr { host: "127.0.52.194" port: 35717 } } peers { permanent_uuid: "c7577ce447b545f8ab9695673d2e00c4" member_type: VOTER last_known_addr { host: "127.0.52.193" port: 33585 } } peers { permanent_uuid: "08bb750123664f5782edc1976ab8e592" member_type: VOTER last_known_addr { host: "127.0.52.195" port: 38677 } }
I0802 04:15:01.749608 1111 tablet_bootstrap.cc:432] T fce2c7936a8c4bc798ebc03c5e2df17e P 08bb750123664f5782edc1976ab8e592: No bootstrap required, opened a new log
I0802 04:15:01.749666 1112 ts_tablet_manager.cc:1073] T 1466ff556b9846a69bfc0e0c047672ef P c7577ce447b545f8ab9695673d2e00c4: Time spent starting tablet: real 0.004s user 0.001s sys 0.000s
I0802 04:15:01.749673 1111 ts_tablet_manager.cc:1045] T fce2c7936a8c4bc798ebc03c5e2df17e P 08bb750123664f5782edc1976ab8e592: Time spent bootstrapping tablet: real 0.002s user 0.001s sys 0.001s
I0802 04:15:01.749740 1112 ts_tablet_manager.cc:1028] T 34546b1bdca44b04addad9e4657a1ec9 P c7577ce447b545f8ab9695673d2e00c4: Bootstrapping tablet
I0802 04:15:01.749816 1112 tablet_bootstrap.cc:432] T 34546b1bdca44b04addad9e4657a1ec9 P c7577ce447b545f8ab9695673d2e00c4: Bootstrap starting.
I0802 04:15:01.750095 1111 raft_consensus.cc:325] T fce2c7936a8c4bc798ebc03c5e2df17e P 08bb750123664f5782edc1976ab8e592 [term 0 FOLLOWER]: Replica starting. Triggering 0 pending transactions. Active config: opid_index: -1 OBSOLETE_local: false peers { permanent_uuid: "ce57a0e8b6a942f8923606287c5ff61c" member_type: VOTER last_known_addr { host: "127.0.52.194" port: 35717 } } peers { permanent_uuid: "08bb750123664f5782edc1976ab8e592" member_type: VOTER last_known_addr { host: "127.0.52.195" port: 38677 } } peers { permanent_uuid: "c7577ce447b545f8ab9695673d2e00c4" member_type: VOTER last_known_addr { host: "127.0.52.193" port: 33585 } }
I0802 04:15:01.750121 1111 raft_consensus.cc:351] T fce2c7936a8c4bc798ebc03c5e2df17e P 08bb750123664f5782edc1976ab8e592 [term 0 FOLLOWER]: Consensus starting up: Expiring failure detector timer to make a prompt election more likely
I0802 04:15:01.750138 1111 raft_consensus.cc:630] T fce2c7936a8c4bc798ebc03c5e2df17e P 08bb750123664f5782edc1976ab8e592 [term 0 FOLLOWER]: Becoming Follower/Learner. State: Replica: 08bb750123664f5782edc1976ab8e592, State: Initialized, Role: FOLLOWER
I0802 04:15:01.750293 1111 consensus_queue.cc:227] T fce2c7936a8c4bc798ebc03c5e2df17e P 08bb750123664f5782edc1976ab8e592 [NON_LEADER]: Queue going to NON_LEADER mode. State: All replicated index: 0, Majority replicated index: 0, Committed index: 0, Last appended: 0.0, Last appended by leader: 0, Current term: 0, Majority size: -1, State: 0, Mode: NON_LEADER, active raft config: opid_index: -1 OBSOLETE_local: false peers { permanent_uuid: "ce57a0e8b6a942f8923606287c5ff61c" member_type: VOTER last_known_addr { host: "127.0.52.194" port: 35717 } } peers { permanent_uuid: "08bb750123664f5782edc1976ab8e592" member_type: VOTER last_known_addr { host: "127.0.52.195" port: 38677 } } peers { permanent_uuid: "c7577ce447b545f8ab9695673d2e00c4" member_type: VOTER last_known_addr { host: "127.0.52.193" port: 33585 } }
I0802 04:15:01.750547 1112 tablet_bootstrap.cc:586] T 34546b1bdca44b04addad9e4657a1ec9 P c7577ce447b545f8ab9695673d2e00c4: No blocks or log segments found. Creating new log.
I0802 04:15:01.750834 1111 ts_tablet_manager.cc:1073] T fce2c7936a8c4bc798ebc03c5e2df17e P 08bb750123664f5782edc1976ab8e592: Time spent starting tablet: real 0.001s user 0.000s sys 0.001s
I0802 04:15:01.751317 1110 ts_tablet_manager.cc:1073] T 0564a0d5344449339ea7eabe7e82591f P ce57a0e8b6a942f8923606287c5ff61c: Time spent starting tablet: real 0.003s user 0.001s sys 0.000s
I0802 04:15:01.751395 1110 ts_tablet_manager.cc:1028] T c7b6eb8c140240669d04460b69f8a4df P ce57a0e8b6a942f8923606287c5ff61c: Bootstrapping tablet
I0802 04:15:01.751451 1110 tablet_bootstrap.cc:432] T c7b6eb8c140240669d04460b69f8a4df P ce57a0e8b6a942f8923606287c5ff61c: Bootstrap starting.
I0802 04:15:01.751488 1112 tablet_bootstrap.cc:432] T 34546b1bdca44b04addad9e4657a1ec9 P c7577ce447b545f8ab9695673d2e00c4: No bootstrap required, opened a new log
I0802 04:15:01.751550 1112 ts_tablet_manager.cc:1045] T 34546b1bdca44b04addad9e4657a1ec9 P c7577ce447b545f8ab9695673d2e00c4: Time spent bootstrapping tablet: real 0.002s user 0.001s sys 0.000s
I0802 04:15:01.751955 1110 tablet_bootstrap.cc:586] T c7b6eb8c140240669d04460b69f8a4df P ce57a0e8b6a942f8923606287c5ff61c: No blocks or log segments found. Creating new log.
I0802 04:15:01.751996 1112 raft_consensus.cc:325] T 34546b1bdca44b04addad9e4657a1ec9 P c7577ce447b545f8ab9695673d2e00c4 [term 0 FOLLOWER]: Replica starting. Triggering 0 pending transactions. Active config: opid_index: -1 OBSOLETE_local: false peers { permanent_uuid: "c7577ce447b545f8ab9695673d2e00c4" member_type: VOTER last_known_addr { host: "127.0.52.193" port: 33585 } } peers { permanent_uuid: "ce57a0e8b6a942f8923606287c5ff61c" member_type: VOTER last_known_addr { host: "127.0.52.194" port: 35717 } } peers { permanent_uuid: "08bb750123664f5782edc1976ab8e592" member_type: VOTER last_known_addr { host: "127.0.52.195" port: 38677 } }
I0802 04:15:01.752020 1112 raft_consensus.cc:351] T 34546b1bdca44b04addad9e4657a1ec9 P c7577ce447b545f8ab9695673d2e00c4 [term 0 FOLLOWER]: Consensus starting up: Expiring failure detector timer to make a prompt election more likely
I0802 04:15:01.752038 1112 raft_consensus.cc:630] T 34546b1bdca44b04addad9e4657a1ec9 P c7577ce447b545f8ab9695673d2e00c4 [term 0 FOLLOWER]: Becoming Follower/Learner. State: Replica: c7577ce447b545f8ab9695673d2e00c4, State: Initialized, Role: FOLLOWER
I0802 04:15:01.752174 1112 consensus_queue.cc:227] T 34546b1bdca44b04addad9e4657a1ec9 P c7577ce447b545f8ab9695673d2e00c4 [NON_LEADER]: Queue going to NON_LEADER mode. State: All replicated index: 0, Majority replicated index: 0, Committed index: 0, Last appended: 0.0, Last appended by leader: 0, Current term: 0, Majority size: -1, State: 0, Mode: NON_LEADER, active raft config: opid_index: -1 OBSOLETE_local: false peers { permanent_uuid: "c7577ce447b545f8ab9695673d2e00c4" member_type: VOTER last_known_addr { host: "127.0.52.193" port: 33585 } } peers { permanent_uuid: "ce57a0e8b6a942f8923606287c5ff61c" member_type: VOTER last_known_addr { host: "127.0.52.194" port: 35717 } } peers { permanent_uuid: "08bb750123664f5782edc1976ab8e592" member_type: VOTER last_known_addr { host: "127.0.52.195" port: 38677 } }
I0802 04:15:01.752526 1112 ts_tablet_manager.cc:1073] T 34546b1bdca44b04addad9e4657a1ec9 P c7577ce447b545f8ab9695673d2e00c4: Time spent starting tablet: real 0.001s user 0.001s sys 0.000s
I0802 04:15:01.752609 1112 ts_tablet_manager.cc:1028] T fce2c7936a8c4bc798ebc03c5e2df17e P c7577ce447b545f8ab9695673d2e00c4: Bootstrapping tablet
I0802 04:15:01.752678 1112 tablet_bootstrap.cc:432] T fce2c7936a8c4bc798ebc03c5e2df17e P c7577ce447b545f8ab9695673d2e00c4: Bootstrap starting.
I0802 04:15:01.753408 1112 tablet_bootstrap.cc:586] T fce2c7936a8c4bc798ebc03c5e2df17e P c7577ce447b545f8ab9695673d2e00c4: No blocks or log segments found. Creating new log.
I0802 04:15:01.754145 1110 tablet_bootstrap.cc:432] T c7b6eb8c140240669d04460b69f8a4df P ce57a0e8b6a942f8923606287c5ff61c: No bootstrap required, opened a new log
I0802 04:15:01.754215 1110 ts_tablet_manager.cc:1045] T c7b6eb8c140240669d04460b69f8a4df P ce57a0e8b6a942f8923606287c5ff61c: Time spent bootstrapping tablet: real 0.003s user 0.001s sys 0.000s
I0802 04:15:01.754338 1112 tablet_bootstrap.cc:432] T fce2c7936a8c4bc798ebc03c5e2df17e P c7577ce447b545f8ab9695673d2e00c4: No bootstrap required, opened a new log
I0802 04:15:01.754406 1112 ts_tablet_manager.cc:1045] T fce2c7936a8c4bc798ebc03c5e2df17e P c7577ce447b545f8ab9695673d2e00c4: Time spent bootstrapping tablet: real 0.002s user 0.001s sys 0.000s
I0802 04:15:01.754642 1110 raft_consensus.cc:325] T c7b6eb8c140240669d04460b69f8a4df P ce57a0e8b6a942f8923606287c5ff61c [term 0 FOLLOWER]: Replica starting. Triggering 0 pending transactions. Active config: opid_index: -1 OBSOLETE_local: false peers { permanent_uuid: "c7577ce447b545f8ab9695673d2e00c4" member_type: VOTER last_known_addr { host: "127.0.52.193" port: 33585 } } peers { permanent_uuid: "ce57a0e8b6a942f8923606287c5ff61c" member_type: VOTER last_known_addr { host: "127.0.52.194" port: 35717 } } peers { permanent_uuid: "08bb750123664f5782edc1976ab8e592" member_type: VOTER last_known_addr { host: "127.0.52.195" port: 38677 } }
I0802 04:15:01.754678 1110 raft_consensus.cc:351] T c7b6eb8c140240669d04460b69f8a4df P ce57a0e8b6a942f8923606287c5ff61c [term 0 FOLLOWER]: Consensus starting up: Expiring failure detector timer to make a prompt election more likely
I0802 04:15:01.754706 1110 raft_consensus.cc:630] T c7b6eb8c140240669d04460b69f8a4df P ce57a0e8b6a942f8923606287c5ff61c [term 0 FOLLOWER]: Becoming Follower/Learner. State: Replica: ce57a0e8b6a942f8923606287c5ff61c, State: Initialized, Role: FOLLOWER
I0802 04:15:01.754835 1112 raft_consensus.cc:325] T fce2c7936a8c4bc798ebc03c5e2df17e P c7577ce447b545f8ab9695673d2e00c4 [term 0 FOLLOWER]: Replica starting. Triggering 0 pending transactions. Active config: opid_index: -1 OBSOLETE_local: false peers { permanent_uuid: "ce57a0e8b6a942f8923606287c5ff61c" member_type: VOTER last_known_addr { host: "127.0.52.194" port: 35717 } } peers { permanent_uuid: "08bb750123664f5782edc1976ab8e592" member_type: VOTER last_known_addr { host: "127.0.52.195" port: 38677 } } peers { permanent_uuid: "c7577ce447b545f8ab9695673d2e00c4" member_type: VOTER last_known_addr { host: "127.0.52.193" port: 33585 } }
I0802 04:15:01.754870 1112 raft_consensus.cc:351] T fce2c7936a8c4bc798ebc03c5e2df17e P c7577ce447b545f8ab9695673d2e00c4 [term 0 FOLLOWER]: Consensus starting up: Expiring failure detector timer to make a prompt election more likely
I0802 04:15:01.754889 1110 consensus_queue.cc:227] T c7b6eb8c140240669d04460b69f8a4df P ce57a0e8b6a942f8923606287c5ff61c [NON_LEADER]: Queue going to NON_LEADER mode. State: All replicated index: 0, Majority replicated index: 0, Committed index: 0, Last appended: 0.0, Last appended by leader: 0, Current term: 0, Majority size: -1, State: 0, Mode: NON_LEADER, active raft config: opid_index: -1 OBSOLETE_local: false peers { permanent_uuid: "c7577ce447b545f8ab9695673d2e00c4" member_type: VOTER last_known_addr { host: "127.0.52.193" port: 33585 } } peers { permanent_uuid: "ce57a0e8b6a942f8923606287c5ff61c" member_type: VOTER last_known_addr { host: "127.0.52.194" port: 35717 } } peers { permanent_uuid: "08bb750123664f5782edc1976ab8e592" member_type: VOTER last_known_addr { host: "127.0.52.195" port: 38677 } }
I0802 04:15:01.754911 1112 raft_consensus.cc:630] T fce2c7936a8c4bc798ebc03c5e2df17e P c7577ce447b545f8ab9695673d2e00c4 [term 0 FOLLOWER]: Becoming Follower/Learner. State: Replica: c7577ce447b545f8ab9695673d2e00c4, State: Initialized, Role: FOLLOWER
I0802 04:15:01.755065 1112 consensus_queue.cc:227] T fce2c7936a8c4bc798ebc03c5e2df17e P c7577ce447b545f8ab9695673d2e00c4 [NON_LEADER]: Queue going to NON_LEADER mode. State: All replicated index: 0, Majority replicated index: 0, Committed index: 0, Last appended: 0.0, Last appended by leader: 0, Current term: 0, Majority size: -1, State: 0, Mode: NON_LEADER, active raft config: opid_index: -1 OBSOLETE_local: false peers { permanent_uuid: "ce57a0e8b6a942f8923606287c5ff61c" member_type: VOTER last_known_addr { host: "127.0.52.194" port: 35717 } } peers { permanent_uuid: "08bb750123664f5782edc1976ab8e592" member_type: VOTER last_known_addr { host: "127.0.52.195" port: 38677 } } peers { permanent_uuid: "c7577ce447b545f8ab9695673d2e00c4" member_type: VOTER last_known_addr { host: "127.0.52.193" port: 33585 } }
I0802 04:15:01.755244 1110 ts_tablet_manager.cc:1073] T c7b6eb8c140240669d04460b69f8a4df P ce57a0e8b6a942f8923606287c5ff61c: Time spent starting tablet: real 0.001s user 0.001s sys 0.000s
I0802 04:15:01.755307 1112 ts_tablet_manager.cc:1073] T fce2c7936a8c4bc798ebc03c5e2df17e P c7577ce447b545f8ab9695673d2e00c4: Time spent starting tablet: real 0.001s user 0.001s sys 0.000s
I0802 04:15:01.767736 1116 raft_consensus.cc:457] T fce2c7936a8c4bc798ebc03c5e2df17e P 08bb750123664f5782edc1976ab8e592 [term 0 FOLLOWER]: Starting pre-election (no leader contacted us within the election timeout)
I0802 04:15:01.767796 1116 raft_consensus.cc:2742] T fce2c7936a8c4bc798ebc03c5e2df17e P 08bb750123664f5782edc1976ab8e592: Snoozing failure detection for 1.516s (starting election)
I0802 04:15:01.767865 1116 raft_consensus.cc:479] T fce2c7936a8c4bc798ebc03c5e2df17e P 08bb750123664f5782edc1976ab8e592 [term 0 FOLLOWER]: Starting pre-election with config: opid_index: -1 OBSOLETE_local: false peers { permanent_uuid: "ce57a0e8b6a942f8923606287c5ff61c" member_type: VOTER last_known_addr { host: "127.0.52.194" port: 35717 } } peers { permanent_uuid: "08bb750123664f5782edc1976ab8e592" member_type: VOTER last_known_addr { host: "127.0.52.195" port: 38677 } } peers { permanent_uuid: "c7577ce447b545f8ab9695673d2e00c4" member_type: VOTER last_known_addr { host: "127.0.52.193" port: 33585 } }
I0802 04:15:01.768364 1116 leader_election.cc:251] T fce2c7936a8c4bc798ebc03c5e2df17e P 08bb750123664f5782edc1976ab8e592 [CANDIDATE]: Term 1 pre-election: Requesting pre-vote from peer ce57a0e8b6a942f8923606287c5ff61c (127.0.52.194:35717)
I0802 04:15:01.768537 1116 leader_election.cc:251] T fce2c7936a8c4bc798ebc03c5e2df17e P 08bb750123664f5782edc1976ab8e592 [CANDIDATE]: Term 1 pre-election: Requesting pre-vote from peer c7577ce447b545f8ab9695673d2e00c4 (127.0.52.193:33585)
I0802 04:15:01.773133 925 tablet_service.cc:995] Received RequestConsensusVote() RPC: tablet_id: "fce2c7936a8c4bc798ebc03c5e2df17e" candidate_uuid: "08bb750123664f5782edc1976ab8e592" candidate_term: 1 candidate_status { last_received { term: 0 index: 0 } } ignore_live_leader: false dest_uuid: "ce57a0e8b6a942f8923606287c5ff61c" is_pre_election: true
I0802 04:15:01.773239 925 raft_consensus.cc:2742] T fce2c7936a8c4bc798ebc03c5e2df17e P ce57a0e8b6a942f8923606287c5ff61c: Snoozing failure detection for 1.943s (vote granted)
I0802 04:15:01.773293 925 raft_consensus.cc:2255] T fce2c7936a8c4bc798ebc03c5e2df17e P ce57a0e8b6a942f8923606287c5ff61c [term 0 FOLLOWER]: Leader pre-election vote request: Granting yes vote for candidate 08bb750123664f5782edc1976ab8e592 in term 0.
I0802 04:15:01.773639 980 leader_election.cc:387] T fce2c7936a8c4bc798ebc03c5e2df17e P 08bb750123664f5782edc1976ab8e592 [CANDIDATE]: Term 1 pre-election: Vote granted by peer ce57a0e8b6a942f8923606287c5ff61c (127.0.52.194:35717)
I0802 04:15:01.773684 980 leader_election.cc:278] T fce2c7936a8c4bc798ebc03c5e2df17e P 08bb750123664f5782edc1976ab8e592 [CANDIDATE]: Term 1 pre-election: Election decided. Result: candidate won.
I0802 04:15:01.773736 802 tablet_service.cc:995] Received RequestConsensusVote() RPC: tablet_id: "fce2c7936a8c4bc798ebc03c5e2df17e" candidate_uuid: "08bb750123664f5782edc1976ab8e592" candidate_term: 1 candidate_status { last_received { term: 0 index: 0 } } ignore_live_leader: false dest_uuid: "c7577ce447b545f8ab9695673d2e00c4" is_pre_election: true
I0802 04:15:01.773836 802 raft_consensus.cc:2742] T fce2c7936a8c4bc798ebc03c5e2df17e P c7577ce447b545f8ab9695673d2e00c4: Snoozing failure detection for 1.808s (vote granted)
I0802 04:15:01.773886 802 raft_consensus.cc:2255] T fce2c7936a8c4bc798ebc03c5e2df17e P c7577ce447b545f8ab9695673d2e00c4 [term 0 FOLLOWER]: Leader pre-election vote request: Granting yes vote for candidate 08bb750123664f5782edc1976ab8e592 in term 0.
I0802 04:15:01.773907 1116 raft_consensus.cc:2742] T fce2c7936a8c4bc798ebc03c5e2df17e P 08bb750123664f5782edc1976ab8e592: Snoozing failure detection for 1.755s (election complete)
I0802 04:15:01.773933 1116 raft_consensus.cc:2549] T fce2c7936a8c4bc798ebc03c5e2df17e P 08bb750123664f5782edc1976ab8e592 [term 0 FOLLOWER]: Leader pre-election won for term 1
I0802 04:15:01.773947 1116 raft_consensus.cc:457] T fce2c7936a8c4bc798ebc03c5e2df17e P 08bb750123664f5782edc1976ab8e592 [term 0 FOLLOWER]: Starting leader election (no leader contacted us within the election timeout)
I0802 04:15:01.773955 1116 raft_consensus.cc:2742] T fce2c7936a8c4bc798ebc03c5e2df17e P 08bb750123664f5782edc1976ab8e592: Snoozing failure detection for 1.715s (starting election)
I0802 04:15:01.773967 1116 raft_consensus.cc:2794] T fce2c7936a8c4bc798ebc03c5e2df17e P 08bb750123664f5782edc1976ab8e592 [term 0 FOLLOWER]: Advancing to term 1
I0802 04:15:01.774210 978 leader_election.cc:387] T fce2c7936a8c4bc798ebc03c5e2df17e P 08bb750123664f5782edc1976ab8e592 [CANDIDATE]: Term 1 pre-election: Vote granted by peer c7577ce447b545f8ab9695673d2e00c4 (127.0.52.193:33585)
I0802 04:15:01.774746 1116 raft_consensus.cc:479] T fce2c7936a8c4bc798ebc03c5e2df17e P 08bb750123664f5782edc1976ab8e592 [term 1 FOLLOWER]: Starting leader election with config: opid_index: -1 OBSOLETE_local: false peers { permanent_uuid: "ce57a0e8b6a942f8923606287c5ff61c" member_type: VOTER last_known_addr { host: "127.0.52.194" port: 35717 } } peers { permanent_uuid: "08bb750123664f5782edc1976ab8e592" member_type: VOTER last_known_addr { host: "127.0.52.195" port: 38677 } } peers { permanent_uuid: "c7577ce447b545f8ab9695673d2e00c4" member_type: VOTER last_known_addr { host: "127.0.52.193" port: 33585 } }
I0802 04:15:01.774956 1116 leader_election.cc:251] T fce2c7936a8c4bc798ebc03c5e2df17e P 08bb750123664f5782edc1976ab8e592 [CANDIDATE]: Term 1 election: Requesting vote from peer ce57a0e8b6a942f8923606287c5ff61c (127.0.52.194:35717)
I0802 04:15:01.775046 1116 leader_election.cc:251] T fce2c7936a8c4bc798ebc03c5e2df17e P 08bb750123664f5782edc1976ab8e592 [CANDIDATE]: Term 1 election: Requesting vote from peer c7577ce447b545f8ab9695673d2e00c4 (127.0.52.193:33585)
I0802 04:15:01.775377 925 tablet_service.cc:995] Received RequestConsensusVote() RPC: tablet_id: "fce2c7936a8c4bc798ebc03c5e2df17e" candidate_uuid: "08bb750123664f5782edc1976ab8e592" candidate_term: 1 candidate_status { last_received { term: 0 index: 0 } } ignore_live_leader: false dest_uuid: "ce57a0e8b6a942f8923606287c5ff61c"
I0802 04:15:01.775431 925 raft_consensus.cc:2794] T fce2c7936a8c4bc798ebc03c5e2df17e P ce57a0e8b6a942f8923606287c5ff61c [term 0 FOLLOWER]: Advancing to term 1
I0802 04:15:01.775490 925 raft_consensus.cc:2742] T fce2c7936a8c4bc798ebc03c5e2df17e P ce57a0e8b6a942f8923606287c5ff61c: Snoozing failure detection for 1.893s (vote granted)
I0802 04:15:01.775488 802 tablet_service.cc:995] Received RequestConsensusVote() RPC: tablet_id: "fce2c7936a8c4bc798ebc03c5e2df17e" candidate_uuid: "08bb750123664f5782edc1976ab8e592" candidate_term: 1 candidate_status { last_received { term: 0 index: 0 } } ignore_live_leader: false dest_uuid: "c7577ce447b545f8ab9695673d2e00c4"
I0802 04:15:01.775537 802 raft_consensus.cc:2794] T fce2c7936a8c4bc798ebc03c5e2df17e P c7577ce447b545f8ab9695673d2e00c4 [term 0 FOLLOWER]: Advancing to term 1
I0802 04:15:01.775596 802 raft_consensus.cc:2742] T fce2c7936a8c4bc798ebc03c5e2df17e P c7577ce447b545f8ab9695673d2e00c4: Snoozing failure detection for 2.186s (vote granted)
I0802 04:15:01.776429 802 raft_consensus.cc:2255] T fce2c7936a8c4bc798ebc03c5e2df17e P c7577ce447b545f8ab9695673d2e00c4 [term 1 FOLLOWER]: Leader election vote request: Granting yes vote for candidate 08bb750123664f5782edc1976ab8e592 in term 1.
I0802 04:15:01.776433 925 raft_consensus.cc:2255] T fce2c7936a8c4bc798ebc03c5e2df17e P ce57a0e8b6a942f8923606287c5ff61c [term 1 FOLLOWER]: Leader election vote request: Granting yes vote for candidate 08bb750123664f5782edc1976ab8e592 in term 1.
I0802 04:15:01.776686 980 leader_election.cc:387] T fce2c7936a8c4bc798ebc03c5e2df17e P 08bb750123664f5782edc1976ab8e592 [CANDIDATE]: Term 1 election: Vote granted by peer ce57a0e8b6a942f8923606287c5ff61c (127.0.52.194:35717)
I0802 04:15:01.776731 980 leader_election.cc:278] T fce2c7936a8c4bc798ebc03c5e2df17e P 08bb750123664f5782edc1976ab8e592 [CANDIDATE]: Term 1 election: Election decided. Result: candidate won.
I0802 04:15:01.776768 978 leader_election.cc:387] T fce2c7936a8c4bc798ebc03c5e2df17e P 08bb750123664f5782edc1976ab8e592 [CANDIDATE]: Term 1 election: Vote granted by peer c7577ce447b545f8ab9695673d2e00c4 (127.0.52.193:33585)
I0802 04:15:01.776847 1116 raft_consensus.cc:2742] T fce2c7936a8c4bc798ebc03c5e2df17e P 08bb750123664f5782edc1976ab8e592: Snoozing failure detection for 1.572s (election complete)
I0802 04:15:01.776886 1116 raft_consensus.cc:2549] T fce2c7936a8c4bc798ebc03c5e2df17e P 08bb750123664f5782edc1976ab8e592 [term 1 FOLLOWER]: Leader election won for term 1
I0802 04:15:01.777021 1116 raft_consensus.cc:595] T fce2c7936a8c4bc798ebc03c5e2df17e P 08bb750123664f5782edc1976ab8e592 [term 1 LEADER]: Becoming Leader. State: Replica: 08bb750123664f5782edc1976ab8e592, State: Running, Role: LEADER
I0802 04:15:01.777277 1116 consensus_queue.cc:204] T fce2c7936a8c4bc798ebc03c5e2df17e P 08bb750123664f5782edc1976ab8e592 [LEADER]: Queue going to LEADER mode. State: All replicated index: 0, Majority replicated index: 0, Committed index: 0, Last appended: 0.0, Last appended by leader: 0, Current term: 1, Majority size: 2, State: 0, Mode: LEADER, active raft config: opid_index: -1 OBSOLETE_local: false peers { permanent_uuid: "ce57a0e8b6a942f8923606287c5ff61c" member_type: VOTER last_known_addr { host: "127.0.52.194" port: 35717 } } peers { permanent_uuid: "08bb750123664f5782edc1976ab8e592" member_type: VOTER last_known_addr { host: "127.0.52.195" port: 38677 } } peers { permanent_uuid: "c7577ce447b545f8ab9695673d2e00c4" member_type: VOTER last_known_addr { host: "127.0.52.193" port: 33585 } }
I0802 04:15:01.779342 681 catalog_manager.cc:3827] T fce2c7936a8c4bc798ebc03c5e2df17e P 08bb750123664f5782edc1976ab8e592 reported cstate change: term changed from 0 to 1, leader changed from to 08bb750123664f5782edc1976ab8e592 (127.0.52.195). New cstate: current_term: 1 leader_uuid: "08bb750123664f5782edc1976ab8e592" committed_config { opid_index: -1 OBSOLETE_local: false peers { permanent_uuid: "ce57a0e8b6a942f8923606287c5ff61c" member_type: VOTER last_known_addr { host: "127.0.52.194" port: 35717 } health_report { overall_health: UNKNOWN } } peers { permanent_uuid: "08bb750123664f5782edc1976ab8e592" member_type: VOTER last_known_addr { host: "127.0.52.195" port: 38677 } health_report { overall_health: HEALTHY } } peers { permanent_uuid: "c7577ce447b545f8ab9695673d2e00c4" member_type: VOTER last_known_addr { host: "127.0.52.193" port: 33585 } health_report { overall_health: UNKNOWN } } }
I0802 04:15:01.795517 1119 raft_consensus.cc:457] T 1466ff556b9846a69bfc0e0c047672ef P c7577ce447b545f8ab9695673d2e00c4 [term 0 FOLLOWER]: Starting pre-election (no leader contacted us within the election timeout)
I0802 04:15:01.795554 1119 raft_consensus.cc:2742] T 1466ff556b9846a69bfc0e0c047672ef P c7577ce447b545f8ab9695673d2e00c4: Snoozing failure detection for 1.996s (starting election)
I0802 04:15:01.795629 1119 raft_consensus.cc:479] T 1466ff556b9846a69bfc0e0c047672ef P c7577ce447b545f8ab9695673d2e00c4 [term 0 FOLLOWER]: Starting pre-election with config: opid_index: -1 OBSOLETE_local: false peers { permanent_uuid: "ce57a0e8b6a942f8923606287c5ff61c" member_type: VOTER last_known_addr { host: "127.0.52.194" port: 35717 } } peers { permanent_uuid: "c7577ce447b545f8ab9695673d2e00c4" member_type: VOTER last_known_addr { host: "127.0.52.193" port: 33585 } } peers { permanent_uuid: "08bb750123664f5782edc1976ab8e592" member_type: VOTER last_known_addr { host: "127.0.52.195" port: 38677 } }
I0802 04:15:01.796044 1119 leader_election.cc:251] T 1466ff556b9846a69bfc0e0c047672ef P c7577ce447b545f8ab9695673d2e00c4 [CANDIDATE]: Term 1 pre-election: Requesting pre-vote from peer ce57a0e8b6a942f8923606287c5ff61c (127.0.52.194:35717)
I0802 04:15:01.796207 1119 leader_election.cc:251] T 1466ff556b9846a69bfc0e0c047672ef P c7577ce447b545f8ab9695673d2e00c4 [CANDIDATE]: Term 1 pre-election: Requesting pre-vote from peer 08bb750123664f5782edc1976ab8e592 (127.0.52.195:38677)
I0802 04:15:01.799999 925 tablet_service.cc:995] Received RequestConsensusVote() RPC: tablet_id: "1466ff556b9846a69bfc0e0c047672ef" candidate_uuid: "c7577ce447b545f8ab9695673d2e00c4" candidate_term: 1 candidate_status { last_received { term: 0 index: 0 } } ignore_live_leader: false dest_uuid: "ce57a0e8b6a942f8923606287c5ff61c" is_pre_election: true
I0802 04:15:01.800000 1045 tablet_service.cc:995] Received RequestConsensusVote() RPC: tablet_id: "1466ff556b9846a69bfc0e0c047672ef" candidate_uuid: "c7577ce447b545f8ab9695673d2e00c4" candidate_term: 1 candidate_status { last_received { term: 0 index: 0 } } ignore_live_leader: false dest_uuid: "08bb750123664f5782edc1976ab8e592" is_pre_election: true
I0802 04:15:01.800057 925 raft_consensus.cc:2742] T 1466ff556b9846a69bfc0e0c047672ef P ce57a0e8b6a942f8923606287c5ff61c: Snoozing failure detection for 1.885s (vote granted)
I0802 04:15:01.800063 1045 raft_consensus.cc:2742] T 1466ff556b9846a69bfc0e0c047672ef P 08bb750123664f5782edc1976ab8e592: Snoozing failure detection for 1.979s (vote granted)
I0802 04:15:01.800093 925 raft_consensus.cc:2255] T 1466ff556b9846a69bfc0e0c047672ef P ce57a0e8b6a942f8923606287c5ff61c [term 0 FOLLOWER]: Leader pre-election vote request: Granting yes vote for candidate c7577ce447b545f8ab9695673d2e00c4 in term 0.
I0802 04:15:01.800099 1045 raft_consensus.cc:2255] T 1466ff556b9846a69bfc0e0c047672ef P 08bb750123664f5782edc1976ab8e592 [term 0 FOLLOWER]: Leader pre-election vote request: Granting yes vote for candidate c7577ce447b545f8ab9695673d2e00c4 in term 0.
I0802 04:15:01.800371 735 leader_election.cc:387] T 1466ff556b9846a69bfc0e0c047672ef P c7577ce447b545f8ab9695673d2e00c4 [CANDIDATE]: Term 1 pre-election: Vote granted by peer ce57a0e8b6a942f8923606287c5ff61c (127.0.52.194:35717)
I0802 04:15:01.800426 735 leader_election.cc:278] T 1466ff556b9846a69bfc0e0c047672ef P c7577ce447b545f8ab9695673d2e00c4 [CANDIDATE]: Term 1 pre-election: Election decided. Result: candidate won.
I0802 04:15:01.800489 733 leader_election.cc:387] T 1466ff556b9846a69bfc0e0c047672ef P c7577ce447b545f8ab9695673d2e00c4 [CANDIDATE]: Term 1 pre-election: Vote granted by peer 08bb750123664f5782edc1976ab8e592 (127.0.52.195:38677)
I0802 04:15:01.800611 1119 raft_consensus.cc:2742] T 1466ff556b9846a69bfc0e0c047672ef P c7577ce447b545f8ab9695673d2e00c4: Snoozing failure detection for 1.775s (election complete)
I0802 04:15:01.800647 1119 raft_consensus.cc:2549] T 1466ff556b9846a69bfc0e0c047672ef P c7577ce447b545f8ab9695673d2e00c4 [term 0 FOLLOWER]: Leader pre-election won for term 1
I0802 04:15:01.800670 1119 raft_consensus.cc:457] T 1466ff556b9846a69bfc0e0c047672ef P c7577ce447b545f8ab9695673d2e00c4 [term 0 FOLLOWER]: Starting leader election (no leader contacted us within the election timeout)
I0802 04:15:01.800691 1119 raft_consensus.cc:2742] T 1466ff556b9846a69bfc0e0c047672ef P c7577ce447b545f8ab9695673d2e00c4: Snoozing failure detection for 2.210s (starting election)
I0802 04:15:01.800714 1119 raft_consensus.cc:2794] T 1466ff556b9846a69bfc0e0c047672ef P c7577ce447b545f8ab9695673d2e00c4 [term 0 FOLLOWER]: Advancing to term 1
I0802 04:15:01.801342 1119 raft_consensus.cc:479] T 1466ff556b9846a69bfc0e0c047672ef P c7577ce447b545f8ab9695673d2e00c4 [term 1 FOLLOWER]: Starting leader election with config: opid_index: -1 OBSOLETE_local: false peers { permanent_uuid: "ce57a0e8b6a942f8923606287c5ff61c" member_type: VOTER last_known_addr { host: "127.0.52.194" port: 35717 } } peers { permanent_uuid: "c7577ce447b545f8ab9695673d2e00c4" member_type: VOTER last_known_addr { host: "127.0.52.193" port: 33585 } } peers { permanent_uuid: "08bb750123664f5782edc1976ab8e592" member_type: VOTER last_known_addr { host: "127.0.52.195" port: 38677 } }
I0802 04:15:01.801482 1119 leader_election.cc:251] T 1466ff556b9846a69bfc0e0c047672ef P c7577ce447b545f8ab9695673d2e00c4 [CANDIDATE]: Term 1 election: Requesting vote from peer ce57a0e8b6a942f8923606287c5ff61c (127.0.52.194:35717)
I0802 04:15:01.801573 1119 leader_election.cc:251] T 1466ff556b9846a69bfc0e0c047672ef P c7577ce447b545f8ab9695673d2e00c4 [CANDIDATE]: Term 1 election: Requesting vote from peer 08bb750123664f5782edc1976ab8e592 (127.0.52.195:38677)
I0802 04:15:01.801921 925 tablet_service.cc:995] Received RequestConsensusVote() RPC: tablet_id: "1466ff556b9846a69bfc0e0c047672ef" candidate_uuid: "c7577ce447b545f8ab9695673d2e00c4" candidate_term: 1 candidate_status { last_received { term: 0 index: 0 } } ignore_live_leader: false dest_uuid: "ce57a0e8b6a942f8923606287c5ff61c"
I0802 04:15:01.801971 925 raft_consensus.cc:2794] T 1466ff556b9846a69bfc0e0c047672ef P ce57a0e8b6a942f8923606287c5ff61c [term 0 FOLLOWER]: Advancing to term 1
I0802 04:15:01.802001 1045 tablet_service.cc:995] Received RequestConsensusVote() RPC: tablet_id: "1466ff556b9846a69bfc0e0c047672ef" candidate_uuid: "c7577ce447b545f8ab9695673d2e00c4" candidate_term: 1 candidate_status { last_received { term: 0 index: 0 } } ignore_live_leader: false dest_uuid: "08bb750123664f5782edc1976ab8e592"
I0802 04:15:01.802011 925 raft_consensus.cc:2742] T 1466ff556b9846a69bfc0e0c047672ef P ce57a0e8b6a942f8923606287c5ff61c: Snoozing failure detection for 2.146s (vote granted)
