I0802 04:15:01.977198 1119 raft_consensus.cc:2549] T a5483cdca36b41b6b050d590c2e0e47f P c7577ce447b545f8ab9695673d2e00c4 [term 0 FOLLOWER]: Leader pre-election won for term 1
I0802 04:15:01.977221 1119 raft_consensus.cc:457] T a5483cdca36b41b6b050d590c2e0e47f P c7577ce447b545f8ab9695673d2e00c4 [term 0 FOLLOWER]: Starting leader election (no leader contacted us within the election timeout)
I0802 04:15:01.977241 1119 raft_consensus.cc:2742] T a5483cdca36b41b6b050d590c2e0e47f P c7577ce447b545f8ab9695673d2e00c4: Snoozing failure detection for 1.624s (starting election)
I0802 04:15:01.977259 1119 raft_consensus.cc:2794] T a5483cdca36b41b6b050d590c2e0e47f P c7577ce447b545f8ab9695673d2e00c4 [term 0 FOLLOWER]: Advancing to term 1
I0802 04:15:01.978011 1119 raft_consensus.cc:479] T a5483cdca36b41b6b050d590c2e0e47f P c7577ce447b545f8ab9695673d2e00c4 [term 1 FOLLOWER]: Starting leader election with config: opid_index: -1 OBSOLETE_local: false peers { permanent_uuid: "c7577ce447b545f8ab9695673d2e00c4" member_type: VOTER last_known_addr { host: "127.0.52.193" port: 33585 } } peers { permanent_uuid: "ce57a0e8b6a942f8923606287c5ff61c" member_type: VOTER last_known_addr { host: "127.0.52.194" port: 35717 } } peers { permanent_uuid: "08bb750123664f5782edc1976ab8e592" member_type: VOTER last_known_addr { host: "127.0.52.195" port: 38677 } }
I0802 04:15:01.978154 1119 leader_election.cc:251] T a5483cdca36b41b6b050d590c2e0e47f P c7577ce447b545f8ab9695673d2e00c4 [CANDIDATE]: Term 1 election: Requesting vote from peer ce57a0e8b6a942f8923606287c5ff61c (127.0.52.194:35717)
I0802 04:15:01.978246 1119 leader_election.cc:251] T a5483cdca36b41b6b050d590c2e0e47f P c7577ce447b545f8ab9695673d2e00c4 [CANDIDATE]: Term 1 election: Requesting vote from peer 08bb750123664f5782edc1976ab8e592 (127.0.52.195:38677)
I0802 04:15:01.978610 925 tablet_service.cc:995] Received RequestConsensusVote() RPC: tablet_id: "a5483cdca36b41b6b050d590c2e0e47f" candidate_uuid: "c7577ce447b545f8ab9695673d2e00c4" candidate_term: 1 candidate_status { last_received { term: 0 index: 0 } } ignore_live_leader: false dest_uuid: "ce57a0e8b6a942f8923606287c5ff61c"
I0802 04:15:01.978664 925 raft_consensus.cc:2794] T a5483cdca36b41b6b050d590c2e0e47f P ce57a0e8b6a942f8923606287c5ff61c [term 0 FOLLOWER]: Advancing to term 1
I0802 04:15:01.978684 1044 tablet_service.cc:995] Received RequestConsensusVote() RPC: tablet_id: "a5483cdca36b41b6b050d590c2e0e47f" candidate_uuid: "c7577ce447b545f8ab9695673d2e00c4" candidate_term: 1 candidate_status { last_received { term: 0 index: 0 } } ignore_live_leader: false dest_uuid: "08bb750123664f5782edc1976ab8e592"
I0802 04:15:01.978705 925 raft_consensus.cc:2742] T a5483cdca36b41b6b050d590c2e0e47f P ce57a0e8b6a942f8923606287c5ff61c: Snoozing failure detection for 2.122s (vote granted)
I0802 04:15:01.978734 1044 raft_consensus.cc:2794] T a5483cdca36b41b6b050d590c2e0e47f P 08bb750123664f5782edc1976ab8e592 [term 0 FOLLOWER]: Advancing to term 1
I0802 04:15:01.978803 1044 raft_consensus.cc:2742] T a5483cdca36b41b6b050d590c2e0e47f P 08bb750123664f5782edc1976ab8e592: Snoozing failure detection for 1.829s (vote granted)
I0802 04:15:01.979404 925 raft_consensus.cc:2255] T a5483cdca36b41b6b050d590c2e0e47f P ce57a0e8b6a942f8923606287c5ff61c [term 1 FOLLOWER]: Leader election vote request: Granting yes vote for candidate c7577ce447b545f8ab9695673d2e00c4 in term 1.
I0802 04:15:01.979426 1044 raft_consensus.cc:2255] T a5483cdca36b41b6b050d590c2e0e47f P 08bb750123664f5782edc1976ab8e592 [term 1 FOLLOWER]: Leader election vote request: Granting yes vote for candidate c7577ce447b545f8ab9695673d2e00c4 in term 1.
I0802 04:15:01.979670 735 leader_election.cc:387] T a5483cdca36b41b6b050d590c2e0e47f P c7577ce447b545f8ab9695673d2e00c4 [CANDIDATE]: Term 1 election: Vote granted by peer ce57a0e8b6a942f8923606287c5ff61c (127.0.52.194:35717)
I0802 04:15:01.979707 735 leader_election.cc:278] T a5483cdca36b41b6b050d590c2e0e47f P c7577ce447b545f8ab9695673d2e00c4 [CANDIDATE]: Term 1 election: Election decided. Result: candidate won.
I0802 04:15:01.979815 1119 raft_consensus.cc:2742] T a5483cdca36b41b6b050d590c2e0e47f P c7577ce447b545f8ab9695673d2e00c4: Snoozing failure detection for 1.687s (election complete)
I0802 04:15:01.979830 733 leader_election.cc:387] T a5483cdca36b41b6b050d590c2e0e47f P c7577ce447b545f8ab9695673d2e00c4 [CANDIDATE]: Term 1 election: Vote granted by peer 08bb750123664f5782edc1976ab8e592 (127.0.52.195:38677)
I0802 04:15:01.979889 1119 raft_consensus.cc:2549] T a5483cdca36b41b6b050d590c2e0e47f P c7577ce447b545f8ab9695673d2e00c4 [term 1 FOLLOWER]: Leader election won for term 1
I0802 04:15:01.979956 1119 raft_consensus.cc:595] T a5483cdca36b41b6b050d590c2e0e47f P c7577ce447b545f8ab9695673d2e00c4 [term 1 LEADER]: Becoming Leader. State: Replica: c7577ce447b545f8ab9695673d2e00c4, State: Running, Role: LEADER
I0802 04:15:01.980104 1119 consensus_queue.cc:204] T a5483cdca36b41b6b050d590c2e0e47f P c7577ce447b545f8ab9695673d2e00c4 [LEADER]: Queue going to LEADER mode. State: All replicated index: 0, Majority replicated index: 0, Committed index: 0, Last appended: 0.0, Last appended by leader: 0, Current term: 1, Majority size: 2, State: 0, Mode: LEADER, active raft config: opid_index: -1 OBSOLETE_local: false peers { permanent_uuid: "c7577ce447b545f8ab9695673d2e00c4" member_type: VOTER last_known_addr { host: "127.0.52.193" port: 33585 } } peers { permanent_uuid: "ce57a0e8b6a942f8923606287c5ff61c" member_type: VOTER last_known_addr { host: "127.0.52.194" port: 35717 } } peers { permanent_uuid: "08bb750123664f5782edc1976ab8e592" member_type: VOTER last_known_addr { host: "127.0.52.195" port: 38677 } }
I0802 04:15:01.981434 681 catalog_manager.cc:3827] T a5483cdca36b41b6b050d590c2e0e47f P c7577ce447b545f8ab9695673d2e00c4 reported cstate change: term changed from 0 to 1, leader changed from to c7577ce447b545f8ab9695673d2e00c4 (127.0.52.193). New cstate: current_term: 1 leader_uuid: "c7577ce447b545f8ab9695673d2e00c4" committed_config { opid_index: -1 OBSOLETE_local: false peers { permanent_uuid: "c7577ce447b545f8ab9695673d2e00c4" member_type: VOTER last_known_addr { host: "127.0.52.193" port: 33585 } health_report { overall_health: HEALTHY } } peers { permanent_uuid: "ce57a0e8b6a942f8923606287c5ff61c" member_type: VOTER last_known_addr { host: "127.0.52.194" port: 35717 } health_report { overall_health: UNKNOWN } } peers { permanent_uuid: "08bb750123664f5782edc1976ab8e592" member_type: VOTER last_known_addr { host: "127.0.52.195" port: 38677 } health_report { overall_health: UNKNOWN } } }
I0802 04:15:02.069206 1118 raft_consensus.cc:457] T 5c703f0f4cc94ec79825456339a3ab82 P ce57a0e8b6a942f8923606287c5ff61c [term 0 FOLLOWER]: Starting pre-election (no leader contacted us within the election timeout)
I0802 04:15:02.069267 1118 raft_consensus.cc:2742] T 5c703f0f4cc94ec79825456339a3ab82 P ce57a0e8b6a942f8923606287c5ff61c: Snoozing failure detection for 2.043s (starting election)
I0802 04:15:02.069355 1118 raft_consensus.cc:479] T 5c703f0f4cc94ec79825456339a3ab82 P ce57a0e8b6a942f8923606287c5ff61c [term 0 FOLLOWER]: Starting pre-election with config: opid_index: -1 OBSOLETE_local: false peers { permanent_uuid: "c7577ce447b545f8ab9695673d2e00c4" member_type: VOTER last_known_addr { host: "127.0.52.193" port: 33585 } } peers { permanent_uuid: "ce57a0e8b6a942f8923606287c5ff61c" member_type: VOTER last_known_addr { host: "127.0.52.194" port: 35717 } } peers { permanent_uuid: "08bb750123664f5782edc1976ab8e592" member_type: VOTER last_known_addr { host: "127.0.52.195" port: 38677 } }
I0802 04:15:02.069561 1118 leader_election.cc:251] T 5c703f0f4cc94ec79825456339a3ab82 P ce57a0e8b6a942f8923606287c5ff61c [CANDIDATE]: Term 1 pre-election: Requesting pre-vote from peer c7577ce447b545f8ab9695673d2e00c4 (127.0.52.193:33585)
I0802 04:15:02.069679 1118 leader_election.cc:251] T 5c703f0f4cc94ec79825456339a3ab82 P ce57a0e8b6a942f8923606287c5ff61c [CANDIDATE]: Term 1 pre-election: Requesting pre-vote from peer 08bb750123664f5782edc1976ab8e592 (127.0.52.195:38677)
I0802 04:15:02.070201 801 tablet_service.cc:995] Received RequestConsensusVote() RPC: tablet_id: "5c703f0f4cc94ec79825456339a3ab82" candidate_uuid: "ce57a0e8b6a942f8923606287c5ff61c" candidate_term: 1 candidate_status { last_received { term: 0 index: 0 } } ignore_live_leader: false dest_uuid: "c7577ce447b545f8ab9695673d2e00c4" is_pre_election: true
I0802 04:15:02.070222 1044 tablet_service.cc:995] Received RequestConsensusVote() RPC: tablet_id: "5c703f0f4cc94ec79825456339a3ab82" candidate_uuid: "ce57a0e8b6a942f8923606287c5ff61c" candidate_term: 1 candidate_status { last_received { term: 0 index: 0 } } ignore_live_leader: false dest_uuid: "08bb750123664f5782edc1976ab8e592" is_pre_election: true
I0802 04:15:02.070281 801 raft_consensus.cc:2742] T 5c703f0f4cc94ec79825456339a3ab82 P c7577ce447b545f8ab9695673d2e00c4: Snoozing failure detection for 1.669s (vote granted)
I0802 04:15:02.070282 1044 raft_consensus.cc:2742] T 5c703f0f4cc94ec79825456339a3ab82 P 08bb750123664f5782edc1976ab8e592: Snoozing failure detection for 1.808s (vote granted)
I0802 04:15:02.070320 1044 raft_consensus.cc:2255] T 5c703f0f4cc94ec79825456339a3ab82 P 08bb750123664f5782edc1976ab8e592 [term 0 FOLLOWER]: Leader pre-election vote request: Granting yes vote for candidate ce57a0e8b6a942f8923606287c5ff61c in term 0.
I0802 04:15:02.070324 801 raft_consensus.cc:2255] T 5c703f0f4cc94ec79825456339a3ab82 P c7577ce447b545f8ab9695673d2e00c4 [term 0 FOLLOWER]: Leader pre-election vote request: Granting yes vote for candidate ce57a0e8b6a942f8923606287c5ff61c in term 0.
I0802 04:15:02.070618 856 leader_election.cc:387] T 5c703f0f4cc94ec79825456339a3ab82 P ce57a0e8b6a942f8923606287c5ff61c [CANDIDATE]: Term 1 pre-election: Vote granted by peer 08bb750123664f5782edc1976ab8e592 (127.0.52.195:38677)
I0802 04:15:02.070654 856 leader_election.cc:278] T 5c703f0f4cc94ec79825456339a3ab82 P ce57a0e8b6a942f8923606287c5ff61c [CANDIDATE]: Term 1 pre-election: Election decided. Result: candidate won.
I0802 04:15:02.070792 1118 raft_consensus.cc:2742] T 5c703f0f4cc94ec79825456339a3ab82 P ce57a0e8b6a942f8923606287c5ff61c: Snoozing failure detection for 1.893s (election complete)
I0802 04:15:02.070811 856 leader_election.cc:387] T 5c703f0f4cc94ec79825456339a3ab82 P ce57a0e8b6a942f8923606287c5ff61c [CANDIDATE]: Term 1 pre-election: Vote granted by peer c7577ce447b545f8ab9695673d2e00c4 (127.0.52.193:33585)
I0802 04:15:02.070832 1118 raft_consensus.cc:2549] T 5c703f0f4cc94ec79825456339a3ab82 P ce57a0e8b6a942f8923606287c5ff61c [term 0 FOLLOWER]: Leader pre-election won for term 1
I0802 04:15:02.070855 1118 raft_consensus.cc:457] T 5c703f0f4cc94ec79825456339a3ab82 P ce57a0e8b6a942f8923606287c5ff61c [term 0 FOLLOWER]: Starting leader election (no leader contacted us within the election timeout)
I0802 04:15:02.070894 1118 raft_consensus.cc:2742] T 5c703f0f4cc94ec79825456339a3ab82 P ce57a0e8b6a942f8923606287c5ff61c: Snoozing failure detection for 1.681s (starting election)
I0802 04:15:02.070919 1118 raft_consensus.cc:2794] T 5c703f0f4cc94ec79825456339a3ab82 P ce57a0e8b6a942f8923606287c5ff61c [term 0 FOLLOWER]: Advancing to term 1
I0802 04:15:02.071688 1118 raft_consensus.cc:479] T 5c703f0f4cc94ec79825456339a3ab82 P ce57a0e8b6a942f8923606287c5ff61c [term 1 FOLLOWER]: Starting leader election with config: opid_index: -1 OBSOLETE_local: false peers { permanent_uuid: "c7577ce447b545f8ab9695673d2e00c4" member_type: VOTER last_known_addr { host: "127.0.52.193" port: 33585 } } peers { permanent_uuid: "ce57a0e8b6a942f8923606287c5ff61c" member_type: VOTER last_known_addr { host: "127.0.52.194" port: 35717 } } peers { permanent_uuid: "08bb750123664f5782edc1976ab8e592" member_type: VOTER last_known_addr { host: "127.0.52.195" port: 38677 } }
I0802 04:15:02.071830 1118 leader_election.cc:251] T 5c703f0f4cc94ec79825456339a3ab82 P ce57a0e8b6a942f8923606287c5ff61c [CANDIDATE]: Term 1 election: Requesting vote from peer c7577ce447b545f8ab9695673d2e00c4 (127.0.52.193:33585)
I0802 04:15:02.071924 1118 leader_election.cc:251] T 5c703f0f4cc94ec79825456339a3ab82 P ce57a0e8b6a942f8923606287c5ff61c [CANDIDATE]: Term 1 election: Requesting vote from peer 08bb750123664f5782edc1976ab8e592 (127.0.52.195:38677)
I0802 04:15:02.072295 801 tablet_service.cc:995] Received RequestConsensusVote() RPC: tablet_id: "5c703f0f4cc94ec79825456339a3ab82" candidate_uuid: "ce57a0e8b6a942f8923606287c5ff61c" candidate_term: 1 candidate_status { last_received { term: 0 index: 0 } } ignore_live_leader: false dest_uuid: "c7577ce447b545f8ab9695673d2e00c4"
I0802 04:15:02.072345 801 raft_consensus.cc:2794] T 5c703f0f4cc94ec79825456339a3ab82 P c7577ce447b545f8ab9695673d2e00c4 [term 0 FOLLOWER]: Advancing to term 1
I0802 04:15:02.072343 1044 tablet_service.cc:995] Received RequestConsensusVote() RPC: tablet_id: "5c703f0f4cc94ec79825456339a3ab82" candidate_uuid: "ce57a0e8b6a942f8923606287c5ff61c" candidate_term: 1 candidate_status { last_received { term: 0 index: 0 } } ignore_live_leader: false dest_uuid: "08bb750123664f5782edc1976ab8e592"
I0802 04:15:02.072383 801 raft_consensus.cc:2742] T 5c703f0f4cc94ec79825456339a3ab82 P c7577ce447b545f8ab9695673d2e00c4: Snoozing failure detection for 1.774s (vote granted)
I0802 04:15:02.072394 1044 raft_consensus.cc:2794] T 5c703f0f4cc94ec79825456339a3ab82 P 08bb750123664f5782edc1976ab8e592 [term 0 FOLLOWER]: Advancing to term 1
I0802 04:15:02.072430 1044 raft_consensus.cc:2742] T 5c703f0f4cc94ec79825456339a3ab82 P 08bb750123664f5782edc1976ab8e592: Snoozing failure detection for 1.638s (vote granted)
I0802 04:15:02.073056 801 raft_consensus.cc:2255] T 5c703f0f4cc94ec79825456339a3ab82 P c7577ce447b545f8ab9695673d2e00c4 [term 1 FOLLOWER]: Leader election vote request: Granting yes vote for candidate ce57a0e8b6a942f8923606287c5ff61c in term 1.
I0802 04:15:02.073071 1044 raft_consensus.cc:2255] T 5c703f0f4cc94ec79825456339a3ab82 P 08bb750123664f5782edc1976ab8e592 [term 1 FOLLOWER]: Leader election vote request: Granting yes vote for candidate ce57a0e8b6a942f8923606287c5ff61c in term 1.
I0802 04:15:02.073313 856 leader_election.cc:387] T 5c703f0f4cc94ec79825456339a3ab82 P ce57a0e8b6a942f8923606287c5ff61c [CANDIDATE]: Term 1 election: Vote granted by peer 08bb750123664f5782edc1976ab8e592 (127.0.52.195:38677)
I0802 04:15:02.073341 856 leader_election.cc:278] T 5c703f0f4cc94ec79825456339a3ab82 P ce57a0e8b6a942f8923606287c5ff61c [CANDIDATE]: Term 1 election: Election decided. Result: candidate won.
I0802 04:15:02.073459 1118 raft_consensus.cc:2742] T 5c703f0f4cc94ec79825456339a3ab82 P ce57a0e8b6a942f8923606287c5ff61c: Snoozing failure detection for 1.975s (election complete)
I0802 04:15:02.073473 856 leader_election.cc:387] T 5c703f0f4cc94ec79825456339a3ab82 P ce57a0e8b6a942f8923606287c5ff61c [CANDIDATE]: Term 1 election: Vote granted by peer c7577ce447b545f8ab9695673d2e00c4 (127.0.52.193:33585)
I0802 04:15:02.073515 1118 raft_consensus.cc:2549] T 5c703f0f4cc94ec79825456339a3ab82 P ce57a0e8b6a942f8923606287c5ff61c [term 1 FOLLOWER]: Leader election won for term 1
I0802 04:15:02.073575 1118 raft_consensus.cc:595] T 5c703f0f4cc94ec79825456339a3ab82 P ce57a0e8b6a942f8923606287c5ff61c [term 1 LEADER]: Becoming Leader. State: Replica: ce57a0e8b6a942f8923606287c5ff61c, State: Running, Role: LEADER
I0802 04:15:02.073721 1118 consensus_queue.cc:204] T 5c703f0f4cc94ec79825456339a3ab82 P ce57a0e8b6a942f8923606287c5ff61c [LEADER]: Queue going to LEADER mode. State: All replicated index: 0, Majority replicated index: 0, Committed index: 0, Last appended: 0.0, Last appended by leader: 0, Current term: 1, Majority size: 2, State: 0, Mode: LEADER, active raft config: opid_index: -1 OBSOLETE_local: false peers { permanent_uuid: "c7577ce447b545f8ab9695673d2e00c4" member_type: VOTER last_known_addr { host: "127.0.52.193" port: 33585 } } peers { permanent_uuid: "ce57a0e8b6a942f8923606287c5ff61c" member_type: VOTER last_known_addr { host: "127.0.52.194" port: 35717 } } peers { permanent_uuid: "08bb750123664f5782edc1976ab8e592" member_type: VOTER last_known_addr { host: "127.0.52.195" port: 38677 } }
I0802 04:15:02.075026 681 catalog_manager.cc:3827] T 5c703f0f4cc94ec79825456339a3ab82 P ce57a0e8b6a942f8923606287c5ff61c reported cstate change: term changed from 0 to 1, leader changed from to ce57a0e8b6a942f8923606287c5ff61c (127.0.52.194). New cstate: current_term: 1 leader_uuid: "ce57a0e8b6a942f8923606287c5ff61c" committed_config { opid_index: -1 OBSOLETE_local: false peers { permanent_uuid: "c7577ce447b545f8ab9695673d2e00c4" member_type: VOTER last_known_addr { host: "127.0.52.193" port: 33585 } health_report { overall_health: UNKNOWN } } peers { permanent_uuid: "ce57a0e8b6a942f8923606287c5ff61c" member_type: VOTER last_known_addr { host: "127.0.52.194" port: 35717 } health_report { overall_health: HEALTHY } } peers { permanent_uuid: "08bb750123664f5782edc1976ab8e592" member_type: VOTER last_known_addr { host: "127.0.52.195" port: 38677 } health_report { overall_health: UNKNOWN } } } Using auto-created table 'default.loadgen_auto_c93aadcc7da04f5e8af3460987435e8e'
I0802 04:15:02.192107 1044 raft_consensus.cc:1083] T 1466ff556b9846a69bfc0e0c047672ef P 08bb750123664f5782edc1976ab8e592 [term 1 FOLLOWER]: Refusing update from remote peer c7577ce447b545f8ab9695673d2e00c4: Log matching property violated. Preceding OpId in replica: term: 0 index: 0. Preceding OpId from leader: term: 1 index: 2. (index mismatch)
I0802 04:15:02.192329 925 raft_consensus.cc:1083] T 1466ff556b9846a69bfc0e0c047672ef P ce57a0e8b6a942f8923606287c5ff61c [term 1 FOLLOWER]: Refusing update from remote peer c7577ce447b545f8ab9695673d2e00c4: Log matching property violated. Preceding OpId in replica: term: 0 index: 0. Preceding OpId from leader: term: 1 index: 2. (index mismatch)
I0802 04:15:02.192492 1045 raft_consensus.cc:1083] T a5483cdca36b41b6b050d590c2e0e47f P 08bb750123664f5782edc1976ab8e592 [term 1 FOLLOWER]: Refusing update from remote peer c7577ce447b545f8ab9695673d2e00c4: Log matching property violated. Preceding OpId in replica: term: 0 index: 0. Preceding OpId from leader: term: 1 index: 2. (index mismatch)
I0802 04:15:02.192672 924 raft_consensus.cc:1083] T a5483cdca36b41b6b050d590c2e0e47f P ce57a0e8b6a942f8923606287c5ff61c [term 1 FOLLOWER]: Refusing update from remote peer c7577ce447b545f8ab9695673d2e00c4: Log matching property violated. Preceding OpId in replica: term: 0 index: 0. Preceding OpId from leader: term: 1 index: 2. (index mismatch)
I0802 04:15:02.192860 1045 raft_consensus.cc:1083] T c7b6eb8c140240669d04460b69f8a4df P 08bb750123664f5782edc1976ab8e592 [term 1 FOLLOWER]: Refusing update from remote peer ce57a0e8b6a942f8923606287c5ff61c: Log matching property violated. Preceding OpId in replica: term: 0 index: 0. Preceding OpId from leader: term: 1 index: 2. (index mismatch)
I0802 04:15:02.193549 1148 consensus_queue.cc:962] T c7b6eb8c140240669d04460b69f8a4df P ce57a0e8b6a942f8923606287c5ff61c [LEADER]: Connected to new peer: Peer: permanent_uuid: "08bb750123664f5782edc1976ab8e592" member_type: VOTER last_known_addr { host: "127.0.52.195" port: 38677 }, Status: LMP_MISMATCH, Last received: 0.0, Next index: 1, Last known committed idx: 0, Time since last communication: 0.000s
I0802 04:15:02.193908 924 raft_consensus.cc:1083] T fce2c7936a8c4bc798ebc03c5e2df17e P ce57a0e8b6a942f8923606287c5ff61c [term 1 FOLLOWER]: Refusing update from remote peer 08bb750123664f5782edc1976ab8e592: Log matching property violated. Preceding OpId in replica: term: 0 index: 0. Preceding OpId from leader: term: 1 index: 2. (index mismatch)
I0802 04:15:02.194264 1045 raft_consensus.cc:1083] T 0564a0d5344449339ea7eabe7e82591f P 08bb750123664f5782edc1976ab8e592 [term 1 FOLLOWER]: Refusing update from remote peer c7577ce447b545f8ab9695673d2e00c4: Log matching property violated. Preceding OpId in replica: term: 0 index: 0. Preceding OpId from leader: term: 1 index: 2. (index mismatch)
I0802 04:15:02.194650 1044 raft_consensus.cc:1083] T 34546b1bdca44b04addad9e4657a1ec9 P 08bb750123664f5782edc1976ab8e592 [term 1 FOLLOWER]: Refusing update from remote peer ce57a0e8b6a942f8923606287c5ff61c: Log matching property violated. Preceding OpId in replica: term: 0 index: 0. Preceding OpId from leader: term: 1 index: 2. (index mismatch)
I0802 04:15:02.196164 1118 consensus_queue.cc:962] T 34546b1bdca44b04addad9e4657a1ec9 P ce57a0e8b6a942f8923606287c5ff61c [LEADER]: Connected to new peer: Peer: permanent_uuid: "08bb750123664f5782edc1976ab8e592" member_type: VOTER last_known_addr { host: "127.0.52.195" port: 38677 }, Status: LMP_MISMATCH, Last received: 0.0, Next index: 1, Last known committed idx: 0, Time since last communication: 0.000s
I0802 04:15:02.196837 801 raft_consensus.cc:1083] T fce2c7936a8c4bc798ebc03c5e2df17e P c7577ce447b545f8ab9695673d2e00c4 [term 1 FOLLOWER]: Refusing update from remote peer 08bb750123664f5782edc1976ab8e592: Log matching property violated. Preceding OpId in replica: term: 0 index: 0. Preceding OpId from leader: term: 1 index: 2. (index mismatch)
I0802 04:15:02.197067 1144 consensus_queue.cc:962] T 1466ff556b9846a69bfc0e0c047672ef P c7577ce447b545f8ab9695673d2e00c4 [LEADER]: Connected to new peer: Peer: permanent_uuid: "08bb750123664f5782edc1976ab8e592" member_type: VOTER last_known_addr { host: "127.0.52.195" port: 38677 }, Status: LMP_MISMATCH, Last received: 0.0, Next index: 1, Last known committed idx: 0, Time since last communication: 0.000s
I0802 04:15:02.197211 802 raft_consensus.cc:1083] T bb6b8e87379d45f68e5e712714b02d1f P c7577ce447b545f8ab9695673d2e00c4 [term 1 FOLLOWER]: Refusing update from remote peer 08bb750123664f5782edc1976ab8e592: Log matching property violated. Preceding OpId in replica: term: 0 index: 0. Preceding OpId from leader: term: 1 index: 2. (index mismatch)
I0802 04:15:02.197325 1119 consensus_queue.cc:962] T a5483cdca36b41b6b050d590c2e0e47f P c7577ce447b545f8ab9695673d2e00c4 [LEADER]: Connected to new peer: Peer: permanent_uuid: "08bb750123664f5782edc1976ab8e592" member_type: VOTER last_known_addr { host: "127.0.52.195" port: 38677 }, Status: LMP_MISMATCH, Last received: 0.0, Next index: 1, Last known committed idx: 0, Time since last communication: 0.000s
I0802 04:15:02.197446 1116 consensus_queue.cc:962] T fce2c7936a8c4bc798ebc03c5e2df17e P 08bb750123664f5782edc1976ab8e592 [LEADER]: Connected to new peer: Peer: permanent_uuid: "c7577ce447b545f8ab9695673d2e00c4" member_type: VOTER last_known_addr { host: "127.0.52.193" port: 33585 }, Status: LMP_MISMATCH, Last received: 0.0, Next index: 1, Last known committed idx: 0, Time since last communication: 0.000s
I0802 04:15:02.197695 1116 consensus_queue.cc:962] T bb6b8e87379d45f68e5e712714b02d1f P 08bb750123664f5782edc1976ab8e592 [LEADER]: Connected to new peer: Peer: permanent_uuid: "c7577ce447b545f8ab9695673d2e00c4" member_type: VOTER last_known_addr { host: "127.0.52.193" port: 33585 }, Status: LMP_MISMATCH, Last received: 0.0, Next index: 1, Last known committed idx: 0, Time since last communication: 0.000s
I0802 04:15:02.198004 801 raft_consensus.cc:1083] T c7b6eb8c140240669d04460b69f8a4df P c7577ce447b545f8ab9695673d2e00c4 [term 1 FOLLOWER]: Refusing update from remote peer ce57a0e8b6a942f8923606287c5ff61c: Log matching property violated. Preceding OpId in replica: term: 0 index: 0. Preceding OpId from leader: term: 1 index: 2. (index mismatch)
I0802 04:15:02.198349 1144 consensus_queue.cc:962] T a5483cdca36b41b6b050d590c2e0e47f P c7577ce447b545f8ab9695673d2e00c4 [LEADER]: Connected to new peer: Peer: permanent_uuid: "ce57a0e8b6a942f8923606287c5ff61c" member_type: VOTER last_known_addr { host: "127.0.52.194" port: 35717 }, Status: LMP_MISMATCH, Last received: 0.0, Next index: 1, Last known committed idx: 0, Time since last communication: 0.000s
I0802 04:15:02.198941 1118 consensus_queue.cc:962] T c7b6eb8c140240669d04460b69f8a4df P ce57a0e8b6a942f8923606287c5ff61c [LEADER]: Connected to new peer: Peer: permanent_uuid: "c7577ce447b545f8ab9695673d2e00c4" member_type: VOTER last_known_addr { host: "127.0.52.193" port: 33585 }, Status: LMP_MISMATCH, Last received: 0.0, Next index: 1, Last known committed idx: 0, Time since last communication: 0.000s
I0802 04:15:02.198961 924 raft_consensus.cc:1083] T 0564a0d5344449339ea7eabe7e82591f P ce57a0e8b6a942f8923606287c5ff61c [term 1 FOLLOWER]: Refusing update from remote peer c7577ce447b545f8ab9695673d2e00c4: Log matching property violated. Preceding OpId in replica: term: 0 index: 0. Preceding OpId from leader: term: 1 index: 2. (index mismatch)
I0802 04:15:02.200093 1119 consensus_queue.cc:962] T 0564a0d5344449339ea7eabe7e82591f P c7577ce447b545f8ab9695673d2e00c4 [LEADER]: Connected to new peer: Peer: permanent_uuid: "ce57a0e8b6a942f8923606287c5ff61c" member_type: VOTER last_known_addr { host: "127.0.52.194" port: 35717 }, Status: LMP_MISMATCH, Last received: 0.0, Next index: 1, Last known committed idx: 0, Time since last communication: 0.000s
I0802 04:15:02.200736 1169 consensus_queue.cc:962] T 1466ff556b9846a69bfc0e0c047672ef P c7577ce447b545f8ab9695673d2e00c4 [LEADER]: Connected to new peer: Peer: permanent_uuid: "ce57a0e8b6a942f8923606287c5ff61c" member_type: VOTER last_known_addr { host: "127.0.52.194" port: 35717 }, Status: LMP_MISMATCH, Last received: 0.0, Next index: 1, Last known committed idx: 0, Time since last communication: 0.000s
I0802 04:15:02.201829 799 raft_consensus.cc:1083] T 34546b1bdca44b04addad9e4657a1ec9 P c7577ce447b545f8ab9695673d2e00c4 [term 1 FOLLOWER]: Refusing update from remote peer ce57a0e8b6a942f8923606287c5ff61c: Log matching property violated. Preceding OpId in replica: term: 0 index: 0. Preceding OpId from leader: term: 1 index: 2. (index mismatch)
I0802 04:15:02.202142 1116 consensus_queue.cc:962] T fce2c7936a8c4bc798ebc03c5e2df17e P 08bb750123664f5782edc1976ab8e592 [LEADER]: Connected to new peer: Peer: permanent_uuid: "ce57a0e8b6a942f8923606287c5ff61c" member_type: VOTER last_known_addr { host: "127.0.52.194" port: 35717 }, Status: LMP_MISMATCH, Last received: 0.0, Next index: 1, Last known committed idx: 0, Time since last communication: 0.000s
I0802 04:15:02.202715 922 raft_consensus.cc:1083] T bb6b8e87379d45f68e5e712714b02d1f P ce57a0e8b6a942f8923606287c5ff61c [term 1 FOLLOWER]: Refusing update from remote peer 08bb750123664f5782edc1976ab8e592: Log matching property violated. Preceding OpId in replica: term: 0 index: 0. Preceding OpId from leader: term: 1 index: 2. (index mismatch)
I0802 04:15:02.202951 1148 consensus_queue.cc:962] T 34546b1bdca44b04addad9e4657a1ec9 P ce57a0e8b6a942f8923606287c5ff61c [LEADER]: Connected to new peer: Peer: permanent_uuid: "c7577ce447b545f8ab9695673d2e00c4" member_type: VOTER last_known_addr { host: "127.0.52.193" port: 33585 }, Status: LMP_MISMATCH, Last received: 0.0, Next index: 1, Last known committed idx: 0, Time since last communication: 0.000s
I0802 04:15:02.204720 1043 raft_consensus.cc:1083] T 5c703f0f4cc94ec79825456339a3ab82 P 08bb750123664f5782edc1976ab8e592 [term 1 FOLLOWER]: Refusing update from remote peer ce57a0e8b6a942f8923606287c5ff61c: Log matching property violated. Preceding OpId in replica: term: 0 index: 0. Preceding OpId from leader: term: 1 index: 2. (index mismatch)
I0802 04:15:02.205195 1141 consensus_queue.cc:962] T bb6b8e87379d45f68e5e712714b02d1f P 08bb750123664f5782edc1976ab8e592 [LEADER]: Connected to new peer: Peer: permanent_uuid: "ce57a0e8b6a942f8923606287c5ff61c" member_type: VOTER last_known_addr { host: "127.0.52.194" port: 35717 }, Status: LMP_MISMATCH, Last received: 0.0, Next index: 1, Last known committed idx: 0, Time since last communication: 0.000s
I0802 04:15:02.205473 1118 consensus_queue.cc:962] T 5c703f0f4cc94ec79825456339a3ab82 P ce57a0e8b6a942f8923606287c5ff61c [LEADER]: Connected to new peer: Peer: permanent_uuid: "08bb750123664f5782edc1976ab8e592" member_type: VOTER last_known_addr { host: "127.0.52.195" port: 38677 }, Status: LMP_MISMATCH, Last received: 0.0, Next index: 1, Last known committed idx: 0, Time since last communication: 0.000s
I0802 04:15:02.210753 1172 consensus_queue.cc:962] T 0564a0d5344449339ea7eabe7e82591f P c7577ce447b545f8ab9695673d2e00c4 [LEADER]: Connected to new peer: Peer: permanent_uuid: "08bb750123664f5782edc1976ab8e592" member_type: VOTER last_known_addr { host: "127.0.52.195" port: 38677 }, Status: LMP_MISMATCH, Last received: 0.0, Next index: 1, Last known committed idx: 0, Time since last communication: 0.000s
I0802 04:15:02.236244 799 raft_consensus.cc:1083] T 5c703f0f4cc94ec79825456339a3ab82 P c7577ce447b545f8ab9695673d2e00c4 [term 1 FOLLOWER]: Refusing update from remote peer ce57a0e8b6a942f8923606287c5ff61c: Log matching property violated. Preceding OpId in replica: term: 0 index: 0. Preceding OpId from leader: term: 1 index: 2. (index mismatch)
I0802 04:15:02.236654 1149 consensus_queue.cc:962] T 5c703f0f4cc94ec79825456339a3ab82 P ce57a0e8b6a942f8923606287c5ff61c [LEADER]: Connected to new peer: Peer: permanent_uuid: "c7577ce447b545f8ab9695673d2e00c4" member_type: VOTER last_known_addr { host: "127.0.52.193" port: 33585 }, Status: LMP_MISMATCH, Last received: 0.0, Next index: 1, Last known committed idx: 0, Time since last communication: 0.000s Generator report time total : 140.416 ms time per row: 0.0702081 ms Dropping auto-created table 'default.loadgen_auto_c93aadcc7da04f5e8af3460987435e8e'
I0802 04:15:02.283617 681 catalog_manager.cc:1751] Servicing DeleteTable request from {username='slave'} at 127.0.0.1:48280: table { table_name: "default.loadgen_auto_c93aadcc7da04f5e8af3460987435e8e" }
I0802 04:15:02.286576 681 catalog_manager.cc:4066] T 00000000000000000000000000000000 P 8e67298f284c43e6bc4acc4e8f2d991d: Sending DeleteTablet for 3 replicas of tablet fce2c7936a8c4bc798ebc03c5e2df17e
I0802 04:15:02.286677 681 catalog_manager.cc:3154] Sending DeleteTablet(TABLET_DATA_DELETED) for tablet fce2c7936a8c4bc798ebc03c5e2df17e on ce57a0e8b6a942f8923606287c5ff61c (127.0.52.194:35717) (Table deleted at 2018-08-02 04:15:02 UTC)
I0802 04:15:02.286847 681 catalog_manager.cc:3154] Sending DeleteTablet(TABLET_DATA_DELETED) for tablet fce2c7936a8c4bc798ebc03c5e2df17e on 08bb750123664f5782edc1976ab8e592 (127.0.52.195:38677) (Table deleted at 2018-08-02 04:15:02 UTC)
I0802 04:15:02.286945 681 catalog_manager.cc:3154] Sending DeleteTablet(TABLET_DATA_DELETED) for tablet fce2c7936a8c4bc798ebc03c5e2df17e on c7577ce447b545f8ab9695673d2e00c4 (127.0.52.193:33585) (Table deleted at 2018-08-02 04:15:02 UTC)
I0802 04:15:02.287009 681 catalog_manager.cc:4066] T 00000000000000000000000000000000 P 8e67298f284c43e6bc4acc4e8f2d991d: Sending DeleteTablet for 3 replicas of tablet bb6b8e87379d45f68e5e712714b02d1f
I0802 04:15:02.287065 681 catalog_manager.cc:3154] Sending DeleteTablet(TABLET_DATA_DELETED) for tablet bb6b8e87379d45f68e5e712714b02d1f on c7577ce447b545f8ab9695673d2e00c4 (127.0.52.193:33585) (Table deleted at 2018-08-02 04:15:02 UTC)
I0802 04:15:02.287148 681 catalog_manager.cc:3154] Sending DeleteTablet(TABLET_DATA_DELETED) for tablet bb6b8e87379d45f68e5e712714b02d1f on ce57a0e8b6a942f8923606287c5ff61c (127.0.52.194:35717) (Table deleted at 2018-08-02 04:15:02 UTC)
I0802 04:15:02.287233 681 catalog_manager.cc:3154] Sending DeleteTablet(TABLET_DATA_DELETED) for tablet bb6b8e87379d45f68e5e712714b02d1f on 08bb750123664f5782edc1976ab8e592 (127.0.52.195:38677) (Table deleted at 2018-08-02 04:15:02 UTC)
I0802 04:15:02.287292 681 catalog_manager.cc:4066] T 00000000000000000000000000000000 P 8e67298f284c43e6bc4acc4e8f2d991d: Sending DeleteTablet for 3 replicas of tablet 34546b1bdca44b04addad9e4657a1ec9
I0802 04:15:02.287340 681 catalog_manager.cc:3154] Sending DeleteTablet(TABLET_DATA_DELETED) for tablet 34546b1bdca44b04addad9e4657a1ec9 on c7577ce447b545f8ab9695673d2e00c4 (127.0.52.193:33585) (Table deleted at 2018-08-02 04:15:02 UTC)
I0802 04:15:02.287420 681 catalog_manager.cc:3154] Sending DeleteTablet(TABLET_DATA_DELETED) for tablet 34546b1bdca44b04addad9e4657a1ec9 on ce57a0e8b6a942f8923606287c5ff61c (127.0.52.194:35717) (Table deleted at 2018-08-02 04:15:02 UTC)
I0802 04:15:02.287505 681 catalog_manager.cc:3154] Sending DeleteTablet(TABLET_DATA_DELETED) for tablet 34546b1bdca44b04addad9e4657a1ec9 on 08bb750123664f5782edc1976ab8e592 (127.0.52.195:38677) (Table deleted at 2018-08-02 04:15:02 UTC)
I0802 04:15:02.287561 681 catalog_manager.cc:4066] T 00000000000000000000000000000000 P 8e67298f284c43e6bc4acc4e8f2d991d: Sending DeleteTablet for 3 replicas of tablet a5483cdca36b41b6b050d590c2e0e47f
I0802 04:15:02.287603 681 catalog_manager.cc:3154] Sending DeleteTablet(TABLET_DATA_DELETED) for tablet a5483cdca36b41b6b050d590c2e0e47f on c7577ce447b545f8ab9695673d2e00c4 (127.0.52.193:33585) (Table deleted at 2018-08-02 04:15:02 UTC)
I0802 04:15:02.287645 681 catalog_manager.cc:3154] Sending DeleteTablet(TABLET_DATA_DELETED) for tablet a5483cdca36b41b6b050d590c2e0e47f on ce57a0e8b6a942f8923606287c5ff61c (127.0.52.194:35717) (Table deleted at 2018-08-02 04:15:02 UTC)
I0802 04:15:02.287684 681 catalog_manager.cc:3154] Sending DeleteTablet(TABLET_DATA_DELETED) for tablet a5483cdca36b41b6b050d590c2e0e47f on 08bb750123664f5782edc1976ab8e592 (127.0.52.195:38677) (Table deleted at 2018-08-02 04:15:02 UTC)
I0802 04:15:02.287712 681 catalog_manager.cc:4066] T 00000000000000000000000000000000 P 8e67298f284c43e6bc4acc4e8f2d991d: Sending DeleteTablet for 3 replicas of tablet 1466ff556b9846a69bfc0e0c047672ef
I0802 04:15:02.287760 681 catalog_manager.cc:3154] Sending DeleteTablet(TABLET_DATA_DELETED) for tablet 1466ff556b9846a69bfc0e0c047672ef on ce57a0e8b6a942f8923606287c5ff61c (127.0.52.194:35717) (Table deleted at 2018-08-02 04:15:02 UTC)
I0802 04:15:02.287818 681 catalog_manager.cc:3154] Sending DeleteTablet(TABLET_DATA_DELETED) for tablet 1466ff556b9846a69bfc0e0c047672ef on c7577ce447b545f8ab9695673d2e00c4 (127.0.52.193:33585) (Table deleted at 2018-08-02 04:15:02 UTC)
I0802 04:15:02.287889 681 catalog_manager.cc:3154] Sending DeleteTablet(TABLET_DATA_DELETED) for tablet 1466ff556b9846a69bfc0e0c047672ef on 08bb750123664f5782edc1976ab8e592 (127.0.52.195:38677) (Table deleted at 2018-08-02 04:15:02 UTC)
I0802 04:15:02.287953 681 catalog_manager.cc:4066] T 00000000000000000000000000000000 P 8e67298f284c43e6bc4acc4e8f2d991d: Sending DeleteTablet for 3 replicas of tablet c7b6eb8c140240669d04460b69f8a4df
I0802 04:15:02.288003 681 catalog_manager.cc:3154] Sending DeleteTablet(TABLET_DATA_DELETED) for tablet c7b6eb8c140240669d04460b69f8a4df on c7577ce447b545f8ab9695673d2e00c4 (127.0.52.193:33585) (Table deleted at 2018-08-02 04:15:02 UTC)
I0802 04:15:02.288080 681 catalog_manager.cc:3154] Sending DeleteTablet(TABLET_DATA_DELETED) for tablet c7b6eb8c140240669d04460b69f8a4df on ce57a0e8b6a942f8923606287c5ff61c (127.0.52.194:35717) (Table deleted at 2018-08-02 04:15:02 UTC)
I0802 04:15:02.288149 681 catalog_manager.cc:3154] Sending DeleteTablet(TABLET_DATA_DELETED) for tablet c7b6eb8c140240669d04460b69f8a4df on 08bb750123664f5782edc1976ab8e592 (127.0.52.195:38677) (Table deleted at 2018-08-02 04:15:02 UTC)
I0802 04:15:02.288208 681 catalog_manager.cc:4066] T 00000000000000000000000000000000 P 8e67298f284c43e6bc4acc4e8f2d991d: Sending DeleteTablet for 3 replicas of tablet 0564a0d5344449339ea7eabe7e82591f
I0802 04:15:02.288255 681 catalog_manager.cc:3154] Sending DeleteTablet(TABLET_DATA_DELETED) for tablet 0564a0d5344449339ea7eabe7e82591f on ce57a0e8b6a942f8923606287c5ff61c (127.0.52.194:35717) (Table deleted at 2018-08-02 04:15:02 UTC)
I0802 04:15:02.288324 681 catalog_manager.cc:3154] Sending DeleteTablet(TABLET_DATA_DELETED) for tablet 0564a0d5344449339ea7eabe7e82591f on c7577ce447b545f8ab9695673d2e00c4 (127.0.52.193:33585) (Table deleted at 2018-08-02 04:15:02 UTC)
I0802 04:15:02.288408 681 catalog_manager.cc:3154] Sending DeleteTablet(TABLET_DATA_DELETED) for tablet 0564a0d5344449339ea7eabe7e82591f on 08bb750123664f5782edc1976ab8e592 (127.0.52.195:38677) (Table deleted at 2018-08-02 04:15:02 UTC)
I0802 04:15:02.288460 681 catalog_manager.cc:4066] T 00000000000000000000000000000000 P 8e67298f284c43e6bc4acc4e8f2d991d: Sending DeleteTablet for 3 replicas of tablet 5c703f0f4cc94ec79825456339a3ab82
I0802 04:15:02.288508 681 catalog_manager.cc:3154] Sending DeleteTablet(TABLET_DATA_DELETED) for tablet 5c703f0f4cc94ec79825456339a3ab82 on c7577ce447b545f8ab9695673d2e00c4 (127.0.52.193:33585) (Table deleted at 2018-08-02 04:15:02 UTC)
I0802 04:15:02.288583 681 catalog_manager.cc:3154] Sending DeleteTablet(TABLET_DATA_DELETED) for tablet 5c703f0f4cc94ec79825456339a3ab82 on ce57a0e8b6a942f8923606287c5ff61c (127.0.52.194:35717) (Table deleted at 2018-08-02 04:15:02 UTC)
I0802 04:15:02.288651 681 catalog_manager.cc:3154] Sending DeleteTablet(TABLET_DATA_DELETED) for tablet 5c703f0f4cc94ec79825456339a3ab82 on 08bb750123664f5782edc1976ab8e592 (127.0.52.195:38677) (Table deleted at 2018-08-02 04:15:02 UTC)
I0802 04:15:02.289948 900 tablet_service.cc:800] Processing DeleteTablet for tablet fce2c7936a8c4bc798ebc03c5e2df17e with delete_type TABLET_DATA_DELETED (Table deleted at 2018-08-02 04:15:02 UTC) from {username='slave'} at 127.0.0.1:43604
I0802 04:15:02.290176 899 tablet_service.cc:800] Processing DeleteTablet for tablet bb6b8e87379d45f68e5e712714b02d1f with delete_type TABLET_DATA_DELETED (Table deleted at 2018-08-02 04:15:02 UTC) from {username='slave'} at 127.0.0.1:43604
I0802 04:15:02.290278 902 tablet_service.cc:800] Processing DeleteTablet for tablet 34546b1bdca44b04addad9e4657a1ec9 with delete_type TABLET_DATA_DELETED (Table deleted at 2018-08-02 04:15:02 UTC) from {username='slave'} at 127.0.0.1:43604
I0802 04:15:02.290365 903 tablet_service.cc:800] Processing DeleteTablet for tablet a5483cdca36b41b6b050d590c2e0e47f with delete_type TABLET_DATA_DELETED (Table deleted at 2018-08-02 04:15:02 UTC) from {username='slave'} at 127.0.0.1:43604
I0802 04:15:02.290459 904 tablet_service.cc:800] Processing DeleteTablet for tablet 1466ff556b9846a69bfc0e0c047672ef with delete_type TABLET_DATA_DELETED (Table deleted at 2018-08-02 04:15:02 UTC) from {username='slave'} at 127.0.0.1:43604
I0802 04:15:02.290544 905 tablet_service.cc:800] Processing DeleteTablet for tablet c7b6eb8c140240669d04460b69f8a4df with delete_type TABLET_DATA_DELETED (Table deleted at 2018-08-02 04:15:02 UTC) from {username='slave'} at 127.0.0.1:43604
I0802 04:15:02.290633 901 tablet_service.cc:800] Processing DeleteTablet for tablet 0564a0d5344449339ea7eabe7e82591f with delete_type TABLET_DATA_DELETED (Table deleted at 2018-08-02 04:15:02 UTC) from {username='slave'} at 127.0.0.1:43604
I0802 04:15:02.290673 1215 tablet_replica.cc:261] T fce2c7936a8c4bc798ebc03c5e2df17e P ce57a0e8b6a942f8923606287c5ff61c: stopping tablet replica
I0802 04:15:02.290719 898 tablet_service.cc:800] Processing DeleteTablet for tablet 5c703f0f4cc94ec79825456339a3ab82 with delete_type TABLET_DATA_DELETED (Table deleted at 2018-08-02 04:15:02 UTC) from {username='slave'} at 127.0.0.1:43604
I0802 04:15:02.290740 1215 maintenance_manager.cc:237] P ce57a0e8b6a942f8923606287c5ff61c: Unregistered op CompactRowSetsOp(fce2c7936a8c4bc798ebc03c5e2df17e)
I0802 04:15:02.290783 1215 maintenance_manager.cc:237] P ce57a0e8b6a942f8923606287c5ff61c: Unregistered op MinorDeltaCompactionOp(fce2c7936a8c4bc798ebc03c5e2df17e)
I0802 04:15:02.290803 1215 maintenance_manager.cc:237] P ce57a0e8b6a942f8923606287c5ff61c: Unregistered op MajorDeltaCompactionOp(fce2c7936a8c4bc798ebc03c5e2df17e)
I0802 04:15:02.290817 1215 maintenance_manager.cc:237] P ce57a0e8b6a942f8923606287c5ff61c: Unregistered op UndoDeltaBlockGCOp(fce2c7936a8c4bc798ebc03c5e2df17e)
I0802 04:15:02.290858 1215 maintenance_manager.cc:237] P ce57a0e8b6a942f8923606287c5ff61c: Unregistered op FlushMRSOp(fce2c7936a8c4bc798ebc03c5e2df17e)
I0802 04:15:02.290871 1215 maintenance_manager.cc:237] P ce57a0e8b6a942f8923606287c5ff61c: Unregistered op FlushDeltaMemStoresOp(fce2c7936a8c4bc798ebc03c5e2df17e)
I0802 04:15:02.290874 1025 tablet_service.cc:800] Processing DeleteTablet for tablet fce2c7936a8c4bc798ebc03c5e2df17e with delete_type TABLET_DATA_DELETED (Table deleted at 2018-08-02 04:15:02 UTC) from {username='slave'} at 127.0.0.1:54416
I0802 04:15:02.290890 1215 maintenance_manager.cc:237] P ce57a0e8b6a942f8923606287c5ff61c: Unregistered op LogGCOp(fce2c7936a8c4bc798ebc03c5e2df17e)
I0802 04:15:02.290900 764 tablet_service.cc:800] Processing DeleteTablet for tablet bb6b8e87379d45f68e5e712714b02d1f with delete_type TABLET_DATA_DELETED (Table deleted at 2018-08-02 04:15:02 UTC) from {username='slave'} at 127.0.0.1:39670
I0802 04:15:02.290932 1215 raft_consensus.cc:2052] T fce2c7936a8c4bc798ebc03c5e2df17e P ce57a0e8b6a942f8923606287c5ff61c [term 1 FOLLOWER]: Raft consensus shutting down.
I0802 04:15:02.291009 1215 raft_consensus.cc:2079] T fce2c7936a8c4bc798ebc03c5e2df17e P ce57a0e8b6a942f8923606287c5ff61c [term 1 FOLLOWER]: Raft consensus is shut down!
I0802 04:15:02.291046 1027 tablet_service.cc:800] Processing DeleteTablet for tablet bb6b8e87379d45f68e5e712714b02d1f with delete_type TABLET_DATA_DELETED (Table deleted at 2018-08-02 04:15:02 UTC) from {username='slave'} at 127.0.0.1:54416
I0802 04:15:02.291100 782 tablet_service.cc:800] Processing DeleteTablet for tablet 34546b1bdca44b04addad9e4657a1ec9 with delete_type TABLET_DATA_DELETED (Table deleted at 2018-08-02 04:15:02 UTC) from {username='slave'} at 127.0.0.1:39670
I0802 04:15:02.291138 1023 tablet_service.cc:800] Processing DeleteTablet for tablet 34546b1bdca44b04addad9e4657a1ec9 with delete_type TABLET_DATA_DELETED (Table deleted at 2018-08-02 04:15:02 UTC) from {username='slave'} at 127.0.0.1:54416
I0802 04:15:02.291215 1022 tablet_service.cc:800] Processing DeleteTablet for tablet a5483cdca36b41b6b050d590c2e0e47f with delete_type TABLET_DATA_DELETED (Table deleted at 2018-08-02 04:15:02 UTC) from {username='slave'} at 127.0.0.1:54416
I0802 04:15:02.291249 770 tablet_service.cc:800] Processing DeleteTablet for tablet a5483cdca36b41b6b050d590c2e0e47f with delete_type TABLET_DATA_DELETED (Table deleted at 2018-08-02 04:15:02 UTC) from {username='slave'} at 127.0.0.1:39670
I0802 04:15:02.291292 1217 tablet_replica.cc:261] T bb6b8e87379d45f68e5e712714b02d1f P c7577ce447b545f8ab9695673d2e00c4: stopping tablet replica
I0802 04:15:02.291302 1024 tablet_service.cc:800] Processing DeleteTablet for tablet 1466ff556b9846a69bfc0e0c047672ef with delete_type TABLET_DATA_DELETED (Table deleted at 2018-08-02 04:15:02 UTC) from {username='slave'} at 127.0.0.1:54416
I0802 04:15:02.291333 763 tablet_service.cc:800] Processing DeleteTablet for tablet 1466ff556b9846a69bfc0e0c047672ef with delete_type TABLET_DATA_DELETED (Table deleted at 2018-08-02 04:15:02 UTC) from {username='slave'} at 127.0.0.1:39670
I0802 04:15:02.291349 1217 maintenance_manager.cc:237] P c7577ce447b545f8ab9695673d2e00c4: Unregistered op CompactRowSetsOp(bb6b8e87379d45f68e5e712714b02d1f)
I0802 04:15:02.291368 1217 maintenance_manager.cc:237] P c7577ce447b545f8ab9695673d2e00c4: Unregistered op MinorDeltaCompactionOp(bb6b8e87379d45f68e5e712714b02d1f)
I0802 04:15:02.291384 1217 maintenance_manager.cc:237] P c7577ce447b545f8ab9695673d2e00c4: Unregistered op MajorDeltaCompactionOp(bb6b8e87379d45f68e5e712714b02d1f)
I0802 04:15:02.291394 1217 maintenance_manager.cc:237] P c7577ce447b545f8ab9695673d2e00c4: Unregistered op UndoDeltaBlockGCOp(bb6b8e87379d45f68e5e712714b02d1f)
I0802 04:15:02.291399 1020 tablet_service.cc:800] Processing DeleteTablet for tablet c7b6eb8c140240669d04460b69f8a4df with delete_type TABLET_DATA_DELETED (Table deleted at 2018-08-02 04:15:02 UTC) from {username='slave'} at 127.0.0.1:54416
I0802 04:15:02.291425 1217 maintenance_manager.cc:237] P c7577ce447b545f8ab9695673d2e00c4: Unregistered op FlushMRSOp(bb6b8e87379d45f68e5e712714b02d1f)
I0802 04:15:02.291424 772 tablet_service.cc:800] Processing DeleteTablet for tablet c7b6eb8c140240669d04460b69f8a4df with delete_type TABLET_DATA_DELETED (Table deleted at 2018-08-02 04:15:02 UTC) from {username='slave'} at 127.0.0.1:39670
I0802 04:15:02.291512 767 tablet_service.cc:800] Processing DeleteTablet for tablet 0564a0d5344449339ea7eabe7e82591f with delete_type TABLET_DATA_DELETED (Table deleted at 2018-08-02 04:15:02 UTC) from {username='slave'} at 127.0.0.1:39670
I0802 04:15:02.291540 1216 tablet_replica.cc:261] T fce2c7936a8c4bc798ebc03c5e2df17e P 08bb750123664f5782edc1976ab8e592: stopping tablet replica
I0802 04:15:02.291592 1216 maintenance_manager.cc:237] P 08bb750123664f5782edc1976ab8e592: Unregistered op CompactRowSetsOp(fce2c7936a8c4bc798ebc03c5e2df17e)
I0802 04:15:02.291604 1020 tablet_service.cc:800] Processing DeleteTablet for tablet 0564a0d5344449339ea7eabe7e82591f with delete_type TABLET_DATA_DELETED (Table deleted at 2018-08-02 04:15:02 UTC) from {username='slave'} at 127.0.0.1:54416
I0802 04:15:02.291610 771 tablet_service.cc:800] Processing DeleteTablet for tablet 5c703f0f4cc94ec79825456339a3ab82 with delete_type TABLET_DATA_DELETED (Table deleted at 2018-08-02 04:15:02 UTC) from {username='slave'} at 127.0.0.1:39670
I0802 04:15:02.291615 1216 maintenance_manager.cc:237] P 08bb750123664f5782edc1976ab8e592: Unregistered op MinorDeltaCompactionOp(fce2c7936a8c4bc798ebc03c5e2df17e)
I0802 04:15:02.291627 1216 maintenance_manager.cc:237] P 08bb750123664f5782edc1976ab8e592: Unregistered op MajorDeltaCompactionOp(fce2c7936a8c4bc798ebc03c5e2df17e)
I0802 04:15:02.291640 1216 maintenance_manager.cc:237] P 08bb750123664f5782edc1976ab8e592: Unregistered op UndoDeltaBlockGCOp(fce2c7936a8c4bc798ebc03c5e2df17e)
I0802 04:15:02.291668 1216 maintenance_manager.cc:237] P 08bb750123664f5782edc1976ab8e592: Unregistered op FlushMRSOp(fce2c7936a8c4bc798ebc03c5e2df17e)
I0802 04:15:02.291682 1216 maintenance_manager.cc:237] P 08bb750123664f5782edc1976ab8e592: Unregistered op FlushDeltaMemStoresOp(fce2c7936a8c4bc798ebc03c5e2df17e)
I0802 04:15:02.291680 1020 tablet_service.cc:800] Processing DeleteTablet for tablet 5c703f0f4cc94ec79825456339a3ab82 with delete_type TABLET_DATA_DELETED (Table deleted at 2018-08-02 04:15:02 UTC) from {username='slave'} at 127.0.0.1:54416
I0802 04:15:02.291692 1216 maintenance_manager.cc:237] P 08bb750123664f5782edc1976ab8e592: Unregistered op LogGCOp(fce2c7936a8c4bc798ebc03c5e2df17e)
I0802 04:15:02.291725 1216 raft_consensus.cc:2052] T fce2c7936a8c4bc798ebc03c5e2df17e P 08bb750123664f5782edc1976ab8e592 [term 1 LEADER]: Raft consensus shutting down.
I0802 04:15:02.291748 1216 consensus_peers.cc:455] T fce2c7936a8c4bc798ebc03c5e2df17e P 08bb750123664f5782edc1976ab8e592 -> Peer c7577ce447b545f8ab9695673d2e00c4 (127.0.52.193:33585): Closing peer: c7577ce447b545f8ab9695673d2e00c4
I0802 04:15:02.291771 1216 consensus_peers.cc:455] T fce2c7936a8c4bc798ebc03c5e2df17e P 08bb750123664f5782edc1976ab8e592 -> Peer ce57a0e8b6a942f8923606287c5ff61c (127.0.52.194:35717): Closing peer: ce57a0e8b6a942f8923606287c5ff61c
I0802 04:15:02.291777 780 tablet_service.cc:800] Processing DeleteTablet for tablet fce2c7936a8c4bc798ebc03c5e2df17e with delete_type TABLET_DATA_DELETED (Table deleted at 2018-08-02 04:15:02 UTC) from {username='slave'} at 127.0.0.1:39670
I0802 04:15:02.291937 1216 raft_consensus.cc:2079] T fce2c7936a8c4bc798ebc03c5e2df17e P 08bb750123664f5782edc1976ab8e592 [term 1 FOLLOWER]: Raft consensus is shut down!
I0802 04:15:02.292197 1217 maintenance_manager.cc:237] P c7577ce447b545f8ab9695673d2e00c4: Unregistered op FlushDeltaMemStoresOp(bb6b8e87379d45f68e5e712714b02d1f)
I0802 04:15:02.292218 1217 maintenance_manager.cc:237] P c7577ce447b545f8ab9695673d2e00c4: Unregistered op LogGCOp(bb6b8e87379d45f68e5e712714b02d1f)
I0802 04:15:02.292255 1217 raft_consensus.cc:2052] T bb6b8e87379d45f68e5e712714b02d1f P c7577ce447b545f8ab9695673d2e00c4 [term 1 FOLLOWER]: Raft consensus shutting down.
I0802 04:15:02.292326 1217 raft_consensus.cc:2079] T bb6b8e87379d45f68e5e712714b02d1f P c7577ce447b545f8ab9695673d2e00c4 [term 1 FOLLOWER]: Raft consensus is shut down!
I0802 04:15:02.292930 1215 ts_tablet_manager.cc:1369] T fce2c7936a8c4bc798ebc03c5e2df17e P ce57a0e8b6a942f8923606287c5ff61c: Deleting tablet data with delete state TABLET_DATA_DELETED
I0802 04:15:02.293174 1217 ts_tablet_manager.cc:1369] T bb6b8e87379d45f68e5e712714b02d1f P c7577ce447b545f8ab9695673d2e00c4: Deleting tablet data with delete state TABLET_DATA_DELETED
I0802 04:15:02.294970 1215 ts_tablet_manager.cc:1382] T fce2c7936a8c4bc798ebc03c5e2df17e P ce57a0e8b6a942f8923606287c5ff61c: tablet deleted with delete type TABLET_DATA_DELETED: last-logged OpId 1.3
I0802 04:15:02.295017 1215 log.cc:986] T fce2c7936a8c4bc798ebc03c5e2df17e P ce57a0e8b6a942f8923606287c5ff61c: Deleting WAL directory at /tmp/dist-test-taskt6s1wE/test-tmp/kudu-tool-test.1.ToolTest.TestLoadgenServerSideDefaultNumReplicas.1533183298722925-211/minicluster-data/ts-1/wal/wals/fce2c7936a8c4bc798ebc03c5e2df17e
I0802 04:15:02.295399 1215 ts_tablet_manager.cc:1403] T fce2c7936a8c4bc798ebc03c5e2df17e P ce57a0e8b6a942f8923606287c5ff61c: Deleting consensus metadata
I0802 04:15:02.295697 1216 ts_tablet_manager.cc:1369] T fce2c7936a8c4bc798ebc03c5e2df17e P 08bb750123664f5782edc1976ab8e592: Deleting tablet data with delete state TABLET_DATA_DELETED
W0802 04:15:02.295840 857 connection.cc:512] server connection from 127.0.0.1:43612 recv error: Network error: failed to read from TLS socket (remote: 127.0.0.1:43612): Connection reset by peer (error 104)
W0802 04:15:02.296162 666 connection.cc:512] server connection from 127.0.0.1:48280 recv error: Network error: failed to read from TLS socket (remote: 127.0.0.1:48280): Connection reset by peer (error 104)
I0802 04:15:02.296448 665 catalog_manager.cc:3132] TS ce57a0e8b6a942f8923606287c5ff61c (127.0.52.194:35717): tablet fce2c7936a8c4bc798ebc03c5e2df17e (table default.loadgen_auto_c93aadcc7da04f5e8af3460987435e8e [id=ad373cfbe9a6472a9dfead4b8b5871b5]) successfully deleted
I0802 04:15:02.296550 211 external_mini_cluster.cc:1008] Killing /tmp/dist-test-taskt6s1wE/build/debug/bin/kudu-tserver with pid 716
I0802 04:15:02.296607 1215 tablet_replica.cc:261] T bb6b8e87379d45f68e5e712714b02d1f P ce57a0e8b6a942f8923606287c5ff61c: stopping tablet replica
