I0802 04:15:02.675781 1426 raft_consensus.cc:457] T d52d85adc4e340809982ffab6d9355ce P 75af8cc78c0c46d684c5019eb5ce35da [term 0 FOLLOWER]: Starting leader election (initial election of a single-replica configuration)
I0802 04:15:02.675812 1426 raft_consensus.cc:2742] T d52d85adc4e340809982ffab6d9355ce P 75af8cc78c0c46d684c5019eb5ce35da: Snoozing failure detection for 1.519s (starting election)
I0802 04:15:02.675833 1426 raft_consensus.cc:2794] T d52d85adc4e340809982ffab6d9355ce P 75af8cc78c0c46d684c5019eb5ce35da [term 0 FOLLOWER]: Advancing to term 1
I0802 04:15:02.676440 1426 raft_consensus.cc:479] T d52d85adc4e340809982ffab6d9355ce P 75af8cc78c0c46d684c5019eb5ce35da [term 1 FOLLOWER]: Starting leader election with config: opid_index: -1 OBSOLETE_local: true peers { permanent_uuid: "75af8cc78c0c46d684c5019eb5ce35da" member_type: VOTER last_known_addr { host: "127.0.52.193" port: 39585 } }
I0802 04:15:02.676651 1426 leader_election.cc:278] T d52d85adc4e340809982ffab6d9355ce P 75af8cc78c0c46d684c5019eb5ce35da [CANDIDATE]: Term 1 election: Election decided. Result: candidate won.
I0802 04:15:02.676926 1428 raft_consensus.cc:2742] T d52d85adc4e340809982ffab6d9355ce P 75af8cc78c0c46d684c5019eb5ce35da: Snoozing failure detection for 1.674s (election complete)
I0802 04:15:02.676970 1428 raft_consensus.cc:2549] T d52d85adc4e340809982ffab6d9355ce P 75af8cc78c0c46d684c5019eb5ce35da [term 1 FOLLOWER]: Leader election won for term 1
I0802 04:15:02.677093 1428 raft_consensus.cc:595] T d52d85adc4e340809982ffab6d9355ce P 75af8cc78c0c46d684c5019eb5ce35da [term 1 LEADER]: Becoming Leader. State: Replica: 75af8cc78c0c46d684c5019eb5ce35da, State: Running, Role: LEADER
I0802 04:15:02.677132 1408 heartbeater.cc:467] Master 127.0.52.254:41389 was elected leader, sending a full tablet report...
I0802 04:15:02.677280 1426 ts_tablet_manager.cc:1073] T d52d85adc4e340809982ffab6d9355ce P 75af8cc78c0c46d684c5019eb5ce35da: Time spent starting tablet: real 0.004s user 0.004s sys 0.000s
I0802 04:15:02.677317 1428 consensus_queue.cc:204] T d52d85adc4e340809982ffab6d9355ce P 75af8cc78c0c46d684c5019eb5ce35da [LEADER]: Queue going to LEADER mode. State: All replicated index: 0, Majority replicated index: 0, Committed index: 0, Last appended: 0.0, Last appended by leader: 0, Current term: 1, Majority size: 1, State: 0, Mode: LEADER, active raft config: opid_index: -1 OBSOLETE_local: true peers { permanent_uuid: "75af8cc78c0c46d684c5019eb5ce35da" member_type: VOTER last_known_addr { host: "127.0.52.193" port: 39585 } }
I0802 04:15:02.677394 1426 ts_tablet_manager.cc:1028] T d50e993018884198b531e949c42d9f04 P 75af8cc78c0c46d684c5019eb5ce35da: Bootstrapping tablet
I0802 04:15:02.677456 1426 tablet_bootstrap.cc:432] T d50e993018884198b531e949c42d9f04 P 75af8cc78c0c46d684c5019eb5ce35da: Bootstrap starting.
I0802 04:15:02.678119 1426 tablet_bootstrap.cc:586] T d50e993018884198b531e949c42d9f04 P 75af8cc78c0c46d684c5019eb5ce35da: No blocks or log segments found. Creating new log.
I0802 04:15:02.679034 1426 tablet_bootstrap.cc:432] T d50e993018884198b531e949c42d9f04 P 75af8cc78c0c46d684c5019eb5ce35da: No bootstrap required, opened a new log
I0802 04:15:02.679105 1426 ts_tablet_manager.cc:1045] T d50e993018884198b531e949c42d9f04 P 75af8cc78c0c46d684c5019eb5ce35da: Time spent bootstrapping tablet: real 0.002s user 0.001s sys 0.000s
I0802 04:15:02.679373 1244 catalog_manager.cc:3827] T d52d85adc4e340809982ffab6d9355ce P 75af8cc78c0c46d684c5019eb5ce35da reported cstate change: term changed from 0 to 1, leader changed from to 75af8cc78c0c46d684c5019eb5ce35da (127.0.52.193). New cstate: current_term: 1 leader_uuid: "75af8cc78c0c46d684c5019eb5ce35da" committed_config { opid_index: -1 OBSOLETE_local: true peers { permanent_uuid: "75af8cc78c0c46d684c5019eb5ce35da" member_type: VOTER last_known_addr { host: "127.0.52.193" port: 39585 } health_report { overall_health: HEALTHY } } }
I0802 04:15:02.679625 1426 raft_consensus.cc:325] T d50e993018884198b531e949c42d9f04 P 75af8cc78c0c46d684c5019eb5ce35da [term 0 FOLLOWER]: Replica starting. Triggering 0 pending transactions. Active config: opid_index: -1 OBSOLETE_local: true peers { permanent_uuid: "75af8cc78c0c46d684c5019eb5ce35da" member_type: VOTER last_known_addr { host: "127.0.52.193" port: 39585 } }
I0802 04:15:02.679677 1426 raft_consensus.cc:351] T d50e993018884198b531e949c42d9f04 P 75af8cc78c0c46d684c5019eb5ce35da [term 0 FOLLOWER]: Consensus starting up: Expiring failure detector timer to make a prompt election more likely
I0802 04:15:02.679699 1426 raft_consensus.cc:630] T d50e993018884198b531e949c42d9f04 P 75af8cc78c0c46d684c5019eb5ce35da [term 0 FOLLOWER]: Becoming Follower/Learner. State: Replica: 75af8cc78c0c46d684c5019eb5ce35da, State: Initialized, Role: FOLLOWER
I0802 04:15:02.679868 1426 consensus_queue.cc:227] T d50e993018884198b531e949c42d9f04 P 75af8cc78c0c46d684c5019eb5ce35da [NON_LEADER]: Queue going to NON_LEADER mode. State: All replicated index: 0, Majority replicated index: 0, Committed index: 0, Last appended: 0.0, Last appended by leader: 0, Current term: 0, Majority size: -1, State: 0, Mode: NON_LEADER, active raft config: opid_index: -1 OBSOLETE_local: true peers { permanent_uuid: "75af8cc78c0c46d684c5019eb5ce35da" member_type: VOTER last_known_addr { host: "127.0.52.193" port: 39585 } }
I0802 04:15:02.679908 1426 raft_consensus.cc:365] T d50e993018884198b531e949c42d9f04 P 75af8cc78c0c46d684c5019eb5ce35da [term 0 FOLLOWER]: Only one voter in the Raft config. Triggering election immediately
I0802 04:15:02.679922 1426 raft_consensus.cc:457] T d50e993018884198b531e949c42d9f04 P 75af8cc78c0c46d684c5019eb5ce35da [term 0 FOLLOWER]: Starting leader election (initial election of a single-replica configuration)
I0802 04:15:02.679949 1426 raft_consensus.cc:2742] T d50e993018884198b531e949c42d9f04 P 75af8cc78c0c46d684c5019eb5ce35da: Snoozing failure detection for 1.789s (starting election)
I0802 04:15:02.679975 1426 raft_consensus.cc:2794] T d50e993018884198b531e949c42d9f04 P 75af8cc78c0c46d684c5019eb5ce35da [term 0 FOLLOWER]: Advancing to term 1
I0802 04:15:02.680783 1426 raft_consensus.cc:479] T d50e993018884198b531e949c42d9f04 P 75af8cc78c0c46d684c5019eb5ce35da [term 1 FOLLOWER]: Starting leader election with config: opid_index: -1 OBSOLETE_local: true peers { permanent_uuid: "75af8cc78c0c46d684c5019eb5ce35da" member_type: VOTER last_known_addr { host: "127.0.52.193" port: 39585 } }
I0802 04:15:02.680842 1426 leader_election.cc:278] T d50e993018884198b531e949c42d9f04 P 75af8cc78c0c46d684c5019eb5ce35da [CANDIDATE]: Term 1 election: Election decided. Result: candidate won.
I0802 04:15:02.680961 1430 raft_consensus.cc:2742] T d50e993018884198b531e949c42d9f04 P 75af8cc78c0c46d684c5019eb5ce35da: Snoozing failure detection for 1.962s (election complete)
I0802 04:15:02.681030 1430 raft_consensus.cc:2549] T d50e993018884198b531e949c42d9f04 P 75af8cc78c0c46d684c5019eb5ce35da [term 1 FOLLOWER]: Leader election won for term 1
I0802 04:15:02.681063 1426 ts_tablet_manager.cc:1073] T d50e993018884198b531e949c42d9f04 P 75af8cc78c0c46d684c5019eb5ce35da: Time spent starting tablet: real 0.002s user 0.001s sys 0.000s
I0802 04:15:02.681097 1430 raft_consensus.cc:595] T d50e993018884198b531e949c42d9f04 P 75af8cc78c0c46d684c5019eb5ce35da [term 1 LEADER]: Becoming Leader. State: Replica: 75af8cc78c0c46d684c5019eb5ce35da, State: Running, Role: LEADER
I0802 04:15:02.681136 1426 ts_tablet_manager.cc:1028] T 83160b8386724deab8381b96257a751d P 75af8cc78c0c46d684c5019eb5ce35da: Bootstrapping tablet
I0802 04:15:02.681200 1426 tablet_bootstrap.cc:432] T 83160b8386724deab8381b96257a751d P 75af8cc78c0c46d684c5019eb5ce35da: Bootstrap starting.
I0802 04:15:02.681221 1430 consensus_queue.cc:204] T d50e993018884198b531e949c42d9f04 P 75af8cc78c0c46d684c5019eb5ce35da [LEADER]: Queue going to LEADER mode. State: All replicated index: 0, Majority replicated index: 0, Committed index: 0, Last appended: 0.0, Last appended by leader: 0, Current term: 1, Majority size: 1, State: 0, Mode: LEADER, active raft config: opid_index: -1 OBSOLETE_local: true peers { permanent_uuid: "75af8cc78c0c46d684c5019eb5ce35da" member_type: VOTER last_known_addr { host: "127.0.52.193" port: 39585 } }
I0802 04:15:02.681735 1426 tablet_bootstrap.cc:586] T 83160b8386724deab8381b96257a751d P 75af8cc78c0c46d684c5019eb5ce35da: No blocks or log segments found. Creating new log.
I0802 04:15:02.682248 1244 catalog_manager.cc:3827] T d50e993018884198b531e949c42d9f04 P 75af8cc78c0c46d684c5019eb5ce35da reported cstate change: term changed from 0 to 1, leader changed from to 75af8cc78c0c46d684c5019eb5ce35da (127.0.52.193). New cstate: current_term: 1 leader_uuid: "75af8cc78c0c46d684c5019eb5ce35da" committed_config { opid_index: -1 OBSOLETE_local: true peers { permanent_uuid: "75af8cc78c0c46d684c5019eb5ce35da" member_type: VOTER last_known_addr { host: "127.0.52.193" port: 39585 } health_report { overall_health: HEALTHY } } }
I0802 04:15:02.682643 1426 tablet_bootstrap.cc:432] T 83160b8386724deab8381b96257a751d P 75af8cc78c0c46d684c5019eb5ce35da: No bootstrap required, opened a new log
I0802 04:15:02.682700 1426 ts_tablet_manager.cc:1045] T 83160b8386724deab8381b96257a751d P 75af8cc78c0c46d684c5019eb5ce35da: Time spent bootstrapping tablet: real 0.002s user 0.001s sys 0.000s
I0802 04:15:02.683099 1426 raft_consensus.cc:325] T 83160b8386724deab8381b96257a751d P 75af8cc78c0c46d684c5019eb5ce35da [term 0 FOLLOWER]: Replica starting. Triggering 0 pending transactions. Active config: opid_index: -1 OBSOLETE_local: true peers { permanent_uuid: "75af8cc78c0c46d684c5019eb5ce35da" member_type: VOTER last_known_addr { host: "127.0.52.193" port: 39585 } }
I0802 04:15:02.683132 1426 raft_consensus.cc:351] T 83160b8386724deab8381b96257a751d P 75af8cc78c0c46d684c5019eb5ce35da [term 0 FOLLOWER]: Consensus starting up: Expiring failure detector timer to make a prompt election more likely
I0802 04:15:02.683151 1426 raft_consensus.cc:630] T 83160b8386724deab8381b96257a751d P 75af8cc78c0c46d684c5019eb5ce35da [term 0 FOLLOWER]: Becoming Follower/Learner. State: Replica: 75af8cc78c0c46d684c5019eb5ce35da, State: Initialized, Role: FOLLOWER
I0802 04:15:02.683255 1426 consensus_queue.cc:227] T 83160b8386724deab8381b96257a751d P 75af8cc78c0c46d684c5019eb5ce35da [NON_LEADER]: Queue going to NON_LEADER mode. State: All replicated index: 0, Majority replicated index: 0, Committed index: 0, Last appended: 0.0, Last appended by leader: 0, Current term: 0, Majority size: -1, State: 0, Mode: NON_LEADER, active raft config: opid_index: -1 OBSOLETE_local: true peers { permanent_uuid: "75af8cc78c0c46d684c5019eb5ce35da" member_type: VOTER last_known_addr { host: "127.0.52.193" port: 39585 } }
I0802 04:15:02.683293 1426 raft_consensus.cc:365] T 83160b8386724deab8381b96257a751d P 75af8cc78c0c46d684c5019eb5ce35da [term 0 FOLLOWER]: Only one voter in the Raft config. Triggering election immediately
I0802 04:15:02.683310 1426 raft_consensus.cc:457] T 83160b8386724deab8381b96257a751d P 75af8cc78c0c46d684c5019eb5ce35da [term 0 FOLLOWER]: Starting leader election (initial election of a single-replica configuration)
I0802 04:15:02.683329 1426 raft_consensus.cc:2742] T 83160b8386724deab8381b96257a751d P 75af8cc78c0c46d684c5019eb5ce35da: Snoozing failure detection for 2.117s (starting election)
I0802 04:15:02.683349 1426 raft_consensus.cc:2794] T 83160b8386724deab8381b96257a751d P 75af8cc78c0c46d684c5019eb5ce35da [term 0 FOLLOWER]: Advancing to term 1
I0802 04:15:02.684031 1426 raft_consensus.cc:479] T 83160b8386724deab8381b96257a751d P 75af8cc78c0c46d684c5019eb5ce35da [term 1 FOLLOWER]: Starting leader election with config: opid_index: -1 OBSOLETE_local: true peers { permanent_uuid: "75af8cc78c0c46d684c5019eb5ce35da" member_type: VOTER last_known_addr { host: "127.0.52.193" port: 39585 } }
I0802 04:15:02.684098 1426 leader_election.cc:278] T 83160b8386724deab8381b96257a751d P 75af8cc78c0c46d684c5019eb5ce35da [CANDIDATE]: Term 1 election: Election decided. Result: candidate won.
I0802 04:15:02.684221 1428 raft_consensus.cc:2742] T 83160b8386724deab8381b96257a751d P 75af8cc78c0c46d684c5019eb5ce35da: Snoozing failure detection for 1.729s (election complete)
I0802 04:15:02.684288 1428 raft_consensus.cc:2549] T 83160b8386724deab8381b96257a751d P 75af8cc78c0c46d684c5019eb5ce35da [term 1 FOLLOWER]: Leader election won for term 1
I0802 04:15:02.684388 1428 raft_consensus.cc:595] T 83160b8386724deab8381b96257a751d P 75af8cc78c0c46d684c5019eb5ce35da [term 1 LEADER]: Becoming Leader. State: Replica: 75af8cc78c0c46d684c5019eb5ce35da, State: Running, Role: LEADER
I0802 04:15:02.684535 1428 consensus_queue.cc:204] T 83160b8386724deab8381b96257a751d P 75af8cc78c0c46d684c5019eb5ce35da [LEADER]: Queue going to LEADER mode. State: All replicated index: 0, Majority replicated index: 0, Committed index: 0, Last appended: 0.0, Last appended by leader: 0, Current term: 1, Majority size: 1, State: 0, Mode: LEADER, active raft config: opid_index: -1 OBSOLETE_local: true peers { permanent_uuid: "75af8cc78c0c46d684c5019eb5ce35da" member_type: VOTER last_known_addr { host: "127.0.52.193" port: 39585 } }
I0802 04:15:02.684316 1426 ts_tablet_manager.cc:1073] T 83160b8386724deab8381b96257a751d P 75af8cc78c0c46d684c5019eb5ce35da: Time spent starting tablet: real 0.002s user 0.000s sys 0.002s
I0802 04:15:02.684860 1426 ts_tablet_manager.cc:1028] T 4ebf613ea5b3449e9f95266491b2f882 P 75af8cc78c0c46d684c5019eb5ce35da: Bootstrapping tablet
I0802 04:15:02.684942 1426 tablet_bootstrap.cc:432] T 4ebf613ea5b3449e9f95266491b2f882 P 75af8cc78c0c46d684c5019eb5ce35da: Bootstrap starting.
I0802 04:15:02.685446 1244 catalog_manager.cc:3827] T 83160b8386724deab8381b96257a751d P 75af8cc78c0c46d684c5019eb5ce35da reported cstate change: term changed from 0 to 1, leader changed from to 75af8cc78c0c46d684c5019eb5ce35da (127.0.52.193). New cstate: current_term: 1 leader_uuid: "75af8cc78c0c46d684c5019eb5ce35da" committed_config { opid_index: -1 OBSOLETE_local: true peers { permanent_uuid: "75af8cc78c0c46d684c5019eb5ce35da" member_type: VOTER last_known_addr { host: "127.0.52.193" port: 39585 } health_report { overall_health: HEALTHY } } }
I0802 04:15:02.685585 1426 tablet_bootstrap.cc:586] T 4ebf613ea5b3449e9f95266491b2f882 P 75af8cc78c0c46d684c5019eb5ce35da: No blocks or log segments found. Creating new log.
I0802 04:15:02.686434 1426 tablet_bootstrap.cc:432] T 4ebf613ea5b3449e9f95266491b2f882 P 75af8cc78c0c46d684c5019eb5ce35da: No bootstrap required, opened a new log
I0802 04:15:02.686489 1426 ts_tablet_manager.cc:1045] T 4ebf613ea5b3449e9f95266491b2f882 P 75af8cc78c0c46d684c5019eb5ce35da: Time spent bootstrapping tablet: real 0.002s user 0.000s sys 0.001s
I0802 04:15:02.686954 1426 raft_consensus.cc:325] T 4ebf613ea5b3449e9f95266491b2f882 P 75af8cc78c0c46d684c5019eb5ce35da [term 0 FOLLOWER]: Replica starting. Triggering 0 pending transactions. Active config: opid_index: -1 OBSOLETE_local: true peers { permanent_uuid: "75af8cc78c0c46d684c5019eb5ce35da" member_type: VOTER last_known_addr { host: "127.0.52.193" port: 39585 } }
I0802 04:15:02.686983 1426 raft_consensus.cc:351] T 4ebf613ea5b3449e9f95266491b2f882 P 75af8cc78c0c46d684c5019eb5ce35da [term 0 FOLLOWER]: Consensus starting up: Expiring failure detector timer to make a prompt election more likely
I0802 04:15:02.687000 1426 raft_consensus.cc:630] T 4ebf613ea5b3449e9f95266491b2f882 P 75af8cc78c0c46d684c5019eb5ce35da [term 0 FOLLOWER]: Becoming Follower/Learner. State: Replica: 75af8cc78c0c46d684c5019eb5ce35da, State: Initialized, Role: FOLLOWER
I0802 04:15:02.687104 1426 consensus_queue.cc:227] T 4ebf613ea5b3449e9f95266491b2f882 P 75af8cc78c0c46d684c5019eb5ce35da [NON_LEADER]: Queue going to NON_LEADER mode. State: All replicated index: 0, Majority replicated index: 0, Committed index: 0, Last appended: 0.0, Last appended by leader: 0, Current term: 0, Majority size: -1, State: 0, Mode: NON_LEADER, active raft config: opid_index: -1 OBSOLETE_local: true peers { permanent_uuid: "75af8cc78c0c46d684c5019eb5ce35da" member_type: VOTER last_known_addr { host: "127.0.52.193" port: 39585 } }
I0802 04:15:02.687139 1426 raft_consensus.cc:365] T 4ebf613ea5b3449e9f95266491b2f882 P 75af8cc78c0c46d684c5019eb5ce35da [term 0 FOLLOWER]: Only one voter in the Raft config. Triggering election immediately
I0802 04:15:02.687158 1426 raft_consensus.cc:457] T 4ebf613ea5b3449e9f95266491b2f882 P 75af8cc78c0c46d684c5019eb5ce35da [term 0 FOLLOWER]: Starting leader election (initial election of a single-replica configuration)
I0802 04:15:02.687178 1426 raft_consensus.cc:2742] T 4ebf613ea5b3449e9f95266491b2f882 P 75af8cc78c0c46d684c5019eb5ce35da: Snoozing failure detection for 2.138s (starting election)
I0802 04:15:02.687196 1426 raft_consensus.cc:2794] T 4ebf613ea5b3449e9f95266491b2f882 P 75af8cc78c0c46d684c5019eb5ce35da [term 0 FOLLOWER]: Advancing to term 1
I0802 04:15:02.687752 1426 raft_consensus.cc:479] T 4ebf613ea5b3449e9f95266491b2f882 P 75af8cc78c0c46d684c5019eb5ce35da [term 1 FOLLOWER]: Starting leader election with config: opid_index: -1 OBSOLETE_local: true peers { permanent_uuid: "75af8cc78c0c46d684c5019eb5ce35da" member_type: VOTER last_known_addr { host: "127.0.52.193" port: 39585 } }
I0802 04:15:02.687806 1426 leader_election.cc:278] T 4ebf613ea5b3449e9f95266491b2f882 P 75af8cc78c0c46d684c5019eb5ce35da [CANDIDATE]: Term 1 election: Election decided. Result: candidate won.
I0802 04:15:02.687919 1428 raft_consensus.cc:2742] T 4ebf613ea5b3449e9f95266491b2f882 P 75af8cc78c0c46d684c5019eb5ce35da: Snoozing failure detection for 2.235s (election complete)
I0802 04:15:02.687959 1428 raft_consensus.cc:2549] T 4ebf613ea5b3449e9f95266491b2f882 P 75af8cc78c0c46d684c5019eb5ce35da [term 1 FOLLOWER]: Leader election won for term 1
I0802 04:15:02.688019 1428 raft_consensus.cc:595] T 4ebf613ea5b3449e9f95266491b2f882 P 75af8cc78c0c46d684c5019eb5ce35da [term 1 LEADER]: Becoming Leader. State: Replica: 75af8cc78c0c46d684c5019eb5ce35da, State: Running, Role: LEADER
I0802 04:15:02.688141 1428 consensus_queue.cc:204] T 4ebf613ea5b3449e9f95266491b2f882 P 75af8cc78c0c46d684c5019eb5ce35da [LEADER]: Queue going to LEADER mode. State: All replicated index: 0, Majority replicated index: 0, Committed index: 0, Last appended: 0.0, Last appended by leader: 0, Current term: 1, Majority size: 1, State: 0, Mode: LEADER, active raft config: opid_index: -1 OBSOLETE_local: true peers { permanent_uuid: "75af8cc78c0c46d684c5019eb5ce35da" member_type: VOTER last_known_addr { host: "127.0.52.193" port: 39585 } }
I0802 04:15:02.688148 1426 ts_tablet_manager.cc:1073] T 4ebf613ea5b3449e9f95266491b2f882 P 75af8cc78c0c46d684c5019eb5ce35da: Time spent starting tablet: real 0.002s user 0.001s sys 0.001s
I0802 04:15:02.689028 1244 catalog_manager.cc:3827] T 4ebf613ea5b3449e9f95266491b2f882 P 75af8cc78c0c46d684c5019eb5ce35da reported cstate change: term changed from 0 to 1, leader changed from to 75af8cc78c0c46d684c5019eb5ce35da (127.0.52.193). New cstate: current_term: 1 leader_uuid: "75af8cc78c0c46d684c5019eb5ce35da" committed_config { opid_index: -1 OBSOLETE_local: true peers { permanent_uuid: "75af8cc78c0c46d684c5019eb5ce35da" member_type: VOTER last_known_addr { host: "127.0.52.193" port: 39585 } health_report { overall_health: HEALTHY } } } Using auto-created table 'default.loadgen_auto_57bc45b171b84f348a062c9853ee4d2c'
I0802 04:15:02.794137 1409 maintenance_manager.cc:304] P 75af8cc78c0c46d684c5019eb5ce35da: Scheduling FlushMRSOp(4ebf613ea5b3449e9f95266491b2f882): perf score=0.961190
I0802 04:15:02.794713 1303 tablet.cc:1152] T 4ebf613ea5b3449e9f95266491b2f882 P 75af8cc78c0c46d684c5019eb5ce35da: Flush: entering stage 1 (old memrowset already frozen for inserts)
I0802 04:15:02.794739 1303 compaction.cc:921] Selected 1 rowsets to compact:
I0802 04:15:02.794750 1303 compaction.cc:924] memrowset(current size on disk: ~0 bytes)
I0802 04:15:02.794762 1303 tablet.cc:1154] T 4ebf613ea5b3449e9f95266491b2f882 P 75af8cc78c0c46d684c5019eb5ce35da: Memstore in-memory size: 2056457 bytes
I0802 04:15:02.794852 1303 tablet.cc:1443] T 4ebf613ea5b3449e9f95266491b2f882 P 75af8cc78c0c46d684c5019eb5ce35da: Flush: entering phase 1 (flushing snapshot). Phase 1 snapshot: MvccSnapshot[committed={T|T < 6279918808240918528 or (T in {6279918808240918528})}]
I0802 04:15:02.798202 1303 multi_column_writer.cc:98] Opened CFile writers for 3 column(s)
I0802 04:15:02.813273 1303 tablet.cc:1528] T 4ebf613ea5b3449e9f95266491b2f882 P 75af8cc78c0c46d684c5019eb5ce35da: Flush: entering phase 2 (starting to duplicate updates in new rowsets)
I0802 04:15:02.813508 1303 tablet.cc:1583] T 4ebf613ea5b3449e9f95266491b2f882 P 75af8cc78c0c46d684c5019eb5ce35da: Flush Phase 2: carrying over any updates which arrived during Phase 1
I0802 04:15:02.813536 1303 tablet.cc:1585] T 4ebf613ea5b3449e9f95266491b2f882 P 75af8cc78c0c46d684c5019eb5ce35da: Phase 2 snapshot: MvccSnapshot[committed={T|T < 6279918808298975232 or (T in {6279918808298975232})}]
I0802 04:15:02.815757 1303 tablet.cc:1633] T 4ebf613ea5b3449e9f95266491b2f882 P 75af8cc78c0c46d684c5019eb5ce35da: Flush successful on 31 rows (1020733 bytes)
I0802 04:15:02.816841 1303 maintenance_manager.cc:494] P 75af8cc78c0c46d684c5019eb5ce35da: FlushMRSOp(4ebf613ea5b3449e9f95266491b2f882) complete. Timing: real 0.022s user 0.012s sys 0.008s Metrics: {"cfile_init":1,"compiler_manager_pool.queue_time_us":165,"data dirs.queue_time_us":27,"data dirs.run_cpu_time_us":140,"data dirs.run_wall_time_us":769,"lbm_read_time_us":68,"lbm_reads_lt_1ms":4,"lbm_write_time_us":1258,"lbm_writes_lt_1ms":26,"thread_start_us":92,"threads_started":1}
I0802 04:15:02.817467 1409 maintenance_manager.cc:304] P 75af8cc78c0c46d684c5019eb5ce35da: Scheduling FlushMRSOp(83160b8386724deab8381b96257a751d): perf score=0.961190
I0802 04:15:02.817708 1303 tablet.cc:1152] T 83160b8386724deab8381b96257a751d P 75af8cc78c0c46d684c5019eb5ce35da: Flush: entering stage 1 (old memrowset already frozen for inserts)
I0802 04:15:02.817730 1303 compaction.cc:921] Selected 1 rowsets to compact:
I0802 04:15:02.817739 1303 compaction.cc:924] memrowset(current size on disk: ~0 bytes)
I0802 04:15:02.817754 1303 tablet.cc:1154] T 83160b8386724deab8381b96257a751d P 75af8cc78c0c46d684c5019eb5ce35da: Memstore in-memory size: 2056457 bytes
I0802 04:15:02.817773 1303 tablet.cc:1443] T 83160b8386724deab8381b96257a751d P 75af8cc78c0c46d684c5019eb5ce35da: Flush: entering phase 1 (flushing snapshot). Phase 1 snapshot: MvccSnapshot[committed={T|T < 6279918808326131712 or (T in {6279918808326131712})}]
I0802 04:15:02.818298 1303 multi_column_writer.cc:98] Opened CFile writers for 3 column(s)
I0802 04:15:02.827755 1303 tablet.cc:1528] T 83160b8386724deab8381b96257a751d P 75af8cc78c0c46d684c5019eb5ce35da: Flush: entering phase 2 (starting to duplicate updates in new rowsets)
I0802 04:15:02.827859 1303 tablet.cc:1583] T 83160b8386724deab8381b96257a751d P 75af8cc78c0c46d684c5019eb5ce35da: Flush Phase 2: carrying over any updates which arrived during Phase 1
I0802 04:15:02.827961 1303 tablet.cc:1585] T 83160b8386724deab8381b96257a751d P 75af8cc78c0c46d684c5019eb5ce35da: Phase 2 snapshot: MvccSnapshot[committed={T|T < 6279918808365477888 or (T in {6279918808365477888})}]
I0802 04:15:02.829823 1303 tablet.cc:1633] T 83160b8386724deab8381b96257a751d P 75af8cc78c0c46d684c5019eb5ce35da: Flush successful on 36 rows (1184758 bytes)
I0802 04:15:02.830596 1303 maintenance_manager.cc:494] P 75af8cc78c0c46d684c5019eb5ce35da: FlushMRSOp(83160b8386724deab8381b96257a751d) complete. Timing: real 0.013s user 0.011s sys 0.000s Metrics: {"cfile_init":1,"data dirs.queue_time_us":28,"data dirs.run_cpu_time_us":117,"data dirs.run_wall_time_us":1104,"lbm_read_time_us":57,"lbm_reads_lt_1ms":4,"lbm_write_time_us":1246,"lbm_writes_lt_1ms":27}
I0802 04:15:02.830936 1409 maintenance_manager.cc:304] P 75af8cc78c0c46d684c5019eb5ce35da: Scheduling UndoDeltaBlockGCOp(83160b8386724deab8381b96257a751d): 516 bytes on disk
I0802 04:15:02.831374 1303 maintenance_manager.cc:494] P 75af8cc78c0c46d684c5019eb5ce35da: UndoDeltaBlockGCOp(83160b8386724deab8381b96257a751d) complete. Timing: real 0.000s user 0.000s sys 0.000s Metrics: {"cfile_init":1,"lbm_read_time_us":58,"lbm_reads_lt_1ms":4}
I0802 04:15:02.831565 1409 maintenance_manager.cc:304] P 75af8cc78c0c46d684c5019eb5ce35da: Scheduling UndoDeltaBlockGCOp(4ebf613ea5b3449e9f95266491b2f882): 465 bytes on disk
I0802 04:15:02.831887 1303 maintenance_manager.cc:494] P 75af8cc78c0c46d684c5019eb5ce35da: UndoDeltaBlockGCOp(4ebf613ea5b3449e9f95266491b2f882) complete. Timing: real 0.000s user 0.000s sys 0.000s Metrics: {"cfile_init":1,"lbm_read_time_us":57,"lbm_reads_lt_1ms":4}
I0802 04:15:02.832110 1409 maintenance_manager.cc:304] P 75af8cc78c0c46d684c5019eb5ce35da: Scheduling FlushMRSOp(d50e993018884198b531e949c42d9f04): perf score=0.961190
I0802 04:15:02.832324 1303 tablet.cc:1152] T d50e993018884198b531e949c42d9f04 P 75af8cc78c0c46d684c5019eb5ce35da: Flush: entering stage 1 (old memrowset already frozen for inserts)
I0802 04:15:02.832340 1303 compaction.cc:921] Selected 1 rowsets to compact:
I0802 04:15:02.832346 1303 compaction.cc:924] memrowset(current size on disk: ~0 bytes)
I0802 04:15:02.832355 1303 tablet.cc:1154] T d50e993018884198b531e949c42d9f04 P 75af8cc78c0c46d684c5019eb5ce35da: Memstore in-memory size: 2056457 bytes
I0802 04:15:02.832375 1303 tablet.cc:1443] T d50e993018884198b531e949c42d9f04 P 75af8cc78c0c46d684c5019eb5ce35da: Flush: entering phase 1 (flushing snapshot). Phase 1 snapshot: MvccSnapshot[committed={T|T < 6279918808386215936 or (T in {6279918808386215936})}]
I0802 04:15:02.832942 1303 multi_column_writer.cc:98] Opened CFile writers for 3 column(s)
I0802 04:15:02.842496 1303 tablet.cc:1528] T d50e993018884198b531e949c42d9f04 P 75af8cc78c0c46d684c5019eb5ce35da: Flush: entering phase 2 (starting to duplicate updates in new rowsets)
I0802 04:15:02.842599 1303 tablet.cc:1583] T d50e993018884198b531e949c42d9f04 P 75af8cc78c0c46d684c5019eb5ce35da: Flush Phase 2: carrying over any updates which arrived during Phase 1
I0802 04:15:02.842633 1303 tablet.cc:1585] T d50e993018884198b531e949c42d9f04 P 75af8cc78c0c46d684c5019eb5ce35da: Phase 2 snapshot: MvccSnapshot[committed={T|T < 6279918808429113344 or (T in {6279918808429113344})}]
I0802 04:15:02.844403 1303 tablet.cc:1633] T d50e993018884198b531e949c42d9f04 P 75af8cc78c0c46d684c5019eb5ce35da: Flush successful on 36 rows (1184741 bytes)
I0802 04:15:02.845182 1303 maintenance_manager.cc:494] P 75af8cc78c0c46d684c5019eb5ce35da: FlushMRSOp(d50e993018884198b531e949c42d9f04) complete. Timing: real 0.013s user 0.011s sys 0.001s Metrics: {"cfile_init":1,"data dirs.queue_time_us":49,"data dirs.run_cpu_time_us":128,"data dirs.run_wall_time_us":1137,"lbm_read_time_us":63,"lbm_reads_lt_1ms":4,"lbm_write_time_us":1312,"lbm_writes_lt_1ms":27}
I0802 04:15:02.845496 1409 maintenance_manager.cc:304] P 75af8cc78c0c46d684c5019eb5ce35da: Scheduling FlushMRSOp(d52d85adc4e340809982ffab6d9355ce): perf score=0.961190
I0802 04:15:02.845700 1303 tablet.cc:1152] T d52d85adc4e340809982ffab6d9355ce P 75af8cc78c0c46d684c5019eb5ce35da: Flush: entering stage 1 (old memrowset already frozen for inserts)
I0802 04:15:02.845719 1303 compaction.cc:921] Selected 1 rowsets to compact:
I0802 04:15:02.845726 1303 compaction.cc:924] memrowset(current size on disk: ~0 bytes)
I0802 04:15:02.845736 1303 tablet.cc:1154] T d52d85adc4e340809982ffab6d9355ce P 75af8cc78c0c46d684c5019eb5ce35da: Memstore in-memory size: 2056457 bytes
I0802 04:15:02.845755 1303 tablet.cc:1443] T d52d85adc4e340809982ffab6d9355ce P 75af8cc78c0c46d684c5019eb5ce35da: Flush: entering phase 1 (flushing snapshot). Phase 1 snapshot: MvccSnapshot[committed={T|T < 6279918808439992320 or (T in {6279918808439992320})}]
I0802 04:15:02.846310 1303 multi_column_writer.cc:98] Opened CFile writers for 3 column(s)
I0802 04:15:02.855914 1303 tablet.cc:1528] T d52d85adc4e340809982ffab6d9355ce P 75af8cc78c0c46d684c5019eb5ce35da: Flush: entering phase 2 (starting to duplicate updates in new rowsets)
I0802 04:15:02.856089 1303 tablet.cc:1583] T d52d85adc4e340809982ffab6d9355ce P 75af8cc78c0c46d684c5019eb5ce35da: Flush Phase 2: carrying over any updates which arrived during Phase 1
I0802 04:15:02.856127 1303 tablet.cc:1585] T d52d85adc4e340809982ffab6d9355ce P 75af8cc78c0c46d684c5019eb5ce35da: Phase 2 snapshot: MvccSnapshot[committed={T|T < 6279918808483995648 or (T in {6279918808483995648})}]
I0802 04:15:02.857717 1303 tablet.cc:1633] T d52d85adc4e340809982ffab6d9355ce P 75af8cc78c0c46d684c5019eb5ce35da: Flush successful on 40 rows (1315690 bytes)
I0802 04:15:02.858470 1303 maintenance_manager.cc:494] P 75af8cc78c0c46d684c5019eb5ce35da: FlushMRSOp(d52d85adc4e340809982ffab6d9355ce) complete. Timing: real 0.013s user 0.007s sys 0.004s Metrics: {"cfile_init":1,"data dirs.queue_time_us":31,"data dirs.run_cpu_time_us":96,"data dirs.run_wall_time_us":1029,"lbm_read_time_us":60,"lbm_reads_lt_1ms":4,"lbm_write_time_us":1271,"lbm_writes_lt_1ms":27}
I0802 04:15:02.858814 1409 maintenance_manager.cc:304] P 75af8cc78c0c46d684c5019eb5ce35da: Scheduling UndoDeltaBlockGCOp(d52d85adc4e340809982ffab6d9355ce): 562 bytes on disk
I0802 04:15:02.859143 1303 maintenance_manager.cc:494] P 75af8cc78c0c46d684c5019eb5ce35da: UndoDeltaBlockGCOp(d52d85adc4e340809982ffab6d9355ce) complete. Timing: real 0.000s user 0.000s sys 0.000s Metrics: {"cfile_init":1,"lbm_read_time_us":59,"lbm_reads_lt_1ms":4}
I0802 04:15:02.859357 1409 maintenance_manager.cc:304] P 75af8cc78c0c46d684c5019eb5ce35da: Scheduling UndoDeltaBlockGCOp(d50e993018884198b531e949c42d9f04): 520 bytes on disk
I0802 04:15:02.859663 1303 maintenance_manager.cc:494] P 75af8cc78c0c46d684c5019eb5ce35da: UndoDeltaBlockGCOp(d50e993018884198b531e949c42d9f04) complete. Timing: real 0.000s user 0.000s sys 0.000s Metrics: {"cfile_init":1,"lbm_read_time_us":50,"lbm_reads_lt_1ms":4}
I0802 04:15:03.110635 1409 maintenance_manager.cc:304] P 75af8cc78c0c46d684c5019eb5ce35da: Scheduling FlushMRSOp(4ebf613ea5b3449e9f95266491b2f882): perf score=2.945565
I0802 04:15:03.110970 1303 tablet.cc:1152] T 4ebf613ea5b3449e9f95266491b2f882 P 75af8cc78c0c46d684c5019eb5ce35da: Flush: entering stage 1 (old memrowset already frozen for inserts)
I0802 04:15:03.110996 1303 compaction.cc:921] Selected 1 rowsets to compact:
I0802 04:15:03.111006 1303 compaction.cc:924] memrowset(current size on disk: ~0 bytes)
I0802 04:15:03.111016 1303 tablet.cc:1154] T 4ebf613ea5b3449e9f95266491b2f882 P 75af8cc78c0c46d684c5019eb5ce35da: Memstore in-memory size: 4137225 bytes
I0802 04:15:03.111039 1303 tablet.cc:1443] T 4ebf613ea5b3449e9f95266491b2f882 P 75af8cc78c0c46d684c5019eb5ce35da: Flush: entering phase 1 (flushing snapshot). Phase 1 snapshot: MvccSnapshot[committed={T|T < 6279918809538732032 or (T in {6279918809538732032})}]
I0802 04:15:03.111729 1303 multi_column_writer.cc:98] Opened CFile writers for 3 column(s)
I0802 04:15:03.127063 1303 tablet.cc:1528] T 4ebf613ea5b3449e9f95266491b2f882 P 75af8cc78c0c46d684c5019eb5ce35da: Flush: entering phase 2 (starting to duplicate updates in new rowsets)
I0802 04:15:03.127180 1303 tablet.cc:1583] T 4ebf613ea5b3449e9f95266491b2f882 P 75af8cc78c0c46d684c5019eb5ce35da: Flush Phase 2: carrying over any updates which arrived during Phase 1
I0802 04:15:03.127209 1303 tablet.cc:1585] T 4ebf613ea5b3449e9f95266491b2f882 P 75af8cc78c0c46d684c5019eb5ce35da: Phase 2 snapshot: MvccSnapshot[committed={T|T < 6279918809603571712 or (T in {6279918809603571712})}]
I0802 04:15:03.129343 1303 tablet.cc:1633] T 4ebf613ea5b3449e9f95266491b2f882 P 75af8cc78c0c46d684c5019eb5ce35da: Flush successful on 99 rows (3249717 bytes)
I0802 04:15:03.130344 1303 maintenance_manager.cc:494] P 75af8cc78c0c46d684c5019eb5ce35da: FlushMRSOp(4ebf613ea5b3449e9f95266491b2f882) complete. Timing: real 0.020s user 0.012s sys 0.003s Metrics: {"cfile_init":1,"data dirs.queue_time_us":32,"data dirs.run_cpu_time_us":146,"data dirs.run_wall_time_us":1313,"lbm_read_time_us":48,"lbm_reads_lt_1ms":4,"lbm_write_time_us":5068,"lbm_writes_1-10_ms":1,"lbm_writes_lt_1ms":34}
I0802 04:15:03.130903 1409 maintenance_manager.cc:304] P 75af8cc78c0c46d684c5019eb5ce35da: Scheduling UndoDeltaBlockGCOp(4ebf613ea5b3449e9f95266491b2f882): 1214 bytes on disk
I0802 04:15:03.131273 1303 maintenance_manager.cc:494] P 75af8cc78c0c46d684c5019eb5ce35da: UndoDeltaBlockGCOp(4ebf613ea5b3449e9f95266491b2f882) complete. Timing: real 0.000s user 0.000s sys 0.000s Metrics: {"cfile_init":1,"lbm_read_time_us":62,"lbm_reads_lt_1ms":4}
I0802 04:15:03.131503 1409 maintenance_manager.cc:304] P 75af8cc78c0c46d684c5019eb5ce35da: Scheduling FlushMRSOp(83160b8386724deab8381b96257a751d): perf score=2.945565
I0802 04:15:03.131763 1303 tablet.cc:1152] T 83160b8386724deab8381b96257a751d P 75af8cc78c0c46d684c5019eb5ce35da: Flush: entering stage 1 (old memrowset already frozen for inserts)
I0802 04:15:03.131789 1303 compaction.cc:921] Selected 1 rowsets to compact:
I0802 04:15:03.131798 1303 compaction.cc:924] memrowset(current size on disk: ~0 bytes)
I0802 04:15:03.131810 1303 tablet.cc:1154] T 83160b8386724deab8381b96257a751d P 75af8cc78c0c46d684c5019eb5ce35da: Memstore in-memory size: 4137225 bytes
I0802 04:15:03.131830 1303 tablet.cc:1443] T 83160b8386724deab8381b96257a751d P 75af8cc78c0c46d684c5019eb5ce35da: Flush: entering phase 1 (flushing snapshot). Phase 1 snapshot: MvccSnapshot[committed={T|T < 6279918809624543232 or (T in {6279918809624543232})}]
I0802 04:15:03.132375 1303 multi_column_writer.cc:98] Opened CFile writers for 3 column(s)
I0802 04:15:03.147258 1303 tablet.cc:1528] T 83160b8386724deab8381b96257a751d P 75af8cc78c0c46d684c5019eb5ce35da: Flush: entering phase 2 (starting to duplicate updates in new rowsets)
I0802 04:15:03.147460 1303 tablet.cc:1583] T 83160b8386724deab8381b96257a751d P 75af8cc78c0c46d684c5019eb5ce35da: Flush Phase 2: carrying over any updates which arrived during Phase 1
I0802 04:15:03.147496 1303 tablet.cc:1585] T 83160b8386724deab8381b96257a751d P 75af8cc78c0c46d684c5019eb5ce35da: Phase 2 snapshot: MvccSnapshot[committed={T|T < 6279918809685708800 or (T in {6279918809685708800})}]
I0802 04:15:03.149425 1303 tablet.cc:1633] T 83160b8386724deab8381b96257a751d P 75af8cc78c0c46d684c5019eb5ce35da: Flush successful on 102 rows (3347953 bytes)
I0802 04:15:03.150403 1303 maintenance_manager.cc:494] P 75af8cc78c0c46d684c5019eb5ce35da: FlushMRSOp(83160b8386724deab8381b96257a751d) complete. Timing: real 0.019s user 0.016s sys 0.000s Metrics: {"cfile_init":1,"data dirs.queue_time_us":31,"data dirs.run_cpu_time_us":98,"data dirs.run_wall_time_us":1095,"lbm_read_time_us":59,"lbm_reads_lt_1ms":4,"lbm_write_time_us":3641,"lbm_writes_1-10_ms":1,"lbm_writes_lt_1ms":34}
I0802 04:15:03.150799 1409 maintenance_manager.cc:304] P 75af8cc78c0c46d684c5019eb5ce35da: Scheduling UndoDeltaBlockGCOp(83160b8386724deab8381b96257a751d): 1246 bytes on disk
I0802 04:15:03.151144 1303 maintenance_manager.cc:494] P 75af8cc78c0c46d684c5019eb5ce35da: UndoDeltaBlockGCOp(83160b8386724deab8381b96257a751d) complete. Timing: real 0.000s user 0.000s sys 0.000s Metrics: {"cfile_init":1,"lbm_read_time_us":56,"lbm_reads_lt_1ms":4}
I0802 04:15:03.151392 1409 maintenance_manager.cc:304] P 75af8cc78c0c46d684c5019eb5ce35da: Scheduling FlushMRSOp(d50e993018884198b531e949c42d9f04): perf score=2.945565
I0802 04:15:03.151659 1303 tablet.cc:1152] T d50e993018884198b531e949c42d9f04 P 75af8cc78c0c46d684c5019eb5ce35da: Flush: entering stage 1 (old memrowset already frozen for inserts)
I0802 04:15:03.151684 1303 compaction.cc:921] Selected 1 rowsets to compact:
I0802 04:15:03.151691 1303 compaction.cc:924] memrowset(current size on disk: ~0 bytes)
I0802 04:15:03.151703 1303 tablet.cc:1154] T d50e993018884198b531e949c42d9f04 P 75af8cc78c0c46d684c5019eb5ce35da: Memstore in-memory size: 4137225 bytes
I0802 04:15:03.151728 1303 tablet.cc:1443] T d50e993018884198b531e949c42d9f04 P 75af8cc78c0c46d684c5019eb5ce35da: Flush: entering phase 1 (flushing snapshot). Phase 1 snapshot: MvccSnapshot[committed={T|T < 6279918809689735168 or (T in {6279918809689735168})}]
I0802 04:15:03.152256 1303 multi_column_writer.cc:98] Opened CFile writers for 3 column(s)
I0802 04:15:03.167528 1303 tablet.cc:1528] T d50e993018884198b531e949c42d9f04 P 75af8cc78c0c46d684c5019eb5ce35da: Flush: entering phase 2 (starting to duplicate updates in new rowsets)
I0802 04:15:03.167647 1303 tablet.cc:1583] T d50e993018884198b531e949c42d9f04 P 75af8cc78c0c46d684c5019eb5ce35da: Flush Phase 2: carrying over any updates which arrived during Phase 1
I0802 04:15:03.167681 1303 tablet.cc:1585] T d50e993018884198b531e949c42d9f04 P 75af8cc78c0c46d684c5019eb5ce35da: Phase 2 snapshot: MvccSnapshot[committed={T|T < 6279918809757646848 or (T in {6279918809757646848})}]
I0802 04:15:03.169646 1303 tablet.cc:1633] T d50e993018884198b531e949c42d9f04 P 75af8cc78c0c46d684c5019eb5ce35da: Flush successful on 100 rows (3282415 bytes)
I0802 04:15:03.170804 1303 maintenance_manager.cc:494] P 75af8cc78c0c46d684c5019eb5ce35da: FlushMRSOp(d50e993018884198b531e949c42d9f04) complete. Timing: real 0.019s user 0.010s sys 0.009s Metrics: {"cfile_init":1,"data dirs.queue_time_us":30,"data dirs.run_cpu_time_us":125,"data dirs.run_wall_time_us":1082,"lbm_read_time_us":59,"lbm_reads_lt_1ms":4,"lbm_write_time_us":3479,"lbm_writes_1-10_ms":1,"lbm_writes_lt_1ms":34}
I0802 04:15:03.171191 1409 maintenance_manager.cc:304] P 75af8cc78c0c46d684c5019eb5ce35da: Scheduling FlushMRSOp(d52d85adc4e340809982ffab6d9355ce): perf score=2.945565
I0802 04:15:03.171465 1303 tablet.cc:1152] T d52d85adc4e340809982ffab6d9355ce P 75af8cc78c0c46d684c5019eb5ce35da: Flush: entering stage 1 (old memrowset already frozen for inserts)
I0802 04:15:03.171490 1303 compaction.cc:921] Selected 1 rowsets to compact:
I0802 04:15:03.171499 1303 compaction.cc:924] memrowset(current size on disk: ~0 bytes)
I0802 04:15:03.171509 1303 tablet.cc:1154] T d52d85adc4e340809982ffab6d9355ce P 75af8cc78c0c46d684c5019eb5ce35da: Memstore in-memory size: 4137225 bytes
I0802 04:15:03.171532 1303 tablet.cc:1443] T d52d85adc4e340809982ffab6d9355ce P 75af8cc78c0c46d684c5019eb5ce35da: Flush: entering phase 1 (flushing snapshot). Phase 1 snapshot: MvccSnapshot[committed={T|T < 6279918809768296448 or (T in {6279918809768296448})}]
I0802 04:15:03.172068 1303 multi_column_writer.cc:98] Opened CFile writers for 3 column(s)
I0802 04:15:03.186650 1303 tablet.cc:1528] T d52d85adc4e340809982ffab6d9355ce P 75af8cc78c0c46d684c5019eb5ce35da: Flush: entering phase 2 (starting to duplicate updates in new rowsets)
I0802 04:15:03.186790 1303 tablet.cc:1583] T d52d85adc4e340809982ffab6d9355ce P 75af8cc78c0c46d684c5019eb5ce35da: Flush Phase 2: carrying over any updates which arrived during Phase 1
I0802 04:15:03.186821 1303 tablet.cc:1585] T d52d85adc4e340809982ffab6d9355ce P 75af8cc78c0c46d684c5019eb5ce35da: Phase 2 snapshot: MvccSnapshot[committed={T|T < 6279918809831882752 or (T in {6279918809831882752})}]
I0802 04:15:03.188865 1303 tablet.cc:1633] T d52d85adc4e340809982ffab6d9355ce P 75af8cc78c0c46d684c5019eb5ce35da: Flush successful on 101 rows (3315145 bytes)
I0802 04:15:03.190326 1303 maintenance_manager.cc:494] P 75af8cc78c0c46d684c5019eb5ce35da: FlushMRSOp(d52d85adc4e340809982ffab6d9355ce) complete. Timing: real 0.019s user 0.015s sys 0.004s Metrics: {"cfile_init":1,"data dirs.queue_time_us":31,"data dirs.run_cpu_time_us":117,"data dirs.run_wall_time_us":984,"lbm_read_time_us":59,"lbm_reads_lt_1ms":4,"lbm_write_time_us":3552,"lbm_writes_1-10_ms":1,"lbm_writes_lt_1ms":34}
I0802 04:15:03.190861 1409 maintenance_manager.cc:304] P 75af8cc78c0c46d684c5019eb5ce35da: Scheduling UndoDeltaBlockGCOp(d52d85adc4e340809982ffab6d9355ce): 1236 bytes on disk
I0802 04:15:03.191229 1303 maintenance_manager.cc:494] P 75af8cc78c0c46d684c5019eb5ce35da: UndoDeltaBlockGCOp(d52d85adc4e340809982ffab6d9355ce) complete. Timing: real 0.000s user 0.000s sys 0.000s Metrics: {"cfile_init":1,"lbm_read_time_us":62,"lbm_reads_lt_1ms":4}
I0802 04:15:03.191504 1409 maintenance_manager.cc:304] P 75af8cc78c0c46d684c5019eb5ce35da: Scheduling UndoDeltaBlockGCOp(d50e993018884198b531e949c42d9f04): 1223 bytes on disk
I0802 04:15:03.191903 1303 maintenance_manager.cc:494] P 75af8cc78c0c46d684c5019eb5ce35da: UndoDeltaBlockGCOp(d50e993018884198b531e949c42d9f04) complete. Timing: real 0.000s user 0.000s sys 0.000s Metrics: {"cfile_init":1,"lbm_read_time_us":61,"lbm_reads_lt_1ms":4}
I0802 04:15:03.442481 1409 maintenance_manager.cc:304] P 75af8cc78c0c46d684c5019eb5ce35da: Scheduling FlushMRSOp(4ebf613ea5b3449e9f95266491b2f882): perf score=2.945565
I0802 04:15:03.442842 1303 tablet.cc:1152] T 4ebf613ea5b3449e9f95266491b2f882 P 75af8cc78c0c46d684c5019eb5ce35da: Flush: entering stage 1 (old memrowset already frozen for inserts)
I0802 04:15:03.442859 1303 compaction.cc:921] Selected 1 rowsets to compact:
I0802 04:15:03.442867 1303 compaction.cc:924] memrowset(current size on disk: ~0 bytes)
I0802 04:15:03.442878 1303 tablet.cc:1154] T 4ebf613ea5b3449e9f95266491b2f882 P 75af8cc78c0c46d684c5019eb5ce35da: Memstore in-memory size: 4137225 bytes
I0802 04:15:03.442905 1303 tablet.cc:1443] T 4ebf613ea5b3449e9f95266491b2f882 P 75af8cc78c0c46d684c5019eb5ce35da: Flush: entering phase 1 (flushing snapshot). Phase 1 snapshot: MvccSnapshot[committed={T|T < 6279918810896838656 or (T in {6279918810896838656})}]
I0802 04:15:03.443606 1303 multi_column_writer.cc:98] Opened CFile writers for 3 column(s)
I0802 04:15:03.461104 1303 tablet.cc:1528] T 4ebf613ea5b3449e9f95266491b2f882 P 75af8cc78c0c46d684c5019eb5ce35da: Flush: entering phase 2 (starting to duplicate updates in new rowsets)
I0802 04:15:03.461238 1303 tablet.cc:1583] T 4ebf613ea5b3449e9f95266491b2f882 P 75af8cc78c0c46d684c5019eb5ce35da: Flush Phase 2: carrying over any updates which arrived during Phase 1
I0802 04:15:03.461262 1303 tablet.cc:1585] T 4ebf613ea5b3449e9f95266491b2f882 P 75af8cc78c0c46d684c5019eb5ce35da: Phase 2 snapshot: MvccSnapshot[committed={T|T < 6279918810957631488 or (T in {6279918810957631488})}]
I0802 04:15:03.463546 1303 tablet.cc:1633] T 4ebf613ea5b3449e9f95266491b2f882 P 75af8cc78c0c46d684c5019eb5ce35da: Flush successful on 116 rows (3806923 bytes)
I0802 04:15:03.465378 1303 maintenance_manager.cc:494] P 75af8cc78c0c46d684c5019eb5ce35da: FlushMRSOp(4ebf613ea5b3449e9f95266491b2f882) complete. Timing: real 0.023s user 0.021s sys 0.000s Metrics: {"cfile_init":1,"data dirs.queue_time_us":40,"data dirs.run_cpu_time_us":149,"data dirs.run_wall_time_us":1512,"lbm_read_time_us":60,"lbm_reads_lt_1ms":4,"lbm_write_time_us":5021,"lbm_writes_1-10_ms":1,"lbm_writes_lt_1ms":36}
I0802 04:15:03.465821 1409 maintenance_manager.cc:304] P 75af8cc78c0c46d684c5019eb5ce35da: Scheduling FlushMRSOp(83160b8386724deab8381b96257a751d): perf score=2.945565
I0802 04:15:03.466104 1303 tablet.cc:1152] T 83160b8386724deab8381b96257a751d P 75af8cc78c0c46d684c5019eb5ce35da: Flush: entering stage 1 (old memrowset already frozen for inserts)
I0802 04:15:03.466120 1303 compaction.cc:921] Selected 1 rowsets to compact:
I0802 04:15:03.466127 1303 compaction.cc:924] memrowset(current size on disk: ~0 bytes)
I0802 04:15:03.466136 1303 tablet.cc:1154] T 83160b8386724deab8381b96257a751d P 75af8cc78c0c46d684c5019eb5ce35da: Memstore in-memory size: 4137225 bytes
I0802 04:15:03.466156 1303 tablet.cc:1443] T 83160b8386724deab8381b96257a751d P 75af8cc78c0c46d684c5019eb5ce35da: Flush: entering phase 1 (flushing snapshot). Phase 1 snapshot: MvccSnapshot[committed={T|T < 6279918810990006272 or (T in {6279918810990006272})}]
I0802 04:15:03.466703 1303 multi_column_writer.cc:98] Opened CFile writers for 3 column(s)
I0802 04:15:03.481503 1303 tablet.cc:1528] T 83160b8386724deab8381b96257a751d P 75af8cc78c0c46d684c5019eb5ce35da: Flush: entering phase 2 (starting to duplicate updates in new rowsets)
I0802 04:15:03.481648 1303 tablet.cc:1583] T 83160b8386724deab8381b96257a751d P 75af8cc78c0c46d684c5019eb5ce35da: Flush Phase 2: carrying over any updates which arrived during Phase 1
I0802 04:15:03.481676 1303 tablet.cc:1585] T 83160b8386724deab8381b96257a751d P 75af8cc78c0c46d684c5019eb5ce35da: Phase 2 snapshot: MvccSnapshot[committed={T|T < 6279918811045851136 or (T in {6279918811045851136})}]
I0802 04:15:03.483714 1303 tablet.cc:1633] T 83160b8386724deab8381b96257a751d P 75af8cc78c0c46d684c5019eb5ce35da: Flush successful on 115 rows (3774138 bytes)
I0802 04:15:03.484836 1303 maintenance_manager.cc:494] P 75af8cc78c0c46d684c5019eb5ce35da: FlushMRSOp(83160b8386724deab8381b96257a751d) complete. Timing: real 0.019s user 0.005s sys 0.014s Metrics: {"cfile_init":1,"data dirs.queue_time_us":32,"data dirs.run_cpu_time_us":99,"data dirs.run_wall_time_us":1137,"lbm_read_time_us":46,"lbm_reads_lt_1ms":4,"lbm_write_time_us":3446,"lbm_writes_lt_1ms":37}
I0802 04:15:03.486299 1409 maintenance_manager.cc:304] P 75af8cc78c0c46d684c5019eb5ce35da: Scheduling UndoDeltaBlockGCOp(4ebf613ea5b3449e9f95266491b2f882): 1398 bytes on disk
I0802 04:15:03.486606 1303 maintenance_manager.cc:494] P 75af8cc78c0c46d684c5019eb5ce35da: UndoDeltaBlockGCOp(4ebf613ea5b3449e9f95266491b2f882) complete. Timing: real 0.000s user 0.000s sys 0.000s Metrics: {"cfile_init":1,"lbm_read_time_us":39,"lbm_reads_lt_1ms":4}
I0802 04:15:03.486912 1409 maintenance_manager.cc:304] P 75af8cc78c0c46d684c5019eb5ce35da: Scheduling FlushMRSOp(d50e993018884198b531e949c42d9f04): perf score=2.945565
I0802 04:15:03.487180 1303 tablet.cc:1152] T d50e993018884198b531e949c42d9f04 P 75af8cc78c0c46d684c5019eb5ce35da: Flush: entering stage 1 (old memrowset already frozen for inserts)
I0802 04:15:03.487205 1303 compaction.cc:921] Selected 1 rowsets to compact:
I0802 04:15:03.487212 1303 compaction.cc:924] memrowset(current size on disk: ~0 bytes)
I0802 04:15:03.487223 1303 tablet.cc:1154] T d50e993018884198b531e949c42d9f04 P 75af8cc78c0c46d684c5019eb5ce35da: Memstore in-memory size: 4137225 bytes
I0802 04:15:03.487243 1303 tablet.cc:1443] T d50e993018884198b531e949c42d9f04 P 75af8cc78c0c46d684c5019eb5ce35da: Flush: entering phase 1 (flushing snapshot). Phase 1 snapshot: MvccSnapshot[committed={T|T < 6279918811065212928 or (T in {6279918811065212928})}]
I0802 04:15:03.487787 1303 multi_column_writer.cc:98] Opened CFile writers for 3 column(s)
I0802 04:15:03.503569 1303 tablet.cc:1528] T d50e993018884198b531e949c42d9f04 P 75af8cc78c0c46d684c5019eb5ce35da: Flush: entering phase 2 (starting to duplicate updates in new rowsets)
I0802 04:15:03.503723 1303 tablet.cc:1583] T d50e993018884198b531e949c42d9f04 P 75af8cc78c0c46d684c5019eb5ce35da: Flush Phase 2: carrying over any updates which arrived during Phase 1
I0802 04:15:03.503762 1303 tablet.cc:1585] T d50e993018884198b531e949c42d9f04 P 75af8cc78c0c46d684c5019eb5ce35da: Phase 2 snapshot: MvccSnapshot[committed={T|T < 6279918811127885824 or (T in {6279918811127885824})}]
I0802 04:15:03.505913 1303 tablet.cc:1633] T d50e993018884198b531e949c42d9f04 P 75af8cc78c0c46d684c5019eb5ce35da: Flush successful on 115 rows (3774144 bytes)
I0802 04:15:03.507189 1303 maintenance_manager.cc:494] P 75af8cc78c0c46d684c5019eb5ce35da: FlushMRSOp(d50e993018884198b531e949c42d9f04) complete. Timing: real 0.020s user 0.011s sys 0.008s Metrics: {"cfile_init":1,"data dirs.queue_time_us":30,"data dirs.run_cpu_time_us":97,"data dirs.run_wall_time_us":1094,"lbm_read_time_us":59,"lbm_reads_lt_1ms":4,"lbm_write_time_us":4149,"lbm_writes_1-10_ms":1,"lbm_writes_lt_1ms":36}
I0802 04:15:03.507658 1409 maintenance_manager.cc:304] P 75af8cc78c0c46d684c5019eb5ce35da: Scheduling FlushMRSOp(d52d85adc4e340809982ffab6d9355ce): perf score=2.945565
I0802 04:15:03.507978 1303 tablet.cc:1152] T d52d85adc4e340809982ffab6d9355ce P 75af8cc78c0c46d684c5019eb5ce35da: Flush: entering stage 1 (old memrowset already frozen for inserts)
I0802 04:15:03.508026 1303 compaction.cc:921] Selected 1 rowsets to compact:
I0802 04:15:03.508057 1303 compaction.cc:924] memrowset(current size on disk: ~0 bytes)
I0802 04:15:03.508095 1303 tablet.cc:1154] T d52d85adc4e340809982ffab6d9355ce P 75af8cc78c0c46d684c5019eb5ce35da: Memstore in-memory size: 4137225 bytes
I0802 04:15:03.508152 1303 tablet.cc:1443] T d52d85adc4e340809982ffab6d9355ce P 75af8cc78c0c46d684c5019eb5ce35da: Flush: entering phase 1 (flushing snapshot). Phase 1 snapshot: MvccSnapshot[committed={T|T < 6279918811158286336 or (T in {6279918811158286336})}]
I0802 04:15:03.508771 1303 multi_column_writer.cc:98] Opened CFile writers for 3 column(s)
I0802 04:15:03.523011 1303 tablet.cc:1528] T d52d85adc4e340809982ffab6d9355ce P 75af8cc78c0c46d684c5019eb5ce35da: Flush: entering phase 2 (starting to duplicate updates in new rowsets)
I0802 04:15:03.523258 1303 tablet.cc:1583] T d52d85adc4e340809982ffab6d9355ce P 75af8cc78c0c46d684c5019eb5ce35da: Flush Phase 2: carrying over any updates which arrived during Phase 1
I0802 04:15:03.523327 1303 tablet.cc:1585] T d52d85adc4e340809982ffab6d9355ce P 75af8cc78c0c46d684c5019eb5ce35da: Phase 2 snapshot: MvccSnapshot[committed={T|T < 6279918811214741504 or (T in {6279918811214741504})}]
I0802 04:15:03.525470 1303 tablet.cc:1633] T d52d85adc4e340809982ffab6d9355ce P 75af8cc78c0c46d684c5019eb5ce35da: Flush successful on 116 rows (3806857 bytes)
I0802 04:15:03.526849 1303 maintenance_manager.cc:494] P 75af8cc78c0c46d684c5019eb5ce35da: FlushMRSOp(d52d85adc4e340809982ffab6d9355ce) complete. Timing: real 0.019s user 0.012s sys 0.005s Metrics: {"cfile_init":1,"data dirs.queue_time_us":44,"data dirs.run_cpu_time_us":119,"data dirs.run_wall_time_us":1156,"lbm_read_time_us":82,"lbm_reads_lt_1ms":4,"lbm_write_time_us":3214,"lbm_writes_lt_1ms":37,"spinlock_wait_cycles":2304}
I0802 04:15:03.527328 1409 maintenance_manager.cc:304] P 75af8cc78c0c46d684c5019eb5ce35da: Scheduling UndoDeltaBlockGCOp(d52d85adc4e340809982ffab6d9355ce): 1400 bytes on disk
I0802 04:15:03.527752 1303 maintenance_manager.cc:494] P 75af8cc78c0c46d684c5019eb5ce35da: UndoDeltaBlockGCOp(d52d85adc4e340809982ffab6d9355ce) complete. Timing: real 0.000s user 0.000s sys 0.000s Metrics: {"cfile_init":1,"lbm_read_time_us":59,"lbm_reads_lt_1ms":4}
