I0802 04:15:02.296648 1215 maintenance_manager.cc:237] P ce57a0e8b6a942f8923606287c5ff61c: Unregistered op CompactRowSetsOp(bb6b8e87379d45f68e5e712714b02d1f)
I0802 04:15:02.296674 1215 maintenance_manager.cc:237] P ce57a0e8b6a942f8923606287c5ff61c: Unregistered op MinorDeltaCompactionOp(bb6b8e87379d45f68e5e712714b02d1f)
I0802 04:15:02.297569 1215 maintenance_manager.cc:237] P ce57a0e8b6a942f8923606287c5ff61c: Unregistered op MajorDeltaCompactionOp(bb6b8e87379d45f68e5e712714b02d1f)
I0802 04:15:02.297597 1215 maintenance_manager.cc:237] P ce57a0e8b6a942f8923606287c5ff61c: Unregistered op UndoDeltaBlockGCOp(bb6b8e87379d45f68e5e712714b02d1f)
I0802 04:15:02.297622 1215 maintenance_manager.cc:237] P ce57a0e8b6a942f8923606287c5ff61c: Unregistered op FlushMRSOp(bb6b8e87379d45f68e5e712714b02d1f)
I0802 04:15:02.297647 1215 maintenance_manager.cc:237] P ce57a0e8b6a942f8923606287c5ff61c: Unregistered op FlushDeltaMemStoresOp(bb6b8e87379d45f68e5e712714b02d1f)
I0802 04:15:02.297672 1215 maintenance_manager.cc:237] P ce57a0e8b6a942f8923606287c5ff61c: Unregistered op LogGCOp(bb6b8e87379d45f68e5e712714b02d1f)
I0802 04:15:02.297698 1215 raft_consensus.cc:2052] T bb6b8e87379d45f68e5e712714b02d1f P ce57a0e8b6a942f8923606287c5ff61c [term 1 FOLLOWER]: Raft consensus shutting down.
I0802 04:15:02.297754 1215 raft_consensus.cc:2079] T bb6b8e87379d45f68e5e712714b02d1f P ce57a0e8b6a942f8923606287c5ff61c [term 1 FOLLOWER]: Raft consensus is shut down!
I0802 04:15:02.298324 1215 ts_tablet_manager.cc:1369] T bb6b8e87379d45f68e5e712714b02d1f P ce57a0e8b6a942f8923606287c5ff61c: Deleting tablet data with delete state TABLET_DATA_DELETED
I0802 04:15:02.298640 1216 ts_tablet_manager.cc:1382] T fce2c7936a8c4bc798ebc03c5e2df17e P 08bb750123664f5782edc1976ab8e592: tablet deleted with delete type TABLET_DATA_DELETED: last-logged OpId 1.3
I0802 04:15:02.298689 1216 log.cc:986] T fce2c7936a8c4bc798ebc03c5e2df17e P 08bb750123664f5782edc1976ab8e592: Deleting WAL directory at /tmp/dist-test-taskt6s1wE/test-tmp/kudu-tool-test.1.ToolTest.TestLoadgenServerSideDefaultNumReplicas.1533183298722925-211/minicluster-data/ts-2/wal/wals/fce2c7936a8c4bc798ebc03c5e2df17e
I0802 04:15:02.299003 1216 ts_tablet_manager.cc:1403] T fce2c7936a8c4bc798ebc03c5e2df17e P 08bb750123664f5782edc1976ab8e592: Deleting consensus metadata
I0802 04:15:02.299638 1216 tablet_replica.cc:261] T bb6b8e87379d45f68e5e712714b02d1f P 08bb750123664f5782edc1976ab8e592: stopping tablet replica
I0802 04:15:02.299724 1216 maintenance_manager.cc:237] P 08bb750123664f5782edc1976ab8e592: Unregistered op CompactRowSetsOp(bb6b8e87379d45f68e5e712714b02d1f)
I0802 04:15:02.299747 1216 maintenance_manager.cc:237] P 08bb750123664f5782edc1976ab8e592: Unregistered op MinorDeltaCompactionOp(bb6b8e87379d45f68e5e712714b02d1f)
I0802 04:15:02.299760 1216 maintenance_manager.cc:237] P 08bb750123664f5782edc1976ab8e592: Unregistered op MajorDeltaCompactionOp(bb6b8e87379d45f68e5e712714b02d1f)
I0802 04:15:02.299772 1216 maintenance_manager.cc:237] P 08bb750123664f5782edc1976ab8e592: Unregistered op UndoDeltaBlockGCOp(bb6b8e87379d45f68e5e712714b02d1f)
I0802 04:15:02.299789 1216 maintenance_manager.cc:237] P 08bb750123664f5782edc1976ab8e592: Unregistered op FlushMRSOp(bb6b8e87379d45f68e5e712714b02d1f)
I0802 04:15:02.299799 1216 maintenance_manager.cc:237] P 08bb750123664f5782edc1976ab8e592: Unregistered op FlushDeltaMemStoresOp(bb6b8e87379d45f68e5e712714b02d1f)
I0802 04:15:02.299808 1216 maintenance_manager.cc:237] P 08bb750123664f5782edc1976ab8e592: Unregistered op LogGCOp(bb6b8e87379d45f68e5e712714b02d1f)
I0802 04:15:02.299829 1216 raft_consensus.cc:2052] T bb6b8e87379d45f68e5e712714b02d1f P 08bb750123664f5782edc1976ab8e592 [term 1 LEADER]: Raft consensus shutting down.
I0802 04:15:02.299844 1216 consensus_peers.cc:455] T bb6b8e87379d45f68e5e712714b02d1f P 08bb750123664f5782edc1976ab8e592 -> Peer ce57a0e8b6a942f8923606287c5ff61c (127.0.52.194:35717): Closing peer: ce57a0e8b6a942f8923606287c5ff61c
I0802 04:15:02.299863 1216 consensus_peers.cc:455] T bb6b8e87379d45f68e5e712714b02d1f P 08bb750123664f5782edc1976ab8e592 -> Peer c7577ce447b545f8ab9695673d2e00c4 (127.0.52.193:33585): Closing peer: c7577ce447b545f8ab9695673d2e00c4
I0802 04:15:02.299947 663 catalog_manager.cc:3132] TS 08bb750123664f5782edc1976ab8e592 (127.0.52.195:38677): tablet fce2c7936a8c4bc798ebc03c5e2df17e (table default.loadgen_auto_c93aadcc7da04f5e8af3460987435e8e [id=ad373cfbe9a6472a9dfead4b8b5871b5]) successfully deleted
I0802 04:15:02.299952 1215 ts_tablet_manager.cc:1382] T bb6b8e87379d45f68e5e712714b02d1f P ce57a0e8b6a942f8923606287c5ff61c: tablet deleted with delete type TABLET_DATA_DELETED: last-logged OpId 1.3
I0802 04:15:02.299966 1216 raft_consensus.cc:2079] T bb6b8e87379d45f68e5e712714b02d1f P 08bb750123664f5782edc1976ab8e592 [term 1 FOLLOWER]: Raft consensus is shut down!
I0802 04:15:02.299986 1215 log.cc:986] T bb6b8e87379d45f68e5e712714b02d1f P ce57a0e8b6a942f8923606287c5ff61c: Deleting WAL directory at /tmp/dist-test-taskt6s1wE/test-tmp/kudu-tool-test.1.ToolTest.TestLoadgenServerSideDefaultNumReplicas.1533183298722925-211/minicluster-data/ts-1/wal/wals/bb6b8e87379d45f68e5e712714b02d1f
I0802 04:15:02.300295 1215 ts_tablet_manager.cc:1403] T bb6b8e87379d45f68e5e712714b02d1f P ce57a0e8b6a942f8923606287c5ff61c: Deleting consensus metadata
I0802 04:15:02.300433 1216 ts_tablet_manager.cc:1369] T bb6b8e87379d45f68e5e712714b02d1f P 08bb750123664f5782edc1976ab8e592: Deleting tablet data with delete state TABLET_DATA_DELETED
I0802 04:15:02.300777 1215 tablet_replica.cc:261] T 34546b1bdca44b04addad9e4657a1ec9 P ce57a0e8b6a942f8923606287c5ff61c: stopping tablet replica
I0802 04:15:02.300807 1215 maintenance_manager.cc:237] P ce57a0e8b6a942f8923606287c5ff61c: Unregistered op CompactRowSetsOp(34546b1bdca44b04addad9e4657a1ec9)
I0802 04:15:02.300820 1215 maintenance_manager.cc:237] P ce57a0e8b6a942f8923606287c5ff61c: Unregistered op MinorDeltaCompactionOp(34546b1bdca44b04addad9e4657a1ec9)
I0802 04:15:02.300832 1215 maintenance_manager.cc:237] P ce57a0e8b6a942f8923606287c5ff61c: Unregistered op MajorDeltaCompactionOp(34546b1bdca44b04addad9e4657a1ec9)
I0802 04:15:02.300842 1215 maintenance_manager.cc:237] P ce57a0e8b6a942f8923606287c5ff61c: Unregistered op UndoDeltaBlockGCOp(34546b1bdca44b04addad9e4657a1ec9)
I0802 04:15:02.300855 1215 maintenance_manager.cc:237] P ce57a0e8b6a942f8923606287c5ff61c: Unregistered op FlushMRSOp(34546b1bdca44b04addad9e4657a1ec9)
I0802 04:15:02.300864 1215 maintenance_manager.cc:237] P ce57a0e8b6a942f8923606287c5ff61c: Unregistered op FlushDeltaMemStoresOp(34546b1bdca44b04addad9e4657a1ec9)
I0802 04:15:02.300873 1215 maintenance_manager.cc:237] P ce57a0e8b6a942f8923606287c5ff61c: Unregistered op LogGCOp(34546b1bdca44b04addad9e4657a1ec9)
I0802 04:15:02.300892 1215 raft_consensus.cc:2052] T 34546b1bdca44b04addad9e4657a1ec9 P ce57a0e8b6a942f8923606287c5ff61c [term 1 LEADER]: Raft consensus shutting down.
I0802 04:15:02.300910 1215 consensus_peers.cc:455] T 34546b1bdca44b04addad9e4657a1ec9 P ce57a0e8b6a942f8923606287c5ff61c -> Peer 08bb750123664f5782edc1976ab8e592 (127.0.52.195:38677): Closing peer: 08bb750123664f5782edc1976ab8e592
I0802 04:15:02.300930 1215 consensus_peers.cc:455] T 34546b1bdca44b04addad9e4657a1ec9 P ce57a0e8b6a942f8923606287c5ff61c -> Peer c7577ce447b545f8ab9695673d2e00c4 (127.0.52.193:33585): Closing peer: c7577ce447b545f8ab9695673d2e00c4
I0802 04:15:02.300930 665 catalog_manager.cc:3132] TS ce57a0e8b6a942f8923606287c5ff61c (127.0.52.194:35717): tablet bb6b8e87379d45f68e5e712714b02d1f (table default.loadgen_auto_c93aadcc7da04f5e8af3460987435e8e [id=ad373cfbe9a6472a9dfead4b8b5871b5]) successfully deleted
I0802 04:15:02.301019 1215 raft_consensus.cc:2079] T 34546b1bdca44b04addad9e4657a1ec9 P ce57a0e8b6a942f8923606287c5ff61c [term 1 FOLLOWER]: Raft consensus is shut down!
W0802 04:15:02.301453 980 connection.cc:512] server connection from 127.0.52.193:47377 recv error: Network error: failed to read from TLS socket (remote: 127.0.52.193:47377): Connection reset by peer (error 104)
I0802 04:15:02.301538 1215 ts_tablet_manager.cc:1369] T 34546b1bdca44b04addad9e4657a1ec9 P ce57a0e8b6a942f8923606287c5ff61c: Deleting tablet data with delete state TABLET_DATA_DELETED
W0802 04:15:02.301700 859 connection.cc:512] server connection from 127.0.52.193:40425 recv error: Network error: failed to read from TLS socket (remote: 127.0.52.193:40425): Connection reset by peer (error 104)
I0802 04:15:02.301780 1216 ts_tablet_manager.cc:1382] T bb6b8e87379d45f68e5e712714b02d1f P 08bb750123664f5782edc1976ab8e592: tablet deleted with delete type TABLET_DATA_DELETED: last-logged OpId 1.3
I0802 04:15:02.301834 1216 log.cc:986] T bb6b8e87379d45f68e5e712714b02d1f P 08bb750123664f5782edc1976ab8e592: Deleting WAL directory at /tmp/dist-test-taskt6s1wE/test-tmp/kudu-tool-test.1.ToolTest.TestLoadgenServerSideDefaultNumReplicas.1533183298722925-211/minicluster-data/ts-2/wal/wals/bb6b8e87379d45f68e5e712714b02d1f
W0802 04:15:02.301923 856 connection.cc:512] client connection to 127.0.52.193:33585 recv error: Network error: failed to read from TLS socket (remote: 127.0.52.193:33585): Connection reset by peer (error 104)
I0802 04:15:02.302114 1216 ts_tablet_manager.cc:1403] T bb6b8e87379d45f68e5e712714b02d1f P 08bb750123664f5782edc1976ab8e592: Deleting consensus metadata
W0802 04:15:02.302182 978 connection.cc:512] client connection to 127.0.52.193:33585 recv error: Network error: failed to read from TLS socket (remote: 127.0.52.193:33585): Connection reset by peer (error 104)
W0802 04:15:02.302480 665 connection.cc:512] server connection from 127.0.52.193:52063 recv error: Network error: failed to read from TLS socket (remote: 127.0.52.193:52063): Connection reset by peer (error 104)
W0802 04:15:02.302481 663 connection.cc:512] client connection to 127.0.52.193:33585 recv error: Network error: failed to read from TLS socket (remote: 127.0.52.193:33585): Connection reset by peer (error 104)
I0802 04:15:02.302666 1216 tablet_replica.cc:261] T 34546b1bdca44b04addad9e4657a1ec9 P 08bb750123664f5782edc1976ab8e592: stopping tablet replica
W0802 04:15:02.302681 663 catalog_manager.cc:2896] TS c7577ce447b545f8ab9695673d2e00c4 (127.0.52.193:33585): Delete Tablet RPC failed for tablet 5c703f0f4cc94ec79825456339a3ab82: Network error: failed to read from TLS socket (remote: 127.0.52.193:33585): Connection reset by peer (error 104)
I0802 04:15:02.302695 1216 maintenance_manager.cc:237] P 08bb750123664f5782edc1976ab8e592: Unregistered op CompactRowSetsOp(34546b1bdca44b04addad9e4657a1ec9)
I0802 04:15:02.302702 663 catalog_manager.cc:2932] Scheduling retry of 5c703f0f4cc94ec79825456339a3ab82 Delete Tablet RPC for TS=c7577ce447b545f8ab9695673d2e00c4 with a delay of 32 ms (attempt = 1)
I0802 04:15:02.302711 1216 maintenance_manager.cc:237] P 08bb750123664f5782edc1976ab8e592: Unregistered op MinorDeltaCompactionOp(34546b1bdca44b04addad9e4657a1ec9)
I0802 04:15:02.302719 1216 maintenance_manager.cc:237] P 08bb750123664f5782edc1976ab8e592: Unregistered op MajorDeltaCompactionOp(34546b1bdca44b04addad9e4657a1ec9)
I0802 04:15:02.302729 1216 maintenance_manager.cc:237] P 08bb750123664f5782edc1976ab8e592: Unregistered op UndoDeltaBlockGCOp(34546b1bdca44b04addad9e4657a1ec9)
I0802 04:15:02.302733 211 external_mini_cluster.cc:1008] Killing /tmp/dist-test-taskt6s1wE/build/debug/bin/kudu-tserver with pid 849
I0802 04:15:02.302745 1216 maintenance_manager.cc:237] P 08bb750123664f5782edc1976ab8e592: Unregistered op FlushMRSOp(34546b1bdca44b04addad9e4657a1ec9)
I0802 04:15:02.302757 1216 maintenance_manager.cc:237] P 08bb750123664f5782edc1976ab8e592: Unregistered op FlushDeltaMemStoresOp(34546b1bdca44b04addad9e4657a1ec9)
W0802 04:15:02.302758 663 catalog_manager.cc:2896] TS c7577ce447b545f8ab9695673d2e00c4 (127.0.52.193:33585): Delete Tablet RPC failed for tablet 0564a0d5344449339ea7eabe7e82591f: Network error: failed to read from TLS socket (remote: 127.0.52.193:33585): Connection reset by peer (error 104)
I0802 04:15:02.302790 1216 maintenance_manager.cc:237] P 08bb750123664f5782edc1976ab8e592: Unregistered op LogGCOp(34546b1bdca44b04addad9e4657a1ec9)
I0802 04:15:02.303609 663 catalog_manager.cc:2932] Scheduling retry of 0564a0d5344449339ea7eabe7e82591f Delete Tablet RPC for TS=c7577ce447b545f8ab9695673d2e00c4 with a delay of 63 ms (attempt = 1)
W0802 04:15:02.303658 663 catalog_manager.cc:2896] TS c7577ce447b545f8ab9695673d2e00c4 (127.0.52.193:33585): Delete Tablet RPC failed for tablet c7b6eb8c140240669d04460b69f8a4df: Network error: failed to read from TLS socket (remote: 127.0.52.193:33585): Connection reset by peer (error 104)
I0802 04:15:02.303670 663 catalog_manager.cc:2932] Scheduling retry of c7b6eb8c140240669d04460b69f8a4df Delete Tablet RPC for TS=c7577ce447b545f8ab9695673d2e00c4 with a delay of 64 ms (attempt = 1)
W0802 04:15:02.303696 663 catalog_manager.cc:2896] TS c7577ce447b545f8ab9695673d2e00c4 (127.0.52.193:33585): Delete Tablet RPC failed for tablet 1466ff556b9846a69bfc0e0c047672ef: Network error: failed to read from TLS socket (remote: 127.0.52.193:33585): Connection reset by peer (error 104)
I0802 04:15:02.303709 663 catalog_manager.cc:2932] Scheduling retry of 1466ff556b9846a69bfc0e0c047672ef Delete Tablet RPC for TS=c7577ce447b545f8ab9695673d2e00c4 with a delay of 63 ms (attempt = 1)
W0802 04:15:02.303732 663 catalog_manager.cc:2896] TS c7577ce447b545f8ab9695673d2e00c4 (127.0.52.193:33585): Delete Tablet RPC failed for tablet a5483cdca36b41b6b050d590c2e0e47f: Network error: failed to read from TLS socket (remote: 127.0.52.193:33585): Connection reset by peer (error 104)
I0802 04:15:02.303745 663 catalog_manager.cc:2932] Scheduling retry of a5483cdca36b41b6b050d590c2e0e47f Delete Tablet RPC for TS=c7577ce447b545f8ab9695673d2e00c4 with a delay of 38 ms (attempt = 1)
W0802 04:15:02.303766 663 catalog_manager.cc:2896] TS c7577ce447b545f8ab9695673d2e00c4 (127.0.52.193:33585): Delete Tablet RPC failed for tablet 34546b1bdca44b04addad9e4657a1ec9: Network error: failed to read from TLS socket (remote: 127.0.52.193:33585): Connection reset by peer (error 104)
I0802 04:15:02.303777 663 catalog_manager.cc:2932] Scheduling retry of 34546b1bdca44b04addad9e4657a1ec9 Delete Tablet RPC for TS=c7577ce447b545f8ab9695673d2e00c4 with a delay of 32 ms (attempt = 1)
W0802 04:15:02.303799 663 catalog_manager.cc:2896] TS c7577ce447b545f8ab9695673d2e00c4 (127.0.52.193:33585): Delete Tablet RPC failed for tablet bb6b8e87379d45f68e5e712714b02d1f: Network error: failed to read from TLS socket (remote: 127.0.52.193:33585): Connection reset by peer (error 104)
I0802 04:15:02.303812 663 catalog_manager.cc:2932] Scheduling retry of bb6b8e87379d45f68e5e712714b02d1f Delete Tablet RPC for TS=c7577ce447b545f8ab9695673d2e00c4 with a delay of 52 ms (attempt = 1)
W0802 04:15:02.303833 663 catalog_manager.cc:2896] TS c7577ce447b545f8ab9695673d2e00c4 (127.0.52.193:33585): Delete Tablet RPC failed for tablet fce2c7936a8c4bc798ebc03c5e2df17e: Network error: failed to read from TLS socket (remote: 127.0.52.193:33585): Connection reset by peer (error 104)
I0802 04:15:02.303844 663 catalog_manager.cc:2932] Scheduling retry of fce2c7936a8c4bc798ebc03c5e2df17e Delete Tablet RPC for TS=c7577ce447b545f8ab9695673d2e00c4 with a delay of 28 ms (attempt = 1)
I0802 04:15:02.304112 663 catalog_manager.cc:3132] TS 08bb750123664f5782edc1976ab8e592 (127.0.52.195:38677): tablet bb6b8e87379d45f68e5e712714b02d1f (table default.loadgen_auto_c93aadcc7da04f5e8af3460987435e8e [id=ad373cfbe9a6472a9dfead4b8b5871b5]) successfully deleted
W0802 04:15:02.306025 981 connection.cc:512] server connection from 127.0.52.194:54991 recv error: Network error: failed to read from TLS socket (remote: 127.0.52.194:54991): Connection reset by peer (error 104)
W0802 04:15:02.306041 980 connection.cc:512] client connection to 127.0.52.194:35717 recv error: Network error: failed to read from TLS socket (remote: 127.0.52.194:35717): Connection reset by peer (error 104)
W0802 04:15:02.306061 663 connection.cc:512] server connection from 127.0.52.194:35215 recv error: Network error: failed to read from TLS socket (remote: 127.0.52.194:35215): Connection reset by peer (error 104)
W0802 04:15:02.306216 665 connection.cc:512] client connection to 127.0.52.194:35717 recv error: Network error: failed to read from TLS socket (remote: 127.0.52.194:35717): Connection reset by peer (error 104)
W0802 04:15:02.306262 665 catalog_manager.cc:2896] TS ce57a0e8b6a942f8923606287c5ff61c (127.0.52.194:35717): Delete Tablet RPC failed for tablet 5c703f0f4cc94ec79825456339a3ab82: Network error: failed to read from TLS socket (remote: 127.0.52.194:35717): Connection reset by peer (error 104)
I0802 04:15:02.306283 665 catalog_manager.cc:2932] Scheduling retry of 5c703f0f4cc94ec79825456339a3ab82 Delete Tablet RPC for TS=ce57a0e8b6a942f8923606287c5ff61c with a delay of 25 ms (attempt = 1)
W0802 04:15:02.306324 665 catalog_manager.cc:2896] TS ce57a0e8b6a942f8923606287c5ff61c (127.0.52.194:35717): Delete Tablet RPC failed for tablet 0564a0d5344449339ea7eabe7e82591f: Network error: failed to read from TLS socket (remote: 127.0.52.194:35717): Connection reset by peer (error 104)
I0802 04:15:02.306344 665 catalog_manager.cc:2932] Scheduling retry of 0564a0d5344449339ea7eabe7e82591f Delete Tablet RPC for TS=ce57a0e8b6a942f8923606287c5ff61c with a delay of 43 ms (attempt = 1)
W0802 04:15:02.306371 665 catalog_manager.cc:2896] TS ce57a0e8b6a942f8923606287c5ff61c (127.0.52.194:35717): Delete Tablet RPC failed for tablet c7b6eb8c140240669d04460b69f8a4df: Network error: failed to read from TLS socket (remote: 127.0.52.194:35717): Connection reset by peer (error 104)
I0802 04:15:02.306391 665 catalog_manager.cc:2932] Scheduling retry of c7b6eb8c140240669d04460b69f8a4df Delete Tablet RPC for TS=ce57a0e8b6a942f8923606287c5ff61c with a delay of 16 ms (attempt = 1)
W0802 04:15:02.306437 665 catalog_manager.cc:2896] TS ce57a0e8b6a942f8923606287c5ff61c (127.0.52.194:35717): Delete Tablet RPC failed for tablet 1466ff556b9846a69bfc0e0c047672ef: Network error: failed to read from TLS socket (remote: 127.0.52.194:35717): Connection reset by peer (error 104)
I0802 04:15:02.306455 665 catalog_manager.cc:2932] Scheduling retry of 1466ff556b9846a69bfc0e0c047672ef Delete Tablet RPC for TS=ce57a0e8b6a942f8923606287c5ff61c with a delay of 19 ms (attempt = 1)
W0802 04:15:02.306478 665 catalog_manager.cc:2896] TS ce57a0e8b6a942f8923606287c5ff61c (127.0.52.194:35717): Delete Tablet RPC failed for tablet a5483cdca36b41b6b050d590c2e0e47f: Network error: failed to read from TLS socket (remote: 127.0.52.194:35717): Connection reset by peer (error 104)
I0802 04:15:02.306495 665 catalog_manager.cc:2932] Scheduling retry of a5483cdca36b41b6b050d590c2e0e47f Delete Tablet RPC for TS=ce57a0e8b6a942f8923606287c5ff61c with a delay of 63 ms (attempt = 1)
W0802 04:15:02.306519 665 catalog_manager.cc:2896] TS ce57a0e8b6a942f8923606287c5ff61c (127.0.52.194:35717): Delete Tablet RPC failed for tablet 34546b1bdca44b04addad9e4657a1ec9: Network error: failed to read from TLS socket (remote: 127.0.52.194:35717): Connection reset by peer (error 104)
I0802 04:15:02.306535 665 catalog_manager.cc:2932] Scheduling retry of 34546b1bdca44b04addad9e4657a1ec9 Delete Tablet RPC for TS=ce57a0e8b6a942f8923606287c5ff61c with a delay of 48 ms (attempt = 1)
I0802 04:15:02.306713 211 external_mini_cluster.cc:1008] Killing /tmp/dist-test-taskt6s1wE/build/debug/bin/kudu-tserver with pid 971
W0802 04:15:02.309659 663 connection.cc:512] client connection to 127.0.52.195:38677 recv error: Network error: failed to read from TLS socket (remote: 127.0.52.195:38677): Connection reset by peer (error 104)
W0802 04:15:02.309659 665 connection.cc:512] server connection from 127.0.52.195:49521 recv error: Network error: failed to read from TLS socket (remote: 127.0.52.195:49521): Connection reset by peer (error 104)
W0802 04:15:02.309706 663 catalog_manager.cc:2896] TS 08bb750123664f5782edc1976ab8e592 (127.0.52.195:38677): Delete Tablet RPC failed for tablet 5c703f0f4cc94ec79825456339a3ab82: Network error: failed to read from TLS socket (remote: 127.0.52.195:38677): Connection reset by peer (error 104)
I0802 04:15:02.309722 663 catalog_manager.cc:2932] Scheduling retry of 5c703f0f4cc94ec79825456339a3ab82 Delete Tablet RPC for TS=08bb750123664f5782edc1976ab8e592 with a delay of 19 ms (attempt = 1)
I0802 04:15:02.309721 211 external_mini_cluster.cc:1008] Killing /tmp/dist-test-taskt6s1wE/build/debug/bin/kudu-master with pid 656
W0802 04:15:02.312716 655 connection.cc:512] client connection to 127.0.52.254:45797 recv error: Network error: failed to read from TLS socket (remote: 127.0.52.254:45797): Connection reset by peer (error 104) [ OK ] ToolTest.TestLoadgenServerSideDefaultNumReplicas (1167 ms) [ RUN ] ToolTest.TestNonRandomWorkloadLoadgen
I0802 04:15:02.321837 211 external_mini_cluster.cc:810] Running /tmp/dist-test-taskt6s1wE/build/debug/bin/kudu-master /tmp/dist-test-taskt6s1wE/build/debug/bin/kudu-master --fs_wal_dir=/tmp/dist-test-taskt6s1wE/test-tmp/kudu-tool-test.1.ToolTest.TestNonRandomWorkloadLoadgen.1533183298722925-211/minicluster-data/master-0/wal --fs_data_dirs=/tmp/dist-test-taskt6s1wE/test-tmp/kudu-tool-test.1.ToolTest.TestNonRandomWorkloadLoadgen.1533183298722925-211/minicluster-data/master-0/data --block_manager=log --webserver_interface=localhost --ipki_ca_key_size=1024 --tsk_num_rsa_bits=512 --rpc_bind_addresses=127.0.52.254:41389 --webserver_interface=127.0.52.254 --webserver_port=0 --never_fsync --ipki_server_key_size=1024 --enable_minidumps=false --redact=none --metrics_log_interval_ms=1000 --logtostderr --logbuflevel=-1 --log_dir=/tmp/dist-test-taskt6s1wE/test-tmp/kudu-tool-test.1.ToolTest.TestNonRandomWorkloadLoadgen.1533183298722925-211/minicluster-data/master-0/logs --server_dump_info_path=/tmp/dist-test-taskt6s1wE/test-tmp/kudu-tool-test.1.ToolTest.TestNonRandomWorkloadLoadgen.1533183298722925-211/minicluster-data/master-0/data/info.pb --server_dump_info_format=pb --rpc_server_allow_ephemeral_ports --unlock_experimental_flags --unlock_unsafe_flags --rpc_reuseport=true with env {} WARNING: Logging before InitGoogleLogging() is written to STDERR
W0802 04:15:02.360738 1219 flags.cc:406] Enabled unsafe flag: --rpc_server_allow_ephemeral_ports=true
W0802 04:15:02.360862 1219 flags.cc:406] Enabled unsafe flag: --never_fsync=true
W0802 04:15:02.361743 1219 flags.cc:406] Enabled experimental flag: --ipki_ca_key_size=1024
W0802 04:15:02.361763 1219 flags.cc:406] Enabled experimental flag: --ipki_server_key_size=1024
W0802 04:15:02.361768 1219 flags.cc:406] Enabled experimental flag: --tsk_num_rsa_bits=512
W0802 04:15:02.361774 1219 flags.cc:406] Enabled experimental flag: --rpc_reuseport=true
I0802 04:15:02.363095 1219 master_main.cc:73] Master server non-default flags: --fs_data_dirs=/tmp/dist-test-taskt6s1wE/test-tmp/kudu-tool-test.1.ToolTest.TestNonRandomWorkloadLoadgen.1533183298722925-211/minicluster-data/master-0/data --fs_wal_dir=/tmp/dist-test-taskt6s1wE/test-tmp/kudu-tool-test.1.ToolTest.TestNonRandomWorkloadLoadgen.1533183298722925-211/minicluster-data/master-0/wal --ipki_ca_key_size=1024 --ipki_server_key_size=1024 --tsk_num_rsa_bits=512 --rpc_bind_addresses=127.0.52.254:41389 --rpc_reuseport=true --rpc_server_allow_ephemeral_ports=true --metrics_log_interval_ms=1000 --server_dump_info_format=pb --server_dump_info_path=/tmp/dist-test-taskt6s1wE/test-tmp/kudu-tool-test.1.ToolTest.TestNonRandomWorkloadLoadgen.1533183298722925-211/minicluster-data/master-0/data/info.pb --webserver_interface=127.0.52.254 --webserver_port=0 --never_fsync=true --redact=none --unlock_experimental_flags=true --unlock_unsafe_flags=true --enable_minidumps=false --log_dir=/tmp/dist-test-taskt6s1wE/test-tmp/kudu-tool-test.1.ToolTest.TestNonRandomWorkloadLoadgen.1533183298722925-211/minicluster-data/master-0/logs --logbuflevel=-1 --logtostderr=true Master server version: kudu 1.8.0-SNAPSHOT revision d9b53fbb0fdeb36a07f19c9a27d3e44727cacac8 build type DEBUG built by None at 02 Aug 2018 04:05:29 UTC on jenkins-slave-8qw8 build id 14381
I0802 04:15:02.365360 1219 master_main.cc:80] Initializing master server...
I0802 04:15:02.365695 1219 system_ntp.cc:199] NTP initialized. Skew: 500ppm Current error: 43016us
I0802 04:15:02.366204 1219 fs_manager.cc:261] Metadata directory not provided
I0802 04:15:02.366240 1219 fs_manager.cc:267] Using write-ahead log directory (fs_wal_dir) as metadata directory
I0802 04:15:02.366379 1219 server_base.cc:432] Could not load existing FS layout: Not found: could not find a healthy instance file
I0802 04:15:02.366397 1219 server_base.cc:433] Attempting to create new FS layout instead
I0802 04:15:02.368512 1219 fs_manager.cc:601] Generated new instance metadata in path /tmp/dist-test-taskt6s1wE/test-tmp/kudu-tool-test.1.ToolTest.TestNonRandomWorkloadLoadgen.1533183298722925-211/minicluster-data/master-0/data/instance: uuid: "534d09c35a2c45eebede5e6b5435bfe7" format_stamp: "Formatted at 2018-08-02 04:15:02 on dist-test-slave-dist-test-slave-1pf1"
I0802 04:15:02.368782 1219 fs_manager.cc:601] Generated new instance metadata in path /tmp/dist-test-taskt6s1wE/test-tmp/kudu-tool-test.1.ToolTest.TestNonRandomWorkloadLoadgen.1533183298722925-211/minicluster-data/master-0/wal/instance: uuid: "534d09c35a2c45eebede5e6b5435bfe7" format_stamp: "Formatted at 2018-08-02 04:15:02 on dist-test-slave-dist-test-slave-1pf1"
I0802 04:15:02.372414 1219 fs_manager.cc:501] Time spent creating directory manager: real 0.003s user 0.002s sys 0.002s
I0802 04:15:02.372910 1219 env_posix.cc:1674] Not raising this process' open files per process limit of 1048576; it is already as high as it can go
I0802 04:15:02.373087 1219 file_cache.cc:470] Constructed file cache lbm with capacity 419430
I0802 04:15:02.375198 1219 fs_manager.cc:417] Time spent opening block manager: real 0.001s user 0.000s sys 0.000s
I0802 04:15:02.375264 1219 fs_manager.cc:434] Opened local filesystem: /tmp/dist-test-taskt6s1wE/test-tmp/kudu-tool-test.1.ToolTest.TestNonRandomWorkloadLoadgen.1533183298722925-211/minicluster-data/master-0/data,/tmp/dist-test-taskt6s1wE/test-tmp/kudu-tool-test.1.ToolTest.TestNonRandomWorkloadLoadgen.1533183298722925-211/minicluster-data/master-0/wal uuid: "534d09c35a2c45eebede5e6b5435bfe7" format_stamp: "Formatted at 2018-08-02 04:15:02 on dist-test-slave-dist-test-slave-1pf1"
I0802 04:15:02.375336 1219 fs_report.cc:352] FS layout report -------------------- wal directory: /tmp/dist-test-taskt6s1wE/test-tmp/kudu-tool-test.1.ToolTest.TestNonRandomWorkloadLoadgen.1533183298722925-211/minicluster-data/master-0/wal metadata directory: /tmp/dist-test-taskt6s1wE/test-tmp/kudu-tool-test.1.ToolTest.TestNonRandomWorkloadLoadgen.1533183298722925-211/minicluster-data/master-0/wal 1 data directories: /tmp/dist-test-taskt6s1wE/test-tmp/kudu-tool-test.1.ToolTest.TestNonRandomWorkloadLoadgen.1533183298722925-211/minicluster-data/master-0/data/data Total live blocks: 0 Total live bytes: 0 Total live bytes (after alignment): 0 Total number of LBM containers: 0 (0 full) Did not check for missing blocks Did not check for orphaned blocks Total full LBM containers with extra space: 0 (0 repaired) Total full LBM container extra space in bytes: 0 (0 repaired) Total incomplete LBM containers: 0 (0 repaired) Total LBM partial records: 0 (0 repaired)
I0802 04:15:02.414713 1219 env_posix.cc:1674] Not raising this process' running threads per effective uid limit of 18446744073709551615; it is already as high as it can go
I0802 04:15:02.415163 1219 master_main.cc:83] Starting Master server...
I0802 04:15:02.418535 1219 rpc_server.cc:205] RPC server started. Bound to: 127.0.52.254:41389
I0802 04:15:02.418740 1219 webserver.cc:175] Starting webserver on 127.0.52.254:0
I0802 04:15:02.418756 1219 webserver.cc:186] Document root disabled
I0802 04:15:02.419211 1219 webserver.cc:313] Webserver started. Bound to: http://127.0.52.254:34495/
I0802 04:15:02.419554 1219 server_base.cc:607] Dumped server information to /tmp/dist-test-taskt6s1wE/test-tmp/kudu-tool-test.1.ToolTest.TestNonRandomWorkloadLoadgen.1533183298722925-211/minicluster-data/master-0/data/info.pb
I0802 04:15:02.421341 1278 data_dirs.cc:934] Could only allocate 1 dirs of requested 3 for tablet 00000000000000000000000000000000. 1 dirs total, 0 dirs full, 0 dirs failed
I0802 04:15:02.424743 211 external_mini_cluster.cc:872] Started /tmp/dist-test-taskt6s1wE/build/debug/bin/kudu-master as pid 1219
I0802 04:15:02.425109 211 external_mini_cluster.cc:810] Running /tmp/dist-test-taskt6s1wE/build/debug/bin/kudu-tserver /tmp/dist-test-taskt6s1wE/build/debug/bin/kudu-tserver --fs_wal_dir=/tmp/dist-test-taskt6s1wE/test-tmp/kudu-tool-test.1.ToolTest.TestNonRandomWorkloadLoadgen.1533183298722925-211/minicluster-data/ts-0/wal --fs_data_dirs=/tmp/dist-test-taskt6s1wE/test-tmp/kudu-tool-test.1.ToolTest.TestNonRandomWorkloadLoadgen.1533183298722925-211/minicluster-data/ts-0/data --block_manager=log --rpc_bind_addresses=127.0.52.193:0 --local_ip_for_outbound_sockets=127.0.52.193 --webserver_interface=127.0.52.193 --webserver_port=0 --tserver_master_addrs=127.0.52.254:41389 --never_fsync --ipki_server_key_size=1024 --enable_minidumps=false --redact=none --metrics_log_interval_ms=1000 --logtostderr --logbuflevel=-1 --log_dir=/tmp/dist-test-taskt6s1wE/test-tmp/kudu-tool-test.1.ToolTest.TestNonRandomWorkloadLoadgen.1533183298722925-211/minicluster-data/ts-0/logs --server_dump_info_path=/tmp/dist-test-taskt6s1wE/test-tmp/kudu-tool-test.1.ToolTest.TestNonRandomWorkloadLoadgen.1533183298722925-211/minicluster-data/ts-0/data/info.pb --server_dump_info_format=pb --rpc_server_allow_ephemeral_ports --unlock_experimental_flags --unlock_unsafe_flags --flush_threshold_mb=1 --flush_threshold_secs=1 with env {}
I0802 04:15:02.425134 1278 tablet_bootstrap.cc:432] T 00000000000000000000000000000000 P 534d09c35a2c45eebede5e6b5435bfe7: Bootstrap starting.
I0802 04:15:02.426311 1278 tablet_bootstrap.cc:586] T 00000000000000000000000000000000 P 534d09c35a2c45eebede5e6b5435bfe7: No blocks or log segments found. Creating new log.
I0802 04:15:02.426937 1278 log.cc:525] T 00000000000000000000000000000000 P 534d09c35a2c45eebede5e6b5435bfe7: Log is configured to *not* fsync() on all Append() calls
I0802 04:15:02.427798 1278 tablet_bootstrap.cc:432] T 00000000000000000000000000000000 P 534d09c35a2c45eebede5e6b5435bfe7: No bootstrap required, opened a new log
I0802 04:15:02.430909 1278 raft_consensus.cc:325] T 00000000000000000000000000000000 P 534d09c35a2c45eebede5e6b5435bfe7 [term 0 FOLLOWER]: Replica starting. Triggering 0 pending transactions. Active config: opid_index: -1 OBSOLETE_local: true peers { permanent_uuid: "534d09c35a2c45eebede5e6b5435bfe7" member_type: VOTER }
I0802 04:15:02.430965 1278 raft_consensus.cc:351] T 00000000000000000000000000000000 P 534d09c35a2c45eebede5e6b5435bfe7 [term 0 FOLLOWER]: Consensus starting up: Expiring failure detector timer to make a prompt election more likely
I0802 04:15:02.431004 1278 raft_consensus.cc:630] T 00000000000000000000000000000000 P 534d09c35a2c45eebede5e6b5435bfe7 [term 0 FOLLOWER]: Becoming Follower/Learner. State: Replica: 534d09c35a2c45eebede5e6b5435bfe7, State: Initialized, Role: FOLLOWER
I0802 04:15:02.431325 1278 consensus_queue.cc:227] T 00000000000000000000000000000000 P 534d09c35a2c45eebede5e6b5435bfe7 [NON_LEADER]: Queue going to NON_LEADER mode. State: All replicated index: 0, Majority replicated index: 0, Committed index: 0, Last appended: 0.0, Last appended by leader: 0, Current term: 0, Majority size: -1, State: 0, Mode: NON_LEADER, active raft config: opid_index: -1 OBSOLETE_local: true peers { permanent_uuid: "534d09c35a2c45eebede5e6b5435bfe7" member_type: VOTER }
I0802 04:15:02.431381 1278 raft_consensus.cc:365] T 00000000000000000000000000000000 P 534d09c35a2c45eebede5e6b5435bfe7 [term 0 FOLLOWER]: Only one voter in the Raft config. Triggering election immediately
I0802 04:15:02.431419 1278 raft_consensus.cc:457] T 00000000000000000000000000000000 P 534d09c35a2c45eebede5e6b5435bfe7 [term 0 FOLLOWER]: Starting leader election (initial election of a single-replica configuration)
I0802 04:15:02.431475 1278 raft_consensus.cc:2742] T 00000000000000000000000000000000 P 534d09c35a2c45eebede5e6b5435bfe7: Snoozing failure detection for 1.912s (starting election)
I0802 04:15:02.431509 1278 raft_consensus.cc:2794] T 00000000000000000000000000000000 P 534d09c35a2c45eebede5e6b5435bfe7 [term 0 FOLLOWER]: Advancing to term 1
I0802 04:15:02.432348 1278 raft_consensus.cc:479] T 00000000000000000000000000000000 P 534d09c35a2c45eebede5e6b5435bfe7 [term 1 FOLLOWER]: Starting leader election with config: opid_index: -1 OBSOLETE_local: true peers { permanent_uuid: "534d09c35a2c45eebede5e6b5435bfe7" member_type: VOTER }
I0802 04:15:02.432581 1278 leader_election.cc:278] T 00000000000000000000000000000000 P 534d09c35a2c45eebede5e6b5435bfe7 [CANDIDATE]: Term 1 election: Election decided. Result: candidate won.
I0802 04:15:02.433017 1278 sys_catalog.cc:337] T 00000000000000000000000000000000 P 534d09c35a2c45eebede5e6b5435bfe7 [sys.catalog]: SysCatalogTable state changed. Reason: Started TabletReplica. Latest consensus state: current_term: 1 committed_config { opid_index: -1 OBSOLETE_local: true peers { permanent_uuid: "534d09c35a2c45eebede5e6b5435bfe7" member_type: VOTER } }
I0802 04:15:02.433053 1278 sys_catalog.cc:340] T 00000000000000000000000000000000 P 534d09c35a2c45eebede5e6b5435bfe7 [sys.catalog]: This master's current role is: FOLLOWER
I0802 04:15:02.433542 1278 sys_catalog.cc:424] T 00000000000000000000000000000000 P 534d09c35a2c45eebede5e6b5435bfe7 [sys.catalog]: configured and running, proceeding with master startup.
I0802 04:15:02.433763 1281 raft_consensus.cc:2742] T 00000000000000000000000000000000 P 534d09c35a2c45eebede5e6b5435bfe7: Snoozing failure detection for 1.839s (election complete)
I0802 04:15:02.433934 1219 master_main.cc:86] Master server successfully started.
I0802 04:15:02.434001 1281 raft_consensus.cc:2549] T 00000000000000000000000000000000 P 534d09c35a2c45eebede5e6b5435bfe7 [term 1 FOLLOWER]: Leader election won for term 1
I0802 04:15:02.434196 1281 raft_consensus.cc:595] T 00000000000000000000000000000000 P 534d09c35a2c45eebede5e6b5435bfe7 [term 1 LEADER]: Becoming Leader. State: Replica: 534d09c35a2c45eebede5e6b5435bfe7, State: Running, Role: LEADER
I0802 04:15:02.434459 1281 consensus_queue.cc:204] T 00000000000000000000000000000000 P 534d09c35a2c45eebede5e6b5435bfe7 [LEADER]: Queue going to LEADER mode. State: All replicated index: 0, Majority replicated index: 0, Committed index: 0, Last appended: 0.0, Last appended by leader: 0, Current term: 1, Majority size: 1, State: 0, Mode: LEADER, active raft config: opid_index: -1 OBSOLETE_local: true peers { permanent_uuid: "534d09c35a2c45eebede5e6b5435bfe7" member_type: VOTER }
I0802 04:15:02.435783 1284 sys_catalog.cc:337] T 00000000000000000000000000000000 P 534d09c35a2c45eebede5e6b5435bfe7 [sys.catalog]: SysCatalogTable state changed. Reason: New leader 534d09c35a2c45eebede5e6b5435bfe7. Latest consensus state: current_term: 1 leader_uuid: "534d09c35a2c45eebede5e6b5435bfe7" committed_config { opid_index: -1 OBSOLETE_local: true peers { permanent_uuid: "534d09c35a2c45eebede5e6b5435bfe7" member_type: VOTER } }
I0802 04:15:02.435829 1284 sys_catalog.cc:340] T 00000000000000000000000000000000 P 534d09c35a2c45eebede5e6b5435bfe7 [sys.catalog]: This master's current role is: LEADER
I0802 04:15:02.436486 1282 sys_catalog.cc:337] T 00000000000000000000000000000000 P 534d09c35a2c45eebede5e6b5435bfe7 [sys.catalog]: SysCatalogTable state changed. Reason: RaftConsensus started. Latest consensus state: current_term: 1 leader_uuid: "534d09c35a2c45eebede5e6b5435bfe7" committed_config { opid_index: -1 OBSOLETE_local: true peers { permanent_uuid: "534d09c35a2c45eebede5e6b5435bfe7" member_type: VOTER } }
I0802 04:15:02.436516 1282 sys_catalog.cc:340] T 00000000000000000000000000000000 P 534d09c35a2c45eebede5e6b5435bfe7 [sys.catalog]: This master's current role is: LEADER
W0802 04:15:02.437366 1283 catalog_manager.cc:1075] T 00000000000000000000000000000000 P 534d09c35a2c45eebede5e6b5435bfe7: acquiring CA information for follower catalog manager: Not found: root CA entry not found
W0802 04:15:02.437415 1283 catalog_manager.cc:574] Not found: root CA entry not found: failed to prepare follower catalog manager, will retry
I0802 04:15:02.437459 1286 catalog_manager.cc:1017] Loading table and tablet metadata into memory...
I0802 04:15:02.438242 1286 catalog_manager.cc:1028] Initializing Kudu internal certificate authority...
I0802 04:15:02.467953 1286 catalog_manager.cc:915] Generated new certificate authority record
I0802 04:15:02.469043 1286 catalog_manager.cc:1037] Loading token signing keys... WARNING: Logging before InitGoogleLogging() is written to STDERR
W0802 04:15:02.470188 1279 flags.cc:406] Enabled unsafe flag: --rpc_server_allow_ephemeral_ports=true
W0802 04:15:02.470340 1279 flags.cc:406] Enabled unsafe flag: --never_fsync=true
W0802 04:15:02.471514 1279 flags.cc:406] Enabled experimental flag: --ipki_server_key_size=1024
W0802 04:15:02.471565 1279 flags.cc:406] Enabled experimental flag: --flush_threshold_mb=1
W0802 04:15:02.471583 1279 flags.cc:406] Enabled experimental flag: --flush_threshold_secs=1
W0802 04:15:02.471616 1279 flags.cc:406] Enabled experimental flag: --local_ip_for_outbound_sockets=127.0.52.193
I0802 04:15:02.473377 1279 tablet_server_main.cc:78] Tablet server non-default flags: --fs_data_dirs=/tmp/dist-test-taskt6s1wE/test-tmp/kudu-tool-test.1.ToolTest.TestNonRandomWorkloadLoadgen.1533183298722925-211/minicluster-data/ts-0/data --fs_wal_dir=/tmp/dist-test-taskt6s1wE/test-tmp/kudu-tool-test.1.ToolTest.TestNonRandomWorkloadLoadgen.1533183298722925-211/minicluster-data/ts-0/wal --ipki_server_key_size=1024 --rpc_bind_addresses=127.0.52.193:0 --rpc_server_allow_ephemeral_ports=true --metrics_log_interval_ms=1000 --server_dump_info_format=pb --server_dump_info_path=/tmp/dist-test-taskt6s1wE/test-tmp/kudu-tool-test.1.ToolTest.TestNonRandomWorkloadLoadgen.1533183298722925-211/minicluster-data/ts-0/data/info.pb --webserver_interface=127.0.52.193 --webserver_port=0 --flush_threshold_mb=1 --flush_threshold_secs=1 --tserver_master_addrs=127.0.52.254:41389 --never_fsync=true --redact=none --unlock_experimental_flags=true --unlock_unsafe_flags=true --enable_minidumps=false --local_ip_for_outbound_sockets=127.0.52.193 --log_dir=/tmp/dist-test-taskt6s1wE/test-tmp/kudu-tool-test.1.ToolTest.TestNonRandomWorkloadLoadgen.1533183298722925-211/minicluster-data/ts-0/logs --logbuflevel=-1 --logtostderr=true Tablet server version: kudu 1.8.0-SNAPSHOT revision d9b53fbb0fdeb36a07f19c9a27d3e44727cacac8 build type DEBUG built by None at 02 Aug 2018 04:05:29 UTC on jenkins-slave-8qw8 build id 14381
I0802 04:15:02.476948 1279 tablet_server_main.cc:85] Initializing tablet server...
I0802 04:15:02.477571 1279 system_ntp.cc:199] NTP initialized. Skew: 500ppm Current error: 43016us
I0802 04:15:02.478003 1279 fs_manager.cc:261] Metadata directory not provided
I0802 04:15:02.478039 1279 fs_manager.cc:267] Using write-ahead log directory (fs_wal_dir) as metadata directory
I0802 04:15:02.478193 1279 server_base.cc:432] Could not load existing FS layout: Not found: could not find a healthy instance file
I0802 04:15:02.478214 1279 server_base.cc:433] Attempting to create new FS layout instead
I0802 04:15:02.481364 1279 fs_manager.cc:601] Generated new instance metadata in path /tmp/dist-test-taskt6s1wE/test-tmp/kudu-tool-test.1.ToolTest.TestNonRandomWorkloadLoadgen.1533183298722925-211/minicluster-data/ts-0/data/instance: uuid: "75af8cc78c0c46d684c5019eb5ce35da" format_stamp: "Formatted at 2018-08-02 04:15:02 on dist-test-slave-dist-test-slave-1pf1"
I0802 04:15:02.481720 1279 fs_manager.cc:601] Generated new instance metadata in path /tmp/dist-test-taskt6s1wE/test-tmp/kudu-tool-test.1.ToolTest.TestNonRandomWorkloadLoadgen.1533183298722925-211/minicluster-data/ts-0/wal/instance: uuid: "75af8cc78c0c46d684c5019eb5ce35da" format_stamp: "Formatted at 2018-08-02 04:15:02 on dist-test-slave-dist-test-slave-1pf1"
I0802 04:15:02.491271 1279 fs_manager.cc:501] Time spent creating directory manager: real 0.009s user 0.002s sys 0.004s
I0802 04:15:02.492205 1279 env_posix.cc:1674] Not raising this process' open files per process limit of 1048576; it is already as high as it can go
I0802 04:15:02.492470 1279 file_cache.cc:470] Constructed file cache lbm with capacity 419430
I0802 04:15:02.496093 1279 fs_manager.cc:417] Time spent opening block manager: real 0.001s user 0.001s sys 0.000s
I0802 04:15:02.496196 1279 fs_manager.cc:434] Opened local filesystem: /tmp/dist-test-taskt6s1wE/test-tmp/kudu-tool-test.1.ToolTest.TestNonRandomWorkloadLoadgen.1533183298722925-211/minicluster-data/ts-0/data,/tmp/dist-test-taskt6s1wE/test-tmp/kudu-tool-test.1.ToolTest.TestNonRandomWorkloadLoadgen.1533183298722925-211/minicluster-data/ts-0/wal uuid: "75af8cc78c0c46d684c5019eb5ce35da" format_stamp: "Formatted at 2018-08-02 04:15:02 on dist-test-slave-dist-test-slave-1pf1"
I0802 04:15:02.496340 1279 fs_report.cc:352] FS layout report -------------------- wal directory: /tmp/dist-test-taskt6s1wE/test-tmp/kudu-tool-test.1.ToolTest.TestNonRandomWorkloadLoadgen.1533183298722925-211/minicluster-data/ts-0/wal metadata directory: /tmp/dist-test-taskt6s1wE/test-tmp/kudu-tool-test.1.ToolTest.TestNonRandomWorkloadLoadgen.1533183298722925-211/minicluster-data/ts-0/wal 1 data directories: /tmp/dist-test-taskt6s1wE/test-tmp/kudu-tool-test.1.ToolTest.TestNonRandomWorkloadLoadgen.1533183298722925-211/minicluster-data/ts-0/data/data Total live blocks: 0 Total live bytes: 0 Total live bytes (after alignment): 0 Total number of LBM containers: 0 (0 full) Did not check for missing blocks Did not check for orphaned blocks Total full LBM containers with extra space: 0 (0 repaired) Total full LBM container extra space in bytes: 0 (0 repaired) Total incomplete LBM containers: 0 (0 repaired) Total LBM partial records: 0 (0 repaired)
I0802 04:15:02.501188 1286 catalog_manager.cc:4131] T 00000000000000000000000000000000 P 534d09c35a2c45eebede5e6b5435bfe7: Generated new TSK 0
I0802 04:15:02.534976 1279 env_posix.cc:1674] Not raising this process' running threads per effective uid limit of 18446744073709551615; it is already as high as it can go
I0802 04:15:02.535825 1279 ts_tablet_manager.cc:356] Loaded tablet metadata (0 live tablets)
I0802 04:15:02.535935 1279 tablet_server_main.cc:90] Starting tablet server...
I0802 04:15:02.541666 1279 rpc_server.cc:205] RPC server started. Bound to: 127.0.52.193:39585
I0802 04:15:02.541893 1279 webserver.cc:175] Starting webserver on 127.0.52.193:0
I0802 04:15:02.541910 1279 webserver.cc:186] Document root disabled
I0802 04:15:02.542203 1279 webserver.cc:313] Webserver started. Bound to: http://127.0.52.193:42325/
I0802 04:15:02.542582 1279 server_base.cc:607] Dumped server information to /tmp/dist-test-taskt6s1wE/test-tmp/kudu-tool-test.1.ToolTest.TestNonRandomWorkloadLoadgen.1533183298722925-211/minicluster-data/ts-0/data/info.pb
I0802 04:15:02.543565 1279 tablet_server_main.cc:93] Tablet server successfully started.
I0802 04:15:02.548806 211 external_mini_cluster.cc:872] Started /tmp/dist-test-taskt6s1wE/build/debug/bin/kudu-tserver as pid 1279
I0802 04:15:02.555052 1408 heartbeater.cc:346] Connected to a master server at 127.0.52.254:41389
I0802 04:15:02.555142 1408 heartbeater.cc:426] Registering TS with master...
I0802 04:15:02.555407 1408 heartbeater.cc:475] Master 127.0.52.254:41389 requested a full tablet report, sending...
I0802 04:15:02.556303 1244 ts_manager.cc:98] Registered new tserver with Master: 75af8cc78c0c46d684c5019eb5ce35da (127.0.52.193:39585)
I0802 04:15:02.556763 211 external_mini_cluster.cc:506] 1 TS(s) registered with all masters
I0802 04:15:02.557814 1244 master_service.cc:249] Signed X509 certificate for tserver {username='slave'} at 127.0.52.193:34631
W0802 04:15:02.631484 1414 flags.cc:406] Enabled unsafe flag: --never_fsync=true
I0802 04:15:02.655071 1244 catalog_manager.cc:1356] Servicing CreateTable request from {username='slave'} at 127.0.0.1:60674: name: "default.loadgen_auto_57bc45b171b84f348a062c9853ee4d2c" schema { columns { name: "key" type: INT64 is_key: true is_nullable: false encoding: AUTO_ENCODING compression: DEFAULT_COMPRESSION cfile_block_size: 0 } columns { name: "int_val" type: INT32 is_key: false is_nullable: true encoding: AUTO_ENCODING compression: DEFAULT_COMPRESSION cfile_block_size: 0 } columns { name: "string_val" type: STRING is_key: false is_nullable: true encoding: AUTO_ENCODING compression: DEFAULT_COMPRESSION cfile_block_size: 0 } } num_replicas: 1 split_rows_range_bounds { rows: "\004\001\0000u\000\000\000\000\000\000\004\001\000`\352\000\000\000\000\000\000\004\001\000\220_\001\000\000\000\000\000" } partition_schema { range_schema { columns { name: "key" } } }
I0802 04:15:02.665997 1344 tablet_service.cc:759] Processing CreateTablet for tablet 83160b8386724deab8381b96257a751d (table=default.loadgen_auto_57bc45b171b84f348a062c9853ee4d2c [id=2fe979a03ab842efae08dd7253370b89]), partition=RANGE (key) PARTITION 30000 <= VALUES < 60000
I0802 04:15:02.666018 1342 tablet_service.cc:759] Processing CreateTablet for tablet 4ebf613ea5b3449e9f95266491b2f882 (table=default.loadgen_auto_57bc45b171b84f348a062c9853ee4d2c [id=2fe979a03ab842efae08dd7253370b89]), partition=RANGE (key) PARTITION 60000 <= VALUES < 90000
I0802 04:15:02.666379 1344 data_dirs.cc:934] Could only allocate 1 dirs of requested 3 for tablet 83160b8386724deab8381b96257a751d. 1 dirs total, 0 dirs full, 0 dirs failed
I0802 04:15:02.666545 1345 tablet_service.cc:759] Processing CreateTablet for tablet d52d85adc4e340809982ffab6d9355ce (table=default.loadgen_auto_57bc45b171b84f348a062c9853ee4d2c [id=2fe979a03ab842efae08dd7253370b89]), partition=RANGE (key) PARTITION VALUES < 30000
I0802 04:15:02.666697 1345 data_dirs.cc:934] Could only allocate 1 dirs of requested 3 for tablet d52d85adc4e340809982ffab6d9355ce. 1 dirs total, 0 dirs full, 0 dirs failed
I0802 04:15:02.666003 1343 tablet_service.cc:759] Processing CreateTablet for tablet d50e993018884198b531e949c42d9f04 (table=default.loadgen_auto_57bc45b171b84f348a062c9853ee4d2c [id=2fe979a03ab842efae08dd7253370b89]), partition=RANGE (key) PARTITION VALUES >= 90000
I0802 04:15:02.666934 1343 data_dirs.cc:934] Could only allocate 1 dirs of requested 3 for tablet d50e993018884198b531e949c42d9f04. 1 dirs total, 0 dirs full, 0 dirs failed
I0802 04:15:02.667436 1342 data_dirs.cc:934] Could only allocate 1 dirs of requested 3 for tablet 4ebf613ea5b3449e9f95266491b2f882. 1 dirs total, 0 dirs full, 0 dirs failed
I0802 04:15:02.670521 1345 ts_tablet_manager.cc:1173] T d52d85adc4e340809982ffab6d9355ce P 75af8cc78c0c46d684c5019eb5ce35da: Registered tablet (data state: TABLET_DATA_READY)
I0802 04:15:02.670599 1343 ts_tablet_manager.cc:1173] T d50e993018884198b531e949c42d9f04 P 75af8cc78c0c46d684c5019eb5ce35da: Registered tablet (data state: TABLET_DATA_READY)
I0802 04:15:02.670691 1344 ts_tablet_manager.cc:1173] T 83160b8386724deab8381b96257a751d P 75af8cc78c0c46d684c5019eb5ce35da: Registered tablet (data state: TABLET_DATA_READY)
I0802 04:15:02.670857 1342 ts_tablet_manager.cc:1173] T 4ebf613ea5b3449e9f95266491b2f882 P 75af8cc78c0c46d684c5019eb5ce35da: Registered tablet (data state: TABLET_DATA_READY)
I0802 04:15:02.671046 1426 ts_tablet_manager.cc:1028] T d52d85adc4e340809982ffab6d9355ce P 75af8cc78c0c46d684c5019eb5ce35da: Bootstrapping tablet
I0802 04:15:02.671193 1426 tablet_bootstrap.cc:432] T d52d85adc4e340809982ffab6d9355ce P 75af8cc78c0c46d684c5019eb5ce35da: Bootstrap starting.
I0802 04:15:02.672186 1426 tablet_bootstrap.cc:586] T d52d85adc4e340809982ffab6d9355ce P 75af8cc78c0c46d684c5019eb5ce35da: No blocks or log segments found. Creating new log.
I0802 04:15:02.672641 1426 log.cc:525] T d52d85adc4e340809982ffab6d9355ce P 75af8cc78c0c46d684c5019eb5ce35da: Log is configured to *not* fsync() on all Append() calls
I0802 04:15:02.673382 1426 tablet_bootstrap.cc:432] T d52d85adc4e340809982ffab6d9355ce P 75af8cc78c0c46d684c5019eb5ce35da: No bootstrap required, opened a new log
I0802 04:15:02.673521 1426 ts_tablet_manager.cc:1045] T d52d85adc4e340809982ffab6d9355ce P 75af8cc78c0c46d684c5019eb5ce35da: Time spent bootstrapping tablet: real 0.002s user 0.002s sys 0.000s
I0802 04:15:02.675400 1426 raft_consensus.cc:325] T d52d85adc4e340809982ffab6d9355ce P 75af8cc78c0c46d684c5019eb5ce35da [term 0 FOLLOWER]: Replica starting. Triggering 0 pending transactions. Active config: opid_index: -1 OBSOLETE_local: true peers { permanent_uuid: "75af8cc78c0c46d684c5019eb5ce35da" member_type: VOTER last_known_addr { host: "127.0.52.193" port: 39585 } }
I0802 04:15:02.675444 1426 raft_consensus.cc:351] T d52d85adc4e340809982ffab6d9355ce P 75af8cc78c0c46d684c5019eb5ce35da [term 0 FOLLOWER]: Consensus starting up: Expiring failure detector timer to make a prompt election more likely
I0802 04:15:02.675477 1426 raft_consensus.cc:630] T d52d85adc4e340809982ffab6d9355ce P 75af8cc78c0c46d684c5019eb5ce35da [term 0 FOLLOWER]: Becoming Follower/Learner. State: Replica: 75af8cc78c0c46d684c5019eb5ce35da, State: Initialized, Role: FOLLOWER
I0802 04:15:02.675711 1426 consensus_queue.cc:227] T d52d85adc4e340809982ffab6d9355ce P 75af8cc78c0c46d684c5019eb5ce35da [NON_LEADER]: Queue going to NON_LEADER mode. State: All replicated index: 0, Majority replicated index: 0, Committed index: 0, Last appended: 0.0, Last appended by leader: 0, Current term: 0, Majority size: -1, State: 0, Mode: NON_LEADER, active raft config: opid_index: -1 OBSOLETE_local: true peers { permanent_uuid: "75af8cc78c0c46d684c5019eb5ce35da" member_type: VOTER last_known_addr { host: "127.0.52.193" port: 39585 } }
I0802 04:15:02.675755 1426 raft_consensus.cc:365] T d52d85adc4e340809982ffab6d9355ce P 75af8cc78c0c46d684c5019eb5ce35da [term 0 FOLLOWER]: Only one voter in the Raft config. Triggering election immediately
