I0802 04:15:01.802049 1045 raft_consensus.cc:2794] T 1466ff556b9846a69bfc0e0c047672ef P 08bb750123664f5782edc1976ab8e592 [term 0 FOLLOWER]: Advancing to term 1
I0802 04:15:01.802088 1045 raft_consensus.cc:2742] T 1466ff556b9846a69bfc0e0c047672ef P 08bb750123664f5782edc1976ab8e592: Snoozing failure detection for 1.817s (vote granted)
I0802 04:15:01.802624 925 raft_consensus.cc:2255] T 1466ff556b9846a69bfc0e0c047672ef P ce57a0e8b6a942f8923606287c5ff61c [term 1 FOLLOWER]: Leader election vote request: Granting yes vote for candidate c7577ce447b545f8ab9695673d2e00c4 in term 1.
I0802 04:15:01.802683 1045 raft_consensus.cc:2255] T 1466ff556b9846a69bfc0e0c047672ef P 08bb750123664f5782edc1976ab8e592 [term 1 FOLLOWER]: Leader election vote request: Granting yes vote for candidate c7577ce447b545f8ab9695673d2e00c4 in term 1.
I0802 04:15:01.802920 735 leader_election.cc:387] T 1466ff556b9846a69bfc0e0c047672ef P c7577ce447b545f8ab9695673d2e00c4 [CANDIDATE]: Term 1 election: Vote granted by peer ce57a0e8b6a942f8923606287c5ff61c (127.0.52.194:35717)
I0802 04:15:01.802965 733 leader_election.cc:387] T 1466ff556b9846a69bfc0e0c047672ef P c7577ce447b545f8ab9695673d2e00c4 [CANDIDATE]: Term 1 election: Vote granted by peer 08bb750123664f5782edc1976ab8e592 (127.0.52.195:38677)
I0802 04:15:01.802992 733 leader_election.cc:278] T 1466ff556b9846a69bfc0e0c047672ef P c7577ce447b545f8ab9695673d2e00c4 [CANDIDATE]: Term 1 election: Election decided. Result: candidate won.
I0802 04:15:01.803138 1119 raft_consensus.cc:2742] T 1466ff556b9846a69bfc0e0c047672ef P c7577ce447b545f8ab9695673d2e00c4: Snoozing failure detection for 1.756s (election complete)
I0802 04:15:01.803172 1119 raft_consensus.cc:2549] T 1466ff556b9846a69bfc0e0c047672ef P c7577ce447b545f8ab9695673d2e00c4 [term 1 FOLLOWER]: Leader election won for term 1
I0802 04:15:01.803287 1119 raft_consensus.cc:595] T 1466ff556b9846a69bfc0e0c047672ef P c7577ce447b545f8ab9695673d2e00c4 [term 1 LEADER]: Becoming Leader. State: Replica: c7577ce447b545f8ab9695673d2e00c4, State: Running, Role: LEADER
I0802 04:15:01.803503 1119 consensus_queue.cc:204] T 1466ff556b9846a69bfc0e0c047672ef P c7577ce447b545f8ab9695673d2e00c4 [LEADER]: Queue going to LEADER mode. State: All replicated index: 0, Majority replicated index: 0, Committed index: 0, Last appended: 0.0, Last appended by leader: 0, Current term: 1, Majority size: 2, State: 0, Mode: LEADER, active raft config: opid_index: -1 OBSOLETE_local: false peers { permanent_uuid: "ce57a0e8b6a942f8923606287c5ff61c" member_type: VOTER last_known_addr { host: "127.0.52.194" port: 35717 } } peers { permanent_uuid: "c7577ce447b545f8ab9695673d2e00c4" member_type: VOTER last_known_addr { host: "127.0.52.193" port: 33585 } } peers { permanent_uuid: "08bb750123664f5782edc1976ab8e592" member_type: VOTER last_known_addr { host: "127.0.52.195" port: 38677 } }
I0802 04:15:01.805310 681 catalog_manager.cc:3827] T 1466ff556b9846a69bfc0e0c047672ef P c7577ce447b545f8ab9695673d2e00c4 reported cstate change: term changed from 0 to 1, leader changed from to c7577ce447b545f8ab9695673d2e00c4 (127.0.52.193). New cstate: current_term: 1 leader_uuid: "c7577ce447b545f8ab9695673d2e00c4" committed_config { opid_index: -1 OBSOLETE_local: false peers { permanent_uuid: "ce57a0e8b6a942f8923606287c5ff61c" member_type: VOTER last_known_addr { host: "127.0.52.194" port: 35717 } health_report { overall_health: UNKNOWN } } peers { permanent_uuid: "c7577ce447b545f8ab9695673d2e00c4" member_type: VOTER last_known_addr { host: "127.0.52.193" port: 33585 } health_report { overall_health: HEALTHY } } peers { permanent_uuid: "08bb750123664f5782edc1976ab8e592" member_type: VOTER last_known_addr { host: "127.0.52.195" port: 38677 } health_report { overall_health: UNKNOWN } } }
W0802 04:15:01.825804 1091 tablet.cc:1678] T 0564a0d5344449339ea7eabe7e82591f P 08bb750123664f5782edc1976ab8e592: Can't schedule compaction. Clean time has not been advanced past its initial value.
W0802 04:15:01.837760 846 tablet.cc:1678] T 0564a0d5344449339ea7eabe7e82591f P c7577ce447b545f8ab9695673d2e00c4: Can't schedule compaction. Clean time has not been advanced past its initial value.
I0802 04:15:01.845371 1118 raft_consensus.cc:457] T c7b6eb8c140240669d04460b69f8a4df P ce57a0e8b6a942f8923606287c5ff61c [term 0 FOLLOWER]: Starting pre-election (no leader contacted us within the election timeout)
I0802 04:15:01.845414 1118 raft_consensus.cc:2742] T c7b6eb8c140240669d04460b69f8a4df P ce57a0e8b6a942f8923606287c5ff61c: Snoozing failure detection for 2.123s (starting election)
I0802 04:15:01.845504 1118 raft_consensus.cc:479] T c7b6eb8c140240669d04460b69f8a4df P ce57a0e8b6a942f8923606287c5ff61c [term 0 FOLLOWER]: Starting pre-election with config: opid_index: -1 OBSOLETE_local: false peers { permanent_uuid: "c7577ce447b545f8ab9695673d2e00c4" member_type: VOTER last_known_addr { host: "127.0.52.193" port: 33585 } } peers { permanent_uuid: "ce57a0e8b6a942f8923606287c5ff61c" member_type: VOTER last_known_addr { host: "127.0.52.194" port: 35717 } } peers { permanent_uuid: "08bb750123664f5782edc1976ab8e592" member_type: VOTER last_known_addr { host: "127.0.52.195" port: 38677 } }
I0802 04:15:01.845971 1118 leader_election.cc:251] T c7b6eb8c140240669d04460b69f8a4df P ce57a0e8b6a942f8923606287c5ff61c [CANDIDATE]: Term 1 pre-election: Requesting pre-vote from peer c7577ce447b545f8ab9695673d2e00c4 (127.0.52.193:33585)
I0802 04:15:01.846109 1118 leader_election.cc:251] T c7b6eb8c140240669d04460b69f8a4df P ce57a0e8b6a942f8923606287c5ff61c [CANDIDATE]: Term 1 pre-election: Requesting pre-vote from peer 08bb750123664f5782edc1976ab8e592 (127.0.52.195:38677)
I0802 04:15:01.847342 1116 raft_consensus.cc:457] T bb6b8e87379d45f68e5e712714b02d1f P 08bb750123664f5782edc1976ab8e592 [term 0 FOLLOWER]: Starting pre-election (no leader contacted us within the election timeout)
I0802 04:15:01.847379 1116 raft_consensus.cc:2742] T bb6b8e87379d45f68e5e712714b02d1f P 08bb750123664f5782edc1976ab8e592: Snoozing failure detection for 1.511s (starting election)
I0802 04:15:01.847455 1116 raft_consensus.cc:479] T bb6b8e87379d45f68e5e712714b02d1f P 08bb750123664f5782edc1976ab8e592 [term 0 FOLLOWER]: Starting pre-election with config: opid_index: -1 OBSOLETE_local: false peers { permanent_uuid: "c7577ce447b545f8ab9695673d2e00c4" member_type: VOTER last_known_addr { host: "127.0.52.193" port: 33585 } } peers { permanent_uuid: "ce57a0e8b6a942f8923606287c5ff61c" member_type: VOTER last_known_addr { host: "127.0.52.194" port: 35717 } } peers { permanent_uuid: "08bb750123664f5782edc1976ab8e592" member_type: VOTER last_known_addr { host: "127.0.52.195" port: 38677 } }
I0802 04:15:01.847625 1116 leader_election.cc:251] T bb6b8e87379d45f68e5e712714b02d1f P 08bb750123664f5782edc1976ab8e592 [CANDIDATE]: Term 1 pre-election: Requesting pre-vote from peer c7577ce447b545f8ab9695673d2e00c4 (127.0.52.193:33585)
I0802 04:15:01.847728 1116 leader_election.cc:251] T bb6b8e87379d45f68e5e712714b02d1f P 08bb750123664f5782edc1976ab8e592 [CANDIDATE]: Term 1 pre-election: Requesting pre-vote from peer ce57a0e8b6a942f8923606287c5ff61c (127.0.52.194:35717)
I0802 04:15:01.848099 802 tablet_service.cc:995] Received RequestConsensusVote() RPC: tablet_id: "bb6b8e87379d45f68e5e712714b02d1f" candidate_uuid: "08bb750123664f5782edc1976ab8e592" candidate_term: 1 candidate_status { last_received { term: 0 index: 0 } } ignore_live_leader: false dest_uuid: "c7577ce447b545f8ab9695673d2e00c4" is_pre_election: true
I0802 04:15:01.848148 802 raft_consensus.cc:2742] T bb6b8e87379d45f68e5e712714b02d1f P c7577ce447b545f8ab9695673d2e00c4: Snoozing failure detection for 1.707s (vote granted)
I0802 04:15:01.848162 925 tablet_service.cc:995] Received RequestConsensusVote() RPC: tablet_id: "bb6b8e87379d45f68e5e712714b02d1f" candidate_uuid: "08bb750123664f5782edc1976ab8e592" candidate_term: 1 candidate_status { last_received { term: 0 index: 0 } } ignore_live_leader: false dest_uuid: "ce57a0e8b6a942f8923606287c5ff61c" is_pre_election: true
I0802 04:15:01.848176 802 raft_consensus.cc:2255] T bb6b8e87379d45f68e5e712714b02d1f P c7577ce447b545f8ab9695673d2e00c4 [term 0 FOLLOWER]: Leader pre-election vote request: Granting yes vote for candidate 08bb750123664f5782edc1976ab8e592 in term 0.
I0802 04:15:01.848207 925 raft_consensus.cc:2742] T bb6b8e87379d45f68e5e712714b02d1f P ce57a0e8b6a942f8923606287c5ff61c: Snoozing failure detection for 1.880s (vote granted)
I0802 04:15:01.848233 925 raft_consensus.cc:2255] T bb6b8e87379d45f68e5e712714b02d1f P ce57a0e8b6a942f8923606287c5ff61c [term 0 FOLLOWER]: Leader pre-election vote request: Granting yes vote for candidate 08bb750123664f5782edc1976ab8e592 in term 0.
I0802 04:15:01.848454 978 leader_election.cc:387] T bb6b8e87379d45f68e5e712714b02d1f P 08bb750123664f5782edc1976ab8e592 [CANDIDATE]: Term 1 pre-election: Vote granted by peer c7577ce447b545f8ab9695673d2e00c4 (127.0.52.193:33585)
I0802 04:15:01.848493 980 leader_election.cc:387] T bb6b8e87379d45f68e5e712714b02d1f P 08bb750123664f5782edc1976ab8e592 [CANDIDATE]: Term 1 pre-election: Vote granted by peer ce57a0e8b6a942f8923606287c5ff61c (127.0.52.194:35717)
I0802 04:15:01.848526 980 leader_election.cc:278] T bb6b8e87379d45f68e5e712714b02d1f P 08bb750123664f5782edc1976ab8e592 [CANDIDATE]: Term 1 pre-election: Election decided. Result: candidate won.
I0802 04:15:01.848680 1116 raft_consensus.cc:2742] T bb6b8e87379d45f68e5e712714b02d1f P 08bb750123664f5782edc1976ab8e592: Snoozing failure detection for 2.144s (election complete)
I0802 04:15:01.848743 1116 raft_consensus.cc:2549] T bb6b8e87379d45f68e5e712714b02d1f P 08bb750123664f5782edc1976ab8e592 [term 0 FOLLOWER]: Leader pre-election won for term 1
I0802 04:15:01.848758 1116 raft_consensus.cc:457] T bb6b8e87379d45f68e5e712714b02d1f P 08bb750123664f5782edc1976ab8e592 [term 0 FOLLOWER]: Starting leader election (no leader contacted us within the election timeout)
I0802 04:15:01.848775 1116 raft_consensus.cc:2742] T bb6b8e87379d45f68e5e712714b02d1f P 08bb750123664f5782edc1976ab8e592: Snoozing failure detection for 1.634s (starting election)
I0802 04:15:01.848788 1116 raft_consensus.cc:2794] T bb6b8e87379d45f68e5e712714b02d1f P 08bb750123664f5782edc1976ab8e592 [term 0 FOLLOWER]: Advancing to term 1
I0802 04:15:01.849567 1116 raft_consensus.cc:479] T bb6b8e87379d45f68e5e712714b02d1f P 08bb750123664f5782edc1976ab8e592 [term 1 FOLLOWER]: Starting leader election with config: opid_index: -1 OBSOLETE_local: false peers { permanent_uuid: "c7577ce447b545f8ab9695673d2e00c4" member_type: VOTER last_known_addr { host: "127.0.52.193" port: 33585 } } peers { permanent_uuid: "ce57a0e8b6a942f8923606287c5ff61c" member_type: VOTER last_known_addr { host: "127.0.52.194" port: 35717 } } peers { permanent_uuid: "08bb750123664f5782edc1976ab8e592" member_type: VOTER last_known_addr { host: "127.0.52.195" port: 38677 } }
I0802 04:15:01.849722 1116 leader_election.cc:251] T bb6b8e87379d45f68e5e712714b02d1f P 08bb750123664f5782edc1976ab8e592 [CANDIDATE]: Term 1 election: Requesting vote from peer c7577ce447b545f8ab9695673d2e00c4 (127.0.52.193:33585)
I0802 04:15:01.849818 1116 leader_election.cc:251] T bb6b8e87379d45f68e5e712714b02d1f P 08bb750123664f5782edc1976ab8e592 [CANDIDATE]: Term 1 election: Requesting vote from peer ce57a0e8b6a942f8923606287c5ff61c (127.0.52.194:35717)
I0802 04:15:01.850201 802 tablet_service.cc:995] Received RequestConsensusVote() RPC: tablet_id: "bb6b8e87379d45f68e5e712714b02d1f" candidate_uuid: "08bb750123664f5782edc1976ab8e592" candidate_term: 1 candidate_status { last_received { term: 0 index: 0 } } ignore_live_leader: false dest_uuid: "c7577ce447b545f8ab9695673d2e00c4"
I0802 04:15:01.850234 925 tablet_service.cc:995] Received RequestConsensusVote() RPC: tablet_id: "bb6b8e87379d45f68e5e712714b02d1f" candidate_uuid: "08bb750123664f5782edc1976ab8e592" candidate_term: 1 candidate_status { last_received { term: 0 index: 0 } } ignore_live_leader: false dest_uuid: "ce57a0e8b6a942f8923606287c5ff61c"
I0802 04:15:01.850247 802 raft_consensus.cc:2794] T bb6b8e87379d45f68e5e712714b02d1f P c7577ce447b545f8ab9695673d2e00c4 [term 0 FOLLOWER]: Advancing to term 1
I0802 04:15:01.850273 925 raft_consensus.cc:2794] T bb6b8e87379d45f68e5e712714b02d1f P ce57a0e8b6a942f8923606287c5ff61c [term 0 FOLLOWER]: Advancing to term 1
I0802 04:15:01.850280 802 raft_consensus.cc:2742] T bb6b8e87379d45f68e5e712714b02d1f P c7577ce447b545f8ab9695673d2e00c4: Snoozing failure detection for 1.544s (vote granted)
I0802 04:15:01.850304 925 raft_consensus.cc:2742] T bb6b8e87379d45f68e5e712714b02d1f P ce57a0e8b6a942f8923606287c5ff61c: Snoozing failure detection for 1.609s (vote granted)
I0802 04:15:01.850886 1118 raft_consensus.cc:457] T 34546b1bdca44b04addad9e4657a1ec9 P ce57a0e8b6a942f8923606287c5ff61c [term 0 FOLLOWER]: Starting pre-election (no leader contacted us within the election timeout)
I0802 04:15:01.850914 1118 raft_consensus.cc:2742] T 34546b1bdca44b04addad9e4657a1ec9 P ce57a0e8b6a942f8923606287c5ff61c: Snoozing failure detection for 2.104s (starting election)
I0802 04:15:01.850991 1118 raft_consensus.cc:479] T 34546b1bdca44b04addad9e4657a1ec9 P ce57a0e8b6a942f8923606287c5ff61c [term 0 FOLLOWER]: Starting pre-election with config: opid_index: -1 OBSOLETE_local: false peers { permanent_uuid: "c7577ce447b545f8ab9695673d2e00c4" member_type: VOTER last_known_addr { host: "127.0.52.193" port: 33585 } } peers { permanent_uuid: "ce57a0e8b6a942f8923606287c5ff61c" member_type: VOTER last_known_addr { host: "127.0.52.194" port: 35717 } } peers { permanent_uuid: "08bb750123664f5782edc1976ab8e592" member_type: VOTER last_known_addr { host: "127.0.52.195" port: 38677 } }
I0802 04:15:01.851089 925 raft_consensus.cc:2255] T bb6b8e87379d45f68e5e712714b02d1f P ce57a0e8b6a942f8923606287c5ff61c [term 1 FOLLOWER]: Leader election vote request: Granting yes vote for candidate 08bb750123664f5782edc1976ab8e592 in term 1.
I0802 04:15:01.851142 1118 leader_election.cc:251] T 34546b1bdca44b04addad9e4657a1ec9 P ce57a0e8b6a942f8923606287c5ff61c [CANDIDATE]: Term 1 pre-election: Requesting pre-vote from peer c7577ce447b545f8ab9695673d2e00c4 (127.0.52.193:33585)
I0802 04:15:01.851227 1118 leader_election.cc:251] T 34546b1bdca44b04addad9e4657a1ec9 P ce57a0e8b6a942f8923606287c5ff61c [CANDIDATE]: Term 1 pre-election: Requesting pre-vote from peer 08bb750123664f5782edc1976ab8e592 (127.0.52.195:38677)
I0802 04:15:01.851475 802 raft_consensus.cc:2255] T bb6b8e87379d45f68e5e712714b02d1f P c7577ce447b545f8ab9695673d2e00c4 [term 1 FOLLOWER]: Leader election vote request: Granting yes vote for candidate 08bb750123664f5782edc1976ab8e592 in term 1.
I0802 04:15:01.851711 801 tablet_service.cc:995] Received RequestConsensusVote() RPC: tablet_id: "c7b6eb8c140240669d04460b69f8a4df" candidate_uuid: "ce57a0e8b6a942f8923606287c5ff61c" candidate_term: 1 candidate_status { last_received { term: 0 index: 0 } } ignore_live_leader: false dest_uuid: "c7577ce447b545f8ab9695673d2e00c4" is_pre_election: true
I0802 04:15:01.851742 978 leader_election.cc:387] T bb6b8e87379d45f68e5e712714b02d1f P 08bb750123664f5782edc1976ab8e592 [CANDIDATE]: Term 1 election: Vote granted by peer c7577ce447b545f8ab9695673d2e00c4 (127.0.52.193:33585)
I0802 04:15:01.851758 801 raft_consensus.cc:2742] T c7b6eb8c140240669d04460b69f8a4df P c7577ce447b545f8ab9695673d2e00c4: Snoozing failure detection for 1.725s (vote granted)
I0802 04:15:01.851765 978 leader_election.cc:278] T bb6b8e87379d45f68e5e712714b02d1f P 08bb750123664f5782edc1976ab8e592 [CANDIDATE]: Term 1 election: Election decided. Result: candidate won.
I0802 04:15:01.851786 801 raft_consensus.cc:2255] T c7b6eb8c140240669d04460b69f8a4df P c7577ce447b545f8ab9695673d2e00c4 [term 0 FOLLOWER]: Leader pre-election vote request: Granting yes vote for candidate ce57a0e8b6a942f8923606287c5ff61c in term 0.
I0802 04:15:01.851815 1045 tablet_service.cc:995] Received RequestConsensusVote() RPC: tablet_id: "c7b6eb8c140240669d04460b69f8a4df" candidate_uuid: "ce57a0e8b6a942f8923606287c5ff61c" candidate_term: 1 candidate_status { last_received { term: 0 index: 0 } } ignore_live_leader: false dest_uuid: "08bb750123664f5782edc1976ab8e592" is_pre_election: true
I0802 04:15:01.851863 1045 raft_consensus.cc:2742] T c7b6eb8c140240669d04460b69f8a4df P 08bb750123664f5782edc1976ab8e592: Snoozing failure detection for 1.991s (vote granted)
I0802 04:15:01.851907 1045 raft_consensus.cc:2255] T c7b6eb8c140240669d04460b69f8a4df P 08bb750123664f5782edc1976ab8e592 [term 0 FOLLOWER]: Leader pre-election vote request: Granting yes vote for candidate ce57a0e8b6a942f8923606287c5ff61c in term 0.
I0802 04:15:01.851924 1044 tablet_service.cc:995] Received RequestConsensusVote() RPC: tablet_id: "34546b1bdca44b04addad9e4657a1ec9" candidate_uuid: "ce57a0e8b6a942f8923606287c5ff61c" candidate_term: 1 candidate_status { last_received { term: 0 index: 0 } } ignore_live_leader: false dest_uuid: "08bb750123664f5782edc1976ab8e592" is_pre_election: true
I0802 04:15:01.851932 980 leader_election.cc:387] T bb6b8e87379d45f68e5e712714b02d1f P 08bb750123664f5782edc1976ab8e592 [CANDIDATE]: Term 1 election: Vote granted by peer ce57a0e8b6a942f8923606287c5ff61c (127.0.52.194:35717)
I0802 04:15:01.851967 1044 raft_consensus.cc:2742] T 34546b1bdca44b04addad9e4657a1ec9 P 08bb750123664f5782edc1976ab8e592: Snoozing failure detection for 1.906s (vote granted)
I0802 04:15:01.851996 1044 raft_consensus.cc:2255] T 34546b1bdca44b04addad9e4657a1ec9 P 08bb750123664f5782edc1976ab8e592 [term 0 FOLLOWER]: Leader pre-election vote request: Granting yes vote for candidate ce57a0e8b6a942f8923606287c5ff61c in term 0.
I0802 04:15:01.852032 1116 raft_consensus.cc:2742] T bb6b8e87379d45f68e5e712714b02d1f P 08bb750123664f5782edc1976ab8e592: Snoozing failure detection for 2.191s (election complete)
I0802 04:15:01.852037 802 tablet_service.cc:995] Received RequestConsensusVote() RPC: tablet_id: "34546b1bdca44b04addad9e4657a1ec9" candidate_uuid: "ce57a0e8b6a942f8923606287c5ff61c" candidate_term: 1 candidate_status { last_received { term: 0 index: 0 } } ignore_live_leader: false dest_uuid: "c7577ce447b545f8ab9695673d2e00c4" is_pre_election: true
I0802 04:15:01.852062 1116 raft_consensus.cc:2549] T bb6b8e87379d45f68e5e712714b02d1f P 08bb750123664f5782edc1976ab8e592 [term 1 FOLLOWER]: Leader election won for term 1
I0802 04:15:01.852078 802 raft_consensus.cc:2742] T 34546b1bdca44b04addad9e4657a1ec9 P c7577ce447b545f8ab9695673d2e00c4: Snoozing failure detection for 1.887s (vote granted)
I0802 04:15:01.852108 802 raft_consensus.cc:2255] T 34546b1bdca44b04addad9e4657a1ec9 P c7577ce447b545f8ab9695673d2e00c4 [term 0 FOLLOWER]: Leader pre-election vote request: Granting yes vote for candidate ce57a0e8b6a942f8923606287c5ff61c in term 0.
I0802 04:15:01.852136 1116 raft_consensus.cc:595] T bb6b8e87379d45f68e5e712714b02d1f P 08bb750123664f5782edc1976ab8e592 [term 1 LEADER]: Becoming Leader. State: Replica: 08bb750123664f5782edc1976ab8e592, State: Running, Role: LEADER
I0802 04:15:01.852277 1116 consensus_queue.cc:204] T bb6b8e87379d45f68e5e712714b02d1f P 08bb750123664f5782edc1976ab8e592 [LEADER]: Queue going to LEADER mode. State: All replicated index: 0, Majority replicated index: 0, Committed index: 0, Last appended: 0.0, Last appended by leader: 0, Current term: 1, Majority size: 2, State: 0, Mode: LEADER, active raft config: opid_index: -1 OBSOLETE_local: false peers { permanent_uuid: "c7577ce447b545f8ab9695673d2e00c4" member_type: VOTER last_known_addr { host: "127.0.52.193" port: 33585 } } peers { permanent_uuid: "ce57a0e8b6a942f8923606287c5ff61c" member_type: VOTER last_known_addr { host: "127.0.52.194" port: 35717 } } peers { permanent_uuid: "08bb750123664f5782edc1976ab8e592" member_type: VOTER last_known_addr { host: "127.0.52.195" port: 38677 } }
I0802 04:15:01.852325 856 leader_election.cc:387] T c7b6eb8c140240669d04460b69f8a4df P ce57a0e8b6a942f8923606287c5ff61c [CANDIDATE]: Term 1 pre-election: Vote granted by peer 08bb750123664f5782edc1976ab8e592 (127.0.52.195:38677)
I0802 04:15:01.852358 856 leader_election.cc:278] T c7b6eb8c140240669d04460b69f8a4df P ce57a0e8b6a942f8923606287c5ff61c [CANDIDATE]: Term 1 pre-election: Election decided. Result: candidate won.
I0802 04:15:01.852566 856 leader_election.cc:387] T c7b6eb8c140240669d04460b69f8a4df P ce57a0e8b6a942f8923606287c5ff61c [CANDIDATE]: Term 1 pre-election: Vote granted by peer c7577ce447b545f8ab9695673d2e00c4 (127.0.52.193:33585)
I0802 04:15:01.852566 1118 raft_consensus.cc:2742] T c7b6eb8c140240669d04460b69f8a4df P ce57a0e8b6a942f8923606287c5ff61c: Snoozing failure detection for 1.545s (election complete)
I0802 04:15:01.852617 1118 raft_consensus.cc:2549] T c7b6eb8c140240669d04460b69f8a4df P ce57a0e8b6a942f8923606287c5ff61c [term 0 FOLLOWER]: Leader pre-election won for term 1
I0802 04:15:01.852634 1118 raft_consensus.cc:457] T c7b6eb8c140240669d04460b69f8a4df P ce57a0e8b6a942f8923606287c5ff61c [term 0 FOLLOWER]: Starting leader election (no leader contacted us within the election timeout)
I0802 04:15:01.852649 1118 raft_consensus.cc:2742] T c7b6eb8c140240669d04460b69f8a4df P ce57a0e8b6a942f8923606287c5ff61c: Snoozing failure detection for 1.962s (starting election)
I0802 04:15:01.852663 1118 raft_consensus.cc:2794] T c7b6eb8c140240669d04460b69f8a4df P ce57a0e8b6a942f8923606287c5ff61c [term 0 FOLLOWER]: Advancing to term 1
I0802 04:15:01.852792 856 leader_election.cc:387] T 34546b1bdca44b04addad9e4657a1ec9 P ce57a0e8b6a942f8923606287c5ff61c [CANDIDATE]: Term 1 pre-election: Vote granted by peer 08bb750123664f5782edc1976ab8e592 (127.0.52.195:38677)
I0802 04:15:01.852813 856 leader_election.cc:278] T 34546b1bdca44b04addad9e4657a1ec9 P ce57a0e8b6a942f8923606287c5ff61c [CANDIDATE]: Term 1 pre-election: Election decided. Result: candidate won.
I0802 04:15:01.852998 856 leader_election.cc:387] T 34546b1bdca44b04addad9e4657a1ec9 P ce57a0e8b6a942f8923606287c5ff61c [CANDIDATE]: Term 1 pre-election: Vote granted by peer c7577ce447b545f8ab9695673d2e00c4 (127.0.52.193:33585)
I0802 04:15:01.853256 1148 raft_consensus.cc:2742] T 34546b1bdca44b04addad9e4657a1ec9 P ce57a0e8b6a942f8923606287c5ff61c: Snoozing failure detection for 1.909s (election complete)
I0802 04:15:01.853294 1148 raft_consensus.cc:2549] T 34546b1bdca44b04addad9e4657a1ec9 P ce57a0e8b6a942f8923606287c5ff61c [term 0 FOLLOWER]: Leader pre-election won for term 1
I0802 04:15:01.853312 1148 raft_consensus.cc:457] T 34546b1bdca44b04addad9e4657a1ec9 P ce57a0e8b6a942f8923606287c5ff61c [term 0 FOLLOWER]: Starting leader election (no leader contacted us within the election timeout)
I0802 04:15:01.853327 1148 raft_consensus.cc:2742] T 34546b1bdca44b04addad9e4657a1ec9 P ce57a0e8b6a942f8923606287c5ff61c: Snoozing failure detection for 1.609s (starting election)
I0802 04:15:01.853343 1148 raft_consensus.cc:2794] T 34546b1bdca44b04addad9e4657a1ec9 P ce57a0e8b6a942f8923606287c5ff61c [term 0 FOLLOWER]: Advancing to term 1
I0802 04:15:01.853483 1118 raft_consensus.cc:479] T c7b6eb8c140240669d04460b69f8a4df P ce57a0e8b6a942f8923606287c5ff61c [term 1 FOLLOWER]: Starting leader election with config: opid_index: -1 OBSOLETE_local: false peers { permanent_uuid: "c7577ce447b545f8ab9695673d2e00c4" member_type: VOTER last_known_addr { host: "127.0.52.193" port: 33585 } } peers { permanent_uuid: "ce57a0e8b6a942f8923606287c5ff61c" member_type: VOTER last_known_addr { host: "127.0.52.194" port: 35717 } } peers { permanent_uuid: "08bb750123664f5782edc1976ab8e592" member_type: VOTER last_known_addr { host: "127.0.52.195" port: 38677 } }
I0802 04:15:01.853526 681 catalog_manager.cc:3827] T bb6b8e87379d45f68e5e712714b02d1f P 08bb750123664f5782edc1976ab8e592 reported cstate change: term changed from 0 to 1, leader changed from to 08bb750123664f5782edc1976ab8e592 (127.0.52.195). New cstate: current_term: 1 leader_uuid: "08bb750123664f5782edc1976ab8e592" committed_config { opid_index: -1 OBSOLETE_local: false peers { permanent_uuid: "c7577ce447b545f8ab9695673d2e00c4" member_type: VOTER last_known_addr { host: "127.0.52.193" port: 33585 } health_report { overall_health: UNKNOWN } } peers { permanent_uuid: "ce57a0e8b6a942f8923606287c5ff61c" member_type: VOTER last_known_addr { host: "127.0.52.194" port: 35717 } health_report { overall_health: UNKNOWN } } peers { permanent_uuid: "08bb750123664f5782edc1976ab8e592" member_type: VOTER last_known_addr { host: "127.0.52.195" port: 38677 } health_report { overall_health: HEALTHY } } }
I0802 04:15:01.853637 1118 leader_election.cc:251] T c7b6eb8c140240669d04460b69f8a4df P ce57a0e8b6a942f8923606287c5ff61c [CANDIDATE]: Term 1 election: Requesting vote from peer c7577ce447b545f8ab9695673d2e00c4 (127.0.52.193:33585)
I0802 04:15:01.853731 1118 leader_election.cc:251] T c7b6eb8c140240669d04460b69f8a4df P ce57a0e8b6a942f8923606287c5ff61c [CANDIDATE]: Term 1 election: Requesting vote from peer 08bb750123664f5782edc1976ab8e592 (127.0.52.195:38677)
I0802 04:15:01.854138 1148 raft_consensus.cc:479] T 34546b1bdca44b04addad9e4657a1ec9 P ce57a0e8b6a942f8923606287c5ff61c [term 1 FOLLOWER]: Starting leader election with config: opid_index: -1 OBSOLETE_local: false peers { permanent_uuid: "c7577ce447b545f8ab9695673d2e00c4" member_type: VOTER last_known_addr { host: "127.0.52.193" port: 33585 } } peers { permanent_uuid: "ce57a0e8b6a942f8923606287c5ff61c" member_type: VOTER last_known_addr { host: "127.0.52.194" port: 35717 } } peers { permanent_uuid: "08bb750123664f5782edc1976ab8e592" member_type: VOTER last_known_addr { host: "127.0.52.195" port: 38677 } }
I0802 04:15:01.854153 802 tablet_service.cc:995] Received RequestConsensusVote() RPC: tablet_id: "c7b6eb8c140240669d04460b69f8a4df" candidate_uuid: "ce57a0e8b6a942f8923606287c5ff61c" candidate_term: 1 candidate_status { last_received { term: 0 index: 0 } } ignore_live_leader: false dest_uuid: "c7577ce447b545f8ab9695673d2e00c4"
I0802 04:15:01.854153 1044 tablet_service.cc:995] Received RequestConsensusVote() RPC: tablet_id: "c7b6eb8c140240669d04460b69f8a4df" candidate_uuid: "ce57a0e8b6a942f8923606287c5ff61c" candidate_term: 1 candidate_status { last_received { term: 0 index: 0 } } ignore_live_leader: false dest_uuid: "08bb750123664f5782edc1976ab8e592"
I0802 04:15:01.854195 1044 raft_consensus.cc:2794] T c7b6eb8c140240669d04460b69f8a4df P 08bb750123664f5782edc1976ab8e592 [term 0 FOLLOWER]: Advancing to term 1
I0802 04:15:01.854195 802 raft_consensus.cc:2794] T c7b6eb8c140240669d04460b69f8a4df P c7577ce447b545f8ab9695673d2e00c4 [term 0 FOLLOWER]: Advancing to term 1
I0802 04:15:01.854226 1044 raft_consensus.cc:2742] T c7b6eb8c140240669d04460b69f8a4df P 08bb750123664f5782edc1976ab8e592: Snoozing failure detection for 2.010s (vote granted)
I0802 04:15:01.854226 802 raft_consensus.cc:2742] T c7b6eb8c140240669d04460b69f8a4df P c7577ce447b545f8ab9695673d2e00c4: Snoozing failure detection for 1.547s (vote granted)
I0802 04:15:01.854287 1148 leader_election.cc:251] T 34546b1bdca44b04addad9e4657a1ec9 P ce57a0e8b6a942f8923606287c5ff61c [CANDIDATE]: Term 1 election: Requesting vote from peer c7577ce447b545f8ab9695673d2e00c4 (127.0.52.193:33585)
I0802 04:15:01.854723 801 tablet_service.cc:995] Received RequestConsensusVote() RPC: tablet_id: "34546b1bdca44b04addad9e4657a1ec9" candidate_uuid: "ce57a0e8b6a942f8923606287c5ff61c" candidate_term: 1 candidate_status { last_received { term: 0 index: 0 } } ignore_live_leader: false dest_uuid: "c7577ce447b545f8ab9695673d2e00c4"
I0802 04:15:01.854791 801 raft_consensus.cc:2794] T 34546b1bdca44b04addad9e4657a1ec9 P c7577ce447b545f8ab9695673d2e00c4 [term 0 FOLLOWER]: Advancing to term 1
I0802 04:15:01.854830 801 raft_consensus.cc:2742] T 34546b1bdca44b04addad9e4657a1ec9 P c7577ce447b545f8ab9695673d2e00c4: Snoozing failure detection for 1.637s (vote granted)
I0802 04:15:01.855037 1044 raft_consensus.cc:2255] T c7b6eb8c140240669d04460b69f8a4df P 08bb750123664f5782edc1976ab8e592 [term 1 FOLLOWER]: Leader election vote request: Granting yes vote for candidate ce57a0e8b6a942f8923606287c5ff61c in term 1.
I0802 04:15:01.855168 802 raft_consensus.cc:2255] T c7b6eb8c140240669d04460b69f8a4df P c7577ce447b545f8ab9695673d2e00c4 [term 1 FOLLOWER]: Leader election vote request: Granting yes vote for candidate ce57a0e8b6a942f8923606287c5ff61c in term 1.
I0802 04:15:01.855322 856 leader_election.cc:387] T c7b6eb8c140240669d04460b69f8a4df P ce57a0e8b6a942f8923606287c5ff61c [CANDIDATE]: Term 1 election: Vote granted by peer 08bb750123664f5782edc1976ab8e592 (127.0.52.195:38677)
I0802 04:15:01.855347 856 leader_election.cc:278] T c7b6eb8c140240669d04460b69f8a4df P ce57a0e8b6a942f8923606287c5ff61c [CANDIDATE]: Term 1 election: Election decided. Result: candidate won.
I0802 04:15:01.855489 856 leader_election.cc:387] T c7b6eb8c140240669d04460b69f8a4df P ce57a0e8b6a942f8923606287c5ff61c [CANDIDATE]: Term 1 election: Vote granted by peer c7577ce447b545f8ab9695673d2e00c4 (127.0.52.193:33585)
I0802 04:15:01.855602 1118 raft_consensus.cc:2742] T c7b6eb8c140240669d04460b69f8a4df P ce57a0e8b6a942f8923606287c5ff61c: Snoozing failure detection for 1.828s (election complete)
I0802 04:15:01.855636 1118 raft_consensus.cc:2549] T c7b6eb8c140240669d04460b69f8a4df P ce57a0e8b6a942f8923606287c5ff61c [term 1 FOLLOWER]: Leader election won for term 1
I0802 04:15:01.855641 801 raft_consensus.cc:2255] T 34546b1bdca44b04addad9e4657a1ec9 P c7577ce447b545f8ab9695673d2e00c4 [term 1 FOLLOWER]: Leader election vote request: Granting yes vote for candidate ce57a0e8b6a942f8923606287c5ff61c in term 1.
I0802 04:15:01.855752 1148 leader_election.cc:251] T 34546b1bdca44b04addad9e4657a1ec9 P ce57a0e8b6a942f8923606287c5ff61c [CANDIDATE]: Term 1 election: Requesting vote from peer 08bb750123664f5782edc1976ab8e592 (127.0.52.195:38677)
I0802 04:15:01.855765 1118 raft_consensus.cc:595] T c7b6eb8c140240669d04460b69f8a4df P ce57a0e8b6a942f8923606287c5ff61c [term 1 LEADER]: Becoming Leader. State: Replica: ce57a0e8b6a942f8923606287c5ff61c, State: Running, Role: LEADER
I0802 04:15:01.855974 856 leader_election.cc:387] T 34546b1bdca44b04addad9e4657a1ec9 P ce57a0e8b6a942f8923606287c5ff61c [CANDIDATE]: Term 1 election: Vote granted by peer c7577ce447b545f8ab9695673d2e00c4 (127.0.52.193:33585)
I0802 04:15:01.856010 856 leader_election.cc:278] T 34546b1bdca44b04addad9e4657a1ec9 P ce57a0e8b6a942f8923606287c5ff61c [CANDIDATE]: Term 1 election: Election decided. Result: candidate won.
I0802 04:15:01.856045 1118 consensus_queue.cc:204] T c7b6eb8c140240669d04460b69f8a4df P ce57a0e8b6a942f8923606287c5ff61c [LEADER]: Queue going to LEADER mode. State: All replicated index: 0, Majority replicated index: 0, Committed index: 0, Last appended: 0.0, Last appended by leader: 0, Current term: 1, Majority size: 2, State: 0, Mode: LEADER, active raft config: opid_index: -1 OBSOLETE_local: false peers { permanent_uuid: "c7577ce447b545f8ab9695673d2e00c4" member_type: VOTER last_known_addr { host: "127.0.52.193" port: 33585 } } peers { permanent_uuid: "ce57a0e8b6a942f8923606287c5ff61c" member_type: VOTER last_known_addr { host: "127.0.52.194" port: 35717 } } peers { permanent_uuid: "08bb750123664f5782edc1976ab8e592" member_type: VOTER last_known_addr { host: "127.0.52.195" port: 38677 } }
I0802 04:15:01.856134 1149 raft_consensus.cc:2742] T 34546b1bdca44b04addad9e4657a1ec9 P ce57a0e8b6a942f8923606287c5ff61c: Snoozing failure detection for 1.511s (election complete)
I0802 04:15:01.856173 1149 raft_consensus.cc:2549] T 34546b1bdca44b04addad9e4657a1ec9 P ce57a0e8b6a942f8923606287c5ff61c [term 1 FOLLOWER]: Leader election won for term 1
I0802 04:15:01.856232 1149 raft_consensus.cc:595] T 34546b1bdca44b04addad9e4657a1ec9 P ce57a0e8b6a942f8923606287c5ff61c [term 1 LEADER]: Becoming Leader. State: Replica: ce57a0e8b6a942f8923606287c5ff61c, State: Running, Role: LEADER
I0802 04:15:01.856348 1044 tablet_service.cc:995] Received RequestConsensusVote() RPC: tablet_id: "34546b1bdca44b04addad9e4657a1ec9" candidate_uuid: "ce57a0e8b6a942f8923606287c5ff61c" candidate_term: 1 candidate_status { last_received { term: 0 index: 0 } } ignore_live_leader: false dest_uuid: "08bb750123664f5782edc1976ab8e592"
I0802 04:15:01.856375 1149 consensus_queue.cc:204] T 34546b1bdca44b04addad9e4657a1ec9 P ce57a0e8b6a942f8923606287c5ff61c [LEADER]: Queue going to LEADER mode. State: All replicated index: 0, Majority replicated index: 0, Committed index: 0, Last appended: 0.0, Last appended by leader: 0, Current term: 1, Majority size: 2, State: 0, Mode: LEADER, active raft config: opid_index: -1 OBSOLETE_local: false peers { permanent_uuid: "c7577ce447b545f8ab9695673d2e00c4" member_type: VOTER last_known_addr { host: "127.0.52.193" port: 33585 } } peers { permanent_uuid: "ce57a0e8b6a942f8923606287c5ff61c" member_type: VOTER last_known_addr { host: "127.0.52.194" port: 35717 } } peers { permanent_uuid: "08bb750123664f5782edc1976ab8e592" member_type: VOTER last_known_addr { host: "127.0.52.195" port: 38677 } }
I0802 04:15:01.856416 1044 raft_consensus.cc:2794] T 34546b1bdca44b04addad9e4657a1ec9 P 08bb750123664f5782edc1976ab8e592 [term 0 FOLLOWER]: Advancing to term 1
I0802 04:15:01.856463 1044 raft_consensus.cc:2742] T 34546b1bdca44b04addad9e4657a1ec9 P 08bb750123664f5782edc1976ab8e592: Snoozing failure detection for 2.098s (vote granted)
I0802 04:15:01.857149 1044 raft_consensus.cc:2255] T 34546b1bdca44b04addad9e4657a1ec9 P 08bb750123664f5782edc1976ab8e592 [term 1 FOLLOWER]: Leader election vote request: Granting yes vote for candidate ce57a0e8b6a942f8923606287c5ff61c in term 1.
I0802 04:15:01.857390 856 leader_election.cc:387] T 34546b1bdca44b04addad9e4657a1ec9 P ce57a0e8b6a942f8923606287c5ff61c [CANDIDATE]: Term 1 election: Vote granted by peer 08bb750123664f5782edc1976ab8e592 (127.0.52.195:38677)
I0802 04:15:01.858146 681 catalog_manager.cc:3827] T c7b6eb8c140240669d04460b69f8a4df P ce57a0e8b6a942f8923606287c5ff61c reported cstate change: term changed from 0 to 1, leader changed from to ce57a0e8b6a942f8923606287c5ff61c (127.0.52.194). New cstate: current_term: 1 leader_uuid: "ce57a0e8b6a942f8923606287c5ff61c" committed_config { opid_index: -1 OBSOLETE_local: false peers { permanent_uuid: "c7577ce447b545f8ab9695673d2e00c4" member_type: VOTER last_known_addr { host: "127.0.52.193" port: 33585 } health_report { overall_health: UNKNOWN } } peers { permanent_uuid: "ce57a0e8b6a942f8923606287c5ff61c" member_type: VOTER last_known_addr { host: "127.0.52.194" port: 35717 } health_report { overall_health: HEALTHY } } peers { permanent_uuid: "08bb750123664f5782edc1976ab8e592" member_type: VOTER last_known_addr { host: "127.0.52.195" port: 38677 } health_report { overall_health: UNKNOWN } } }
I0802 04:15:01.860234 681 catalog_manager.cc:3827] T 34546b1bdca44b04addad9e4657a1ec9 P ce57a0e8b6a942f8923606287c5ff61c reported cstate change: term changed from 0 to 1, leader changed from to ce57a0e8b6a942f8923606287c5ff61c (127.0.52.194). New cstate: current_term: 1 leader_uuid: "ce57a0e8b6a942f8923606287c5ff61c" committed_config { opid_index: -1 OBSOLETE_local: false peers { permanent_uuid: "c7577ce447b545f8ab9695673d2e00c4" member_type: VOTER last_known_addr { host: "127.0.52.193" port: 33585 } health_report { overall_health: UNKNOWN } } peers { permanent_uuid: "ce57a0e8b6a942f8923606287c5ff61c" member_type: VOTER last_known_addr { host: "127.0.52.194" port: 35717 } health_report { overall_health: HEALTHY } } peers { permanent_uuid: "08bb750123664f5782edc1976ab8e592" member_type: VOTER last_known_addr { host: "127.0.52.195" port: 38677 } health_report { overall_health: UNKNOWN } } }
I0802 04:15:01.944340 1119 raft_consensus.cc:457] T 0564a0d5344449339ea7eabe7e82591f P c7577ce447b545f8ab9695673d2e00c4 [term 0 FOLLOWER]: Starting pre-election (no leader contacted us within the election timeout)
I0802 04:15:01.944393 1119 raft_consensus.cc:2742] T 0564a0d5344449339ea7eabe7e82591f P c7577ce447b545f8ab9695673d2e00c4: Snoozing failure detection for 2.226s (starting election)
I0802 04:15:01.944476 1119 raft_consensus.cc:479] T 0564a0d5344449339ea7eabe7e82591f P c7577ce447b545f8ab9695673d2e00c4 [term 0 FOLLOWER]: Starting pre-election with config: opid_index: -1 OBSOLETE_local: false peers { permanent_uuid: "ce57a0e8b6a942f8923606287c5ff61c" member_type: VOTER last_known_addr { host: "127.0.52.194" port: 35717 } } peers { permanent_uuid: "c7577ce447b545f8ab9695673d2e00c4" member_type: VOTER last_known_addr { host: "127.0.52.193" port: 33585 } } peers { permanent_uuid: "08bb750123664f5782edc1976ab8e592" member_type: VOTER last_known_addr { host: "127.0.52.195" port: 38677 } }
I0802 04:15:01.944670 1119 leader_election.cc:251] T 0564a0d5344449339ea7eabe7e82591f P c7577ce447b545f8ab9695673d2e00c4 [CANDIDATE]: Term 1 pre-election: Requesting pre-vote from peer ce57a0e8b6a942f8923606287c5ff61c (127.0.52.194:35717)
I0802 04:15:01.944828 1119 leader_election.cc:251] T 0564a0d5344449339ea7eabe7e82591f P c7577ce447b545f8ab9695673d2e00c4 [CANDIDATE]: Term 1 pre-election: Requesting pre-vote from peer 08bb750123664f5782edc1976ab8e592 (127.0.52.195:38677)
I0802 04:15:01.945353 925 tablet_service.cc:995] Received RequestConsensusVote() RPC: tablet_id: "0564a0d5344449339ea7eabe7e82591f" candidate_uuid: "c7577ce447b545f8ab9695673d2e00c4" candidate_term: 1 candidate_status { last_received { term: 0 index: 0 } } ignore_live_leader: false dest_uuid: "ce57a0e8b6a942f8923606287c5ff61c" is_pre_election: true
I0802 04:15:01.945366 1044 tablet_service.cc:995] Received RequestConsensusVote() RPC: tablet_id: "0564a0d5344449339ea7eabe7e82591f" candidate_uuid: "c7577ce447b545f8ab9695673d2e00c4" candidate_term: 1 candidate_status { last_received { term: 0 index: 0 } } ignore_live_leader: false dest_uuid: "08bb750123664f5782edc1976ab8e592" is_pre_election: true
I0802 04:15:01.945431 925 raft_consensus.cc:2742] T 0564a0d5344449339ea7eabe7e82591f P ce57a0e8b6a942f8923606287c5ff61c: Snoozing failure detection for 1.527s (vote granted)
I0802 04:15:01.945472 925 raft_consensus.cc:2255] T 0564a0d5344449339ea7eabe7e82591f P ce57a0e8b6a942f8923606287c5ff61c [term 0 FOLLOWER]: Leader pre-election vote request: Granting yes vote for candidate c7577ce447b545f8ab9695673d2e00c4 in term 0.
I0802 04:15:01.945471 1044 raft_consensus.cc:2742] T 0564a0d5344449339ea7eabe7e82591f P 08bb750123664f5782edc1976ab8e592: Snoozing failure detection for 2.232s (vote granted)
I0802 04:15:01.945515 1044 raft_consensus.cc:2255] T 0564a0d5344449339ea7eabe7e82591f P 08bb750123664f5782edc1976ab8e592 [term 0 FOLLOWER]: Leader pre-election vote request: Granting yes vote for candidate c7577ce447b545f8ab9695673d2e00c4 in term 0.
I0802 04:15:01.945775 733 leader_election.cc:387] T 0564a0d5344449339ea7eabe7e82591f P c7577ce447b545f8ab9695673d2e00c4 [CANDIDATE]: Term 1 pre-election: Vote granted by peer 08bb750123664f5782edc1976ab8e592 (127.0.52.195:38677)
I0802 04:15:01.945823 735 leader_election.cc:387] T 0564a0d5344449339ea7eabe7e82591f P c7577ce447b545f8ab9695673d2e00c4 [CANDIDATE]: Term 1 pre-election: Vote granted by peer ce57a0e8b6a942f8923606287c5ff61c (127.0.52.194:35717)
I0802 04:15:01.945842 733 leader_election.cc:278] T 0564a0d5344449339ea7eabe7e82591f P c7577ce447b545f8ab9695673d2e00c4 [CANDIDATE]: Term 1 pre-election: Election decided. Result: candidate won.
I0802 04:15:01.946002 1119 raft_consensus.cc:2742] T 0564a0d5344449339ea7eabe7e82591f P c7577ce447b545f8ab9695673d2e00c4: Snoozing failure detection for 1.677s (election complete)
I0802 04:15:01.946043 1119 raft_consensus.cc:2549] T 0564a0d5344449339ea7eabe7e82591f P c7577ce447b545f8ab9695673d2e00c4 [term 0 FOLLOWER]: Leader pre-election won for term 1
I0802 04:15:01.946060 1119 raft_consensus.cc:457] T 0564a0d5344449339ea7eabe7e82591f P c7577ce447b545f8ab9695673d2e00c4 [term 0 FOLLOWER]: Starting leader election (no leader contacted us within the election timeout)
I0802 04:15:01.946081 1119 raft_consensus.cc:2742] T 0564a0d5344449339ea7eabe7e82591f P c7577ce447b545f8ab9695673d2e00c4: Snoozing failure detection for 1.934s (starting election)
I0802 04:15:01.946102 1119 raft_consensus.cc:2794] T 0564a0d5344449339ea7eabe7e82591f P c7577ce447b545f8ab9695673d2e00c4 [term 0 FOLLOWER]: Advancing to term 1
I0802 04:15:01.946981 1119 raft_consensus.cc:479] T 0564a0d5344449339ea7eabe7e82591f P c7577ce447b545f8ab9695673d2e00c4 [term 1 FOLLOWER]: Starting leader election with config: opid_index: -1 OBSOLETE_local: false peers { permanent_uuid: "ce57a0e8b6a942f8923606287c5ff61c" member_type: VOTER last_known_addr { host: "127.0.52.194" port: 35717 } } peers { permanent_uuid: "c7577ce447b545f8ab9695673d2e00c4" member_type: VOTER last_known_addr { host: "127.0.52.193" port: 33585 } } peers { permanent_uuid: "08bb750123664f5782edc1976ab8e592" member_type: VOTER last_known_addr { host: "127.0.52.195" port: 38677 } }
I0802 04:15:01.947120 1119 leader_election.cc:251] T 0564a0d5344449339ea7eabe7e82591f P c7577ce447b545f8ab9695673d2e00c4 [CANDIDATE]: Term 1 election: Requesting vote from peer ce57a0e8b6a942f8923606287c5ff61c (127.0.52.194:35717)
I0802 04:15:01.947211 1119 leader_election.cc:251] T 0564a0d5344449339ea7eabe7e82591f P c7577ce447b545f8ab9695673d2e00c4 [CANDIDATE]: Term 1 election: Requesting vote from peer 08bb750123664f5782edc1976ab8e592 (127.0.52.195:38677)
I0802 04:15:01.947576 925 tablet_service.cc:995] Received RequestConsensusVote() RPC: tablet_id: "0564a0d5344449339ea7eabe7e82591f" candidate_uuid: "c7577ce447b545f8ab9695673d2e00c4" candidate_term: 1 candidate_status { last_received { term: 0 index: 0 } } ignore_live_leader: false dest_uuid: "ce57a0e8b6a942f8923606287c5ff61c"
I0802 04:15:01.947645 925 raft_consensus.cc:2794] T 0564a0d5344449339ea7eabe7e82591f P ce57a0e8b6a942f8923606287c5ff61c [term 0 FOLLOWER]: Advancing to term 1
I0802 04:15:01.947654 1044 tablet_service.cc:995] Received RequestConsensusVote() RPC: tablet_id: "0564a0d5344449339ea7eabe7e82591f" candidate_uuid: "c7577ce447b545f8ab9695673d2e00c4" candidate_term: 1 candidate_status { last_received { term: 0 index: 0 } } ignore_live_leader: false dest_uuid: "08bb750123664f5782edc1976ab8e592"
I0802 04:15:01.947687 925 raft_consensus.cc:2742] T 0564a0d5344449339ea7eabe7e82591f P ce57a0e8b6a942f8923606287c5ff61c: Snoozing failure detection for 1.659s (vote granted)
I0802 04:15:01.947700 1044 raft_consensus.cc:2794] T 0564a0d5344449339ea7eabe7e82591f P 08bb750123664f5782edc1976ab8e592 [term 0 FOLLOWER]: Advancing to term 1
I0802 04:15:01.947736 1044 raft_consensus.cc:2742] T 0564a0d5344449339ea7eabe7e82591f P 08bb750123664f5782edc1976ab8e592: Snoozing failure detection for 2.152s (vote granted)
I0802 04:15:01.948354 925 raft_consensus.cc:2255] T 0564a0d5344449339ea7eabe7e82591f P ce57a0e8b6a942f8923606287c5ff61c [term 1 FOLLOWER]: Leader election vote request: Granting yes vote for candidate c7577ce447b545f8ab9695673d2e00c4 in term 1.
I0802 04:15:01.948382 1044 raft_consensus.cc:2255] T 0564a0d5344449339ea7eabe7e82591f P 08bb750123664f5782edc1976ab8e592 [term 1 FOLLOWER]: Leader election vote request: Granting yes vote for candidate c7577ce447b545f8ab9695673d2e00c4 in term 1.
I0802 04:15:01.948626 735 leader_election.cc:387] T 0564a0d5344449339ea7eabe7e82591f P c7577ce447b545f8ab9695673d2e00c4 [CANDIDATE]: Term 1 election: Vote granted by peer ce57a0e8b6a942f8923606287c5ff61c (127.0.52.194:35717)
I0802 04:15:01.948669 733 leader_election.cc:387] T 0564a0d5344449339ea7eabe7e82591f P c7577ce447b545f8ab9695673d2e00c4 [CANDIDATE]: Term 1 election: Vote granted by peer 08bb750123664f5782edc1976ab8e592 (127.0.52.195:38677)
I0802 04:15:01.948714 733 leader_election.cc:278] T 0564a0d5344449339ea7eabe7e82591f P c7577ce447b545f8ab9695673d2e00c4 [CANDIDATE]: Term 1 election: Election decided. Result: candidate won.
I0802 04:15:01.948820 1119 raft_consensus.cc:2742] T 0564a0d5344449339ea7eabe7e82591f P c7577ce447b545f8ab9695673d2e00c4: Snoozing failure detection for 1.652s (election complete)
I0802 04:15:01.948855 1119 raft_consensus.cc:2549] T 0564a0d5344449339ea7eabe7e82591f P c7577ce447b545f8ab9695673d2e00c4 [term 1 FOLLOWER]: Leader election won for term 1
I0802 04:15:01.948917 1119 raft_consensus.cc:595] T 0564a0d5344449339ea7eabe7e82591f P c7577ce447b545f8ab9695673d2e00c4 [term 1 LEADER]: Becoming Leader. State: Replica: c7577ce447b545f8ab9695673d2e00c4, State: Running, Role: LEADER
I0802 04:15:01.949077 1119 consensus_queue.cc:204] T 0564a0d5344449339ea7eabe7e82591f P c7577ce447b545f8ab9695673d2e00c4 [LEADER]: Queue going to LEADER mode. State: All replicated index: 0, Majority replicated index: 0, Committed index: 0, Last appended: 0.0, Last appended by leader: 0, Current term: 1, Majority size: 2, State: 0, Mode: LEADER, active raft config: opid_index: -1 OBSOLETE_local: false peers { permanent_uuid: "ce57a0e8b6a942f8923606287c5ff61c" member_type: VOTER last_known_addr { host: "127.0.52.194" port: 35717 } } peers { permanent_uuid: "c7577ce447b545f8ab9695673d2e00c4" member_type: VOTER last_known_addr { host: "127.0.52.193" port: 33585 } } peers { permanent_uuid: "08bb750123664f5782edc1976ab8e592" member_type: VOTER last_known_addr { host: "127.0.52.195" port: 38677 } }
I0802 04:15:01.950400 681 catalog_manager.cc:3827] T 0564a0d5344449339ea7eabe7e82591f P c7577ce447b545f8ab9695673d2e00c4 reported cstate change: term changed from 0 to 1, leader changed from to c7577ce447b545f8ab9695673d2e00c4 (127.0.52.193). New cstate: current_term: 1 leader_uuid: "c7577ce447b545f8ab9695673d2e00c4" committed_config { opid_index: -1 OBSOLETE_local: false peers { permanent_uuid: "ce57a0e8b6a942f8923606287c5ff61c" member_type: VOTER last_known_addr { host: "127.0.52.194" port: 35717 } health_report { overall_health: UNKNOWN } } peers { permanent_uuid: "c7577ce447b545f8ab9695673d2e00c4" member_type: VOTER last_known_addr { host: "127.0.52.193" port: 33585 } health_report { overall_health: HEALTHY } } peers { permanent_uuid: "08bb750123664f5782edc1976ab8e592" member_type: VOTER last_known_addr { host: "127.0.52.195" port: 38677 } health_report { overall_health: UNKNOWN } } }
W0802 04:15:01.956311 969 tablet.cc:1678] T 0564a0d5344449339ea7eabe7e82591f P ce57a0e8b6a942f8923606287c5ff61c: Can't schedule compaction. Clean time has not been advanced past its initial value.
I0802 04:15:01.975735 1119 raft_consensus.cc:457] T a5483cdca36b41b6b050d590c2e0e47f P c7577ce447b545f8ab9695673d2e00c4 [term 0 FOLLOWER]: Starting pre-election (no leader contacted us within the election timeout)
I0802 04:15:01.975780 1119 raft_consensus.cc:2742] T a5483cdca36b41b6b050d590c2e0e47f P c7577ce447b545f8ab9695673d2e00c4: Snoozing failure detection for 2.104s (starting election)
I0802 04:15:01.975865 1119 raft_consensus.cc:479] T a5483cdca36b41b6b050d590c2e0e47f P c7577ce447b545f8ab9695673d2e00c4 [term 0 FOLLOWER]: Starting pre-election with config: opid_index: -1 OBSOLETE_local: false peers { permanent_uuid: "c7577ce447b545f8ab9695673d2e00c4" member_type: VOTER last_known_addr { host: "127.0.52.193" port: 33585 } } peers { permanent_uuid: "ce57a0e8b6a942f8923606287c5ff61c" member_type: VOTER last_known_addr { host: "127.0.52.194" port: 35717 } } peers { permanent_uuid: "08bb750123664f5782edc1976ab8e592" member_type: VOTER last_known_addr { host: "127.0.52.195" port: 38677 } }
I0802 04:15:01.976038 1119 leader_election.cc:251] T a5483cdca36b41b6b050d590c2e0e47f P c7577ce447b545f8ab9695673d2e00c4 [CANDIDATE]: Term 1 pre-election: Requesting pre-vote from peer ce57a0e8b6a942f8923606287c5ff61c (127.0.52.194:35717)
I0802 04:15:01.976140 1119 leader_election.cc:251] T a5483cdca36b41b6b050d590c2e0e47f P c7577ce447b545f8ab9695673d2e00c4 [CANDIDATE]: Term 1 pre-election: Requesting pre-vote from peer 08bb750123664f5782edc1976ab8e592 (127.0.52.195:38677)
I0802 04:15:01.976617 925 tablet_service.cc:995] Received RequestConsensusVote() RPC: tablet_id: "a5483cdca36b41b6b050d590c2e0e47f" candidate_uuid: "c7577ce447b545f8ab9695673d2e00c4" candidate_term: 1 candidate_status { last_received { term: 0 index: 0 } } ignore_live_leader: false dest_uuid: "ce57a0e8b6a942f8923606287c5ff61c" is_pre_election: true
I0802 04:15:01.976617 1044 tablet_service.cc:995] Received RequestConsensusVote() RPC: tablet_id: "a5483cdca36b41b6b050d590c2e0e47f" candidate_uuid: "c7577ce447b545f8ab9695673d2e00c4" candidate_term: 1 candidate_status { last_received { term: 0 index: 0 } } ignore_live_leader: false dest_uuid: "08bb750123664f5782edc1976ab8e592" is_pre_election: true
I0802 04:15:01.976683 1044 raft_consensus.cc:2742] T a5483cdca36b41b6b050d590c2e0e47f P 08bb750123664f5782edc1976ab8e592: Snoozing failure detection for 1.917s (vote granted)
I0802 04:15:01.976683 925 raft_consensus.cc:2742] T a5483cdca36b41b6b050d590c2e0e47f P ce57a0e8b6a942f8923606287c5ff61c: Snoozing failure detection for 1.651s (vote granted)
I0802 04:15:01.976725 925 raft_consensus.cc:2255] T a5483cdca36b41b6b050d590c2e0e47f P ce57a0e8b6a942f8923606287c5ff61c [term 0 FOLLOWER]: Leader pre-election vote request: Granting yes vote for candidate c7577ce447b545f8ab9695673d2e00c4 in term 0.
I0802 04:15:01.976725 1044 raft_consensus.cc:2255] T a5483cdca36b41b6b050d590c2e0e47f P 08bb750123664f5782edc1976ab8e592 [term 0 FOLLOWER]: Leader pre-election vote request: Granting yes vote for candidate c7577ce447b545f8ab9695673d2e00c4 in term 0.
I0802 04:15:01.977003 735 leader_election.cc:387] T a5483cdca36b41b6b050d590c2e0e47f P c7577ce447b545f8ab9695673d2e00c4 [CANDIDATE]: Term 1 pre-election: Vote granted by peer ce57a0e8b6a942f8923606287c5ff61c (127.0.52.194:35717)
I0802 04:15:01.977043 735 leader_election.cc:278] T a5483cdca36b41b6b050d590c2e0e47f P c7577ce447b545f8ab9695673d2e00c4 [CANDIDATE]: Term 1 pre-election: Election decided. Result: candidate won.
I0802 04:15:01.977083 733 leader_election.cc:387] T a5483cdca36b41b6b050d590c2e0e47f P c7577ce447b545f8ab9695673d2e00c4 [CANDIDATE]: Term 1 pre-election: Vote granted by peer 08bb750123664f5782edc1976ab8e592 (127.0.52.195:38677)
I0802 04:15:01.977159 1119 raft_consensus.cc:2742] T a5483cdca36b41b6b050d590c2e0e47f P c7577ce447b545f8ab9695673d2e00c4: Snoozing failure detection for 1.534s (election complete)
