I0802 04:15:01.011149 529 ts_tablet_manager.cc:1173] T e7b0658471b24c2590336843f24305be P f6164cf536344889a7123e4f7227add3: Registered tablet (data state: TABLET_DATA_READY)
I0802 04:15:01.011221 534 ts_tablet_manager.cc:1173] T 74aae778571148d69c3bf5c6b1e26389 P f6164cf536344889a7123e4f7227add3: Registered tablet (data state: TABLET_DATA_READY)
I0802 04:15:01.011344 530 ts_tablet_manager.cc:1173] T 0520f1f1ba1f4cce9ebf626105084979 P f6164cf536344889a7123e4f7227add3: Registered tablet (data state: TABLET_DATA_READY)
I0802 04:15:01.010421 619 tablet_bootstrap.cc:586] T 4d22dbbc990346cbada7342d5df41420 P f6164cf536344889a7123e4f7227add3: No blocks or log segments found. Creating new log.
I0802 04:15:01.012089 619 log.cc:525] T 4d22dbbc990346cbada7342d5df41420 P f6164cf536344889a7123e4f7227add3: Log is configured to *not* fsync() on all Append() calls
I0802 04:15:01.012799 619 tablet_bootstrap.cc:432] T 4d22dbbc990346cbada7342d5df41420 P f6164cf536344889a7123e4f7227add3: No bootstrap required, opened a new log
I0802 04:15:01.012925 619 ts_tablet_manager.cc:1045] T 4d22dbbc990346cbada7342d5df41420 P f6164cf536344889a7123e4f7227add3: Time spent bootstrapping tablet: real 0.004s user 0.002s sys 0.000s
I0802 04:15:01.014730 619 raft_consensus.cc:325] T 4d22dbbc990346cbada7342d5df41420 P f6164cf536344889a7123e4f7227add3 [term 0 FOLLOWER]: Replica starting. Triggering 0 pending transactions. Active config: opid_index: -1 OBSOLETE_local: true peers { permanent_uuid: "f6164cf536344889a7123e4f7227add3" member_type: VOTER last_known_addr { host: "127.0.52.193" port: 43121 } }
I0802 04:15:01.014804 619 raft_consensus.cc:351] T 4d22dbbc990346cbada7342d5df41420 P f6164cf536344889a7123e4f7227add3 [term 0 FOLLOWER]: Consensus starting up: Expiring failure detector timer to make a prompt election more likely
I0802 04:15:01.014849 619 raft_consensus.cc:630] T 4d22dbbc990346cbada7342d5df41420 P f6164cf536344889a7123e4f7227add3 [term 0 FOLLOWER]: Becoming Follower/Learner. State: Replica: f6164cf536344889a7123e4f7227add3, State: Initialized, Role: FOLLOWER
I0802 04:15:01.015113 619 consensus_queue.cc:227] T 4d22dbbc990346cbada7342d5df41420 P f6164cf536344889a7123e4f7227add3 [NON_LEADER]: Queue going to NON_LEADER mode. State: All replicated index: 0, Majority replicated index: 0, Committed index: 0, Last appended: 0.0, Last appended by leader: 0, Current term: 0, Majority size: -1, State: 0, Mode: NON_LEADER, active raft config: opid_index: -1 OBSOLETE_local: true peers { permanent_uuid: "f6164cf536344889a7123e4f7227add3" member_type: VOTER last_known_addr { host: "127.0.52.193" port: 43121 } }
I0802 04:15:01.015161 619 raft_consensus.cc:365] T 4d22dbbc990346cbada7342d5df41420 P f6164cf536344889a7123e4f7227add3 [term 0 FOLLOWER]: Only one voter in the Raft config. Triggering election immediately
I0802 04:15:01.015197 619 raft_consensus.cc:457] T 4d22dbbc990346cbada7342d5df41420 P f6164cf536344889a7123e4f7227add3 [term 0 FOLLOWER]: Starting leader election (initial election of a single-replica configuration)
I0802 04:15:01.015246 619 raft_consensus.cc:2742] T 4d22dbbc990346cbada7342d5df41420 P f6164cf536344889a7123e4f7227add3: Snoozing failure detection for 2.217s (starting election)
I0802 04:15:01.015280 619 raft_consensus.cc:2794] T 4d22dbbc990346cbada7342d5df41420 P f6164cf536344889a7123e4f7227add3 [term 0 FOLLOWER]: Advancing to term 1
I0802 04:15:01.015902 619 raft_consensus.cc:479] T 4d22dbbc990346cbada7342d5df41420 P f6164cf536344889a7123e4f7227add3 [term 1 FOLLOWER]: Starting leader election with config: opid_index: -1 OBSOLETE_local: true peers { permanent_uuid: "f6164cf536344889a7123e4f7227add3" member_type: VOTER last_known_addr { host: "127.0.52.193" port: 43121 } }
I0802 04:15:01.016130 619 leader_election.cc:278] T 4d22dbbc990346cbada7342d5df41420 P f6164cf536344889a7123e4f7227add3 [CANDIDATE]: Term 1 election: Election decided. Result: candidate won.
I0802 04:15:01.016419 621 raft_consensus.cc:2742] T 4d22dbbc990346cbada7342d5df41420 P f6164cf536344889a7123e4f7227add3: Snoozing failure detection for 1.514s (election complete)
I0802 04:15:01.016463 621 raft_consensus.cc:2549] T 4d22dbbc990346cbada7342d5df41420 P f6164cf536344889a7123e4f7227add3 [term 1 FOLLOWER]: Leader election won for term 1
I0802 04:15:01.016608 621 raft_consensus.cc:595] T 4d22dbbc990346cbada7342d5df41420 P f6164cf536344889a7123e4f7227add3 [term 1 LEADER]: Becoming Leader. State: Replica: f6164cf536344889a7123e4f7227add3, State: Running, Role: LEADER
I0802 04:15:01.016803 619 ts_tablet_manager.cc:1073] T 4d22dbbc990346cbada7342d5df41420 P f6164cf536344889a7123e4f7227add3: Time spent starting tablet: real 0.004s user 0.004s sys 0.000s
I0802 04:15:01.016839 621 consensus_queue.cc:204] T 4d22dbbc990346cbada7342d5df41420 P f6164cf536344889a7123e4f7227add3 [LEADER]: Queue going to LEADER mode. State: All replicated index: 0, Majority replicated index: 0, Committed index: 0, Last appended: 0.0, Last appended by leader: 0, Current term: 1, Majority size: 1, State: 0, Mode: LEADER, active raft config: opid_index: -1 OBSOLETE_local: true peers { permanent_uuid: "f6164cf536344889a7123e4f7227add3" member_type: VOTER last_known_addr { host: "127.0.52.193" port: 43121 } }
I0802 04:15:01.016916 619 ts_tablet_manager.cc:1028] T 24899cde2b254b25bccb65416d0ff647 P f6164cf536344889a7123e4f7227add3: Bootstrapping tablet
I0802 04:15:01.016976 619 tablet_bootstrap.cc:432] T 24899cde2b254b25bccb65416d0ff647 P f6164cf536344889a7123e4f7227add3: Bootstrap starting.
I0802 04:15:01.017637 619 tablet_bootstrap.cc:586] T 24899cde2b254b25bccb65416d0ff647 P f6164cf536344889a7123e4f7227add3: No blocks or log segments found. Creating new log.
I0802 04:15:01.018923 619 tablet_bootstrap.cc:432] T 24899cde2b254b25bccb65416d0ff647 P f6164cf536344889a7123e4f7227add3: No bootstrap required, opened a new log
I0802 04:15:01.018930 438 catalog_manager.cc:3827] T 4d22dbbc990346cbada7342d5df41420 P f6164cf536344889a7123e4f7227add3 reported cstate change: term changed from 0 to 1, leader changed from to f6164cf536344889a7123e4f7227add3 (127.0.52.193). New cstate: current_term: 1 leader_uuid: "f6164cf536344889a7123e4f7227add3" committed_config { opid_index: -1 OBSOLETE_local: true peers { permanent_uuid: "f6164cf536344889a7123e4f7227add3" member_type: VOTER last_known_addr { host: "127.0.52.193" port: 43121 } health_report { overall_health: HEALTHY } } }
I0802 04:15:01.018987 619 ts_tablet_manager.cc:1045] T 24899cde2b254b25bccb65416d0ff647 P f6164cf536344889a7123e4f7227add3: Time spent bootstrapping tablet: real 0.002s user 0.001s sys 0.000s
I0802 04:15:01.019333 619 raft_consensus.cc:325] T 24899cde2b254b25bccb65416d0ff647 P f6164cf536344889a7123e4f7227add3 [term 0 FOLLOWER]: Replica starting. Triggering 0 pending transactions. Active config: opid_index: -1 OBSOLETE_local: true peers { permanent_uuid: "f6164cf536344889a7123e4f7227add3" member_type: VOTER last_known_addr { host: "127.0.52.193" port: 43121 } }
I0802 04:15:01.019368 619 raft_consensus.cc:351] T 24899cde2b254b25bccb65416d0ff647 P f6164cf536344889a7123e4f7227add3 [term 0 FOLLOWER]: Consensus starting up: Expiring failure detector timer to make a prompt election more likely
I0802 04:15:01.019387 619 raft_consensus.cc:630] T 24899cde2b254b25bccb65416d0ff647 P f6164cf536344889a7123e4f7227add3 [term 0 FOLLOWER]: Becoming Follower/Learner. State: Replica: f6164cf536344889a7123e4f7227add3, State: Initialized, Role: FOLLOWER
I0802 04:15:01.019510 619 consensus_queue.cc:227] T 24899cde2b254b25bccb65416d0ff647 P f6164cf536344889a7123e4f7227add3 [NON_LEADER]: Queue going to NON_LEADER mode. State: All replicated index: 0, Majority replicated index: 0, Committed index: 0, Last appended: 0.0, Last appended by leader: 0, Current term: 0, Majority size: -1, State: 0, Mode: NON_LEADER, active raft config: opid_index: -1 OBSOLETE_local: true peers { permanent_uuid: "f6164cf536344889a7123e4f7227add3" member_type: VOTER last_known_addr { host: "127.0.52.193" port: 43121 } }
I0802 04:15:01.019551 619 raft_consensus.cc:365] T 24899cde2b254b25bccb65416d0ff647 P f6164cf536344889a7123e4f7227add3 [term 0 FOLLOWER]: Only one voter in the Raft config. Triggering election immediately
I0802 04:15:01.019578 619 raft_consensus.cc:457] T 24899cde2b254b25bccb65416d0ff647 P f6164cf536344889a7123e4f7227add3 [term 0 FOLLOWER]: Starting leader election (initial election of a single-replica configuration)
I0802 04:15:01.019606 619 raft_consensus.cc:2742] T 24899cde2b254b25bccb65416d0ff647 P f6164cf536344889a7123e4f7227add3: Snoozing failure detection for 1.738s (starting election)
I0802 04:15:01.019639 619 raft_consensus.cc:2794] T 24899cde2b254b25bccb65416d0ff647 P f6164cf536344889a7123e4f7227add3 [term 0 FOLLOWER]: Advancing to term 1
I0802 04:15:01.020328 619 raft_consensus.cc:479] T 24899cde2b254b25bccb65416d0ff647 P f6164cf536344889a7123e4f7227add3 [term 1 FOLLOWER]: Starting leader election with config: opid_index: -1 OBSOLETE_local: true peers { permanent_uuid: "f6164cf536344889a7123e4f7227add3" member_type: VOTER last_known_addr { host: "127.0.52.193" port: 43121 } }
I0802 04:15:01.020386 619 leader_election.cc:278] T 24899cde2b254b25bccb65416d0ff647 P f6164cf536344889a7123e4f7227add3 [CANDIDATE]: Term 1 election: Election decided. Result: candidate won.
I0802 04:15:01.020514 623 raft_consensus.cc:2742] T 24899cde2b254b25bccb65416d0ff647 P f6164cf536344889a7123e4f7227add3: Snoozing failure detection for 2.242s (election complete)
I0802 04:15:01.020556 623 raft_consensus.cc:2549] T 24899cde2b254b25bccb65416d0ff647 P f6164cf536344889a7123e4f7227add3 [term 1 FOLLOWER]: Leader election won for term 1
I0802 04:15:01.020615 623 raft_consensus.cc:595] T 24899cde2b254b25bccb65416d0ff647 P f6164cf536344889a7123e4f7227add3 [term 1 LEADER]: Becoming Leader. State: Replica: f6164cf536344889a7123e4f7227add3, State: Running, Role: LEADER
I0802 04:15:01.020615 619 ts_tablet_manager.cc:1073] T 24899cde2b254b25bccb65416d0ff647 P f6164cf536344889a7123e4f7227add3: Time spent starting tablet: real 0.002s user 0.000s sys 0.000s
I0802 04:15:01.020699 619 ts_tablet_manager.cc:1028] T 326e412316a445639065cc309ffbb659 P f6164cf536344889a7123e4f7227add3: Bootstrapping tablet
I0802 04:15:01.020747 623 consensus_queue.cc:204] T 24899cde2b254b25bccb65416d0ff647 P f6164cf536344889a7123e4f7227add3 [LEADER]: Queue going to LEADER mode. State: All replicated index: 0, Majority replicated index: 0, Committed index: 0, Last appended: 0.0, Last appended by leader: 0, Current term: 1, Majority size: 1, State: 0, Mode: LEADER, active raft config: opid_index: -1 OBSOLETE_local: true peers { permanent_uuid: "f6164cf536344889a7123e4f7227add3" member_type: VOTER last_known_addr { host: "127.0.52.193" port: 43121 } }
I0802 04:15:01.020761 619 tablet_bootstrap.cc:432] T 326e412316a445639065cc309ffbb659 P f6164cf536344889a7123e4f7227add3: Bootstrap starting.
I0802 04:15:01.021214 438 master_service.cc:249] Signed X509 certificate for tserver {username='slave'} at 127.0.52.193:50219
I0802 04:15:01.021342 619 tablet_bootstrap.cc:586] T 326e412316a445639065cc309ffbb659 P f6164cf536344889a7123e4f7227add3: No blocks or log segments found. Creating new log.
I0802 04:15:01.022332 599 heartbeater.cc:467] Master 127.0.52.254:37303 was elected leader, sending a full tablet report...
I0802 04:15:01.022408 619 tablet_bootstrap.cc:432] T 326e412316a445639065cc309ffbb659 P f6164cf536344889a7123e4f7227add3: No bootstrap required, opened a new log
I0802 04:15:01.022477 619 ts_tablet_manager.cc:1045] T 326e412316a445639065cc309ffbb659 P f6164cf536344889a7123e4f7227add3: Time spent bootstrapping tablet: real 0.002s user 0.001s sys 0.000s
I0802 04:15:01.023370 438 catalog_manager.cc:3827] T 24899cde2b254b25bccb65416d0ff647 P f6164cf536344889a7123e4f7227add3 reported cstate change: term changed from 0 to 1, leader changed from to f6164cf536344889a7123e4f7227add3 (127.0.52.193). New cstate: current_term: 1 leader_uuid: "f6164cf536344889a7123e4f7227add3" committed_config { opid_index: -1 OBSOLETE_local: true peers { permanent_uuid: "f6164cf536344889a7123e4f7227add3" member_type: VOTER last_known_addr { host: "127.0.52.193" port: 43121 } health_report { overall_health: HEALTHY } } }
I0802 04:15:01.023628 619 raft_consensus.cc:325] T 326e412316a445639065cc309ffbb659 P f6164cf536344889a7123e4f7227add3 [term 0 FOLLOWER]: Replica starting. Triggering 0 pending transactions. Active config: opid_index: -1 OBSOLETE_local: true peers { permanent_uuid: "f6164cf536344889a7123e4f7227add3" member_type: VOTER last_known_addr { host: "127.0.52.193" port: 43121 } }
I0802 04:15:01.023659 619 raft_consensus.cc:351] T 326e412316a445639065cc309ffbb659 P f6164cf536344889a7123e4f7227add3 [term 0 FOLLOWER]: Consensus starting up: Expiring failure detector timer to make a prompt election more likely
I0802 04:15:01.023679 619 raft_consensus.cc:630] T 326e412316a445639065cc309ffbb659 P f6164cf536344889a7123e4f7227add3 [term 0 FOLLOWER]: Becoming Follower/Learner. State: Replica: f6164cf536344889a7123e4f7227add3, State: Initialized, Role: FOLLOWER
I0802 04:15:01.023808 619 consensus_queue.cc:227] T 326e412316a445639065cc309ffbb659 P f6164cf536344889a7123e4f7227add3 [NON_LEADER]: Queue going to NON_LEADER mode. State: All replicated index: 0, Majority replicated index: 0, Committed index: 0, Last appended: 0.0, Last appended by leader: 0, Current term: 0, Majority size: -1, State: 0, Mode: NON_LEADER, active raft config: opid_index: -1 OBSOLETE_local: true peers { permanent_uuid: "f6164cf536344889a7123e4f7227add3" member_type: VOTER last_known_addr { host: "127.0.52.193" port: 43121 } }
I0802 04:15:01.023854 619 raft_consensus.cc:365] T 326e412316a445639065cc309ffbb659 P f6164cf536344889a7123e4f7227add3 [term 0 FOLLOWER]: Only one voter in the Raft config. Triggering election immediately
I0802 04:15:01.023891 619 raft_consensus.cc:457] T 326e412316a445639065cc309ffbb659 P f6164cf536344889a7123e4f7227add3 [term 0 FOLLOWER]: Starting leader election (initial election of a single-replica configuration)
I0802 04:15:01.023922 619 raft_consensus.cc:2742] T 326e412316a445639065cc309ffbb659 P f6164cf536344889a7123e4f7227add3: Snoozing failure detection for 1.577s (starting election)
I0802 04:15:01.023954 619 raft_consensus.cc:2794] T 326e412316a445639065cc309ffbb659 P f6164cf536344889a7123e4f7227add3 [term 0 FOLLOWER]: Advancing to term 1
I0802 04:15:01.024641 619 raft_consensus.cc:479] T 326e412316a445639065cc309ffbb659 P f6164cf536344889a7123e4f7227add3 [term 1 FOLLOWER]: Starting leader election with config: opid_index: -1 OBSOLETE_local: true peers { permanent_uuid: "f6164cf536344889a7123e4f7227add3" member_type: VOTER last_known_addr { host: "127.0.52.193" port: 43121 } }
I0802 04:15:01.024708 619 leader_election.cc:278] T 326e412316a445639065cc309ffbb659 P f6164cf536344889a7123e4f7227add3 [CANDIDATE]: Term 1 election: Election decided. Result: candidate won.
I0802 04:15:01.024812 621 raft_consensus.cc:2742] T 326e412316a445639065cc309ffbb659 P f6164cf536344889a7123e4f7227add3: Snoozing failure detection for 1.977s (election complete)
I0802 04:15:01.024864 621 raft_consensus.cc:2549] T 326e412316a445639065cc309ffbb659 P f6164cf536344889a7123e4f7227add3 [term 1 FOLLOWER]: Leader election won for term 1
I0802 04:15:01.024932 621 raft_consensus.cc:595] T 326e412316a445639065cc309ffbb659 P f6164cf536344889a7123e4f7227add3 [term 1 LEADER]: Becoming Leader. State: Replica: f6164cf536344889a7123e4f7227add3, State: Running, Role: LEADER
I0802 04:15:01.025056 621 consensus_queue.cc:204] T 326e412316a445639065cc309ffbb659 P f6164cf536344889a7123e4f7227add3 [LEADER]: Queue going to LEADER mode. State: All replicated index: 0, Majority replicated index: 0, Committed index: 0, Last appended: 0.0, Last appended by leader: 0, Current term: 1, Majority size: 1, State: 0, Mode: LEADER, active raft config: opid_index: -1 OBSOLETE_local: true peers { permanent_uuid: "f6164cf536344889a7123e4f7227add3" member_type: VOTER last_known_addr { host: "127.0.52.193" port: 43121 } }
I0802 04:15:01.024932 619 ts_tablet_manager.cc:1073] T 326e412316a445639065cc309ffbb659 P f6164cf536344889a7123e4f7227add3: Time spent starting tablet: real 0.002s user 0.000s sys 0.003s
I0802 04:15:01.025377 619 ts_tablet_manager.cc:1028] T a0dc71ccf7df4a65bdc4fc3f5c9e9bca P f6164cf536344889a7123e4f7227add3: Bootstrapping tablet
I0802 04:15:01.025455 619 tablet_bootstrap.cc:432] T a0dc71ccf7df4a65bdc4fc3f5c9e9bca P f6164cf536344889a7123e4f7227add3: Bootstrap starting.
I0802 04:15:01.026008 438 catalog_manager.cc:3827] T 326e412316a445639065cc309ffbb659 P f6164cf536344889a7123e4f7227add3 reported cstate change: term changed from 0 to 1, leader changed from to f6164cf536344889a7123e4f7227add3 (127.0.52.193). New cstate: current_term: 1 leader_uuid: "f6164cf536344889a7123e4f7227add3" committed_config { opid_index: -1 OBSOLETE_local: true peers { permanent_uuid: "f6164cf536344889a7123e4f7227add3" member_type: VOTER last_known_addr { host: "127.0.52.193" port: 43121 } health_report { overall_health: HEALTHY } } }
I0802 04:15:01.026108 619 tablet_bootstrap.cc:586] T a0dc71ccf7df4a65bdc4fc3f5c9e9bca P f6164cf536344889a7123e4f7227add3: No blocks or log segments found. Creating new log.
I0802 04:15:01.026903 619 tablet_bootstrap.cc:432] T a0dc71ccf7df4a65bdc4fc3f5c9e9bca P f6164cf536344889a7123e4f7227add3: No bootstrap required, opened a new log
I0802 04:15:01.026968 619 ts_tablet_manager.cc:1045] T a0dc71ccf7df4a65bdc4fc3f5c9e9bca P f6164cf536344889a7123e4f7227add3: Time spent bootstrapping tablet: real 0.002s user 0.000s sys 0.001s
I0802 04:15:01.027340 619 raft_consensus.cc:325] T a0dc71ccf7df4a65bdc4fc3f5c9e9bca P f6164cf536344889a7123e4f7227add3 [term 0 FOLLOWER]: Replica starting. Triggering 0 pending transactions. Active config: opid_index: -1 OBSOLETE_local: true peers { permanent_uuid: "f6164cf536344889a7123e4f7227add3" member_type: VOTER last_known_addr { host: "127.0.52.193" port: 43121 } }
I0802 04:15:01.027372 619 raft_consensus.cc:351] T a0dc71ccf7df4a65bdc4fc3f5c9e9bca P f6164cf536344889a7123e4f7227add3 [term 0 FOLLOWER]: Consensus starting up: Expiring failure detector timer to make a prompt election more likely
I0802 04:15:01.027407 619 raft_consensus.cc:630] T a0dc71ccf7df4a65bdc4fc3f5c9e9bca P f6164cf536344889a7123e4f7227add3 [term 0 FOLLOWER]: Becoming Follower/Learner. State: Replica: f6164cf536344889a7123e4f7227add3, State: Initialized, Role: FOLLOWER
I0802 04:15:01.027519 619 consensus_queue.cc:227] T a0dc71ccf7df4a65bdc4fc3f5c9e9bca P f6164cf536344889a7123e4f7227add3 [NON_LEADER]: Queue going to NON_LEADER mode. State: All replicated index: 0, Majority replicated index: 0, Committed index: 0, Last appended: 0.0, Last appended by leader: 0, Current term: 0, Majority size: -1, State: 0, Mode: NON_LEADER, active raft config: opid_index: -1 OBSOLETE_local: true peers { permanent_uuid: "f6164cf536344889a7123e4f7227add3" member_type: VOTER last_known_addr { host: "127.0.52.193" port: 43121 } }
I0802 04:15:01.027552 619 raft_consensus.cc:365] T a0dc71ccf7df4a65bdc4fc3f5c9e9bca P f6164cf536344889a7123e4f7227add3 [term 0 FOLLOWER]: Only one voter in the Raft config. Triggering election immediately
I0802 04:15:01.027572 619 raft_consensus.cc:457] T a0dc71ccf7df4a65bdc4fc3f5c9e9bca P f6164cf536344889a7123e4f7227add3 [term 0 FOLLOWER]: Starting leader election (initial election of a single-replica configuration)
I0802 04:15:01.027596 619 raft_consensus.cc:2742] T a0dc71ccf7df4a65bdc4fc3f5c9e9bca P f6164cf536344889a7123e4f7227add3: Snoozing failure detection for 1.773s (starting election)
I0802 04:15:01.027619 619 raft_consensus.cc:2794] T a0dc71ccf7df4a65bdc4fc3f5c9e9bca P f6164cf536344889a7123e4f7227add3 [term 0 FOLLOWER]: Advancing to term 1
I0802 04:15:01.028200 619 raft_consensus.cc:479] T a0dc71ccf7df4a65bdc4fc3f5c9e9bca P f6164cf536344889a7123e4f7227add3 [term 1 FOLLOWER]: Starting leader election with config: opid_index: -1 OBSOLETE_local: true peers { permanent_uuid: "f6164cf536344889a7123e4f7227add3" member_type: VOTER last_known_addr { host: "127.0.52.193" port: 43121 } }
I0802 04:15:01.028264 619 leader_election.cc:278] T a0dc71ccf7df4a65bdc4fc3f5c9e9bca P f6164cf536344889a7123e4f7227add3 [CANDIDATE]: Term 1 election: Election decided. Result: candidate won.
I0802 04:15:01.028375 621 raft_consensus.cc:2742] T a0dc71ccf7df4a65bdc4fc3f5c9e9bca P f6164cf536344889a7123e4f7227add3: Snoozing failure detection for 2.069s (election complete)
I0802 04:15:01.028412 621 raft_consensus.cc:2549] T a0dc71ccf7df4a65bdc4fc3f5c9e9bca P f6164cf536344889a7123e4f7227add3 [term 1 FOLLOWER]: Leader election won for term 1
I0802 04:15:01.028491 619 ts_tablet_manager.cc:1073] T a0dc71ccf7df4a65bdc4fc3f5c9e9bca P f6164cf536344889a7123e4f7227add3: Time spent starting tablet: real 0.001s user 0.000s sys 0.000s
I0802 04:15:01.028503 621 raft_consensus.cc:595] T a0dc71ccf7df4a65bdc4fc3f5c9e9bca P f6164cf536344889a7123e4f7227add3 [term 1 LEADER]: Becoming Leader. State: Replica: f6164cf536344889a7123e4f7227add3, State: Running, Role: LEADER
I0802 04:15:01.028559 619 ts_tablet_manager.cc:1028] T a652fe5569de4742a07ad9ed46b193fd P f6164cf536344889a7123e4f7227add3: Bootstrapping tablet
I0802 04:15:01.028601 621 consensus_queue.cc:204] T a0dc71ccf7df4a65bdc4fc3f5c9e9bca P f6164cf536344889a7123e4f7227add3 [LEADER]: Queue going to LEADER mode. State: All replicated index: 0, Majority replicated index: 0, Committed index: 0, Last appended: 0.0, Last appended by leader: 0, Current term: 1, Majority size: 1, State: 0, Mode: LEADER, active raft config: opid_index: -1 OBSOLETE_local: true peers { permanent_uuid: "f6164cf536344889a7123e4f7227add3" member_type: VOTER last_known_addr { host: "127.0.52.193" port: 43121 } }
I0802 04:15:01.028630 619 tablet_bootstrap.cc:432] T a652fe5569de4742a07ad9ed46b193fd P f6164cf536344889a7123e4f7227add3: Bootstrap starting.
I0802 04:15:01.029248 619 tablet_bootstrap.cc:586] T a652fe5569de4742a07ad9ed46b193fd P f6164cf536344889a7123e4f7227add3: No blocks or log segments found. Creating new log.
I0802 04:15:01.029520 437 catalog_manager.cc:3827] T a0dc71ccf7df4a65bdc4fc3f5c9e9bca P f6164cf536344889a7123e4f7227add3 reported cstate change: term changed from 0 to 1, leader changed from to f6164cf536344889a7123e4f7227add3 (127.0.52.193). New cstate: current_term: 1 leader_uuid: "f6164cf536344889a7123e4f7227add3" committed_config { opid_index: -1 OBSOLETE_local: true peers { permanent_uuid: "f6164cf536344889a7123e4f7227add3" member_type: VOTER last_known_addr { host: "127.0.52.193" port: 43121 } health_report { overall_health: HEALTHY } } }
I0802 04:15:01.030098 619 tablet_bootstrap.cc:432] T a652fe5569de4742a07ad9ed46b193fd P f6164cf536344889a7123e4f7227add3: No bootstrap required, opened a new log
I0802 04:15:01.030158 619 ts_tablet_manager.cc:1045] T a652fe5569de4742a07ad9ed46b193fd P f6164cf536344889a7123e4f7227add3: Time spent bootstrapping tablet: real 0.002s user 0.001s sys 0.000s
I0802 04:15:01.030541 619 raft_consensus.cc:325] T a652fe5569de4742a07ad9ed46b193fd P f6164cf536344889a7123e4f7227add3 [term 0 FOLLOWER]: Replica starting. Triggering 0 pending transactions. Active config: opid_index: -1 OBSOLETE_local: true peers { permanent_uuid: "f6164cf536344889a7123e4f7227add3" member_type: VOTER last_known_addr { host: "127.0.52.193" port: 43121 } }
I0802 04:15:01.030576 619 raft_consensus.cc:351] T a652fe5569de4742a07ad9ed46b193fd P f6164cf536344889a7123e4f7227add3 [term 0 FOLLOWER]: Consensus starting up: Expiring failure detector timer to make a prompt election more likely
I0802 04:15:01.030596 619 raft_consensus.cc:630] T a652fe5569de4742a07ad9ed46b193fd P f6164cf536344889a7123e4f7227add3 [term 0 FOLLOWER]: Becoming Follower/Learner. State: Replica: f6164cf536344889a7123e4f7227add3, State: Initialized, Role: FOLLOWER
I0802 04:15:01.030717 619 consensus_queue.cc:227] T a652fe5569de4742a07ad9ed46b193fd P f6164cf536344889a7123e4f7227add3 [NON_LEADER]: Queue going to NON_LEADER mode. State: All replicated index: 0, Majority replicated index: 0, Committed index: 0, Last appended: 0.0, Last appended by leader: 0, Current term: 0, Majority size: -1, State: 0, Mode: NON_LEADER, active raft config: opid_index: -1 OBSOLETE_local: true peers { permanent_uuid: "f6164cf536344889a7123e4f7227add3" member_type: VOTER last_known_addr { host: "127.0.52.193" port: 43121 } }
I0802 04:15:01.030751 619 raft_consensus.cc:365] T a652fe5569de4742a07ad9ed46b193fd P f6164cf536344889a7123e4f7227add3 [term 0 FOLLOWER]: Only one voter in the Raft config. Triggering election immediately
I0802 04:15:01.030784 619 raft_consensus.cc:457] T a652fe5569de4742a07ad9ed46b193fd P f6164cf536344889a7123e4f7227add3 [term 0 FOLLOWER]: Starting leader election (initial election of a single-replica configuration)
I0802 04:15:01.030804 619 raft_consensus.cc:2742] T a652fe5569de4742a07ad9ed46b193fd P f6164cf536344889a7123e4f7227add3: Snoozing failure detection for 1.616s (starting election)
I0802 04:15:01.030822 619 raft_consensus.cc:2794] T a652fe5569de4742a07ad9ed46b193fd P f6164cf536344889a7123e4f7227add3 [term 0 FOLLOWER]: Advancing to term 1
I0802 04:15:01.031558 619 raft_consensus.cc:479] T a652fe5569de4742a07ad9ed46b193fd P f6164cf536344889a7123e4f7227add3 [term 1 FOLLOWER]: Starting leader election with config: opid_index: -1 OBSOLETE_local: true peers { permanent_uuid: "f6164cf536344889a7123e4f7227add3" member_type: VOTER last_known_addr { host: "127.0.52.193" port: 43121 } }
I0802 04:15:01.031626 619 leader_election.cc:278] T a652fe5569de4742a07ad9ed46b193fd P f6164cf536344889a7123e4f7227add3 [CANDIDATE]: Term 1 election: Election decided. Result: candidate won.
I0802 04:15:01.031738 621 raft_consensus.cc:2742] T a652fe5569de4742a07ad9ed46b193fd P f6164cf536344889a7123e4f7227add3: Snoozing failure detection for 1.830s (election complete)
I0802 04:15:01.031781 621 raft_consensus.cc:2549] T a652fe5569de4742a07ad9ed46b193fd P f6164cf536344889a7123e4f7227add3 [term 1 FOLLOWER]: Leader election won for term 1
I0802 04:15:01.031841 619 ts_tablet_manager.cc:1073] T a652fe5569de4742a07ad9ed46b193fd P f6164cf536344889a7123e4f7227add3: Time spent starting tablet: real 0.002s user 0.001s sys 0.000s
I0802 04:15:01.031889 621 raft_consensus.cc:595] T a652fe5569de4742a07ad9ed46b193fd P f6164cf536344889a7123e4f7227add3 [term 1 LEADER]: Becoming Leader. State: Replica: f6164cf536344889a7123e4f7227add3, State: Running, Role: LEADER
I0802 04:15:01.031922 619 ts_tablet_manager.cc:1028] T e7b0658471b24c2590336843f24305be P f6164cf536344889a7123e4f7227add3: Bootstrapping tablet
I0802 04:15:01.031978 619 tablet_bootstrap.cc:432] T e7b0658471b24c2590336843f24305be P f6164cf536344889a7123e4f7227add3: Bootstrap starting.
I0802 04:15:01.032008 621 consensus_queue.cc:204] T a652fe5569de4742a07ad9ed46b193fd P f6164cf536344889a7123e4f7227add3 [LEADER]: Queue going to LEADER mode. State: All replicated index: 0, Majority replicated index: 0, Committed index: 0, Last appended: 0.0, Last appended by leader: 0, Current term: 1, Majority size: 1, State: 0, Mode: LEADER, active raft config: opid_index: -1 OBSOLETE_local: true peers { permanent_uuid: "f6164cf536344889a7123e4f7227add3" member_type: VOTER last_known_addr { host: "127.0.52.193" port: 43121 } }
I0802 04:15:01.032521 619 tablet_bootstrap.cc:586] T e7b0658471b24c2590336843f24305be P f6164cf536344889a7123e4f7227add3: No blocks or log segments found. Creating new log.
I0802 04:15:01.032905 437 catalog_manager.cc:3827] T a652fe5569de4742a07ad9ed46b193fd P f6164cf536344889a7123e4f7227add3 reported cstate change: term changed from 0 to 1, leader changed from to f6164cf536344889a7123e4f7227add3 (127.0.52.193). New cstate: current_term: 1 leader_uuid: "f6164cf536344889a7123e4f7227add3" committed_config { opid_index: -1 OBSOLETE_local: true peers { permanent_uuid: "f6164cf536344889a7123e4f7227add3" member_type: VOTER last_known_addr { host: "127.0.52.193" port: 43121 } health_report { overall_health: HEALTHY } } }
I0802 04:15:01.033610 619 tablet_bootstrap.cc:432] T e7b0658471b24c2590336843f24305be P f6164cf536344889a7123e4f7227add3: No bootstrap required, opened a new log
I0802 04:15:01.033670 619 ts_tablet_manager.cc:1045] T e7b0658471b24c2590336843f24305be P f6164cf536344889a7123e4f7227add3: Time spent bootstrapping tablet: real 0.002s user 0.001s sys 0.000s
I0802 04:15:01.034087 619 raft_consensus.cc:325] T e7b0658471b24c2590336843f24305be P f6164cf536344889a7123e4f7227add3 [term 0 FOLLOWER]: Replica starting. Triggering 0 pending transactions. Active config: opid_index: -1 OBSOLETE_local: true peers { permanent_uuid: "f6164cf536344889a7123e4f7227add3" member_type: VOTER last_known_addr { host: "127.0.52.193" port: 43121 } }
I0802 04:15:01.034116 619 raft_consensus.cc:351] T e7b0658471b24c2590336843f24305be P f6164cf536344889a7123e4f7227add3 [term 0 FOLLOWER]: Consensus starting up: Expiring failure detector timer to make a prompt election more likely
I0802 04:15:01.034139 619 raft_consensus.cc:630] T e7b0658471b24c2590336843f24305be P f6164cf536344889a7123e4f7227add3 [term 0 FOLLOWER]: Becoming Follower/Learner. State: Replica: f6164cf536344889a7123e4f7227add3, State: Initialized, Role: FOLLOWER
I0802 04:15:01.034257 619 consensus_queue.cc:227] T e7b0658471b24c2590336843f24305be P f6164cf536344889a7123e4f7227add3 [NON_LEADER]: Queue going to NON_LEADER mode. State: All replicated index: 0, Majority replicated index: 0, Committed index: 0, Last appended: 0.0, Last appended by leader: 0, Current term: 0, Majority size: -1, State: 0, Mode: NON_LEADER, active raft config: opid_index: -1 OBSOLETE_local: true peers { permanent_uuid: "f6164cf536344889a7123e4f7227add3" member_type: VOTER last_known_addr { host: "127.0.52.193" port: 43121 } }
I0802 04:15:01.034284 619 raft_consensus.cc:365] T e7b0658471b24c2590336843f24305be P f6164cf536344889a7123e4f7227add3 [term 0 FOLLOWER]: Only one voter in the Raft config. Triggering election immediately
I0802 04:15:01.034302 619 raft_consensus.cc:457] T e7b0658471b24c2590336843f24305be P f6164cf536344889a7123e4f7227add3 [term 0 FOLLOWER]: Starting leader election (initial election of a single-replica configuration)
I0802 04:15:01.034332 619 raft_consensus.cc:2742] T e7b0658471b24c2590336843f24305be P f6164cf536344889a7123e4f7227add3: Snoozing failure detection for 2.116s (starting election)
I0802 04:15:01.034361 619 raft_consensus.cc:2794] T e7b0658471b24c2590336843f24305be P f6164cf536344889a7123e4f7227add3 [term 0 FOLLOWER]: Advancing to term 1
I0802 04:15:01.034977 619 raft_consensus.cc:479] T e7b0658471b24c2590336843f24305be P f6164cf536344889a7123e4f7227add3 [term 1 FOLLOWER]: Starting leader election with config: opid_index: -1 OBSOLETE_local: true peers { permanent_uuid: "f6164cf536344889a7123e4f7227add3" member_type: VOTER last_known_addr { host: "127.0.52.193" port: 43121 } }
I0802 04:15:01.035032 619 leader_election.cc:278] T e7b0658471b24c2590336843f24305be P f6164cf536344889a7123e4f7227add3 [CANDIDATE]: Term 1 election: Election decided. Result: candidate won.
I0802 04:15:01.035142 621 raft_consensus.cc:2742] T e7b0658471b24c2590336843f24305be P f6164cf536344889a7123e4f7227add3: Snoozing failure detection for 1.916s (election complete)
I0802 04:15:01.035181 621 raft_consensus.cc:2549] T e7b0658471b24c2590336843f24305be P f6164cf536344889a7123e4f7227add3 [term 1 FOLLOWER]: Leader election won for term 1
I0802 04:15:01.035234 621 raft_consensus.cc:595] T e7b0658471b24c2590336843f24305be P f6164cf536344889a7123e4f7227add3 [term 1 LEADER]: Becoming Leader. State: Replica: f6164cf536344889a7123e4f7227add3, State: Running, Role: LEADER
I0802 04:15:01.035332 619 ts_tablet_manager.cc:1073] T e7b0658471b24c2590336843f24305be P f6164cf536344889a7123e4f7227add3: Time spent starting tablet: real 0.002s user 0.002s sys 0.000s
I0802 04:15:01.035353 621 consensus_queue.cc:204] T e7b0658471b24c2590336843f24305be P f6164cf536344889a7123e4f7227add3 [LEADER]: Queue going to LEADER mode. State: All replicated index: 0, Majority replicated index: 0, Committed index: 0, Last appended: 0.0, Last appended by leader: 0, Current term: 1, Majority size: 1, State: 0, Mode: LEADER, active raft config: opid_index: -1 OBSOLETE_local: true peers { permanent_uuid: "f6164cf536344889a7123e4f7227add3" member_type: VOTER last_known_addr { host: "127.0.52.193" port: 43121 } }
I0802 04:15:01.035403 619 ts_tablet_manager.cc:1028] T 74aae778571148d69c3bf5c6b1e26389 P f6164cf536344889a7123e4f7227add3: Bootstrapping tablet
I0802 04:15:01.035447 619 tablet_bootstrap.cc:432] T 74aae778571148d69c3bf5c6b1e26389 P f6164cf536344889a7123e4f7227add3: Bootstrap starting.
I0802 04:15:01.036006 619 tablet_bootstrap.cc:586] T 74aae778571148d69c3bf5c6b1e26389 P f6164cf536344889a7123e4f7227add3: No blocks or log segments found. Creating new log.
I0802 04:15:01.036243 437 catalog_manager.cc:3827] T e7b0658471b24c2590336843f24305be P f6164cf536344889a7123e4f7227add3 reported cstate change: term changed from 0 to 1, leader changed from to f6164cf536344889a7123e4f7227add3 (127.0.52.193). New cstate: current_term: 1 leader_uuid: "f6164cf536344889a7123e4f7227add3" committed_config { opid_index: -1 OBSOLETE_local: true peers { permanent_uuid: "f6164cf536344889a7123e4f7227add3" member_type: VOTER last_known_addr { host: "127.0.52.193" port: 43121 } health_report { overall_health: HEALTHY } } }
I0802 04:15:01.037509 619 tablet_bootstrap.cc:432] T 74aae778571148d69c3bf5c6b1e26389 P f6164cf536344889a7123e4f7227add3: No bootstrap required, opened a new log
I0802 04:15:01.037573 619 ts_tablet_manager.cc:1045] T 74aae778571148d69c3bf5c6b1e26389 P f6164cf536344889a7123e4f7227add3: Time spent bootstrapping tablet: real 0.002s user 0.001s sys 0.000s
I0802 04:15:01.037935 619 raft_consensus.cc:325] T 74aae778571148d69c3bf5c6b1e26389 P f6164cf536344889a7123e4f7227add3 [term 0 FOLLOWER]: Replica starting. Triggering 0 pending transactions. Active config: opid_index: -1 OBSOLETE_local: true peers { permanent_uuid: "f6164cf536344889a7123e4f7227add3" member_type: VOTER last_known_addr { host: "127.0.52.193" port: 43121 } }
I0802 04:15:01.037967 619 raft_consensus.cc:351] T 74aae778571148d69c3bf5c6b1e26389 P f6164cf536344889a7123e4f7227add3 [term 0 FOLLOWER]: Consensus starting up: Expiring failure detector timer to make a prompt election more likely
I0802 04:15:01.037984 619 raft_consensus.cc:630] T 74aae778571148d69c3bf5c6b1e26389 P f6164cf536344889a7123e4f7227add3 [term 0 FOLLOWER]: Becoming Follower/Learner. State: Replica: f6164cf536344889a7123e4f7227add3, State: Initialized, Role: FOLLOWER
I0802 04:15:01.038077 619 consensus_queue.cc:227] T 74aae778571148d69c3bf5c6b1e26389 P f6164cf536344889a7123e4f7227add3 [NON_LEADER]: Queue going to NON_LEADER mode. State: All replicated index: 0, Majority replicated index: 0, Committed index: 0, Last appended: 0.0, Last appended by leader: 0, Current term: 0, Majority size: -1, State: 0, Mode: NON_LEADER, active raft config: opid_index: -1 OBSOLETE_local: true peers { permanent_uuid: "f6164cf536344889a7123e4f7227add3" member_type: VOTER last_known_addr { host: "127.0.52.193" port: 43121 } }
I0802 04:15:01.038110 619 raft_consensus.cc:365] T 74aae778571148d69c3bf5c6b1e26389 P f6164cf536344889a7123e4f7227add3 [term 0 FOLLOWER]: Only one voter in the Raft config. Triggering election immediately
I0802 04:15:01.038127 619 raft_consensus.cc:457] T 74aae778571148d69c3bf5c6b1e26389 P f6164cf536344889a7123e4f7227add3 [term 0 FOLLOWER]: Starting leader election (initial election of a single-replica configuration)
I0802 04:15:01.038148 619 raft_consensus.cc:2742] T 74aae778571148d69c3bf5c6b1e26389 P f6164cf536344889a7123e4f7227add3: Snoozing failure detection for 1.895s (starting election)
I0802 04:15:01.038173 619 raft_consensus.cc:2794] T 74aae778571148d69c3bf5c6b1e26389 P f6164cf536344889a7123e4f7227add3 [term 0 FOLLOWER]: Advancing to term 1
I0802 04:15:01.038841 619 raft_consensus.cc:479] T 74aae778571148d69c3bf5c6b1e26389 P f6164cf536344889a7123e4f7227add3 [term 1 FOLLOWER]: Starting leader election with config: opid_index: -1 OBSOLETE_local: true peers { permanent_uuid: "f6164cf536344889a7123e4f7227add3" member_type: VOTER last_known_addr { host: "127.0.52.193" port: 43121 } }
I0802 04:15:01.038904 619 leader_election.cc:278] T 74aae778571148d69c3bf5c6b1e26389 P f6164cf536344889a7123e4f7227add3 [CANDIDATE]: Term 1 election: Election decided. Result: candidate won.
I0802 04:15:01.039016 621 raft_consensus.cc:2742] T 74aae778571148d69c3bf5c6b1e26389 P f6164cf536344889a7123e4f7227add3: Snoozing failure detection for 1.739s (election complete)
I0802 04:15:01.039083 621 raft_consensus.cc:2549] T 74aae778571148d69c3bf5c6b1e26389 P f6164cf536344889a7123e4f7227add3 [term 1 FOLLOWER]: Leader election won for term 1
I0802 04:15:01.039134 619 ts_tablet_manager.cc:1073] T 74aae778571148d69c3bf5c6b1e26389 P f6164cf536344889a7123e4f7227add3: Time spent starting tablet: real 0.002s user 0.001s sys 0.000s
I0802 04:15:01.039175 621 raft_consensus.cc:595] T 74aae778571148d69c3bf5c6b1e26389 P f6164cf536344889a7123e4f7227add3 [term 1 LEADER]: Becoming Leader. State: Replica: f6164cf536344889a7123e4f7227add3, State: Running, Role: LEADER
I0802 04:15:01.039216 619 ts_tablet_manager.cc:1028] T 0520f1f1ba1f4cce9ebf626105084979 P f6164cf536344889a7123e4f7227add3: Bootstrapping tablet
I0802 04:15:01.039278 619 tablet_bootstrap.cc:432] T 0520f1f1ba1f4cce9ebf626105084979 P f6164cf536344889a7123e4f7227add3: Bootstrap starting.
I0802 04:15:01.039290 621 consensus_queue.cc:204] T 74aae778571148d69c3bf5c6b1e26389 P f6164cf536344889a7123e4f7227add3 [LEADER]: Queue going to LEADER mode. State: All replicated index: 0, Majority replicated index: 0, Committed index: 0, Last appended: 0.0, Last appended by leader: 0, Current term: 1, Majority size: 1, State: 0, Mode: LEADER, active raft config: opid_index: -1 OBSOLETE_local: true peers { permanent_uuid: "f6164cf536344889a7123e4f7227add3" member_type: VOTER last_known_addr { host: "127.0.52.193" port: 43121 } }
I0802 04:15:01.039875 619 tablet_bootstrap.cc:586] T 0520f1f1ba1f4cce9ebf626105084979 P f6164cf536344889a7123e4f7227add3: No blocks or log segments found. Creating new log.
I0802 04:15:01.040103 437 catalog_manager.cc:3827] T 74aae778571148d69c3bf5c6b1e26389 P f6164cf536344889a7123e4f7227add3 reported cstate change: term changed from 0 to 1, leader changed from to f6164cf536344889a7123e4f7227add3 (127.0.52.193). New cstate: current_term: 1 leader_uuid: "f6164cf536344889a7123e4f7227add3" committed_config { opid_index: -1 OBSOLETE_local: true peers { permanent_uuid: "f6164cf536344889a7123e4f7227add3" member_type: VOTER last_known_addr { host: "127.0.52.193" port: 43121 } health_report { overall_health: HEALTHY } } }
I0802 04:15:01.040874 619 tablet_bootstrap.cc:432] T 0520f1f1ba1f4cce9ebf626105084979 P f6164cf536344889a7123e4f7227add3: No bootstrap required, opened a new log
I0802 04:15:01.040951 619 ts_tablet_manager.cc:1045] T 0520f1f1ba1f4cce9ebf626105084979 P f6164cf536344889a7123e4f7227add3: Time spent bootstrapping tablet: real 0.002s user 0.001s sys 0.000s
I0802 04:15:01.041294 619 raft_consensus.cc:325] T 0520f1f1ba1f4cce9ebf626105084979 P f6164cf536344889a7123e4f7227add3 [term 0 FOLLOWER]: Replica starting. Triggering 0 pending transactions. Active config: opid_index: -1 OBSOLETE_local: true peers { permanent_uuid: "f6164cf536344889a7123e4f7227add3" member_type: VOTER last_known_addr { host: "127.0.52.193" port: 43121 } }
I0802 04:15:01.041326 619 raft_consensus.cc:351] T 0520f1f1ba1f4cce9ebf626105084979 P f6164cf536344889a7123e4f7227add3 [term 0 FOLLOWER]: Consensus starting up: Expiring failure detector timer to make a prompt election more likely
I0802 04:15:01.041342 619 raft_consensus.cc:630] T 0520f1f1ba1f4cce9ebf626105084979 P f6164cf536344889a7123e4f7227add3 [term 0 FOLLOWER]: Becoming Follower/Learner. State: Replica: f6164cf536344889a7123e4f7227add3, State: Initialized, Role: FOLLOWER
I0802 04:15:01.041443 619 consensus_queue.cc:227] T 0520f1f1ba1f4cce9ebf626105084979 P f6164cf536344889a7123e4f7227add3 [NON_LEADER]: Queue going to NON_LEADER mode. State: All replicated index: 0, Majority replicated index: 0, Committed index: 0, Last appended: 0.0, Last appended by leader: 0, Current term: 0, Majority size: -1, State: 0, Mode: NON_LEADER, active raft config: opid_index: -1 OBSOLETE_local: true peers { permanent_uuid: "f6164cf536344889a7123e4f7227add3" member_type: VOTER last_known_addr { host: "127.0.52.193" port: 43121 } }
I0802 04:15:01.041476 619 raft_consensus.cc:365] T 0520f1f1ba1f4cce9ebf626105084979 P f6164cf536344889a7123e4f7227add3 [term 0 FOLLOWER]: Only one voter in the Raft config. Triggering election immediately
I0802 04:15:01.041491 619 raft_consensus.cc:457] T 0520f1f1ba1f4cce9ebf626105084979 P f6164cf536344889a7123e4f7227add3 [term 0 FOLLOWER]: Starting leader election (initial election of a single-replica configuration)
I0802 04:15:01.041518 619 raft_consensus.cc:2742] T 0520f1f1ba1f4cce9ebf626105084979 P f6164cf536344889a7123e4f7227add3: Snoozing failure detection for 1.582s (starting election)
I0802 04:15:01.041538 619 raft_consensus.cc:2794] T 0520f1f1ba1f4cce9ebf626105084979 P f6164cf536344889a7123e4f7227add3 [term 0 FOLLOWER]: Advancing to term 1
I0802 04:15:01.042188 619 raft_consensus.cc:479] T 0520f1f1ba1f4cce9ebf626105084979 P f6164cf536344889a7123e4f7227add3 [term 1 FOLLOWER]: Starting leader election with config: opid_index: -1 OBSOLETE_local: true peers { permanent_uuid: "f6164cf536344889a7123e4f7227add3" member_type: VOTER last_known_addr { host: "127.0.52.193" port: 43121 } }
I0802 04:15:01.042254 619 leader_election.cc:278] T 0520f1f1ba1f4cce9ebf626105084979 P f6164cf536344889a7123e4f7227add3 [CANDIDATE]: Term 1 election: Election decided. Result: candidate won.
I0802 04:15:01.042439 623 raft_consensus.cc:2742] T 0520f1f1ba1f4cce9ebf626105084979 P f6164cf536344889a7123e4f7227add3: Snoozing failure detection for 2.110s (election complete)
I0802 04:15:01.042479 619 ts_tablet_manager.cc:1073] T 0520f1f1ba1f4cce9ebf626105084979 P f6164cf536344889a7123e4f7227add3: Time spent starting tablet: real 0.001s user 0.002s sys 0.000s
I0802 04:15:01.042484 623 raft_consensus.cc:2549] T 0520f1f1ba1f4cce9ebf626105084979 P f6164cf536344889a7123e4f7227add3 [term 1 FOLLOWER]: Leader election won for term 1
I0802 04:15:01.042563 623 raft_consensus.cc:595] T 0520f1f1ba1f4cce9ebf626105084979 P f6164cf536344889a7123e4f7227add3 [term 1 LEADER]: Becoming Leader. State: Replica: f6164cf536344889a7123e4f7227add3, State: Running, Role: LEADER
I0802 04:15:01.042680 623 consensus_queue.cc:204] T 0520f1f1ba1f4cce9ebf626105084979 P f6164cf536344889a7123e4f7227add3 [LEADER]: Queue going to LEADER mode. State: All replicated index: 0, Majority replicated index: 0, Committed index: 0, Last appended: 0.0, Last appended by leader: 0, Current term: 1, Majority size: 1, State: 0, Mode: LEADER, active raft config: opid_index: -1 OBSOLETE_local: true peers { permanent_uuid: "f6164cf536344889a7123e4f7227add3" member_type: VOTER last_known_addr { host: "127.0.52.193" port: 43121 } }
I0802 04:15:01.043496 437 catalog_manager.cc:3827] T 0520f1f1ba1f4cce9ebf626105084979 P f6164cf536344889a7123e4f7227add3 reported cstate change: term changed from 0 to 1, leader changed from to f6164cf536344889a7123e4f7227add3 (127.0.52.193). New cstate: current_term: 1 leader_uuid: "f6164cf536344889a7123e4f7227add3" committed_config { opid_index: -1 OBSOLETE_local: true peers { permanent_uuid: "f6164cf536344889a7123e4f7227add3" member_type: VOTER last_known_addr { host: "127.0.52.193" port: 43121 } health_report { overall_health: HEALTHY } } } Using auto-created table 'default.loadgen_auto_1255cb38f8f94179975eeebc72418ea7' Generator report time total : 86.254 ms time per row: 0.043127 ms Dropping auto-created table 'default.loadgen_auto_1255cb38f8f94179975eeebc72418ea7'
I0802 04:15:01.134788 436 catalog_manager.cc:1751] Servicing DeleteTable request from {username='slave'} at 127.0.0.1:53356: table { table_name: "default.loadgen_auto_1255cb38f8f94179975eeebc72418ea7" }
I0802 04:15:01.136987 436 catalog_manager.cc:4066] T 00000000000000000000000000000000 P cd587bc96272409eb1f141a42b7ab978: Sending DeleteTablet for 1 replicas of tablet 24899cde2b254b25bccb65416d0ff647
I0802 04:15:01.137079 436 catalog_manager.cc:3154] Sending DeleteTablet(TABLET_DATA_DELETED) for tablet 24899cde2b254b25bccb65416d0ff647 on f6164cf536344889a7123e4f7227add3 (127.0.52.193:43121) (Table deleted at 2018-08-02 04:15:01 UTC)
I0802 04:15:01.137188 436 catalog_manager.cc:4066] T 00000000000000000000000000000000 P cd587bc96272409eb1f141a42b7ab978: Sending DeleteTablet for 1 replicas of tablet a0dc71ccf7df4a65bdc4fc3f5c9e9bca
I0802 04:15:01.137235 436 catalog_manager.cc:3154] Sending DeleteTablet(TABLET_DATA_DELETED) for tablet a0dc71ccf7df4a65bdc4fc3f5c9e9bca on f6164cf536344889a7123e4f7227add3 (127.0.52.193:43121) (Table deleted at 2018-08-02 04:15:01 UTC)
I0802 04:15:01.137290 436 catalog_manager.cc:4066] T 00000000000000000000000000000000 P cd587bc96272409eb1f141a42b7ab978: Sending DeleteTablet for 1 replicas of tablet 74aae778571148d69c3bf5c6b1e26389
I0802 04:15:01.137338 436 catalog_manager.cc:3154] Sending DeleteTablet(TABLET_DATA_DELETED) for tablet 74aae778571148d69c3bf5c6b1e26389 on f6164cf536344889a7123e4f7227add3 (127.0.52.193:43121) (Table deleted at 2018-08-02 04:15:01 UTC)
I0802 04:15:01.137398 436 catalog_manager.cc:4066] T 00000000000000000000000000000000 P cd587bc96272409eb1f141a42b7ab978: Sending DeleteTablet for 1 replicas of tablet 326e412316a445639065cc309ffbb659
I0802 04:15:01.137459 436 catalog_manager.cc:3154] Sending DeleteTablet(TABLET_DATA_DELETED) for tablet 326e412316a445639065cc309ffbb659 on f6164cf536344889a7123e4f7227add3 (127.0.52.193:43121) (Table deleted at 2018-08-02 04:15:01 UTC)
I0802 04:15:01.137518 436 catalog_manager.cc:4066] T 00000000000000000000000000000000 P cd587bc96272409eb1f141a42b7ab978: Sending DeleteTablet for 1 replicas of tablet 4d22dbbc990346cbada7342d5df41420
I0802 04:15:01.137573 436 catalog_manager.cc:3154] Sending DeleteTablet(TABLET_DATA_DELETED) for tablet 4d22dbbc990346cbada7342d5df41420 on f6164cf536344889a7123e4f7227add3 (127.0.52.193:43121) (Table deleted at 2018-08-02 04:15:01 UTC)
I0802 04:15:01.137624 436 catalog_manager.cc:4066] T 00000000000000000000000000000000 P cd587bc96272409eb1f141a42b7ab978: Sending DeleteTablet for 1 replicas of tablet a652fe5569de4742a07ad9ed46b193fd
I0802 04:15:01.137640 530 tablet_service.cc:800] Processing DeleteTablet for tablet 24899cde2b254b25bccb65416d0ff647 with delete_type TABLET_DATA_DELETED (Table deleted at 2018-08-02 04:15:01 UTC) from {username='slave'} at 127.0.0.1:60936
I0802 04:15:01.137675 436 catalog_manager.cc:3154] Sending DeleteTablet(TABLET_DATA_DELETED) for tablet a652fe5569de4742a07ad9ed46b193fd on f6164cf536344889a7123e4f7227add3 (127.0.52.193:43121) (Table deleted at 2018-08-02 04:15:01 UTC)
I0802 04:15:01.137725 436 catalog_manager.cc:4066] T 00000000000000000000000000000000 P cd587bc96272409eb1f141a42b7ab978: Sending DeleteTablet for 1 replicas of tablet 0520f1f1ba1f4cce9ebf626105084979
I0802 04:15:01.137773 436 catalog_manager.cc:3154] Sending DeleteTablet(TABLET_DATA_DELETED) for tablet 0520f1f1ba1f4cce9ebf626105084979 on f6164cf536344889a7123e4f7227add3 (127.0.52.193:43121) (Table deleted at 2018-08-02 04:15:01 UTC)
I0802 04:15:01.137823 436 catalog_manager.cc:4066] T 00000000000000000000000000000000 P cd587bc96272409eb1f141a42b7ab978: Sending DeleteTablet for 1 replicas of tablet e7b0658471b24c2590336843f24305be
I0802 04:15:01.137871 436 catalog_manager.cc:3154] Sending DeleteTablet(TABLET_DATA_DELETED) for tablet e7b0658471b24c2590336843f24305be on f6164cf536344889a7123e4f7227add3 (127.0.52.193:43121) (Table deleted at 2018-08-02 04:15:01 UTC)
I0802 04:15:01.138108 531 tablet_service.cc:800] Processing DeleteTablet for tablet 4d22dbbc990346cbada7342d5df41420 with delete_type TABLET_DATA_DELETED (Table deleted at 2018-08-02 04:15:01 UTC) from {username='slave'} at 127.0.0.1:60936
I0802 04:15:01.138248 654 tablet_replica.cc:261] T 24899cde2b254b25bccb65416d0ff647 P f6164cf536344889a7123e4f7227add3: stopping tablet replica
I0802 04:15:01.138284 531 tablet_service.cc:800] Processing DeleteTablet for tablet 0520f1f1ba1f4cce9ebf626105084979 with delete_type TABLET_DATA_DELETED (Table deleted at 2018-08-02 04:15:01 UTC) from {username='slave'} at 127.0.0.1:60936
I0802 04:15:01.138335 654 maintenance_manager.cc:237] P f6164cf536344889a7123e4f7227add3: Unregistered op CompactRowSetsOp(24899cde2b254b25bccb65416d0ff647)
I0802 04:15:01.138367 654 maintenance_manager.cc:237] P f6164cf536344889a7123e4f7227add3: Unregistered op MinorDeltaCompactionOp(24899cde2b254b25bccb65416d0ff647)
I0802 04:15:01.138382 654 maintenance_manager.cc:237] P f6164cf536344889a7123e4f7227add3: Unregistered op MajorDeltaCompactionOp(24899cde2b254b25bccb65416d0ff647)
I0802 04:15:01.138396 654 maintenance_manager.cc:237] P f6164cf536344889a7123e4f7227add3: Unregistered op UndoDeltaBlockGCOp(24899cde2b254b25bccb65416d0ff647)
I0802 04:15:01.138411 531 tablet_service.cc:800] Processing DeleteTablet for tablet e7b0658471b24c2590336843f24305be with delete_type TABLET_DATA_DELETED (Table deleted at 2018-08-02 04:15:01 UTC) from {username='slave'} at 127.0.0.1:60936
I0802 04:15:01.138424 534 tablet_service.cc:800] Processing DeleteTablet for tablet a0dc71ccf7df4a65bdc4fc3f5c9e9bca with delete_type TABLET_DATA_DELETED (Table deleted at 2018-08-02 04:15:01 UTC) from {username='slave'} at 127.0.0.1:60936
I0802 04:15:01.138427 654 maintenance_manager.cc:237] P f6164cf536344889a7123e4f7227add3: Unregistered op FlushMRSOp(24899cde2b254b25bccb65416d0ff647)
I0802 04:15:01.138458 654 maintenance_manager.cc:237] P f6164cf536344889a7123e4f7227add3: Unregistered op FlushDeltaMemStoresOp(24899cde2b254b25bccb65416d0ff647)
I0802 04:15:01.138470 654 maintenance_manager.cc:237] P f6164cf536344889a7123e4f7227add3: Unregistered op LogGCOp(24899cde2b254b25bccb65416d0ff647)
