I0802 04:15:01.680866 904 data_dirs.cc:934] Could only allocate 1 dirs of requested 3 for tablet bb6b8e87379d45f68e5e712714b02d1f. 1 dirs total, 0 dirs full, 0 dirs failed
I0802 04:15:01.681272 767 tablet_service.cc:759] Processing CreateTablet for tablet c7b6eb8c140240669d04460b69f8a4df (table=default.loadgen_auto_c93aadcc7da04f5e8af3460987435e8e [id=ad373cfbe9a6472a9dfead4b8b5871b5]), partition=HASH (key) PARTITION 5, RANGE (key) PARTITION UNBOUNDED
I0802 04:15:01.681536 767 data_dirs.cc:934] Could only allocate 1 dirs of requested 3 for tablet c7b6eb8c140240669d04460b69f8a4df. 1 dirs total, 0 dirs full, 0 dirs failed
I0802 04:15:01.681679 772 tablet_service.cc:759] Processing CreateTablet for tablet 0564a0d5344449339ea7eabe7e82591f (table=default.loadgen_auto_c93aadcc7da04f5e8af3460987435e8e [id=ad373cfbe9a6472a9dfead4b8b5871b5]), partition=HASH (key) PARTITION 6, RANGE (key) PARTITION UNBOUNDED
I0802 04:15:01.681857 772 data_dirs.cc:934] Could only allocate 1 dirs of requested 3 for tablet 0564a0d5344449339ea7eabe7e82591f. 1 dirs total, 0 dirs full, 0 dirs failed
I0802 04:15:01.681915 771 tablet_service.cc:759] Processing CreateTablet for tablet 5c703f0f4cc94ec79825456339a3ab82 (table=default.loadgen_auto_c93aadcc7da04f5e8af3460987435e8e [id=ad373cfbe9a6472a9dfead4b8b5871b5]), partition=HASH (key) PARTITION 7, RANGE (key) PARTITION UNBOUNDED
I0802 04:15:01.682063 771 data_dirs.cc:934] Could only allocate 1 dirs of requested 3 for tablet 5c703f0f4cc94ec79825456339a3ab82. 1 dirs total, 0 dirs full, 0 dirs failed
I0802 04:15:01.682418 763 tablet_service.cc:759] Processing CreateTablet for tablet a5483cdca36b41b6b050d590c2e0e47f (table=default.loadgen_auto_c93aadcc7da04f5e8af3460987435e8e [id=ad373cfbe9a6472a9dfead4b8b5871b5]), partition=HASH (key) PARTITION 3, RANGE (key) PARTITION UNBOUNDED
I0802 04:15:01.682528 1023 tablet_service.cc:759] Processing CreateTablet for tablet 1466ff556b9846a69bfc0e0c047672ef (table=default.loadgen_auto_c93aadcc7da04f5e8af3460987435e8e [id=ad373cfbe9a6472a9dfead4b8b5871b5]), partition=HASH (key) PARTITION 4, RANGE (key) PARTITION UNBOUNDED
I0802 04:15:01.682556 763 data_dirs.cc:934] Could only allocate 1 dirs of requested 3 for tablet a5483cdca36b41b6b050d590c2e0e47f. 1 dirs total, 0 dirs full, 0 dirs failed
I0802 04:15:01.682935 764 tablet_service.cc:759] Processing CreateTablet for tablet 34546b1bdca44b04addad9e4657a1ec9 (table=default.loadgen_auto_c93aadcc7da04f5e8af3460987435e8e [id=ad373cfbe9a6472a9dfead4b8b5871b5]), partition=HASH (key) PARTITION 2, RANGE (key) PARTITION UNBOUNDED
I0802 04:15:01.683004 1021 tablet_service.cc:759] Processing CreateTablet for tablet 0564a0d5344449339ea7eabe7e82591f (table=default.loadgen_auto_c93aadcc7da04f5e8af3460987435e8e [id=ad373cfbe9a6472a9dfead4b8b5871b5]), partition=HASH (key) PARTITION 6, RANGE (key) PARTITION UNBOUNDED
I0802 04:15:01.683290 1020 tablet_service.cc:759] Processing CreateTablet for tablet 5c703f0f4cc94ec79825456339a3ab82 (table=default.loadgen_auto_c93aadcc7da04f5e8af3460987435e8e [id=ad373cfbe9a6472a9dfead4b8b5871b5]), partition=HASH (key) PARTITION 7, RANGE (key) PARTITION UNBOUNDED
I0802 04:15:01.683574 1025 tablet_service.cc:759] Processing CreateTablet for tablet 34546b1bdca44b04addad9e4657a1ec9 (table=default.loadgen_auto_c93aadcc7da04f5e8af3460987435e8e [id=ad373cfbe9a6472a9dfead4b8b5871b5]), partition=HASH (key) PARTITION 2, RANGE (key) PARTITION UNBOUNDED
I0802 04:15:01.683845 1026 tablet_service.cc:759] Processing CreateTablet for tablet bb6b8e87379d45f68e5e712714b02d1f (table=default.loadgen_auto_c93aadcc7da04f5e8af3460987435e8e [id=ad373cfbe9a6472a9dfead4b8b5871b5]), partition=HASH (key) PARTITION 1, RANGE (key) PARTITION UNBOUNDED
I0802 04:15:01.684121 1027 tablet_service.cc:759] Processing CreateTablet for tablet fce2c7936a8c4bc798ebc03c5e2df17e (table=default.loadgen_auto_c93aadcc7da04f5e8af3460987435e8e [id=ad373cfbe9a6472a9dfead4b8b5871b5]), partition=HASH (key) PARTITION 0, RANGE (key) PARTITION UNBOUNDED
I0802 04:15:01.684262 764 data_dirs.cc:934] Could only allocate 1 dirs of requested 3 for tablet 34546b1bdca44b04addad9e4657a1ec9. 1 dirs total, 0 dirs full, 0 dirs failed
I0802 04:15:01.684391 1022 tablet_service.cc:759] Processing CreateTablet for tablet c7b6eb8c140240669d04460b69f8a4df (table=default.loadgen_auto_c93aadcc7da04f5e8af3460987435e8e [id=ad373cfbe9a6472a9dfead4b8b5871b5]), partition=HASH (key) PARTITION 5, RANGE (key) PARTITION UNBOUNDED
I0802 04:15:01.684775 1024 tablet_service.cc:759] Processing CreateTablet for tablet a5483cdca36b41b6b050d590c2e0e47f (table=default.loadgen_auto_c93aadcc7da04f5e8af3460987435e8e [id=ad373cfbe9a6472a9dfead4b8b5871b5]), partition=HASH (key) PARTITION 3, RANGE (key) PARTITION UNBOUNDED
I0802 04:15:01.686609 1023 data_dirs.cc:934] Could only allocate 1 dirs of requested 3 for tablet 1466ff556b9846a69bfc0e0c047672ef. 1 dirs total, 0 dirs full, 0 dirs failed
I0802 04:15:01.686825 1025 data_dirs.cc:934] Could only allocate 1 dirs of requested 3 for tablet 34546b1bdca44b04addad9e4657a1ec9. 1 dirs total, 0 dirs full, 0 dirs failed
I0802 04:15:01.687150 898 tablet_service.cc:759] Processing CreateTablet for tablet 5c703f0f4cc94ec79825456339a3ab82 (table=default.loadgen_auto_c93aadcc7da04f5e8af3460987435e8e [id=ad373cfbe9a6472a9dfead4b8b5871b5]), partition=HASH (key) PARTITION 7, RANGE (key) PARTITION UNBOUNDED
I0802 04:15:01.689970 898 data_dirs.cc:934] Could only allocate 1 dirs of requested 3 for tablet 5c703f0f4cc94ec79825456339a3ab82. 1 dirs total, 0 dirs full, 0 dirs failed
I0802 04:15:01.690665 1025 ts_tablet_manager.cc:1173] T 34546b1bdca44b04addad9e4657a1ec9 P 08bb750123664f5782edc1976ab8e592: Registered tablet (data state: TABLET_DATA_READY)
I0802 04:15:01.690901 1026 data_dirs.cc:934] Could only allocate 1 dirs of requested 3 for tablet bb6b8e87379d45f68e5e712714b02d1f. 1 dirs total, 0 dirs full, 0 dirs failed
I0802 04:15:01.692351 1026 ts_tablet_manager.cc:1173] T bb6b8e87379d45f68e5e712714b02d1f P 08bb750123664f5782edc1976ab8e592: Registered tablet (data state: TABLET_DATA_READY)
I0802 04:15:01.692853 1021 data_dirs.cc:934] Could only allocate 1 dirs of requested 3 for tablet 0564a0d5344449339ea7eabe7e82591f. 1 dirs total, 0 dirs full, 0 dirs failed
I0802 04:15:01.694288 1021 ts_tablet_manager.cc:1173] T 0564a0d5344449339ea7eabe7e82591f P 08bb750123664f5782edc1976ab8e592: Registered tablet (data state: TABLET_DATA_READY)
I0802 04:15:01.694519 1022 data_dirs.cc:934] Could only allocate 1 dirs of requested 3 for tablet c7b6eb8c140240669d04460b69f8a4df. 1 dirs total, 0 dirs full, 0 dirs failed
I0802 04:15:01.694880 1020 data_dirs.cc:934] Could only allocate 1 dirs of requested 3 for tablet 5c703f0f4cc94ec79825456339a3ab82. 1 dirs total, 0 dirs full, 0 dirs failed
I0802 04:15:01.696312 1020 ts_tablet_manager.cc:1173] T 5c703f0f4cc94ec79825456339a3ab82 P 08bb750123664f5782edc1976ab8e592: Registered tablet (data state: TABLET_DATA_READY)
I0802 04:15:01.696527 1024 data_dirs.cc:934] Could only allocate 1 dirs of requested 3 for tablet a5483cdca36b41b6b050d590c2e0e47f. 1 dirs total, 0 dirs full, 0 dirs failed
I0802 04:15:01.697973 1024 ts_tablet_manager.cc:1173] T a5483cdca36b41b6b050d590c2e0e47f P 08bb750123664f5782edc1976ab8e592: Registered tablet (data state: TABLET_DATA_READY)
I0802 04:15:01.698521 901 ts_tablet_manager.cc:1173] T 1466ff556b9846a69bfc0e0c047672ef P ce57a0e8b6a942f8923606287c5ff61c: Registered tablet (data state: TABLET_DATA_READY)
I0802 04:15:01.698868 898 ts_tablet_manager.cc:1173] T 5c703f0f4cc94ec79825456339a3ab82 P ce57a0e8b6a942f8923606287c5ff61c: Registered tablet (data state: TABLET_DATA_READY)
I0802 04:15:01.700184 1022 ts_tablet_manager.cc:1173] T c7b6eb8c140240669d04460b69f8a4df P 08bb750123664f5782edc1976ab8e592: Registered tablet (data state: TABLET_DATA_READY)
I0802 04:15:01.701339 1023 ts_tablet_manager.cc:1173] T 1466ff556b9846a69bfc0e0c047672ef P 08bb750123664f5782edc1976ab8e592: Registered tablet (data state: TABLET_DATA_READY)
I0802 04:15:01.701855 1027 data_dirs.cc:934] Could only allocate 1 dirs of requested 3 for tablet fce2c7936a8c4bc798ebc03c5e2df17e. 1 dirs total, 0 dirs full, 0 dirs failed
I0802 04:15:01.703773 1027 ts_tablet_manager.cc:1173] T fce2c7936a8c4bc798ebc03c5e2df17e P 08bb750123664f5782edc1976ab8e592: Registered tablet (data state: TABLET_DATA_READY)
I0802 04:15:01.704751 905 ts_tablet_manager.cc:1173] T fce2c7936a8c4bc798ebc03c5e2df17e P ce57a0e8b6a942f8923606287c5ff61c: Registered tablet (data state: TABLET_DATA_READY)
I0802 04:15:01.705106 904 ts_tablet_manager.cc:1173] T bb6b8e87379d45f68e5e712714b02d1f P ce57a0e8b6a942f8923606287c5ff61c: Registered tablet (data state: TABLET_DATA_READY)
I0802 04:15:01.705487 903 ts_tablet_manager.cc:1173] T 34546b1bdca44b04addad9e4657a1ec9 P ce57a0e8b6a942f8923606287c5ff61c: Registered tablet (data state: TABLET_DATA_READY)
I0802 04:15:01.705854 902 ts_tablet_manager.cc:1173] T a5483cdca36b41b6b050d590c2e0e47f P ce57a0e8b6a942f8923606287c5ff61c: Registered tablet (data state: TABLET_DATA_READY)
I0802 04:15:01.706028 899 ts_tablet_manager.cc:1173] T 0564a0d5344449339ea7eabe7e82591f P ce57a0e8b6a942f8923606287c5ff61c: Registered tablet (data state: TABLET_DATA_READY)
I0802 04:15:01.707581 900 ts_tablet_manager.cc:1173] T c7b6eb8c140240669d04460b69f8a4df P ce57a0e8b6a942f8923606287c5ff61c: Registered tablet (data state: TABLET_DATA_READY)
I0802 04:15:01.707610 772 ts_tablet_manager.cc:1173] T 0564a0d5344449339ea7eabe7e82591f P c7577ce447b545f8ab9695673d2e00c4: Registered tablet (data state: TABLET_DATA_READY)
I0802 04:15:01.707737 771 ts_tablet_manager.cc:1173] T 5c703f0f4cc94ec79825456339a3ab82 P c7577ce447b545f8ab9695673d2e00c4: Registered tablet (data state: TABLET_DATA_READY)
I0802 04:15:01.708598 767 ts_tablet_manager.cc:1173] T c7b6eb8c140240669d04460b69f8a4df P c7577ce447b545f8ab9695673d2e00c4: Registered tablet (data state: TABLET_DATA_READY)
I0802 04:15:01.709156 763 ts_tablet_manager.cc:1173] T a5483cdca36b41b6b050d590c2e0e47f P c7577ce447b545f8ab9695673d2e00c4: Registered tablet (data state: TABLET_DATA_READY)
I0802 04:15:01.710372 770 ts_tablet_manager.cc:1173] T bb6b8e87379d45f68e5e712714b02d1f P c7577ce447b545f8ab9695673d2e00c4: Registered tablet (data state: TABLET_DATA_READY)
I0802 04:15:01.711587 782 ts_tablet_manager.cc:1173] T 1466ff556b9846a69bfc0e0c047672ef P c7577ce447b545f8ab9695673d2e00c4: Registered tablet (data state: TABLET_DATA_READY)
I0802 04:15:01.712146 764 ts_tablet_manager.cc:1173] T 34546b1bdca44b04addad9e4657a1ec9 P c7577ce447b545f8ab9695673d2e00c4: Registered tablet (data state: TABLET_DATA_READY)
I0802 04:15:01.713130 780 ts_tablet_manager.cc:1173] T fce2c7936a8c4bc798ebc03c5e2df17e P c7577ce447b545f8ab9695673d2e00c4: Registered tablet (data state: TABLET_DATA_READY)
I0802 04:15:01.713393 1110 ts_tablet_manager.cc:1028] T 1466ff556b9846a69bfc0e0c047672ef P ce57a0e8b6a942f8923606287c5ff61c: Bootstrapping tablet
I0802 04:15:01.713546 1110 tablet_bootstrap.cc:432] T 1466ff556b9846a69bfc0e0c047672ef P ce57a0e8b6a942f8923606287c5ff61c: Bootstrap starting.
I0802 04:15:01.714560 1110 tablet_bootstrap.cc:586] T 1466ff556b9846a69bfc0e0c047672ef P ce57a0e8b6a942f8923606287c5ff61c: No blocks or log segments found. Creating new log.
I0802 04:15:01.714860 1111 ts_tablet_manager.cc:1028] T 34546b1bdca44b04addad9e4657a1ec9 P 08bb750123664f5782edc1976ab8e592: Bootstrapping tablet
I0802 04:15:01.714995 1111 tablet_bootstrap.cc:432] T 34546b1bdca44b04addad9e4657a1ec9 P 08bb750123664f5782edc1976ab8e592: Bootstrap starting.
I0802 04:15:01.715807 1111 tablet_bootstrap.cc:586] T 34546b1bdca44b04addad9e4657a1ec9 P 08bb750123664f5782edc1976ab8e592: No blocks or log segments found. Creating new log.
I0802 04:15:01.716259 1111 log.cc:525] T 34546b1bdca44b04addad9e4657a1ec9 P 08bb750123664f5782edc1976ab8e592: Log is configured to *not* fsync() on all Append() calls
I0802 04:15:01.716475 1112 ts_tablet_manager.cc:1028] T 0564a0d5344449339ea7eabe7e82591f P c7577ce447b545f8ab9695673d2e00c4: Bootstrapping tablet
I0802 04:15:01.716632 1112 tablet_bootstrap.cc:432] T 0564a0d5344449339ea7eabe7e82591f P c7577ce447b545f8ab9695673d2e00c4: Bootstrap starting.
I0802 04:15:01.717087 1111 tablet_bootstrap.cc:432] T 34546b1bdca44b04addad9e4657a1ec9 P 08bb750123664f5782edc1976ab8e592: No bootstrap required, opened a new log
I0802 04:15:01.717221 1111 ts_tablet_manager.cc:1045] T 34546b1bdca44b04addad9e4657a1ec9 P 08bb750123664f5782edc1976ab8e592: Time spent bootstrapping tablet: real 0.002s user 0.002s sys 0.000s
I0802 04:15:01.717548 1112 tablet_bootstrap.cc:586] T 0564a0d5344449339ea7eabe7e82591f P c7577ce447b545f8ab9695673d2e00c4: No blocks or log segments found. Creating new log.
I0802 04:15:01.719069 1110 log.cc:525] T 1466ff556b9846a69bfc0e0c047672ef P ce57a0e8b6a942f8923606287c5ff61c: Log is configured to *not* fsync() on all Append() calls
I0802 04:15:01.719506 1112 log.cc:525] T 0564a0d5344449339ea7eabe7e82591f P c7577ce447b545f8ab9695673d2e00c4: Log is configured to *not* fsync() on all Append() calls
I0802 04:15:01.719919 1110 tablet_bootstrap.cc:432] T 1466ff556b9846a69bfc0e0c047672ef P ce57a0e8b6a942f8923606287c5ff61c: No bootstrap required, opened a new log
I0802 04:15:01.720043 1110 ts_tablet_manager.cc:1045] T 1466ff556b9846a69bfc0e0c047672ef P ce57a0e8b6a942f8923606287c5ff61c: Time spent bootstrapping tablet: real 0.007s user 0.002s sys 0.000s
I0802 04:15:01.720289 1112 tablet_bootstrap.cc:432] T 0564a0d5344449339ea7eabe7e82591f P c7577ce447b545f8ab9695673d2e00c4: No bootstrap required, opened a new log
I0802 04:15:01.720365 1111 raft_consensus.cc:325] T 34546b1bdca44b04addad9e4657a1ec9 P 08bb750123664f5782edc1976ab8e592 [term 0 FOLLOWER]: Replica starting. Triggering 0 pending transactions. Active config: opid_index: -1 OBSOLETE_local: false peers { permanent_uuid: "c7577ce447b545f8ab9695673d2e00c4" member_type: VOTER last_known_addr { host: "127.0.52.193" port: 33585 } } peers { permanent_uuid: "ce57a0e8b6a942f8923606287c5ff61c" member_type: VOTER last_known_addr { host: "127.0.52.194" port: 35717 } } peers { permanent_uuid: "08bb750123664f5782edc1976ab8e592" member_type: VOTER last_known_addr { host: "127.0.52.195" port: 38677 } }
I0802 04:15:01.720412 1112 ts_tablet_manager.cc:1045] T 0564a0d5344449339ea7eabe7e82591f P c7577ce447b545f8ab9695673d2e00c4: Time spent bootstrapping tablet: real 0.004s user 0.003s sys 0.000s
I0802 04:15:01.720428 1111 raft_consensus.cc:351] T 34546b1bdca44b04addad9e4657a1ec9 P 08bb750123664f5782edc1976ab8e592 [term 0 FOLLOWER]: Consensus starting up: Expiring failure detector timer to make a prompt election more likely
I0802 04:15:01.720469 1111 raft_consensus.cc:630] T 34546b1bdca44b04addad9e4657a1ec9 P 08bb750123664f5782edc1976ab8e592 [term 0 FOLLOWER]: Becoming Follower/Learner. State: Replica: 08bb750123664f5782edc1976ab8e592, State: Initialized, Role: FOLLOWER
I0802 04:15:01.720778 1111 consensus_queue.cc:227] T 34546b1bdca44b04addad9e4657a1ec9 P 08bb750123664f5782edc1976ab8e592 [NON_LEADER]: Queue going to NON_LEADER mode. State: All replicated index: 0, Majority replicated index: 0, Committed index: 0, Last appended: 0.0, Last appended by leader: 0, Current term: 0, Majority size: -1, State: 0, Mode: NON_LEADER, active raft config: opid_index: -1 OBSOLETE_local: false peers { permanent_uuid: "c7577ce447b545f8ab9695673d2e00c4" member_type: VOTER last_known_addr { host: "127.0.52.193" port: 33585 } } peers { permanent_uuid: "ce57a0e8b6a942f8923606287c5ff61c" member_type: VOTER last_known_addr { host: "127.0.52.194" port: 35717 } } peers { permanent_uuid: "08bb750123664f5782edc1976ab8e592" member_type: VOTER last_known_addr { host: "127.0.52.195" port: 38677 } }
I0802 04:15:01.721099 1090 heartbeater.cc:467] Master 127.0.52.254:45797 was elected leader, sending a full tablet report...
I0802 04:15:01.721242 1111 ts_tablet_manager.cc:1073] T 34546b1bdca44b04addad9e4657a1ec9 P 08bb750123664f5782edc1976ab8e592: Time spent starting tablet: real 0.004s user 0.000s sys 0.004s
I0802 04:15:01.721346 1111 ts_tablet_manager.cc:1028] T bb6b8e87379d45f68e5e712714b02d1f P 08bb750123664f5782edc1976ab8e592: Bootstrapping tablet
I0802 04:15:01.721412 1111 tablet_bootstrap.cc:432] T bb6b8e87379d45f68e5e712714b02d1f P 08bb750123664f5782edc1976ab8e592: Bootstrap starting.
I0802 04:15:01.722118 1111 tablet_bootstrap.cc:586] T bb6b8e87379d45f68e5e712714b02d1f P 08bb750123664f5782edc1976ab8e592: No blocks or log segments found. Creating new log.
I0802 04:15:01.722945 1110 raft_consensus.cc:325] T 1466ff556b9846a69bfc0e0c047672ef P ce57a0e8b6a942f8923606287c5ff61c [term 0 FOLLOWER]: Replica starting. Triggering 0 pending transactions. Active config: opid_index: -1 OBSOLETE_local: false peers { permanent_uuid: "ce57a0e8b6a942f8923606287c5ff61c" member_type: VOTER last_known_addr { host: "127.0.52.194" port: 35717 } } peers { permanent_uuid: "c7577ce447b545f8ab9695673d2e00c4" member_type: VOTER last_known_addr { host: "127.0.52.193" port: 33585 } } peers { permanent_uuid: "08bb750123664f5782edc1976ab8e592" member_type: VOTER last_known_addr { host: "127.0.52.195" port: 38677 } }
I0802 04:15:01.723047 1110 raft_consensus.cc:351] T 1466ff556b9846a69bfc0e0c047672ef P ce57a0e8b6a942f8923606287c5ff61c [term 0 FOLLOWER]: Consensus starting up: Expiring failure detector timer to make a prompt election more likely
I0802 04:15:01.723085 1110 raft_consensus.cc:630] T 1466ff556b9846a69bfc0e0c047672ef P ce57a0e8b6a942f8923606287c5ff61c [term 0 FOLLOWER]: Becoming Follower/Learner. State: Replica: ce57a0e8b6a942f8923606287c5ff61c, State: Initialized, Role: FOLLOWER
I0802 04:15:01.723367 1112 raft_consensus.cc:325] T 0564a0d5344449339ea7eabe7e82591f P c7577ce447b545f8ab9695673d2e00c4 [term 0 FOLLOWER]: Replica starting. Triggering 0 pending transactions. Active config: opid_index: -1 OBSOLETE_local: false peers { permanent_uuid: "ce57a0e8b6a942f8923606287c5ff61c" member_type: VOTER last_known_addr { host: "127.0.52.194" port: 35717 } } peers { permanent_uuid: "c7577ce447b545f8ab9695673d2e00c4" member_type: VOTER last_known_addr { host: "127.0.52.193" port: 33585 } } peers { permanent_uuid: "08bb750123664f5782edc1976ab8e592" member_type: VOTER last_known_addr { host: "127.0.52.195" port: 38677 } }
I0802 04:15:01.723423 1112 raft_consensus.cc:351] T 0564a0d5344449339ea7eabe7e82591f P c7577ce447b545f8ab9695673d2e00c4 [term 0 FOLLOWER]: Consensus starting up: Expiring failure detector timer to make a prompt election more likely
I0802 04:15:01.723459 1112 raft_consensus.cc:630] T 0564a0d5344449339ea7eabe7e82591f P c7577ce447b545f8ab9695673d2e00c4 [term 0 FOLLOWER]: Becoming Follower/Learner. State: Replica: c7577ce447b545f8ab9695673d2e00c4, State: Initialized, Role: FOLLOWER
I0802 04:15:01.723491 1110 consensus_queue.cc:227] T 1466ff556b9846a69bfc0e0c047672ef P ce57a0e8b6a942f8923606287c5ff61c [NON_LEADER]: Queue going to NON_LEADER mode. State: All replicated index: 0, Majority replicated index: 0, Committed index: 0, Last appended: 0.0, Last appended by leader: 0, Current term: 0, Majority size: -1, State: 0, Mode: NON_LEADER, active raft config: opid_index: -1 OBSOLETE_local: false peers { permanent_uuid: "ce57a0e8b6a942f8923606287c5ff61c" member_type: VOTER last_known_addr { host: "127.0.52.194" port: 35717 } } peers { permanent_uuid: "c7577ce447b545f8ab9695673d2e00c4" member_type: VOTER last_known_addr { host: "127.0.52.193" port: 33585 } } peers { permanent_uuid: "08bb750123664f5782edc1976ab8e592" member_type: VOTER last_known_addr { host: "127.0.52.195" port: 38677 } }
I0802 04:15:01.723675 1111 tablet_bootstrap.cc:432] T bb6b8e87379d45f68e5e712714b02d1f P 08bb750123664f5782edc1976ab8e592: No bootstrap required, opened a new log
I0802 04:15:01.723804 1111 ts_tablet_manager.cc:1045] T bb6b8e87379d45f68e5e712714b02d1f P 08bb750123664f5782edc1976ab8e592: Time spent bootstrapping tablet: real 0.002s user 0.000s sys 0.002s
I0802 04:15:01.723841 968 heartbeater.cc:467] Master 127.0.52.254:45797 was elected leader, sending a full tablet report...
I0802 04:15:01.723851 1112 consensus_queue.cc:227] T 0564a0d5344449339ea7eabe7e82591f P c7577ce447b545f8ab9695673d2e00c4 [NON_LEADER]: Queue going to NON_LEADER mode. State: All replicated index: 0, Majority replicated index: 0, Committed index: 0, Last appended: 0.0, Last appended by leader: 0, Current term: 0, Majority size: -1, State: 0, Mode: NON_LEADER, active raft config: opid_index: -1 OBSOLETE_local: false peers { permanent_uuid: "ce57a0e8b6a942f8923606287c5ff61c" member_type: VOTER last_known_addr { host: "127.0.52.194" port: 35717 } } peers { permanent_uuid: "c7577ce447b545f8ab9695673d2e00c4" member_type: VOTER last_known_addr { host: "127.0.52.193" port: 33585 } } peers { permanent_uuid: "08bb750123664f5782edc1976ab8e592" member_type: VOTER last_known_addr { host: "127.0.52.195" port: 38677 } }
I0802 04:15:01.724313 845 heartbeater.cc:467] Master 127.0.52.254:45797 was elected leader, sending a full tablet report...
I0802 04:15:01.724362 1111 raft_consensus.cc:325] T bb6b8e87379d45f68e5e712714b02d1f P 08bb750123664f5782edc1976ab8e592 [term 0 FOLLOWER]: Replica starting. Triggering 0 pending transactions. Active config: opid_index: -1 OBSOLETE_local: false peers { permanent_uuid: "c7577ce447b545f8ab9695673d2e00c4" member_type: VOTER last_known_addr { host: "127.0.52.193" port: 33585 } } peers { permanent_uuid: "ce57a0e8b6a942f8923606287c5ff61c" member_type: VOTER last_known_addr { host: "127.0.52.194" port: 35717 } } peers { permanent_uuid: "08bb750123664f5782edc1976ab8e592" member_type: VOTER last_known_addr { host: "127.0.52.195" port: 38677 } }
I0802 04:15:01.724436 1111 raft_consensus.cc:351] T bb6b8e87379d45f68e5e712714b02d1f P 08bb750123664f5782edc1976ab8e592 [term 0 FOLLOWER]: Consensus starting up: Expiring failure detector timer to make a prompt election more likely
I0802 04:15:01.724495 1111 raft_consensus.cc:630] T bb6b8e87379d45f68e5e712714b02d1f P 08bb750123664f5782edc1976ab8e592 [term 0 FOLLOWER]: Becoming Follower/Learner. State: Replica: 08bb750123664f5782edc1976ab8e592, State: Initialized, Role: FOLLOWER
I0802 04:15:01.724687 1111 consensus_queue.cc:227] T bb6b8e87379d45f68e5e712714b02d1f P 08bb750123664f5782edc1976ab8e592 [NON_LEADER]: Queue going to NON_LEADER mode. State: All replicated index: 0, Majority replicated index: 0, Committed index: 0, Last appended: 0.0, Last appended by leader: 0, Current term: 0, Majority size: -1, State: 0, Mode: NON_LEADER, active raft config: opid_index: -1 OBSOLETE_local: false peers { permanent_uuid: "c7577ce447b545f8ab9695673d2e00c4" member_type: VOTER last_known_addr { host: "127.0.52.193" port: 33585 } } peers { permanent_uuid: "ce57a0e8b6a942f8923606287c5ff61c" member_type: VOTER last_known_addr { host: "127.0.52.194" port: 35717 } } peers { permanent_uuid: "08bb750123664f5782edc1976ab8e592" member_type: VOTER last_known_addr { host: "127.0.52.195" port: 38677 } }
I0802 04:15:01.724917 1111 ts_tablet_manager.cc:1073] T bb6b8e87379d45f68e5e712714b02d1f P 08bb750123664f5782edc1976ab8e592: Time spent starting tablet: real 0.001s user 0.000s sys 0.001s
I0802 04:15:01.725059 1111 ts_tablet_manager.cc:1028] T 0564a0d5344449339ea7eabe7e82591f P 08bb750123664f5782edc1976ab8e592: Bootstrapping tablet
I0802 04:15:01.725150 1111 tablet_bootstrap.cc:432] T 0564a0d5344449339ea7eabe7e82591f P 08bb750123664f5782edc1976ab8e592: Bootstrap starting.
I0802 04:15:01.725416 1112 ts_tablet_manager.cc:1073] T 0564a0d5344449339ea7eabe7e82591f P c7577ce447b545f8ab9695673d2e00c4: Time spent starting tablet: real 0.005s user 0.004s sys 0.000s
I0802 04:15:01.725551 1112 ts_tablet_manager.cc:1028] T 5c703f0f4cc94ec79825456339a3ab82 P c7577ce447b545f8ab9695673d2e00c4: Bootstrapping tablet
I0802 04:15:01.725622 1112 tablet_bootstrap.cc:432] T 5c703f0f4cc94ec79825456339a3ab82 P c7577ce447b545f8ab9695673d2e00c4: Bootstrap starting.
I0802 04:15:01.726066 1111 tablet_bootstrap.cc:586] T 0564a0d5344449339ea7eabe7e82591f P 08bb750123664f5782edc1976ab8e592: No blocks or log segments found. Creating new log.
I0802 04:15:01.726402 1112 tablet_bootstrap.cc:586] T 5c703f0f4cc94ec79825456339a3ab82 P c7577ce447b545f8ab9695673d2e00c4: No blocks or log segments found. Creating new log.
I0802 04:15:01.727692 1110 ts_tablet_manager.cc:1073] T 1466ff556b9846a69bfc0e0c047672ef P ce57a0e8b6a942f8923606287c5ff61c: Time spent starting tablet: real 0.008s user 0.004s sys 0.000s
I0802 04:15:01.727811 1110 ts_tablet_manager.cc:1028] T 5c703f0f4cc94ec79825456339a3ab82 P ce57a0e8b6a942f8923606287c5ff61c: Bootstrapping tablet
I0802 04:15:01.727881 1110 tablet_bootstrap.cc:432] T 5c703f0f4cc94ec79825456339a3ab82 P ce57a0e8b6a942f8923606287c5ff61c: Bootstrap starting.
I0802 04:15:01.728101 1111 tablet_bootstrap.cc:432] T 0564a0d5344449339ea7eabe7e82591f P 08bb750123664f5782edc1976ab8e592: No bootstrap required, opened a new log
I0802 04:15:01.728193 1111 ts_tablet_manager.cc:1045] T 0564a0d5344449339ea7eabe7e82591f P 08bb750123664f5782edc1976ab8e592: Time spent bootstrapping tablet: real 0.003s user 0.000s sys 0.002s
I0802 04:15:01.728353 1112 tablet_bootstrap.cc:432] T 5c703f0f4cc94ec79825456339a3ab82 P c7577ce447b545f8ab9695673d2e00c4: No bootstrap required, opened a new log
I0802 04:15:01.728425 1112 ts_tablet_manager.cc:1045] T 5c703f0f4cc94ec79825456339a3ab82 P c7577ce447b545f8ab9695673d2e00c4: Time spent bootstrapping tablet: real 0.003s user 0.001s sys 0.000s
I0802 04:15:01.728605 1110 tablet_bootstrap.cc:586] T 5c703f0f4cc94ec79825456339a3ab82 P ce57a0e8b6a942f8923606287c5ff61c: No blocks or log segments found. Creating new log.
I0802 04:15:01.728714 1111 raft_consensus.cc:325] T 0564a0d5344449339ea7eabe7e82591f P 08bb750123664f5782edc1976ab8e592 [term 0 FOLLOWER]: Replica starting. Triggering 0 pending transactions. Active config: opid_index: -1 OBSOLETE_local: false peers { permanent_uuid: "ce57a0e8b6a942f8923606287c5ff61c" member_type: VOTER last_known_addr { host: "127.0.52.194" port: 35717 } } peers { permanent_uuid: "c7577ce447b545f8ab9695673d2e00c4" member_type: VOTER last_known_addr { host: "127.0.52.193" port: 33585 } } peers { permanent_uuid: "08bb750123664f5782edc1976ab8e592" member_type: VOTER last_known_addr { host: "127.0.52.195" port: 38677 } }
I0802 04:15:01.728745 1111 raft_consensus.cc:351] T 0564a0d5344449339ea7eabe7e82591f P 08bb750123664f5782edc1976ab8e592 [term 0 FOLLOWER]: Consensus starting up: Expiring failure detector timer to make a prompt election more likely
I0802 04:15:01.728763 1111 raft_consensus.cc:630] T 0564a0d5344449339ea7eabe7e82591f P 08bb750123664f5782edc1976ab8e592 [term 0 FOLLOWER]: Becoming Follower/Learner. State: Replica: 08bb750123664f5782edc1976ab8e592, State: Initialized, Role: FOLLOWER
I0802 04:15:01.728845 1112 raft_consensus.cc:325] T 5c703f0f4cc94ec79825456339a3ab82 P c7577ce447b545f8ab9695673d2e00c4 [term 0 FOLLOWER]: Replica starting. Triggering 0 pending transactions. Active config: opid_index: -1 OBSOLETE_local: false peers { permanent_uuid: "c7577ce447b545f8ab9695673d2e00c4" member_type: VOTER last_known_addr { host: "127.0.52.193" port: 33585 } } peers { permanent_uuid: "ce57a0e8b6a942f8923606287c5ff61c" member_type: VOTER last_known_addr { host: "127.0.52.194" port: 35717 } } peers { permanent_uuid: "08bb750123664f5782edc1976ab8e592" member_type: VOTER last_known_addr { host: "127.0.52.195" port: 38677 } }
I0802 04:15:01.728888 1112 raft_consensus.cc:351] T 5c703f0f4cc94ec79825456339a3ab82 P c7577ce447b545f8ab9695673d2e00c4 [term 0 FOLLOWER]: Consensus starting up: Expiring failure detector timer to make a prompt election more likely
I0802 04:15:01.728914 1112 raft_consensus.cc:630] T 5c703f0f4cc94ec79825456339a3ab82 P c7577ce447b545f8ab9695673d2e00c4 [term 0 FOLLOWER]: Becoming Follower/Learner. State: Replica: c7577ce447b545f8ab9695673d2e00c4, State: Initialized, Role: FOLLOWER
I0802 04:15:01.728921 1111 consensus_queue.cc:227] T 0564a0d5344449339ea7eabe7e82591f P 08bb750123664f5782edc1976ab8e592 [NON_LEADER]: Queue going to NON_LEADER mode. State: All replicated index: 0, Majority replicated index: 0, Committed index: 0, Last appended: 0.0, Last appended by leader: 0, Current term: 0, Majority size: -1, State: 0, Mode: NON_LEADER, active raft config: opid_index: -1 OBSOLETE_local: false peers { permanent_uuid: "ce57a0e8b6a942f8923606287c5ff61c" member_type: VOTER last_known_addr { host: "127.0.52.194" port: 35717 } } peers { permanent_uuid: "c7577ce447b545f8ab9695673d2e00c4" member_type: VOTER last_known_addr { host: "127.0.52.193" port: 33585 } } peers { permanent_uuid: "08bb750123664f5782edc1976ab8e592" member_type: VOTER last_known_addr { host: "127.0.52.195" port: 38677 } }
I0802 04:15:01.729063 1112 consensus_queue.cc:227] T 5c703f0f4cc94ec79825456339a3ab82 P c7577ce447b545f8ab9695673d2e00c4 [NON_LEADER]: Queue going to NON_LEADER mode. State: All replicated index: 0, Majority replicated index: 0, Committed index: 0, Last appended: 0.0, Last appended by leader: 0, Current term: 0, Majority size: -1, State: 0, Mode: NON_LEADER, active raft config: opid_index: -1 OBSOLETE_local: false peers { permanent_uuid: "c7577ce447b545f8ab9695673d2e00c4" member_type: VOTER last_known_addr { host: "127.0.52.193" port: 33585 } } peers { permanent_uuid: "ce57a0e8b6a942f8923606287c5ff61c" member_type: VOTER last_known_addr { host: "127.0.52.194" port: 35717 } } peers { permanent_uuid: "08bb750123664f5782edc1976ab8e592" member_type: VOTER last_known_addr { host: "127.0.52.195" port: 38677 } }
I0802 04:15:01.729239 1112 ts_tablet_manager.cc:1073] T 5c703f0f4cc94ec79825456339a3ab82 P c7577ce447b545f8ab9695673d2e00c4: Time spent starting tablet: real 0.001s user 0.001s sys 0.000s
I0802 04:15:01.729305 1112 ts_tablet_manager.cc:1028] T c7b6eb8c140240669d04460b69f8a4df P c7577ce447b545f8ab9695673d2e00c4: Bootstrapping tablet
I0802 04:15:01.729360 1112 tablet_bootstrap.cc:432] T c7b6eb8c140240669d04460b69f8a4df P c7577ce447b545f8ab9695673d2e00c4: Bootstrap starting.
I0802 04:15:01.729396 1111 ts_tablet_manager.cc:1073] T 0564a0d5344449339ea7eabe7e82591f P 08bb750123664f5782edc1976ab8e592: Time spent starting tablet: real 0.001s user 0.000s sys 0.001s
I0802 04:15:01.729471 1111 ts_tablet_manager.cc:1028] T 5c703f0f4cc94ec79825456339a3ab82 P 08bb750123664f5782edc1976ab8e592: Bootstrapping tablet
I0802 04:15:01.729529 1111 tablet_bootstrap.cc:432] T 5c703f0f4cc94ec79825456339a3ab82 P 08bb750123664f5782edc1976ab8e592: Bootstrap starting.
I0802 04:15:01.730084 1112 tablet_bootstrap.cc:586] T c7b6eb8c140240669d04460b69f8a4df P c7577ce447b545f8ab9695673d2e00c4: No blocks or log segments found. Creating new log.
I0802 04:15:01.730252 1111 tablet_bootstrap.cc:586] T 5c703f0f4cc94ec79825456339a3ab82 P 08bb750123664f5782edc1976ab8e592: No blocks or log segments found. Creating new log.
I0802 04:15:01.731006 1110 tablet_bootstrap.cc:432] T 5c703f0f4cc94ec79825456339a3ab82 P ce57a0e8b6a942f8923606287c5ff61c: No bootstrap required, opened a new log
I0802 04:15:01.731075 1110 ts_tablet_manager.cc:1045] T 5c703f0f4cc94ec79825456339a3ab82 P ce57a0e8b6a942f8923606287c5ff61c: Time spent bootstrapping tablet: real 0.003s user 0.001s sys 0.000s
I0802 04:15:01.731184 1112 tablet_bootstrap.cc:432] T c7b6eb8c140240669d04460b69f8a4df P c7577ce447b545f8ab9695673d2e00c4: No bootstrap required, opened a new log
I0802 04:15:01.731247 1112 ts_tablet_manager.cc:1045] T c7b6eb8c140240669d04460b69f8a4df P c7577ce447b545f8ab9695673d2e00c4: Time spent bootstrapping tablet: real 0.002s user 0.001s sys 0.000s
I0802 04:15:01.731287 1111 tablet_bootstrap.cc:432] T 5c703f0f4cc94ec79825456339a3ab82 P 08bb750123664f5782edc1976ab8e592: No bootstrap required, opened a new log
I0802 04:15:01.731400 1111 ts_tablet_manager.cc:1045] T 5c703f0f4cc94ec79825456339a3ab82 P 08bb750123664f5782edc1976ab8e592: Time spent bootstrapping tablet: real 0.002s user 0.000s sys 0.001s
I0802 04:15:01.731539 1110 raft_consensus.cc:325] T 5c703f0f4cc94ec79825456339a3ab82 P ce57a0e8b6a942f8923606287c5ff61c [term 0 FOLLOWER]: Replica starting. Triggering 0 pending transactions. Active config: opid_index: -1 OBSOLETE_local: false peers { permanent_uuid: "c7577ce447b545f8ab9695673d2e00c4" member_type: VOTER last_known_addr { host: "127.0.52.193" port: 33585 } } peers { permanent_uuid: "ce57a0e8b6a942f8923606287c5ff61c" member_type: VOTER last_known_addr { host: "127.0.52.194" port: 35717 } } peers { permanent_uuid: "08bb750123664f5782edc1976ab8e592" member_type: VOTER last_known_addr { host: "127.0.52.195" port: 38677 } }
I0802 04:15:01.731564 1110 raft_consensus.cc:351] T 5c703f0f4cc94ec79825456339a3ab82 P ce57a0e8b6a942f8923606287c5ff61c [term 0 FOLLOWER]: Consensus starting up: Expiring failure detector timer to make a prompt election more likely
I0802 04:15:01.731581 1110 raft_consensus.cc:630] T 5c703f0f4cc94ec79825456339a3ab82 P ce57a0e8b6a942f8923606287c5ff61c [term 0 FOLLOWER]: Becoming Follower/Learner. State: Replica: ce57a0e8b6a942f8923606287c5ff61c, State: Initialized, Role: FOLLOWER
I0802 04:15:01.731696 1112 raft_consensus.cc:325] T c7b6eb8c140240669d04460b69f8a4df P c7577ce447b545f8ab9695673d2e00c4 [term 0 FOLLOWER]: Replica starting. Triggering 0 pending transactions. Active config: opid_index: -1 OBSOLETE_local: false peers { permanent_uuid: "c7577ce447b545f8ab9695673d2e00c4" member_type: VOTER last_known_addr { host: "127.0.52.193" port: 33585 } } peers { permanent_uuid: "ce57a0e8b6a942f8923606287c5ff61c" member_type: VOTER last_known_addr { host: "127.0.52.194" port: 35717 } } peers { permanent_uuid: "08bb750123664f5782edc1976ab8e592" member_type: VOTER last_known_addr { host: "127.0.52.195" port: 38677 } }
I0802 04:15:01.731732 1112 raft_consensus.cc:351] T c7b6eb8c140240669d04460b69f8a4df P c7577ce447b545f8ab9695673d2e00c4 [term 0 FOLLOWER]: Consensus starting up: Expiring failure detector timer to make a prompt election more likely
I0802 04:15:01.731755 1112 raft_consensus.cc:630] T c7b6eb8c140240669d04460b69f8a4df P c7577ce447b545f8ab9695673d2e00c4 [term 0 FOLLOWER]: Becoming Follower/Learner. State: Replica: c7577ce447b545f8ab9695673d2e00c4, State: Initialized, Role: FOLLOWER
I0802 04:15:01.731756 1110 consensus_queue.cc:227] T 5c703f0f4cc94ec79825456339a3ab82 P ce57a0e8b6a942f8923606287c5ff61c [NON_LEADER]: Queue going to NON_LEADER mode. State: All replicated index: 0, Majority replicated index: 0, Committed index: 0, Last appended: 0.0, Last appended by leader: 0, Current term: 0, Majority size: -1, State: 0, Mode: NON_LEADER, active raft config: opid_index: -1 OBSOLETE_local: false peers { permanent_uuid: "c7577ce447b545f8ab9695673d2e00c4" member_type: VOTER last_known_addr { host: "127.0.52.193" port: 33585 } } peers { permanent_uuid: "ce57a0e8b6a942f8923606287c5ff61c" member_type: VOTER last_known_addr { host: "127.0.52.194" port: 35717 } } peers { permanent_uuid: "08bb750123664f5782edc1976ab8e592" member_type: VOTER last_known_addr { host: "127.0.52.195" port: 38677 } }
I0802 04:15:01.731853 1111 raft_consensus.cc:325] T 5c703f0f4cc94ec79825456339a3ab82 P 08bb750123664f5782edc1976ab8e592 [term 0 FOLLOWER]: Replica starting. Triggering 0 pending transactions. Active config: opid_index: -1 OBSOLETE_local: false peers { permanent_uuid: "c7577ce447b545f8ab9695673d2e00c4" member_type: VOTER last_known_addr { host: "127.0.52.193" port: 33585 } } peers { permanent_uuid: "ce57a0e8b6a942f8923606287c5ff61c" member_type: VOTER last_known_addr { host: "127.0.52.194" port: 35717 } } peers { permanent_uuid: "08bb750123664f5782edc1976ab8e592" member_type: VOTER last_known_addr { host: "127.0.52.195" port: 38677 } }
I0802 04:15:01.731887 1111 raft_consensus.cc:351] T 5c703f0f4cc94ec79825456339a3ab82 P 08bb750123664f5782edc1976ab8e592 [term 0 FOLLOWER]: Consensus starting up: Expiring failure detector timer to make a prompt election more likely
I0802 04:15:01.731910 1111 raft_consensus.cc:630] T 5c703f0f4cc94ec79825456339a3ab82 P 08bb750123664f5782edc1976ab8e592 [term 0 FOLLOWER]: Becoming Follower/Learner. State: Replica: 08bb750123664f5782edc1976ab8e592, State: Initialized, Role: FOLLOWER
I0802 04:15:01.731910 1112 consensus_queue.cc:227] T c7b6eb8c140240669d04460b69f8a4df P c7577ce447b545f8ab9695673d2e00c4 [NON_LEADER]: Queue going to NON_LEADER mode. State: All replicated index: 0, Majority replicated index: 0, Committed index: 0, Last appended: 0.0, Last appended by leader: 0, Current term: 0, Majority size: -1, State: 0, Mode: NON_LEADER, active raft config: opid_index: -1 OBSOLETE_local: false peers { permanent_uuid: "c7577ce447b545f8ab9695673d2e00c4" member_type: VOTER last_known_addr { host: "127.0.52.193" port: 33585 } } peers { permanent_uuid: "ce57a0e8b6a942f8923606287c5ff61c" member_type: VOTER last_known_addr { host: "127.0.52.194" port: 35717 } } peers { permanent_uuid: "08bb750123664f5782edc1976ab8e592" member_type: VOTER last_known_addr { host: "127.0.52.195" port: 38677 } }
I0802 04:15:01.732159 1111 consensus_queue.cc:227] T 5c703f0f4cc94ec79825456339a3ab82 P 08bb750123664f5782edc1976ab8e592 [NON_LEADER]: Queue going to NON_LEADER mode. State: All replicated index: 0, Majority replicated index: 0, Committed index: 0, Last appended: 0.0, Last appended by leader: 0, Current term: 0, Majority size: -1, State: 0, Mode: NON_LEADER, active raft config: opid_index: -1 OBSOLETE_local: false peers { permanent_uuid: "c7577ce447b545f8ab9695673d2e00c4" member_type: VOTER last_known_addr { host: "127.0.52.193" port: 33585 } } peers { permanent_uuid: "ce57a0e8b6a942f8923606287c5ff61c" member_type: VOTER last_known_addr { host: "127.0.52.194" port: 35717 } } peers { permanent_uuid: "08bb750123664f5782edc1976ab8e592" member_type: VOTER last_known_addr { host: "127.0.52.195" port: 38677 } }
I0802 04:15:01.732244 1110 ts_tablet_manager.cc:1073] T 5c703f0f4cc94ec79825456339a3ab82 P ce57a0e8b6a942f8923606287c5ff61c: Time spent starting tablet: real 0.001s user 0.000s sys 0.001s
I0802 04:15:01.732328 1110 ts_tablet_manager.cc:1028] T fce2c7936a8c4bc798ebc03c5e2df17e P ce57a0e8b6a942f8923606287c5ff61c: Bootstrapping tablet
I0802 04:15:01.732386 1110 tablet_bootstrap.cc:432] T fce2c7936a8c4bc798ebc03c5e2df17e P ce57a0e8b6a942f8923606287c5ff61c: Bootstrap starting.
I0802 04:15:01.733172 1110 tablet_bootstrap.cc:586] T fce2c7936a8c4bc798ebc03c5e2df17e P ce57a0e8b6a942f8923606287c5ff61c: No blocks or log segments found. Creating new log.
I0802 04:15:01.733187 1112 ts_tablet_manager.cc:1073] T c7b6eb8c140240669d04460b69f8a4df P c7577ce447b545f8ab9695673d2e00c4: Time spent starting tablet: real 0.002s user 0.001s sys 0.000s
I0802 04:15:01.733290 1112 ts_tablet_manager.cc:1028] T a5483cdca36b41b6b050d590c2e0e47f P c7577ce447b545f8ab9695673d2e00c4: Bootstrapping tablet
I0802 04:15:01.733355 1112 tablet_bootstrap.cc:432] T a5483cdca36b41b6b050d590c2e0e47f P c7577ce447b545f8ab9695673d2e00c4: Bootstrap starting.
I0802 04:15:01.734069 1112 tablet_bootstrap.cc:586] T a5483cdca36b41b6b050d590c2e0e47f P c7577ce447b545f8ab9695673d2e00c4: No blocks or log segments found. Creating new log.
I0802 04:15:01.734086 1111 ts_tablet_manager.cc:1073] T 5c703f0f4cc94ec79825456339a3ab82 P 08bb750123664f5782edc1976ab8e592: Time spent starting tablet: real 0.003s user 0.000s sys 0.001s
I0802 04:15:01.734159 1111 ts_tablet_manager.cc:1028] T a5483cdca36b41b6b050d590c2e0e47f P 08bb750123664f5782edc1976ab8e592: Bootstrapping tablet
I0802 04:15:01.734236 1111 tablet_bootstrap.cc:432] T a5483cdca36b41b6b050d590c2e0e47f P 08bb750123664f5782edc1976ab8e592: Bootstrap starting.
I0802 04:15:01.734932 1111 tablet_bootstrap.cc:586] T a5483cdca36b41b6b050d590c2e0e47f P 08bb750123664f5782edc1976ab8e592: No blocks or log segments found. Creating new log.
I0802 04:15:01.734938 1110 tablet_bootstrap.cc:432] T fce2c7936a8c4bc798ebc03c5e2df17e P ce57a0e8b6a942f8923606287c5ff61c: No bootstrap required, opened a new log
I0802 04:15:01.734997 1110 ts_tablet_manager.cc:1045] T fce2c7936a8c4bc798ebc03c5e2df17e P ce57a0e8b6a942f8923606287c5ff61c: Time spent bootstrapping tablet: real 0.003s user 0.000s sys 0.001s
I0802 04:15:01.735375 1110 raft_consensus.cc:325] T fce2c7936a8c4bc798ebc03c5e2df17e P ce57a0e8b6a942f8923606287c5ff61c [term 0 FOLLOWER]: Replica starting. Triggering 0 pending transactions. Active config: opid_index: -1 OBSOLETE_local: false peers { permanent_uuid: "ce57a0e8b6a942f8923606287c5ff61c" member_type: VOTER last_known_addr { host: "127.0.52.194" port: 35717 } } peers { permanent_uuid: "08bb750123664f5782edc1976ab8e592" member_type: VOTER last_known_addr { host: "127.0.52.195" port: 38677 } } peers { permanent_uuid: "c7577ce447b545f8ab9695673d2e00c4" member_type: VOTER last_known_addr { host: "127.0.52.193" port: 33585 } }
I0802 04:15:01.735402 1110 raft_consensus.cc:351] T fce2c7936a8c4bc798ebc03c5e2df17e P ce57a0e8b6a942f8923606287c5ff61c [term 0 FOLLOWER]: Consensus starting up: Expiring failure detector timer to make a prompt election more likely
I0802 04:15:01.735419 1110 raft_consensus.cc:630] T fce2c7936a8c4bc798ebc03c5e2df17e P ce57a0e8b6a942f8923606287c5ff61c [term 0 FOLLOWER]: Becoming Follower/Learner. State: Replica: ce57a0e8b6a942f8923606287c5ff61c, State: Initialized, Role: FOLLOWER
I0802 04:15:01.735574 1110 consensus_queue.cc:227] T fce2c7936a8c4bc798ebc03c5e2df17e P ce57a0e8b6a942f8923606287c5ff61c [NON_LEADER]: Queue going to NON_LEADER mode. State: All replicated index: 0, Majority replicated index: 0, Committed index: 0, Last appended: 0.0, Last appended by leader: 0, Current term: 0, Majority size: -1, State: 0, Mode: NON_LEADER, active raft config: opid_index: -1 OBSOLETE_local: false peers { permanent_uuid: "ce57a0e8b6a942f8923606287c5ff61c" member_type: VOTER last_known_addr { host: "127.0.52.194" port: 35717 } } peers { permanent_uuid: "08bb750123664f5782edc1976ab8e592" member_type: VOTER last_known_addr { host: "127.0.52.195" port: 38677 } } peers { permanent_uuid: "c7577ce447b545f8ab9695673d2e00c4" member_type: VOTER last_known_addr { host: "127.0.52.193" port: 33585 } }
I0802 04:15:01.735735 1112 tablet_bootstrap.cc:432] T a5483cdca36b41b6b050d590c2e0e47f P c7577ce447b545f8ab9695673d2e00c4: No bootstrap required, opened a new log
I0802 04:15:01.735792 1112 ts_tablet_manager.cc:1045] T a5483cdca36b41b6b050d590c2e0e47f P c7577ce447b545f8ab9695673d2e00c4: Time spent bootstrapping tablet: real 0.002s user 0.001s sys 0.000s
I0802 04:15:01.735918 1111 tablet_bootstrap.cc:432] T a5483cdca36b41b6b050d590c2e0e47f P 08bb750123664f5782edc1976ab8e592: No bootstrap required, opened a new log
I0802 04:15:01.735998 1111 ts_tablet_manager.cc:1045] T a5483cdca36b41b6b050d590c2e0e47f P 08bb750123664f5782edc1976ab8e592: Time spent bootstrapping tablet: real 0.002s user 0.001s sys 0.000s
I0802 04:15:01.736188 1112 raft_consensus.cc:325] T a5483cdca36b41b6b050d590c2e0e47f P c7577ce447b545f8ab9695673d2e00c4 [term 0 FOLLOWER]: Replica starting. Triggering 0 pending transactions. Active config: opid_index: -1 OBSOLETE_local: false peers { permanent_uuid: "c7577ce447b545f8ab9695673d2e00c4" member_type: VOTER last_known_addr { host: "127.0.52.193" port: 33585 } } peers { permanent_uuid: "ce57a0e8b6a942f8923606287c5ff61c" member_type: VOTER last_known_addr { host: "127.0.52.194" port: 35717 } } peers { permanent_uuid: "08bb750123664f5782edc1976ab8e592" member_type: VOTER last_known_addr { host: "127.0.52.195" port: 38677 } }
I0802 04:15:01.736217 1112 raft_consensus.cc:351] T a5483cdca36b41b6b050d590c2e0e47f P c7577ce447b545f8ab9695673d2e00c4 [term 0 FOLLOWER]: Consensus starting up: Expiring failure detector timer to make a prompt election more likely
I0802 04:15:01.736233 1112 raft_consensus.cc:630] T a5483cdca36b41b6b050d590c2e0e47f P c7577ce447b545f8ab9695673d2e00c4 [term 0 FOLLOWER]: Becoming Follower/Learner. State: Replica: c7577ce447b545f8ab9695673d2e00c4, State: Initialized, Role: FOLLOWER
I0802 04:15:01.736268 1110 ts_tablet_manager.cc:1073] T fce2c7936a8c4bc798ebc03c5e2df17e P ce57a0e8b6a942f8923606287c5ff61c: Time spent starting tablet: real 0.001s user 0.001s sys 0.000s
I0802 04:15:01.736342 1110 ts_tablet_manager.cc:1028] T bb6b8e87379d45f68e5e712714b02d1f P ce57a0e8b6a942f8923606287c5ff61c: Bootstrapping tablet
I0802 04:15:01.736402 1110 tablet_bootstrap.cc:432] T bb6b8e87379d45f68e5e712714b02d1f P ce57a0e8b6a942f8923606287c5ff61c: Bootstrap starting.
I0802 04:15:01.736404 1112 consensus_queue.cc:227] T a5483cdca36b41b6b050d590c2e0e47f P c7577ce447b545f8ab9695673d2e00c4 [NON_LEADER]: Queue going to NON_LEADER mode. State: All replicated index: 0, Majority replicated index: 0, Committed index: 0, Last appended: 0.0, Last appended by leader: 0, Current term: 0, Majority size: -1, State: 0, Mode: NON_LEADER, active raft config: opid_index: -1 OBSOLETE_local: false peers { permanent_uuid: "c7577ce447b545f8ab9695673d2e00c4" member_type: VOTER last_known_addr { host: "127.0.52.193" port: 33585 } } peers { permanent_uuid: "ce57a0e8b6a942f8923606287c5ff61c" member_type: VOTER last_known_addr { host: "127.0.52.194" port: 35717 } } peers { permanent_uuid: "08bb750123664f5782edc1976ab8e592" member_type: VOTER last_known_addr { host: "127.0.52.195" port: 38677 } }
I0802 04:15:01.737380 1110 tablet_bootstrap.cc:586] T bb6b8e87379d45f68e5e712714b02d1f P ce57a0e8b6a942f8923606287c5ff61c: No blocks or log segments found. Creating new log.
I0802 04:15:01.737486 1111 raft_consensus.cc:325] T a5483cdca36b41b6b050d590c2e0e47f P 08bb750123664f5782edc1976ab8e592 [term 0 FOLLOWER]: Replica starting. Triggering 0 pending transactions. Active config: opid_index: -1 OBSOLETE_local: false peers { permanent_uuid: "c7577ce447b545f8ab9695673d2e00c4" member_type: VOTER last_known_addr { host: "127.0.52.193" port: 33585 } } peers { permanent_uuid: "ce57a0e8b6a942f8923606287c5ff61c" member_type: VOTER last_known_addr { host: "127.0.52.194" port: 35717 } } peers { permanent_uuid: "08bb750123664f5782edc1976ab8e592" member_type: VOTER last_known_addr { host: "127.0.52.195" port: 38677 } }
I0802 04:15:01.737509 1111 raft_consensus.cc:351] T a5483cdca36b41b6b050d590c2e0e47f P 08bb750123664f5782edc1976ab8e592 [term 0 FOLLOWER]: Consensus starting up: Expiring failure detector timer to make a prompt election more likely
I0802 04:15:01.737526 1111 raft_consensus.cc:630] T a5483cdca36b41b6b050d590c2e0e47f P 08bb750123664f5782edc1976ab8e592 [term 0 FOLLOWER]: Becoming Follower/Learner. State: Replica: 08bb750123664f5782edc1976ab8e592, State: Initialized, Role: FOLLOWER
I0802 04:15:01.737730 1111 consensus_queue.cc:227] T a5483cdca36b41b6b050d590c2e0e47f P 08bb750123664f5782edc1976ab8e592 [NON_LEADER]: Queue going to NON_LEADER mode. State: All replicated index: 0, Majority replicated index: 0, Committed index: 0, Last appended: 0.0, Last appended by leader: 0, Current term: 0, Majority size: -1, State: 0, Mode: NON_LEADER, active raft config: opid_index: -1 OBSOLETE_local: false peers { permanent_uuid: "c7577ce447b545f8ab9695673d2e00c4" member_type: VOTER last_known_addr { host: "127.0.52.193" port: 33585 } } peers { permanent_uuid: "ce57a0e8b6a942f8923606287c5ff61c" member_type: VOTER last_known_addr { host: "127.0.52.194" port: 35717 } } peers { permanent_uuid: "08bb750123664f5782edc1976ab8e592" member_type: VOTER last_known_addr { host: "127.0.52.195" port: 38677 } }
I0802 04:15:01.737983 1111 ts_tablet_manager.cc:1073] T a5483cdca36b41b6b050d590c2e0e47f P 08bb750123664f5782edc1976ab8e592: Time spent starting tablet: real 0.002s user 0.001s sys 0.000s
I0802 04:15:01.738318 1111 ts_tablet_manager.cc:1028] T c7b6eb8c140240669d04460b69f8a4df P 08bb750123664f5782edc1976ab8e592: Bootstrapping tablet
I0802 04:15:01.738417 1111 tablet_bootstrap.cc:432] T c7b6eb8c140240669d04460b69f8a4df P 08bb750123664f5782edc1976ab8e592: Bootstrap starting.
I0802 04:15:01.738459 1110 tablet_bootstrap.cc:432] T bb6b8e87379d45f68e5e712714b02d1f P ce57a0e8b6a942f8923606287c5ff61c: No bootstrap required, opened a new log
I0802 04:15:01.738524 1110 ts_tablet_manager.cc:1045] T bb6b8e87379d45f68e5e712714b02d1f P ce57a0e8b6a942f8923606287c5ff61c: Time spent bootstrapping tablet: real 0.002s user 0.001s sys 0.000s
I0802 04:15:01.738807 1112 ts_tablet_manager.cc:1073] T a5483cdca36b41b6b050d590c2e0e47f P c7577ce447b545f8ab9695673d2e00c4: Time spent starting tablet: real 0.003s user 0.001s sys 0.000s
I0802 04:15:01.738895 1112 ts_tablet_manager.cc:1028] T bb6b8e87379d45f68e5e712714b02d1f P c7577ce447b545f8ab9695673d2e00c4: Bootstrapping tablet
I0802 04:15:01.738955 1112 tablet_bootstrap.cc:432] T bb6b8e87379d45f68e5e712714b02d1f P c7577ce447b545f8ab9695673d2e00c4: Bootstrap starting.
I0802 04:15:01.738996 1110 raft_consensus.cc:325] T bb6b8e87379d45f68e5e712714b02d1f P ce57a0e8b6a942f8923606287c5ff61c [term 0 FOLLOWER]: Replica starting. Triggering 0 pending transactions. Active config: opid_index: -1 OBSOLETE_local: false peers { permanent_uuid: "c7577ce447b545f8ab9695673d2e00c4" member_type: VOTER last_known_addr { host: "127.0.52.193" port: 33585 } } peers { permanent_uuid: "ce57a0e8b6a942f8923606287c5ff61c" member_type: VOTER last_known_addr { host: "127.0.52.194" port: 35717 } } peers { permanent_uuid: "08bb750123664f5782edc1976ab8e592" member_type: VOTER last_known_addr { host: "127.0.52.195" port: 38677 } }
I0802 04:15:01.739019 1110 raft_consensus.cc:351] T bb6b8e87379d45f68e5e712714b02d1f P ce57a0e8b6a942f8923606287c5ff61c [term 0 FOLLOWER]: Consensus starting up: Expiring failure detector timer to make a prompt election more likely
I0802 04:15:01.739042 1110 raft_consensus.cc:630] T bb6b8e87379d45f68e5e712714b02d1f P ce57a0e8b6a942f8923606287c5ff61c [term 0 FOLLOWER]: Becoming Follower/Learner. State: Replica: ce57a0e8b6a942f8923606287c5ff61c, State: Initialized, Role: FOLLOWER
