[==========] Running 2 tests from 1 test case. [----------] Global test environment set-up. [----------] 2 tests from SecurityUnknownTskTest [ RUN ] SecurityUnknownTskTest.ErrorUnavailableCommonOperations
I0801 16:04:23.805081 2038 internal_mini_cluster.cc:144] Creating distributed mini masters. Addrs: 127.1.253.190:44611
I0801 16:04:23.808676 2038 system_ntp.cc:199] NTP initialized. Skew: 500ppm Current error: 99016us
I0801 16:04:23.809038 2038 fs_manager.cc:261] Metadata directory not provided
I0801 16:04:23.809072 2038 fs_manager.cc:267] Using write-ahead log directory (fs_wal_dir) as metadata directory
I0801 16:04:23.809255 2038 server_base.cc:432] Could not load existing FS layout: Not found: could not find a healthy instance file
I0801 16:04:23.809271 2038 server_base.cc:433] Attempting to create new FS layout instead
I0801 16:04:23.811489 2038 fs_manager.cc:601] Generated new instance metadata in path /tmp/dist-test-taskgbMyZR/test-tmp/security-unknown-tsk-itest.0.SecurityUnknownTskTest.ErrorUnavailableCommonOperations.1533139463797644-2038/minicluster-data/master-0-root/instance: uuid: "24d0afd35927459a8c70112d633da78a" format_stamp: "Formatted at 2018-08-01 16:04:23 on dist-test-slave-dist-test-slave-lq9k"
I0801 16:04:23.815929 2038 fs_manager.cc:501] Time spent creating directory manager: real 0.004s user 0.004s sys 0.000s
I0801 16:04:23.816370 2038 env_posix.cc:1674] Not raising this process' open files per process limit of 1048576; it is already as high as it can go
I0801 16:04:23.816579 2038 file_cache.cc:470] Constructed file cache lbm with capacity 419430
I0801 16:04:23.819028 2038 fs_manager.cc:423] Time spent opening block manager: real 0.001s user 0.000s sys 0.000s
I0801 16:04:23.819090 2038 fs_manager.cc:434] Opened local filesystem: /tmp/dist-test-taskgbMyZR/test-tmp/security-unknown-tsk-itest.0.SecurityUnknownTskTest.ErrorUnavailableCommonOperations.1533139463797644-2038/minicluster-data/master-0-root uuid: "24d0afd35927459a8c70112d633da78a" format_stamp: "Formatted at 2018-08-01 16:04:23 on dist-test-slave-dist-test-slave-lq9k"
I0801 16:04:23.819185 2038 fs_report.cc:352] FS layout report -------------------- wal directory: metadata directory: 1 data directories: /tmp/dist-test-taskgbMyZR/test-tmp/security-unknown-tsk-itest.0.SecurityUnknownTskTest.ErrorUnavailableCommonOperations.1533139463797644-2038/minicluster-data/master-0-root/data Total live blocks: 0 Total live bytes: 0 Total live bytes (after alignment): 0 Total number of LBM containers: 0 (0 full) Did not check for missing blocks Did not check for orphaned blocks Total full LBM containers with extra space: 0 (0 repaired) Total full LBM container extra space in bytes: 0 (0 repaired) Total incomplete LBM containers: 0 (0 repaired) Total LBM partial records: 0 (0 repaired)
I0801 16:04:23.854007 2038 env_posix.cc:1674] Not raising this process' running threads per effective uid limit of 18446744073709551615; it is already as high as it can go
I0801 16:04:23.858006 2038 rpc_server.cc:205] RPC server started. Bound to: 127.1.253.190:44611
I0801 16:04:23.858435 2038 webserver.cc:175] Starting webserver on 127.1.253.190:0
I0801 16:04:23.858455 2038 webserver.cc:186] Document root disabled
I0801 16:04:23.859022 2038 webserver.cc:313] Webserver started. Bound to: http://127.1.253.190:39125/
I0801 16:04:23.860323 2097 data_dirs.cc:934] Could only allocate 1 dirs of requested 3 for tablet 00000000000000000000000000000000. 1 dirs total, 0 dirs full, 0 dirs failed
I0801 16:04:23.864661 2097 tablet_bootstrap.cc:436] T 00000000000000000000000000000000 P 24d0afd35927459a8c70112d633da78a: Bootstrap starting.
I0801 16:04:23.866122 2097 tablet_bootstrap.cc:587] T 00000000000000000000000000000000 P 24d0afd35927459a8c70112d633da78a: No blocks or log segments found. Creating new log.
I0801 16:04:23.866720 2097 log.cc:520] T 00000000000000000000000000000000 P 24d0afd35927459a8c70112d633da78a: Log is configured to *not* fsync() on all Append() calls
I0801 16:04:23.867553 2097 tablet_bootstrap.cc:436] T 00000000000000000000000000000000 P 24d0afd35927459a8c70112d633da78a: No bootstrap required, opened a new log
I0801 16:04:23.869941 2097 raft_consensus.cc:325] T 00000000000000000000000000000000 P 24d0afd35927459a8c70112d633da78a [term 0 FOLLOWER]: Replica starting. Triggering 0 pending transactions. Active config: opid_index: -1 OBSOLETE_local: true peers { permanent_uuid: "24d0afd35927459a8c70112d633da78a" member_type: VOTER }
I0801 16:04:23.870002 2097 raft_consensus.cc:351] T 00000000000000000000000000000000 P 24d0afd35927459a8c70112d633da78a [term 0 FOLLOWER]: Consensus starting up: Expiring failure detector timer to make a prompt election more likely
I0801 16:04:23.870059 2097 raft_consensus.cc:628] T 00000000000000000000000000000000 P 24d0afd35927459a8c70112d633da78a [term 0 FOLLOWER]: Becoming Follower/Learner. State: Replica: 24d0afd35927459a8c70112d633da78a, State: Initialized, Role: FOLLOWER
I0801 16:04:23.870389 2097 consensus_queue.cc:227] T 00000000000000000000000000000000 P 24d0afd35927459a8c70112d633da78a [NON_LEADER]: Queue going to NON_LEADER mode. State: All replicated index: 0, Majority replicated index: 0, Committed index: 0, Last appended: 0.0, Last appended by leader: 0, Current term: 0, Majority size: -1, State: 0, Mode: NON_LEADER, active raft config: opid_index: -1 OBSOLETE_local: true peers { permanent_uuid: "24d0afd35927459a8c70112d633da78a" member_type: VOTER }
I0801 16:04:23.870438 2097 raft_consensus.cc:365] T 00000000000000000000000000000000 P 24d0afd35927459a8c70112d633da78a [term 0 FOLLOWER]: Only one voter in the Raft config. Triggering election immediately
I0801 16:04:23.870465 2097 raft_consensus.cc:457] T 00000000000000000000000000000000 P 24d0afd35927459a8c70112d633da78a [term 0 FOLLOWER]: Starting leader election (initial election of a single-replica configuration)
I0801 16:04:23.870510 2097 raft_consensus.cc:2732] T 00000000000000000000000000000000 P 24d0afd35927459a8c70112d633da78a: Snoozing failure detection for 1.801s (starting election)
I0801 16:04:23.870529 2097 raft_consensus.cc:2784] T 00000000000000000000000000000000 P 24d0afd35927459a8c70112d633da78a [term 0 FOLLOWER]: Advancing to term 1
I0801 16:04:23.871156 2097 raft_consensus.cc:479] T 00000000000000000000000000000000 P 24d0afd35927459a8c70112d633da78a [term 1 FOLLOWER]: Starting leader election with config: opid_index: -1 OBSOLETE_local: true peers { permanent_uuid: "24d0afd35927459a8c70112d633da78a" member_type: VOTER }
I0801 16:04:23.871480 2097 leader_election.cc:270] T 00000000000000000000000000000000 P 24d0afd35927459a8c70112d633da78a [CANDIDATE]: Term 1 election: Election decided. Result: candidate won.
I0801 16:04:23.871817 2099 raft_consensus.cc:2732] T 00000000000000000000000000000000 P 24d0afd35927459a8c70112d633da78a: Snoozing failure detection for 2.084s (election complete)
I0801 16:04:23.871855 2099 raft_consensus.cc:2539] T 00000000000000000000000000000000 P 24d0afd35927459a8c70112d633da78a [term 1 FOLLOWER]: Leader election won for term 1
I0801 16:04:23.871956 2099 raft_consensus.cc:593] T 00000000000000000000000000000000 P 24d0afd35927459a8c70112d633da78a [term 1 LEADER]: Becoming Leader. State: Replica: 24d0afd35927459a8c70112d633da78a, State: Running, Role: LEADER
I0801 16:04:23.872184 2099 consensus_queue.cc:204] T 00000000000000000000000000000000 P 24d0afd35927459a8c70112d633da78a [LEADER]: Queue going to LEADER mode. State: All replicated index: 0, Majority replicated index: 0, Committed index: 0, Last appended: 0.0, Last appended by leader: 0, Current term: 1, Majority size: 1, State: 0, Mode: LEADER, active raft config: opid_index: -1 OBSOLETE_local: true peers { permanent_uuid: "24d0afd35927459a8c70112d633da78a" member_type: VOTER }
I0801 16:04:23.873154 2099 sys_catalog.cc:335] T 00000000000000000000000000000000 P 24d0afd35927459a8c70112d633da78a [sys.catalog]: SysCatalogTable state changed. Reason: RaftConsensus started. Latest consensus state: current_term: 1 leader_uuid: "24d0afd35927459a8c70112d633da78a" committed_config { opid_index: -1 OBSOLETE_local: true peers { permanent_uuid: "24d0afd35927459a8c70112d633da78a" member_type: VOTER } }
I0801 16:04:23.873189 2099 sys_catalog.cc:338] T 00000000000000000000000000000000 P 24d0afd35927459a8c70112d633da78a [sys.catalog]: This master's current role is: LEADER
I0801 16:04:23.873317 2099 sys_catalog.cc:335] T 00000000000000000000000000000000 P 24d0afd35927459a8c70112d633da78a [sys.catalog]: SysCatalogTable state changed. Reason: New leader 24d0afd35927459a8c70112d633da78a. Latest consensus state: current_term: 1 leader_uuid: "24d0afd35927459a8c70112d633da78a" committed_config { opid_index: -1 OBSOLETE_local: true peers { permanent_uuid: "24d0afd35927459a8c70112d633da78a" member_type: VOTER } }
I0801 16:04:23.873334 2099 sys_catalog.cc:338] T 00000000000000000000000000000000 P 24d0afd35927459a8c70112d633da78a [sys.catalog]: This master's current role is: LEADER
I0801 16:04:23.873374 2097 sys_catalog.cc:335] T 00000000000000000000000000000000 P 24d0afd35927459a8c70112d633da78a [sys.catalog]: SysCatalogTable state changed. Reason: Started TabletReplica. Latest consensus state: current_term: 1 leader_uuid: "24d0afd35927459a8c70112d633da78a" committed_config { opid_index: -1 OBSOLETE_local: true peers { permanent_uuid: "24d0afd35927459a8c70112d633da78a" member_type: VOTER } }
I0801 16:04:23.873399 2097 sys_catalog.cc:338] T 00000000000000000000000000000000 P 24d0afd35927459a8c70112d633da78a [sys.catalog]: This master's current role is: LEADER
I0801 16:04:23.873857 2097 sys_catalog.cc:422] T 00000000000000000000000000000000 P 24d0afd35927459a8c70112d633da78a [sys.catalog]: configured and running, proceeding with master startup.
I0801 16:04:23.874033 2038 internal_mini_cluster.cc:164] Waiting to initialize catalog manager on master 0
W0801 16:04:23.876044 2104 catalog_manager.cc:1047] T 00000000000000000000000000000000 P 24d0afd35927459a8c70112d633da78a: acquiring CA information for follower catalog manager: Not found: root CA entry not found
W0801 16:04:23.876085 2104 catalog_manager.cc:562] Not found: root CA entry not found: failed to prepare follower catalog manager, will retry
I0801 16:04:23.876128 2103 catalog_manager.cc:1001] Loading table and tablet metadata into memory...
I0801 16:04:23.876897 2103 catalog_manager.cc:1012] Initializing Kudu internal certificate authority...
I0801 16:04:23.891649 2103 catalog_manager.cc:899] Generated new certificate authority record
I0801 16:04:23.892411 2103 catalog_manager.cc:1021] Loading token signing keys...
I0801 16:04:23.899415 2103 catalog_manager.cc:3962] T 00000000000000000000000000000000 P 24d0afd35927459a8c70112d633da78a: Generated new TSK 0
I0801 16:04:23.907531 2038 system_ntp.cc:199] NTP initialized. Skew: 500ppm Current error: 99016us
I0801 16:04:23.907656 2038 fs_manager.cc:261] Metadata directory not provided
I0801 16:04:23.907691 2038 fs_manager.cc:267] Using write-ahead log directory (fs_wal_dir) as metadata directory
I0801 16:04:23.907739 2038 server_base.cc:432] Could not load existing FS layout: Not found: could not find a healthy instance file
I0801 16:04:23.907750 2038 server_base.cc:433] Attempting to create new FS layout instead
I0801 16:04:23.909057 2038 fs_manager.cc:601] Generated new instance metadata in path /tmp/dist-test-taskgbMyZR/test-tmp/security-unknown-tsk-itest.0.SecurityUnknownTskTest.ErrorUnavailableCommonOperations.1533139463797644-2038/minicluster-data/ts-0-root/instance: uuid: "3319b1a2e2074f4196d283a82be93a21" format_stamp: "Formatted at 2018-08-01 16:04:23 on dist-test-slave-dist-test-slave-lq9k"
I0801 16:04:23.911307 2038 fs_manager.cc:501] Time spent creating directory manager: real 0.002s user 0.001s sys 0.001s
I0801 16:04:23.911779 2038 file_cache.cc:470] Constructed file cache lbm with capacity 419430
I0801 16:04:23.913185 2038 fs_manager.cc:423] Time spent opening block manager: real 0.000s user 0.000s sys 0.000s
I0801 16:04:23.913228 2038 fs_manager.cc:434] Opened local filesystem: /tmp/dist-test-taskgbMyZR/test-tmp/security-unknown-tsk-itest.0.SecurityUnknownTskTest.ErrorUnavailableCommonOperations.1533139463797644-2038/minicluster-data/ts-0-root uuid: "3319b1a2e2074f4196d283a82be93a21" format_stamp: "Formatted at 2018-08-01 16:04:23 on dist-test-slave-dist-test-slave-lq9k"
I0801 16:04:23.913261 2038 fs_report.cc:352] FS layout report -------------------- wal directory: metadata directory: 1 data directories: /tmp/dist-test-taskgbMyZR/test-tmp/security-unknown-tsk-itest.0.SecurityUnknownTskTest.ErrorUnavailableCommonOperations.1533139463797644-2038/minicluster-data/ts-0-root/data Total live blocks: 0 Total live bytes: 0 Total live bytes (after alignment): 0 Total number of LBM containers: 0 (0 full) Did not check for missing blocks Did not check for orphaned blocks Total full LBM containers with extra space: 0 (0 repaired) Total full LBM container extra space in bytes: 0 (0 repaired) Total incomplete LBM containers: 0 (0 repaired) Total LBM partial records: 0 (0 repaired)
I0801 16:04:23.959517 2038 ts_tablet_manager.cc:356] Loaded tablet metadata (0 live tablets)
I0801 16:04:23.962725 2038 rpc_server.cc:205] RPC server started. Bound to: 127.1.253.129:33561
I0801 16:04:23.962848 2038 webserver.cc:175] Starting webserver on 127.1.253.129:0
I0801 16:04:23.962862 2038 webserver.cc:186] Document root disabled
I0801 16:04:23.963086 2038 webserver.cc:313] Webserver started. Bound to: http://127.1.253.129:41783/
I0801 16:04:23.964910 2038 system_ntp.cc:199] NTP initialized. Skew: 500ppm Current error: 99016us
I0801 16:04:23.965042 2038 fs_manager.cc:261] Metadata directory not provided
I0801 16:04:23.965068 2038 fs_manager.cc:267] Using write-ahead log directory (fs_wal_dir) as metadata directory
I0801 16:04:23.965116 2038 server_base.cc:432] Could not load existing FS layout: Not found: could not find a healthy instance file
I0801 16:04:23.965124 2038 server_base.cc:433] Attempting to create new FS layout instead
I0801 16:04:23.966683 2038 fs_manager.cc:601] Generated new instance metadata in path /tmp/dist-test-taskgbMyZR/test-tmp/security-unknown-tsk-itest.0.SecurityUnknownTskTest.ErrorUnavailableCommonOperations.1533139463797644-2038/minicluster-data/ts-1-root/instance: uuid: "93b6ee2050d94cdca143402bc715b837" format_stamp: "Formatted at 2018-08-01 16:04:23 on dist-test-slave-dist-test-slave-lq9k"
I0801 16:04:23.969282 2038 fs_manager.cc:501] Time spent creating directory manager: real 0.002s user 0.000s sys 0.002s
I0801 16:04:23.969496 2172 heartbeater.cc:346] Connected to a master server at 127.1.253.190:44611
I0801 16:04:23.969602 2172 heartbeater.cc:426] Registering TS with master...
I0801 16:04:23.969784 2038 file_cache.cc:470] Constructed file cache lbm with capacity 419430
I0801 16:04:23.969816 2172 heartbeater.cc:475] Master 127.1.253.190:44611 requested a full tablet report, sending...
I0801 16:04:23.971354 2038 fs_manager.cc:423] Time spent opening block manager: real 0.000s user 0.000s sys 0.000s
I0801 16:04:23.971410 2038 fs_manager.cc:434] Opened local filesystem: /tmp/dist-test-taskgbMyZR/test-tmp/security-unknown-tsk-itest.0.SecurityUnknownTskTest.ErrorUnavailableCommonOperations.1533139463797644-2038/minicluster-data/ts-1-root uuid: "93b6ee2050d94cdca143402bc715b837" format_stamp: "Formatted at 2018-08-01 16:04:23 on dist-test-slave-dist-test-slave-lq9k"
I0801 16:04:23.971442 2038 fs_report.cc:352] FS layout report -------------------- wal directory: metadata directory: 1 data directories: /tmp/dist-test-taskgbMyZR/test-tmp/security-unknown-tsk-itest.0.SecurityUnknownTskTest.ErrorUnavailableCommonOperations.1533139463797644-2038/minicluster-data/ts-1-root/data Total live blocks: 0 Total live bytes: 0 Total live bytes (after alignment): 0 Total number of LBM containers: 0 (0 full) Did not check for missing blocks Did not check for orphaned blocks Total full LBM containers with extra space: 0 (0 repaired) Total full LBM container extra space in bytes: 0 (0 repaired) Total incomplete LBM containers: 0 (0 repaired) Total LBM partial records: 0 (0 repaired)
I0801 16:04:23.973450 2064 ts_manager.cc:81] Registered new tserver with Master: 3319b1a2e2074f4196d283a82be93a21 (127.1.253.129:33561)
I0801 16:04:23.974680 2064 master_service.cc:249] Signed X509 certificate for tserver {username='slave'} at 127.0.0.1:41592
I0801 16:04:23.984603 2038 ts_tablet_manager.cc:356] Loaded tablet metadata (0 live tablets)
I0801 16:04:23.987159 2038 rpc_server.cc:205] RPC server started. Bound to: 127.1.253.130:44815
I0801 16:04:23.987273 2038 webserver.cc:175] Starting webserver on 127.1.253.130:0
I0801 16:04:23.987287 2038 webserver.cc:186] Document root disabled
I0801 16:04:23.987473 2038 webserver.cc:313] Webserver started. Bound to: http://127.1.253.130:41721/
I0801 16:04:23.989441 2038 system_ntp.cc:199] NTP initialized. Skew: 500ppm Current error: 99016us
I0801 16:04:23.989542 2038 fs_manager.cc:261] Metadata directory not provided
I0801 16:04:23.989567 2038 fs_manager.cc:267] Using write-ahead log directory (fs_wal_dir) as metadata directory
I0801 16:04:23.989609 2038 server_base.cc:432] Could not load existing FS layout: Not found: could not find a healthy instance file
I0801 16:04:23.989619 2038 server_base.cc:433] Attempting to create new FS layout instead
I0801 16:04:23.991600 2038 fs_manager.cc:601] Generated new instance metadata in path /tmp/dist-test-taskgbMyZR/test-tmp/security-unknown-tsk-itest.0.SecurityUnknownTskTest.ErrorUnavailableCommonOperations.1533139463797644-2038/minicluster-data/ts-2-root/instance: uuid: "ec5950d441d94648986853fb85c901be" format_stamp: "Formatted at 2018-08-01 16:04:23 on dist-test-slave-dist-test-slave-lq9k"
I0801 16:04:23.994357 2038 fs_manager.cc:501] Time spent creating directory manager: real 0.003s user 0.002s sys 0.000s
I0801 16:04:23.994796 2038 file_cache.cc:470] Constructed file cache lbm with capacity 419430
I0801 16:04:23.996673 2038 fs_manager.cc:423] Time spent opening block manager: real 0.000s user 0.000s sys 0.000s
I0801 16:04:23.996721 2038 fs_manager.cc:434] Opened local filesystem: /tmp/dist-test-taskgbMyZR/test-tmp/security-unknown-tsk-itest.0.SecurityUnknownTskTest.ErrorUnavailableCommonOperations.1533139463797644-2038/minicluster-data/ts-2-root uuid: "ec5950d441d94648986853fb85c901be" format_stamp: "Formatted at 2018-08-01 16:04:23 on dist-test-slave-dist-test-slave-lq9k"
I0801 16:04:23.996752 2038 fs_report.cc:352] FS layout report -------------------- wal directory: metadata directory: 1 data directories: /tmp/dist-test-taskgbMyZR/test-tmp/security-unknown-tsk-itest.0.SecurityUnknownTskTest.ErrorUnavailableCommonOperations.1533139463797644-2038/minicluster-data/ts-2-root/data Total live blocks: 0 Total live bytes: 0 Total live bytes (after alignment): 0 Total number of LBM containers: 0 (0 full) Did not check for missing blocks Did not check for orphaned blocks Total full LBM containers with extra space: 0 (0 repaired) Total full LBM container extra space in bytes: 0 (0 repaired) Total incomplete LBM containers: 0 (0 repaired) Total LBM partial records: 0 (0 repaired)
I0801 16:04:23.996980 2240 heartbeater.cc:346] Connected to a master server at 127.1.253.190:44611
I0801 16:04:23.997016 2240 heartbeater.cc:426] Registering TS with master...
I0801 16:04:23.997108 2240 heartbeater.cc:475] Master 127.1.253.190:44611 requested a full tablet report, sending...
I0801 16:04:23.999831 2064 ts_manager.cc:81] Registered new tserver with Master: 93b6ee2050d94cdca143402bc715b837 (127.1.253.130:44815)
I0801 16:04:24.000361 2064 master_service.cc:249] Signed X509 certificate for tserver {username='slave'} at 127.0.0.1:41596
I0801 16:04:24.038164 2038 ts_tablet_manager.cc:356] Loaded tablet metadata (0 live tablets)
I0801 16:04:24.040735 2038 rpc_server.cc:205] RPC server started. Bound to: 127.1.253.131:33695
I0801 16:04:24.040851 2038 webserver.cc:175] Starting webserver on 127.1.253.131:0
I0801 16:04:24.040863 2038 webserver.cc:186] Document root disabled
I0801 16:04:24.041076 2038 webserver.cc:313] Webserver started. Bound to: http://127.1.253.131:40237/
I0801 16:04:24.044365 2307 heartbeater.cc:346] Connected to a master server at 127.1.253.190:44611
I0801 16:04:24.044415 2307 heartbeater.cc:426] Registering TS with master...
I0801 16:04:24.044523 2307 heartbeater.cc:475] Master 127.1.253.190:44611 requested a full tablet report, sending...
I0801 16:04:24.047242 2064 ts_manager.cc:81] Registered new tserver with Master: ec5950d441d94648986853fb85c901be (127.1.253.131:33695)
I0801 16:04:24.047750 2064 master_service.cc:249] Signed X509 certificate for tserver {username='slave'} at 127.0.0.1:41600
I0801 16:04:24.047957 2038 internal_mini_cluster.cc:326] 3 TS(s) registered with all masters after 0.006719998s
I0801 16:04:24.064899 2064 catalog_manager.cc:1315] Servicing CreateTable request from {username='slave'} at 127.0.0.1:41604: name: "security-unknown-tsk-itest" schema { columns { name: "key" type: INT32 is_key: true is_nullable: false encoding: AUTO_ENCODING compression: DEFAULT_COMPRESSION cfile_block_size: 0 } columns { name: "val" type: INT32 is_key: false is_nullable: true encoding: AUTO_ENCODING compression: DEFAULT_COMPRESSION cfile_block_size: 0 } } num_replicas: 1 split_rows_range_bounds { } partition_schema { hash_bucket_schemas { columns { name: "key" } num_buckets: 3 seed: 0 } range_schema { columns { name: "key" } } }
I0801 16:04:24.075481 2139 tablet_service.cc:759] Processing CreateTablet for tablet 32563bc616fa42948b64408e94f0c480 (table=security-unknown-tsk-itest [id=3c9f143d4ff348ff845f963cd8ac7f2d]), partition=HASH (key) PARTITION 1, RANGE (key) PARTITION UNBOUNDED
I0801 16:04:24.075610 2172 heartbeater.cc:467] Master 127.1.253.190:44611 was elected leader, sending a full tablet report...
I0801 16:04:24.075678 2139 data_dirs.cc:934] Could only allocate 1 dirs of requested 3 for tablet 32563bc616fa42948b64408e94f0c480. 1 dirs total, 0 dirs full, 0 dirs failed
I0801 16:04:24.075834 2207 tablet_service.cc:759] Processing CreateTablet for tablet 5a6c88f8b01f4af48e61dbb11b6d6b5e (table=security-unknown-tsk-itest [id=3c9f143d4ff348ff845f963cd8ac7f2d]), partition=HASH (key) PARTITION 2, RANGE (key) PARTITION UNBOUNDED
I0801 16:04:24.075964 2207 data_dirs.cc:934] Could only allocate 1 dirs of requested 3 for tablet 5a6c88f8b01f4af48e61dbb11b6d6b5e. 1 dirs total, 0 dirs full, 0 dirs failed
I0801 16:04:24.077327 2207 ts_tablet_manager.cc:1173] T 5a6c88f8b01f4af48e61dbb11b6d6b5e P 93b6ee2050d94cdca143402bc715b837: Registered tablet (data state: TABLET_DATA_READY)
I0801 16:04:24.077553 2323 ts_tablet_manager.cc:1028] T 5a6c88f8b01f4af48e61dbb11b6d6b5e P 93b6ee2050d94cdca143402bc715b837: Bootstrapping tablet
I0801 16:04:24.077641 2323 tablet_bootstrap.cc:436] T 5a6c88f8b01f4af48e61dbb11b6d6b5e P 93b6ee2050d94cdca143402bc715b837: Bootstrap starting.
I0801 16:04:24.077814 2274 tablet_service.cc:759] Processing CreateTablet for tablet 414dd17b49f84b46a8c32da601d8c19a (table=security-unknown-tsk-itest [id=3c9f143d4ff348ff845f963cd8ac7f2d]), partition=HASH (key) PARTITION 0, RANGE (key) PARTITION UNBOUNDED
I0801 16:04:24.077926 2274 data_dirs.cc:934] Could only allocate 1 dirs of requested 3 for tablet 414dd17b49f84b46a8c32da601d8c19a. 1 dirs total, 0 dirs full, 0 dirs failed
I0801 16:04:24.078188 2323 tablet_bootstrap.cc:587] T 5a6c88f8b01f4af48e61dbb11b6d6b5e P 93b6ee2050d94cdca143402bc715b837: No blocks or log segments found. Creating new log.
I0801 16:04:24.079717 2139 ts_tablet_manager.cc:1173] T 32563bc616fa42948b64408e94f0c480 P 3319b1a2e2074f4196d283a82be93a21: Registered tablet (data state: TABLET_DATA_READY)
I0801 16:04:24.079895 2325 ts_tablet_manager.cc:1028] T 32563bc616fa42948b64408e94f0c480 P 3319b1a2e2074f4196d283a82be93a21: Bootstrapping tablet
I0801 16:04:24.079955 2325 tablet_bootstrap.cc:436] T 32563bc616fa42948b64408e94f0c480 P 3319b1a2e2074f4196d283a82be93a21: Bootstrap starting.
I0801 16:04:24.080443 2274 ts_tablet_manager.cc:1173] T 414dd17b49f84b46a8c32da601d8c19a P ec5950d441d94648986853fb85c901be: Registered tablet (data state: TABLET_DATA_READY)
I0801 16:04:24.080490 2325 tablet_bootstrap.cc:587] T 32563bc616fa42948b64408e94f0c480 P 3319b1a2e2074f4196d283a82be93a21: No blocks or log segments found. Creating new log.
I0801 16:04:24.080845 2326 ts_tablet_manager.cc:1028] T 414dd17b49f84b46a8c32da601d8c19a P ec5950d441d94648986853fb85c901be: Bootstrapping tablet
I0801 16:04:24.080902 2326 tablet_bootstrap.cc:436] T 414dd17b49f84b46a8c32da601d8c19a P ec5950d441d94648986853fb85c901be: Bootstrap starting.
I0801 16:04:24.080977 2323 tablet_bootstrap.cc:436] T 5a6c88f8b01f4af48e61dbb11b6d6b5e P 93b6ee2050d94cdca143402bc715b837: No bootstrap required, opened a new log
I0801 16:04:24.081049 2323 ts_tablet_manager.cc:1045] T 5a6c88f8b01f4af48e61dbb11b6d6b5e P 93b6ee2050d94cdca143402bc715b837: Time spent bootstrapping tablet: real 0.003s user 0.001s sys 0.000s
I0801 16:04:24.081331 2323 raft_consensus.cc:325] T 5a6c88f8b01f4af48e61dbb11b6d6b5e P 93b6ee2050d94cdca143402bc715b837 [term 0 FOLLOWER]: Replica starting. Triggering 0 pending transactions. Active config: opid_index: -1 OBSOLETE_local: true peers { permanent_uuid: "93b6ee2050d94cdca143402bc715b837" member_type: VOTER last_known_addr { host: "127.1.253.130" port: 44815 } }
I0801 16:04:24.081349 2323 raft_consensus.cc:351] T 5a6c88f8b01f4af48e61dbb11b6d6b5e P 93b6ee2050d94cdca143402bc715b837 [term 0 FOLLOWER]: Consensus starting up: Expiring failure detector timer to make a prompt election more likely
I0801 16:04:24.081360 2323 raft_consensus.cc:628] T 5a6c88f8b01f4af48e61dbb11b6d6b5e P 93b6ee2050d94cdca143402bc715b837 [term 0 FOLLOWER]: Becoming Follower/Learner. State: Replica: 93b6ee2050d94cdca143402bc715b837, State: Initialized, Role: FOLLOWER
I0801 16:04:24.081382 2326 tablet_bootstrap.cc:587] T 414dd17b49f84b46a8c32da601d8c19a P ec5950d441d94648986853fb85c901be: No blocks or log segments found. Creating new log.
I0801 16:04:24.081475 2323 consensus_queue.cc:227] T 5a6c88f8b01f4af48e61dbb11b6d6b5e P 93b6ee2050d94cdca143402bc715b837 [NON_LEADER]: Queue going to NON_LEADER mode. State: All replicated index: 0, Majority replicated index: 0, Committed index: 0, Last appended: 0.0, Last appended by leader: 0, Current term: 0, Majority size: -1, State: 0, Mode: NON_LEADER, active raft config: opid_index: -1 OBSOLETE_local: true peers { permanent_uuid: "93b6ee2050d94cdca143402bc715b837" member_type: VOTER last_known_addr { host: "127.1.253.130" port: 44815 } }
I0801 16:04:24.081499 2323 raft_consensus.cc:365] T 5a6c88f8b01f4af48e61dbb11b6d6b5e P 93b6ee2050d94cdca143402bc715b837 [term 0 FOLLOWER]: Only one voter in the Raft config. Triggering election immediately
I0801 16:04:24.081509 2323 raft_consensus.cc:457] T 5a6c88f8b01f4af48e61dbb11b6d6b5e P 93b6ee2050d94cdca143402bc715b837 [term 0 FOLLOWER]: Starting leader election (initial election of a single-replica configuration)
I0801 16:04:24.081524 2323 raft_consensus.cc:2732] T 5a6c88f8b01f4af48e61dbb11b6d6b5e P 93b6ee2050d94cdca143402bc715b837: Snoozing failure detection for 1.817s (starting election)
I0801 16:04:24.081535 2323 raft_consensus.cc:2784] T 5a6c88f8b01f4af48e61dbb11b6d6b5e P 93b6ee2050d94cdca143402bc715b837 [term 0 FOLLOWER]: Advancing to term 1
I0801 16:04:24.082166 2323 raft_consensus.cc:479] T 5a6c88f8b01f4af48e61dbb11b6d6b5e P 93b6ee2050d94cdca143402bc715b837 [term 1 FOLLOWER]: Starting leader election with config: opid_index: -1 OBSOLETE_local: true peers { permanent_uuid: "93b6ee2050d94cdca143402bc715b837" member_type: VOTER last_known_addr { host: "127.1.253.130" port: 44815 } }
I0801 16:04:24.082229 2323 leader_election.cc:270] T 5a6c88f8b01f4af48e61dbb11b6d6b5e P 93b6ee2050d94cdca143402bc715b837 [CANDIDATE]: Term 1 election: Election decided. Result: candidate won.
I0801 16:04:24.082406 2329 raft_consensus.cc:2732] T 5a6c88f8b01f4af48e61dbb11b6d6b5e P 93b6ee2050d94cdca143402bc715b837: Snoozing failure detection for 1.666s (election complete)
I0801 16:04:24.082438 2329 raft_consensus.cc:2539] T 5a6c88f8b01f4af48e61dbb11b6d6b5e P 93b6ee2050d94cdca143402bc715b837 [term 1 FOLLOWER]: Leader election won for term 1
I0801 16:04:24.082523 2329 raft_consensus.cc:593] T 5a6c88f8b01f4af48e61dbb11b6d6b5e P 93b6ee2050d94cdca143402bc715b837 [term 1 LEADER]: Becoming Leader. State: Replica: 93b6ee2050d94cdca143402bc715b837, State: Running, Role: LEADER
I0801 16:04:24.082634 2329 consensus_queue.cc:204] T 5a6c88f8b01f4af48e61dbb11b6d6b5e P 93b6ee2050d94cdca143402bc715b837 [LEADER]: Queue going to LEADER mode. State: All replicated index: 0, Majority replicated index: 0, Committed index: 0, Last appended: 0.0, Last appended by leader: 0, Current term: 1, Majority size: 1, State: 0, Mode: LEADER, active raft config: opid_index: -1 OBSOLETE_local: true peers { permanent_uuid: "93b6ee2050d94cdca143402bc715b837" member_type: VOTER last_known_addr { host: "127.1.253.130" port: 44815 } }
I0801 16:04:24.082876 2326 tablet_bootstrap.cc:436] T 414dd17b49f84b46a8c32da601d8c19a P ec5950d441d94648986853fb85c901be: No bootstrap required, opened a new log
I0801 16:04:24.082931 2326 ts_tablet_manager.cc:1045] T 414dd17b49f84b46a8c32da601d8c19a P ec5950d441d94648986853fb85c901be: Time spent bootstrapping tablet: real 0.002s user 0.001s sys 0.000s
I0801 16:04:24.083207 2326 raft_consensus.cc:325] T 414dd17b49f84b46a8c32da601d8c19a P ec5950d441d94648986853fb85c901be [term 0 FOLLOWER]: Replica starting. Triggering 0 pending transactions. Active config: opid_index: -1 OBSOLETE_local: true peers { permanent_uuid: "ec5950d441d94648986853fb85c901be" member_type: VOTER last_known_addr { host: "127.1.253.131" port: 33695 } }
I0801 16:04:24.083231 2326 raft_consensus.cc:351] T 414dd17b49f84b46a8c32da601d8c19a P ec5950d441d94648986853fb85c901be [term 0 FOLLOWER]: Consensus starting up: Expiring failure detector timer to make a prompt election more likely
I0801 16:04:24.083241 2326 raft_consensus.cc:628] T 414dd17b49f84b46a8c32da601d8c19a P ec5950d441d94648986853fb85c901be [term 0 FOLLOWER]: Becoming Follower/Learner. State: Replica: ec5950d441d94648986853fb85c901be, State: Initialized, Role: FOLLOWER
I0801 16:04:24.083317 2326 consensus_queue.cc:227] T 414dd17b49f84b46a8c32da601d8c19a P ec5950d441d94648986853fb85c901be [NON_LEADER]: Queue going to NON_LEADER mode. State: All replicated index: 0, Majority replicated index: 0, Committed index: 0, Last appended: 0.0, Last appended by leader: 0, Current term: 0, Majority size: -1, State: 0, Mode: NON_LEADER, active raft config: opid_index: -1 OBSOLETE_local: true peers { permanent_uuid: "ec5950d441d94648986853fb85c901be" member_type: VOTER last_known_addr { host: "127.1.253.131" port: 33695 } }
I0801 16:04:24.083334 2326 raft_consensus.cc:365] T 414dd17b49f84b46a8c32da601d8c19a P ec5950d441d94648986853fb85c901be [term 0 FOLLOWER]: Only one voter in the Raft config. Triggering election immediately
I0801 16:04:24.083344 2326 raft_consensus.cc:457] T 414dd17b49f84b46a8c32da601d8c19a P ec5950d441d94648986853fb85c901be [term 0 FOLLOWER]: Starting leader election (initial election of a single-replica configuration)
I0801 16:04:24.083356 2326 raft_consensus.cc:2732] T 414dd17b49f84b46a8c32da601d8c19a P ec5950d441d94648986853fb85c901be: Snoozing failure detection for 2.014s (starting election)
I0801 16:04:24.083371 2326 raft_consensus.cc:2784] T 414dd17b49f84b46a8c32da601d8c19a P ec5950d441d94648986853fb85c901be [term 0 FOLLOWER]: Advancing to term 1
I0801 16:04:24.083930 2326 raft_consensus.cc:479] T 414dd17b49f84b46a8c32da601d8c19a P ec5950d441d94648986853fb85c901be [term 1 FOLLOWER]: Starting leader election with config: opid_index: -1 OBSOLETE_local: true peers { permanent_uuid: "ec5950d441d94648986853fb85c901be" member_type: VOTER last_known_addr { host: "127.1.253.131" port: 33695 } }
I0801 16:04:24.083986 2326 leader_election.cc:270] T 414dd17b49f84b46a8c32da601d8c19a P ec5950d441d94648986853fb85c901be [CANDIDATE]: Term 1 election: Election decided. Result: candidate won.
I0801 16:04:24.084151 2333 raft_consensus.cc:2732] T 414dd17b49f84b46a8c32da601d8c19a P ec5950d441d94648986853fb85c901be: Snoozing failure detection for 1.855s (election complete)
I0801 16:04:24.084183 2333 raft_consensus.cc:2539] T 414dd17b49f84b46a8c32da601d8c19a P ec5950d441d94648986853fb85c901be [term 1 FOLLOWER]: Leader election won for term 1
I0801 16:04:24.084206 2307 heartbeater.cc:467] Master 127.1.253.190:44611 was elected leader, sending a full tablet report...
I0801 16:04:24.084239 2326 ts_tablet_manager.cc:1073] T 414dd17b49f84b46a8c32da601d8c19a P ec5950d441d94648986853fb85c901be: Time spent starting tablet: real 0.001s user 0.001s sys 0.000s
I0801 16:04:24.084272 2333 raft_consensus.cc:593] T 414dd17b49f84b46a8c32da601d8c19a P ec5950d441d94648986853fb85c901be [term 1 LEADER]: Becoming Leader. State: Replica: ec5950d441d94648986853fb85c901be, State: Running, Role: LEADER
I0801 16:04:24.084374 2333 consensus_queue.cc:204] T 414dd17b49f84b46a8c32da601d8c19a P ec5950d441d94648986853fb85c901be [LEADER]: Queue going to LEADER mode. State: All replicated index: 0, Majority replicated index: 0, Committed index: 0, Last appended: 0.0, Last appended by leader: 0, Current term: 1, Majority size: 1, State: 0, Mode: LEADER, active raft config: opid_index: -1 OBSOLETE_local: true peers { permanent_uuid: "ec5950d441d94648986853fb85c901be" member_type: VOTER last_known_addr { host: "127.1.253.131" port: 33695 } }
I0801 16:04:24.084929 2240 heartbeater.cc:467] Master 127.1.253.190:44611 was elected leader, sending a full tablet report...
I0801 16:04:24.085073 2325 tablet_bootstrap.cc:436] T 32563bc616fa42948b64408e94f0c480 P 3319b1a2e2074f4196d283a82be93a21: No bootstrap required, opened a new log
I0801 16:04:24.085121 2325 ts_tablet_manager.cc:1045] T 32563bc616fa42948b64408e94f0c480 P 3319b1a2e2074f4196d283a82be93a21: Time spent bootstrapping tablet: real 0.005s user 0.001s sys 0.000s
I0801 16:04:24.085165 2323 ts_tablet_manager.cc:1073] T 5a6c88f8b01f4af48e61dbb11b6d6b5e P 93b6ee2050d94cdca143402bc715b837: Time spent starting tablet: real 0.004s user 0.002s sys 0.000s
I0801 16:04:24.085376 2325 raft_consensus.cc:325] T 32563bc616fa42948b64408e94f0c480 P 3319b1a2e2074f4196d283a82be93a21 [term 0 FOLLOWER]: Replica starting. Triggering 0 pending transactions. Active config: opid_index: -1 OBSOLETE_local: true peers { permanent_uuid: "3319b1a2e2074f4196d283a82be93a21" member_type: VOTER last_known_addr { host: "127.1.253.129" port: 33561 } }
I0801 16:04:24.085391 2325 raft_consensus.cc:351] T 32563bc616fa42948b64408e94f0c480 P 3319b1a2e2074f4196d283a82be93a21 [term 0 FOLLOWER]: Consensus starting up: Expiring failure detector timer to make a prompt election more likely
I0801 16:04:24.085400 2325 raft_consensus.cc:628] T 32563bc616fa42948b64408e94f0c480 P 3319b1a2e2074f4196d283a82be93a21 [term 0 FOLLOWER]: Becoming Follower/Learner. State: Replica: 3319b1a2e2074f4196d283a82be93a21, State: Initialized, Role: FOLLOWER
I0801 16:04:24.085477 2325 consensus_queue.cc:227] T 32563bc616fa42948b64408e94f0c480 P 3319b1a2e2074f4196d283a82be93a21 [NON_LEADER]: Queue going to NON_LEADER mode. State: All replicated index: 0, Majority replicated index: 0, Committed index: 0, Last appended: 0.0, Last appended by leader: 0, Current term: 0, Majority size: -1, State: 0, Mode: NON_LEADER, active raft config: opid_index: -1 OBSOLETE_local: true peers { permanent_uuid: "3319b1a2e2074f4196d283a82be93a21" member_type: VOTER last_known_addr { host: "127.1.253.129" port: 33561 } }
I0801 16:04:24.085499 2325 raft_consensus.cc:365] T 32563bc616fa42948b64408e94f0c480 P 3319b1a2e2074f4196d283a82be93a21 [term 0 FOLLOWER]: Only one voter in the Raft config. Triggering election immediately
I0801 16:04:24.085506 2325 raft_consensus.cc:457] T 32563bc616fa42948b64408e94f0c480 P 3319b1a2e2074f4196d283a82be93a21 [term 0 FOLLOWER]: Starting leader election (initial election of a single-replica configuration)
I0801 16:04:24.085518 2325 raft_consensus.cc:2732] T 32563bc616fa42948b64408e94f0c480 P 3319b1a2e2074f4196d283a82be93a21: Snoozing failure detection for 2.053s (starting election)
I0801 16:04:24.085535 2325 raft_consensus.cc:2784] T 32563bc616fa42948b64408e94f0c480 P 3319b1a2e2074f4196d283a82be93a21 [term 0 FOLLOWER]: Advancing to term 1
I0801 16:04:24.086135 2325 raft_consensus.cc:479] T 32563bc616fa42948b64408e94f0c480 P 3319b1a2e2074f4196d283a82be93a21 [term 1 FOLLOWER]: Starting leader election with config: opid_index: -1 OBSOLETE_local: true peers { permanent_uuid: "3319b1a2e2074f4196d283a82be93a21" member_type: VOTER last_known_addr { host: "127.1.253.129" port: 33561 } }
I0801 16:04:24.086231 2325 leader_election.cc:270] T 32563bc616fa42948b64408e94f0c480 P 3319b1a2e2074f4196d283a82be93a21 [CANDIDATE]: Term 1 election: Election decided. Result: candidate won.
I0801 16:04:24.086522 2325 ts_tablet_manager.cc:1073] T 32563bc616fa42948b64408e94f0c480 P 3319b1a2e2074f4196d283a82be93a21: Time spent starting tablet: real 0.001s user 0.002s sys 0.000s
I0801 16:04:24.088440 2338 raft_consensus.cc:2732] T 32563bc616fa42948b64408e94f0c480 P 3319b1a2e2074f4196d283a82be93a21: Snoozing failure detection for 1.658s (election complete)
I0801 16:04:24.088562 2338 raft_consensus.cc:2539] T 32563bc616fa42948b64408e94f0c480 P 3319b1a2e2074f4196d283a82be93a21 [term 1 FOLLOWER]: Leader election won for term 1
I0801 16:04:24.088625 2338 raft_consensus.cc:593] T 32563bc616fa42948b64408e94f0c480 P 3319b1a2e2074f4196d283a82be93a21 [term 1 LEADER]: Becoming Leader. State: Replica: 3319b1a2e2074f4196d283a82be93a21, State: Running, Role: LEADER
I0801 16:04:24.088752 2338 consensus_queue.cc:204] T 32563bc616fa42948b64408e94f0c480 P 3319b1a2e2074f4196d283a82be93a21 [LEADER]: Queue going to LEADER mode. State: All replicated index: 0, Majority replicated index: 0, Committed index: 0, Last appended: 0.0, Last appended by leader: 0, Current term: 1, Majority size: 1, State: 0, Mode: LEADER, active raft config: opid_index: -1 OBSOLETE_local: true peers { permanent_uuid: "3319b1a2e2074f4196d283a82be93a21" member_type: VOTER last_known_addr { host: "127.1.253.129" port: 33561 } }
I0801 16:04:24.088970 2064 catalog_manager.cc:3686] T 414dd17b49f84b46a8c32da601d8c19a P ec5950d441d94648986853fb85c901be reported cstate change: term changed from 0 to 1, leader changed from to ec5950d441d94648986853fb85c901be (127.1.253.131). New cstate: current_term: 1 leader_uuid: "ec5950d441d94648986853fb85c901be" committed_config { opid_index: -1 OBSOLETE_local: true peers { permanent_uuid: "ec5950d441d94648986853fb85c901be" member_type: VOTER last_known_addr { host: "127.1.253.131" port: 33695 } health_report { overall_health: HEALTHY } } }
I0801 16:04:24.089484 2063 catalog_manager.cc:3686] T 5a6c88f8b01f4af48e61dbb11b6d6b5e P 93b6ee2050d94cdca143402bc715b837 reported cstate change: term changed from 0 to 1, leader changed from to 93b6ee2050d94cdca143402bc715b837 (127.1.253.130). New cstate: current_term: 1 leader_uuid: "93b6ee2050d94cdca143402bc715b837" committed_config { opid_index: -1 OBSOLETE_local: true peers { permanent_uuid: "93b6ee2050d94cdca143402bc715b837" member_type: VOTER last_known_addr { host: "127.1.253.130" port: 44815 } health_report { overall_health: HEALTHY } } }
I0801 16:04:24.094770 2063 catalog_manager.cc:3686] T 32563bc616fa42948b64408e94f0c480 P 3319b1a2e2074f4196d283a82be93a21 reported cstate change: term changed from 0 to 1, leader changed from to 3319b1a2e2074f4196d283a82be93a21 (127.1.253.129). New cstate: current_term: 1 leader_uuid: "3319b1a2e2074f4196d283a82be93a21" committed_config { opid_index: -1 OBSOLETE_local: true peers { permanent_uuid: "3319b1a2e2074f4196d283a82be93a21" member_type: VOTER last_known_addr { host: "127.1.253.129" port: 33561 } health_report { overall_health: HEALTHY } } }
W0801 16:04:24.116295 2340 negotiation.cc:320] Unauthorized connection attempt: Server connection negotiation failed: server connection from 127.0.0.1:41644: authentication token signed with unknown key
W0801 16:04:24.116703 2315 negotiation.cc:313] Failed RPC negotiation. Trace: 0801 16:04:24.114065 (+ 0us) reactor.cc:583] Submitting negotiation task for client connection to 127.1.253.190:44611 0801 16:04:24.114188 (+ 123us) negotiation.cc:98] Waiting for socket to connect 0801 16:04:24.114194 (+ 6us) client_negotiation.cc:160] Beginning negotiation 0801 16:04:24.114242 (+ 48us) client_negotiation.cc:237] Sending NEGOTIATE NegotiatePB request 0801 16:04:24.114361 (+ 119us) client_negotiation.cc:254] Received NEGOTIATE NegotiatePB response 0801 16:04:24.114363 (+ 2us) client_negotiation.cc:348] Received NEGOTIATE response from server 0801 16:04:24.114367 (+ 4us) client_negotiation.cc:175] Negotiated authn=TOKEN 0801 16:04:24.114399 (+ 32us) client_negotiation.cc:476] Received TLS_HANDSHAKE response from server 0801 16:04:24.114419 (+ 20us) client_negotiation.cc:464] Sending TLS_HANDSHAKE message to server 0801 16:04:24.114422 (+ 3us) client_negotiation.cc:237] Sending TLS_HANDSHAKE NegotiatePB request 0801 16:04:24.114896 (+ 474us) client_negotiation.cc:254] Received TLS_HANDSHAKE NegotiatePB response 0801 16:04:24.114897 (+ 1us) client_negotiation.cc:476] Received TLS_HANDSHAKE response from server 0801 16:04:24.115437 (+ 540us) client_negotiation.cc:464] Sending TLS_HANDSHAKE message to server 0801 16:04:24.115443 (+ 6us) client_negotiation.cc:237] Sending TLS_HANDSHAKE NegotiatePB request 0801 16:04:24.115905 (+ 462us) client_negotiation.cc:254] Received TLS_HANDSHAKE NegotiatePB response 0801 16:04:24.115907 (+ 2us) client_negotiation.cc:476] Received TLS_HANDSHAKE response from server 0801 16:04:24.115962 (+ 55us) client_negotiation.cc:502] Negotiated TLSv1.2 with cipher ECDHE-RSA-AES256-GCM-SHA384 TLSv1.2 Kx=ECDH Au=RSA Enc=AESGCM(256) Mac=AEAD 0801 16:04:24.115991 (+ 29us) client_negotiation.cc:237] Sending TOKEN_EXCHANGE NegotiatePB request 0801 16:04:24.116267 (+ 276us) client_negotiation.cc:266] Received error response from server: Service unavailable: ERROR_UNAVAILABLE: Not authorized: authentication token signed with unknown key 0801 16:04:24.116352 (+ 85us) negotiation.cc:304] Negotiation complete: Service unavailable: Client connection negotiation failed: client connection to 127.1.253.190:44611: ERROR_UNAVAILABLE: Not authorized: authentication token signed with unknown key Metrics: {"client-negotiator.queue_time_us":66,"mutex_wait_us":1}
W0801 16:04:24.116880 2038 client-internal.cc:248] Unable to send the request (name: "security-unknown-tsk-itest" schema { columns { name: "key" type: INT32 is_key: true is_nullable: false encoding: AUTO_ENCODING compression: DEFAULT_COMPRESSION cfile_block_size: 0 } columns { name: "val" type: INT32 is_key: false is_nullable: true encoding: AUTO_ENCODING compression: DEFAULT_COMPRESSION cfile_block_size: 0 } } num_replicas: 1 split_rows_range_bounds { } partition_schema { hash_bucket_schemas { columns { name: "key" } num_buckets: 3 seed: 0 } range_schema { columns { name: "key" } } }) to leader Master (127.1.253.190:44611): Service unavailable: Client connection negotiation failed: client connection to 127.1.253.190:44611: ERROR_UNAVAILABLE: Not authorized: authentication token signed with unknown key
W0801 16:04:24.129262 2340 negotiation.cc:320] Unauthorized connection attempt: Server connection negotiation failed: server connection from 127.0.0.1:41646: authentication token signed with unknown key
W0801 16:04:24.129393 2315 negotiation.cc:313] Failed RPC negotiation. Trace: 0801 16:04:24.127176 (+ 0us) reactor.cc:583] Submitting negotiation task for client connection to 127.1.253.190:44611 0801 16:04:24.127277 (+ 101us) negotiation.cc:98] Waiting for socket to connect 0801 16:04:24.127285 (+ 8us) client_negotiation.cc:160] Beginning negotiation 0801 16:04:24.127330 (+ 45us) client_negotiation.cc:237] Sending NEGOTIATE NegotiatePB request 0801 16:04:24.127457 (+ 127us) client_negotiation.cc:254] Received NEGOTIATE NegotiatePB response 0801 16:04:24.127458 (+ 1us) client_negotiation.cc:348] Received NEGOTIATE response from server 0801 16:04:24.127462 (+ 4us) client_negotiation.cc:175] Negotiated authn=TOKEN 0801 16:04:24.127492 (+ 30us) client_negotiation.cc:476] Received TLS_HANDSHAKE response from server 0801 16:04:24.127513 (+ 21us) client_negotiation.cc:464] Sending TLS_HANDSHAKE message to server 0801 16:04:24.127516 (+ 3us) client_negotiation.cc:237] Sending TLS_HANDSHAKE NegotiatePB request 0801 16:04:24.127928 (+ 412us) client_negotiation.cc:254] Received TLS_HANDSHAKE NegotiatePB response 0801 16:04:24.127930 (+ 2us) client_negotiation.cc:476] Received TLS_HANDSHAKE response from server 0801 16:04:24.128479 (+ 549us) client_negotiation.cc:464] Sending TLS_HANDSHAKE message to server 0801 16:04:24.128484 (+ 5us) client_negotiation.cc:237] Sending TLS_HANDSHAKE NegotiatePB request 0801 16:04:24.128937 (+ 453us) client_negotiation.cc:254] Received TLS_HANDSHAKE NegotiatePB response 0801 16:04:24.128939 (+ 2us) client_negotiation.cc:476] Received TLS_HANDSHAKE response from server 0801 16:04:24.129024 (+ 85us) client_negotiation.cc:502] Negotiated TLSv1.2 with cipher ECDHE-RSA-AES256-GCM-SHA384 TLSv1.2 Kx=ECDH Au=RSA Enc=AESGCM(256) Mac=AEAD 0801 16:04:24.129049 (+ 25us) client_negotiation.cc:237] Sending TOKEN_EXCHANGE NegotiatePB request 0801 16:04:24.129238 (+ 189us) client_negotiation.cc:266] Received error response from server: Service unavailable: ERROR_UNAVAILABLE: Not authorized: authentication token signed with unknown key 0801 16:04:24.129311 (+ 73us) negotiation.cc:304] Negotiation complete: Service unavailable: Client connection negotiation failed: client connection to 127.1.253.190:44611: ERROR_UNAVAILABLE: Not authorized: authentication token signed with unknown key Metrics: {"client-negotiator.queue_time_us":38,"mutex_wait_us":3}
W0801 16:04:24.160007 2340 negotiation.cc:320] Unauthorized connection attempt: Server connection negotiation failed: server connection from 127.0.0.1:41648: authentication token signed with unknown key
W0801 16:04:24.160142 2315 negotiation.cc:313] Failed RPC negotiation. Trace: 0801 16:04:24.157794 (+ 0us) reactor.cc:583] Submitting negotiation task for client connection to 127.1.253.190:44611 0801 16:04:24.157893 (+ 99us) negotiation.cc:98] Waiting for socket to connect 0801 16:04:24.157901 (+ 8us) client_negotiation.cc:160] Beginning negotiation 0801 16:04:24.157948 (+ 47us) client_negotiation.cc:237] Sending NEGOTIATE NegotiatePB request 0801 16:04:24.158066 (+ 118us) client_negotiation.cc:254] Received NEGOTIATE NegotiatePB response 0801 16:04:24.158067 (+ 1us) client_negotiation.cc:348] Received NEGOTIATE response from server 0801 16:04:24.158071 (+ 4us) client_negotiation.cc:175] Negotiated authn=TOKEN 0801 16:04:24.158103 (+ 32us) client_negotiation.cc:476] Received TLS_HANDSHAKE response from server 0801 16:04:24.158127 (+ 24us) client_negotiation.cc:464] Sending TLS_HANDSHAKE message to server 0801 16:04:24.158131 (+ 4us) client_negotiation.cc:237] Sending TLS_HANDSHAKE NegotiatePB request 0801 16:04:24.158576 (+ 445us) client_negotiation.cc:254] Received TLS_HANDSHAKE NegotiatePB response 0801 16:04:24.158577 (+ 1us) client_negotiation.cc:476] Received TLS_HANDSHAKE response from server 0801 16:04:24.159136 (+ 559us) client_negotiation.cc:464] Sending TLS_HANDSHAKE message to server 0801 16:04:24.159140 (+ 4us) client_negotiation.cc:237] Sending TLS_HANDSHAKE NegotiatePB request 0801 16:04:24.159620 (+ 480us) client_negotiation.cc:254] Received TLS_HANDSHAKE NegotiatePB response 0801 16:04:24.159623 (+ 3us) client_negotiation.cc:476] Received TLS_HANDSHAKE response from server 0801 16:04:24.159741 (+ 118us) client_negotiation.cc:502] Negotiated TLSv1.2 with cipher ECDHE-RSA-AES256-GCM-SHA384 TLSv1.2 Kx=ECDH Au=RSA Enc=AESGCM(256) Mac=AEAD 0801 16:04:24.159767 (+ 26us) client_negotiation.cc:237] Sending TOKEN_EXCHANGE NegotiatePB request 0801 16:04:24.159980 (+ 213us) client_negotiation.cc:266] Received error response from server: Service unavailable: ERROR_UNAVAILABLE: Not authorized: authentication token signed with unknown key 0801 16:04:24.160055 (+ 75us) negotiation.cc:304] Negotiation complete: Service unavailable: Client connection negotiation failed: client connection to 127.1.253.190:44611: ERROR_UNAVAILABLE: Not authorized: authentication token signed with unknown key Metrics: {"client-negotiator.queue_time_us":36,"mutex_wait_us":19}
W0801 16:04:24.202716 2322 negotiation.cc:320] Unauthorized connection attempt: Server connection negotiation failed: server connection from 127.0.0.1:41656: authentication token signed with unknown key
