W0710 23:26:29.294034 19527 tablet_copy_service.cc:458] P 9c528fbbfce246539f8bcbc2dbe1a353: Error handling TabletCopyService RPC request from {username='slave'} at 127.18.43.2:46749: Error beginning tablet copy session for tablet db0b5751c95748c49ca3272e013e7ee3: Illegal state: The tablet is not in a running state: BOOTSTRAPPING
I0710 23:26:29.301448 19427 ts_tablet_manager.cc:669] T db0b5751c95748c49ca3272e013e7ee3 P 319a0ce5d3df4b83a7c6efed0459c572: Initiating tablet copy from peer 9c528fbbfce246539f8bcbc2dbe1a353 (127.18.43.1:35889)
I0710 23:26:29.301575 19427 tablet_copy_client.cc:239] T db0b5751c95748c49ca3272e013e7ee3 P 319a0ce5d3df4b83a7c6efed0459c572: tablet copy: Beginning tablet copy session from remote peer at address 127.18.43.1:35889
I0710 23:26:29.302103 19527 tablet_copy_service.cc:135] P 9c528fbbfce246539f8bcbc2dbe1a353: Received BeginTabletCopySession request for tablet db0b5751c95748c49ca3272e013e7ee3 from peer 319a0ce5d3df4b83a7c6efed0459c572 ({username='slave'} at 127.18.43.2:46749)
I0710 23:26:29.302153 19527 tablet_copy_service.cc:156] P 9c528fbbfce246539f8bcbc2dbe1a353: Beginning new tablet copy session on tablet db0b5751c95748c49ca3272e013e7ee3 from peer 319a0ce5d3df4b83a7c6efed0459c572 at {username='slave'} at 127.18.43.2:46749: session id = 319a0ce5d3df4b83a7c6efed0459c572-db0b5751c95748c49ca3272e013e7ee3
W0710 23:26:29.302212 19527 tablet_copy_service.cc:458] P 9c528fbbfce246539f8bcbc2dbe1a353: Error handling TabletCopyService RPC request from {username='slave'} at 127.18.43.2:46749: Error beginning tablet copy session for tablet db0b5751c95748c49ca3272e013e7ee3: Illegal state: The tablet is not in a running state: BOOTSTRAPPING
I0710 23:26:29.313333 19427 ts_tablet_manager.cc:669] T db0b5751c95748c49ca3272e013e7ee3 P 319a0ce5d3df4b83a7c6efed0459c572: Initiating tablet copy from peer 9c528fbbfce246539f8bcbc2dbe1a353 (127.18.43.1:35889)
I0710 23:26:29.313438 19427 tablet_copy_client.cc:239] T db0b5751c95748c49ca3272e013e7ee3 P 319a0ce5d3df4b83a7c6efed0459c572: tablet copy: Beginning tablet copy session from remote peer at address 127.18.43.1:35889
I0710 23:26:29.313990 19527 tablet_copy_service.cc:135] P 9c528fbbfce246539f8bcbc2dbe1a353: Received BeginTabletCopySession request for tablet db0b5751c95748c49ca3272e013e7ee3 from peer 319a0ce5d3df4b83a7c6efed0459c572 ({username='slave'} at 127.18.43.2:46749)
I0710 23:26:29.314035 19527 tablet_copy_service.cc:156] P 9c528fbbfce246539f8bcbc2dbe1a353: Beginning new tablet copy session on tablet db0b5751c95748c49ca3272e013e7ee3 from peer 319a0ce5d3df4b83a7c6efed0459c572 at {username='slave'} at 127.18.43.2:46749: session id = 319a0ce5d3df4b83a7c6efed0459c572-db0b5751c95748c49ca3272e013e7ee3
W0710 23:26:29.314092 19527 tablet_copy_service.cc:458] P 9c528fbbfce246539f8bcbc2dbe1a353: Error handling TabletCopyService RPC request from {username='slave'} at 127.18.43.2:46749: Error beginning tablet copy session for tablet db0b5751c95748c49ca3272e013e7ee3: Illegal state: The tablet is not in a running state: BOOTSTRAPPING
I0710 23:26:29.318264 19427 ts_tablet_manager.cc:669] T db0b5751c95748c49ca3272e013e7ee3 P 319a0ce5d3df4b83a7c6efed0459c572: Initiating tablet copy from peer 9c528fbbfce246539f8bcbc2dbe1a353 (127.18.43.1:35889)
I0710 23:26:29.318363 19427 tablet_copy_client.cc:239] T db0b5751c95748c49ca3272e013e7ee3 P 319a0ce5d3df4b83a7c6efed0459c572: tablet copy: Beginning tablet copy session from remote peer at address 127.18.43.1:35889
I0710 23:26:29.318933 19527 tablet_copy_service.cc:135] P 9c528fbbfce246539f8bcbc2dbe1a353: Received BeginTabletCopySession request for tablet db0b5751c95748c49ca3272e013e7ee3 from peer 319a0ce5d3df4b83a7c6efed0459c572 ({username='slave'} at 127.18.43.2:46749)
I0710 23:26:29.318984 19527 tablet_copy_service.cc:156] P 9c528fbbfce246539f8bcbc2dbe1a353: Beginning new tablet copy session on tablet db0b5751c95748c49ca3272e013e7ee3 from peer 319a0ce5d3df4b83a7c6efed0459c572 at {username='slave'} at 127.18.43.2:46749: session id = 319a0ce5d3df4b83a7c6efed0459c572-db0b5751c95748c49ca3272e013e7ee3
W0710 23:26:29.319047 19527 tablet_copy_service.cc:458] P 9c528fbbfce246539f8bcbc2dbe1a353: Error handling TabletCopyService RPC request from {username='slave'} at 127.18.43.2:46749: Error beginning tablet copy session for tablet db0b5751c95748c49ca3272e013e7ee3: Illegal state: The tablet is not in a running state: BOOTSTRAPPING
I0710 23:26:29.326231 19427 ts_tablet_manager.cc:669] T db0b5751c95748c49ca3272e013e7ee3 P 319a0ce5d3df4b83a7c6efed0459c572: Initiating tablet copy from peer 9c528fbbfce246539f8bcbc2dbe1a353 (127.18.43.1:35889)
I0710 23:26:29.326323 19427 tablet_copy_client.cc:239] T db0b5751c95748c49ca3272e013e7ee3 P 319a0ce5d3df4b83a7c6efed0459c572: tablet copy: Beginning tablet copy session from remote peer at address 127.18.43.1:35889
I0710 23:26:29.326843 19527 tablet_copy_service.cc:135] P 9c528fbbfce246539f8bcbc2dbe1a353: Received BeginTabletCopySession request for tablet db0b5751c95748c49ca3272e013e7ee3 from peer 319a0ce5d3df4b83a7c6efed0459c572 ({username='slave'} at 127.18.43.2:46749)
I0710 23:26:29.326896 19527 tablet_copy_service.cc:156] P 9c528fbbfce246539f8bcbc2dbe1a353: Beginning new tablet copy session on tablet db0b5751c95748c49ca3272e013e7ee3 from peer 319a0ce5d3df4b83a7c6efed0459c572 at {username='slave'} at 127.18.43.2:46749: session id = 319a0ce5d3df4b83a7c6efed0459c572-db0b5751c95748c49ca3272e013e7ee3
W0710 23:26:29.326951 19527 tablet_copy_service.cc:458] P 9c528fbbfce246539f8bcbc2dbe1a353: Error handling TabletCopyService RPC request from {username='slave'} at 127.18.43.2:46749: Error beginning tablet copy session for tablet db0b5751c95748c49ca3272e013e7ee3: Illegal state: The tablet is not in a running state: BOOTSTRAPPING
I0710 23:26:29.333562 19427 ts_tablet_manager.cc:669] T db0b5751c95748c49ca3272e013e7ee3 P 319a0ce5d3df4b83a7c6efed0459c572: Initiating tablet copy from peer 9c528fbbfce246539f8bcbc2dbe1a353 (127.18.43.1:35889)
I0710 23:26:29.333663 19427 tablet_copy_client.cc:239] T db0b5751c95748c49ca3272e013e7ee3 P 319a0ce5d3df4b83a7c6efed0459c572: tablet copy: Beginning tablet copy session from remote peer at address 127.18.43.1:35889
I0710 23:26:29.334183 19527 tablet_copy_service.cc:135] P 9c528fbbfce246539f8bcbc2dbe1a353: Received BeginTabletCopySession request for tablet db0b5751c95748c49ca3272e013e7ee3 from peer 319a0ce5d3df4b83a7c6efed0459c572 ({username='slave'} at 127.18.43.2:46749)
I0710 23:26:29.334234 19527 tablet_copy_service.cc:156] P 9c528fbbfce246539f8bcbc2dbe1a353: Beginning new tablet copy session on tablet db0b5751c95748c49ca3272e013e7ee3 from peer 319a0ce5d3df4b83a7c6efed0459c572 at {username='slave'} at 127.18.43.2:46749: session id = 319a0ce5d3df4b83a7c6efed0459c572-db0b5751c95748c49ca3272e013e7ee3
W0710 23:26:29.334290 19527 tablet_copy_service.cc:458] P 9c528fbbfce246539f8bcbc2dbe1a353: Error handling TabletCopyService RPC request from {username='slave'} at 127.18.43.2:46749: Error beginning tablet copy session for tablet db0b5751c95748c49ca3272e013e7ee3: Illegal state: The tablet is not in a running state: BOOTSTRAPPING
I0710 23:26:29.347225 19427 ts_tablet_manager.cc:669] T db0b5751c95748c49ca3272e013e7ee3 P 319a0ce5d3df4b83a7c6efed0459c572: Initiating tablet copy from peer 9c528fbbfce246539f8bcbc2dbe1a353 (127.18.43.1:35889)
I0710 23:26:29.347371 19427 tablet_copy_client.cc:239] T db0b5751c95748c49ca3272e013e7ee3 P 319a0ce5d3df4b83a7c6efed0459c572: tablet copy: Beginning tablet copy session from remote peer at address 127.18.43.1:35889
I0710 23:26:29.347908 19527 tablet_copy_service.cc:135] P 9c528fbbfce246539f8bcbc2dbe1a353: Received BeginTabletCopySession request for tablet db0b5751c95748c49ca3272e013e7ee3 from peer 319a0ce5d3df4b83a7c6efed0459c572 ({username='slave'} at 127.18.43.2:46749)
I0710 23:26:29.347960 19527 tablet_copy_service.cc:156] P 9c528fbbfce246539f8bcbc2dbe1a353: Beginning new tablet copy session on tablet db0b5751c95748c49ca3272e013e7ee3 from peer 319a0ce5d3df4b83a7c6efed0459c572 at {username='slave'} at 127.18.43.2:46749: session id = 319a0ce5d3df4b83a7c6efed0459c572-db0b5751c95748c49ca3272e013e7ee3
W0710 23:26:29.348011 19527 tablet_copy_service.cc:458] P 9c528fbbfce246539f8bcbc2dbe1a353: Error handling TabletCopyService RPC request from {username='slave'} at 127.18.43.2:46749: Error beginning tablet copy session for tablet db0b5751c95748c49ca3272e013e7ee3: Illegal state: The tablet is not in a running state: BOOTSTRAPPING
I0710 23:26:29.359076 19427 ts_tablet_manager.cc:669] T db0b5751c95748c49ca3272e013e7ee3 P 319a0ce5d3df4b83a7c6efed0459c572: Initiating tablet copy from peer 9c528fbbfce246539f8bcbc2dbe1a353 (127.18.43.1:35889)
I0710 23:26:29.359174 19427 tablet_copy_client.cc:239] T db0b5751c95748c49ca3272e013e7ee3 P 319a0ce5d3df4b83a7c6efed0459c572: tablet copy: Beginning tablet copy session from remote peer at address 127.18.43.1:35889
I0710 23:26:29.359750 19527 tablet_copy_service.cc:135] P 9c528fbbfce246539f8bcbc2dbe1a353: Received BeginTabletCopySession request for tablet db0b5751c95748c49ca3272e013e7ee3 from peer 319a0ce5d3df4b83a7c6efed0459c572 ({username='slave'} at 127.18.43.2:46749)
I0710 23:26:29.359805 19527 tablet_copy_service.cc:156] P 9c528fbbfce246539f8bcbc2dbe1a353: Beginning new tablet copy session on tablet db0b5751c95748c49ca3272e013e7ee3 from peer 319a0ce5d3df4b83a7c6efed0459c572 at {username='slave'} at 127.18.43.2:46749: session id = 319a0ce5d3df4b83a7c6efed0459c572-db0b5751c95748c49ca3272e013e7ee3
W0710 23:26:29.359942 19527 tablet_copy_service.cc:458] P 9c528fbbfce246539f8bcbc2dbe1a353: Error handling TabletCopyService RPC request from {username='slave'} at 127.18.43.2:46749: Error beginning tablet copy session for tablet db0b5751c95748c49ca3272e013e7ee3: Illegal state: The tablet is not in a running state: BOOTSTRAPPING
I0710 23:26:29.366756 19427 ts_tablet_manager.cc:669] T db0b5751c95748c49ca3272e013e7ee3 P 319a0ce5d3df4b83a7c6efed0459c572: Initiating tablet copy from peer 9c528fbbfce246539f8bcbc2dbe1a353 (127.18.43.1:35889)
I0710 23:26:29.366883 19427 tablet_copy_client.cc:239] T db0b5751c95748c49ca3272e013e7ee3 P 319a0ce5d3df4b83a7c6efed0459c572: tablet copy: Beginning tablet copy session from remote peer at address 127.18.43.1:35889
I0710 23:26:29.367557 19527 tablet_copy_service.cc:135] P 9c528fbbfce246539f8bcbc2dbe1a353: Received BeginTabletCopySession request for tablet db0b5751c95748c49ca3272e013e7ee3 from peer 319a0ce5d3df4b83a7c6efed0459c572 ({username='slave'} at 127.18.43.2:46749)
I0710 23:26:29.367631 19527 tablet_copy_service.cc:156] P 9c528fbbfce246539f8bcbc2dbe1a353: Beginning new tablet copy session on tablet db0b5751c95748c49ca3272e013e7ee3 from peer 319a0ce5d3df4b83a7c6efed0459c572 at {username='slave'} at 127.18.43.2:46749: session id = 319a0ce5d3df4b83a7c6efed0459c572-db0b5751c95748c49ca3272e013e7ee3
W0710 23:26:29.367691 19527 tablet_copy_service.cc:458] P 9c528fbbfce246539f8bcbc2dbe1a353: Error handling TabletCopyService RPC request from {username='slave'} at 127.18.43.2:46749: Error beginning tablet copy session for tablet db0b5751c95748c49ca3272e013e7ee3: Illegal state: The tablet is not in a running state: BOOTSTRAPPING
I0710 23:26:29.374089 19427 ts_tablet_manager.cc:669] T db0b5751c95748c49ca3272e013e7ee3 P 319a0ce5d3df4b83a7c6efed0459c572: Initiating tablet copy from peer 9c528fbbfce246539f8bcbc2dbe1a353 (127.18.43.1:35889)
I0710 23:26:29.374191 19427 tablet_copy_client.cc:239] T db0b5751c95748c49ca3272e013e7ee3 P 319a0ce5d3df4b83a7c6efed0459c572: tablet copy: Beginning tablet copy session from remote peer at address 127.18.43.1:35889
I0710 23:26:29.374843 19527 tablet_copy_service.cc:135] P 9c528fbbfce246539f8bcbc2dbe1a353: Received BeginTabletCopySession request for tablet db0b5751c95748c49ca3272e013e7ee3 from peer 319a0ce5d3df4b83a7c6efed0459c572 ({username='slave'} at 127.18.43.2:46749)
I0710 23:26:29.374897 19527 tablet_copy_service.cc:156] P 9c528fbbfce246539f8bcbc2dbe1a353: Beginning new tablet copy session on tablet db0b5751c95748c49ca3272e013e7ee3 from peer 319a0ce5d3df4b83a7c6efed0459c572 at {username='slave'} at 127.18.43.2:46749: session id = 319a0ce5d3df4b83a7c6efed0459c572-db0b5751c95748c49ca3272e013e7ee3
W0710 23:26:29.374956 19527 tablet_copy_service.cc:458] P 9c528fbbfce246539f8bcbc2dbe1a353: Error handling TabletCopyService RPC request from {username='slave'} at 127.18.43.2:46749: Error beginning tablet copy session for tablet db0b5751c95748c49ca3272e013e7ee3: Illegal state: The tablet is not in a running state: BOOTSTRAPPING
I0710 23:26:29.377851 19427 ts_tablet_manager.cc:669] T db0b5751c95748c49ca3272e013e7ee3 P 319a0ce5d3df4b83a7c6efed0459c572: Initiating tablet copy from peer 9c528fbbfce246539f8bcbc2dbe1a353 (127.18.43.1:35889)
I0710 23:26:29.377946 19427 tablet_copy_client.cc:239] T db0b5751c95748c49ca3272e013e7ee3 P 319a0ce5d3df4b83a7c6efed0459c572: tablet copy: Beginning tablet copy session from remote peer at address 127.18.43.1:35889
I0710 23:26:29.378420 19527 tablet_copy_service.cc:135] P 9c528fbbfce246539f8bcbc2dbe1a353: Received BeginTabletCopySession request for tablet db0b5751c95748c49ca3272e013e7ee3 from peer 319a0ce5d3df4b83a7c6efed0459c572 ({username='slave'} at 127.18.43.2:46749)
I0710 23:26:29.378471 19527 tablet_copy_service.cc:156] P 9c528fbbfce246539f8bcbc2dbe1a353: Beginning new tablet copy session on tablet db0b5751c95748c49ca3272e013e7ee3 from peer 319a0ce5d3df4b83a7c6efed0459c572 at {username='slave'} at 127.18.43.2:46749: session id = 319a0ce5d3df4b83a7c6efed0459c572-db0b5751c95748c49ca3272e013e7ee3
W0710 23:26:29.378530 19527 tablet_copy_service.cc:458] P 9c528fbbfce246539f8bcbc2dbe1a353: Error handling TabletCopyService RPC request from {username='slave'} at 127.18.43.2:46749: Error beginning tablet copy session for tablet db0b5751c95748c49ca3272e013e7ee3: Illegal state: The tablet is not in a running state: BOOTSTRAPPING
I0710 23:26:29.382637 19427 ts_tablet_manager.cc:669] T db0b5751c95748c49ca3272e013e7ee3 P 319a0ce5d3df4b83a7c6efed0459c572: Initiating tablet copy from peer 9c528fbbfce246539f8bcbc2dbe1a353 (127.18.43.1:35889)
I0710 23:26:29.382740 19427 tablet_copy_client.cc:239] T db0b5751c95748c49ca3272e013e7ee3 P 319a0ce5d3df4b83a7c6efed0459c572: tablet copy: Beginning tablet copy session from remote peer at address 127.18.43.1:35889
I0710 23:26:29.383208 19527 tablet_copy_service.cc:135] P 9c528fbbfce246539f8bcbc2dbe1a353: Received BeginTabletCopySession request for tablet db0b5751c95748c49ca3272e013e7ee3 from peer 319a0ce5d3df4b83a7c6efed0459c572 ({username='slave'} at 127.18.43.2:46749)
I0710 23:26:29.383260 19527 tablet_copy_service.cc:156] P 9c528fbbfce246539f8bcbc2dbe1a353: Beginning new tablet copy session on tablet db0b5751c95748c49ca3272e013e7ee3 from peer 319a0ce5d3df4b83a7c6efed0459c572 at {username='slave'} at 127.18.43.2:46749: session id = 319a0ce5d3df4b83a7c6efed0459c572-db0b5751c95748c49ca3272e013e7ee3
W0710 23:26:29.383312 19527 tablet_copy_service.cc:458] P 9c528fbbfce246539f8bcbc2dbe1a353: Error handling TabletCopyService RPC request from {username='slave'} at 127.18.43.2:46749: Error beginning tablet copy session for tablet db0b5751c95748c49ca3272e013e7ee3: Illegal state: The tablet is not in a running state: BOOTSTRAPPING
I0710 23:26:29.397377 19427 ts_tablet_manager.cc:669] T db0b5751c95748c49ca3272e013e7ee3 P 319a0ce5d3df4b83a7c6efed0459c572: Initiating tablet copy from peer 9c528fbbfce246539f8bcbc2dbe1a353 (127.18.43.1:35889)
I0710 23:26:29.397491 19427 tablet_copy_client.cc:239] T db0b5751c95748c49ca3272e013e7ee3 P 319a0ce5d3df4b83a7c6efed0459c572: tablet copy: Beginning tablet copy session from remote peer at address 127.18.43.1:35889
I0710 23:26:29.398083 19527 tablet_copy_service.cc:135] P 9c528fbbfce246539f8bcbc2dbe1a353: Received BeginTabletCopySession request for tablet db0b5751c95748c49ca3272e013e7ee3 from peer 319a0ce5d3df4b83a7c6efed0459c572 ({username='slave'} at 127.18.43.2:46749)
I0710 23:26:29.398135 19527 tablet_copy_service.cc:156] P 9c528fbbfce246539f8bcbc2dbe1a353: Beginning new tablet copy session on tablet db0b5751c95748c49ca3272e013e7ee3 from peer 319a0ce5d3df4b83a7c6efed0459c572 at {username='slave'} at 127.18.43.2:46749: session id = 319a0ce5d3df4b83a7c6efed0459c572-db0b5751c95748c49ca3272e013e7ee3
W0710 23:26:29.398187 19527 tablet_copy_service.cc:458] P 9c528fbbfce246539f8bcbc2dbe1a353: Error handling TabletCopyService RPC request from {username='slave'} at 127.18.43.2:46749: Error beginning tablet copy session for tablet db0b5751c95748c49ca3272e013e7ee3: Illegal state: The tablet is not in a running state: BOOTSTRAPPING
I0710 23:26:29.409036 19427 ts_tablet_manager.cc:669] T db0b5751c95748c49ca3272e013e7ee3 P 319a0ce5d3df4b83a7c6efed0459c572: Initiating tablet copy from peer 9c528fbbfce246539f8bcbc2dbe1a353 (127.18.43.1:35889)
I0710 23:26:29.409142 19427 tablet_copy_client.cc:239] T db0b5751c95748c49ca3272e013e7ee3 P 319a0ce5d3df4b83a7c6efed0459c572: tablet copy: Beginning tablet copy session from remote peer at address 127.18.43.1:35889
I0710 23:26:29.409720 19527 tablet_copy_service.cc:135] P 9c528fbbfce246539f8bcbc2dbe1a353: Received BeginTabletCopySession request for tablet db0b5751c95748c49ca3272e013e7ee3 from peer 319a0ce5d3df4b83a7c6efed0459c572 ({username='slave'} at 127.18.43.2:46749)
I0710 23:26:29.409771 19527 tablet_copy_service.cc:156] P 9c528fbbfce246539f8bcbc2dbe1a353: Beginning new tablet copy session on tablet db0b5751c95748c49ca3272e013e7ee3 from peer 319a0ce5d3df4b83a7c6efed0459c572 at {username='slave'} at 127.18.43.2:46749: session id = 319a0ce5d3df4b83a7c6efed0459c572-db0b5751c95748c49ca3272e013e7ee3
W0710 23:26:29.409839 19527 tablet_copy_service.cc:458] P 9c528fbbfce246539f8bcbc2dbe1a353: Error handling TabletCopyService RPC request from {username='slave'} at 127.18.43.2:46749: Error beginning tablet copy session for tablet db0b5751c95748c49ca3272e013e7ee3: Illegal state: The tablet is not in a running state: BOOTSTRAPPING
I0710 23:26:29.415721 19427 ts_tablet_manager.cc:669] T db0b5751c95748c49ca3272e013e7ee3 P 319a0ce5d3df4b83a7c6efed0459c572: Initiating tablet copy from peer 9c528fbbfce246539f8bcbc2dbe1a353 (127.18.43.1:35889)
I0710 23:26:29.415827 19427 tablet_copy_client.cc:239] T db0b5751c95748c49ca3272e013e7ee3 P 319a0ce5d3df4b83a7c6efed0459c572: tablet copy: Beginning tablet copy session from remote peer at address 127.18.43.1:35889
I0710 23:26:29.416385 19527 tablet_copy_service.cc:135] P 9c528fbbfce246539f8bcbc2dbe1a353: Received BeginTabletCopySession request for tablet db0b5751c95748c49ca3272e013e7ee3 from peer 319a0ce5d3df4b83a7c6efed0459c572 ({username='slave'} at 127.18.43.2:46749)
I0710 23:26:29.416441 19527 tablet_copy_service.cc:156] P 9c528fbbfce246539f8bcbc2dbe1a353: Beginning new tablet copy session on tablet db0b5751c95748c49ca3272e013e7ee3 from peer 319a0ce5d3df4b83a7c6efed0459c572 at {username='slave'} at 127.18.43.2:46749: session id = 319a0ce5d3df4b83a7c6efed0459c572-db0b5751c95748c49ca3272e013e7ee3
W0710 23:26:29.416498 19527 tablet_copy_service.cc:458] P 9c528fbbfce246539f8bcbc2dbe1a353: Error handling TabletCopyService RPC request from {username='slave'} at 127.18.43.2:46749: Error beginning tablet copy session for tablet db0b5751c95748c49ca3272e013e7ee3: Illegal state: The tablet is not in a running state: BOOTSTRAPPING
I0710 23:26:29.417258 19427 ts_tablet_manager.cc:669] T db0b5751c95748c49ca3272e013e7ee3 P 319a0ce5d3df4b83a7c6efed0459c572: Initiating tablet copy from peer 9c528fbbfce246539f8bcbc2dbe1a353 (127.18.43.1:35889)
I0710 23:26:29.417330 19427 tablet_copy_client.cc:239] T db0b5751c95748c49ca3272e013e7ee3 P 319a0ce5d3df4b83a7c6efed0459c572: tablet copy: Beginning tablet copy session from remote peer at address 127.18.43.1:35889
I0710 23:26:29.417713 19527 tablet_copy_service.cc:135] P 9c528fbbfce246539f8bcbc2dbe1a353: Received BeginTabletCopySession request for tablet db0b5751c95748c49ca3272e013e7ee3 from peer 319a0ce5d3df4b83a7c6efed0459c572 ({username='slave'} at 127.18.43.2:46749)
I0710 23:26:29.417752 19527 tablet_copy_service.cc:156] P 9c528fbbfce246539f8bcbc2dbe1a353: Beginning new tablet copy session on tablet db0b5751c95748c49ca3272e013e7ee3 from peer 319a0ce5d3df4b83a7c6efed0459c572 at {username='slave'} at 127.18.43.2:46749: session id = 319a0ce5d3df4b83a7c6efed0459c572-db0b5751c95748c49ca3272e013e7ee3
W0710 23:26:29.417796 19527 tablet_copy_service.cc:458] P 9c528fbbfce246539f8bcbc2dbe1a353: Error handling TabletCopyService RPC request from {username='slave'} at 127.18.43.2:46749: Error beginning tablet copy session for tablet db0b5751c95748c49ca3272e013e7ee3: Illegal state: The tablet is not in a running state: BOOTSTRAPPING
I0710 23:26:29.418375 19427 ts_tablet_manager.cc:669] T db0b5751c95748c49ca3272e013e7ee3 P 319a0ce5d3df4b83a7c6efed0459c572: Initiating tablet copy from peer 9c528fbbfce246539f8bcbc2dbe1a353 (127.18.43.1:35889)
I0710 23:26:29.418444 19427 tablet_copy_client.cc:239] T db0b5751c95748c49ca3272e013e7ee3 P 319a0ce5d3df4b83a7c6efed0459c572: tablet copy: Beginning tablet copy session from remote peer at address 127.18.43.1:35889
I0710 23:26:29.418799 19527 tablet_copy_service.cc:135] P 9c528fbbfce246539f8bcbc2dbe1a353: Received BeginTabletCopySession request for tablet db0b5751c95748c49ca3272e013e7ee3 from peer 319a0ce5d3df4b83a7c6efed0459c572 ({username='slave'} at 127.18.43.2:46749)
I0710 23:26:29.418848 19527 tablet_copy_service.cc:156] P 9c528fbbfce246539f8bcbc2dbe1a353: Beginning new tablet copy session on tablet db0b5751c95748c49ca3272e013e7ee3 from peer 319a0ce5d3df4b83a7c6efed0459c572 at {username='slave'} at 127.18.43.2:46749: session id = 319a0ce5d3df4b83a7c6efed0459c572-db0b5751c95748c49ca3272e013e7ee3
W0710 23:26:29.418895 19527 tablet_copy_service.cc:458] P 9c528fbbfce246539f8bcbc2dbe1a353: Error handling TabletCopyService RPC request from {username='slave'} at 127.18.43.2:46749: Error beginning tablet copy session for tablet db0b5751c95748c49ca3272e013e7ee3: Illegal state: The tablet is not in a running state: BOOTSTRAPPING
I0710 23:26:29.434878 19427 ts_tablet_manager.cc:669] T db0b5751c95748c49ca3272e013e7ee3 P 319a0ce5d3df4b83a7c6efed0459c572: Initiating tablet copy from peer 9c528fbbfce246539f8bcbc2dbe1a353 (127.18.43.1:35889)
I0710 23:26:29.434983 19427 tablet_copy_client.cc:239] T db0b5751c95748c49ca3272e013e7ee3 P 319a0ce5d3df4b83a7c6efed0459c572: tablet copy: Beginning tablet copy session from remote peer at address 127.18.43.1:35889
I0710 23:26:29.435534 19527 tablet_copy_service.cc:135] P 9c528fbbfce246539f8bcbc2dbe1a353: Received BeginTabletCopySession request for tablet db0b5751c95748c49ca3272e013e7ee3 from peer 319a0ce5d3df4b83a7c6efed0459c572 ({username='slave'} at 127.18.43.2:46749)
I0710 23:26:29.435621 19527 tablet_copy_service.cc:156] P 9c528fbbfce246539f8bcbc2dbe1a353: Beginning new tablet copy session on tablet db0b5751c95748c49ca3272e013e7ee3 from peer 319a0ce5d3df4b83a7c6efed0459c572 at {username='slave'} at 127.18.43.2:46749: session id = 319a0ce5d3df4b83a7c6efed0459c572-db0b5751c95748c49ca3272e013e7ee3
W0710 23:26:29.435685 19527 tablet_copy_service.cc:458] P 9c528fbbfce246539f8bcbc2dbe1a353: Error handling TabletCopyService RPC request from {username='slave'} at 127.18.43.2:46749: Error beginning tablet copy session for tablet db0b5751c95748c49ca3272e013e7ee3: Illegal state: The tablet is not in a running state: BOOTSTRAPPING
I0710 23:26:29.438637 19427 ts_tablet_manager.cc:669] T db0b5751c95748c49ca3272e013e7ee3 P 319a0ce5d3df4b83a7c6efed0459c572: Initiating tablet copy from peer 9c528fbbfce246539f8bcbc2dbe1a353 (127.18.43.1:35889)
I0710 23:26:29.438733 19427 tablet_copy_client.cc:239] T db0b5751c95748c49ca3272e013e7ee3 P 319a0ce5d3df4b83a7c6efed0459c572: tablet copy: Beginning tablet copy session from remote peer at address 127.18.43.1:35889
I0710 23:26:29.439301 19527 tablet_copy_service.cc:135] P 9c528fbbfce246539f8bcbc2dbe1a353: Received BeginTabletCopySession request for tablet db0b5751c95748c49ca3272e013e7ee3 from peer 319a0ce5d3df4b83a7c6efed0459c572 ({username='slave'} at 127.18.43.2:46749)
I0710 23:26:29.439352 19527 tablet_copy_service.cc:156] P 9c528fbbfce246539f8bcbc2dbe1a353: Beginning new tablet copy session on tablet db0b5751c95748c49ca3272e013e7ee3 from peer 319a0ce5d3df4b83a7c6efed0459c572 at {username='slave'} at 127.18.43.2:46749: session id = 319a0ce5d3df4b83a7c6efed0459c572-db0b5751c95748c49ca3272e013e7ee3
W0710 23:26:29.439404 19527 tablet_copy_service.cc:458] P 9c528fbbfce246539f8bcbc2dbe1a353: Error handling TabletCopyService RPC request from {username='slave'} at 127.18.43.2:46749: Error beginning tablet copy session for tablet db0b5751c95748c49ca3272e013e7ee3: Illegal state: The tablet is not in a running state: BOOTSTRAPPING
I0710 23:26:29.444046 19427 ts_tablet_manager.cc:669] T db0b5751c95748c49ca3272e013e7ee3 P 319a0ce5d3df4b83a7c6efed0459c572: Initiating tablet copy from peer 9c528fbbfce246539f8bcbc2dbe1a353 (127.18.43.1:35889)
I0710 23:26:29.444146 19427 tablet_copy_client.cc:239] T db0b5751c95748c49ca3272e013e7ee3 P 319a0ce5d3df4b83a7c6efed0459c572: tablet copy: Beginning tablet copy session from remote peer at address 127.18.43.1:35889
I0710 23:26:29.444727 19527 tablet_copy_service.cc:135] P 9c528fbbfce246539f8bcbc2dbe1a353: Received BeginTabletCopySession request for tablet db0b5751c95748c49ca3272e013e7ee3 from peer 319a0ce5d3df4b83a7c6efed0459c572 ({username='slave'} at 127.18.43.2:46749)
I0710 23:26:29.444774 19527 tablet_copy_service.cc:156] P 9c528fbbfce246539f8bcbc2dbe1a353: Beginning new tablet copy session on tablet db0b5751c95748c49ca3272e013e7ee3 from peer 319a0ce5d3df4b83a7c6efed0459c572 at {username='slave'} at 127.18.43.2:46749: session id = 319a0ce5d3df4b83a7c6efed0459c572-db0b5751c95748c49ca3272e013e7ee3
W0710 23:26:29.444825 19527 tablet_copy_service.cc:458] P 9c528fbbfce246539f8bcbc2dbe1a353: Error handling TabletCopyService RPC request from {username='slave'} at 127.18.43.2:46749: Error beginning tablet copy session for tablet db0b5751c95748c49ca3272e013e7ee3: Illegal state: The tablet is not in a running state: BOOTSTRAPPING
I0710 23:26:29.445515 19427 ts_tablet_manager.cc:669] T db0b5751c95748c49ca3272e013e7ee3 P 319a0ce5d3df4b83a7c6efed0459c572: Initiating tablet copy from peer 9c528fbbfce246539f8bcbc2dbe1a353 (127.18.43.1:35889)
I0710 23:26:29.445595 19427 tablet_copy_client.cc:239] T db0b5751c95748c49ca3272e013e7ee3 P 319a0ce5d3df4b83a7c6efed0459c572: tablet copy: Beginning tablet copy session from remote peer at address 127.18.43.1:35889
I0710 23:26:29.445928 19527 tablet_copy_service.cc:135] P 9c528fbbfce246539f8bcbc2dbe1a353: Received BeginTabletCopySession request for tablet db0b5751c95748c49ca3272e013e7ee3 from peer 319a0ce5d3df4b83a7c6efed0459c572 ({username='slave'} at 127.18.43.2:46749)
I0710 23:26:29.445974 19527 tablet_copy_service.cc:156] P 9c528fbbfce246539f8bcbc2dbe1a353: Beginning new tablet copy session on tablet db0b5751c95748c49ca3272e013e7ee3 from peer 319a0ce5d3df4b83a7c6efed0459c572 at {username='slave'} at 127.18.43.2:46749: session id = 319a0ce5d3df4b83a7c6efed0459c572-db0b5751c95748c49ca3272e013e7ee3
W0710 23:26:29.446019 19527 tablet_copy_service.cc:458] P 9c528fbbfce246539f8bcbc2dbe1a353: Error handling TabletCopyService RPC request from {username='slave'} at 127.18.43.2:46749: Error beginning tablet copy session for tablet db0b5751c95748c49ca3272e013e7ee3: Illegal state: The tablet is not in a running state: BOOTSTRAPPING
I0710 23:26:29.457690 19427 ts_tablet_manager.cc:669] T db0b5751c95748c49ca3272e013e7ee3 P 319a0ce5d3df4b83a7c6efed0459c572: Initiating tablet copy from peer 9c528fbbfce246539f8bcbc2dbe1a353 (127.18.43.1:35889)
I0710 23:26:29.457788 19427 tablet_copy_client.cc:239] T db0b5751c95748c49ca3272e013e7ee3 P 319a0ce5d3df4b83a7c6efed0459c572: tablet copy: Beginning tablet copy session from remote peer at address 127.18.43.1:35889
I0710 23:26:29.458297 19527 tablet_copy_service.cc:135] P 9c528fbbfce246539f8bcbc2dbe1a353: Received BeginTabletCopySession request for tablet db0b5751c95748c49ca3272e013e7ee3 from peer 319a0ce5d3df4b83a7c6efed0459c572 ({username='slave'} at 127.18.43.2:46749)
I0710 23:26:29.458348 19527 tablet_copy_service.cc:156] P 9c528fbbfce246539f8bcbc2dbe1a353: Beginning new tablet copy session on tablet db0b5751c95748c49ca3272e013e7ee3 from peer 319a0ce5d3df4b83a7c6efed0459c572 at {username='slave'} at 127.18.43.2:46749: session id = 319a0ce5d3df4b83a7c6efed0459c572-db0b5751c95748c49ca3272e013e7ee3
W0710 23:26:29.458415 19527 tablet_copy_service.cc:458] P 9c528fbbfce246539f8bcbc2dbe1a353: Error handling TabletCopyService RPC request from {username='slave'} at 127.18.43.2:46749: Error beginning tablet copy session for tablet db0b5751c95748c49ca3272e013e7ee3: Illegal state: The tablet is not in a running state: BOOTSTRAPPING
I0710 23:26:29.462157 19427 ts_tablet_manager.cc:669] T db0b5751c95748c49ca3272e013e7ee3 P 319a0ce5d3df4b83a7c6efed0459c572: Initiating tablet copy from peer 9c528fbbfce246539f8bcbc2dbe1a353 (127.18.43.1:35889)
I0710 23:26:29.462270 19427 tablet_copy_client.cc:239] T db0b5751c95748c49ca3272e013e7ee3 P 319a0ce5d3df4b83a7c6efed0459c572: tablet copy: Beginning tablet copy session from remote peer at address 127.18.43.1:35889
I0710 23:26:29.462792 19527 tablet_copy_service.cc:135] P 9c528fbbfce246539f8bcbc2dbe1a353: Received BeginTabletCopySession request for tablet db0b5751c95748c49ca3272e013e7ee3 from peer 319a0ce5d3df4b83a7c6efed0459c572 ({username='slave'} at 127.18.43.2:46749)
I0710 23:26:29.462837 19527 tablet_copy_service.cc:156] P 9c528fbbfce246539f8bcbc2dbe1a353: Beginning new tablet copy session on tablet db0b5751c95748c49ca3272e013e7ee3 from peer 319a0ce5d3df4b83a7c6efed0459c572 at {username='slave'} at 127.18.43.2:46749: session id = 319a0ce5d3df4b83a7c6efed0459c572-db0b5751c95748c49ca3272e013e7ee3
W0710 23:26:29.462888 19527 tablet_copy_service.cc:458] P 9c528fbbfce246539f8bcbc2dbe1a353: Error handling TabletCopyService RPC request from {username='slave'} at 127.18.43.2:46749: Error beginning tablet copy session for tablet db0b5751c95748c49ca3272e013e7ee3: Illegal state: The tablet is not in a running state: BOOTSTRAPPING
I0710 23:26:29.464116 19427 ts_tablet_manager.cc:669] T db0b5751c95748c49ca3272e013e7ee3 P 319a0ce5d3df4b83a7c6efed0459c572: Initiating tablet copy from peer 9c528fbbfce246539f8bcbc2dbe1a353 (127.18.43.1:35889)
I0710 23:26:29.464203 19427 tablet_copy_client.cc:239] T db0b5751c95748c49ca3272e013e7ee3 P 319a0ce5d3df4b83a7c6efed0459c572: tablet copy: Beginning tablet copy session from remote peer at address 127.18.43.1:35889
I0710 23:26:29.464666 19527 tablet_copy_service.cc:135] P 9c528fbbfce246539f8bcbc2dbe1a353: Received BeginTabletCopySession request for tablet db0b5751c95748c49ca3272e013e7ee3 from peer 319a0ce5d3df4b83a7c6efed0459c572 ({username='slave'} at 127.18.43.2:46749)
I0710 23:26:29.464715 19527 tablet_copy_service.cc:156] P 9c528fbbfce246539f8bcbc2dbe1a353: Beginning new tablet copy session on tablet db0b5751c95748c49ca3272e013e7ee3 from peer 319a0ce5d3df4b83a7c6efed0459c572 at {username='slave'} at 127.18.43.2:46749: session id = 319a0ce5d3df4b83a7c6efed0459c572-db0b5751c95748c49ca3272e013e7ee3
W0710 23:26:29.464766 19527 tablet_copy_service.cc:458] P 9c528fbbfce246539f8bcbc2dbe1a353: Error handling TabletCopyService RPC request from {username='slave'} at 127.18.43.2:46749: Error beginning tablet copy session for tablet db0b5751c95748c49ca3272e013e7ee3: Illegal state: The tablet is not in a running state: BOOTSTRAPPING
I0710 23:26:29.473076 19445 tablet_bootstrap.cc:427] T db0b5751c95748c49ca3272e013e7ee3 P 9c528fbbfce246539f8bcbc2dbe1a353: Bootstrap replayed 1/1 log segments. Stats: ops{read=215 overwritten=0 applied=215 ignored=0} inserts{seen=10650 ignored=0} mutations{seen=0 ignored=0} orphaned_commits=0. Pending: 0 replicates
I0710 23:26:29.473476 19445 tablet_bootstrap.cc:427] T db0b5751c95748c49ca3272e013e7ee3 P 9c528fbbfce246539f8bcbc2dbe1a353: Bootstrap complete.
I0710 23:26:29.474382 19445 ts_tablet_manager.cc:1045] T db0b5751c95748c49ca3272e013e7ee3 P 9c528fbbfce246539f8bcbc2dbe1a353: Time spent bootstrapping tablet: real 0.358s user 0.338s sys 0.016s
I0710 23:26:29.475008 19427 ts_tablet_manager.cc:669] T db0b5751c95748c49ca3272e013e7ee3 P 319a0ce5d3df4b83a7c6efed0459c572: Initiating tablet copy from peer 9c528fbbfce246539f8bcbc2dbe1a353 (127.18.43.1:35889)
I0710 23:26:29.475114 19427 tablet_copy_client.cc:239] T db0b5751c95748c49ca3272e013e7ee3 P 319a0ce5d3df4b83a7c6efed0459c572: tablet copy: Beginning tablet copy session from remote peer at address 127.18.43.1:35889
I0710 23:26:29.475805 19527 tablet_copy_service.cc:135] P 9c528fbbfce246539f8bcbc2dbe1a353: Received BeginTabletCopySession request for tablet db0b5751c95748c49ca3272e013e7ee3 from peer 319a0ce5d3df4b83a7c6efed0459c572 ({username='slave'} at 127.18.43.2:46749)
I0710 23:26:29.475864 19527 tablet_copy_service.cc:156] P 9c528fbbfce246539f8bcbc2dbe1a353: Beginning new tablet copy session on tablet db0b5751c95748c49ca3272e013e7ee3 from peer 319a0ce5d3df4b83a7c6efed0459c572 at {username='slave'} at 127.18.43.2:46749: session id = 319a0ce5d3df4b83a7c6efed0459c572-db0b5751c95748c49ca3272e013e7ee3
W0710 23:26:29.475919 19527 tablet_copy_service.cc:458] P 9c528fbbfce246539f8bcbc2dbe1a353: Error handling TabletCopyService RPC request from {username='slave'} at 127.18.43.2:46749: Error beginning tablet copy session for tablet db0b5751c95748c49ca3272e013e7ee3: Illegal state: The tablet is not in a running state: BOOTSTRAPPING
I0710 23:26:29.477280 19445 raft_consensus.cc:325] T db0b5751c95748c49ca3272e013e7ee3 P 9c528fbbfce246539f8bcbc2dbe1a353 [term 2 FOLLOWER]: Replica starting. Triggering 0 pending transactions. Active config: opid_index: -1 OBSOLETE_local: true peers { permanent_uuid: "9c528fbbfce246539f8bcbc2dbe1a353" member_type: VOTER last_known_addr { host: "127.18.43.1" port: 35889 } }
I0710 23:26:29.477373 19445 raft_consensus.cc:630] T db0b5751c95748c49ca3272e013e7ee3 P 9c528fbbfce246539f8bcbc2dbe1a353 [term 2 FOLLOWER]: Becoming Follower/Learner. State: Replica: 9c528fbbfce246539f8bcbc2dbe1a353, State: Initialized, Role: FOLLOWER
I0710 23:26:29.477638 19427 ts_tablet_manager.cc:669] T db0b5751c95748c49ca3272e013e7ee3 P 319a0ce5d3df4b83a7c6efed0459c572: Initiating tablet copy from peer 9c528fbbfce246539f8bcbc2dbe1a353 (127.18.43.1:35889)
I0710 23:26:29.477793 19427 tablet_copy_client.cc:239] T db0b5751c95748c49ca3272e013e7ee3 P 319a0ce5d3df4b83a7c6efed0459c572: tablet copy: Beginning tablet copy session from remote peer at address 127.18.43.1:35889
I0710 23:26:29.477854 19445 consensus_queue.cc:227] T db0b5751c95748c49ca3272e013e7ee3 P 9c528fbbfce246539f8bcbc2dbe1a353 [NON_LEADER]: Queue going to NON_LEADER mode. State: All replicated index: 0, Majority replicated index: 0, Committed index: 215, Last appended: 2.215, Last appended by leader: 215, Current term: 0, Majority size: -1, State: 0, Mode: NON_LEADER, active raft config: opid_index: -1 OBSOLETE_local: true peers { permanent_uuid: "9c528fbbfce246539f8bcbc2dbe1a353" member_type: VOTER last_known_addr { host: "127.18.43.1" port: 35889 } }
I0710 23:26:29.477912 19445 raft_consensus.cc:365] T db0b5751c95748c49ca3272e013e7ee3 P 9c528fbbfce246539f8bcbc2dbe1a353 [term 2 FOLLOWER]: Only one voter in the Raft config. Triggering election immediately
I0710 23:26:29.477946 19445 raft_consensus.cc:457] T db0b5751c95748c49ca3272e013e7ee3 P 9c528fbbfce246539f8bcbc2dbe1a353 [term 2 FOLLOWER]: Starting leader election (initial election of a single-replica configuration)
I0710 23:26:29.478001 19445 raft_consensus.cc:2732] T db0b5751c95748c49ca3272e013e7ee3 P 9c528fbbfce246539f8bcbc2dbe1a353: Snoozing failure detection for 1.631s (starting election)
I0710 23:26:29.478025 19445 raft_consensus.cc:2784] T db0b5751c95748c49ca3272e013e7ee3 P 9c528fbbfce246539f8bcbc2dbe1a353 [term 2 FOLLOWER]: Advancing to term 3
I0710 23:26:29.478240 19527 tablet_copy_service.cc:135] P 9c528fbbfce246539f8bcbc2dbe1a353: Received BeginTabletCopySession request for tablet db0b5751c95748c49ca3272e013e7ee3 from peer 319a0ce5d3df4b83a7c6efed0459c572 ({username='slave'} at 127.18.43.2:46749)
I0710 23:26:29.478302 19527 tablet_copy_service.cc:156] P 9c528fbbfce246539f8bcbc2dbe1a353: Beginning new tablet copy session on tablet db0b5751c95748c49ca3272e013e7ee3 from peer 319a0ce5d3df4b83a7c6efed0459c572 at {username='slave'} at 127.18.43.2:46749: session id = 319a0ce5d3df4b83a7c6efed0459c572-db0b5751c95748c49ca3272e013e7ee3
W0710 23:26:29.478355 19527 tablet_copy_service.cc:458] P 9c528fbbfce246539f8bcbc2dbe1a353: Error handling TabletCopyService RPC request from {username='slave'} at 127.18.43.2:46749: Error beginning tablet copy session for tablet db0b5751c95748c49ca3272e013e7ee3: Illegal state: The tablet is not in a running state: BOOTSTRAPPING
I0710 23:26:29.479310 19445 raft_consensus.cc:479] T db0b5751c95748c49ca3272e013e7ee3 P 9c528fbbfce246539f8bcbc2dbe1a353 [term 3 FOLLOWER]: Starting leader election with config: opid_index: -1 OBSOLETE_local: true peers { permanent_uuid: "9c528fbbfce246539f8bcbc2dbe1a353" member_type: VOTER last_known_addr { host: "127.18.43.1" port: 35889 } }
I0710 23:26:29.479662 19445 leader_election.cc:278] T db0b5751c95748c49ca3272e013e7ee3 P 9c528fbbfce246539f8bcbc2dbe1a353 [CANDIDATE]: Term 3 election: Election decided. Result: candidate won.
I0710 23:26:29.480072 19555 raft_consensus.cc:2732] T db0b5751c95748c49ca3272e013e7ee3 P 9c528fbbfce246539f8bcbc2dbe1a353: Snoozing failure detection for 2.009s (election complete)
I0710 23:26:29.480111 19555 raft_consensus.cc:2539] T db0b5751c95748c49ca3272e013e7ee3 P 9c528fbbfce246539f8bcbc2dbe1a353 [term 3 FOLLOWER]: Leader election won for term 3
I0710 23:26:29.480232 19555 raft_consensus.cc:595] T db0b5751c95748c49ca3272e013e7ee3 P 9c528fbbfce246539f8bcbc2dbe1a353 [term 3 LEADER]: Becoming Leader. State: Replica: 9c528fbbfce246539f8bcbc2dbe1a353, State: Running, Role: LEADER
I0710 23:26:29.480255 19550 heartbeater.cc:467] Master 127.18.43.62:40099 was elected leader, sending a full tablet report...
I0710 23:26:29.480417 19445 ts_tablet_manager.cc:1073] T db0b5751c95748c49ca3272e013e7ee3 P 9c528fbbfce246539f8bcbc2dbe1a353: Time spent starting tablet: real 0.006s user 0.009s sys 0.000s
I0710 23:26:29.480490 19555 consensus_queue.cc:204] T db0b5751c95748c49ca3272e013e7ee3 P 9c528fbbfce246539f8bcbc2dbe1a353 [LEADER]: Queue going to LEADER mode. State: All replicated index: 0, Majority replicated index: 215, Committed index: 215, Last appended: 2.215, Last appended by leader: 215, Current term: 3, Majority size: 1, State: 0, Mode: LEADER, active raft config: opid_index: -1 OBSOLETE_local: true peers { permanent_uuid: "9c528fbbfce246539f8bcbc2dbe1a353" member_type: VOTER last_known_addr { host: "127.18.43.1" port: 35889 } }
I0710 23:26:29.482671 18957 catalog_manager.cc:3827] T db0b5751c95748c49ca3272e013e7ee3 P 9c528fbbfce246539f8bcbc2dbe1a353 reported cstate change: term changed from 2 to 3. New cstate: current_term: 3 leader_uuid: "9c528fbbfce246539f8bcbc2dbe1a353" committed_config { opid_index: -1 OBSOLETE_local: true peers { permanent_uuid: "9c528fbbfce246539f8bcbc2dbe1a353" member_type: VOTER last_known_addr { host: "127.18.43.1" port: 35889 } health_report { overall_health: HEALTHY } } }
I0710 23:26:29.484485 19427 ts_tablet_manager.cc:669] T db0b5751c95748c49ca3272e013e7ee3 P 319a0ce5d3df4b83a7c6efed0459c572: Initiating tablet copy from peer 9c528fbbfce246539f8bcbc2dbe1a353 (127.18.43.1:35889)
I0710 23:26:29.484593 19427 tablet_copy_client.cc:239] T db0b5751c95748c49ca3272e013e7ee3 P 319a0ce5d3df4b83a7c6efed0459c572: tablet copy: Beginning tablet copy session from remote peer at address 127.18.43.1:35889
I0710 23:26:29.485143 19527 tablet_copy_service.cc:135] P 9c528fbbfce246539f8bcbc2dbe1a353: Received BeginTabletCopySession request for tablet db0b5751c95748c49ca3272e013e7ee3 from peer 319a0ce5d3df4b83a7c6efed0459c572 ({username='slave'} at 127.18.43.2:46749)
I0710 23:26:29.485194 19527 tablet_copy_service.cc:156] P 9c528fbbfce246539f8bcbc2dbe1a353: Beginning new tablet copy session on tablet db0b5751c95748c49ca3272e013e7ee3 from peer 319a0ce5d3df4b83a7c6efed0459c572 at {username='slave'} at 127.18.43.2:46749: session id = 319a0ce5d3df4b83a7c6efed0459c572-db0b5751c95748c49ca3272e013e7ee3
I0710 23:26:29.486013 19527 tablet_copy_source_session.cc:202] T db0b5751c95748c49ca3272e013e7ee3 P 9c528fbbfce246539f8bcbc2dbe1a353: Tablet Copy: opened 0 blocks and 1 log segments
I0710 23:26:29.488615 19427 data_dirs.cc:934] Could only allocate 1 dirs of requested 3 for tablet db0b5751c95748c49ca3272e013e7ee3. 1 dirs total, 0 dirs full, 0 dirs failed
I0710 23:26:29.492986 19427 ts_tablet_manager.cc:1173] T db0b5751c95748c49ca3272e013e7ee3 P 319a0ce5d3df4b83a7c6efed0459c572: Registered tablet (data state: TABLET_DATA_COPYING)
I0710 23:26:29.493152 19427 tablet_copy_client.cc:566] T db0b5751c95748c49ca3272e013e7ee3 P 319a0ce5d3df4b83a7c6efed0459c572: tablet copy: Starting download of 0 data blocks...
I0710 23:26:29.493273 19427 tablet_copy_client.cc:529] T db0b5751c95748c49ca3272e013e7ee3 P 319a0ce5d3df4b83a7c6efed0459c572: tablet copy: Starting download of 1 WAL segments...
I0710 23:26:29.496548 19427 tablet_copy_client.cc:405] T db0b5751c95748c49ca3272e013e7ee3 P 319a0ce5d3df4b83a7c6efed0459c572: tablet copy: Tablet Copy complete. Replacing tablet superblock.
I0710 23:26:29.498092 19427 ts_tablet_manager.cc:1028] T db0b5751c95748c49ca3272e013e7ee3 P 319a0ce5d3df4b83a7c6efed0459c572: Bootstrapping tablet
I0710 23:26:29.498351 19427 tablet_bootstrap.cc:427] T db0b5751c95748c49ca3272e013e7ee3 P 319a0ce5d3df4b83a7c6efed0459c572: Bootstrap starting.
I0710 23:26:29.515151 19427 log.cc:525] T db0b5751c95748c49ca3272e013e7ee3 P 319a0ce5d3df4b83a7c6efed0459c572: Log is configured to *not* fsync() on all Append() calls
I0710 23:26:29.882344 19427 tablet_bootstrap.cc:427] T db0b5751c95748c49ca3272e013e7ee3 P 319a0ce5d3df4b83a7c6efed0459c572: Bootstrap replayed 1/1 log segments. Stats: ops{read=216 overwritten=0 applied=216 ignored=0} inserts{seen=10650 ignored=0} mutations{seen=0 ignored=0} orphaned_commits=0. Pending: 0 replicates
I0710 23:26:29.882724 19427 tablet_bootstrap.cc:427] T db0b5751c95748c49ca3272e013e7ee3 P 319a0ce5d3df4b83a7c6efed0459c572: Bootstrap complete.
I0710 23:26:29.883085 19427 ts_tablet_manager.cc:1045] T db0b5751c95748c49ca3272e013e7ee3 P 319a0ce5d3df4b83a7c6efed0459c572: Time spent bootstrapping tablet: real 0.385s user 0.370s sys 0.013s
I0710 23:26:29.885337 19427 raft_consensus.cc:325] T db0b5751c95748c49ca3272e013e7ee3 P 319a0ce5d3df4b83a7c6efed0459c572 [term 3 NON_PARTICIPANT]: Replica starting. Triggering 0 pending transactions. Active config: opid_index: -1 OBSOLETE_local: true peers { permanent_uuid: "9c528fbbfce246539f8bcbc2dbe1a353" member_type: VOTER last_known_addr { host: "127.18.43.1" port: 35889 } }
I0710 23:26:29.885432 19427 raft_consensus.cc:630] T db0b5751c95748c49ca3272e013e7ee3 P 319a0ce5d3df4b83a7c6efed0459c572 [term 3 NON_PARTICIPANT]: Becoming Follower/Learner. State: Replica: 319a0ce5d3df4b83a7c6efed0459c572, State: Initialized, Role: NON_PARTICIPANT
I0710 23:26:29.885768 19427 consensus_queue.cc:227] T db0b5751c95748c49ca3272e013e7ee3 P 319a0ce5d3df4b83a7c6efed0459c572 [NON_LEADER]: Queue going to NON_LEADER mode. State: All replicated index: 0, Majority replicated index: 0, Committed index: 216, Last appended: 3.216, Last appended by leader: 216, Current term: 0, Majority size: -1, State: 0, Mode: NON_LEADER, active raft config: opid_index: -1 OBSOLETE_local: true peers { permanent_uuid: "9c528fbbfce246539f8bcbc2dbe1a353" member_type: VOTER last_known_addr { host: "127.18.43.1" port: 35889 } }
I0710 23:26:29.886178 19416 heartbeater.cc:467] Master 127.18.43.62:40099 was elected leader, sending a full tablet report...
I0710 23:26:29.886381 19427 ts_tablet_manager.cc:1073] T db0b5751c95748c49ca3272e013e7ee3 P 319a0ce5d3df4b83a7c6efed0459c572: Time spent starting tablet: real 0.003s user 0.006s sys 0.000s
I0710 23:26:29.887024 19527 tablet_copy_service.cc:325] P 9c528fbbfce246539f8bcbc2dbe1a353: Request end of tablet copy session 319a0ce5d3df4b83a7c6efed0459c572-db0b5751c95748c49ca3272e013e7ee3 received from {username='slave'} at 127.18.43.2:46749
I0710 23:26:29.887066 19527 tablet_copy_service.cc:413] P 9c528fbbfce246539f8bcbc2dbe1a353: ending tablet copy session 319a0ce5d3df4b83a7c6efed0459c572-db0b5751c95748c49ca3272e013e7ee3 on tablet db0b5751c95748c49ca3272e013e7ee3 with peer 319a0ce5d3df4b83a7c6efed0459c572
W0710 23:26:29.895387 19427 ts_tablet_manager.cc:468] T db0b5751c95748c49ca3272e013e7ee3 P 319a0ce5d3df4b83a7c6efed0459c572: Tablet Copy: Invalid argument: Leader has replica of tablet db0b5751c95748c49ca3272e013e7ee3 with term 0, which is lower than last-logged term 3 on local replica. Rejecting tablet copy request
W0710 23:26:29.908776 19427 ts_tablet_manager.cc:468] T db0b5751c95748c49ca3272e013e7ee3 P 319a0ce5d3df4b83a7c6efed0459c572: Tablet Copy: Invalid argument: Leader has replica of tablet db0b5751c95748c49ca3272e013e7ee3 with term 0, which is lower than last-logged term 3 on local replica. Rejecting tablet copy request
I0710 23:26:29.910931 19353 tablet_service.cc:800] Processing DeleteTablet for tablet db0b5751c95748c49ca3272e013e7ee3 with delete_type TABLET_DATA_DELETED from {username='slave'} at 127.0.0.1:35338
I0710 23:26:29.911252 19564 tablet_replica.cc:261] T db0b5751c95748c49ca3272e013e7ee3 P 319a0ce5d3df4b83a7c6efed0459c572: stopping tablet replica
I0710 23:26:29.911352 19564 maintenance_manager.cc:237] P 319a0ce5d3df4b83a7c6efed0459c572: Unregistered op CompactRowSetsOp(db0b5751c95748c49ca3272e013e7ee3)
I0710 23:26:29.911375 19564 maintenance_manager.cc:237] P 319a0ce5d3df4b83a7c6efed0459c572: Unregistered op MinorDeltaCompactionOp(db0b5751c95748c49ca3272e013e7ee3)
I0710 23:26:29.911388 19564 maintenance_manager.cc:237] P 319a0ce5d3df4b83a7c6efed0459c572: Unregistered op MajorDeltaCompactionOp(db0b5751c95748c49ca3272e013e7ee3)
I0710 23:26:29.911401 19564 maintenance_manager.cc:237] P 319a0ce5d3df4b83a7c6efed0459c572: Unregistered op UndoDeltaBlockGCOp(db0b5751c95748c49ca3272e013e7ee3)
I0710 23:26:29.911448 19564 maintenance_manager.cc:237] P 319a0ce5d3df4b83a7c6efed0459c572: Unregistered op FlushMRSOp(db0b5751c95748c49ca3272e013e7ee3)
I0710 23:26:29.911459 19564 maintenance_manager.cc:237] P 319a0ce5d3df4b83a7c6efed0459c572: Unregistered op FlushDeltaMemStoresOp(db0b5751c95748c49ca3272e013e7ee3)
I0710 23:26:29.911466 19564 maintenance_manager.cc:237] P 319a0ce5d3df4b83a7c6efed0459c572: Unregistered op LogGCOp(db0b5751c95748c49ca3272e013e7ee3)
I0710 23:26:29.911525 19564 raft_consensus.cc:2042] T db0b5751c95748c49ca3272e013e7ee3 P 319a0ce5d3df4b83a7c6efed0459c572 [term 3 NON_PARTICIPANT]: Raft consensus shutting down.
I0710 23:26:29.911737 19564 raft_consensus.cc:2069] T db0b5751c95748c49ca3272e013e7ee3 P 319a0ce5d3df4b83a7c6efed0459c572 [term 3 NON_PARTICIPANT]: Raft consensus is shut down!
I0710 23:26:29.913297 19564 ts_tablet_manager.cc:1369] T db0b5751c95748c49ca3272e013e7ee3 P 319a0ce5d3df4b83a7c6efed0459c572: Deleting tablet data with delete state TABLET_DATA_DELETED
I0710 23:26:29.915109 19564 ts_tablet_manager.cc:1382] T db0b5751c95748c49ca3272e013e7ee3 P 319a0ce5d3df4b83a7c6efed0459c572: tablet deleted with delete type TABLET_DATA_DELETED: last-logged OpId 3.216
I0710 23:26:29.915169 19564 log.cc:986] T db0b5751c95748c49ca3272e013e7ee3 P 319a0ce5d3df4b83a7c6efed0459c572: Deleting WAL directory at /tmp/dist-test-taskXw_ur6/test-tmp/tablet_copy_client_session-itest.0.TabletCopyClientSessionITest.TestStartTabletCopyWhileSourceBootstrapping.1531265186290008-18604/minicluster-data/ts-1/wal/wals/db0b5751c95748c49ca3272e013e7ee3
I0710 23:26:29.915518 19564 ts_tablet_manager.cc:1403] T db0b5751c95748c49ca3272e013e7ee3 P 319a0ce5d3df4b83a7c6efed0459c572: Deleting consensus metadata
I0710 23:26:29.917155 18604 external_mini_cluster.cc:1008] Killing /tmp/dist-test-taskXw_ur6/build/debug/bin/kudu-tserver with pid 19297
W0710 23:26:29.922010 18609 connection.cc:512] client connection to 127.18.43.2:41321 recv error: Network error: failed to read from TLS socket (remote: 127.18.43.2:41321): Connection reset by peer (error 104)
W0710 23:26:29.922014 19438 connection.cc:512] server connection from 127.18.43.2:46749 recv error: Network error: failed to read from TLS socket (remote: 127.18.43.2:46749): Connection reset by peer (error 104)
W0710 23:26:29.922024 18938 connection.cc:512] server connection from 127.18.43.2:58869 recv error: Network error: failed to read from TLS socket (remote: 127.18.43.2:58869): Connection reset by peer (error 104)
