I0710 23:26:37.871642 21603 raft_consensus.cc:2539] T 5a0de49957f84b51b2c03d3e432ee897 P 3eefa81a1d344cca94cb71d8fc3a7c08 [term 1 FOLLOWER]: Leader election won for term 1
I0710 23:26:37.871697 21600 ts_tablet_manager.cc:1073] T 5a0de49957f84b51b2c03d3e432ee897 P 3eefa81a1d344cca94cb71d8fc3a7c08: Time spent starting tablet: real 0.002s user 0.002s sys 0.000s
I0710 23:26:37.871717 21603 raft_consensus.cc:595] T 5a0de49957f84b51b2c03d3e432ee897 P 3eefa81a1d344cca94cb71d8fc3a7c08 [term 1 LEADER]: Becoming Leader. State: Replica: 3eefa81a1d344cca94cb71d8fc3a7c08, State: Running, Role: LEADER
I0710 23:26:37.871773 21600 ts_tablet_manager.cc:1028] T 8a5f88d22d2b482d9691c52031cafd6e P 3eefa81a1d344cca94cb71d8fc3a7c08: Bootstrapping tablet
I0710 23:26:37.871836 21603 consensus_queue.cc:204] T 5a0de49957f84b51b2c03d3e432ee897 P 3eefa81a1d344cca94cb71d8fc3a7c08 [LEADER]: Queue going to LEADER mode. State: All replicated index: 0, Majority replicated index: 0, Committed index: 0, Last appended: 0.0, Last appended by leader: 0, Current term: 1, Majority size: 1, State: 0, Mode: LEADER, active raft config: opid_index: -1 OBSOLETE_local: true peers { permanent_uuid: "3eefa81a1d344cca94cb71d8fc3a7c08" member_type: VOTER last_known_addr { host: "127.18.43.1" port: 46659 } }
I0710 23:26:37.871857 21600 tablet_bootstrap.cc:427] T 8a5f88d22d2b482d9691c52031cafd6e P 3eefa81a1d344cca94cb71d8fc3a7c08: Bootstrap starting.
I0710 23:26:37.872752 21600 tablet_bootstrap.cc:578] T 8a5f88d22d2b482d9691c52031cafd6e P 3eefa81a1d344cca94cb71d8fc3a7c08: No blocks or log segments found. Creating new log.
I0710 23:26:37.873265 21538 catalog_manager.cc:3827] T 5a0de49957f84b51b2c03d3e432ee897 P 3eefa81a1d344cca94cb71d8fc3a7c08 reported cstate change: term changed from 0 to 1, leader changed from to 3eefa81a1d344cca94cb71d8fc3a7c08 (127.18.43.1). New cstate: current_term: 1 leader_uuid: "3eefa81a1d344cca94cb71d8fc3a7c08" committed_config { opid_index: -1 OBSOLETE_local: true peers { permanent_uuid: "3eefa81a1d344cca94cb71d8fc3a7c08" member_type: VOTER last_known_addr { host: "127.18.43.1" port: 46659 } health_report { overall_health: HEALTHY } } }
I0710 23:26:37.873657 21600 tablet_bootstrap.cc:427] T 8a5f88d22d2b482d9691c52031cafd6e P 3eefa81a1d344cca94cb71d8fc3a7c08: No bootstrap required, opened a new log
I0710 23:26:37.873730 21600 ts_tablet_manager.cc:1045] T 8a5f88d22d2b482d9691c52031cafd6e P 3eefa81a1d344cca94cb71d8fc3a7c08: Time spent bootstrapping tablet: real 0.002s user 0.001s sys 0.000s
I0710 23:26:37.874101 21600 raft_consensus.cc:325] T 8a5f88d22d2b482d9691c52031cafd6e P 3eefa81a1d344cca94cb71d8fc3a7c08 [term 0 FOLLOWER]: Replica starting. Triggering 0 pending transactions. Active config: opid_index: -1 OBSOLETE_local: true peers { permanent_uuid: "3eefa81a1d344cca94cb71d8fc3a7c08" member_type: VOTER last_known_addr { host: "127.18.43.1" port: 46659 } }
I0710 23:26:37.874131 21600 raft_consensus.cc:351] T 8a5f88d22d2b482d9691c52031cafd6e P 3eefa81a1d344cca94cb71d8fc3a7c08 [term 0 FOLLOWER]: Consensus starting up: Expiring failure detector timer to make a prompt election more likely
I0710 23:26:37.874145 21600 raft_consensus.cc:630] T 8a5f88d22d2b482d9691c52031cafd6e P 3eefa81a1d344cca94cb71d8fc3a7c08 [term 0 FOLLOWER]: Becoming Follower/Learner. State: Replica: 3eefa81a1d344cca94cb71d8fc3a7c08, State: Initialized, Role: FOLLOWER
I0710 23:26:37.874253 21600 consensus_queue.cc:227] T 8a5f88d22d2b482d9691c52031cafd6e P 3eefa81a1d344cca94cb71d8fc3a7c08 [NON_LEADER]: Queue going to NON_LEADER mode. State: All replicated index: 0, Majority replicated index: 0, Committed index: 0, Last appended: 0.0, Last appended by leader: 0, Current term: 0, Majority size: -1, State: 0, Mode: NON_LEADER, active raft config: opid_index: -1 OBSOLETE_local: true peers { permanent_uuid: "3eefa81a1d344cca94cb71d8fc3a7c08" member_type: VOTER last_known_addr { host: "127.18.43.1" port: 46659 } }
I0710 23:26:37.874277 21600 raft_consensus.cc:365] T 8a5f88d22d2b482d9691c52031cafd6e P 3eefa81a1d344cca94cb71d8fc3a7c08 [term 0 FOLLOWER]: Only one voter in the Raft config. Triggering election immediately
I0710 23:26:37.874290 21600 raft_consensus.cc:457] T 8a5f88d22d2b482d9691c52031cafd6e P 3eefa81a1d344cca94cb71d8fc3a7c08 [term 0 FOLLOWER]: Starting leader election (initial election of a single-replica configuration)
I0710 23:26:37.874313 21600 raft_consensus.cc:2732] T 8a5f88d22d2b482d9691c52031cafd6e P 3eefa81a1d344cca94cb71d8fc3a7c08: Snoozing failure detection for 1.573s (starting election)
I0710 23:26:37.874330 21600 raft_consensus.cc:2784] T 8a5f88d22d2b482d9691c52031cafd6e P 3eefa81a1d344cca94cb71d8fc3a7c08 [term 0 FOLLOWER]: Advancing to term 1
I0710 23:26:37.875180 21600 raft_consensus.cc:479] T 8a5f88d22d2b482d9691c52031cafd6e P 3eefa81a1d344cca94cb71d8fc3a7c08 [term 1 FOLLOWER]: Starting leader election with config: opid_index: -1 OBSOLETE_local: true peers { permanent_uuid: "3eefa81a1d344cca94cb71d8fc3a7c08" member_type: VOTER last_known_addr { host: "127.18.43.1" port: 46659 } }
I0710 23:26:37.875258 21600 leader_election.cc:278] T 8a5f88d22d2b482d9691c52031cafd6e P 3eefa81a1d344cca94cb71d8fc3a7c08 [CANDIDATE]: Term 1 election: Election decided. Result: candidate won.
I0710 23:26:37.875372 21603 raft_consensus.cc:2732] T 8a5f88d22d2b482d9691c52031cafd6e P 3eefa81a1d344cca94cb71d8fc3a7c08: Snoozing failure detection for 1.868s (election complete)
I0710 23:26:37.875404 21603 raft_consensus.cc:2539] T 8a5f88d22d2b482d9691c52031cafd6e P 3eefa81a1d344cca94cb71d8fc3a7c08 [term 1 FOLLOWER]: Leader election won for term 1
I0710 23:26:37.875442 21603 raft_consensus.cc:595] T 8a5f88d22d2b482d9691c52031cafd6e P 3eefa81a1d344cca94cb71d8fc3a7c08 [term 1 LEADER]: Becoming Leader. State: Replica: 3eefa81a1d344cca94cb71d8fc3a7c08, State: Running, Role: LEADER
I0710 23:26:37.875551 21603 consensus_queue.cc:204] T 8a5f88d22d2b482d9691c52031cafd6e P 3eefa81a1d344cca94cb71d8fc3a7c08 [LEADER]: Queue going to LEADER mode. State: All replicated index: 0, Majority replicated index: 0, Committed index: 0, Last appended: 0.0, Last appended by leader: 0, Current term: 1, Majority size: 1, State: 0, Mode: LEADER, active raft config: opid_index: -1 OBSOLETE_local: true peers { permanent_uuid: "3eefa81a1d344cca94cb71d8fc3a7c08" member_type: VOTER last_known_addr { host: "127.18.43.1" port: 46659 } }
I0710 23:26:37.875716 21600 ts_tablet_manager.cc:1073] T 8a5f88d22d2b482d9691c52031cafd6e P 3eefa81a1d344cca94cb71d8fc3a7c08: Time spent starting tablet: real 0.002s user 0.002s sys 0.000s
I0710 23:26:37.875789 21600 ts_tablet_manager.cc:1028] T 05ab889d520c4b5db0cab1b6d7e8ae86 P 3eefa81a1d344cca94cb71d8fc3a7c08: Bootstrapping tablet
I0710 23:26:37.875852 21600 tablet_bootstrap.cc:427] T 05ab889d520c4b5db0cab1b6d7e8ae86 P 3eefa81a1d344cca94cb71d8fc3a7c08: Bootstrap starting.
I0710 23:26:37.876619 21600 tablet_bootstrap.cc:578] T 05ab889d520c4b5db0cab1b6d7e8ae86 P 3eefa81a1d344cca94cb71d8fc3a7c08: No blocks or log segments found. Creating new log.
I0710 23:26:37.876739 21538 catalog_manager.cc:3827] T 8a5f88d22d2b482d9691c52031cafd6e P 3eefa81a1d344cca94cb71d8fc3a7c08 reported cstate change: term changed from 0 to 1, leader changed from to 3eefa81a1d344cca94cb71d8fc3a7c08 (127.18.43.1). New cstate: current_term: 1 leader_uuid: "3eefa81a1d344cca94cb71d8fc3a7c08" committed_config { opid_index: -1 OBSOLETE_local: true peers { permanent_uuid: "3eefa81a1d344cca94cb71d8fc3a7c08" member_type: VOTER last_known_addr { host: "127.18.43.1" port: 46659 } health_report { overall_health: HEALTHY } } }
I0710 23:26:37.877835 21600 tablet_bootstrap.cc:427] T 05ab889d520c4b5db0cab1b6d7e8ae86 P 3eefa81a1d344cca94cb71d8fc3a7c08: No bootstrap required, opened a new log
I0710 23:26:37.877913 21600 ts_tablet_manager.cc:1045] T 05ab889d520c4b5db0cab1b6d7e8ae86 P 3eefa81a1d344cca94cb71d8fc3a7c08: Time spent bootstrapping tablet: real 0.002s user 0.001s sys 0.000s
I0710 23:26:37.878301 21600 raft_consensus.cc:325] T 05ab889d520c4b5db0cab1b6d7e8ae86 P 3eefa81a1d344cca94cb71d8fc3a7c08 [term 0 FOLLOWER]: Replica starting. Triggering 0 pending transactions. Active config: opid_index: -1 OBSOLETE_local: true peers { permanent_uuid: "3eefa81a1d344cca94cb71d8fc3a7c08" member_type: VOTER last_known_addr { host: "127.18.43.1" port: 46659 } }
I0710 23:26:37.878327 21600 raft_consensus.cc:351] T 05ab889d520c4b5db0cab1b6d7e8ae86 P 3eefa81a1d344cca94cb71d8fc3a7c08 [term 0 FOLLOWER]: Consensus starting up: Expiring failure detector timer to make a prompt election more likely
I0710 23:26:37.878338 21600 raft_consensus.cc:630] T 05ab889d520c4b5db0cab1b6d7e8ae86 P 3eefa81a1d344cca94cb71d8fc3a7c08 [term 0 FOLLOWER]: Becoming Follower/Learner. State: Replica: 3eefa81a1d344cca94cb71d8fc3a7c08, State: Initialized, Role: FOLLOWER
I0710 23:26:37.878450 21600 consensus_queue.cc:227] T 05ab889d520c4b5db0cab1b6d7e8ae86 P 3eefa81a1d344cca94cb71d8fc3a7c08 [NON_LEADER]: Queue going to NON_LEADER mode. State: All replicated index: 0, Majority replicated index: 0, Committed index: 0, Last appended: 0.0, Last appended by leader: 0, Current term: 0, Majority size: -1, State: 0, Mode: NON_LEADER, active raft config: opid_index: -1 OBSOLETE_local: true peers { permanent_uuid: "3eefa81a1d344cca94cb71d8fc3a7c08" member_type: VOTER last_known_addr { host: "127.18.43.1" port: 46659 } }
I0710 23:26:37.878475 21600 raft_consensus.cc:365] T 05ab889d520c4b5db0cab1b6d7e8ae86 P 3eefa81a1d344cca94cb71d8fc3a7c08 [term 0 FOLLOWER]: Only one voter in the Raft config. Triggering election immediately
I0710 23:26:37.878494 21600 raft_consensus.cc:457] T 05ab889d520c4b5db0cab1b6d7e8ae86 P 3eefa81a1d344cca94cb71d8fc3a7c08 [term 0 FOLLOWER]: Starting leader election (initial election of a single-replica configuration)
I0710 23:26:37.878516 21600 raft_consensus.cc:2732] T 05ab889d520c4b5db0cab1b6d7e8ae86 P 3eefa81a1d344cca94cb71d8fc3a7c08: Snoozing failure detection for 2.090s (starting election)
I0710 23:26:37.878536 21600 raft_consensus.cc:2784] T 05ab889d520c4b5db0cab1b6d7e8ae86 P 3eefa81a1d344cca94cb71d8fc3a7c08 [term 0 FOLLOWER]: Advancing to term 1
I0710 23:26:37.879341 21600 raft_consensus.cc:479] T 05ab889d520c4b5db0cab1b6d7e8ae86 P 3eefa81a1d344cca94cb71d8fc3a7c08 [term 1 FOLLOWER]: Starting leader election with config: opid_index: -1 OBSOLETE_local: true peers { permanent_uuid: "3eefa81a1d344cca94cb71d8fc3a7c08" member_type: VOTER last_known_addr { host: "127.18.43.1" port: 46659 } }
I0710 23:26:37.879416 21600 leader_election.cc:278] T 05ab889d520c4b5db0cab1b6d7e8ae86 P 3eefa81a1d344cca94cb71d8fc3a7c08 [CANDIDATE]: Term 1 election: Election decided. Result: candidate won.
I0710 23:26:37.879676 21603 raft_consensus.cc:2732] T 05ab889d520c4b5db0cab1b6d7e8ae86 P 3eefa81a1d344cca94cb71d8fc3a7c08: Snoozing failure detection for 1.610s (election complete)
I0710 23:26:37.879712 21603 raft_consensus.cc:2539] T 05ab889d520c4b5db0cab1b6d7e8ae86 P 3eefa81a1d344cca94cb71d8fc3a7c08 [term 1 FOLLOWER]: Leader election won for term 1
I0710 23:26:37.879745 21600 ts_tablet_manager.cc:1073] T 05ab889d520c4b5db0cab1b6d7e8ae86 P 3eefa81a1d344cca94cb71d8fc3a7c08: Time spent starting tablet: real 0.002s user 0.002s sys 0.000s
I0710 23:26:37.879781 21603 raft_consensus.cc:595] T 05ab889d520c4b5db0cab1b6d7e8ae86 P 3eefa81a1d344cca94cb71d8fc3a7c08 [term 1 LEADER]: Becoming Leader. State: Replica: 3eefa81a1d344cca94cb71d8fc3a7c08, State: Running, Role: LEADER
I0710 23:26:37.879820 21600 ts_tablet_manager.cc:1028] T 224d94b52b9e4f859d90edb71b9dc822 P 3eefa81a1d344cca94cb71d8fc3a7c08: Bootstrapping tablet
I0710 23:26:37.879881 21600 tablet_bootstrap.cc:427] T 224d94b52b9e4f859d90edb71b9dc822 P 3eefa81a1d344cca94cb71d8fc3a7c08: Bootstrap starting.
I0710 23:26:37.879914 21603 consensus_queue.cc:204] T 05ab889d520c4b5db0cab1b6d7e8ae86 P 3eefa81a1d344cca94cb71d8fc3a7c08 [LEADER]: Queue going to LEADER mode. State: All replicated index: 0, Majority replicated index: 0, Committed index: 0, Last appended: 0.0, Last appended by leader: 0, Current term: 1, Majority size: 1, State: 0, Mode: LEADER, active raft config: opid_index: -1 OBSOLETE_local: true peers { permanent_uuid: "3eefa81a1d344cca94cb71d8fc3a7c08" member_type: VOTER last_known_addr { host: "127.18.43.1" port: 46659 } }
I0710 23:26:37.880705 21600 tablet_bootstrap.cc:578] T 224d94b52b9e4f859d90edb71b9dc822 P 3eefa81a1d344cca94cb71d8fc3a7c08: No blocks or log segments found. Creating new log.
I0710 23:26:37.880982 21538 catalog_manager.cc:3827] T 05ab889d520c4b5db0cab1b6d7e8ae86 P 3eefa81a1d344cca94cb71d8fc3a7c08 reported cstate change: term changed from 0 to 1, leader changed from to 3eefa81a1d344cca94cb71d8fc3a7c08 (127.18.43.1). New cstate: current_term: 1 leader_uuid: "3eefa81a1d344cca94cb71d8fc3a7c08" committed_config { opid_index: -1 OBSOLETE_local: true peers { permanent_uuid: "3eefa81a1d344cca94cb71d8fc3a7c08" member_type: VOTER last_known_addr { host: "127.18.43.1" port: 46659 } health_report { overall_health: HEALTHY } } }
I0710 23:26:37.903934 21600 tablet_bootstrap.cc:427] T 224d94b52b9e4f859d90edb71b9dc822 P 3eefa81a1d344cca94cb71d8fc3a7c08: No bootstrap required, opened a new log
I0710 23:26:37.904064 21600 ts_tablet_manager.cc:1045] T 224d94b52b9e4f859d90edb71b9dc822 P 3eefa81a1d344cca94cb71d8fc3a7c08: Time spent bootstrapping tablet: real 0.024s user 0.001s sys 0.000s
I0710 23:26:37.904608 21600 raft_consensus.cc:325] T 224d94b52b9e4f859d90edb71b9dc822 P 3eefa81a1d344cca94cb71d8fc3a7c08 [term 0 FOLLOWER]: Replica starting. Triggering 0 pending transactions. Active config: opid_index: -1 OBSOLETE_local: true peers { permanent_uuid: "3eefa81a1d344cca94cb71d8fc3a7c08" member_type: VOTER last_known_addr { host: "127.18.43.1" port: 46659 } }
I0710 23:26:37.904640 21600 raft_consensus.cc:351] T 224d94b52b9e4f859d90edb71b9dc822 P 3eefa81a1d344cca94cb71d8fc3a7c08 [term 0 FOLLOWER]: Consensus starting up: Expiring failure detector timer to make a prompt election more likely
I0710 23:26:37.904654 21600 raft_consensus.cc:630] T 224d94b52b9e4f859d90edb71b9dc822 P 3eefa81a1d344cca94cb71d8fc3a7c08 [term 0 FOLLOWER]: Becoming Follower/Learner. State: Replica: 3eefa81a1d344cca94cb71d8fc3a7c08, State: Initialized, Role: FOLLOWER
I0710 23:26:37.904824 21600 consensus_queue.cc:227] T 224d94b52b9e4f859d90edb71b9dc822 P 3eefa81a1d344cca94cb71d8fc3a7c08 [NON_LEADER]: Queue going to NON_LEADER mode. State: All replicated index: 0, Majority replicated index: 0, Committed index: 0, Last appended: 0.0, Last appended by leader: 0, Current term: 0, Majority size: -1, State: 0, Mode: NON_LEADER, active raft config: opid_index: -1 OBSOLETE_local: true peers { permanent_uuid: "3eefa81a1d344cca94cb71d8fc3a7c08" member_type: VOTER last_known_addr { host: "127.18.43.1" port: 46659 } }
I0710 23:26:37.904865 21600 raft_consensus.cc:365] T 224d94b52b9e4f859d90edb71b9dc822 P 3eefa81a1d344cca94cb71d8fc3a7c08 [term 0 FOLLOWER]: Only one voter in the Raft config. Triggering election immediately
I0710 23:26:37.904875 21600 raft_consensus.cc:457] T 224d94b52b9e4f859d90edb71b9dc822 P 3eefa81a1d344cca94cb71d8fc3a7c08 [term 0 FOLLOWER]: Starting leader election (initial election of a single-replica configuration)
I0710 23:26:37.904898 21600 raft_consensus.cc:2732] T 224d94b52b9e4f859d90edb71b9dc822 P 3eefa81a1d344cca94cb71d8fc3a7c08: Snoozing failure detection for 1.600s (starting election)
I0710 23:26:37.904917 21600 raft_consensus.cc:2784] T 224d94b52b9e4f859d90edb71b9dc822 P 3eefa81a1d344cca94cb71d8fc3a7c08 [term 0 FOLLOWER]: Advancing to term 1
I0710 23:26:37.905923 21600 raft_consensus.cc:479] T 224d94b52b9e4f859d90edb71b9dc822 P 3eefa81a1d344cca94cb71d8fc3a7c08 [term 1 FOLLOWER]: Starting leader election with config: opid_index: -1 OBSOLETE_local: true peers { permanent_uuid: "3eefa81a1d344cca94cb71d8fc3a7c08" member_type: VOTER last_known_addr { host: "127.18.43.1" port: 46659 } }
I0710 23:26:37.906023 21600 leader_election.cc:278] T 224d94b52b9e4f859d90edb71b9dc822 P 3eefa81a1d344cca94cb71d8fc3a7c08 [CANDIDATE]: Term 1 election: Election decided. Result: candidate won.
I0710 23:26:37.906208 21606 raft_consensus.cc:2732] T 224d94b52b9e4f859d90edb71b9dc822 P 3eefa81a1d344cca94cb71d8fc3a7c08: Snoozing failure detection for 1.662s (election complete)
I0710 23:26:37.906273 21606 raft_consensus.cc:2539] T 224d94b52b9e4f859d90edb71b9dc822 P 3eefa81a1d344cca94cb71d8fc3a7c08 [term 1 FOLLOWER]: Leader election won for term 1
I0710 23:26:37.906332 21606 raft_consensus.cc:595] T 224d94b52b9e4f859d90edb71b9dc822 P 3eefa81a1d344cca94cb71d8fc3a7c08 [term 1 LEADER]: Becoming Leader. State: Replica: 3eefa81a1d344cca94cb71d8fc3a7c08, State: Running, Role: LEADER
I0710 23:26:37.906354 21600 ts_tablet_manager.cc:1073] T 224d94b52b9e4f859d90edb71b9dc822 P 3eefa81a1d344cca94cb71d8fc3a7c08: Time spent starting tablet: real 0.002s user 0.000s sys 0.000s
I0710 23:26:37.906451 21600 ts_tablet_manager.cc:1028] T 0617cd1d64ed4dfab4679b69255e839e P 3eefa81a1d344cca94cb71d8fc3a7c08: Bootstrapping tablet
I0710 23:26:37.906466 21606 consensus_queue.cc:204] T 224d94b52b9e4f859d90edb71b9dc822 P 3eefa81a1d344cca94cb71d8fc3a7c08 [LEADER]: Queue going to LEADER mode. State: All replicated index: 0, Majority replicated index: 0, Committed index: 0, Last appended: 0.0, Last appended by leader: 0, Current term: 1, Majority size: 1, State: 0, Mode: LEADER, active raft config: opid_index: -1 OBSOLETE_local: true peers { permanent_uuid: "3eefa81a1d344cca94cb71d8fc3a7c08" member_type: VOTER last_known_addr { host: "127.18.43.1" port: 46659 } }
I0710 23:26:37.906559 21600 tablet_bootstrap.cc:427] T 0617cd1d64ed4dfab4679b69255e839e P 3eefa81a1d344cca94cb71d8fc3a7c08: Bootstrap starting.
I0710 23:26:37.907618 21600 tablet_bootstrap.cc:578] T 0617cd1d64ed4dfab4679b69255e839e P 3eefa81a1d344cca94cb71d8fc3a7c08: No blocks or log segments found. Creating new log.
I0710 23:26:37.907943 21538 catalog_manager.cc:3827] T 224d94b52b9e4f859d90edb71b9dc822 P 3eefa81a1d344cca94cb71d8fc3a7c08 reported cstate change: term changed from 0 to 1, leader changed from to 3eefa81a1d344cca94cb71d8fc3a7c08 (127.18.43.1). New cstate: current_term: 1 leader_uuid: "3eefa81a1d344cca94cb71d8fc3a7c08" committed_config { opid_index: -1 OBSOLETE_local: true peers { permanent_uuid: "3eefa81a1d344cca94cb71d8fc3a7c08" member_type: VOTER last_known_addr { host: "127.18.43.1" port: 46659 } health_report { overall_health: HEALTHY } } }
I0710 23:26:37.908458 21600 tablet_bootstrap.cc:427] T 0617cd1d64ed4dfab4679b69255e839e P 3eefa81a1d344cca94cb71d8fc3a7c08: No bootstrap required, opened a new log
I0710 23:26:37.908560 21600 ts_tablet_manager.cc:1045] T 0617cd1d64ed4dfab4679b69255e839e P 3eefa81a1d344cca94cb71d8fc3a7c08: Time spent bootstrapping tablet: real 0.002s user 0.002s sys 0.000s
I0710 23:26:37.908941 21600 raft_consensus.cc:325] T 0617cd1d64ed4dfab4679b69255e839e P 3eefa81a1d344cca94cb71d8fc3a7c08 [term 0 FOLLOWER]: Replica starting. Triggering 0 pending transactions. Active config: opid_index: -1 OBSOLETE_local: true peers { permanent_uuid: "3eefa81a1d344cca94cb71d8fc3a7c08" member_type: VOTER last_known_addr { host: "127.18.43.1" port: 46659 } }
I0710 23:26:37.908974 21600 raft_consensus.cc:351] T 0617cd1d64ed4dfab4679b69255e839e P 3eefa81a1d344cca94cb71d8fc3a7c08 [term 0 FOLLOWER]: Consensus starting up: Expiring failure detector timer to make a prompt election more likely
I0710 23:26:37.908989 21600 raft_consensus.cc:630] T 0617cd1d64ed4dfab4679b69255e839e P 3eefa81a1d344cca94cb71d8fc3a7c08 [term 0 FOLLOWER]: Becoming Follower/Learner. State: Replica: 3eefa81a1d344cca94cb71d8fc3a7c08, State: Initialized, Role: FOLLOWER
I0710 23:26:37.909121 21600 consensus_queue.cc:227] T 0617cd1d64ed4dfab4679b69255e839e P 3eefa81a1d344cca94cb71d8fc3a7c08 [NON_LEADER]: Queue going to NON_LEADER mode. State: All replicated index: 0, Majority replicated index: 0, Committed index: 0, Last appended: 0.0, Last appended by leader: 0, Current term: 0, Majority size: -1, State: 0, Mode: NON_LEADER, active raft config: opid_index: -1 OBSOLETE_local: true peers { permanent_uuid: "3eefa81a1d344cca94cb71d8fc3a7c08" member_type: VOTER last_known_addr { host: "127.18.43.1" port: 46659 } }
I0710 23:26:37.909148 21600 raft_consensus.cc:365] T 0617cd1d64ed4dfab4679b69255e839e P 3eefa81a1d344cca94cb71d8fc3a7c08 [term 0 FOLLOWER]: Only one voter in the Raft config. Triggering election immediately
I0710 23:26:37.909165 21600 raft_consensus.cc:457] T 0617cd1d64ed4dfab4679b69255e839e P 3eefa81a1d344cca94cb71d8fc3a7c08 [term 0 FOLLOWER]: Starting leader election (initial election of a single-replica configuration)
I0710 23:26:37.909184 21600 raft_consensus.cc:2732] T 0617cd1d64ed4dfab4679b69255e839e P 3eefa81a1d344cca94cb71d8fc3a7c08: Snoozing failure detection for 1.772s (starting election)
I0710 23:26:37.909209 21600 raft_consensus.cc:2784] T 0617cd1d64ed4dfab4679b69255e839e P 3eefa81a1d344cca94cb71d8fc3a7c08 [term 0 FOLLOWER]: Advancing to term 1
I0710 23:26:37.910173 21600 raft_consensus.cc:479] T 0617cd1d64ed4dfab4679b69255e839e P 3eefa81a1d344cca94cb71d8fc3a7c08 [term 1 FOLLOWER]: Starting leader election with config: opid_index: -1 OBSOLETE_local: true peers { permanent_uuid: "3eefa81a1d344cca94cb71d8fc3a7c08" member_type: VOTER last_known_addr { host: "127.18.43.1" port: 46659 } }
I0710 23:26:37.910255 21600 leader_election.cc:278] T 0617cd1d64ed4dfab4679b69255e839e P 3eefa81a1d344cca94cb71d8fc3a7c08 [CANDIDATE]: Term 1 election: Election decided. Result: candidate won.
I0710 23:26:37.910374 21603 raft_consensus.cc:2732] T 0617cd1d64ed4dfab4679b69255e839e P 3eefa81a1d344cca94cb71d8fc3a7c08: Snoozing failure detection for 2.096s (election complete)
I0710 23:26:37.910451 21603 raft_consensus.cc:2539] T 0617cd1d64ed4dfab4679b69255e839e P 3eefa81a1d344cca94cb71d8fc3a7c08 [term 1 FOLLOWER]: Leader election won for term 1
I0710 23:26:37.910526 21600 ts_tablet_manager.cc:1073] T 0617cd1d64ed4dfab4679b69255e839e P 3eefa81a1d344cca94cb71d8fc3a7c08: Time spent starting tablet: real 0.002s user 0.002s sys 0.000s
I0710 23:26:37.910555 21603 raft_consensus.cc:595] T 0617cd1d64ed4dfab4679b69255e839e P 3eefa81a1d344cca94cb71d8fc3a7c08 [term 1 LEADER]: Becoming Leader. State: Replica: 3eefa81a1d344cca94cb71d8fc3a7c08, State: Running, Role: LEADER
I0710 23:26:37.910601 21600 ts_tablet_manager.cc:1028] T e425aeacae634ba695a97557c5ebb75a P 3eefa81a1d344cca94cb71d8fc3a7c08: Bootstrapping tablet
I0710 23:26:37.910672 21600 tablet_bootstrap.cc:427] T e425aeacae634ba695a97557c5ebb75a P 3eefa81a1d344cca94cb71d8fc3a7c08: Bootstrap starting.
I0710 23:26:37.911505 21600 tablet_bootstrap.cc:578] T e425aeacae634ba695a97557c5ebb75a P 3eefa81a1d344cca94cb71d8fc3a7c08: No blocks or log segments found. Creating new log.
I0710 23:26:37.910687 21603 consensus_queue.cc:204] T 0617cd1d64ed4dfab4679b69255e839e P 3eefa81a1d344cca94cb71d8fc3a7c08 [LEADER]: Queue going to LEADER mode. State: All replicated index: 0, Majority replicated index: 0, Committed index: 0, Last appended: 0.0, Last appended by leader: 0, Current term: 1, Majority size: 1, State: 0, Mode: LEADER, active raft config: opid_index: -1 OBSOLETE_local: true peers { permanent_uuid: "3eefa81a1d344cca94cb71d8fc3a7c08" member_type: VOTER last_known_addr { host: "127.18.43.1" port: 46659 } }
I0710 23:26:37.912787 21538 catalog_manager.cc:3827] T 0617cd1d64ed4dfab4679b69255e839e P 3eefa81a1d344cca94cb71d8fc3a7c08 reported cstate change: term changed from 0 to 1, leader changed from to 3eefa81a1d344cca94cb71d8fc3a7c08 (127.18.43.1). New cstate: current_term: 1 leader_uuid: "3eefa81a1d344cca94cb71d8fc3a7c08" committed_config { opid_index: -1 OBSOLETE_local: true peers { permanent_uuid: "3eefa81a1d344cca94cb71d8fc3a7c08" member_type: VOTER last_known_addr { host: "127.18.43.1" port: 46659 } health_report { overall_health: HEALTHY } } }
I0710 23:26:37.913646 21600 tablet_bootstrap.cc:427] T e425aeacae634ba695a97557c5ebb75a P 3eefa81a1d344cca94cb71d8fc3a7c08: No bootstrap required, opened a new log
I0710 23:26:37.913723 21600 ts_tablet_manager.cc:1045] T e425aeacae634ba695a97557c5ebb75a P 3eefa81a1d344cca94cb71d8fc3a7c08: Time spent bootstrapping tablet: real 0.003s user 0.001s sys 0.000s
I0710 23:26:37.914116 21600 raft_consensus.cc:325] T e425aeacae634ba695a97557c5ebb75a P 3eefa81a1d344cca94cb71d8fc3a7c08 [term 0 FOLLOWER]: Replica starting. Triggering 0 pending transactions. Active config: opid_index: -1 OBSOLETE_local: true peers { permanent_uuid: "3eefa81a1d344cca94cb71d8fc3a7c08" member_type: VOTER last_known_addr { host: "127.18.43.1" port: 46659 } }
I0710 23:26:37.914151 21600 raft_consensus.cc:351] T e425aeacae634ba695a97557c5ebb75a P 3eefa81a1d344cca94cb71d8fc3a7c08 [term 0 FOLLOWER]: Consensus starting up: Expiring failure detector timer to make a prompt election more likely
I0710 23:26:37.914165 21600 raft_consensus.cc:630] T e425aeacae634ba695a97557c5ebb75a P 3eefa81a1d344cca94cb71d8fc3a7c08 [term 0 FOLLOWER]: Becoming Follower/Learner. State: Replica: 3eefa81a1d344cca94cb71d8fc3a7c08, State: Initialized, Role: FOLLOWER
I0710 23:26:37.914326 21600 consensus_queue.cc:227] T e425aeacae634ba695a97557c5ebb75a P 3eefa81a1d344cca94cb71d8fc3a7c08 [NON_LEADER]: Queue going to NON_LEADER mode. State: All replicated index: 0, Majority replicated index: 0, Committed index: 0, Last appended: 0.0, Last appended by leader: 0, Current term: 0, Majority size: -1, State: 0, Mode: NON_LEADER, active raft config: opid_index: -1 OBSOLETE_local: true peers { permanent_uuid: "3eefa81a1d344cca94cb71d8fc3a7c08" member_type: VOTER last_known_addr { host: "127.18.43.1" port: 46659 } }
I0710 23:26:37.914358 21600 raft_consensus.cc:365] T e425aeacae634ba695a97557c5ebb75a P 3eefa81a1d344cca94cb71d8fc3a7c08 [term 0 FOLLOWER]: Only one voter in the Raft config. Triggering election immediately
I0710 23:26:37.914394 21600 raft_consensus.cc:457] T e425aeacae634ba695a97557c5ebb75a P 3eefa81a1d344cca94cb71d8fc3a7c08 [term 0 FOLLOWER]: Starting leader election (initial election of a single-replica configuration)
I0710 23:26:37.914419 21600 raft_consensus.cc:2732] T e425aeacae634ba695a97557c5ebb75a P 3eefa81a1d344cca94cb71d8fc3a7c08: Snoozing failure detection for 2.243s (starting election)
I0710 23:26:37.914440 21600 raft_consensus.cc:2784] T e425aeacae634ba695a97557c5ebb75a P 3eefa81a1d344cca94cb71d8fc3a7c08 [term 0 FOLLOWER]: Advancing to term 1
I0710 23:26:37.915259 21600 raft_consensus.cc:479] T e425aeacae634ba695a97557c5ebb75a P 3eefa81a1d344cca94cb71d8fc3a7c08 [term 1 FOLLOWER]: Starting leader election with config: opid_index: -1 OBSOLETE_local: true peers { permanent_uuid: "3eefa81a1d344cca94cb71d8fc3a7c08" member_type: VOTER last_known_addr { host: "127.18.43.1" port: 46659 } }
I0710 23:26:37.915335 21600 leader_election.cc:278] T e425aeacae634ba695a97557c5ebb75a P 3eefa81a1d344cca94cb71d8fc3a7c08 [CANDIDATE]: Term 1 election: Election decided. Result: candidate won.
I0710 23:26:37.915454 21603 raft_consensus.cc:2732] T e425aeacae634ba695a97557c5ebb75a P 3eefa81a1d344cca94cb71d8fc3a7c08: Snoozing failure detection for 1.890s (election complete)
I0710 23:26:37.915485 21603 raft_consensus.cc:2539] T e425aeacae634ba695a97557c5ebb75a P 3eefa81a1d344cca94cb71d8fc3a7c08 [term 1 FOLLOWER]: Leader election won for term 1
I0710 23:26:37.915563 21603 raft_consensus.cc:595] T e425aeacae634ba695a97557c5ebb75a P 3eefa81a1d344cca94cb71d8fc3a7c08 [term 1 LEADER]: Becoming Leader. State: Replica: 3eefa81a1d344cca94cb71d8fc3a7c08, State: Running, Role: LEADER
I0710 23:26:37.915635 21600 ts_tablet_manager.cc:1073] T e425aeacae634ba695a97557c5ebb75a P 3eefa81a1d344cca94cb71d8fc3a7c08: Time spent starting tablet: real 0.002s user 0.002s sys 0.000s
I0710 23:26:37.915697 21600 ts_tablet_manager.cc:1028] T 16e52b82ff124e2093345d5204b7d086 P 3eefa81a1d344cca94cb71d8fc3a7c08: Bootstrapping tablet
I0710 23:26:37.915706 21603 consensus_queue.cc:204] T e425aeacae634ba695a97557c5ebb75a P 3eefa81a1d344cca94cb71d8fc3a7c08 [LEADER]: Queue going to LEADER mode. State: All replicated index: 0, Majority replicated index: 0, Committed index: 0, Last appended: 0.0, Last appended by leader: 0, Current term: 1, Majority size: 1, State: 0, Mode: LEADER, active raft config: opid_index: -1 OBSOLETE_local: true peers { permanent_uuid: "3eefa81a1d344cca94cb71d8fc3a7c08" member_type: VOTER last_known_addr { host: "127.18.43.1" port: 46659 } }
I0710 23:26:37.915767 21600 tablet_bootstrap.cc:427] T 16e52b82ff124e2093345d5204b7d086 P 3eefa81a1d344cca94cb71d8fc3a7c08: Bootstrap starting.
I0710 23:26:37.916723 21600 tablet_bootstrap.cc:578] T 16e52b82ff124e2093345d5204b7d086 P 3eefa81a1d344cca94cb71d8fc3a7c08: No blocks or log segments found. Creating new log.
I0710 23:26:37.916914 21538 catalog_manager.cc:3827] T e425aeacae634ba695a97557c5ebb75a P 3eefa81a1d344cca94cb71d8fc3a7c08 reported cstate change: term changed from 0 to 1, leader changed from to 3eefa81a1d344cca94cb71d8fc3a7c08 (127.18.43.1). New cstate: current_term: 1 leader_uuid: "3eefa81a1d344cca94cb71d8fc3a7c08" committed_config { opid_index: -1 OBSOLETE_local: true peers { permanent_uuid: "3eefa81a1d344cca94cb71d8fc3a7c08" member_type: VOTER last_known_addr { host: "127.18.43.1" port: 46659 } health_report { overall_health: HEALTHY } } }
I0710 23:26:37.917562 21600 tablet_bootstrap.cc:427] T 16e52b82ff124e2093345d5204b7d086 P 3eefa81a1d344cca94cb71d8fc3a7c08: No bootstrap required, opened a new log
I0710 23:26:37.917639 21600 ts_tablet_manager.cc:1045] T 16e52b82ff124e2093345d5204b7d086 P 3eefa81a1d344cca94cb71d8fc3a7c08: Time spent bootstrapping tablet: real 0.002s user 0.001s sys 0.000s
I0710 23:26:37.917997 21600 raft_consensus.cc:325] T 16e52b82ff124e2093345d5204b7d086 P 3eefa81a1d344cca94cb71d8fc3a7c08 [term 0 FOLLOWER]: Replica starting. Triggering 0 pending transactions. Active config: opid_index: -1 OBSOLETE_local: true peers { permanent_uuid: "3eefa81a1d344cca94cb71d8fc3a7c08" member_type: VOTER last_known_addr { host: "127.18.43.1" port: 46659 } }
I0710 23:26:37.918025 21600 raft_consensus.cc:351] T 16e52b82ff124e2093345d5204b7d086 P 3eefa81a1d344cca94cb71d8fc3a7c08 [term 0 FOLLOWER]: Consensus starting up: Expiring failure detector timer to make a prompt election more likely
I0710 23:26:37.918040 21600 raft_consensus.cc:630] T 16e52b82ff124e2093345d5204b7d086 P 3eefa81a1d344cca94cb71d8fc3a7c08 [term 0 FOLLOWER]: Becoming Follower/Learner. State: Replica: 3eefa81a1d344cca94cb71d8fc3a7c08, State: Initialized, Role: FOLLOWER
I0710 23:26:37.918182 21600 consensus_queue.cc:227] T 16e52b82ff124e2093345d5204b7d086 P 3eefa81a1d344cca94cb71d8fc3a7c08 [NON_LEADER]: Queue going to NON_LEADER mode. State: All replicated index: 0, Majority replicated index: 0, Committed index: 0, Last appended: 0.0, Last appended by leader: 0, Current term: 0, Majority size: -1, State: 0, Mode: NON_LEADER, active raft config: opid_index: -1 OBSOLETE_local: true peers { permanent_uuid: "3eefa81a1d344cca94cb71d8fc3a7c08" member_type: VOTER last_known_addr { host: "127.18.43.1" port: 46659 } }
I0710 23:26:37.918205 21600 raft_consensus.cc:365] T 16e52b82ff124e2093345d5204b7d086 P 3eefa81a1d344cca94cb71d8fc3a7c08 [term 0 FOLLOWER]: Only one voter in the Raft config. Triggering election immediately
I0710 23:26:37.918217 21600 raft_consensus.cc:457] T 16e52b82ff124e2093345d5204b7d086 P 3eefa81a1d344cca94cb71d8fc3a7c08 [term 0 FOLLOWER]: Starting leader election (initial election of a single-replica configuration)
I0710 23:26:37.918236 21600 raft_consensus.cc:2732] T 16e52b82ff124e2093345d5204b7d086 P 3eefa81a1d344cca94cb71d8fc3a7c08: Snoozing failure detection for 1.931s (starting election)
I0710 23:26:37.918257 21600 raft_consensus.cc:2784] T 16e52b82ff124e2093345d5204b7d086 P 3eefa81a1d344cca94cb71d8fc3a7c08 [term 0 FOLLOWER]: Advancing to term 1
I0710 23:26:37.919111 21600 raft_consensus.cc:479] T 16e52b82ff124e2093345d5204b7d086 P 3eefa81a1d344cca94cb71d8fc3a7c08 [term 1 FOLLOWER]: Starting leader election with config: opid_index: -1 OBSOLETE_local: true peers { permanent_uuid: "3eefa81a1d344cca94cb71d8fc3a7c08" member_type: VOTER last_known_addr { host: "127.18.43.1" port: 46659 } }
I0710 23:26:37.919203 21600 leader_election.cc:278] T 16e52b82ff124e2093345d5204b7d086 P 3eefa81a1d344cca94cb71d8fc3a7c08 [CANDIDATE]: Term 1 election: Election decided. Result: candidate won.
I0710 23:26:37.919335 21603 raft_consensus.cc:2732] T 16e52b82ff124e2093345d5204b7d086 P 3eefa81a1d344cca94cb71d8fc3a7c08: Snoozing failure detection for 2.233s (election complete)
I0710 23:26:37.919405 21603 raft_consensus.cc:2539] T 16e52b82ff124e2093345d5204b7d086 P 3eefa81a1d344cca94cb71d8fc3a7c08 [term 1 FOLLOWER]: Leader election won for term 1
I0710 23:26:37.919524 21600 ts_tablet_manager.cc:1073] T 16e52b82ff124e2093345d5204b7d086 P 3eefa81a1d344cca94cb71d8fc3a7c08: Time spent starting tablet: real 0.002s user 0.001s sys 0.000s
I0710 23:26:37.919546 21603 raft_consensus.cc:595] T 16e52b82ff124e2093345d5204b7d086 P 3eefa81a1d344cca94cb71d8fc3a7c08 [term 1 LEADER]: Becoming Leader. State: Replica: 3eefa81a1d344cca94cb71d8fc3a7c08, State: Running, Role: LEADER
I0710 23:26:37.919620 21600 ts_tablet_manager.cc:1028] T fbe2894430174092986bffc0d8021206 P 3eefa81a1d344cca94cb71d8fc3a7c08: Bootstrapping tablet
I0710 23:26:37.919687 21603 consensus_queue.cc:204] T 16e52b82ff124e2093345d5204b7d086 P 3eefa81a1d344cca94cb71d8fc3a7c08 [LEADER]: Queue going to LEADER mode. State: All replicated index: 0, Majority replicated index: 0, Committed index: 0, Last appended: 0.0, Last appended by leader: 0, Current term: 1, Majority size: 1, State: 0, Mode: LEADER, active raft config: opid_index: -1 OBSOLETE_local: true peers { permanent_uuid: "3eefa81a1d344cca94cb71d8fc3a7c08" member_type: VOTER last_known_addr { host: "127.18.43.1" port: 46659 } }
I0710 23:26:37.919708 21600 tablet_bootstrap.cc:427] T fbe2894430174092986bffc0d8021206 P 3eefa81a1d344cca94cb71d8fc3a7c08: Bootstrap starting.
I0710 23:26:37.920521 21600 tablet_bootstrap.cc:578] T fbe2894430174092986bffc0d8021206 P 3eefa81a1d344cca94cb71d8fc3a7c08: No blocks or log segments found. Creating new log.
I0710 23:26:37.920788 21538 catalog_manager.cc:3827] T 16e52b82ff124e2093345d5204b7d086 P 3eefa81a1d344cca94cb71d8fc3a7c08 reported cstate change: term changed from 0 to 1, leader changed from to 3eefa81a1d344cca94cb71d8fc3a7c08 (127.18.43.1). New cstate: current_term: 1 leader_uuid: "3eefa81a1d344cca94cb71d8fc3a7c08" committed_config { opid_index: -1 OBSOLETE_local: true peers { permanent_uuid: "3eefa81a1d344cca94cb71d8fc3a7c08" member_type: VOTER last_known_addr { host: "127.18.43.1" port: 46659 } health_report { overall_health: HEALTHY } } }
I0710 23:26:37.921325 21600 tablet_bootstrap.cc:427] T fbe2894430174092986bffc0d8021206 P 3eefa81a1d344cca94cb71d8fc3a7c08: No bootstrap required, opened a new log
I0710 23:26:37.921396 21600 ts_tablet_manager.cc:1045] T fbe2894430174092986bffc0d8021206 P 3eefa81a1d344cca94cb71d8fc3a7c08: Time spent bootstrapping tablet: real 0.002s user 0.001s sys 0.000s
I0710 23:26:37.921797 21600 raft_consensus.cc:325] T fbe2894430174092986bffc0d8021206 P 3eefa81a1d344cca94cb71d8fc3a7c08 [term 0 FOLLOWER]: Replica starting. Triggering 0 pending transactions. Active config: opid_index: -1 OBSOLETE_local: true peers { permanent_uuid: "3eefa81a1d344cca94cb71d8fc3a7c08" member_type: VOTER last_known_addr { host: "127.18.43.1" port: 46659 } }
I0710 23:26:37.921828 21600 raft_consensus.cc:351] T fbe2894430174092986bffc0d8021206 P 3eefa81a1d344cca94cb71d8fc3a7c08 [term 0 FOLLOWER]: Consensus starting up: Expiring failure detector timer to make a prompt election more likely
I0710 23:26:37.921842 21600 raft_consensus.cc:630] T fbe2894430174092986bffc0d8021206 P 3eefa81a1d344cca94cb71d8fc3a7c08 [term 0 FOLLOWER]: Becoming Follower/Learner. State: Replica: 3eefa81a1d344cca94cb71d8fc3a7c08, State: Initialized, Role: FOLLOWER
I0710 23:26:37.921954 21600 consensus_queue.cc:227] T fbe2894430174092986bffc0d8021206 P 3eefa81a1d344cca94cb71d8fc3a7c08 [NON_LEADER]: Queue going to NON_LEADER mode. State: All replicated index: 0, Majority replicated index: 0, Committed index: 0, Last appended: 0.0, Last appended by leader: 0, Current term: 0, Majority size: -1, State: 0, Mode: NON_LEADER, active raft config: opid_index: -1 OBSOLETE_local: true peers { permanent_uuid: "3eefa81a1d344cca94cb71d8fc3a7c08" member_type: VOTER last_known_addr { host: "127.18.43.1" port: 46659 } }
I0710 23:26:37.921986 21600 raft_consensus.cc:365] T fbe2894430174092986bffc0d8021206 P 3eefa81a1d344cca94cb71d8fc3a7c08 [term 0 FOLLOWER]: Only one voter in the Raft config. Triggering election immediately
I0710 23:26:37.921998 21600 raft_consensus.cc:457] T fbe2894430174092986bffc0d8021206 P 3eefa81a1d344cca94cb71d8fc3a7c08 [term 0 FOLLOWER]: Starting leader election (initial election of a single-replica configuration)
I0710 23:26:37.922017 21600 raft_consensus.cc:2732] T fbe2894430174092986bffc0d8021206 P 3eefa81a1d344cca94cb71d8fc3a7c08: Snoozing failure detection for 2.151s (starting election)
I0710 23:26:37.922036 21600 raft_consensus.cc:2784] T fbe2894430174092986bffc0d8021206 P 3eefa81a1d344cca94cb71d8fc3a7c08 [term 0 FOLLOWER]: Advancing to term 1
I0710 23:26:37.922842 21600 raft_consensus.cc:479] T fbe2894430174092986bffc0d8021206 P 3eefa81a1d344cca94cb71d8fc3a7c08 [term 1 FOLLOWER]: Starting leader election with config: opid_index: -1 OBSOLETE_local: true peers { permanent_uuid: "3eefa81a1d344cca94cb71d8fc3a7c08" member_type: VOTER last_known_addr { host: "127.18.43.1" port: 46659 } }
I0710 23:26:37.922919 21600 leader_election.cc:278] T fbe2894430174092986bffc0d8021206 P 3eefa81a1d344cca94cb71d8fc3a7c08 [CANDIDATE]: Term 1 election: Election decided. Result: candidate won.
I0710 23:26:37.923046 21603 raft_consensus.cc:2732] T fbe2894430174092986bffc0d8021206 P 3eefa81a1d344cca94cb71d8fc3a7c08: Snoozing failure detection for 1.745s (election complete)
I0710 23:26:37.923107 21603 raft_consensus.cc:2539] T fbe2894430174092986bffc0d8021206 P 3eefa81a1d344cca94cb71d8fc3a7c08 [term 1 FOLLOWER]: Leader election won for term 1
I0710 23:26:37.923166 21603 raft_consensus.cc:595] T fbe2894430174092986bffc0d8021206 P 3eefa81a1d344cca94cb71d8fc3a7c08 [term 1 LEADER]: Becoming Leader. State: Replica: 3eefa81a1d344cca94cb71d8fc3a7c08, State: Running, Role: LEADER
I0710 23:26:37.923174 21600 ts_tablet_manager.cc:1073] T fbe2894430174092986bffc0d8021206 P 3eefa81a1d344cca94cb71d8fc3a7c08: Time spent starting tablet: real 0.002s user 0.000s sys 0.000s
I0710 23:26:37.923283 21600 ts_tablet_manager.cc:1028] T ec16d86dcdb34a5b9f6dc60e9a5d3866 P 3eefa81a1d344cca94cb71d8fc3a7c08: Bootstrapping tablet
I0710 23:26:37.923341 21603 consensus_queue.cc:204] T fbe2894430174092986bffc0d8021206 P 3eefa81a1d344cca94cb71d8fc3a7c08 [LEADER]: Queue going to LEADER mode. State: All replicated index: 0, Majority replicated index: 0, Committed index: 0, Last appended: 0.0, Last appended by leader: 0, Current term: 1, Majority size: 1, State: 0, Mode: LEADER, active raft config: opid_index: -1 OBSOLETE_local: true peers { permanent_uuid: "3eefa81a1d344cca94cb71d8fc3a7c08" member_type: VOTER last_known_addr { host: "127.18.43.1" port: 46659 } }
I0710 23:26:37.923352 21600 tablet_bootstrap.cc:427] T ec16d86dcdb34a5b9f6dc60e9a5d3866 P 3eefa81a1d344cca94cb71d8fc3a7c08: Bootstrap starting.
I0710 23:26:37.924280 21600 tablet_bootstrap.cc:578] T ec16d86dcdb34a5b9f6dc60e9a5d3866 P 3eefa81a1d344cca94cb71d8fc3a7c08: No blocks or log segments found. Creating new log.
I0710 23:26:37.924484 21538 catalog_manager.cc:3827] T fbe2894430174092986bffc0d8021206 P 3eefa81a1d344cca94cb71d8fc3a7c08 reported cstate change: term changed from 0 to 1, leader changed from to 3eefa81a1d344cca94cb71d8fc3a7c08 (127.18.43.1). New cstate: current_term: 1 leader_uuid: "3eefa81a1d344cca94cb71d8fc3a7c08" committed_config { opid_index: -1 OBSOLETE_local: true peers { permanent_uuid: "3eefa81a1d344cca94cb71d8fc3a7c08" member_type: VOTER last_known_addr { host: "127.18.43.1" port: 46659 } health_report { overall_health: HEALTHY } } }
I0710 23:26:37.925138 21600 tablet_bootstrap.cc:427] T ec16d86dcdb34a5b9f6dc60e9a5d3866 P 3eefa81a1d344cca94cb71d8fc3a7c08: No bootstrap required, opened a new log
I0710 23:26:37.925215 21600 ts_tablet_manager.cc:1045] T ec16d86dcdb34a5b9f6dc60e9a5d3866 P 3eefa81a1d344cca94cb71d8fc3a7c08: Time spent bootstrapping tablet: real 0.002s user 0.001s sys 0.000s
I0710 23:26:37.925663 21600 raft_consensus.cc:325] T ec16d86dcdb34a5b9f6dc60e9a5d3866 P 3eefa81a1d344cca94cb71d8fc3a7c08 [term 0 FOLLOWER]: Replica starting. Triggering 0 pending transactions. Active config: opid_index: -1 OBSOLETE_local: true peers { permanent_uuid: "3eefa81a1d344cca94cb71d8fc3a7c08" member_type: VOTER last_known_addr { host: "127.18.43.1" port: 46659 } }
I0710 23:26:37.925690 21600 raft_consensus.cc:351] T ec16d86dcdb34a5b9f6dc60e9a5d3866 P 3eefa81a1d344cca94cb71d8fc3a7c08 [term 0 FOLLOWER]: Consensus starting up: Expiring failure detector timer to make a prompt election more likely
I0710 23:26:37.925704 21600 raft_consensus.cc:630] T ec16d86dcdb34a5b9f6dc60e9a5d3866 P 3eefa81a1d344cca94cb71d8fc3a7c08 [term 0 FOLLOWER]: Becoming Follower/Learner. State: Replica: 3eefa81a1d344cca94cb71d8fc3a7c08, State: Initialized, Role: FOLLOWER
I0710 23:26:37.925822 21600 consensus_queue.cc:227] T ec16d86dcdb34a5b9f6dc60e9a5d3866 P 3eefa81a1d344cca94cb71d8fc3a7c08 [NON_LEADER]: Queue going to NON_LEADER mode. State: All replicated index: 0, Majority replicated index: 0, Committed index: 0, Last appended: 0.0, Last appended by leader: 0, Current term: 0, Majority size: -1, State: 0, Mode: NON_LEADER, active raft config: opid_index: -1 OBSOLETE_local: true peers { permanent_uuid: "3eefa81a1d344cca94cb71d8fc3a7c08" member_type: VOTER last_known_addr { host: "127.18.43.1" port: 46659 } }
I0710 23:26:37.925846 21600 raft_consensus.cc:365] T ec16d86dcdb34a5b9f6dc60e9a5d3866 P 3eefa81a1d344cca94cb71d8fc3a7c08 [term 0 FOLLOWER]: Only one voter in the Raft config. Triggering election immediately
I0710 23:26:37.925858 21600 raft_consensus.cc:457] T ec16d86dcdb34a5b9f6dc60e9a5d3866 P 3eefa81a1d344cca94cb71d8fc3a7c08 [term 0 FOLLOWER]: Starting leader election (initial election of a single-replica configuration)
I0710 23:26:37.925878 21600 raft_consensus.cc:2732] T ec16d86dcdb34a5b9f6dc60e9a5d3866 P 3eefa81a1d344cca94cb71d8fc3a7c08: Snoozing failure detection for 1.874s (starting election)
I0710 23:26:37.925915 21600 raft_consensus.cc:2784] T ec16d86dcdb34a5b9f6dc60e9a5d3866 P 3eefa81a1d344cca94cb71d8fc3a7c08 [term 0 FOLLOWER]: Advancing to term 1
I0710 23:26:37.926738 21600 raft_consensus.cc:479] T ec16d86dcdb34a5b9f6dc60e9a5d3866 P 3eefa81a1d344cca94cb71d8fc3a7c08 [term 1 FOLLOWER]: Starting leader election with config: opid_index: -1 OBSOLETE_local: true peers { permanent_uuid: "3eefa81a1d344cca94cb71d8fc3a7c08" member_type: VOTER last_known_addr { host: "127.18.43.1" port: 46659 } }
I0710 23:26:37.926820 21600 leader_election.cc:278] T ec16d86dcdb34a5b9f6dc60e9a5d3866 P 3eefa81a1d344cca94cb71d8fc3a7c08 [CANDIDATE]: Term 1 election: Election decided. Result: candidate won.
I0710 23:26:37.926950 21603 raft_consensus.cc:2732] T ec16d86dcdb34a5b9f6dc60e9a5d3866 P 3eefa81a1d344cca94cb71d8fc3a7c08: Snoozing failure detection for 1.799s (election complete)
I0710 23:26:37.926988 21603 raft_consensus.cc:2539] T ec16d86dcdb34a5b9f6dc60e9a5d3866 P 3eefa81a1d344cca94cb71d8fc3a7c08 [term 1 FOLLOWER]: Leader election won for term 1
I0710 23:26:37.927080 21603 raft_consensus.cc:595] T ec16d86dcdb34a5b9f6dc60e9a5d3866 P 3eefa81a1d344cca94cb71d8fc3a7c08 [term 1 LEADER]: Becoming Leader. State: Replica: 3eefa81a1d344cca94cb71d8fc3a7c08, State: Running, Role: LEADER
I0710 23:26:37.927143 21600 ts_tablet_manager.cc:1073] T ec16d86dcdb34a5b9f6dc60e9a5d3866 P 3eefa81a1d344cca94cb71d8fc3a7c08: Time spent starting tablet: real 0.002s user 0.002s sys 0.000s
I0710 23:26:37.927206 21603 consensus_queue.cc:204] T ec16d86dcdb34a5b9f6dc60e9a5d3866 P 3eefa81a1d344cca94cb71d8fc3a7c08 [LEADER]: Queue going to LEADER mode. State: All replicated index: 0, Majority replicated index: 0, Committed index: 0, Last appended: 0.0, Last appended by leader: 0, Current term: 1, Majority size: 1, State: 0, Mode: LEADER, active raft config: opid_index: -1 OBSOLETE_local: true peers { permanent_uuid: "3eefa81a1d344cca94cb71d8fc3a7c08" member_type: VOTER last_known_addr { host: "127.18.43.1" port: 46659 } }
I0710 23:26:37.927217 21600 ts_tablet_manager.cc:1028] T f49626b5d56d4f828e36578b5101e8e0 P 3eefa81a1d344cca94cb71d8fc3a7c08: Bootstrapping tablet
I0710 23:26:37.927300 21600 tablet_bootstrap.cc:427] T f49626b5d56d4f828e36578b5101e8e0 P 3eefa81a1d344cca94cb71d8fc3a7c08: Bootstrap starting.
I0710 23:26:37.928267 21600 tablet_bootstrap.cc:578] T f49626b5d56d4f828e36578b5101e8e0 P 3eefa81a1d344cca94cb71d8fc3a7c08: No blocks or log segments found. Creating new log.
I0710 23:26:37.928721 21538 catalog_manager.cc:3827] T ec16d86dcdb34a5b9f6dc60e9a5d3866 P 3eefa81a1d344cca94cb71d8fc3a7c08 reported cstate change: term changed from 0 to 1, leader changed from to 3eefa81a1d344cca94cb71d8fc3a7c08 (127.18.43.1). New cstate: current_term: 1 leader_uuid: "3eefa81a1d344cca94cb71d8fc3a7c08" committed_config { opid_index: -1 OBSOLETE_local: true peers { permanent_uuid: "3eefa81a1d344cca94cb71d8fc3a7c08" member_type: VOTER last_known_addr { host: "127.18.43.1" port: 46659 } health_report { overall_health: HEALTHY } } }
I0710 23:26:37.929654 21600 tablet_bootstrap.cc:427] T f49626b5d56d4f828e36578b5101e8e0 P 3eefa81a1d344cca94cb71d8fc3a7c08: No bootstrap required, opened a new log
I0710 23:26:37.929738 21600 ts_tablet_manager.cc:1045] T f49626b5d56d4f828e36578b5101e8e0 P 3eefa81a1d344cca94cb71d8fc3a7c08: Time spent bootstrapping tablet: real 0.002s user 0.001s sys 0.000s
I0710 23:26:37.930207 21600 raft_consensus.cc:325] T f49626b5d56d4f828e36578b5101e8e0 P 3eefa81a1d344cca94cb71d8fc3a7c08 [term 0 FOLLOWER]: Replica starting. Triggering 0 pending transactions. Active config: opid_index: -1 OBSOLETE_local: true peers { permanent_uuid: "3eefa81a1d344cca94cb71d8fc3a7c08" member_type: VOTER last_known_addr { host: "127.18.43.1" port: 46659 } }
I0710 23:26:37.930243 21600 raft_consensus.cc:351] T f49626b5d56d4f828e36578b5101e8e0 P 3eefa81a1d344cca94cb71d8fc3a7c08 [term 0 FOLLOWER]: Consensus starting up: Expiring failure detector timer to make a prompt election more likely
I0710 23:26:37.930258 21600 raft_consensus.cc:630] T f49626b5d56d4f828e36578b5101e8e0 P 3eefa81a1d344cca94cb71d8fc3a7c08 [term 0 FOLLOWER]: Becoming Follower/Learner. State: Replica: 3eefa81a1d344cca94cb71d8fc3a7c08, State: Initialized, Role: FOLLOWER
I0710 23:26:37.930393 21600 consensus_queue.cc:227] T f49626b5d56d4f828e36578b5101e8e0 P 3eefa81a1d344cca94cb71d8fc3a7c08 [NON_LEADER]: Queue going to NON_LEADER mode. State: All replicated index: 0, Majority replicated index: 0, Committed index: 0, Last appended: 0.0, Last appended by leader: 0, Current term: 0, Majority size: -1, State: 0, Mode: NON_LEADER, active raft config: opid_index: -1 OBSOLETE_local: true peers { permanent_uuid: "3eefa81a1d344cca94cb71d8fc3a7c08" member_type: VOTER last_known_addr { host: "127.18.43.1" port: 46659 } }
I0710 23:26:37.930423 21600 raft_consensus.cc:365] T f49626b5d56d4f828e36578b5101e8e0 P 3eefa81a1d344cca94cb71d8fc3a7c08 [term 0 FOLLOWER]: Only one voter in the Raft config. Triggering election immediately
I0710 23:26:37.930436 21600 raft_consensus.cc:457] T f49626b5d56d4f828e36578b5101e8e0 P 3eefa81a1d344cca94cb71d8fc3a7c08 [term 0 FOLLOWER]: Starting leader election (initial election of a single-replica configuration)
I0710 23:26:37.930495 21600 raft_consensus.cc:2732] T f49626b5d56d4f828e36578b5101e8e0 P 3eefa81a1d344cca94cb71d8fc3a7c08: Snoozing failure detection for 1.697s (starting election)
I0710 23:26:37.930521 21600 raft_consensus.cc:2784] T f49626b5d56d4f828e36578b5101e8e0 P 3eefa81a1d344cca94cb71d8fc3a7c08 [term 0 FOLLOWER]: Advancing to term 1
I0710 23:26:37.931386 21600 raft_consensus.cc:479] T f49626b5d56d4f828e36578b5101e8e0 P 3eefa81a1d344cca94cb71d8fc3a7c08 [term 1 FOLLOWER]: Starting leader election with config: opid_index: -1 OBSOLETE_local: true peers { permanent_uuid: "3eefa81a1d344cca94cb71d8fc3a7c08" member_type: VOTER last_known_addr { host: "127.18.43.1" port: 46659 } }
I0710 23:26:37.931464 21600 leader_election.cc:278] T f49626b5d56d4f828e36578b5101e8e0 P 3eefa81a1d344cca94cb71d8fc3a7c08 [CANDIDATE]: Term 1 election: Election decided. Result: candidate won.
I0710 23:26:37.931632 21603 raft_consensus.cc:2732] T f49626b5d56d4f828e36578b5101e8e0 P 3eefa81a1d344cca94cb71d8fc3a7c08: Snoozing failure detection for 1.512s (election complete)
I0710 23:26:37.931702 21603 raft_consensus.cc:2539] T f49626b5d56d4f828e36578b5101e8e0 P 3eefa81a1d344cca94cb71d8fc3a7c08 [term 1 FOLLOWER]: Leader election won for term 1
I0710 23:26:37.931799 21600 ts_tablet_manager.cc:1073] T f49626b5d56d4f828e36578b5101e8e0 P 3eefa81a1d344cca94cb71d8fc3a7c08: Time spent starting tablet: real 0.002s user 0.002s sys 0.000s
I0710 23:26:37.931815 21603 raft_consensus.cc:595] T f49626b5d56d4f828e36578b5101e8e0 P 3eefa81a1d344cca94cb71d8fc3a7c08 [term 1 LEADER]: Becoming Leader. State: Replica: 3eefa81a1d344cca94cb71d8fc3a7c08, State: Running, Role: LEADER
I0710 23:26:37.931937 21603 consensus_queue.cc:204] T f49626b5d56d4f828e36578b5101e8e0 P 3eefa81a1d344cca94cb71d8fc3a7c08 [LEADER]: Queue going to LEADER mode. State: All replicated index: 0, Majority replicated index: 0, Committed index: 0, Last appended: 0.0, Last appended by leader: 0, Current term: 1, Majority size: 1, State: 0, Mode: LEADER, active raft config: opid_index: -1 OBSOLETE_local: true peers { permanent_uuid: "3eefa81a1d344cca94cb71d8fc3a7c08" member_type: VOTER last_known_addr { host: "127.18.43.1" port: 46659 } }
