I0710 23:26:27.578701 18604 test_util.cc:208] Using random seed: 1972372298
I0710 23:26:27.589504 18957 catalog_manager.cc:1350] Servicing CreateTable request from {username='slave'} at 127.0.0.1:49118: name: "test-workload" schema { columns { name: "key" type: INT32 is_key: true is_nullable: false encoding: AUTO_ENCODING compression: DEFAULT_COMPRESSION cfile_block_size: 0 } columns { name: "int_val" type: INT32 is_key: false is_nullable: false encoding: AUTO_ENCODING compression: DEFAULT_COMPRESSION cfile_block_size: 0 } columns { name: "string_val" type: STRING is_key: false is_nullable: true encoding: AUTO_ENCODING compression: DEFAULT_COMPRESSION cfile_block_size: 0 } } num_replicas: 1 split_rows_range_bounds { } partition_schema { range_schema { columns { name: "key" } } }
I0710 23:26:27.604456 18723 tablet_service.cc:759] Processing CreateTablet for tablet db0b5751c95748c49ca3272e013e7ee3 (table=test-workload [id=213710b3ff844be79684f232487c1ff9]), partition=RANGE (key) PARTITION UNBOUNDED
I0710 23:26:27.604921 18723 data_dirs.cc:934] Could only allocate 1 dirs of requested 3 for tablet db0b5751c95748c49ca3272e013e7ee3. 1 dirs total, 0 dirs full, 0 dirs failed
I0710 23:26:27.609158 18723 ts_tablet_manager.cc:1173] T db0b5751c95748c49ca3272e013e7ee3 P 9c528fbbfce246539f8bcbc2dbe1a353: Registered tablet (data state: TABLET_DATA_READY)
I0710 23:26:27.610045 19014 ts_tablet_manager.cc:1028] T db0b5751c95748c49ca3272e013e7ee3 P 9c528fbbfce246539f8bcbc2dbe1a353: Bootstrapping tablet
I0710 23:26:27.610249 19014 tablet_bootstrap.cc:427] T db0b5751c95748c49ca3272e013e7ee3 P 9c528fbbfce246539f8bcbc2dbe1a353: Bootstrap starting.
I0710 23:26:27.611968 19014 tablet_bootstrap.cc:578] T db0b5751c95748c49ca3272e013e7ee3 P 9c528fbbfce246539f8bcbc2dbe1a353: No blocks or log segments found. Creating new log.
I0710 23:26:27.612865 19014 log.cc:525] T db0b5751c95748c49ca3272e013e7ee3 P 9c528fbbfce246539f8bcbc2dbe1a353: Log is configured to *not* fsync() on all Append() calls
I0710 23:26:27.613965 19014 tablet_bootstrap.cc:427] T db0b5751c95748c49ca3272e013e7ee3 P 9c528fbbfce246539f8bcbc2dbe1a353: No bootstrap required, opened a new log
I0710 23:26:27.614166 19014 ts_tablet_manager.cc:1045] T db0b5751c95748c49ca3272e013e7ee3 P 9c528fbbfce246539f8bcbc2dbe1a353: Time spent bootstrapping tablet: real 0.004s user 0.003s sys 0.000s
I0710 23:26:27.616771 19014 raft_consensus.cc:325] T db0b5751c95748c49ca3272e013e7ee3 P 9c528fbbfce246539f8bcbc2dbe1a353 [term 0 FOLLOWER]: Replica starting. Triggering 0 pending transactions. Active config: opid_index: -1 OBSOLETE_local: true peers { permanent_uuid: "9c528fbbfce246539f8bcbc2dbe1a353" member_type: VOTER last_known_addr { host: "127.18.43.1" port: 35889 } }
I0710 23:26:27.616868 19014 raft_consensus.cc:351] T db0b5751c95748c49ca3272e013e7ee3 P 9c528fbbfce246539f8bcbc2dbe1a353 [term 0 FOLLOWER]: Consensus starting up: Expiring failure detector timer to make a prompt election more likely
I0710 23:26:27.616911 19014 raft_consensus.cc:630] T db0b5751c95748c49ca3272e013e7ee3 P 9c528fbbfce246539f8bcbc2dbe1a353 [term 0 FOLLOWER]: Becoming Follower/Learner. State: Replica: 9c528fbbfce246539f8bcbc2dbe1a353, State: Initialized, Role: FOLLOWER
I0710 23:26:27.617324 19014 consensus_queue.cc:227] T db0b5751c95748c49ca3272e013e7ee3 P 9c528fbbfce246539f8bcbc2dbe1a353 [NON_LEADER]: Queue going to NON_LEADER mode. State: All replicated index: 0, Majority replicated index: 0, Committed index: 0, Last appended: 0.0, Last appended by leader: 0, Current term: 0, Majority size: -1, State: 0, Mode: NON_LEADER, active raft config: opid_index: -1 OBSOLETE_local: true peers { permanent_uuid: "9c528fbbfce246539f8bcbc2dbe1a353" member_type: VOTER last_known_addr { host: "127.18.43.1" port: 35889 } }
I0710 23:26:27.617377 19014 raft_consensus.cc:365] T db0b5751c95748c49ca3272e013e7ee3 P 9c528fbbfce246539f8bcbc2dbe1a353 [term 0 FOLLOWER]: Only one voter in the Raft config. Triggering election immediately
I0710 23:26:27.617406 19014 raft_consensus.cc:457] T db0b5751c95748c49ca3272e013e7ee3 P 9c528fbbfce246539f8bcbc2dbe1a353 [term 0 FOLLOWER]: Starting leader election (initial election of a single-replica configuration)
I0710 23:26:27.617457 19014 raft_consensus.cc:2732] T db0b5751c95748c49ca3272e013e7ee3 P 9c528fbbfce246539f8bcbc2dbe1a353: Snoozing failure detection for 2.159s (starting election)
I0710 23:26:27.617477 19014 raft_consensus.cc:2784] T db0b5751c95748c49ca3272e013e7ee3 P 9c528fbbfce246539f8bcbc2dbe1a353 [term 0 FOLLOWER]: Advancing to term 1
I0710 23:26:27.618429 19014 raft_consensus.cc:479] T db0b5751c95748c49ca3272e013e7ee3 P 9c528fbbfce246539f8bcbc2dbe1a353 [term 1 FOLLOWER]: Starting leader election with config: opid_index: -1 OBSOLETE_local: true peers { permanent_uuid: "9c528fbbfce246539f8bcbc2dbe1a353" member_type: VOTER last_known_addr { host: "127.18.43.1" port: 35889 } }
I0710 23:26:27.618836 19014 leader_election.cc:278] T db0b5751c95748c49ca3272e013e7ee3 P 9c528fbbfce246539f8bcbc2dbe1a353 [CANDIDATE]: Term 1 election: Election decided. Result: candidate won.
I0710 23:26:27.619357 19016 raft_consensus.cc:2732] T db0b5751c95748c49ca3272e013e7ee3 P 9c528fbbfce246539f8bcbc2dbe1a353: Snoozing failure detection for 2.188s (election complete)
I0710 23:26:27.619396 19016 raft_consensus.cc:2539] T db0b5751c95748c49ca3272e013e7ee3 P 9c528fbbfce246539f8bcbc2dbe1a353 [term 1 FOLLOWER]: Leader election won for term 1
I0710 23:26:27.619515 19016 raft_consensus.cc:595] T db0b5751c95748c49ca3272e013e7ee3 P 9c528fbbfce246539f8bcbc2dbe1a353 [term 1 LEADER]: Becoming Leader. State: Replica: 9c528fbbfce246539f8bcbc2dbe1a353, State: Running, Role: LEADER
I0710 23:26:27.619818 19014 ts_tablet_manager.cc:1073] T db0b5751c95748c49ca3272e013e7ee3 P 9c528fbbfce246539f8bcbc2dbe1a353: Time spent starting tablet: real 0.006s user 0.006s sys 0.000s
I0710 23:26:27.619964 19016 consensus_queue.cc:204] T db0b5751c95748c49ca3272e013e7ee3 P 9c528fbbfce246539f8bcbc2dbe1a353 [LEADER]: Queue going to LEADER mode. State: All replicated index: 0, Majority replicated index: 0, Committed index: 0, Last appended: 0.0, Last appended by leader: 0, Current term: 1, Majority size: 1, State: 0, Mode: LEADER, active raft config: opid_index: -1 OBSOLETE_local: true peers { permanent_uuid: "9c528fbbfce246539f8bcbc2dbe1a353" member_type: VOTER last_known_addr { host: "127.18.43.1" port: 35889 } }
I0710 23:26:27.622830 18957 catalog_manager.cc:3827] T db0b5751c95748c49ca3272e013e7ee3 P 9c528fbbfce246539f8bcbc2dbe1a353 reported cstate change: term changed from 0 to 1, leader changed from to 9c528fbbfce246539f8bcbc2dbe1a353 (127.18.43.1). New cstate: current_term: 1 leader_uuid: "9c528fbbfce246539f8bcbc2dbe1a353" committed_config { opid_index: -1 OBSOLETE_local: true peers { permanent_uuid: "9c528fbbfce246539f8bcbc2dbe1a353" member_type: VOTER last_known_addr { host: "127.18.43.1" port: 35889 } health_report { overall_health: HEALTHY } } }
I0710 23:26:27.936923 18604 external_mini_cluster.cc:809] Running /tmp/dist-test-taskXw_ur6/build/debug/bin/kudu-tserver /tmp/dist-test-taskXw_ur6/build/debug/bin/kudu-tserver --fs_wal_dir=/tmp/dist-test-taskXw_ur6/test-tmp/tablet_copy_client_session-itest.0.TabletCopyClientSessionITest.TestStartTabletCopyWhileSourceBootstrapping.1531265186290008-18604/minicluster-data/ts-1/wal --fs_data_dirs=/tmp/dist-test-taskXw_ur6/test-tmp/tablet_copy_client_session-itest.0.TabletCopyClientSessionITest.TestStartTabletCopyWhileSourceBootstrapping.1531265186290008-18604/minicluster-data/ts-1/data --block_manager=log --rpc_bind_addresses=127.18.43.2:41321 --local_ip_for_outbound_sockets=127.18.43.2 --webserver_port=35457 --webserver_interface=127.18.43.2 --tserver_master_addrs=127.18.43.62:40099 --never_fsync --ipki_server_key_size=1024 --enable_minidumps=false --redact=none --metrics_log_interval_ms=1000 --logtostderr --logbuflevel=-1 --log_dir=/tmp/dist-test-taskXw_ur6/test-tmp/tablet_copy_client_session-itest.0.TabletCopyClientSessionITest.TestStartTabletCopyWhileSourceBootstrapping.1531265186290008-18604/minicluster-data/ts-1/logs --server_dump_info_path=/tmp/dist-test-taskXw_ur6/test-tmp/tablet_copy_client_session-itest.0.TabletCopyClientSessionITest.TestStartTabletCopyWhileSourceBootstrapping.1531265186290008-18604/minicluster-data/ts-1/data/info.pb --server_dump_info_format=pb --rpc_server_allow_ephemeral_ports --unlock_experimental_flags --unlock_unsafe_flags with env {} WARNING: Logging before InitGoogleLogging() is written to STDERR
W0710 23:26:27.975944 19031 flags.cc:406] Enabled unsafe flag: --rpc_server_allow_ephemeral_ports=true
W0710 23:26:27.976128 19031 flags.cc:406] Enabled unsafe flag: --never_fsync=true
W0710 23:26:27.976943 19031 flags.cc:406] Enabled experimental flag: --ipki_server_key_size=1024
W0710 23:26:27.977011 19031 flags.cc:406] Enabled experimental flag: --local_ip_for_outbound_sockets=127.18.43.2
I0710 23:26:27.978430 19031 tablet_server_main.cc:78] Tablet server non-default flags: --fs_data_dirs=/tmp/dist-test-taskXw_ur6/test-tmp/tablet_copy_client_session-itest.0.TabletCopyClientSessionITest.TestStartTabletCopyWhileSourceBootstrapping.1531265186290008-18604/minicluster-data/ts-1/data --fs_wal_dir=/tmp/dist-test-taskXw_ur6/test-tmp/tablet_copy_client_session-itest.0.TabletCopyClientSessionITest.TestStartTabletCopyWhileSourceBootstrapping.1531265186290008-18604/minicluster-data/ts-1/wal --ipki_server_key_size=1024 --rpc_bind_addresses=127.18.43.2:41321 --rpc_server_allow_ephemeral_ports=true --metrics_log_interval_ms=1000 --server_dump_info_format=pb --server_dump_info_path=/tmp/dist-test-taskXw_ur6/test-tmp/tablet_copy_client_session-itest.0.TabletCopyClientSessionITest.TestStartTabletCopyWhileSourceBootstrapping.1531265186290008-18604/minicluster-data/ts-1/data/info.pb --webserver_interface=127.18.43.2 --webserver_port=35457 --tserver_master_addrs=127.18.43.62:40099 --never_fsync=true --redact=none --unlock_experimental_flags=true --unlock_unsafe_flags=true --enable_minidumps=false --local_ip_for_outbound_sockets=127.18.43.2 --log_dir=/tmp/dist-test-taskXw_ur6/test-tmp/tablet_copy_client_session-itest.0.TabletCopyClientSessionITest.TestStartTabletCopyWhileSourceBootstrapping.1531265186290008-18604/minicluster-data/ts-1/logs --logbuflevel=-1 --logtostderr=true Tablet server version: kudu 1.8.0-SNAPSHOT revision 025067de3b780c42022b7a08ed16eb82cdb574dc build type DEBUG built by None at 10 Jul 2018 23:14:03 UTC on jenkins-slave-8qw8 build id 14092
I0710 23:26:27.982048 19031 tablet_server_main.cc:85] Initializing tablet server...
I0710 23:26:27.982857 19031 system_ntp.cc:199] NTP initialized. Skew: 500ppm Current error: 188016us
I0710 23:26:27.983394 19031 fs_manager.cc:261] Metadata directory not provided
I0710 23:26:27.983444 19031 fs_manager.cc:267] Using write-ahead log directory (fs_wal_dir) as metadata directory
I0710 23:26:27.987304 19031 fs_manager.cc:397] Time spent opening directory manager: real 0.003s user 0.002s sys 0.000s
I0710 23:26:27.987677 19031 env_posix.cc:1674] Not raising this process' open files per process limit of 1048576; it is already as high as it can go
I0710 23:26:27.987915 19031 file_cache.cc:470] Constructed file cache lbm with capacity 419430
I0710 23:26:27.990788 19031 fs_manager.cc:417] Time spent opening block manager: real 0.002s user 0.000s sys 0.000s
I0710 23:26:27.991319 19031 fs_manager.cc:434] Opened local filesystem: /tmp/dist-test-taskXw_ur6/test-tmp/tablet_copy_client_session-itest.0.TabletCopyClientSessionITest.TestStartTabletCopyWhileSourceBootstrapping.1531265186290008-18604/minicluster-data/ts-1/data,/tmp/dist-test-taskXw_ur6/test-tmp/tablet_copy_client_session-itest.0.TabletCopyClientSessionITest.TestStartTabletCopyWhileSourceBootstrapping.1531265186290008-18604/minicluster-data/ts-1/wal uuid: "319a0ce5d3df4b83a7c6efed0459c572" format_stamp: "Formatted at 2018-07-10 23:26:26 on dist-test-slave-dist-test-slave-4h7p"
I0710 23:26:27.991415 19031 fs_report.cc:352] FS layout report -------------------- wal directory: /tmp/dist-test-taskXw_ur6/test-tmp/tablet_copy_client_session-itest.0.TabletCopyClientSessionITest.TestStartTabletCopyWhileSourceBootstrapping.1531265186290008-18604/minicluster-data/ts-1/wal metadata directory: /tmp/dist-test-taskXw_ur6/test-tmp/tablet_copy_client_session-itest.0.TabletCopyClientSessionITest.TestStartTabletCopyWhileSourceBootstrapping.1531265186290008-18604/minicluster-data/ts-1/wal 1 data directories: /tmp/dist-test-taskXw_ur6/test-tmp/tablet_copy_client_session-itest.0.TabletCopyClientSessionITest.TestStartTabletCopyWhileSourceBootstrapping.1531265186290008-18604/minicluster-data/ts-1/data/data Total live blocks: 0 Total live bytes: 0 Total live bytes (after alignment): 0 Total number of LBM containers: 0 (0 full) Did not check for missing blocks Did not check for orphaned blocks Total full LBM containers with extra space: 0 (0 repaired) Total full LBM container extra space in bytes: 0 (0 repaired) Total incomplete LBM containers: 0 (0 repaired) Total LBM partial records: 0 (0 repaired)
I0710 23:26:28.012555 19031 env_posix.cc:1674] Not raising this process' running threads per effective uid limit of 18446744073709551615; it is already as high as it can go
I0710 23:26:28.013358 19031 ts_tablet_manager.cc:356] Loaded tablet metadata (0 live tablets)
I0710 23:26:28.013460 19031 tablet_server_main.cc:90] Starting tablet server...
I0710 23:26:28.018834 19031 rpc_server.cc:205] RPC server started. Bound to: 127.18.43.2:41321
I0710 23:26:28.019148 19031 webserver.cc:175] Starting webserver on 127.18.43.2:35457
I0710 23:26:28.019165 19031 webserver.cc:186] Document root disabled
I0710 23:26:28.019567 19031 webserver.cc:313] Webserver started. Bound to: http://127.18.43.2:35457/
I0710 23:26:28.020364 19031 server_base.cc:607] Dumped server information to /tmp/dist-test-taskXw_ur6/test-tmp/tablet_copy_client_session-itest.0.TabletCopyClientSessionITest.TestStartTabletCopyWhileSourceBootstrapping.1531265186290008-18604/minicluster-data/ts-1/data/info.pb
I0710 23:26:28.020803 18604 external_mini_cluster.cc:871] Started /tmp/dist-test-taskXw_ur6/build/debug/bin/kudu-tserver as pid 19031
I0710 23:26:28.020833 19031 tablet_server_main.cc:93] Tablet server successfully started.
I0710 23:26:28.023617 18604 tablet_copy_client_session-itest.cc:143] Starting loop 0
I0710 23:26:28.023670 18604 external_mini_cluster.cc:1008] Killing /tmp/dist-test-taskXw_ur6/build/debug/bin/kudu-tserver with pid 18670
W0710 23:26:28.027580 18609 connection.cc:512] client connection to 127.18.43.1:35889 recv error: Network error: failed to read from TLS socket (remote: 127.18.43.1:35889): Connection reset by peer (error 104)
W0710 23:26:28.027585 18940 connection.cc:512] client connection to 127.18.43.1:35889 recv error: Network error: failed to read from TLS socket (remote: 127.18.43.1:35889): Connection reset by peer (error 104)
W0710 23:26:28.027895 18940 connection.cc:512] server connection from 127.18.43.1:40349 recv error: Network error: failed to read from TLS socket (remote: 127.18.43.1:40349): Connection reset by peer (error 104)
I0710 23:26:28.028255 18604 external_mini_cluster.cc:809] Running /tmp/dist-test-taskXw_ur6/build/debug/bin/kudu-tserver /tmp/dist-test-taskXw_ur6/build/debug/bin/kudu-tserver --fs_wal_dir=/tmp/dist-test-taskXw_ur6/test-tmp/tablet_copy_client_session-itest.0.TabletCopyClientSessionITest.TestStartTabletCopyWhileSourceBootstrapping.1531265186290008-18604/minicluster-data/ts-0/wal --fs_data_dirs=/tmp/dist-test-taskXw_ur6/test-tmp/tablet_copy_client_session-itest.0.TabletCopyClientSessionITest.TestStartTabletCopyWhileSourceBootstrapping.1531265186290008-18604/minicluster-data/ts-0/data --block_manager=log --rpc_bind_addresses=127.18.43.1:35889 --local_ip_for_outbound_sockets=127.18.43.1 --webserver_port=45729 --webserver_interface=127.18.43.1 --tserver_master_addrs=127.18.43.62:40099 --never_fsync --ipki_server_key_size=1024 --enable_minidumps=false --redact=none --metrics_log_interval_ms=1000 --logtostderr --logbuflevel=-1 --log_dir=/tmp/dist-test-taskXw_ur6/test-tmp/tablet_copy_client_session-itest.0.TabletCopyClientSessionITest.TestStartTabletCopyWhileSourceBootstrapping.1531265186290008-18604/minicluster-data/ts-0/logs --server_dump_info_path=/tmp/dist-test-taskXw_ur6/test-tmp/tablet_copy_client_session-itest.0.TabletCopyClientSessionITest.TestStartTabletCopyWhileSourceBootstrapping.1531265186290008-18604/minicluster-data/ts-0/data/info.pb --server_dump_info_format=pb --rpc_server_allow_ephemeral_ports --unlock_experimental_flags --unlock_unsafe_flags with env {}
I0710 23:26:28.029256 19150 heartbeater.cc:346] Connected to a master server at 127.18.43.62:40099
I0710 23:26:28.029376 19150 heartbeater.cc:426] Registering TS with master...
I0710 23:26:28.029743 19150 heartbeater.cc:475] Master 127.18.43.62:40099 requested a full tablet report, sending...
I0710 23:26:28.030632 18957 ts_manager.cc:98] Registered new tserver with Master: 319a0ce5d3df4b83a7c6efed0459c572 (127.18.43.2:41321)
I0710 23:26:28.031646 18957 master_service.cc:249] Signed X509 certificate for tserver {username='slave'} at 127.18.43.2:55791
I0710 23:26:28.034745 19159 ts_tablet_manager.cc:669] T db0b5751c95748c49ca3272e013e7ee3 P 319a0ce5d3df4b83a7c6efed0459c572: Initiating tablet copy from peer 9c528fbbfce246539f8bcbc2dbe1a353 (127.18.43.1:35889)
I0710 23:26:28.034960 19159 tablet_copy_client.cc:239] T db0b5751c95748c49ca3272e013e7ee3 P 319a0ce5d3df4b83a7c6efed0459c572: tablet copy: Beginning tablet copy session from remote peer at address 127.18.43.1:35889
I0710 23:26:28.066758 19159 ts_tablet_manager.cc:669] T db0b5751c95748c49ca3272e013e7ee3 P 319a0ce5d3df4b83a7c6efed0459c572: Initiating tablet copy from peer 9c528fbbfce246539f8bcbc2dbe1a353 (127.18.43.1:35889)
I0710 23:26:28.066866 19159 tablet_copy_client.cc:239] T db0b5751c95748c49ca3272e013e7ee3 P 319a0ce5d3df4b83a7c6efed0459c572: tablet copy: Beginning tablet copy session from remote peer at address 127.18.43.1:35889
I0710 23:26:28.069452 19159 ts_tablet_manager.cc:669] T db0b5751c95748c49ca3272e013e7ee3 P 319a0ce5d3df4b83a7c6efed0459c572: Initiating tablet copy from peer 9c528fbbfce246539f8bcbc2dbe1a353 (127.18.43.1:35889)
I0710 23:26:28.069551 19159 tablet_copy_client.cc:239] T db0b5751c95748c49ca3272e013e7ee3 P 319a0ce5d3df4b83a7c6efed0459c572: tablet copy: Beginning tablet copy session from remote peer at address 127.18.43.1:35889 WARNING: Logging before InitGoogleLogging() is written to STDERR
W0710 23:26:28.069483 19158 flags.cc:406] Enabled unsafe flag: --rpc_server_allow_ephemeral_ports=true
W0710 23:26:28.069640 19158 flags.cc:406] Enabled unsafe flag: --never_fsync=true
W0710 23:26:28.070497 19158 flags.cc:406] Enabled experimental flag: --ipki_server_key_size=1024
W0710 23:26:28.070559 19158 flags.cc:406] Enabled experimental flag: --local_ip_for_outbound_sockets=127.18.43.1
I0710 23:26:28.071689 19159 ts_tablet_manager.cc:669] T db0b5751c95748c49ca3272e013e7ee3 P 319a0ce5d3df4b83a7c6efed0459c572: Initiating tablet copy from peer 9c528fbbfce246539f8bcbc2dbe1a353 (127.18.43.1:35889)
I0710 23:26:28.071790 19159 tablet_copy_client.cc:239] T db0b5751c95748c49ca3272e013e7ee3 P 319a0ce5d3df4b83a7c6efed0459c572: tablet copy: Beginning tablet copy session from remote peer at address 127.18.43.1:35889
I0710 23:26:28.071919 19158 tablet_server_main.cc:78] Tablet server non-default flags: --fs_data_dirs=/tmp/dist-test-taskXw_ur6/test-tmp/tablet_copy_client_session-itest.0.TabletCopyClientSessionITest.TestStartTabletCopyWhileSourceBootstrapping.1531265186290008-18604/minicluster-data/ts-0/data --fs_wal_dir=/tmp/dist-test-taskXw_ur6/test-tmp/tablet_copy_client_session-itest.0.TabletCopyClientSessionITest.TestStartTabletCopyWhileSourceBootstrapping.1531265186290008-18604/minicluster-data/ts-0/wal --ipki_server_key_size=1024 --rpc_bind_addresses=127.18.43.1:35889 --rpc_server_allow_ephemeral_ports=true --metrics_log_interval_ms=1000 --server_dump_info_format=pb --server_dump_info_path=/tmp/dist-test-taskXw_ur6/test-tmp/tablet_copy_client_session-itest.0.TabletCopyClientSessionITest.TestStartTabletCopyWhileSourceBootstrapping.1531265186290008-18604/minicluster-data/ts-0/data/info.pb --webserver_interface=127.18.43.1 --webserver_port=45729 --tserver_master_addrs=127.18.43.62:40099 --never_fsync=true --redact=none --unlock_experimental_flags=true --unlock_unsafe_flags=true --enable_minidumps=false --local_ip_for_outbound_sockets=127.18.43.1 --log_dir=/tmp/dist-test-taskXw_ur6/test-tmp/tablet_copy_client_session-itest.0.TabletCopyClientSessionITest.TestStartTabletCopyWhileSourceBootstrapping.1531265186290008-18604/minicluster-data/ts-0/logs --logbuflevel=-1 --logtostderr=true Tablet server version: kudu 1.8.0-SNAPSHOT revision 025067de3b780c42022b7a08ed16eb82cdb574dc build type DEBUG built by None at 10 Jul 2018 23:14:03 UTC on jenkins-slave-8qw8 build id 14092
I0710 23:26:28.075412 19158 tablet_server_main.cc:85] Initializing tablet server...
I0710 23:26:28.076381 19158 system_ntp.cc:199] NTP initialized. Skew: 500ppm Current error: 188516us
I0710 23:26:28.076937 19158 fs_manager.cc:261] Metadata directory not provided
I0710 23:26:28.077002 19158 fs_manager.cc:267] Using write-ahead log directory (fs_wal_dir) as metadata directory
I0710 23:26:28.079229 19159 ts_tablet_manager.cc:669] T db0b5751c95748c49ca3272e013e7ee3 P 319a0ce5d3df4b83a7c6efed0459c572: Initiating tablet copy from peer 9c528fbbfce246539f8bcbc2dbe1a353 (127.18.43.1:35889)
I0710 23:26:28.079329 19159 tablet_copy_client.cc:239] T db0b5751c95748c49ca3272e013e7ee3 P 319a0ce5d3df4b83a7c6efed0459c572: tablet copy: Beginning tablet copy session from remote peer at address 127.18.43.1:35889
I0710 23:26:28.080766 19158 fs_manager.cc:397] Time spent opening directory manager: real 0.003s user 0.003s sys 0.001s
I0710 23:26:28.081324 19158 env_posix.cc:1674] Not raising this process' open files per process limit of 1048576; it is already as high as it can go
I0710 23:26:28.081683 19158 file_cache.cc:470] Constructed file cache lbm with capacity 419430
I0710 23:26:28.085099 19158 fs_manager.cc:417] Time spent opening block manager: real 0.002s user 0.001s sys 0.000s
I0710 23:26:28.085623 19158 fs_manager.cc:434] Opened local filesystem: /tmp/dist-test-taskXw_ur6/test-tmp/tablet_copy_client_session-itest.0.TabletCopyClientSessionITest.TestStartTabletCopyWhileSourceBootstrapping.1531265186290008-18604/minicluster-data/ts-0/data,/tmp/dist-test-taskXw_ur6/test-tmp/tablet_copy_client_session-itest.0.TabletCopyClientSessionITest.TestStartTabletCopyWhileSourceBootstrapping.1531265186290008-18604/minicluster-data/ts-0/wal uuid: "9c528fbbfce246539f8bcbc2dbe1a353" format_stamp: "Formatted at 2018-07-10 23:26:26 on dist-test-slave-dist-test-slave-4h7p"
I0710 23:26:28.085706 19159 ts_tablet_manager.cc:669] T db0b5751c95748c49ca3272e013e7ee3 P 319a0ce5d3df4b83a7c6efed0459c572: Initiating tablet copy from peer 9c528fbbfce246539f8bcbc2dbe1a353 (127.18.43.1:35889)
I0710 23:26:28.085758 19158 fs_report.cc:352] FS layout report -------------------- wal directory: /tmp/dist-test-taskXw_ur6/test-tmp/tablet_copy_client_session-itest.0.TabletCopyClientSessionITest.TestStartTabletCopyWhileSourceBootstrapping.1531265186290008-18604/minicluster-data/ts-0/wal metadata directory: /tmp/dist-test-taskXw_ur6/test-tmp/tablet_copy_client_session-itest.0.TabletCopyClientSessionITest.TestStartTabletCopyWhileSourceBootstrapping.1531265186290008-18604/minicluster-data/ts-0/wal 1 data directories: /tmp/dist-test-taskXw_ur6/test-tmp/tablet_copy_client_session-itest.0.TabletCopyClientSessionITest.TestStartTabletCopyWhileSourceBootstrapping.1531265186290008-18604/minicluster-data/ts-0/data/data Total live blocks: 0 Total live bytes: 0 Total live bytes (after alignment): 0 Total number of LBM containers: 0 (0 full) Did not check for missing blocks Did not check for orphaned blocks Total full LBM containers with extra space: 0 (0 repaired) Total full LBM container extra space in bytes: 0 (0 repaired) Total incomplete LBM containers: 0 (0 repaired) Total LBM partial records: 0 (0 repaired)
I0710 23:26:28.085806 19159 tablet_copy_client.cc:239] T db0b5751c95748c49ca3272e013e7ee3 P 319a0ce5d3df4b83a7c6efed0459c572: tablet copy: Beginning tablet copy session from remote peer at address 127.18.43.1:35889
I0710 23:26:28.088526 19159 ts_tablet_manager.cc:669] T db0b5751c95748c49ca3272e013e7ee3 P 319a0ce5d3df4b83a7c6efed0459c572: Initiating tablet copy from peer 9c528fbbfce246539f8bcbc2dbe1a353 (127.18.43.1:35889)
I0710 23:26:28.088629 19159 tablet_copy_client.cc:239] T db0b5751c95748c49ca3272e013e7ee3 P 319a0ce5d3df4b83a7c6efed0459c572: tablet copy: Beginning tablet copy session from remote peer at address 127.18.43.1:35889
I0710 23:26:28.094172 19159 ts_tablet_manager.cc:669] T db0b5751c95748c49ca3272e013e7ee3 P 319a0ce5d3df4b83a7c6efed0459c572: Initiating tablet copy from peer 9c528fbbfce246539f8bcbc2dbe1a353 (127.18.43.1:35889)
I0710 23:26:28.094311 19159 tablet_copy_client.cc:239] T db0b5751c95748c49ca3272e013e7ee3 P 319a0ce5d3df4b83a7c6efed0459c572: tablet copy: Beginning tablet copy session from remote peer at address 127.18.43.1:35889
I0710 23:26:28.110065 19159 ts_tablet_manager.cc:669] T db0b5751c95748c49ca3272e013e7ee3 P 319a0ce5d3df4b83a7c6efed0459c572: Initiating tablet copy from peer 9c528fbbfce246539f8bcbc2dbe1a353 (127.18.43.1:35889)
I0710 23:26:28.110177 19159 tablet_copy_client.cc:239] T db0b5751c95748c49ca3272e013e7ee3 P 319a0ce5d3df4b83a7c6efed0459c572: tablet copy: Beginning tablet copy session from remote peer at address 127.18.43.1:35889
I0710 23:26:28.111793 19159 ts_tablet_manager.cc:669] T db0b5751c95748c49ca3272e013e7ee3 P 319a0ce5d3df4b83a7c6efed0459c572: Initiating tablet copy from peer 9c528fbbfce246539f8bcbc2dbe1a353 (127.18.43.1:35889)
I0710 23:26:28.111877 19159 tablet_copy_client.cc:239] T db0b5751c95748c49ca3272e013e7ee3 P 319a0ce5d3df4b83a7c6efed0459c572: tablet copy: Beginning tablet copy session from remote peer at address 127.18.43.1:35889
I0710 23:26:28.126056 19159 ts_tablet_manager.cc:669] T db0b5751c95748c49ca3272e013e7ee3 P 319a0ce5d3df4b83a7c6efed0459c572: Initiating tablet copy from peer 9c528fbbfce246539f8bcbc2dbe1a353 (127.18.43.1:35889)
I0710 23:26:28.126161 19159 tablet_copy_client.cc:239] T db0b5751c95748c49ca3272e013e7ee3 P 319a0ce5d3df4b83a7c6efed0459c572: tablet copy: Beginning tablet copy session from remote peer at address 127.18.43.1:35889
I0710 23:26:28.127099 19158 env_posix.cc:1674] Not raising this process' running threads per effective uid limit of 18446744073709551615; it is already as high as it can go
I0710 23:26:28.127936 19158 ts_tablet_manager.cc:344] Loading tablet metadata (0/1 complete)
I0710 23:26:28.127965 19158 ts_tablet_manager.cc:1005] T db0b5751c95748c49ca3272e013e7ee3 P 9c528fbbfce246539f8bcbc2dbe1a353: Loading tablet metadata
I0710 23:26:28.130391 19158 ts_tablet_manager.cc:356] Loaded tablet metadata (1 live tablets)
I0710 23:26:28.131760 19158 ts_tablet_manager.cc:1173] T db0b5751c95748c49ca3272e013e7ee3 P 9c528fbbfce246539f8bcbc2dbe1a353: Registered tablet (data state: TABLET_DATA_READY)
I0710 23:26:28.132055 19158 tablet_server_main.cc:90] Starting tablet server...
I0710 23:26:28.132110 19177 ts_tablet_manager.cc:1028] T db0b5751c95748c49ca3272e013e7ee3 P 9c528fbbfce246539f8bcbc2dbe1a353: Bootstrapping tablet
I0710 23:26:28.132375 19177 tablet_bootstrap.cc:427] T db0b5751c95748c49ca3272e013e7ee3 P 9c528fbbfce246539f8bcbc2dbe1a353: Bootstrap starting.
I0710 23:26:28.137378 19158 rpc_server.cc:205] RPC server started. Bound to: 127.18.43.1:35889
I0710 23:26:28.137689 19158 webserver.cc:175] Starting webserver on 127.18.43.1:45729
I0710 23:26:28.137706 19158 webserver.cc:186] Document root disabled
I0710 23:26:28.138072 19158 webserver.cc:313] Webserver started. Bound to: http://127.18.43.1:45729/
I0710 23:26:28.138582 19158 server_base.cc:607] Dumped server information to /tmp/dist-test-taskXw_ur6/test-tmp/tablet_copy_client_session-itest.0.TabletCopyClientSessionITest.TestStartTabletCopyWhileSourceBootstrapping.1531265186290008-18604/minicluster-data/ts-0/data/info.pb
I0710 23:26:28.138967 19158 tablet_server_main.cc:93] Tablet server successfully started.
I0710 23:26:28.141779 18604 external_mini_cluster.cc:871] Started /tmp/dist-test-taskXw_ur6/build/debug/bin/kudu-tserver as pid 19158
I0710 23:26:28.146783 19282 heartbeater.cc:346] Connected to a master server at 127.18.43.62:40099
I0710 23:26:28.146926 19282 heartbeater.cc:426] Registering TS with master...
I0710 23:26:28.147294 19282 heartbeater.cc:475] Master 127.18.43.62:40099 requested a full tablet report, sending...
I0710 23:26:28.148636 18957 ts_manager.cc:104] Re-registered known tserver with Master: 9c528fbbfce246539f8bcbc2dbe1a353 (127.18.43.1:35889)
I0710 23:26:28.149384 18957 master_service.cc:249] Signed X509 certificate for tserver {username='slave'} at 127.18.43.1:50623
I0710 23:26:28.157583 19177 log.cc:525] T db0b5751c95748c49ca3272e013e7ee3 P 9c528fbbfce246539f8bcbc2dbe1a353: Log is configured to *not* fsync() on all Append() calls
I0710 23:26:28.160879 19159 ts_tablet_manager.cc:669] T db0b5751c95748c49ca3272e013e7ee3 P 319a0ce5d3df4b83a7c6efed0459c572: Initiating tablet copy from peer 9c528fbbfce246539f8bcbc2dbe1a353 (127.18.43.1:35889)
I0710 23:26:28.160982 19159 tablet_copy_client.cc:239] T db0b5751c95748c49ca3272e013e7ee3 P 319a0ce5d3df4b83a7c6efed0459c572: tablet copy: Beginning tablet copy session from remote peer at address 127.18.43.1:35889
I0710 23:26:28.166030 19259 tablet_copy_service.cc:135] P 9c528fbbfce246539f8bcbc2dbe1a353: Received BeginTabletCopySession request for tablet db0b5751c95748c49ca3272e013e7ee3 from peer 319a0ce5d3df4b83a7c6efed0459c572 ({username='slave'} at 127.18.43.2:51141)
I0710 23:26:28.166116 19259 tablet_copy_service.cc:156] P 9c528fbbfce246539f8bcbc2dbe1a353: Beginning new tablet copy session on tablet db0b5751c95748c49ca3272e013e7ee3 from peer 319a0ce5d3df4b83a7c6efed0459c572 at {username='slave'} at 127.18.43.2:51141: session id = 319a0ce5d3df4b83a7c6efed0459c572-db0b5751c95748c49ca3272e013e7ee3
W0710 23:26:28.166330 19259 tablet_copy_service.cc:458] P 9c528fbbfce246539f8bcbc2dbe1a353: Error handling TabletCopyService RPC request from {username='slave'} at 127.18.43.2:51141: Error beginning tablet copy session for tablet db0b5751c95748c49ca3272e013e7ee3: Illegal state: The tablet is not in a running state: BOOTSTRAPPING
I0710 23:26:28.168678 19159 ts_tablet_manager.cc:669] T db0b5751c95748c49ca3272e013e7ee3 P 319a0ce5d3df4b83a7c6efed0459c572: Initiating tablet copy from peer 9c528fbbfce246539f8bcbc2dbe1a353 (127.18.43.1:35889)
I0710 23:26:28.168771 19159 tablet_copy_client.cc:239] T db0b5751c95748c49ca3272e013e7ee3 P 319a0ce5d3df4b83a7c6efed0459c572: tablet copy: Beginning tablet copy session from remote peer at address 127.18.43.1:35889
I0710 23:26:28.169201 19259 tablet_copy_service.cc:135] P 9c528fbbfce246539f8bcbc2dbe1a353: Received BeginTabletCopySession request for tablet db0b5751c95748c49ca3272e013e7ee3 from peer 319a0ce5d3df4b83a7c6efed0459c572 ({username='slave'} at 127.18.43.2:51141)
I0710 23:26:28.169245 19259 tablet_copy_service.cc:156] P 9c528fbbfce246539f8bcbc2dbe1a353: Beginning new tablet copy session on tablet db0b5751c95748c49ca3272e013e7ee3 from peer 319a0ce5d3df4b83a7c6efed0459c572 at {username='slave'} at 127.18.43.2:51141: session id = 319a0ce5d3df4b83a7c6efed0459c572-db0b5751c95748c49ca3272e013e7ee3
W0710 23:26:28.169292 19259 tablet_copy_service.cc:458] P 9c528fbbfce246539f8bcbc2dbe1a353: Error handling TabletCopyService RPC request from {username='slave'} at 127.18.43.2:51141: Error beginning tablet copy session for tablet db0b5751c95748c49ca3272e013e7ee3: Illegal state: The tablet is not in a running state: BOOTSTRAPPING
I0710 23:26:28.175091 19159 ts_tablet_manager.cc:669] T db0b5751c95748c49ca3272e013e7ee3 P 319a0ce5d3df4b83a7c6efed0459c572: Initiating tablet copy from peer 9c528fbbfce246539f8bcbc2dbe1a353 (127.18.43.1:35889)
I0710 23:26:28.175222 19159 tablet_copy_client.cc:239] T db0b5751c95748c49ca3272e013e7ee3 P 319a0ce5d3df4b83a7c6efed0459c572: tablet copy: Beginning tablet copy session from remote peer at address 127.18.43.1:35889
I0710 23:26:28.175745 19259 tablet_copy_service.cc:135] P 9c528fbbfce246539f8bcbc2dbe1a353: Received BeginTabletCopySession request for tablet db0b5751c95748c49ca3272e013e7ee3 from peer 319a0ce5d3df4b83a7c6efed0459c572 ({username='slave'} at 127.18.43.2:51141)
I0710 23:26:28.175796 19259 tablet_copy_service.cc:156] P 9c528fbbfce246539f8bcbc2dbe1a353: Beginning new tablet copy session on tablet db0b5751c95748c49ca3272e013e7ee3 from peer 319a0ce5d3df4b83a7c6efed0459c572 at {username='slave'} at 127.18.43.2:51141: session id = 319a0ce5d3df4b83a7c6efed0459c572-db0b5751c95748c49ca3272e013e7ee3
W0710 23:26:28.175868 19259 tablet_copy_service.cc:458] P 9c528fbbfce246539f8bcbc2dbe1a353: Error handling TabletCopyService RPC request from {username='slave'} at 127.18.43.2:51141: Error beginning tablet copy session for tablet db0b5751c95748c49ca3272e013e7ee3: Illegal state: The tablet is not in a running state: BOOTSTRAPPING
I0710 23:26:28.197655 19159 ts_tablet_manager.cc:669] T db0b5751c95748c49ca3272e013e7ee3 P 319a0ce5d3df4b83a7c6efed0459c572: Initiating tablet copy from peer 9c528fbbfce246539f8bcbc2dbe1a353 (127.18.43.1:35889)
I0710 23:26:28.197753 19159 tablet_copy_client.cc:239] T db0b5751c95748c49ca3272e013e7ee3 P 319a0ce5d3df4b83a7c6efed0459c572: tablet copy: Beginning tablet copy session from remote peer at address 127.18.43.1:35889
I0710 23:26:28.198251 19259 tablet_copy_service.cc:135] P 9c528fbbfce246539f8bcbc2dbe1a353: Received BeginTabletCopySession request for tablet db0b5751c95748c49ca3272e013e7ee3 from peer 319a0ce5d3df4b83a7c6efed0459c572 ({username='slave'} at 127.18.43.2:51141)
I0710 23:26:28.198298 19259 tablet_copy_service.cc:156] P 9c528fbbfce246539f8bcbc2dbe1a353: Beginning new tablet copy session on tablet db0b5751c95748c49ca3272e013e7ee3 from peer 319a0ce5d3df4b83a7c6efed0459c572 at {username='slave'} at 127.18.43.2:51141: session id = 319a0ce5d3df4b83a7c6efed0459c572-db0b5751c95748c49ca3272e013e7ee3
W0710 23:26:28.198354 19259 tablet_copy_service.cc:458] P 9c528fbbfce246539f8bcbc2dbe1a353: Error handling TabletCopyService RPC request from {username='slave'} at 127.18.43.2:51141: Error beginning tablet copy session for tablet db0b5751c95748c49ca3272e013e7ee3: Illegal state: The tablet is not in a running state: BOOTSTRAPPING
I0710 23:26:28.199136 19159 ts_tablet_manager.cc:669] T db0b5751c95748c49ca3272e013e7ee3 P 319a0ce5d3df4b83a7c6efed0459c572: Initiating tablet copy from peer 9c528fbbfce246539f8bcbc2dbe1a353 (127.18.43.1:35889)
I0710 23:26:28.199219 19159 tablet_copy_client.cc:239] T db0b5751c95748c49ca3272e013e7ee3 P 319a0ce5d3df4b83a7c6efed0459c572: tablet copy: Beginning tablet copy session from remote peer at address 127.18.43.1:35889
I0710 23:26:28.199636 19259 tablet_copy_service.cc:135] P 9c528fbbfce246539f8bcbc2dbe1a353: Received BeginTabletCopySession request for tablet db0b5751c95748c49ca3272e013e7ee3 from peer 319a0ce5d3df4b83a7c6efed0459c572 ({username='slave'} at 127.18.43.2:51141)
I0710 23:26:28.199682 19259 tablet_copy_service.cc:156] P 9c528fbbfce246539f8bcbc2dbe1a353: Beginning new tablet copy session on tablet db0b5751c95748c49ca3272e013e7ee3 from peer 319a0ce5d3df4b83a7c6efed0459c572 at {username='slave'} at 127.18.43.2:51141: session id = 319a0ce5d3df4b83a7c6efed0459c572-db0b5751c95748c49ca3272e013e7ee3
W0710 23:26:28.199731 19259 tablet_copy_service.cc:458] P 9c528fbbfce246539f8bcbc2dbe1a353: Error handling TabletCopyService RPC request from {username='slave'} at 127.18.43.2:51141: Error beginning tablet copy session for tablet db0b5751c95748c49ca3272e013e7ee3: Illegal state: The tablet is not in a running state: BOOTSTRAPPING
I0710 23:26:28.209015 19159 ts_tablet_manager.cc:669] T db0b5751c95748c49ca3272e013e7ee3 P 319a0ce5d3df4b83a7c6efed0459c572: Initiating tablet copy from peer 9c528fbbfce246539f8bcbc2dbe1a353 (127.18.43.1:35889)
I0710 23:26:28.209117 19159 tablet_copy_client.cc:239] T db0b5751c95748c49ca3272e013e7ee3 P 319a0ce5d3df4b83a7c6efed0459c572: tablet copy: Beginning tablet copy session from remote peer at address 127.18.43.1:35889
I0710 23:26:28.209635 19259 tablet_copy_service.cc:135] P 9c528fbbfce246539f8bcbc2dbe1a353: Received BeginTabletCopySession request for tablet db0b5751c95748c49ca3272e013e7ee3 from peer 319a0ce5d3df4b83a7c6efed0459c572 ({username='slave'} at 127.18.43.2:51141)
I0710 23:26:28.209722 19259 tablet_copy_service.cc:156] P 9c528fbbfce246539f8bcbc2dbe1a353: Beginning new tablet copy session on tablet db0b5751c95748c49ca3272e013e7ee3 from peer 319a0ce5d3df4b83a7c6efed0459c572 at {username='slave'} at 127.18.43.2:51141: session id = 319a0ce5d3df4b83a7c6efed0459c572-db0b5751c95748c49ca3272e013e7ee3
W0710 23:26:28.209776 19259 tablet_copy_service.cc:458] P 9c528fbbfce246539f8bcbc2dbe1a353: Error handling TabletCopyService RPC request from {username='slave'} at 127.18.43.2:51141: Error beginning tablet copy session for tablet db0b5751c95748c49ca3272e013e7ee3: Illegal state: The tablet is not in a running state: BOOTSTRAPPING
I0710 23:26:28.233059 19159 ts_tablet_manager.cc:669] T db0b5751c95748c49ca3272e013e7ee3 P 319a0ce5d3df4b83a7c6efed0459c572: Initiating tablet copy from peer 9c528fbbfce246539f8bcbc2dbe1a353 (127.18.43.1:35889)
I0710 23:26:28.233172 19159 tablet_copy_client.cc:239] T db0b5751c95748c49ca3272e013e7ee3 P 319a0ce5d3df4b83a7c6efed0459c572: tablet copy: Beginning tablet copy session from remote peer at address 127.18.43.1:35889
I0710 23:26:28.233757 19259 tablet_copy_service.cc:135] P 9c528fbbfce246539f8bcbc2dbe1a353: Received BeginTabletCopySession request for tablet db0b5751c95748c49ca3272e013e7ee3 from peer 319a0ce5d3df4b83a7c6efed0459c572 ({username='slave'} at 127.18.43.2:51141)
I0710 23:26:28.233811 19259 tablet_copy_service.cc:156] P 9c528fbbfce246539f8bcbc2dbe1a353: Beginning new tablet copy session on tablet db0b5751c95748c49ca3272e013e7ee3 from peer 319a0ce5d3df4b83a7c6efed0459c572 at {username='slave'} at 127.18.43.2:51141: session id = 319a0ce5d3df4b83a7c6efed0459c572-db0b5751c95748c49ca3272e013e7ee3
W0710 23:26:28.233871 19259 tablet_copy_service.cc:458] P 9c528fbbfce246539f8bcbc2dbe1a353: Error handling TabletCopyService RPC request from {username='slave'} at 127.18.43.2:51141: Error beginning tablet copy session for tablet db0b5751c95748c49ca3272e013e7ee3: Illegal state: The tablet is not in a running state: BOOTSTRAPPING
I0710 23:26:28.248885 19159 ts_tablet_manager.cc:669] T db0b5751c95748c49ca3272e013e7ee3 P 319a0ce5d3df4b83a7c6efed0459c572: Initiating tablet copy from peer 9c528fbbfce246539f8bcbc2dbe1a353 (127.18.43.1:35889)
I0710 23:26:28.249016 19159 tablet_copy_client.cc:239] T db0b5751c95748c49ca3272e013e7ee3 P 319a0ce5d3df4b83a7c6efed0459c572: tablet copy: Beginning tablet copy session from remote peer at address 127.18.43.1:35889
I0710 23:26:28.249765 19259 tablet_copy_service.cc:135] P 9c528fbbfce246539f8bcbc2dbe1a353: Received BeginTabletCopySession request for tablet db0b5751c95748c49ca3272e013e7ee3 from peer 319a0ce5d3df4b83a7c6efed0459c572 ({username='slave'} at 127.18.43.2:51141)
I0710 23:26:28.249814 19259 tablet_copy_service.cc:156] P 9c528fbbfce246539f8bcbc2dbe1a353: Beginning new tablet copy session on tablet db0b5751c95748c49ca3272e013e7ee3 from peer 319a0ce5d3df4b83a7c6efed0459c572 at {username='slave'} at 127.18.43.2:51141: session id = 319a0ce5d3df4b83a7c6efed0459c572-db0b5751c95748c49ca3272e013e7ee3
W0710 23:26:28.249868 19259 tablet_copy_service.cc:458] P 9c528fbbfce246539f8bcbc2dbe1a353: Error handling TabletCopyService RPC request from {username='slave'} at 127.18.43.2:51141: Error beginning tablet copy session for tablet db0b5751c95748c49ca3272e013e7ee3: Illegal state: The tablet is not in a running state: BOOTSTRAPPING
I0710 23:26:28.250488 19161 ts_tablet_manager.cc:669] T db0b5751c95748c49ca3272e013e7ee3 P 319a0ce5d3df4b83a7c6efed0459c572: Initiating tablet copy from peer 9c528fbbfce246539f8bcbc2dbe1a353 (127.18.43.1:35889)
I0710 23:26:28.250573 19161 tablet_copy_client.cc:239] T db0b5751c95748c49ca3272e013e7ee3 P 319a0ce5d3df4b83a7c6efed0459c572: tablet copy: Beginning tablet copy session from remote peer at address 127.18.43.1:35889
I0710 23:26:28.250972 19259 tablet_copy_service.cc:135] P 9c528fbbfce246539f8bcbc2dbe1a353: Received BeginTabletCopySession request for tablet db0b5751c95748c49ca3272e013e7ee3 from peer 319a0ce5d3df4b83a7c6efed0459c572 ({username='slave'} at 127.18.43.2:51141)
I0710 23:26:28.251035 19259 tablet_copy_service.cc:156] P 9c528fbbfce246539f8bcbc2dbe1a353: Beginning new tablet copy session on tablet db0b5751c95748c49ca3272e013e7ee3 from peer 319a0ce5d3df4b83a7c6efed0459c572 at {username='slave'} at 127.18.43.2:51141: session id = 319a0ce5d3df4b83a7c6efed0459c572-db0b5751c95748c49ca3272e013e7ee3
W0710 23:26:28.251082 19259 tablet_copy_service.cc:458] P 9c528fbbfce246539f8bcbc2dbe1a353: Error handling TabletCopyService RPC request from {username='slave'} at 127.18.43.2:51141: Error beginning tablet copy session for tablet db0b5751c95748c49ca3272e013e7ee3: Illegal state: The tablet is not in a running state: BOOTSTRAPPING
I0710 23:26:28.257150 19161 ts_tablet_manager.cc:669] T db0b5751c95748c49ca3272e013e7ee3 P 319a0ce5d3df4b83a7c6efed0459c572: Initiating tablet copy from peer 9c528fbbfce246539f8bcbc2dbe1a353 (127.18.43.1:35889)
I0710 23:26:28.257254 19161 tablet_copy_client.cc:239] T db0b5751c95748c49ca3272e013e7ee3 P 319a0ce5d3df4b83a7c6efed0459c572: tablet copy: Beginning tablet copy session from remote peer at address 127.18.43.1:35889
I0710 23:26:28.257802 19259 tablet_copy_service.cc:135] P 9c528fbbfce246539f8bcbc2dbe1a353: Received BeginTabletCopySession request for tablet db0b5751c95748c49ca3272e013e7ee3 from peer 319a0ce5d3df4b83a7c6efed0459c572 ({username='slave'} at 127.18.43.2:51141)
I0710 23:26:28.257851 19259 tablet_copy_service.cc:156] P 9c528fbbfce246539f8bcbc2dbe1a353: Beginning new tablet copy session on tablet db0b5751c95748c49ca3272e013e7ee3 from peer 319a0ce5d3df4b83a7c6efed0459c572 at {username='slave'} at 127.18.43.2:51141: session id = 319a0ce5d3df4b83a7c6efed0459c572-db0b5751c95748c49ca3272e013e7ee3
W0710 23:26:28.257905 19259 tablet_copy_service.cc:458] P 9c528fbbfce246539f8bcbc2dbe1a353: Error handling TabletCopyService RPC request from {username='slave'} at 127.18.43.2:51141: Error beginning tablet copy session for tablet db0b5751c95748c49ca3272e013e7ee3: Illegal state: The tablet is not in a running state: BOOTSTRAPPING
I0710 23:26:28.270211 19161 ts_tablet_manager.cc:669] T db0b5751c95748c49ca3272e013e7ee3 P 319a0ce5d3df4b83a7c6efed0459c572: Initiating tablet copy from peer 9c528fbbfce246539f8bcbc2dbe1a353 (127.18.43.1:35889)
I0710 23:26:28.270316 19161 tablet_copy_client.cc:239] T db0b5751c95748c49ca3272e013e7ee3 P 319a0ce5d3df4b83a7c6efed0459c572: tablet copy: Beginning tablet copy session from remote peer at address 127.18.43.1:35889
I0710 23:26:28.270895 19259 tablet_copy_service.cc:135] P 9c528fbbfce246539f8bcbc2dbe1a353: Received BeginTabletCopySession request for tablet db0b5751c95748c49ca3272e013e7ee3 from peer 319a0ce5d3df4b83a7c6efed0459c572 ({username='slave'} at 127.18.43.2:51141)
I0710 23:26:28.270958 19259 tablet_copy_service.cc:156] P 9c528fbbfce246539f8bcbc2dbe1a353: Beginning new tablet copy session on tablet db0b5751c95748c49ca3272e013e7ee3 from peer 319a0ce5d3df4b83a7c6efed0459c572 at {username='slave'} at 127.18.43.2:51141: session id = 319a0ce5d3df4b83a7c6efed0459c572-db0b5751c95748c49ca3272e013e7ee3
W0710 23:26:28.271021 19259 tablet_copy_service.cc:458] P 9c528fbbfce246539f8bcbc2dbe1a353: Error handling TabletCopyService RPC request from {username='slave'} at 127.18.43.2:51141: Error beginning tablet copy session for tablet db0b5751c95748c49ca3272e013e7ee3: Illegal state: The tablet is not in a running state: BOOTSTRAPPING
I0710 23:26:28.275146 19161 ts_tablet_manager.cc:669] T db0b5751c95748c49ca3272e013e7ee3 P 319a0ce5d3df4b83a7c6efed0459c572: Initiating tablet copy from peer 9c528fbbfce246539f8bcbc2dbe1a353 (127.18.43.1:35889)
I0710 23:26:28.275245 19161 tablet_copy_client.cc:239] T db0b5751c95748c49ca3272e013e7ee3 P 319a0ce5d3df4b83a7c6efed0459c572: tablet copy: Beginning tablet copy session from remote peer at address 127.18.43.1:35889
I0710 23:26:28.275825 19259 tablet_copy_service.cc:135] P 9c528fbbfce246539f8bcbc2dbe1a353: Received BeginTabletCopySession request for tablet db0b5751c95748c49ca3272e013e7ee3 from peer 319a0ce5d3df4b83a7c6efed0459c572 ({username='slave'} at 127.18.43.2:51141)
I0710 23:26:28.275884 19259 tablet_copy_service.cc:156] P 9c528fbbfce246539f8bcbc2dbe1a353: Beginning new tablet copy session on tablet db0b5751c95748c49ca3272e013e7ee3 from peer 319a0ce5d3df4b83a7c6efed0459c572 at {username='slave'} at 127.18.43.2:51141: session id = 319a0ce5d3df4b83a7c6efed0459c572-db0b5751c95748c49ca3272e013e7ee3
W0710 23:26:28.275954 19259 tablet_copy_service.cc:458] P 9c528fbbfce246539f8bcbc2dbe1a353: Error handling TabletCopyService RPC request from {username='slave'} at 127.18.43.2:51141: Error beginning tablet copy session for tablet db0b5751c95748c49ca3272e013e7ee3: Illegal state: The tablet is not in a running state: BOOTSTRAPPING
I0710 23:26:28.286342 19161 ts_tablet_manager.cc:669] T db0b5751c95748c49ca3272e013e7ee3 P 319a0ce5d3df4b83a7c6efed0459c572: Initiating tablet copy from peer 9c528fbbfce246539f8bcbc2dbe1a353 (127.18.43.1:35889)
I0710 23:26:28.286444 19161 tablet_copy_client.cc:239] T db0b5751c95748c49ca3272e013e7ee3 P 319a0ce5d3df4b83a7c6efed0459c572: tablet copy: Beginning tablet copy session from remote peer at address 127.18.43.1:35889
I0710 23:26:28.286990 19259 tablet_copy_service.cc:135] P 9c528fbbfce246539f8bcbc2dbe1a353: Received BeginTabletCopySession request for tablet db0b5751c95748c49ca3272e013e7ee3 from peer 319a0ce5d3df4b83a7c6efed0459c572 ({username='slave'} at 127.18.43.2:51141)
I0710 23:26:28.287046 19259 tablet_copy_service.cc:156] P 9c528fbbfce246539f8bcbc2dbe1a353: Beginning new tablet copy session on tablet db0b5751c95748c49ca3272e013e7ee3 from peer 319a0ce5d3df4b83a7c6efed0459c572 at {username='slave'} at 127.18.43.2:51141: session id = 319a0ce5d3df4b83a7c6efed0459c572-db0b5751c95748c49ca3272e013e7ee3
W0710 23:26:28.287117 19259 tablet_copy_service.cc:458] P 9c528fbbfce246539f8bcbc2dbe1a353: Error handling TabletCopyService RPC request from {username='slave'} at 127.18.43.2:51141: Error beginning tablet copy session for tablet db0b5751c95748c49ca3272e013e7ee3: Illegal state: The tablet is not in a running state: BOOTSTRAPPING
I0710 23:26:28.292152 19161 ts_tablet_manager.cc:669] T db0b5751c95748c49ca3272e013e7ee3 P 319a0ce5d3df4b83a7c6efed0459c572: Initiating tablet copy from peer 9c528fbbfce246539f8bcbc2dbe1a353 (127.18.43.1:35889)
I0710 23:26:28.292268 19161 tablet_copy_client.cc:239] T db0b5751c95748c49ca3272e013e7ee3 P 319a0ce5d3df4b83a7c6efed0459c572: tablet copy: Beginning tablet copy session from remote peer at address 127.18.43.1:35889
I0710 23:26:28.292889 19259 tablet_copy_service.cc:135] P 9c528fbbfce246539f8bcbc2dbe1a353: Received BeginTabletCopySession request for tablet db0b5751c95748c49ca3272e013e7ee3 from peer 319a0ce5d3df4b83a7c6efed0459c572 ({username='slave'} at 127.18.43.2:51141)
I0710 23:26:28.292948 19259 tablet_copy_service.cc:156] P 9c528fbbfce246539f8bcbc2dbe1a353: Beginning new tablet copy session on tablet db0b5751c95748c49ca3272e013e7ee3 from peer 319a0ce5d3df4b83a7c6efed0459c572 at {username='slave'} at 127.18.43.2:51141: session id = 319a0ce5d3df4b83a7c6efed0459c572-db0b5751c95748c49ca3272e013e7ee3
W0710 23:26:28.293006 19259 tablet_copy_service.cc:458] P 9c528fbbfce246539f8bcbc2dbe1a353: Error handling TabletCopyService RPC request from {username='slave'} at 127.18.43.2:51141: Error beginning tablet copy session for tablet db0b5751c95748c49ca3272e013e7ee3: Illegal state: The tablet is not in a running state: BOOTSTRAPPING
I0710 23:26:28.293721 19161 ts_tablet_manager.cc:669] T db0b5751c95748c49ca3272e013e7ee3 P 319a0ce5d3df4b83a7c6efed0459c572: Initiating tablet copy from peer 9c528fbbfce246539f8bcbc2dbe1a353 (127.18.43.1:35889)
I0710 23:26:28.293818 19161 tablet_copy_client.cc:239] T db0b5751c95748c49ca3272e013e7ee3 P 319a0ce5d3df4b83a7c6efed0459c572: tablet copy: Beginning tablet copy session from remote peer at address 127.18.43.1:35889
I0710 23:26:28.294252 19259 tablet_copy_service.cc:135] P 9c528fbbfce246539f8bcbc2dbe1a353: Received BeginTabletCopySession request for tablet db0b5751c95748c49ca3272e013e7ee3 from peer 319a0ce5d3df4b83a7c6efed0459c572 ({username='slave'} at 127.18.43.2:51141)
I0710 23:26:28.294297 19259 tablet_copy_service.cc:156] P 9c528fbbfce246539f8bcbc2dbe1a353: Beginning new tablet copy session on tablet db0b5751c95748c49ca3272e013e7ee3 from peer 319a0ce5d3df4b83a7c6efed0459c572 at {username='slave'} at 127.18.43.2:51141: session id = 319a0ce5d3df4b83a7c6efed0459c572-db0b5751c95748c49ca3272e013e7ee3
W0710 23:26:28.294351 19259 tablet_copy_service.cc:458] P 9c528fbbfce246539f8bcbc2dbe1a353: Error handling TabletCopyService RPC request from {username='slave'} at 127.18.43.2:51141: Error beginning tablet copy session for tablet db0b5751c95748c49ca3272e013e7ee3: Illegal state: The tablet is not in a running state: BOOTSTRAPPING
I0710 23:26:28.309231 19161 ts_tablet_manager.cc:669] T db0b5751c95748c49ca3272e013e7ee3 P 319a0ce5d3df4b83a7c6efed0459c572: Initiating tablet copy from peer 9c528fbbfce246539f8bcbc2dbe1a353 (127.18.43.1:35889)
I0710 23:26:28.309346 19161 tablet_copy_client.cc:239] T db0b5751c95748c49ca3272e013e7ee3 P 319a0ce5d3df4b83a7c6efed0459c572: tablet copy: Beginning tablet copy session from remote peer at address 127.18.43.1:35889
