I0710 23:26:46.329646 22117 tablet_copy_service.cc:135] P 3576d2baa86141439f2e837433589a9b: Received BeginTabletCopySession request for tablet 18aa52f6e09947709e0b183c6d7d21d3 from peer 6ec7d1737cd1460ab9dd752e64eac912 ({username='slave'} at 127.18.43.2:47165)
I0710 23:26:46.329797 22118 tablet_copy_service.cc:135] P 3576d2baa86141439f2e837433589a9b: Received BeginTabletCopySession request for tablet e84b278749d54e9b9978065912c42363 from peer 6ec7d1737cd1460ab9dd752e64eac912 ({username='slave'} at 127.18.43.2:47165)
I0710 23:26:46.329800 22115 tablet_copy_service.cc:135] P 3576d2baa86141439f2e837433589a9b: Received BeginTabletCopySession request for tablet 2ec5b22f7bc141d2b4fbfc3b12bb7207 from peer 6ec7d1737cd1460ab9dd752e64eac912 ({username='slave'} at 127.18.43.2:47165)
I0710 23:26:46.329857 22118 tablet_copy_service.cc:156] P 3576d2baa86141439f2e837433589a9b: Beginning new tablet copy session on tablet e84b278749d54e9b9978065912c42363 from peer 6ec7d1737cd1460ab9dd752e64eac912 at {username='slave'} at 127.18.43.2:47165: session id = 6ec7d1737cd1460ab9dd752e64eac912-e84b278749d54e9b9978065912c42363
I0710 23:26:46.329939 22119 tablet_copy_service.cc:156] P 3576d2baa86141439f2e837433589a9b: Beginning new tablet copy session on tablet 7dcd98b4c6f0472cbd570a3408ab1aa1 from peer 6ec7d1737cd1460ab9dd752e64eac912 at {username='slave'} at 127.18.43.2:47165: session id = 6ec7d1737cd1460ab9dd752e64eac912-7dcd98b4c6f0472cbd570a3408ab1aa1
I0710 23:26:46.330715 22120 tablet_copy_service.cc:156] P 3576d2baa86141439f2e837433589a9b: Beginning new tablet copy session on tablet f5d922d9e6fb45bd9d98acf118e6d9e8 from peer 6ec7d1737cd1460ab9dd752e64eac912 at {username='slave'} at 127.18.43.2:47165: session id = 6ec7d1737cd1460ab9dd752e64eac912-f5d922d9e6fb45bd9d98acf118e6d9e8
I0710 23:26:46.330833 22115 tablet_copy_service.cc:156] P 3576d2baa86141439f2e837433589a9b: Beginning new tablet copy session on tablet 2ec5b22f7bc141d2b4fbfc3b12bb7207 from peer 6ec7d1737cd1460ab9dd752e64eac912 at {username='slave'} at 127.18.43.2:47165: session id = 6ec7d1737cd1460ab9dd752e64eac912-2ec5b22f7bc141d2b4fbfc3b12bb7207
I0710 23:26:46.331009 22119 tablet_copy_source_session.cc:202] T 7dcd98b4c6f0472cbd570a3408ab1aa1 P 3576d2baa86141439f2e837433589a9b: Tablet Copy: opened 5 blocks and 1 log segments
I0710 23:26:46.331081 22118 tablet_copy_source_session.cc:202] T e84b278749d54e9b9978065912c42363 P 3576d2baa86141439f2e837433589a9b: Tablet Copy: opened 5 blocks and 1 log segments
I0710 23:26:46.331495 22116 tablet_copy_service.cc:135] P 3576d2baa86141439f2e837433589a9b: Received BeginTabletCopySession request for tablet e076cfa4d8674332aef98dec88fd570e from peer 6ec7d1737cd1460ab9dd752e64eac912 ({username='slave'} at 127.18.43.2:47165)
I0710 23:26:46.331502 22120 tablet_copy_source_session.cc:202] T f5d922d9e6fb45bd9d98acf118e6d9e8 P 3576d2baa86141439f2e837433589a9b: Tablet Copy: opened 5 blocks and 1 log segments
I0710 23:26:46.331547 22115 tablet_copy_source_session.cc:202] T 2ec5b22f7bc141d2b4fbfc3b12bb7207 P 3576d2baa86141439f2e837433589a9b: Tablet Copy: opened 5 blocks and 1 log segments
I0710 23:26:46.331557 22117 tablet_copy_service.cc:156] P 3576d2baa86141439f2e837433589a9b: Beginning new tablet copy session on tablet 18aa52f6e09947709e0b183c6d7d21d3 from peer 6ec7d1737cd1460ab9dd752e64eac912 at {username='slave'} at 127.18.43.2:47165: session id = 6ec7d1737cd1460ab9dd752e64eac912-18aa52f6e09947709e0b183c6d7d21d3
I0710 23:26:46.331640 22116 tablet_copy_service.cc:156] P 3576d2baa86141439f2e837433589a9b: Beginning new tablet copy session on tablet e076cfa4d8674332aef98dec88fd570e from peer 6ec7d1737cd1460ab9dd752e64eac912 at {username='slave'} at 127.18.43.2:47165: session id = 6ec7d1737cd1460ab9dd752e64eac912-e076cfa4d8674332aef98dec88fd570e
I0710 23:26:46.331660 22113 tablet_copy_service.cc:135] P 3576d2baa86141439f2e837433589a9b: Received BeginTabletCopySession request for tablet 782cbc85002b4ef594bdd8a41b62d57e from peer 6ec7d1737cd1460ab9dd752e64eac912 ({username='slave'} at 127.18.43.2:47165)
I0710 23:26:46.331696 22113 tablet_copy_service.cc:156] P 3576d2baa86141439f2e837433589a9b: Beginning new tablet copy session on tablet 782cbc85002b4ef594bdd8a41b62d57e from peer 6ec7d1737cd1460ab9dd752e64eac912 at {username='slave'} at 127.18.43.2:47165: session id = 6ec7d1737cd1460ab9dd752e64eac912-782cbc85002b4ef594bdd8a41b62d57e
I0710 23:26:46.332350 22113 tablet_copy_source_session.cc:202] T 782cbc85002b4ef594bdd8a41b62d57e P 3576d2baa86141439f2e837433589a9b: Tablet Copy: opened 5 blocks and 1 log segments
I0710 23:26:46.332392 22116 tablet_copy_source_session.cc:202] T e076cfa4d8674332aef98dec88fd570e P 3576d2baa86141439f2e837433589a9b: Tablet Copy: opened 5 blocks and 1 log segments
I0710 23:26:46.332507 22114 tablet_copy_service.cc:135] P 3576d2baa86141439f2e837433589a9b: Received BeginTabletCopySession request for tablet 45da44391d8a42a780127f45b9ec59e6 from peer 6ec7d1737cd1460ab9dd752e64eac912 ({username='slave'} at 127.18.43.2:47165)
I0710 23:26:46.332569 22114 tablet_copy_service.cc:156] P 3576d2baa86141439f2e837433589a9b: Beginning new tablet copy session on tablet 45da44391d8a42a780127f45b9ec59e6 from peer 6ec7d1737cd1460ab9dd752e64eac912 at {username='slave'} at 127.18.43.2:47165: session id = 6ec7d1737cd1460ab9dd752e64eac912-45da44391d8a42a780127f45b9ec59e6
I0710 23:26:46.332973 22121 tablet_copy_source_session.cc:202] T 8facaf1b4c2e4745baf379f06a8773c8 P 3576d2baa86141439f2e837433589a9b: Tablet Copy: opened 5 blocks and 1 log segments
I0710 23:26:46.333492 22117 tablet_copy_source_session.cc:202] T 18aa52f6e09947709e0b183c6d7d21d3 P 3576d2baa86141439f2e837433589a9b: Tablet Copy: opened 5 blocks and 1 log segments
I0710 23:26:46.333533 22114 tablet_copy_source_session.cc:202] T 45da44391d8a42a780127f45b9ec59e6 P 3576d2baa86141439f2e837433589a9b: Tablet Copy: opened 5 blocks and 1 log segments
I0710 23:26:46.334944 22554 data_dirs.cc:934] Could only allocate 2 dirs of requested 3 for tablet 18aa52f6e09947709e0b183c6d7d21d3. 2 dirs total, 0 dirs full, 0 dirs failed
I0710 23:26:46.335256 22553 data_dirs.cc:934] Could only allocate 2 dirs of requested 3 for tablet f5d922d9e6fb45bd9d98acf118e6d9e8. 2 dirs total, 0 dirs full, 0 dirs failed
I0710 23:26:46.335419 22550 data_dirs.cc:934] Could only allocate 2 dirs of requested 3 for tablet 2ec5b22f7bc141d2b4fbfc3b12bb7207. 2 dirs total, 0 dirs full, 0 dirs failed
I0710 23:26:46.335569 22555 data_dirs.cc:934] Could only allocate 2 dirs of requested 3 for tablet e076cfa4d8674332aef98dec88fd570e. 2 dirs total, 0 dirs full, 0 dirs failed
I0710 23:26:46.335988 22552 data_dirs.cc:934] Could only allocate 2 dirs of requested 3 for tablet e84b278749d54e9b9978065912c42363. 2 dirs total, 0 dirs full, 0 dirs failed
I0710 23:26:46.336143 22548 data_dirs.cc:934] Could only allocate 2 dirs of requested 3 for tablet 782cbc85002b4ef594bdd8a41b62d57e. 2 dirs total, 0 dirs full, 0 dirs failed
I0710 23:26:46.336347 22551 data_dirs.cc:934] Could only allocate 2 dirs of requested 3 for tablet 45da44391d8a42a780127f45b9ec59e6. 2 dirs total, 0 dirs full, 0 dirs failed
I0710 23:26:46.336563 22547 data_dirs.cc:934] Could only allocate 2 dirs of requested 3 for tablet 8facaf1b4c2e4745baf379f06a8773c8. 2 dirs total, 0 dirs full, 0 dirs failed
I0710 23:26:46.336880 22549 data_dirs.cc:934] Could only allocate 2 dirs of requested 3 for tablet 7dcd98b4c6f0472cbd570a3408ab1aa1. 2 dirs total, 0 dirs full, 0 dirs failed
I0710 23:26:46.341729 22547 ts_tablet_manager.cc:1173] T 8facaf1b4c2e4745baf379f06a8773c8 P 6ec7d1737cd1460ab9dd752e64eac912: Registered tablet (data state: TABLET_DATA_COPYING)
I0710 23:26:46.341850 22552 ts_tablet_manager.cc:1173] T e84b278749d54e9b9978065912c42363 P 6ec7d1737cd1460ab9dd752e64eac912: Registered tablet (data state: TABLET_DATA_COPYING)
I0710 23:26:46.342339 22547 tablet_copy_client.cc:566] T 8facaf1b4c2e4745baf379f06a8773c8 P 6ec7d1737cd1460ab9dd752e64eac912: tablet copy: Starting download of 5 data blocks...
I0710 23:26:46.342849 22554 ts_tablet_manager.cc:1173] T 18aa52f6e09947709e0b183c6d7d21d3 P 6ec7d1737cd1460ab9dd752e64eac912: Registered tablet (data state: TABLET_DATA_COPYING)
I0710 23:26:46.342875 22552 tablet_copy_client.cc:566] T e84b278749d54e9b9978065912c42363 P 6ec7d1737cd1460ab9dd752e64eac912: tablet copy: Starting download of 5 data blocks...
I0710 23:26:46.343312 22550 ts_tablet_manager.cc:1173] T 2ec5b22f7bc141d2b4fbfc3b12bb7207 P 6ec7d1737cd1460ab9dd752e64eac912: Registered tablet (data state: TABLET_DATA_COPYING)
I0710 23:26:46.343713 22551 ts_tablet_manager.cc:1173] T 45da44391d8a42a780127f45b9ec59e6 P 6ec7d1737cd1460ab9dd752e64eac912: Registered tablet (data state: TABLET_DATA_COPYING)
I0710 23:26:46.343909 22550 tablet_copy_client.cc:566] T 2ec5b22f7bc141d2b4fbfc3b12bb7207 P 6ec7d1737cd1460ab9dd752e64eac912: tablet copy: Starting download of 5 data blocks...
I0710 23:26:46.345644 22553 ts_tablet_manager.cc:1173] T f5d922d9e6fb45bd9d98acf118e6d9e8 P 6ec7d1737cd1460ab9dd752e64eac912: Registered tablet (data state: TABLET_DATA_COPYING)
I0710 23:26:46.345803 22551 tablet_copy_client.cc:566] T 45da44391d8a42a780127f45b9ec59e6 P 6ec7d1737cd1460ab9dd752e64eac912: tablet copy: Starting download of 5 data blocks...
I0710 23:26:46.346943 22549 ts_tablet_manager.cc:1173] T 7dcd98b4c6f0472cbd570a3408ab1aa1 P 6ec7d1737cd1460ab9dd752e64eac912: Registered tablet (data state: TABLET_DATA_COPYING)
I0710 23:26:46.347692 22548 ts_tablet_manager.cc:1173] T 782cbc85002b4ef594bdd8a41b62d57e P 6ec7d1737cd1460ab9dd752e64eac912: Registered tablet (data state: TABLET_DATA_COPYING)
I0710 23:26:46.347795 22548 tablet_copy_client.cc:566] T 782cbc85002b4ef594bdd8a41b62d57e P 6ec7d1737cd1460ab9dd752e64eac912: tablet copy: Starting download of 5 data blocks...
I0710 23:26:46.348214 22555 ts_tablet_manager.cc:1173] T e076cfa4d8674332aef98dec88fd570e P 6ec7d1737cd1460ab9dd752e64eac912: Registered tablet (data state: TABLET_DATA_COPYING)
I0710 23:26:46.348476 22549 tablet_copy_client.cc:566] T 7dcd98b4c6f0472cbd570a3408ab1aa1 P 6ec7d1737cd1460ab9dd752e64eac912: tablet copy: Starting download of 5 data blocks...
I0710 23:26:46.348597 18604 tablet_copy_client_session-itest.cc:398] Injecting failures to /tmp/dist-test-taskXw_ur6/test-tmp/tablet_copy_client_session-itest.0.TabletCopyClientSessionITest.TestStopCopyOnClientDiskFailure.1531265186290008-18604/minicluster-data/ts-1/data-1
I0710 23:26:46.348634 22555 tablet_copy_client.cc:566] T e076cfa4d8674332aef98dec88fd570e P 6ec7d1737cd1460ab9dd752e64eac912: tablet copy: Starting download of 5 data blocks...
I0710 23:26:46.348743 22554 tablet_copy_client.cc:566] T 18aa52f6e09947709e0b183c6d7d21d3 P 6ec7d1737cd1460ab9dd752e64eac912: tablet copy: Starting download of 5 data blocks...
I0710 23:26:46.349225 22553 tablet_copy_client.cc:566] T f5d922d9e6fb45bd9d98acf118e6d9e8 P 6ec7d1737cd1460ab9dd752e64eac912: tablet copy: Starting download of 5 data blocks...
W0710 23:26:46.349769 22530 generic_service.cc:126] {username='slave'} at 127.0.0.1:53282 forcing change of non-runtime-safe flag env_inject_eio_globs
I0710 23:26:46.349828 22530 generic_service.cc:146] {username='slave'} at 127.0.0.1:53282 changed flags via RPC: env_inject_eio_globs from '*' to '/tmp/dist-test-taskXw_ur6/test-tmp/tablet_copy_client_session-itest.0.TabletCopyClientSessionITest.TestStopCopyOnClientDiskFailure.1531265186290008-18604/minicluster-data/ts-1/data-1/**'
I0710 23:26:46.350361 18604 tablet_copy_client_session-itest.cc:378] Copying over tablet 10 / 10
I0710 23:26:46.351701 22556 ts_tablet_manager.cc:669] T 628f1e270e1948d2b555b1827254d4ab P 6ec7d1737cd1460ab9dd752e64eac912: Initiating tablet copy from peer 3576d2baa86141439f2e837433589a9b (127.18.43.1:45577)
I0710 23:26:46.352802 22556 tablet_copy_client.cc:239] T 628f1e270e1948d2b555b1827254d4ab P 6ec7d1737cd1460ab9dd752e64eac912: tablet copy: Beginning tablet copy session from remote peer at address 127.18.43.1:45577
I0710 23:26:46.353381 22121 tablet_copy_service.cc:135] P 3576d2baa86141439f2e837433589a9b: Received BeginTabletCopySession request for tablet 628f1e270e1948d2b555b1827254d4ab from peer 6ec7d1737cd1460ab9dd752e64eac912 ({username='slave'} at 127.18.43.2:47165)
I0710 23:26:46.353444 22121 tablet_copy_service.cc:156] P 3576d2baa86141439f2e837433589a9b: Beginning new tablet copy session on tablet 628f1e270e1948d2b555b1827254d4ab from peer 6ec7d1737cd1460ab9dd752e64eac912 at {username='slave'} at 127.18.43.2:47165: session id = 6ec7d1737cd1460ab9dd752e64eac912-628f1e270e1948d2b555b1827254d4ab
I0710 23:26:46.354310 22121 tablet_copy_source_session.cc:202] T 628f1e270e1948d2b555b1827254d4ab P 3576d2baa86141439f2e837433589a9b: Tablet Copy: opened 5 blocks and 1 log segments
I0710 23:26:46.354581 22552 tablet_copy_client.cc:529] T e84b278749d54e9b9978065912c42363 P 6ec7d1737cd1460ab9dd752e64eac912: tablet copy: Starting download of 1 WAL segments...
I0710 23:26:46.354708 22550 tablet_copy_client.cc:529] T 2ec5b22f7bc141d2b4fbfc3b12bb7207 P 6ec7d1737cd1460ab9dd752e64eac912: tablet copy: Starting download of 1 WAL segments...
I0710 23:26:46.355173 22551 tablet_copy_client.cc:529] T 45da44391d8a42a780127f45b9ec59e6 P 6ec7d1737cd1460ab9dd752e64eac912: tablet copy: Starting download of 1 WAL segments...
I0710 23:26:46.357569 22556 data_dirs.cc:934] Could only allocate 2 dirs of requested 3 for tablet 628f1e270e1948d2b555b1827254d4ab. 2 dirs total, 0 dirs full, 0 dirs failed
I0710 23:26:46.357852 22552 tablet_copy_client.cc:405] T e84b278749d54e9b9978065912c42363 P 6ec7d1737cd1460ab9dd752e64eac912: tablet copy: Tablet Copy complete. Replacing tablet superblock.
I0710 23:26:46.358736 22554 tablet_copy_client.cc:529] T 18aa52f6e09947709e0b183c6d7d21d3 P 6ec7d1737cd1460ab9dd752e64eac912: tablet copy: Starting download of 1 WAL segments...
I0710 23:26:46.359490 22556 ts_tablet_manager.cc:1173] T 628f1e270e1948d2b555b1827254d4ab P 6ec7d1737cd1460ab9dd752e64eac912: Registered tablet (data state: TABLET_DATA_COPYING)
I0710 23:26:46.360095 22551 tablet_copy_client.cc:405] T 45da44391d8a42a780127f45b9ec59e6 P 6ec7d1737cd1460ab9dd752e64eac912: tablet copy: Tablet Copy complete. Replacing tablet superblock.
I0710 23:26:46.360142 22550 tablet_copy_client.cc:405] T 2ec5b22f7bc141d2b4fbfc3b12bb7207 P 6ec7d1737cd1460ab9dd752e64eac912: tablet copy: Tablet Copy complete. Replacing tablet superblock.
W0710 23:26:46.360455 22530 generic_service.cc:126] {username='slave'} at 127.0.0.1:53282 forcing change of non-runtime-safe flag env_inject_eio
I0710 23:26:46.360499 22530 generic_service.cc:146] {username='slave'} at 127.0.0.1:53282 changed flags via RPC: env_inject_eio from '0' to '1'
W0710 23:26:46.360577 22551 fault_injection.cc:41] FAULT INJECTION ENABLED!
W0710 23:26:46.360595 22551 fault_injection.cc:42] THIS SERVER MAY CRASH!
E0710 23:26:46.361364 22554 env_posix.cc:316] I/O error, context: INJECTED FAILURE
I0710 23:26:46.361718 22550 ts_tablet_manager.cc:1028] T 2ec5b22f7bc141d2b4fbfc3b12bb7207 P 6ec7d1737cd1460ab9dd752e64eac912: Bootstrapping tablet
I0710 23:26:46.361740 22551 ts_tablet_manager.cc:1028] T 45da44391d8a42a780127f45b9ec59e6 P 6ec7d1737cd1460ab9dd752e64eac912: Bootstrapping tablet
E0710 23:26:46.361862 22554 data_dirs.cc:1116] Directory /tmp/dist-test-taskXw_ur6/test-tmp/tablet_copy_client_session-itest.0.TabletCopyClientSessionITest.TestStopCopyOnClientDiskFailure.1531265186290008-18604/minicluster-data/ts-1/data-1/data marked as failed
I0710 23:26:46.361968 22554 ts_tablet_manager.cc:1437] Data dir 49b8d5daed9c488ba0ff634de5d5460e has 9 tablets
I0710 23:26:46.361969 22550 tablet_bootstrap.cc:427] T 2ec5b22f7bc141d2b4fbfc3b12bb7207 P 6ec7d1737cd1460ab9dd752e64eac912: Bootstrap starting.
I0710 23:26:46.362120 22552 ts_tablet_manager.cc:1028] T e84b278749d54e9b9978065912c42363 P 6ec7d1737cd1460ab9dd752e64eac912: Bootstrapping tablet
I0710 23:26:46.362195 22552 tablet_bootstrap.cc:427] T e84b278749d54e9b9978065912c42363 P 6ec7d1737cd1460ab9dd752e64eac912: Bootstrap starting.
W0710 23:26:46.362259 22553 ts_tablet_manager.cc:739] T f5d922d9e6fb45bd9d98acf118e6d9e8 P 6ec7d1737cd1460ab9dd752e64eac912: Tablet Copy: Unable to fetch data from remote peer 3576d2baa86141439f2e837433589a9b (127.18.43.1:45577): IO error: Unable to download block with id 0000000000000017: Not downloading block for replica: Tablet f5d922d9e6fb45bd9d98acf118e6d9e8 is in a failed directory
E0710 23:26:46.362351 22552 ts_tablet_manager.cc:1066] T e84b278749d54e9b9978065912c42363 P 6ec7d1737cd1460ab9dd752e64eac912: Tablet failed to bootstrap: IO error: some tablet data is in a failed directory
I0710 23:26:46.362387 22552 ts_tablet_manager.cc:1045] T e84b278749d54e9b9978065912c42363 P 6ec7d1737cd1460ab9dd752e64eac912: Time spent bootstrapping tablet: real 0.000s user 0.000s sys 0.000s
I0710 23:26:46.362457 22552 tablet_replica.cc:261] T e84b278749d54e9b9978065912c42363 P 6ec7d1737cd1460ab9dd752e64eac912: stopping tablet replica
W0710 23:26:46.362478 22555 ts_tablet_manager.cc:739] T e076cfa4d8674332aef98dec88fd570e P 6ec7d1737cd1460ab9dd752e64eac912: Tablet Copy: Unable to fetch data from remote peer 3576d2baa86141439f2e837433589a9b (127.18.43.1:45577): IO error: Unable to download block with id 0000000000000023: Not downloading block for replica: Tablet e076cfa4d8674332aef98dec88fd570e is in a failed directory
I0710 23:26:46.362560 22552 raft_consensus.cc:2042] T e84b278749d54e9b9978065912c42363 P 6ec7d1737cd1460ab9dd752e64eac912 [term 1 NON_PARTICIPANT]: Raft consensus shutting down.
I0710 23:26:46.362630 22552 raft_consensus.cc:2069] T e84b278749d54e9b9978065912c42363 P 6ec7d1737cd1460ab9dd752e64eac912 [term 1 NON_PARTICIPANT]: Raft consensus is shut down!
W0710 23:26:46.362642 22548 ts_tablet_manager.cc:739] T 782cbc85002b4ef594bdd8a41b62d57e P 6ec7d1737cd1460ab9dd752e64eac912: Tablet Copy: Unable to fetch data from remote peer 3576d2baa86141439f2e837433589a9b (127.18.43.1:45577): IO error: Unable to download block with id 0000000000000030: Not downloading block for replica: Tablet 782cbc85002b4ef594bdd8a41b62d57e is in a failed directory
I0710 23:26:46.362715 22556 tablet_copy_client.cc:566] T 628f1e270e1948d2b555b1827254d4ab P 6ec7d1737cd1460ab9dd752e64eac912: tablet copy: Starting download of 5 data blocks...
W0710 23:26:46.362800 22556 ts_tablet_manager.cc:739] T 628f1e270e1948d2b555b1827254d4ab P 6ec7d1737cd1460ab9dd752e64eac912: Tablet Copy: Unable to fetch data from remote peer 3576d2baa86141439f2e837433589a9b (127.18.43.1:45577): IO error: Unable to download block with id 0000000000000008: Not downloading block for replica: Tablet 628f1e270e1948d2b555b1827254d4ab is in a failed directory
E0710 23:26:46.362972 22549 env_posix.cc:316] I/O error, context: INJECTED FAILURE
I0710 23:26:46.362998 22117 tablet_copy_service.cc:325] P 3576d2baa86141439f2e837433589a9b: Request end of tablet copy session 6ec7d1737cd1460ab9dd752e64eac912-f5d922d9e6fb45bd9d98acf118e6d9e8 received from {username='slave'} at 127.18.43.2:47165
I0710 23:26:46.363028 22117 tablet_copy_service.cc:413] P 3576d2baa86141439f2e837433589a9b: ending tablet copy session 6ec7d1737cd1460ab9dd752e64eac912-f5d922d9e6fb45bd9d98acf118e6d9e8 on tablet f5d922d9e6fb45bd9d98acf118e6d9e8 with peer 6ec7d1737cd1460ab9dd752e64eac912
I0710 23:26:46.363481 22117 tablet_copy_service.cc:325] P 3576d2baa86141439f2e837433589a9b: Request end of tablet copy session 6ec7d1737cd1460ab9dd752e64eac912-e076cfa4d8674332aef98dec88fd570e received from {username='slave'} at 127.18.43.2:47165
I0710 23:26:46.363507 22117 tablet_copy_service.cc:413] P 3576d2baa86141439f2e837433589a9b: ending tablet copy session 6ec7d1737cd1460ab9dd752e64eac912-e076cfa4d8674332aef98dec88fd570e on tablet e076cfa4d8674332aef98dec88fd570e with peer 6ec7d1737cd1460ab9dd752e64eac912
I0710 23:26:46.363672 22114 tablet_copy_service.cc:325] P 3576d2baa86141439f2e837433589a9b: Request end of tablet copy session 6ec7d1737cd1460ab9dd752e64eac912-782cbc85002b4ef594bdd8a41b62d57e received from {username='slave'} at 127.18.43.2:47165
I0710 23:26:46.363693 22114 tablet_copy_service.cc:413] P 3576d2baa86141439f2e837433589a9b: ending tablet copy session 6ec7d1737cd1460ab9dd752e64eac912-782cbc85002b4ef594bdd8a41b62d57e on tablet 782cbc85002b4ef594bdd8a41b62d57e with peer 6ec7d1737cd1460ab9dd752e64eac912
I0710 23:26:46.363793 22121 tablet_copy_service.cc:325] P 3576d2baa86141439f2e837433589a9b: Request end of tablet copy session 6ec7d1737cd1460ab9dd752e64eac912-e84b278749d54e9b9978065912c42363 received from {username='slave'} at 127.18.43.2:47165
I0710 23:26:46.363819 22121 tablet_copy_service.cc:413] P 3576d2baa86141439f2e837433589a9b: ending tablet copy session 6ec7d1737cd1460ab9dd752e64eac912-e84b278749d54e9b9978065912c42363 on tablet e84b278749d54e9b9978065912c42363 with peer 6ec7d1737cd1460ab9dd752e64eac912
I0710 23:26:46.363948 22118 tablet_copy_service.cc:325] P 3576d2baa86141439f2e837433589a9b: Request end of tablet copy session 6ec7d1737cd1460ab9dd752e64eac912-628f1e270e1948d2b555b1827254d4ab received from {username='slave'} at 127.18.43.2:47165
I0710 23:26:46.363965 22118 tablet_copy_service.cc:413] P 3576d2baa86141439f2e837433589a9b: ending tablet copy session 6ec7d1737cd1460ab9dd752e64eac912-628f1e270e1948d2b555b1827254d4ab on tablet 628f1e270e1948d2b555b1827254d4ab with peer 6ec7d1737cd1460ab9dd752e64eac912
W0710 23:26:46.364043 22553 tablet_metadata.cc:421] failed to load DataDirGroup from superblock: Already present: tried to load directory group for tablet f5d922d9e6fb45bd9d98acf118e6d9e8 but one is already registered
I0710 23:26:46.364122 22553 ts_tablet_manager.cc:1369] T f5d922d9e6fb45bd9d98acf118e6d9e8 P 6ec7d1737cd1460ab9dd752e64eac912: Deleting tablet data with delete state TABLET_DATA_TOMBSTONED
W0710 23:26:46.364389 22548 tablet_metadata.cc:421] failed to load DataDirGroup from superblock: Already present: tried to load directory group for tablet 782cbc85002b4ef594bdd8a41b62d57e but one is already registered
I0710 23:26:46.364446 22548 ts_tablet_manager.cc:1369] T 782cbc85002b4ef594bdd8a41b62d57e P 6ec7d1737cd1460ab9dd752e64eac912: Deleting tablet data with delete state TABLET_DATA_TOMBSTONED
W0710 23:26:46.364480 22555 tablet_metadata.cc:421] failed to load DataDirGroup from superblock: Already present: tried to load directory group for tablet e076cfa4d8674332aef98dec88fd570e but one is already registered
I0710 23:26:46.364539 22555 ts_tablet_manager.cc:1369] T e076cfa4d8674332aef98dec88fd570e P 6ec7d1737cd1460ab9dd752e64eac912: Deleting tablet data with delete state TABLET_DATA_TOMBSTONED
E0710 23:26:46.362264 22547 env_posix.cc:316] I/O error, context: INJECTED FAILURE
I0710 23:26:46.361970 22551 tablet_bootstrap.cc:427] T 45da44391d8a42a780127f45b9ec59e6 P 6ec7d1737cd1460ab9dd752e64eac912: Bootstrap starting.
E0710 23:26:46.365355 22551 ts_tablet_manager.cc:1066] T 45da44391d8a42a780127f45b9ec59e6 P 6ec7d1737cd1460ab9dd752e64eac912: Tablet failed to bootstrap: IO error: some tablet data is in a failed directory
I0710 23:26:46.365387 22551 ts_tablet_manager.cc:1045] T 45da44391d8a42a780127f45b9ec59e6 P 6ec7d1737cd1460ab9dd752e64eac912: Time spent bootstrapping tablet: real 0.004s user 0.000s sys 0.000s
I0710 23:26:46.365411 22551 tablet_replica.cc:261] T 45da44391d8a42a780127f45b9ec59e6 P 6ec7d1737cd1460ab9dd752e64eac912: stopping tablet replica
I0710 23:26:46.365445 22551 raft_consensus.cc:2042] T 45da44391d8a42a780127f45b9ec59e6 P 6ec7d1737cd1460ab9dd752e64eac912 [term 1 NON_PARTICIPANT]: Raft consensus shutting down.
I0710 23:26:46.365475 22551 raft_consensus.cc:2069] T 45da44391d8a42a780127f45b9ec59e6 P 6ec7d1737cd1460ab9dd752e64eac912 [term 1 NON_PARTICIPANT]: Raft consensus is shut down!
W0710 23:26:46.365626 22556 tablet_metadata.cc:421] failed to load DataDirGroup from superblock: Already present: tried to load directory group for tablet 628f1e270e1948d2b555b1827254d4ab but one is already registered
I0710 23:26:46.365715 22556 ts_tablet_manager.cc:1369] T 628f1e270e1948d2b555b1827254d4ab P 6ec7d1737cd1460ab9dd752e64eac912: Deleting tablet data with delete state TABLET_DATA_TOMBSTONED
I0710 23:26:46.366072 22118 tablet_copy_service.cc:325] P 3576d2baa86141439f2e837433589a9b: Request end of tablet copy session 6ec7d1737cd1460ab9dd752e64eac912-45da44391d8a42a780127f45b9ec59e6 received from {username='slave'} at 127.18.43.2:47165
I0710 23:26:46.366106 22118 tablet_copy_service.cc:413] P 3576d2baa86141439f2e837433589a9b: ending tablet copy session 6ec7d1737cd1460ab9dd752e64eac912-45da44391d8a42a780127f45b9ec59e6 on tablet 45da44391d8a42a780127f45b9ec59e6 with peer 6ec7d1737cd1460ab9dd752e64eac912
I0710 23:26:46.367002 22555 ts_tablet_manager.cc:1382] T e076cfa4d8674332aef98dec88fd570e P 6ec7d1737cd1460ab9dd752e64eac912: tablet deleted with delete type TABLET_DATA_TOMBSTONED: last-logged OpId 1.0
I0710 23:26:46.367055 22548 ts_tablet_manager.cc:1382] T 782cbc85002b4ef594bdd8a41b62d57e P 6ec7d1737cd1460ab9dd752e64eac912: tablet deleted with delete type TABLET_DATA_TOMBSTONED: last-logged OpId 1.0
I0710 23:26:46.367055 18604 tablet_copy_client_session-itest.cc:417] Waiting for tablets to fail: 2 / 10
E0710 23:26:46.367521 22550 ts_tablet_manager.cc:1066] T 2ec5b22f7bc141d2b4fbfc3b12bb7207 P 6ec7d1737cd1460ab9dd752e64eac912: Tablet failed to bootstrap: IO error: some tablet data is in a failed directory
I0710 23:26:46.367558 22550 ts_tablet_manager.cc:1045] T 2ec5b22f7bc141d2b4fbfc3b12bb7207 P 6ec7d1737cd1460ab9dd752e64eac912: Time spent bootstrapping tablet: real 0.006s user 0.001s sys 0.001s
I0710 23:26:46.367585 22550 tablet_replica.cc:261] T 2ec5b22f7bc141d2b4fbfc3b12bb7207 P 6ec7d1737cd1460ab9dd752e64eac912: stopping tablet replica
I0710 23:26:46.367645 22550 raft_consensus.cc:2042] T 2ec5b22f7bc141d2b4fbfc3b12bb7207 P 6ec7d1737cd1460ab9dd752e64eac912 [term 1 NON_PARTICIPANT]: Raft consensus shutting down.
I0710 23:26:46.367674 22550 raft_consensus.cc:2069] T 2ec5b22f7bc141d2b4fbfc3b12bb7207 P 6ec7d1737cd1460ab9dd752e64eac912 [term 1 NON_PARTICIPANT]: Raft consensus is shut down!
I0710 23:26:46.367964 22554 ts_tablet_manager.cc:1444] T 18aa52f6e09947709e0b183c6d7d21d3 P 6ec7d1737cd1460ab9dd752e64eac912: failing tablet
E0710 23:26:46.368118 22555 env_posix.cc:316] I/O error, context: INJECTED FAILURE
E0710 23:26:46.368453 22548 env_posix.cc:316] I/O error, context: INJECTED FAILURE
I0710 23:26:46.368523 22554 ts_tablet_manager.cc:1444] T 2ec5b22f7bc141d2b4fbfc3b12bb7207 P 6ec7d1737cd1460ab9dd752e64eac912: failing tablet
I0710 23:26:46.368650 22554 ts_tablet_manager.cc:1444] T 45da44391d8a42a780127f45b9ec59e6 P 6ec7d1737cd1460ab9dd752e64eac912: failing tablet
I0710 23:26:46.368690 22554 ts_tablet_manager.cc:1444] T 7dcd98b4c6f0472cbd570a3408ab1aa1 P 6ec7d1737cd1460ab9dd752e64eac912: failing tablet
I0710 23:26:46.368710 22554 ts_tablet_manager.cc:1444] T 8facaf1b4c2e4745baf379f06a8773c8 P 6ec7d1737cd1460ab9dd752e64eac912: failing tablet
I0710 23:26:46.368727 22554 ts_tablet_manager.cc:1444] T e84b278749d54e9b9978065912c42363 P 6ec7d1737cd1460ab9dd752e64eac912: failing tablet
I0710 23:26:46.368772 22118 tablet_copy_service.cc:325] P 3576d2baa86141439f2e837433589a9b: Request end of tablet copy session 6ec7d1737cd1460ab9dd752e64eac912-2ec5b22f7bc141d2b4fbfc3b12bb7207 received from {username='slave'} at 127.18.43.2:47165
I0710 23:26:46.368803 22118 tablet_copy_service.cc:413] P 3576d2baa86141439f2e837433589a9b: ending tablet copy session 6ec7d1737cd1460ab9dd752e64eac912-2ec5b22f7bc141d2b4fbfc3b12bb7207 on tablet 2ec5b22f7bc141d2b4fbfc3b12bb7207 with peer 6ec7d1737cd1460ab9dd752e64eac912
W0710 23:26:46.368808 22549 ts_tablet_manager.cc:1431] Data directory is already marked failed.
E0710 23:26:46.368911 22549 env_posix.cc:316] I/O error, context: INJECTED FAILURE
W0710 23:26:46.368933 22549 ts_tablet_manager.cc:1431] Data directory is already marked failed.
W0710 23:26:46.368958 22549 log_block_manager.cc:1151] Container /tmp/dist-test-taskXw_ur6/test-tmp/tablet_copy_client_session-itest.0.TabletCopyClientSessionITest.TestStopCopyOnClientDiskFailure.1531265186290008-18604/minicluster-data/ts-1/data-1/data/d2972245262f479d8427e89054485017 being marked read-only: IO error: unable to append block's metadata during close: Failed to append data to file: INJECTED FAILURE: Input/output error (error 5)
W0710 23:26:46.368971 22549 log_block_manager.cc:1370] Failed to abort block 0000000000000034: IO error: unable to append block's metadata during close: Failed to append data to file: INJECTED FAILURE: Input/output error (error 5)
W0710 23:26:46.368984 22549 ts_tablet_manager.cc:739] T 7dcd98b4c6f0472cbd570a3408ab1aa1 P 6ec7d1737cd1460ab9dd752e64eac912: Tablet Copy: Unable to fetch data from remote peer 3576d2baa86141439f2e837433589a9b (127.18.43.1:45577): IO error: Unable to download block with id 0000000000000003: Unable to download block 0000000000000003: INJECTED FAILURE: Input/output error (error 5)
W0710 23:26:46.369292 22547 ts_tablet_manager.cc:1431] Data directory is already marked failed.
I0710 23:26:46.369287 18604 tablet_copy_client_session-itest.cc:417] Waiting for tablets to fail: 2 / 10
I0710 23:26:46.369428 22118 tablet_copy_service.cc:325] P 3576d2baa86141439f2e837433589a9b: Request end of tablet copy session 6ec7d1737cd1460ab9dd752e64eac912-7dcd98b4c6f0472cbd570a3408ab1aa1 received from {username='slave'} at 127.18.43.2:47165
E0710 23:26:46.369432 22547 env_posix.cc:316] I/O error, context: INJECTED FAILURE
I0710 23:26:46.369459 22118 tablet_copy_service.cc:413] P 3576d2baa86141439f2e837433589a9b: ending tablet copy session 6ec7d1737cd1460ab9dd752e64eac912-7dcd98b4c6f0472cbd570a3408ab1aa1 on tablet 7dcd98b4c6f0472cbd570a3408ab1aa1 with peer 6ec7d1737cd1460ab9dd752e64eac912
W0710 23:26:46.369467 22547 ts_tablet_manager.cc:1431] Data directory is already marked failed.
W0710 23:26:46.369487 22547 log_block_manager.cc:1151] Container /tmp/dist-test-taskXw_ur6/test-tmp/tablet_copy_client_session-itest.0.TabletCopyClientSessionITest.TestStopCopyOnClientDiskFailure.1531265186290008-18604/minicluster-data/ts-1/data-1/data/07c0916ebe6b4e3da1ccd83718d4d396 being marked read-only: IO error: unable to append block's metadata during close: Failed to append data to file: INJECTED FAILURE: Input/output error (error 5)
W0710 23:26:46.369500 22547 log_block_manager.cc:1370] Failed to abort block 0000000000000035: IO error: unable to append block's metadata during close: Failed to append data to file: INJECTED FAILURE: Input/output error (error 5)
W0710 23:26:46.369514 22547 ts_tablet_manager.cc:739] T 8facaf1b4c2e4745baf379f06a8773c8 P 6ec7d1737cd1460ab9dd752e64eac912: Tablet Copy: Unable to fetch data from remote peer 3576d2baa86141439f2e837433589a9b (127.18.43.1:45577): IO error: Unable to download block with id 0000000000000041: Unable to download block 0000000000000041: INJECTED FAILURE: Input/output error (error 5)
W0710 23:26:46.369601 22555 ts_tablet_manager.cc:1431] Data directory is already marked failed.
W0710 23:26:46.369626 22555 log_block_manager.cc:1151] Container /tmp/dist-test-taskXw_ur6/test-tmp/tablet_copy_client_session-itest.0.TabletCopyClientSessionITest.TestStopCopyOnClientDiskFailure.1531265186290008-18604/minicluster-data/ts-1/data-1/data/b6fc9f84343542e1a5818c8536704651 being marked read-only: IO error: unable to append block's metadata during close: Failed to append data to file: INJECTED FAILURE: Input/output error (error 5)
W0710 23:26:46.369640 22555 log_block_manager.cc:1370] Failed to abort block 0000000000000025: IO error: unable to append block's metadata during close: Failed to append data to file: INJECTED FAILURE: Input/output error (error 5)
W0710 23:26:46.369659 22555 log_block_manager.cc:1370] Failed to abort block 0000000000000031: IO error: container /tmp/dist-test-taskXw_ur6/test-tmp/tablet_copy_client_session-itest.0.TabletCopyClientSessionITest.TestStopCopyOnClientDiskFailure.1531265186290008-18604/minicluster-data/ts-1/data-1/data/b6fc9f84343542e1a5818c8536704651 is read-only: unable to append block's metadata during close: Failed to append data to file: INJECTED FAILURE: Input/output error (error 5)
I0710 23:26:46.369706 22553 ts_tablet_manager.cc:1382] T f5d922d9e6fb45bd9d98acf118e6d9e8 P 6ec7d1737cd1460ab9dd752e64eac912: tablet deleted with delete type TABLET_DATA_TOMBSTONED: last-logged OpId 1.0
E0710 23:26:46.369843 22553 env_posix.cc:316] I/O error, context: INJECTED FAILURE
W0710 23:26:46.369894 22553 ts_tablet_manager.cc:1431] Data directory is already marked failed.
W0710 23:26:46.369915 22553 log_block_manager.cc:1151] Container /tmp/dist-test-taskXw_ur6/test-tmp/tablet_copy_client_session-itest.0.TabletCopyClientSessionITest.TestStopCopyOnClientDiskFailure.1531265186290008-18604/minicluster-data/ts-1/data-1/data/405ce21a2cd34e08be7c629995c76c53 being marked read-only: IO error: unable to append block's metadata during close: Failed to append data to file: INJECTED FAILURE: Input/output error (error 5)
W0710 23:26:46.369925 22548 ts_tablet_manager.cc:1431] Data directory is already marked failed.
W0710 23:26:46.369931 22553 log_block_manager.cc:1370] Failed to abort block 0000000000000021: IO error: unable to append block's metadata during close: Failed to append data to file: INJECTED FAILURE: Input/output error (error 5)
W0710 23:26:46.369962 22548 log_block_manager.cc:1151] Container /tmp/dist-test-taskXw_ur6/test-tmp/tablet_copy_client_session-itest.0.TabletCopyClientSessionITest.TestStopCopyOnClientDiskFailure.1531265186290008-18604/minicluster-data/ts-1/data-1/data/07c0916ebe6b4e3da1ccd83718d4d396 being marked read-only: IO error: unable to append block's metadata during close: Failed to append data to file: INJECTED FAILURE: Input/output error (error 5)
W0710 23:26:46.369973 22553 log_block_manager.cc:1370] Failed to abort block 0000000000000027: IO error: container /tmp/dist-test-taskXw_ur6/test-tmp/tablet_copy_client_session-itest.0.TabletCopyClientSessionITest.TestStopCopyOnClientDiskFailure.1531265186290008-18604/minicluster-data/ts-1/data-1/data/d2972245262f479d8427e89054485017 is read-only: unable to append block's metadata during close: Failed to append data to file: INJECTED FAILURE: Input/output error (error 5)
W0710 23:26:46.369994 22554 log_block_manager.cc:1151] Container /tmp/dist-test-taskXw_ur6/test-tmp/tablet_copy_client_session-itest.0.TabletCopyClientSessionITest.TestStopCopyOnClientDiskFailure.1531265186290008-18604/minicluster-data/ts-1/data-1/data/a04d5aff929d440a96305afb50bad5aa being marked read-only: IO error: INJECTED FAILURE: Input/output error (error 5)
W0710 23:26:46.370013 22554 ts_tablet_manager.cc:750] T 18aa52f6e09947709e0b183c6d7d21d3 P 6ec7d1737cd1460ab9dd752e64eac912: Tablet Copy: Failure calling Finish(): IO error: INJECTED FAILURE: Input/output error (error 5)
I0710 23:26:46.370344 22118 tablet_copy_service.cc:325] P 3576d2baa86141439f2e837433589a9b: Request end of tablet copy session 6ec7d1737cd1460ab9dd752e64eac912-8facaf1b4c2e4745baf379f06a8773c8 received from {username='slave'} at 127.18.43.2:47165
I0710 23:26:46.370379 22118 tablet_copy_service.cc:413] P 3576d2baa86141439f2e837433589a9b: ending tablet copy session 6ec7d1737cd1460ab9dd752e64eac912-8facaf1b4c2e4745baf379f06a8773c8 on tablet 8facaf1b4c2e4745baf379f06a8773c8 with peer 6ec7d1737cd1460ab9dd752e64eac912
W0710 23:26:46.369978 22548 log_block_manager.cc:1370] Failed to abort block 0000000000000019: IO error: unable to append block's metadata during close: Failed to append data to file: INJECTED FAILURE: Input/output error (error 5)
I0710 23:26:46.370514 22121 tablet_copy_service.cc:325] P 3576d2baa86141439f2e837433589a9b: Request end of tablet copy session 6ec7d1737cd1460ab9dd752e64eac912-18aa52f6e09947709e0b183c6d7d21d3 received from {username='slave'} at 127.18.43.2:47165
I0710 23:26:46.370542 22121 tablet_copy_service.cc:413] P 3576d2baa86141439f2e837433589a9b: ending tablet copy session 6ec7d1737cd1460ab9dd752e64eac912-18aa52f6e09947709e0b183c6d7d21d3 on tablet 18aa52f6e09947709e0b183c6d7d21d3 with peer 6ec7d1737cd1460ab9dd752e64eac912
W0710 23:26:46.370580 22549 tablet_metadata.cc:421] failed to load DataDirGroup from superblock: Already present: tried to load directory group for tablet 7dcd98b4c6f0472cbd570a3408ab1aa1 but one is already registered
I0710 23:26:46.370734 22549 ts_tablet_manager.cc:1369] T 7dcd98b4c6f0472cbd570a3408ab1aa1 P 6ec7d1737cd1460ab9dd752e64eac912: Deleting tablet data with delete state TABLET_DATA_TOMBSTONED
I0710 23:26:46.370766 22556 ts_tablet_manager.cc:1382] T 628f1e270e1948d2b555b1827254d4ab P 6ec7d1737cd1460ab9dd752e64eac912: tablet deleted with delete type TABLET_DATA_TOMBSTONED: last-logged OpId 1.0
W0710 23:26:46.371325 22547 tablet_metadata.cc:421] failed to load DataDirGroup from superblock: Already present: tried to load directory group for tablet 8facaf1b4c2e4745baf379f06a8773c8 but one is already registered
I0710 23:26:46.371383 22547 ts_tablet_manager.cc:1369] T 8facaf1b4c2e4745baf379f06a8773c8 P 6ec7d1737cd1460ab9dd752e64eac912: Deleting tablet data with delete state TABLET_DATA_TOMBSTONED
W0710 23:26:46.371906 22554 tablet_metadata.cc:421] failed to load DataDirGroup from superblock: Already present: tried to load directory group for tablet 18aa52f6e09947709e0b183c6d7d21d3 but one is already registered
I0710 23:26:46.371965 22554 ts_tablet_manager.cc:1369] T 18aa52f6e09947709e0b183c6d7d21d3 P 6ec7d1737cd1460ab9dd752e64eac912: Deleting tablet data with delete state TABLET_DATA_TOMBSTONED
I0710 23:26:46.372463 18604 tablet_copy_client_session-itest.cc:417] Waiting for tablets to fail: 2 / 10
I0710 23:26:46.373224 22547 ts_tablet_manager.cc:1382] T 8facaf1b4c2e4745baf379f06a8773c8 P 6ec7d1737cd1460ab9dd752e64eac912: tablet deleted with delete type TABLET_DATA_TOMBSTONED: last-logged OpId 1.0
W0710 23:26:46.373328 22547 log_block_manager.cc:1370] Failed to abort block 0000000000000003: IO error: container /tmp/dist-test-taskXw_ur6/test-tmp/tablet_copy_client_session-itest.0.TabletCopyClientSessionITest.TestStopCopyOnClientDiskFailure.1531265186290008-18604/minicluster-data/ts-1/data-1/data/b6fc9f84343542e1a5818c8536704651 is read-only: unable to append block's metadata during close: Failed to append data to file: INJECTED FAILURE: Input/output error (error 5)
W0710 23:26:46.373575 22547 log_block_manager.cc:1370] Failed to abort block 0000000000000016: IO error: container /tmp/dist-test-taskXw_ur6/test-tmp/tablet_copy_client_session-itest.0.TabletCopyClientSessionITest.TestStopCopyOnClientDiskFailure.1531265186290008-18604/minicluster-data/ts-1/data-1/data/b6fc9f84343542e1a5818c8536704651 is read-only: unable to append block's metadata during close: Failed to append data to file: INJECTED FAILURE: Input/output error (error 5)
W0710 23:26:46.373610 22547 log_block_manager.cc:1370] Failed to abort block 0000000000000030: IO error: container /tmp/dist-test-taskXw_ur6/test-tmp/tablet_copy_client_session-itest.0.TabletCopyClientSessionITest.TestStopCopyOnClientDiskFailure.1531265186290008-18604/minicluster-data/ts-1/data-1/data/07c0916ebe6b4e3da1ccd83718d4d396 is read-only: unable to append block's metadata during close: Failed to append data to file: INJECTED FAILURE: Input/output error (error 5)
I0710 23:26:46.373983 22554 ts_tablet_manager.cc:1382] T 18aa52f6e09947709e0b183c6d7d21d3 P 6ec7d1737cd1460ab9dd752e64eac912: tablet deleted with delete type TABLET_DATA_TOMBSTONED: last-logged OpId 1.0
I0710 23:26:46.374030 22554 log.cc:986] T 18aa52f6e09947709e0b183c6d7d21d3 P 6ec7d1737cd1460ab9dd752e64eac912: Deleting WAL directory at /tmp/dist-test-taskXw_ur6/test-tmp/tablet_copy_client_session-itest.0.TabletCopyClientSessionITest.TestStopCopyOnClientDiskFailure.1531265186290008-18604/minicluster-data/ts-1/wal/wals/18aa52f6e09947709e0b183c6d7d21d3
W0710 23:26:46.374368 22554 log_block_manager.cc:1370] Failed to abort block 0000000000000017: IO error: container /tmp/dist-test-taskXw_ur6/test-tmp/tablet_copy_client_session-itest.0.TabletCopyClientSessionITest.TestStopCopyOnClientDiskFailure.1531265186290008-18604/minicluster-data/ts-1/data-1/data/a04d5aff929d440a96305afb50bad5aa is read-only: INJECTED FAILURE: Input/output error (error 5)
I0710 23:26:46.374785 22549 ts_tablet_manager.cc:1382] T 7dcd98b4c6f0472cbd570a3408ab1aa1 P 6ec7d1737cd1460ab9dd752e64eac912: tablet deleted with delete type TABLET_DATA_TOMBSTONED: last-logged OpId 1.0
E0710 23:26:46.374887 22549 env_posix.cc:316] I/O error, context: INJECTED FAILURE
W0710 23:26:46.374927 22549 ts_tablet_manager.cc:1431] Data directory is already marked failed.
W0710 23:26:46.374948 22549 log_block_manager.cc:1151] Container /tmp/dist-test-taskXw_ur6/test-tmp/tablet_copy_client_session-itest.0.TabletCopyClientSessionITest.TestStopCopyOnClientDiskFailure.1531265186290008-18604/minicluster-data/ts-1/data-1/data/035e8032433a4fbcbb1115be2940122b being marked read-only: IO error: unable to append block's metadata during close: Failed to append data to file: INJECTED FAILURE: Input/output error (error 5)
W0710 23:26:46.374956 22549 log_block_manager.cc:1370] Failed to abort block 0000000000000013: IO error: unable to append block's metadata during close: Failed to append data to file: INJECTED FAILURE: Input/output error (error 5)
I0710 23:26:46.377562 18604 tablet_copy_client_session-itest.cc:417] Waiting for tablets to fail: 2 / 10
I0710 23:26:46.379056 22558 tablet_replica.cc:261] T 18aa52f6e09947709e0b183c6d7d21d3 P 6ec7d1737cd1460ab9dd752e64eac912: stopping tablet replica
I0710 23:26:46.379120 22558 raft_consensus.cc:2042] T 18aa52f6e09947709e0b183c6d7d21d3 P 6ec7d1737cd1460ab9dd752e64eac912 [term 1 NON_PARTICIPANT]: Raft consensus shutting down.
I0710 23:26:46.379155 22558 raft_consensus.cc:2069] T 18aa52f6e09947709e0b183c6d7d21d3 P 6ec7d1737cd1460ab9dd752e64eac912 [term 1 NON_PARTICIPANT]: Raft consensus is shut down!
I0710 23:26:46.379191 22559 tablet_replica.cc:261] T 7dcd98b4c6f0472cbd570a3408ab1aa1 P 6ec7d1737cd1460ab9dd752e64eac912: stopping tablet replica
I0710 23:26:46.379238 22559 raft_consensus.cc:2042] T 7dcd98b4c6f0472cbd570a3408ab1aa1 P 6ec7d1737cd1460ab9dd752e64eac912 [term 1 NON_PARTICIPANT]: Raft consensus shutting down.
I0710 23:26:46.379250 22558 tablet_replica.cc:261] T 8facaf1b4c2e4745baf379f06a8773c8 P 6ec7d1737cd1460ab9dd752e64eac912: stopping tablet replica
I0710 23:26:46.379266 22558 raft_consensus.cc:2042] T 8facaf1b4c2e4745baf379f06a8773c8 P 6ec7d1737cd1460ab9dd752e64eac912 [term 1 NON_PARTICIPANT]: Raft consensus shutting down.
I0710 23:26:46.379266 22559 raft_consensus.cc:2069] T 7dcd98b4c6f0472cbd570a3408ab1aa1 P 6ec7d1737cd1460ab9dd752e64eac912 [term 1 NON_PARTICIPANT]: Raft consensus is shut down!
I0710 23:26:46.379292 22558 raft_consensus.cc:2069] T 8facaf1b4c2e4745baf379f06a8773c8 P 6ec7d1737cd1460ab9dd752e64eac912 [term 1 NON_PARTICIPANT]: Raft consensus is shut down!
I0710 23:26:46.386924 18604 tablet_copy_client_session-itest.cc:417] Waiting for tablets to fail: 2 / 10
I0710 23:26:46.404363 18604 tablet_copy_client_session-itest.cc:417] Waiting for tablets to fail: 2 / 10
I0710 23:26:46.437741 18604 tablet_copy_client_session-itest.cc:417] Waiting for tablets to fail: 2 / 10
I0710 23:26:46.503129 18604 tablet_copy_client_session-itest.cc:417] Waiting for tablets to fail: 2 / 10
I0710 23:26:46.632553 18604 tablet_copy_client_session-itest.cc:417] Waiting for tablets to fail: 2 / 10
I0710 23:26:46.889931 18604 tablet_copy_client_session-itest.cc:417] Waiting for tablets to fail: 2 / 10
I0710 23:26:47.323191 22145 maintenance_manager.cc:304] P 3576d2baa86141439f2e837433589a9b: Scheduling FlushMRSOp(7dcd98b4c6f0472cbd570a3408ab1aa1): perf score=0.000344
I0710 23:26:47.323765 22039 tablet.cc:1152] T 7dcd98b4c6f0472cbd570a3408ab1aa1 P 3576d2baa86141439f2e837433589a9b: Flush: entering stage 1 (old memrowset already frozen for inserts)
I0710 23:26:47.323792 22039 compaction.cc:921] Selected 1 rowsets to compact:
I0710 23:26:47.323801 22039 compaction.cc:924] memrowset(current size on disk: ~0 bytes)
I0710 23:26:47.323809 22039 tablet.cc:1154] T 7dcd98b4c6f0472cbd570a3408ab1aa1 P 3576d2baa86141439f2e837433589a9b: Memstore in-memory size: 15703 bytes
I0710 23:26:47.323833 22039 tablet.cc:1443] T 7dcd98b4c6f0472cbd570a3408ab1aa1 P 3576d2baa86141439f2e837433589a9b: Flush: entering phase 1 (flushing snapshot). Phase 1 snapshot: MvccSnapshot[committed={T|T < 6272062284694081536 or (T in {6272062284694081536})}]
I0710 23:26:47.324503 22039 multi_column_writer.cc:98] Opened CFile writers for 3 column(s)
I0710 23:26:47.325879 22533 heartbeater.cc:467] Master 127.18.43.62:34207 was elected leader, sending a full tablet report...
W0710 23:26:47.327833 22304 catalog_manager.cc:3748] Tablet 8facaf1b4c2e4745baf379f06a8773c8 (table test-workload [id=5deb6e4963944526be7b024288f92eef]) has failed on TS 6ec7d1737cd1460ab9dd752e64eac912 (127.18.43.2:45917): IO error: failing tablet
W0710 23:26:47.327878 22304 catalog_manager.cc:3748] Tablet e84b278749d54e9b9978065912c42363 (table test-workload [id=5deb6e4963944526be7b024288f92eef]) has failed on TS 6ec7d1737cd1460ab9dd752e64eac912 (127.18.43.2:45917): IO error: failing tablet
W0710 23:26:47.327924 22304 catalog_manager.cc:3748] Tablet 18aa52f6e09947709e0b183c6d7d21d3 (table test-workload [id=5deb6e4963944526be7b024288f92eef]) has failed on TS 6ec7d1737cd1460ab9dd752e64eac912 (127.18.43.2:45917): IO error: failing tablet
W0710 23:26:47.327947 22304 catalog_manager.cc:3748] Tablet 7dcd98b4c6f0472cbd570a3408ab1aa1 (table test-workload [id=5deb6e4963944526be7b024288f92eef]) has failed on TS 6ec7d1737cd1460ab9dd752e64eac912 (127.18.43.2:45917): IO error: failing tablet
W0710 23:26:47.327968 22304 catalog_manager.cc:3748] Tablet 2ec5b22f7bc141d2b4fbfc3b12bb7207 (table test-workload [id=5deb6e4963944526be7b024288f92eef]) has failed on TS 6ec7d1737cd1460ab9dd752e64eac912 (127.18.43.2:45917): IO error: failing tablet
W0710 23:26:47.328011 22304 catalog_manager.cc:3748] Tablet 45da44391d8a42a780127f45b9ec59e6 (table test-workload [id=5deb6e4963944526be7b024288f92eef]) has failed on TS 6ec7d1737cd1460ab9dd752e64eac912 (127.18.43.2:45917): IO error: failing tablet
I0710 23:26:47.328652 22039 tablet.cc:1528] T 7dcd98b4c6f0472cbd570a3408ab1aa1 P 3576d2baa86141439f2e837433589a9b: Flush: entering phase 2 (starting to duplicate updates in new rowsets)
I0710 23:26:47.328805 22039 tablet.cc:1583] T 7dcd98b4c6f0472cbd570a3408ab1aa1 P 3576d2baa86141439f2e837433589a9b: Flush Phase 2: carrying over any updates which arrived during Phase 1
I0710 23:26:47.328836 22039 tablet.cc:1585] T 7dcd98b4c6f0472cbd570a3408ab1aa1 P 3576d2baa86141439f2e837433589a9b: Phase 2 snapshot: MvccSnapshot[committed={T|T < 6272062284694081536 or (T in {6272062284694081536})}]
I0710 23:26:47.331254 22039 tablet.cc:1633] T 7dcd98b4c6f0472cbd570a3408ab1aa1 P 3576d2baa86141439f2e837433589a9b: Flush successful on 112 rows (7531 bytes)
I0710 23:26:47.331509 22039 maintenance_manager.cc:494] P 3576d2baa86141439f2e837433589a9b: FlushMRSOp(7dcd98b4c6f0472cbd570a3408ab1aa1) complete. Timing: real 0.008s user 0.007s sys 0.000s Metrics: {"cfile_init":1,"data dirs.queue_time_us":200,"data dirs.run_cpu_time_us":198,"data dirs.run_wall_time_us":976,"lbm_read_time_us":35,"lbm_reads_lt_1ms":4,"lbm_write_time_us":370,"lbm_writes_lt_1ms":23,"thread_start_us":123,"threads_started":2,"wal-append.queue_time_us":137}
I0710 23:26:47.332365 22145 maintenance_manager.cc:304] P 3576d2baa86141439f2e837433589a9b: Scheduling CompactRowSetsOp(7dcd98b4c6f0472cbd570a3408ab1aa1): perf score=0.982534
I0710 23:26:47.332712 22039 tablet.cc:1663] T 7dcd98b4c6f0472cbd570a3408ab1aa1 P 3576d2baa86141439f2e837433589a9b: Compaction: stage 1 complete, picked 2 rowsets to compact or flush
I0710 23:26:47.332736 22039 compaction.cc:921] Selected 2 rowsets to compact:
I0710 23:26:47.332746 22039 compaction.cc:924] RowSet(0)(current size on disk: ~38624 bytes)
I0710 23:26:47.332753 22039 compaction.cc:924] RowSet(1)(current size on disk: ~8717 bytes)
I0710 23:26:47.332780 22039 tablet.cc:1443] T 7dcd98b4c6f0472cbd570a3408ab1aa1 P 3576d2baa86141439f2e837433589a9b: Compaction: entering phase 1 (flushing snapshot). Phase 1 snapshot: MvccSnapshot[committed={T|T < 6272062284694081536 or (T in {6272062284694081536})}]
I0710 23:26:47.333863 22039 multi_column_writer.cc:98] Opened CFile writers for 3 column(s)
I0710 23:26:47.346619 22039 tablet.cc:1528] T 7dcd98b4c6f0472cbd570a3408ab1aa1 P 3576d2baa86141439f2e837433589a9b: Compaction: entering phase 2 (starting to duplicate updates in new rowsets)
I0710 23:26:47.346771 22039 tablet.cc:1583] T 7dcd98b4c6f0472cbd570a3408ab1aa1 P 3576d2baa86141439f2e837433589a9b: Compaction Phase 2: carrying over any updates which arrived during Phase 1
I0710 23:26:47.346801 22039 tablet.cc:1585] T 7dcd98b4c6f0472cbd570a3408ab1aa1 P 3576d2baa86141439f2e837433589a9b: Phase 2 snapshot: MvccSnapshot[committed={T|T < 6272062284694081536 or (T in {6272062284694081536})}]
I0710 23:26:47.351269 22039 tablet.cc:1633] T 7dcd98b4c6f0472cbd570a3408ab1aa1 P 3576d2baa86141439f2e837433589a9b: Compaction successful on 1074 rows (32157 bytes)
I0710 23:26:47.352035 22039 maintenance_manager.cc:494] P 3576d2baa86141439f2e837433589a9b: CompactRowSetsOp(7dcd98b4c6f0472cbd570a3408ab1aa1) complete. Timing: real 0.019s user 0.019s sys 0.000s Metrics: {"cfile_cache_hit":10,"cfile_cache_hit_bytes":19814,"cfile_cache_miss":26,"cfile_cache_miss_bytes":56836,"cfile_init":6,"data dirs.queue_time_us":329,"data dirs.run_cpu_time_us":166,"data dirs.run_wall_time_us":1454,"delta_iterators_relevant":4,"lbm_read_time_us":433,"lbm_reads_lt_1ms":50,"lbm_write_time_us":394,"lbm_writes_lt_1ms":23,"mutex_wait_us":26,"spinlock_wait_cycles":14080,"thread_start_us":43,"threads_started":1}
I0710 23:26:47.352567 22145 maintenance_manager.cc:304] P 3576d2baa86141439f2e837433589a9b: Scheduling UndoDeltaBlockGCOp(7dcd98b4c6f0472cbd570a3408ab1aa1): 10411 bytes on disk
