I0710 23:26:42.443181 21829 tablet_copy_source_session.cc:202] T 5a0de49957f84b51b2c03d3e432ee897 P 3eefa81a1d344cca94cb71d8fc3a7c08: Tablet Copy: opened 0 blocks and 1 log segments
I0710 23:26:42.443826 21908 data_dirs.cc:934] Could only allocate 1 dirs of requested 3 for tablet 6be9b59101ec4ae6bec4f3111efb82b3. 1 dirs total, 0 dirs full, 0 dirs failed
I0710 23:26:42.443874 21829 tablet_copy_service.cc:135] P 3eefa81a1d344cca94cb71d8fc3a7c08: Received BeginTabletCopySession request for tablet ec16d86dcdb34a5b9f6dc60e9a5d3866 from peer 5cb08d1962334a93b8e230c76a0b6099 ({username='slave'} at 127.18.43.2:57047)
I0710 23:26:42.443920 21829 tablet_copy_service.cc:156] P 3eefa81a1d344cca94cb71d8fc3a7c08: Beginning new tablet copy session on tablet ec16d86dcdb34a5b9f6dc60e9a5d3866 from peer 5cb08d1962334a93b8e230c76a0b6099 at {username='slave'} at 127.18.43.2:57047: session id = 5cb08d1962334a93b8e230c76a0b6099-ec16d86dcdb34a5b9f6dc60e9a5d3866
I0710 23:26:42.445299 21912 data_dirs.cc:934] Could only allocate 1 dirs of requested 3 for tablet 5a0de49957f84b51b2c03d3e432ee897. 1 dirs total, 0 dirs full, 0 dirs failed
I0710 23:26:42.445539 21815 service_pool.cc:132] BeginTabletCopySession request on kudu.tserver.TabletCopyService from 127.18.43.2:57047 dropped due to backpressure. The service queue is full; it has 1 items. Contents of service queue: Call kudu.tserver.TabletCopyService.BeginTabletCopySession from 127.18.43.2:57047 (request call id 25)
I0710 23:26:42.446286 21923 data_dirs.cc:934] Could only allocate 1 dirs of requested 3 for tablet 39212fb42d874c3cad5a34357eae1a51. 1 dirs total, 0 dirs full, 0 dirs failed
I0710 23:26:42.447823 21815 service_pool.cc:132] BeginTabletCopySession request on kudu.tserver.TabletCopyService from 127.18.43.2:57047 dropped due to backpressure. The service queue is full; it has 1 items. Contents of service queue: Call kudu.tserver.TabletCopyService.BeginTabletCopySession from 127.18.43.2:57047 (request call id 25)
I0710 23:26:42.448017 21815 service_pool.cc:132] BeginTabletCopySession request on kudu.tserver.TabletCopyService from 127.18.43.2:57047 dropped due to backpressure. The service queue is full; it has 1 items. Contents of service queue: Call kudu.tserver.TabletCopyService.BeginTabletCopySession from 127.18.43.2:57047 (request call id 25)
I0710 23:26:42.448658 21815 service_pool.cc:132] BeginTabletCopySession request on kudu.tserver.TabletCopyService from 127.18.43.2:57047 dropped due to backpressure. The service queue is full; it has 1 items. Contents of service queue: Call kudu.tserver.TabletCopyService.BeginTabletCopySession from 127.18.43.2:57047 (request call id 25)
I0710 23:26:42.448817 21815 service_pool.cc:132] BeginTabletCopySession request on kudu.tserver.TabletCopyService from 127.18.43.2:57047 dropped due to backpressure. The service queue is full; it has 1 items. Contents of service queue: Call kudu.tserver.TabletCopyService.BeginTabletCopySession from 127.18.43.2:57047 (request call id 25)
I0710 23:26:42.449034 21815 service_pool.cc:132] BeginTabletCopySession request on kudu.tserver.TabletCopyService from 127.18.43.2:57047 dropped due to backpressure. The service queue is full; it has 1 items. Contents of service queue: Call kudu.tserver.TabletCopyService.BeginTabletCopySession from 127.18.43.2:57047 (request call id 25)
I0710 23:26:42.452227 21815 service_pool.cc:132] BeginTabletCopySession request on kudu.tserver.TabletCopyService from 127.18.43.2:57047 dropped due to backpressure. The service queue is full; it has 1 items. Contents of service queue: Call kudu.tserver.TabletCopyService.BeginTabletCopySession from 127.18.43.2:57047 (request call id 25)
I0710 23:26:42.452383 21815 service_pool.cc:132] BeginTabletCopySession request on kudu.tserver.TabletCopyService from 127.18.43.2:57047 dropped due to backpressure. The service queue is full; it has 1 items. Contents of service queue: Call kudu.tserver.TabletCopyService.BeginTabletCopySession from 127.18.43.2:57047 (request call id 25)
I0710 23:26:42.452617 21815 service_pool.cc:132] BeginTabletCopySession request on kudu.tserver.TabletCopyService from 127.18.43.2:57047 dropped due to backpressure. The service queue is full; it has 1 items. Contents of service queue: Call kudu.tserver.TabletCopyService.BeginTabletCopySession from 127.18.43.2:57047 (request call id 25)
I0710 23:26:42.455639 21829 tablet_copy_source_session.cc:202] T ec16d86dcdb34a5b9f6dc60e9a5d3866 P 3eefa81a1d344cca94cb71d8fc3a7c08: Tablet Copy: opened 0 blocks and 1 log segments
I0710 23:26:42.456101 21829 tablet_copy_service.cc:135] P 3eefa81a1d344cca94cb71d8fc3a7c08: Received BeginTabletCopySession request for tablet 3382fcc7728248248fce1bb6b6e10422 from peer 5cb08d1962334a93b8e230c76a0b6099 ({username='slave'} at 127.18.43.2:57047)
I0710 23:26:42.456173 21829 tablet_copy_service.cc:156] P 3eefa81a1d344cca94cb71d8fc3a7c08: Beginning new tablet copy session on tablet 3382fcc7728248248fce1bb6b6e10422 from peer 5cb08d1962334a93b8e230c76a0b6099 at {username='slave'} at 127.18.43.2:57047: session id = 5cb08d1962334a93b8e230c76a0b6099-3382fcc7728248248fce1bb6b6e10422
I0710 23:26:42.456743 21913 data_dirs.cc:934] Could only allocate 1 dirs of requested 3 for tablet ec16d86dcdb34a5b9f6dc60e9a5d3866. 1 dirs total, 0 dirs full, 0 dirs failed
I0710 23:26:42.456821 21829 tablet_copy_source_session.cc:202] T 3382fcc7728248248fce1bb6b6e10422 P 3eefa81a1d344cca94cb71d8fc3a7c08: Tablet Copy: opened 0 blocks and 1 log segments
I0710 23:26:42.457625 21915 data_dirs.cc:934] Could only allocate 1 dirs of requested 3 for tablet 3382fcc7728248248fce1bb6b6e10422. 1 dirs total, 0 dirs full, 0 dirs failed
I0710 23:26:42.460165 21910 ts_tablet_manager.cc:1173] T 9dded2401cb943f0a2bea0337291992a P 5cb08d1962334a93b8e230c76a0b6099: Registered tablet (data state: TABLET_DATA_COPYING)
I0710 23:26:42.460760 21910 tablet_copy_client.cc:566] T 9dded2401cb943f0a2bea0337291992a P 5cb08d1962334a93b8e230c76a0b6099: tablet copy: Starting download of 0 data blocks...
I0710 23:26:42.460932 21910 tablet_copy_client.cc:529] T 9dded2401cb943f0a2bea0337291992a P 5cb08d1962334a93b8e230c76a0b6099: tablet copy: Starting download of 1 WAL segments...
I0710 23:26:42.461334 21912 ts_tablet_manager.cc:1173] T 5a0de49957f84b51b2c03d3e432ee897 P 5cb08d1962334a93b8e230c76a0b6099: Registered tablet (data state: TABLET_DATA_COPYING)
I0710 23:26:42.461464 21912 tablet_copy_client.cc:566] T 5a0de49957f84b51b2c03d3e432ee897 P 5cb08d1962334a93b8e230c76a0b6099: tablet copy: Starting download of 0 data blocks...
I0710 23:26:42.461571 21912 tablet_copy_client.cc:529] T 5a0de49957f84b51b2c03d3e432ee897 P 5cb08d1962334a93b8e230c76a0b6099: tablet copy: Starting download of 1 WAL segments...
I0710 23:26:42.461732 21915 ts_tablet_manager.cc:1173] T 3382fcc7728248248fce1bb6b6e10422 P 5cb08d1962334a93b8e230c76a0b6099: Registered tablet (data state: TABLET_DATA_COPYING)
I0710 23:26:42.461972 21913 ts_tablet_manager.cc:1173] T ec16d86dcdb34a5b9f6dc60e9a5d3866 P 5cb08d1962334a93b8e230c76a0b6099: Registered tablet (data state: TABLET_DATA_COPYING)
I0710 23:26:42.462182 21913 tablet_copy_client.cc:566] T ec16d86dcdb34a5b9f6dc60e9a5d3866 P 5cb08d1962334a93b8e230c76a0b6099: tablet copy: Starting download of 0 data blocks...
I0710 23:26:42.462285 21913 tablet_copy_client.cc:529] T ec16d86dcdb34a5b9f6dc60e9a5d3866 P 5cb08d1962334a93b8e230c76a0b6099: tablet copy: Starting download of 1 WAL segments...
I0710 23:26:42.463052 21815 service_pool.cc:132] FetchData request on kudu.tserver.TabletCopyService from 127.18.43.2:57047 dropped due to backpressure. The service queue is full; it has 1 items. Contents of service queue: Call kudu.tserver.TabletCopyService.FetchData from 127.18.43.2:57047 (request call id 36)
I0710 23:26:42.463341 21907 ts_tablet_manager.cc:1173] T bfe7d79a3ac644dc8598fc864fbe659e P 5cb08d1962334a93b8e230c76a0b6099: Registered tablet (data state: TABLET_DATA_COPYING)
I0710 23:26:42.463665 21915 tablet_copy_client.cc:566] T 3382fcc7728248248fce1bb6b6e10422 P 5cb08d1962334a93b8e230c76a0b6099: tablet copy: Starting download of 0 data blocks...
I0710 23:26:42.463778 21915 tablet_copy_client.cc:529] T 3382fcc7728248248fce1bb6b6e10422 P 5cb08d1962334a93b8e230c76a0b6099: tablet copy: Starting download of 1 WAL segments...
I0710 23:26:42.464263 21908 ts_tablet_manager.cc:1173] T 6be9b59101ec4ae6bec4f3111efb82b3 P 5cb08d1962334a93b8e230c76a0b6099: Registered tablet (data state: TABLET_DATA_COPYING)
I0710 23:26:42.464351 21908 tablet_copy_client.cc:566] T 6be9b59101ec4ae6bec4f3111efb82b3 P 5cb08d1962334a93b8e230c76a0b6099: tablet copy: Starting download of 0 data blocks...
I0710 23:26:42.464408 21907 tablet_copy_client.cc:566] T bfe7d79a3ac644dc8598fc864fbe659e P 5cb08d1962334a93b8e230c76a0b6099: tablet copy: Starting download of 0 data blocks...
I0710 23:26:42.464449 21908 tablet_copy_client.cc:529] T 6be9b59101ec4ae6bec4f3111efb82b3 P 5cb08d1962334a93b8e230c76a0b6099: tablet copy: Starting download of 1 WAL segments...
I0710 23:26:42.464491 21815 service_pool.cc:132] FetchData request on kudu.tserver.TabletCopyService from 127.18.43.2:57047 dropped due to backpressure. The service queue is full; it has 1 items. Contents of service queue: Call kudu.tserver.TabletCopyService.FetchData from 127.18.43.2:57047 (request call id 36)
I0710 23:26:42.464522 21907 tablet_copy_client.cc:529] T bfe7d79a3ac644dc8598fc864fbe659e P 5cb08d1962334a93b8e230c76a0b6099: tablet copy: Starting download of 1 WAL segments...
I0710 23:26:42.465013 21918 ts_tablet_manager.cc:1173] T 58a8d45cf5284f579b89c73d87015736 P 5cb08d1962334a93b8e230c76a0b6099: Registered tablet (data state: TABLET_DATA_COPYING)
I0710 23:26:42.465101 21918 tablet_copy_client.cc:566] T 58a8d45cf5284f579b89c73d87015736 P 5cb08d1962334a93b8e230c76a0b6099: tablet copy: Starting download of 0 data blocks...
I0710 23:26:42.465193 21918 tablet_copy_client.cc:529] T 58a8d45cf5284f579b89c73d87015736 P 5cb08d1962334a93b8e230c76a0b6099: tablet copy: Starting download of 1 WAL segments...
I0710 23:26:42.465595 21923 ts_tablet_manager.cc:1173] T 39212fb42d874c3cad5a34357eae1a51 P 5cb08d1962334a93b8e230c76a0b6099: Registered tablet (data state: TABLET_DATA_COPYING)
I0710 23:26:42.465679 21923 tablet_copy_client.cc:566] T 39212fb42d874c3cad5a34357eae1a51 P 5cb08d1962334a93b8e230c76a0b6099: tablet copy: Starting download of 0 data blocks...
I0710 23:26:42.465767 21923 tablet_copy_client.cc:529] T 39212fb42d874c3cad5a34357eae1a51 P 5cb08d1962334a93b8e230c76a0b6099: tablet copy: Starting download of 1 WAL segments...
I0710 23:26:42.465956 21925 ts_tablet_manager.cc:1173] T d9d53b3911f045fda410a0ae098496f4 P 5cb08d1962334a93b8e230c76a0b6099: Registered tablet (data state: TABLET_DATA_COPYING)
I0710 23:26:42.466145 21925 tablet_copy_client.cc:566] T d9d53b3911f045fda410a0ae098496f4 P 5cb08d1962334a93b8e230c76a0b6099: tablet copy: Starting download of 0 data blocks...
I0710 23:26:42.466267 21925 tablet_copy_client.cc:529] T d9d53b3911f045fda410a0ae098496f4 P 5cb08d1962334a93b8e230c76a0b6099: tablet copy: Starting download of 1 WAL segments...
I0710 23:26:42.466548 21917 ts_tablet_manager.cc:1173] T 0617cd1d64ed4dfab4679b69255e839e P 5cb08d1962334a93b8e230c76a0b6099: Registered tablet (data state: TABLET_DATA_COPYING)
I0710 23:26:42.466615 21917 tablet_copy_client.cc:566] T 0617cd1d64ed4dfab4679b69255e839e P 5cb08d1962334a93b8e230c76a0b6099: tablet copy: Starting download of 0 data blocks...
I0710 23:26:42.466694 21917 tablet_copy_client.cc:529] T 0617cd1d64ed4dfab4679b69255e839e P 5cb08d1962334a93b8e230c76a0b6099: tablet copy: Starting download of 1 WAL segments...
I0710 23:26:42.470402 21815 service_pool.cc:132] FetchData request on kudu.tserver.TabletCopyService from 127.18.43.2:57047 dropped due to backpressure. The service queue is full; it has 1 items. Contents of service queue: Call kudu.tserver.TabletCopyService.FetchData from 127.18.43.2:57047 (request call id 40)
I0710 23:26:42.470896 21912 tablet_copy_client.cc:405] T 5a0de49957f84b51b2c03d3e432ee897 P 5cb08d1962334a93b8e230c76a0b6099: tablet copy: Tablet Copy complete. Replacing tablet superblock.
I0710 23:26:42.471933 21908 tablet_copy_client.cc:405] T 6be9b59101ec4ae6bec4f3111efb82b3 P 5cb08d1962334a93b8e230c76a0b6099: tablet copy: Tablet Copy complete. Replacing tablet superblock.
I0710 23:26:42.472775 21912 ts_tablet_manager.cc:1028] T 5a0de49957f84b51b2c03d3e432ee897 P 5cb08d1962334a93b8e230c76a0b6099: Bootstrapping tablet
I0710 23:26:42.472982 21908 ts_tablet_manager.cc:1028] T 6be9b59101ec4ae6bec4f3111efb82b3 P 5cb08d1962334a93b8e230c76a0b6099: Bootstrapping tablet
I0710 23:26:42.473043 21912 tablet_bootstrap.cc:427] T 5a0de49957f84b51b2c03d3e432ee897 P 5cb08d1962334a93b8e230c76a0b6099: Bootstrap starting.
I0710 23:26:42.473074 21908 tablet_bootstrap.cc:427] T 6be9b59101ec4ae6bec4f3111efb82b3 P 5cb08d1962334a93b8e230c76a0b6099: Bootstrap starting.
I0710 23:26:42.473927 21829 tablet_copy_service.cc:135] P 3eefa81a1d344cca94cb71d8fc3a7c08: Received BeginTabletCopySession request for tablet e425aeacae634ba695a97557c5ebb75a from peer 5cb08d1962334a93b8e230c76a0b6099 ({username='slave'} at 127.18.43.2:57047)
I0710 23:26:42.474061 21829 tablet_copy_service.cc:156] P 3eefa81a1d344cca94cb71d8fc3a7c08: Beginning new tablet copy session on tablet e425aeacae634ba695a97557c5ebb75a from peer 5cb08d1962334a93b8e230c76a0b6099 at {username='slave'} at 127.18.43.2:57047: session id = 5cb08d1962334a93b8e230c76a0b6099-e425aeacae634ba695a97557c5ebb75a
I0710 23:26:42.474941 21829 tablet_copy_source_session.cc:202] T e425aeacae634ba695a97557c5ebb75a P 3eefa81a1d344cca94cb71d8fc3a7c08: Tablet Copy: opened 0 blocks and 1 log segments
I0710 23:26:42.477025 21907 tablet_copy_client.cc:405] T bfe7d79a3ac644dc8598fc864fbe659e P 5cb08d1962334a93b8e230c76a0b6099: tablet copy: Tablet Copy complete. Replacing tablet superblock.
I0710 23:26:42.478101 21910 tablet_copy_client.cc:405] T 9dded2401cb943f0a2bea0337291992a P 5cb08d1962334a93b8e230c76a0b6099: tablet copy: Tablet Copy complete. Replacing tablet superblock.
I0710 23:26:42.478364 21907 ts_tablet_manager.cc:1028] T bfe7d79a3ac644dc8598fc864fbe659e P 5cb08d1962334a93b8e230c76a0b6099: Bootstrapping tablet
I0710 23:26:42.478476 21907 tablet_bootstrap.cc:427] T bfe7d79a3ac644dc8598fc864fbe659e P 5cb08d1962334a93b8e230c76a0b6099: Bootstrap starting.
I0710 23:26:42.479406 21910 ts_tablet_manager.cc:1028] T 9dded2401cb943f0a2bea0337291992a P 5cb08d1962334a93b8e230c76a0b6099: Bootstrapping tablet
I0710 23:26:42.479497 21910 tablet_bootstrap.cc:427] T 9dded2401cb943f0a2bea0337291992a P 5cb08d1962334a93b8e230c76a0b6099: Bootstrap starting.
I0710 23:26:42.479792 21923 tablet_copy_client.cc:405] T 39212fb42d874c3cad5a34357eae1a51 P 5cb08d1962334a93b8e230c76a0b6099: tablet copy: Tablet Copy complete. Replacing tablet superblock.
I0710 23:26:42.480911 21923 ts_tablet_manager.cc:1028] T 39212fb42d874c3cad5a34357eae1a51 P 5cb08d1962334a93b8e230c76a0b6099: Bootstrapping tablet
I0710 23:26:42.481003 21923 tablet_bootstrap.cc:427] T 39212fb42d874c3cad5a34357eae1a51 P 5cb08d1962334a93b8e230c76a0b6099: Bootstrap starting.
I0710 23:26:42.483973 21909 ts_tablet_manager.cc:1173] T 188113a621d14966945feb51e41ea4a5 P 5cb08d1962334a93b8e230c76a0b6099: Registered tablet (data state: TABLET_DATA_COPYING)
I0710 23:26:42.484068 21909 tablet_copy_client.cc:566] T 188113a621d14966945feb51e41ea4a5 P 5cb08d1962334a93b8e230c76a0b6099: tablet copy: Starting download of 0 data blocks...
I0710 23:26:42.484195 21909 tablet_copy_client.cc:529] T 188113a621d14966945feb51e41ea4a5 P 5cb08d1962334a93b8e230c76a0b6099: tablet copy: Starting download of 1 WAL segments...
I0710 23:26:42.491442 21925 tablet_copy_client.cc:405] T d9d53b3911f045fda410a0ae098496f4 P 5cb08d1962334a93b8e230c76a0b6099: tablet copy: Tablet Copy complete. Replacing tablet superblock.
I0710 23:26:42.492964 21925 ts_tablet_manager.cc:1028] T d9d53b3911f045fda410a0ae098496f4 P 5cb08d1962334a93b8e230c76a0b6099: Bootstrapping tablet
I0710 23:26:42.493091 21925 tablet_bootstrap.cc:427] T d9d53b3911f045fda410a0ae098496f4 P 5cb08d1962334a93b8e230c76a0b6099: Bootstrap starting.
I0710 23:26:42.499831 21917 tablet_copy_client.cc:405] T 0617cd1d64ed4dfab4679b69255e839e P 5cb08d1962334a93b8e230c76a0b6099: tablet copy: Tablet Copy complete. Replacing tablet superblock.
I0710 23:26:42.501480 21917 ts_tablet_manager.cc:1028] T 0617cd1d64ed4dfab4679b69255e839e P 5cb08d1962334a93b8e230c76a0b6099: Bootstrapping tablet
I0710 23:26:42.501595 21917 tablet_bootstrap.cc:427] T 0617cd1d64ed4dfab4679b69255e839e P 5cb08d1962334a93b8e230c76a0b6099: Bootstrap starting.
I0710 23:26:42.502323 21829 tablet_copy_service.cc:135] P 3eefa81a1d344cca94cb71d8fc3a7c08: Received BeginTabletCopySession request for tablet f49626b5d56d4f828e36578b5101e8e0 from peer 5cb08d1962334a93b8e230c76a0b6099 ({username='slave'} at 127.18.43.2:57047)
I0710 23:26:42.502382 21829 tablet_copy_service.cc:156] P 3eefa81a1d344cca94cb71d8fc3a7c08: Beginning new tablet copy session on tablet f49626b5d56d4f828e36578b5101e8e0 from peer 5cb08d1962334a93b8e230c76a0b6099 at {username='slave'} at 127.18.43.2:57047: session id = 5cb08d1962334a93b8e230c76a0b6099-f49626b5d56d4f828e36578b5101e8e0
I0710 23:26:42.503206 21829 tablet_copy_source_session.cc:202] T f49626b5d56d4f828e36578b5101e8e0 P 3eefa81a1d344cca94cb71d8fc3a7c08: Tablet Copy: opened 0 blocks and 1 log segments
I0710 23:26:42.507830 21913 tablet_copy_client.cc:405] T ec16d86dcdb34a5b9f6dc60e9a5d3866 P 5cb08d1962334a93b8e230c76a0b6099: tablet copy: Tablet Copy complete. Replacing tablet superblock.
I0710 23:26:42.508934 21908 log.cc:525] T 6be9b59101ec4ae6bec4f3111efb82b3 P 5cb08d1962334a93b8e230c76a0b6099: Log is configured to *not* fsync() on all Append() calls
I0710 23:26:42.509203 21913 ts_tablet_manager.cc:1028] T ec16d86dcdb34a5b9f6dc60e9a5d3866 P 5cb08d1962334a93b8e230c76a0b6099: Bootstrapping tablet
I0710 23:26:42.509322 21913 tablet_bootstrap.cc:427] T ec16d86dcdb34a5b9f6dc60e9a5d3866 P 5cb08d1962334a93b8e230c76a0b6099: Bootstrap starting.
I0710 23:26:42.520743 21829 tablet_copy_service.cc:135] P 3eefa81a1d344cca94cb71d8fc3a7c08: Received BeginTabletCopySession request for tablet fbe2894430174092986bffc0d8021206 from peer 5cb08d1962334a93b8e230c76a0b6099 ({username='slave'} at 127.18.43.2:57047)
I0710 23:26:42.520838 21829 tablet_copy_service.cc:156] P 3eefa81a1d344cca94cb71d8fc3a7c08: Beginning new tablet copy session on tablet fbe2894430174092986bffc0d8021206 from peer 5cb08d1962334a93b8e230c76a0b6099 at {username='slave'} at 127.18.43.2:57047: session id = 5cb08d1962334a93b8e230c76a0b6099-fbe2894430174092986bffc0d8021206
I0710 23:26:42.521654 21829 tablet_copy_source_session.cc:202] T fbe2894430174092986bffc0d8021206 P 3eefa81a1d344cca94cb71d8fc3a7c08: Tablet Copy: opened 0 blocks and 1 log segments
I0710 23:26:42.524587 21815 service_pool.cc:132] FetchData request on kudu.tserver.TabletCopyService from 127.18.43.2:57047 dropped due to backpressure. The service queue is full; it has 1 items. Contents of service queue: Call kudu.tserver.TabletCopyService.BeginTabletCopySession from 127.18.43.2:57047 (request call id 53)
I0710 23:26:42.524808 21815 service_pool.cc:132] BeginTabletCopySession request on kudu.tserver.TabletCopyService from 127.18.43.2:57047 dropped due to backpressure. The service queue is full; it has 1 items. Contents of service queue: Call kudu.tserver.TabletCopyService.BeginTabletCopySession from 127.18.43.2:57047 (request call id 54)
I0710 23:26:42.525055 21815 service_pool.cc:132] BeginTabletCopySession request on kudu.tserver.TabletCopyService from 127.18.43.2:57047 dropped due to backpressure. The service queue is full; it has 1 items. Contents of service queue: Call kudu.tserver.TabletCopyService.BeginTabletCopySession from 127.18.43.2:57047 (request call id 55)
I0710 23:26:42.525243 21815 service_pool.cc:132] BeginTabletCopySession request on kudu.tserver.TabletCopyService from 127.18.43.2:57047 dropped due to backpressure. The service queue is full; it has 1 items. Contents of service queue: Call kudu.tserver.TabletCopyService.BeginTabletCopySession from 127.18.43.2:57047 (request call id 56)
I0710 23:26:42.525426 21815 service_pool.cc:132] BeginTabletCopySession request on kudu.tserver.TabletCopyService from 127.18.43.2:57047 dropped due to backpressure. The service queue is full; it has 1 items. Contents of service queue: Call kudu.tserver.TabletCopyService.BeginTabletCopySession from 127.18.43.2:57047 (request call id 57)
I0710 23:26:42.525600 21829 tablet_copy_service.cc:135] P 3eefa81a1d344cca94cb71d8fc3a7c08: Received BeginTabletCopySession request for tablet 16e52b82ff124e2093345d5204b7d086 from peer 5cb08d1962334a93b8e230c76a0b6099 ({username='slave'} at 127.18.43.2:57047)
I0710 23:26:42.525660 21829 tablet_copy_service.cc:156] P 3eefa81a1d344cca94cb71d8fc3a7c08: Beginning new tablet copy session on tablet 16e52b82ff124e2093345d5204b7d086 from peer 5cb08d1962334a93b8e230c76a0b6099 at {username='slave'} at 127.18.43.2:57047: session id = 5cb08d1962334a93b8e230c76a0b6099-16e52b82ff124e2093345d5204b7d086
I0710 23:26:42.526294 21829 tablet_copy_source_session.cc:202] T 16e52b82ff124e2093345d5204b7d086 P 3eefa81a1d344cca94cb71d8fc3a7c08: Tablet Copy: opened 0 blocks and 1 log segments
I0710 23:26:42.526533 21829 tablet_copy_service.cc:135] P 3eefa81a1d344cca94cb71d8fc3a7c08: Received BeginTabletCopySession request for tablet e55b3ed036a24cb1ac30f337d5386072 from peer 5cb08d1962334a93b8e230c76a0b6099 ({username='slave'} at 127.18.43.2:57047)
I0710 23:26:42.526588 21829 tablet_copy_service.cc:156] P 3eefa81a1d344cca94cb71d8fc3a7c08: Beginning new tablet copy session on tablet e55b3ed036a24cb1ac30f337d5386072 from peer 5cb08d1962334a93b8e230c76a0b6099 at {username='slave'} at 127.18.43.2:57047: session id = 5cb08d1962334a93b8e230c76a0b6099-e55b3ed036a24cb1ac30f337d5386072
I0710 23:26:42.527127 21829 tablet_copy_source_session.cc:202] T e55b3ed036a24cb1ac30f337d5386072 P 3eefa81a1d344cca94cb71d8fc3a7c08: Tablet Copy: opened 0 blocks and 1 log segments
I0710 23:26:42.532533 21924 data_dirs.cc:934] Could only allocate 1 dirs of requested 3 for tablet e425aeacae634ba695a97557c5ebb75a. 1 dirs total, 0 dirs full, 0 dirs failed
I0710 23:26:42.534582 21924 ts_tablet_manager.cc:1173] T e425aeacae634ba695a97557c5ebb75a P 5cb08d1962334a93b8e230c76a0b6099: Registered tablet (data state: TABLET_DATA_COPYING)
I0710 23:26:42.534679 21924 tablet_copy_client.cc:566] T e425aeacae634ba695a97557c5ebb75a P 5cb08d1962334a93b8e230c76a0b6099: tablet copy: Starting download of 0 data blocks...
I0710 23:26:42.534790 21924 tablet_copy_client.cc:529] T e425aeacae634ba695a97557c5ebb75a P 5cb08d1962334a93b8e230c76a0b6099: tablet copy: Starting download of 1 WAL segments...
I0710 23:26:42.535539 21915 tablet_copy_client.cc:405] T 3382fcc7728248248fce1bb6b6e10422 P 5cb08d1962334a93b8e230c76a0b6099: tablet copy: Tablet Copy complete. Replacing tablet superblock.
I0710 23:26:42.536940 21915 ts_tablet_manager.cc:1028] T 3382fcc7728248248fce1bb6b6e10422 P 5cb08d1962334a93b8e230c76a0b6099: Bootstrapping tablet
I0710 23:26:42.537045 21915 tablet_bootstrap.cc:427] T 3382fcc7728248248fce1bb6b6e10422 P 5cb08d1962334a93b8e230c76a0b6099: Bootstrap starting.
I0710 23:26:42.546164 21918 tablet_copy_client.cc:405] T 58a8d45cf5284f579b89c73d87015736 P 5cb08d1962334a93b8e230c76a0b6099: tablet copy: Tablet Copy complete. Replacing tablet superblock.
I0710 23:26:42.547549 21918 ts_tablet_manager.cc:1028] T 58a8d45cf5284f579b89c73d87015736 P 5cb08d1962334a93b8e230c76a0b6099: Bootstrapping tablet
I0710 23:26:42.547719 21918 tablet_bootstrap.cc:427] T 58a8d45cf5284f579b89c73d87015736 P 5cb08d1962334a93b8e230c76a0b6099: Bootstrap starting.
I0710 23:26:42.556128 21928 data_dirs.cc:934] Could only allocate 1 dirs of requested 3 for tablet f49626b5d56d4f828e36578b5101e8e0. 1 dirs total, 0 dirs full, 0 dirs failed
I0710 23:26:42.558190 21928 ts_tablet_manager.cc:1173] T f49626b5d56d4f828e36578b5101e8e0 P 5cb08d1962334a93b8e230c76a0b6099: Registered tablet (data state: TABLET_DATA_COPYING)
I0710 23:26:42.558280 21928 tablet_copy_client.cc:566] T f49626b5d56d4f828e36578b5101e8e0 P 5cb08d1962334a93b8e230c76a0b6099: tablet copy: Starting download of 0 data blocks...
I0710 23:26:42.558389 21928 tablet_copy_client.cc:529] T f49626b5d56d4f828e36578b5101e8e0 P 5cb08d1962334a93b8e230c76a0b6099: tablet copy: Starting download of 1 WAL segments...
I0710 23:26:42.560606 21922 data_dirs.cc:934] Could only allocate 1 dirs of requested 3 for tablet fbe2894430174092986bffc0d8021206. 1 dirs total, 0 dirs full, 0 dirs failed
I0710 23:26:42.562614 21922 ts_tablet_manager.cc:1173] T fbe2894430174092986bffc0d8021206 P 5cb08d1962334a93b8e230c76a0b6099: Registered tablet (data state: TABLET_DATA_COPYING)
I0710 23:26:42.562723 21922 tablet_copy_client.cc:566] T fbe2894430174092986bffc0d8021206 P 5cb08d1962334a93b8e230c76a0b6099: tablet copy: Starting download of 0 data blocks...
I0710 23:26:42.562849 21922 tablet_copy_client.cc:529] T fbe2894430174092986bffc0d8021206 P 5cb08d1962334a93b8e230c76a0b6099: tablet copy: Starting download of 1 WAL segments...
I0710 23:26:42.566929 21926 data_dirs.cc:934] Could only allocate 1 dirs of requested 3 for tablet 16e52b82ff124e2093345d5204b7d086. 1 dirs total, 0 dirs full, 0 dirs failed
I0710 23:26:42.569044 21926 ts_tablet_manager.cc:1173] T 16e52b82ff124e2093345d5204b7d086 P 5cb08d1962334a93b8e230c76a0b6099: Registered tablet (data state: TABLET_DATA_COPYING)
I0710 23:26:42.569150 21926 tablet_copy_client.cc:566] T 16e52b82ff124e2093345d5204b7d086 P 5cb08d1962334a93b8e230c76a0b6099: tablet copy: Starting download of 0 data blocks...
I0710 23:26:42.569258 21926 tablet_copy_client.cc:529] T 16e52b82ff124e2093345d5204b7d086 P 5cb08d1962334a93b8e230c76a0b6099: tablet copy: Starting download of 1 WAL segments...
I0710 23:26:42.576264 21920 data_dirs.cc:934] Could only allocate 1 dirs of requested 3 for tablet e55b3ed036a24cb1ac30f337d5386072. 1 dirs total, 0 dirs full, 0 dirs failed
I0710 23:26:42.578423 21920 ts_tablet_manager.cc:1173] T e55b3ed036a24cb1ac30f337d5386072 P 5cb08d1962334a93b8e230c76a0b6099: Registered tablet (data state: TABLET_DATA_COPYING)
I0710 23:26:42.578544 21920 tablet_copy_client.cc:566] T e55b3ed036a24cb1ac30f337d5386072 P 5cb08d1962334a93b8e230c76a0b6099: tablet copy: Starting download of 0 data blocks...
I0710 23:26:42.578655 21920 tablet_copy_client.cc:529] T e55b3ed036a24cb1ac30f337d5386072 P 5cb08d1962334a93b8e230c76a0b6099: tablet copy: Starting download of 1 WAL segments...
I0710 23:26:42.582818 21815 service_pool.cc:132] FetchData request on kudu.tserver.TabletCopyService from 127.18.43.2:57047 dropped due to backpressure. The service queue is full; it has 1 items. Contents of service queue: Call kudu.tserver.TabletCopyService.FetchData from 127.18.43.2:57047 (request call id 59)
I0710 23:26:42.590440 21815 service_pool.cc:132] FetchData request on kudu.tserver.TabletCopyService from 127.18.43.2:57047 dropped due to backpressure. The service queue is full; it has 1 items. Contents of service queue: Call kudu.tserver.TabletCopyService.FetchData from 127.18.43.2:57047 (request call id 59)
I0710 23:26:42.590872 21815 service_pool.cc:132] FetchData request on kudu.tserver.TabletCopyService from 127.18.43.2:57047 dropped due to backpressure. The service queue is full; it has 1 items. Contents of service queue: Call kudu.tserver.TabletCopyService.FetchData from 127.18.43.2:57047 (request call id 62)
I0710 23:26:42.591224 21815 service_pool.cc:132] FetchData request on kudu.tserver.TabletCopyService from 127.18.43.2:57047 dropped due to backpressure. The service queue is full; it has 1 items. Contents of service queue: Call kudu.tserver.TabletCopyService.FetchData from 127.18.43.2:57047 (request call id 62)
I0710 23:26:42.593190 21924 tablet_copy_client.cc:405] T e425aeacae634ba695a97557c5ebb75a P 5cb08d1962334a93b8e230c76a0b6099: tablet copy: Tablet Copy complete. Replacing tablet superblock.
I0710 23:26:42.594581 21924 ts_tablet_manager.cc:1028] T e425aeacae634ba695a97557c5ebb75a P 5cb08d1962334a93b8e230c76a0b6099: Bootstrapping tablet
I0710 23:26:42.594805 21924 tablet_bootstrap.cc:427] T e425aeacae634ba695a97557c5ebb75a P 5cb08d1962334a93b8e230c76a0b6099: Bootstrap starting.
I0710 23:26:42.596407 21909 tablet_copy_client.cc:405] T 188113a621d14966945feb51e41ea4a5 P 5cb08d1962334a93b8e230c76a0b6099: tablet copy: Tablet Copy complete. Replacing tablet superblock.
I0710 23:26:42.597661 21909 ts_tablet_manager.cc:1028] T 188113a621d14966945feb51e41ea4a5 P 5cb08d1962334a93b8e230c76a0b6099: Bootstrapping tablet
I0710 23:26:42.597754 21909 tablet_bootstrap.cc:427] T 188113a621d14966945feb51e41ea4a5 P 5cb08d1962334a93b8e230c76a0b6099: Bootstrap starting.
I0710 23:26:42.612864 21926 tablet_copy_client.cc:405] T 16e52b82ff124e2093345d5204b7d086 P 5cb08d1962334a93b8e230c76a0b6099: tablet copy: Tablet Copy complete. Replacing tablet superblock.
I0710 23:26:42.613587 21829 tablet_copy_service.cc:135] P 3eefa81a1d344cca94cb71d8fc3a7c08: Received BeginTabletCopySession request for tablet 8a5f88d22d2b482d9691c52031cafd6e from peer 5cb08d1962334a93b8e230c76a0b6099 ({username='slave'} at 127.18.43.2:57047)
I0710 23:26:42.613654 21829 tablet_copy_service.cc:156] P 3eefa81a1d344cca94cb71d8fc3a7c08: Beginning new tablet copy session on tablet 8a5f88d22d2b482d9691c52031cafd6e from peer 5cb08d1962334a93b8e230c76a0b6099 at {username='slave'} at 127.18.43.2:57047: session id = 5cb08d1962334a93b8e230c76a0b6099-8a5f88d22d2b482d9691c52031cafd6e
I0710 23:26:42.614516 21829 tablet_copy_source_session.cc:202] T 8a5f88d22d2b482d9691c52031cafd6e P 3eefa81a1d344cca94cb71d8fc3a7c08: Tablet Copy: opened 0 blocks and 1 log segments
I0710 23:26:42.616124 21829 tablet_copy_service.cc:135] P 3eefa81a1d344cca94cb71d8fc3a7c08: Received BeginTabletCopySession request for tablet 420e91af2ba54520ac1b422b22a543eb from peer 5cb08d1962334a93b8e230c76a0b6099 ({username='slave'} at 127.18.43.2:57047)
I0710 23:26:42.616189 21829 tablet_copy_service.cc:156] P 3eefa81a1d344cca94cb71d8fc3a7c08: Beginning new tablet copy session on tablet 420e91af2ba54520ac1b422b22a543eb from peer 5cb08d1962334a93b8e230c76a0b6099 at {username='slave'} at 127.18.43.2:57047: session id = 5cb08d1962334a93b8e230c76a0b6099-420e91af2ba54520ac1b422b22a543eb
I0710 23:26:42.616937 21829 tablet_copy_source_session.cc:202] T 420e91af2ba54520ac1b422b22a543eb P 3eefa81a1d344cca94cb71d8fc3a7c08: Tablet Copy: opened 0 blocks and 1 log segments
I0710 23:26:42.618953 21922 tablet_copy_client.cc:405] T fbe2894430174092986bffc0d8021206 P 5cb08d1962334a93b8e230c76a0b6099: tablet copy: Tablet Copy complete. Replacing tablet superblock.
I0710 23:26:42.619772 21928 tablet_copy_client.cc:405] T f49626b5d56d4f828e36578b5101e8e0 P 5cb08d1962334a93b8e230c76a0b6099: tablet copy: Tablet Copy complete. Replacing tablet superblock.
I0710 23:26:42.621330 21920 tablet_copy_client.cc:405] T e55b3ed036a24cb1ac30f337d5386072 P 5cb08d1962334a93b8e230c76a0b6099: tablet copy: Tablet Copy complete. Replacing tablet superblock.
I0710 23:26:42.624128 21916 data_dirs.cc:934] Could only allocate 1 dirs of requested 3 for tablet 8a5f88d22d2b482d9691c52031cafd6e. 1 dirs total, 0 dirs full, 0 dirs failed
I0710 23:26:42.627919 21927 data_dirs.cc:934] Could only allocate 1 dirs of requested 3 for tablet 420e91af2ba54520ac1b422b22a543eb. 1 dirs total, 0 dirs full, 0 dirs failed
I0710 23:26:42.630966 21829 tablet_copy_service.cc:135] P 3eefa81a1d344cca94cb71d8fc3a7c08: Received BeginTabletCopySession request for tablet 05ab889d520c4b5db0cab1b6d7e8ae86 from peer 5cb08d1962334a93b8e230c76a0b6099 ({username='slave'} at 127.18.43.2:57047)
I0710 23:26:42.631043 21829 tablet_copy_service.cc:156] P 3eefa81a1d344cca94cb71d8fc3a7c08: Beginning new tablet copy session on tablet 05ab889d520c4b5db0cab1b6d7e8ae86 from peer 5cb08d1962334a93b8e230c76a0b6099 at {username='slave'} at 127.18.43.2:57047: session id = 5cb08d1962334a93b8e230c76a0b6099-05ab889d520c4b5db0cab1b6d7e8ae86
I0710 23:26:42.631973 21829 tablet_copy_source_session.cc:202] T 05ab889d520c4b5db0cab1b6d7e8ae86 P 3eefa81a1d344cca94cb71d8fc3a7c08: Tablet Copy: opened 0 blocks and 1 log segments
I0710 23:26:42.633682 21921 data_dirs.cc:934] Could only allocate 1 dirs of requested 3 for tablet 05ab889d520c4b5db0cab1b6d7e8ae86. 1 dirs total, 0 dirs full, 0 dirs failed
I0710 23:26:42.635752 21920 ts_tablet_manager.cc:1028] T e55b3ed036a24cb1ac30f337d5386072 P 5cb08d1962334a93b8e230c76a0b6099: Bootstrapping tablet
I0710 23:26:42.635864 21920 tablet_bootstrap.cc:427] T e55b3ed036a24cb1ac30f337d5386072 P 5cb08d1962334a93b8e230c76a0b6099: Bootstrap starting.
I0710 23:26:42.636016 21921 ts_tablet_manager.cc:1173] T 05ab889d520c4b5db0cab1b6d7e8ae86 P 5cb08d1962334a93b8e230c76a0b6099: Registered tablet (data state: TABLET_DATA_COPYING)
I0710 23:26:42.636090 21921 tablet_copy_client.cc:566] T 05ab889d520c4b5db0cab1b6d7e8ae86 P 5cb08d1962334a93b8e230c76a0b6099: tablet copy: Starting download of 0 data blocks...
I0710 23:26:42.636200 21921 tablet_copy_client.cc:529] T 05ab889d520c4b5db0cab1b6d7e8ae86 P 5cb08d1962334a93b8e230c76a0b6099: tablet copy: Starting download of 1 WAL segments...
I0710 23:26:42.637814 21829 tablet_copy_service.cc:135] P 3eefa81a1d344cca94cb71d8fc3a7c08: Received BeginTabletCopySession request for tablet 224d94b52b9e4f859d90edb71b9dc822 from peer 5cb08d1962334a93b8e230c76a0b6099 ({username='slave'} at 127.18.43.2:57047)
I0710 23:26:42.637902 21829 tablet_copy_service.cc:156] P 3eefa81a1d344cca94cb71d8fc3a7c08: Beginning new tablet copy session on tablet 224d94b52b9e4f859d90edb71b9dc822 from peer 5cb08d1962334a93b8e230c76a0b6099 at {username='slave'} at 127.18.43.2:57047: session id = 5cb08d1962334a93b8e230c76a0b6099-224d94b52b9e4f859d90edb71b9dc822
I0710 23:26:42.638701 21829 tablet_copy_source_session.cc:202] T 224d94b52b9e4f859d90edb71b9dc822 P 3eefa81a1d344cca94cb71d8fc3a7c08: Tablet Copy: opened 0 blocks and 1 log segments
I0710 23:26:42.639350 21921 tablet_copy_client.cc:405] T 05ab889d520c4b5db0cab1b6d7e8ae86 P 5cb08d1962334a93b8e230c76a0b6099: tablet copy: Tablet Copy complete. Replacing tablet superblock.
I0710 23:26:42.640805 21928 ts_tablet_manager.cc:1028] T f49626b5d56d4f828e36578b5101e8e0 P 5cb08d1962334a93b8e230c76a0b6099: Bootstrapping tablet
I0710 23:26:42.640923 21928 tablet_bootstrap.cc:427] T f49626b5d56d4f828e36578b5101e8e0 P 5cb08d1962334a93b8e230c76a0b6099: Bootstrap starting.
I0710 23:26:42.645973 21922 ts_tablet_manager.cc:1028] T fbe2894430174092986bffc0d8021206 P 5cb08d1962334a93b8e230c76a0b6099: Bootstrapping tablet
I0710 23:26:42.646098 21922 tablet_bootstrap.cc:427] T fbe2894430174092986bffc0d8021206 P 5cb08d1962334a93b8e230c76a0b6099: Bootstrap starting.
I0710 23:26:42.649188 21927 ts_tablet_manager.cc:1173] T 420e91af2ba54520ac1b422b22a543eb P 5cb08d1962334a93b8e230c76a0b6099: Registered tablet (data state: TABLET_DATA_COPYING)
I0710 23:26:42.649302 21927 tablet_copy_client.cc:566] T 420e91af2ba54520ac1b422b22a543eb P 5cb08d1962334a93b8e230c76a0b6099: tablet copy: Starting download of 0 data blocks...
I0710 23:26:42.649416 21927 tablet_copy_client.cc:529] T 420e91af2ba54520ac1b422b22a543eb P 5cb08d1962334a93b8e230c76a0b6099: tablet copy: Starting download of 1 WAL segments...
I0710 23:26:42.650596 21916 ts_tablet_manager.cc:1173] T 8a5f88d22d2b482d9691c52031cafd6e P 5cb08d1962334a93b8e230c76a0b6099: Registered tablet (data state: TABLET_DATA_COPYING)
I0710 23:26:42.650691 21916 tablet_copy_client.cc:566] T 8a5f88d22d2b482d9691c52031cafd6e P 5cb08d1962334a93b8e230c76a0b6099: tablet copy: Starting download of 0 data blocks...
I0710 23:26:42.650792 21916 tablet_copy_client.cc:529] T 8a5f88d22d2b482d9691c52031cafd6e P 5cb08d1962334a93b8e230c76a0b6099: tablet copy: Starting download of 1 WAL segments...
I0710 23:26:42.651464 21926 ts_tablet_manager.cc:1028] T 16e52b82ff124e2093345d5204b7d086 P 5cb08d1962334a93b8e230c76a0b6099: Bootstrapping tablet
I0710 23:26:42.651562 21926 tablet_bootstrap.cc:427] T 16e52b82ff124e2093345d5204b7d086 P 5cb08d1962334a93b8e230c76a0b6099: Bootstrap starting.
I0710 23:26:42.668006 21921 ts_tablet_manager.cc:1028] T 05ab889d520c4b5db0cab1b6d7e8ae86 P 5cb08d1962334a93b8e230c76a0b6099: Bootstrapping tablet
I0710 23:26:42.668128 21921 tablet_bootstrap.cc:427] T 05ab889d520c4b5db0cab1b6d7e8ae86 P 5cb08d1962334a93b8e230c76a0b6099: Bootstrap starting.
W0710 23:26:42.699445 21692 outbound_call.cc:287] RPC callback for RPC call kudu.tserver.TabletCopyService.FetchData -> {remote=127.18.43.1:46659, user_credentials={real_user=slave}} blocked reactor thread for 60172.4us
I0710 23:26:42.710911 21911 data_dirs.cc:934] Could only allocate 1 dirs of requested 3 for tablet 224d94b52b9e4f859d90edb71b9dc822. 1 dirs total, 0 dirs full, 0 dirs failed
I0710 23:26:42.713176 21911 ts_tablet_manager.cc:1173] T 224d94b52b9e4f859d90edb71b9dc822 P 5cb08d1962334a93b8e230c76a0b6099: Registered tablet (data state: TABLET_DATA_COPYING)
I0710 23:26:42.713309 21911 tablet_copy_client.cc:566] T 224d94b52b9e4f859d90edb71b9dc822 P 5cb08d1962334a93b8e230c76a0b6099: tablet copy: Starting download of 0 data blocks...
I0710 23:26:42.713423 21911 tablet_copy_client.cc:529] T 224d94b52b9e4f859d90edb71b9dc822 P 5cb08d1962334a93b8e230c76a0b6099: tablet copy: Starting download of 1 WAL segments...
I0710 23:26:42.716483 21927 tablet_copy_client.cc:405] T 420e91af2ba54520ac1b422b22a543eb P 5cb08d1962334a93b8e230c76a0b6099: tablet copy: Tablet Copy complete. Replacing tablet superblock.
I0710 23:26:42.717839 21927 ts_tablet_manager.cc:1028] T 420e91af2ba54520ac1b422b22a543eb P 5cb08d1962334a93b8e230c76a0b6099: Bootstrapping tablet
I0710 23:26:42.717967 21927 tablet_bootstrap.cc:427] T 420e91af2ba54520ac1b422b22a543eb P 5cb08d1962334a93b8e230c76a0b6099: Bootstrap starting.
I0710 23:26:42.728107 21916 tablet_copy_client.cc:405] T 8a5f88d22d2b482d9691c52031cafd6e P 5cb08d1962334a93b8e230c76a0b6099: tablet copy: Tablet Copy complete. Replacing tablet superblock.
I0710 23:26:42.729437 21916 ts_tablet_manager.cc:1028] T 8a5f88d22d2b482d9691c52031cafd6e P 5cb08d1962334a93b8e230c76a0b6099: Bootstrapping tablet
I0710 23:26:42.729555 21916 tablet_bootstrap.cc:427] T 8a5f88d22d2b482d9691c52031cafd6e P 5cb08d1962334a93b8e230c76a0b6099: Bootstrap starting.
I0710 23:26:42.740353 21911 tablet_copy_client.cc:405] T 224d94b52b9e4f859d90edb71b9dc822 P 5cb08d1962334a93b8e230c76a0b6099: tablet copy: Tablet Copy complete. Replacing tablet superblock.
I0710 23:26:42.741650 21911 ts_tablet_manager.cc:1028] T 224d94b52b9e4f859d90edb71b9dc822 P 5cb08d1962334a93b8e230c76a0b6099: Bootstrapping tablet
I0710 23:26:42.741777 21911 tablet_bootstrap.cc:427] T 224d94b52b9e4f859d90edb71b9dc822 P 5cb08d1962334a93b8e230c76a0b6099: Bootstrap starting.
W0710 23:26:42.846637 21921 log.cc:667] Time spent T 05ab889d520c4b5db0cab1b6d7e8ae86 P 5cb08d1962334a93b8e230c76a0b6099: Append to log took a long time: real 0.070s user 0.000s sys 0.000s
I0710 23:26:43.031647 21908 tablet_bootstrap.cc:427] T 6be9b59101ec4ae6bec4f3111efb82b3 P 5cb08d1962334a93b8e230c76a0b6099: Bootstrap replayed 1/1 log segments. Stats: ops{read=194 overwritten=0 applied=194 ignored=0} inserts{seen=492 ignored=0} mutations{seen=0 ignored=0} orphaned_commits=0. Pending: 0 replicates
I0710 23:26:43.031953 21910 tablet_bootstrap.cc:427] T 9dded2401cb943f0a2bea0337291992a P 5cb08d1962334a93b8e230c76a0b6099: Bootstrap replayed 1/1 log segments. Stats: ops{read=194 overwritten=0 applied=194 ignored=0} inserts{seen=487 ignored=0} mutations{seen=0 ignored=0} orphaned_commits=0. Pending: 0 replicates
I0710 23:26:43.032316 21917 tablet_bootstrap.cc:427] T 0617cd1d64ed4dfab4679b69255e839e P 5cb08d1962334a93b8e230c76a0b6099: Bootstrap replayed 1/1 log segments. Stats: ops{read=192 overwritten=0 applied=192 ignored=0} inserts{seen=529 ignored=0} mutations{seen=0 ignored=0} orphaned_commits=0. Pending: 0 replicates
I0710 23:26:43.033833 21913 tablet_bootstrap.cc:427] T ec16d86dcdb34a5b9f6dc60e9a5d3866 P 5cb08d1962334a93b8e230c76a0b6099: Bootstrap replayed 1/1 log segments. Stats: ops{read=188 overwritten=0 applied=188 ignored=0} inserts{seen=492 ignored=0} mutations{seen=0 ignored=0} orphaned_commits=0. Pending: 0 replicates
I0710 23:26:43.034150 21912 tablet_bootstrap.cc:427] T 5a0de49957f84b51b2c03d3e432ee897 P 5cb08d1962334a93b8e230c76a0b6099: Bootstrap replayed 1/1 log segments. Stats: ops{read=189 overwritten=0 applied=189 ignored=0} inserts{seen=506 ignored=0} mutations{seen=0 ignored=0} orphaned_commits=0. Pending: 0 replicates
I0710 23:26:43.036206 21908 tablet_bootstrap.cc:427] T 6be9b59101ec4ae6bec4f3111efb82b3 P 5cb08d1962334a93b8e230c76a0b6099: Bootstrap complete.
I0710 23:26:43.036456 21917 tablet_bootstrap.cc:427] T 0617cd1d64ed4dfab4679b69255e839e P 5cb08d1962334a93b8e230c76a0b6099: Bootstrap complete.
I0710 23:26:43.036752 21917 ts_tablet_manager.cc:1045] T 0617cd1d64ed4dfab4679b69255e839e P 5cb08d1962334a93b8e230c76a0b6099: Time spent bootstrapping tablet: real 0.535s user 0.114s sys 0.010s
I0710 23:26:43.038106 21908 ts_tablet_manager.cc:1045] T 6be9b59101ec4ae6bec4f3111efb82b3 P 5cb08d1962334a93b8e230c76a0b6099: Time spent bootstrapping tablet: real 0.565s user 0.112s sys 0.009s
I0710 23:26:43.044206 21912 tablet_bootstrap.cc:427] T 5a0de49957f84b51b2c03d3e432ee897 P 5cb08d1962334a93b8e230c76a0b6099: Bootstrap complete.
I0710 23:26:43.044391 21912 ts_tablet_manager.cc:1045] T 5a0de49957f84b51b2c03d3e432ee897 P 5cb08d1962334a93b8e230c76a0b6099: Time spent bootstrapping tablet: real 0.572s user 0.117s sys 0.000s
I0710 23:26:43.044770 21910 tablet_bootstrap.cc:427] T 9dded2401cb943f0a2bea0337291992a P 5cb08d1962334a93b8e230c76a0b6099: Bootstrap complete.
I0710 23:26:43.044909 21910 ts_tablet_manager.cc:1045] T 9dded2401cb943f0a2bea0337291992a P 5cb08d1962334a93b8e230c76a0b6099: Time spent bootstrapping tablet: real 0.565s user 0.108s sys 0.009s
I0710 23:26:43.056037 21913 tablet_bootstrap.cc:427] T ec16d86dcdb34a5b9f6dc60e9a5d3866 P 5cb08d1962334a93b8e230c76a0b6099: Bootstrap complete.
I0710 23:26:43.056263 21913 ts_tablet_manager.cc:1045] T ec16d86dcdb34a5b9f6dc60e9a5d3866 P 5cb08d1962334a93b8e230c76a0b6099: Time spent bootstrapping tablet: real 0.547s user 0.106s sys 0.007s
I0710 23:26:43.181306 21925 tablet_bootstrap.cc:427] T d9d53b3911f045fda410a0ae098496f4 P 5cb08d1962334a93b8e230c76a0b6099: Bootstrap replayed 1/1 log segments. Stats: ops{read=186 overwritten=0 applied=186 ignored=0} inserts{seen=482 ignored=0} mutations{seen=0 ignored=0} orphaned_commits=0. Pending: 0 replicates
I0710 23:26:43.185669 21907 tablet_bootstrap.cc:427] T bfe7d79a3ac644dc8598fc864fbe659e P 5cb08d1962334a93b8e230c76a0b6099: Bootstrap replayed 1/1 log segments. Stats: ops{read=192 overwritten=0 applied=192 ignored=0} inserts{seen=579 ignored=0} mutations{seen=0 ignored=0} orphaned_commits=0. Pending: 0 replicates
I0710 23:26:43.200142 21925 tablet_bootstrap.cc:427] T d9d53b3911f045fda410a0ae098496f4 P 5cb08d1962334a93b8e230c76a0b6099: Bootstrap complete.
I0710 23:26:43.200352 21925 ts_tablet_manager.cc:1045] T d9d53b3911f045fda410a0ae098496f4 P 5cb08d1962334a93b8e230c76a0b6099: Time spent bootstrapping tablet: real 0.707s user 0.103s sys 0.007s
I0710 23:26:43.234194 21923 tablet_bootstrap.cc:427] T 39212fb42d874c3cad5a34357eae1a51 P 5cb08d1962334a93b8e230c76a0b6099: Bootstrap replayed 1/1 log segments. Stats: ops{read=192 overwritten=0 applied=192 ignored=0} inserts{seen=546 ignored=0} mutations{seen=0 ignored=0} orphaned_commits=0. Pending: 0 replicates
I0710 23:26:43.234585 21923 tablet_bootstrap.cc:427] T 39212fb42d874c3cad5a34357eae1a51 P 5cb08d1962334a93b8e230c76a0b6099: Bootstrap complete.
I0710 23:26:43.234777 21923 ts_tablet_manager.cc:1045] T 39212fb42d874c3cad5a34357eae1a51 P 5cb08d1962334a93b8e230c76a0b6099: Time spent bootstrapping tablet: real 0.754s user 0.106s sys 0.009s
I0710 23:26:43.247959 21907 tablet_bootstrap.cc:427] T bfe7d79a3ac644dc8598fc864fbe659e P 5cb08d1962334a93b8e230c76a0b6099: Bootstrap complete.
I0710 23:26:43.248181 21907 ts_tablet_manager.cc:1045] T bfe7d79a3ac644dc8598fc864fbe659e P 5cb08d1962334a93b8e230c76a0b6099: Time spent bootstrapping tablet: real 0.770s user 0.116s sys 0.000s
I0710 23:26:43.284314 21928 tablet_bootstrap.cc:427] T f49626b5d56d4f828e36578b5101e8e0 P 5cb08d1962334a93b8e230c76a0b6099: Bootstrap replayed 1/1 log segments. Stats: ops{read=185 overwritten=0 applied=185 ignored=0} inserts{seen=493 ignored=0} mutations{seen=0 ignored=0} orphaned_commits=0. Pending: 0 replicates
I0710 23:26:43.284672 21928 tablet_bootstrap.cc:427] T f49626b5d56d4f828e36578b5101e8e0 P 5cb08d1962334a93b8e230c76a0b6099: Bootstrap complete.
I0710 23:26:43.284840 21928 ts_tablet_manager.cc:1045] T f49626b5d56d4f828e36578b5101e8e0 P 5cb08d1962334a93b8e230c76a0b6099: Time spent bootstrapping tablet: real 0.644s user 0.103s sys 0.004s
I0710 23:26:43.295127 21926 tablet_bootstrap.cc:427] T 16e52b82ff124e2093345d5204b7d086 P 5cb08d1962334a93b8e230c76a0b6099: Bootstrap replayed 1/1 log segments. Stats: ops{read=196 overwritten=0 applied=196 ignored=0} inserts{seen=520 ignored=0} mutations{seen=0 ignored=0} orphaned_commits=0. Pending: 0 replicates
I0710 23:26:43.295634 21926 tablet_bootstrap.cc:427] T 16e52b82ff124e2093345d5204b7d086 P 5cb08d1962334a93b8e230c76a0b6099: Bootstrap complete.
I0710 23:26:43.295869 21926 ts_tablet_manager.cc:1045] T 16e52b82ff124e2093345d5204b7d086 P 5cb08d1962334a93b8e230c76a0b6099: Time spent bootstrapping tablet: real 0.644s user 0.106s sys 0.008s
I0710 23:26:43.297991 21924 tablet_bootstrap.cc:427] T e425aeacae634ba695a97557c5ebb75a P 5cb08d1962334a93b8e230c76a0b6099: Bootstrap replayed 1/1 log segments. Stats: ops{read=193 overwritten=0 applied=193 ignored=0} inserts{seen=527 ignored=0} mutations{seen=0 ignored=0} orphaned_commits=0. Pending: 0 replicates
I0710 23:26:43.298326 21924 tablet_bootstrap.cc:427] T e425aeacae634ba695a97557c5ebb75a P 5cb08d1962334a93b8e230c76a0b6099: Bootstrap complete.
I0710 23:26:43.298498 21924 ts_tablet_manager.cc:1045] T e425aeacae634ba695a97557c5ebb75a P 5cb08d1962334a93b8e230c76a0b6099: Time spent bootstrapping tablet: real 0.704s user 0.110s sys 0.000s
W0710 23:26:43.314700 21909 log.cc:667] Time spent T 188113a621d14966945feb51e41ea4a5 P 5cb08d1962334a93b8e230c76a0b6099: Append to log took a long time: real 0.067s user 0.000s sys 0.004s
I0710 23:26:43.321740 21926 raft_consensus.cc:325] T 16e52b82ff124e2093345d5204b7d086 P 5cb08d1962334a93b8e230c76a0b6099 [term 2 NON_PARTICIPANT]: Replica starting. Triggering 0 pending transactions. Active config: opid_index: -1 OBSOLETE_local: true peers { permanent_uuid: "3eefa81a1d344cca94cb71d8fc3a7c08" member_type: VOTER last_known_addr { host: "127.18.43.1" port: 46659 } }
I0710 23:26:43.321732 21907 raft_consensus.cc:325] T bfe7d79a3ac644dc8598fc864fbe659e P 5cb08d1962334a93b8e230c76a0b6099 [term 2 NON_PARTICIPANT]: Replica starting. Triggering 0 pending transactions. Active config: opid_index: -1 OBSOLETE_local: true peers { permanent_uuid: "3eefa81a1d344cca94cb71d8fc3a7c08" member_type: VOTER last_known_addr { host: "127.18.43.1" port: 46659 } }
I0710 23:26:43.321756 21928 raft_consensus.cc:325] T f49626b5d56d4f828e36578b5101e8e0 P 5cb08d1962334a93b8e230c76a0b6099 [term 2 NON_PARTICIPANT]: Replica starting. Triggering 0 pending transactions. Active config: opid_index: -1 OBSOLETE_local: true peers { permanent_uuid: "3eefa81a1d344cca94cb71d8fc3a7c08" member_type: VOTER last_known_addr { host: "127.18.43.1" port: 46659 } }
I0710 23:26:43.322114 21928 raft_consensus.cc:630] T f49626b5d56d4f828e36578b5101e8e0 P 5cb08d1962334a93b8e230c76a0b6099 [term 2 NON_PARTICIPANT]: Becoming Follower/Learner. State: Replica: 5cb08d1962334a93b8e230c76a0b6099, State: Initialized, Role: NON_PARTICIPANT
I0710 23:26:43.322197 21917 raft_consensus.cc:325] T 0617cd1d64ed4dfab4679b69255e839e P 5cb08d1962334a93b8e230c76a0b6099 [term 2 NON_PARTICIPANT]: Replica starting. Triggering 0 pending transactions. Active config: opid_index: -1 OBSOLETE_local: true peers { permanent_uuid: "3eefa81a1d344cca94cb71d8fc3a7c08" member_type: VOTER last_known_addr { host: "127.18.43.1" port: 46659 } }
I0710 23:26:43.322243 21917 raft_consensus.cc:630] T 0617cd1d64ed4dfab4679b69255e839e P 5cb08d1962334a93b8e230c76a0b6099 [term 2 NON_PARTICIPANT]: Becoming Follower/Learner. State: Replica: 5cb08d1962334a93b8e230c76a0b6099, State: Initialized, Role: NON_PARTICIPANT
I0710 23:26:43.322540 21928 consensus_queue.cc:227] T f49626b5d56d4f828e36578b5101e8e0 P 5cb08d1962334a93b8e230c76a0b6099 [NON_LEADER]: Queue going to NON_LEADER mode. State: All replicated index: 0, Majority replicated index: 0, Committed index: 185, Last appended: 2.185, Last appended by leader: 185, Current term: 0, Majority size: -1, State: 0, Mode: NON_LEADER, active raft config: opid_index: -1 OBSOLETE_local: true peers { permanent_uuid: "3eefa81a1d344cca94cb71d8fc3a7c08" member_type: VOTER last_known_addr { host: "127.18.43.1" port: 46659 } }
I0710 23:26:43.322540 21917 consensus_queue.cc:227] T 0617cd1d64ed4dfab4679b69255e839e P 5cb08d1962334a93b8e230c76a0b6099 [NON_LEADER]: Queue going to NON_LEADER mode. State: All replicated index: 0, Majority replicated index: 0, Committed index: 192, Last appended: 2.192, Last appended by leader: 192, Current term: 0, Majority size: -1, State: 0, Mode: NON_LEADER, active raft config: opid_index: -1 OBSOLETE_local: true peers { permanent_uuid: "3eefa81a1d344cca94cb71d8fc3a7c08" member_type: VOTER last_known_addr { host: "127.18.43.1" port: 46659 } }
I0710 23:26:43.323246 21917 ts_tablet_manager.cc:1073] T 0617cd1d64ed4dfab4679b69255e839e P 5cb08d1962334a93b8e230c76a0b6099: Time spent starting tablet: real 0.286s user 0.005s sys 0.000s
I0710 23:26:43.323408 21926 raft_consensus.cc:630] T 16e52b82ff124e2093345d5204b7d086 P 5cb08d1962334a93b8e230c76a0b6099 [term 2 NON_PARTICIPANT]: Becoming Follower/Learner. State: Replica: 5cb08d1962334a93b8e230c76a0b6099, State: Initialized, Role: NON_PARTICIPANT
