I0710 23:26:37.830785 21600 raft_consensus.cc:479] T 39212fb42d874c3cad5a34357eae1a51 P 3eefa81a1d344cca94cb71d8fc3a7c08 [term 1 FOLLOWER]: Starting leader election with config: opid_index: -1 OBSOLETE_local: true peers { permanent_uuid: "3eefa81a1d344cca94cb71d8fc3a7c08" member_type: VOTER last_known_addr { host: "127.18.43.1" port: 46659 } }
I0710 23:26:37.830915 21600 leader_election.cc:278] T 39212fb42d874c3cad5a34357eae1a51 P 3eefa81a1d344cca94cb71d8fc3a7c08 [CANDIDATE]: Term 1 election: Election decided. Result: candidate won.
I0710 23:26:37.831188 21600 ts_tablet_manager.cc:1073] T 39212fb42d874c3cad5a34357eae1a51 P 3eefa81a1d344cca94cb71d8fc3a7c08: Time spent starting tablet: real 0.002s user 0.002s sys 0.000s
I0710 23:26:37.831384 21600 ts_tablet_manager.cc:1028] T d9d53b3911f045fda410a0ae098496f4 P 3eefa81a1d344cca94cb71d8fc3a7c08: Bootstrapping tablet
I0710 23:26:37.831521 21600 tablet_bootstrap.cc:427] T d9d53b3911f045fda410a0ae098496f4 P 3eefa81a1d344cca94cb71d8fc3a7c08: Bootstrap starting.
I0710 23:26:37.831280 21603 raft_consensus.cc:2732] T 39212fb42d874c3cad5a34357eae1a51 P 3eefa81a1d344cca94cb71d8fc3a7c08: Snoozing failure detection for 1.774s (election complete)
I0710 23:26:37.831677 21603 raft_consensus.cc:2539] T 39212fb42d874c3cad5a34357eae1a51 P 3eefa81a1d344cca94cb71d8fc3a7c08 [term 1 FOLLOWER]: Leader election won for term 1
I0710 23:26:37.831851 21603 raft_consensus.cc:595] T 39212fb42d874c3cad5a34357eae1a51 P 3eefa81a1d344cca94cb71d8fc3a7c08 [term 1 LEADER]: Becoming Leader. State: Replica: 3eefa81a1d344cca94cb71d8fc3a7c08, State: Running, Role: LEADER
I0710 23:26:37.832018 21603 consensus_queue.cc:204] T 39212fb42d874c3cad5a34357eae1a51 P 3eefa81a1d344cca94cb71d8fc3a7c08 [LEADER]: Queue going to LEADER mode. State: All replicated index: 0, Majority replicated index: 0, Committed index: 0, Last appended: 0.0, Last appended by leader: 0, Current term: 1, Majority size: 1, State: 0, Mode: LEADER, active raft config: opid_index: -1 OBSOLETE_local: true peers { permanent_uuid: "3eefa81a1d344cca94cb71d8fc3a7c08" member_type: VOTER last_known_addr { host: "127.18.43.1" port: 46659 } }
I0710 23:26:37.832242 21534 catalog_manager.cc:3827] T e55b3ed036a24cb1ac30f337d5386072 P 3eefa81a1d344cca94cb71d8fc3a7c08 reported cstate change: term changed from 0 to 1, leader changed from to 3eefa81a1d344cca94cb71d8fc3a7c08 (127.18.43.1). New cstate: current_term: 1 leader_uuid: "3eefa81a1d344cca94cb71d8fc3a7c08" committed_config { opid_index: -1 OBSOLETE_local: true peers { permanent_uuid: "3eefa81a1d344cca94cb71d8fc3a7c08" member_type: VOTER last_known_addr { host: "127.18.43.1" port: 46659 } health_report { overall_health: HEALTHY } } }
I0710 23:26:37.833216 21600 tablet_bootstrap.cc:578] T d9d53b3911f045fda410a0ae098496f4 P 3eefa81a1d344cca94cb71d8fc3a7c08: No blocks or log segments found. Creating new log.
I0710 23:26:37.834136 21600 tablet_bootstrap.cc:427] T d9d53b3911f045fda410a0ae098496f4 P 3eefa81a1d344cca94cb71d8fc3a7c08: No bootstrap required, opened a new log
I0710 23:26:37.834216 21600 ts_tablet_manager.cc:1045] T d9d53b3911f045fda410a0ae098496f4 P 3eefa81a1d344cca94cb71d8fc3a7c08: Time spent bootstrapping tablet: real 0.003s user 0.001s sys 0.000s
I0710 23:26:37.834709 21600 raft_consensus.cc:325] T d9d53b3911f045fda410a0ae098496f4 P 3eefa81a1d344cca94cb71d8fc3a7c08 [term 0 FOLLOWER]: Replica starting. Triggering 0 pending transactions. Active config: opid_index: -1 OBSOLETE_local: true peers { permanent_uuid: "3eefa81a1d344cca94cb71d8fc3a7c08" member_type: VOTER last_known_addr { host: "127.18.43.1" port: 46659 } }
I0710 23:26:37.834739 21600 raft_consensus.cc:351] T d9d53b3911f045fda410a0ae098496f4 P 3eefa81a1d344cca94cb71d8fc3a7c08 [term 0 FOLLOWER]: Consensus starting up: Expiring failure detector timer to make a prompt election more likely
I0710 23:26:37.834753 21600 raft_consensus.cc:630] T d9d53b3911f045fda410a0ae098496f4 P 3eefa81a1d344cca94cb71d8fc3a7c08 [term 0 FOLLOWER]: Becoming Follower/Learner. State: Replica: 3eefa81a1d344cca94cb71d8fc3a7c08, State: Initialized, Role: FOLLOWER
I0710 23:26:37.834866 21600 consensus_queue.cc:227] T d9d53b3911f045fda410a0ae098496f4 P 3eefa81a1d344cca94cb71d8fc3a7c08 [NON_LEADER]: Queue going to NON_LEADER mode. State: All replicated index: 0, Majority replicated index: 0, Committed index: 0, Last appended: 0.0, Last appended by leader: 0, Current term: 0, Majority size: -1, State: 0, Mode: NON_LEADER, active raft config: opid_index: -1 OBSOLETE_local: true peers { permanent_uuid: "3eefa81a1d344cca94cb71d8fc3a7c08" member_type: VOTER last_known_addr { host: "127.18.43.1" port: 46659 } }
I0710 23:26:37.834897 21600 raft_consensus.cc:365] T d9d53b3911f045fda410a0ae098496f4 P 3eefa81a1d344cca94cb71d8fc3a7c08 [term 0 FOLLOWER]: Only one voter in the Raft config. Triggering election immediately
I0710 23:26:37.834940 21600 raft_consensus.cc:457] T d9d53b3911f045fda410a0ae098496f4 P 3eefa81a1d344cca94cb71d8fc3a7c08 [term 0 FOLLOWER]: Starting leader election (initial election of a single-replica configuration)
I0710 23:26:37.834961 21600 raft_consensus.cc:2732] T d9d53b3911f045fda410a0ae098496f4 P 3eefa81a1d344cca94cb71d8fc3a7c08: Snoozing failure detection for 2.205s (starting election)
I0710 23:26:37.834975 21600 raft_consensus.cc:2784] T d9d53b3911f045fda410a0ae098496f4 P 3eefa81a1d344cca94cb71d8fc3a7c08 [term 0 FOLLOWER]: Advancing to term 1
I0710 23:26:37.835695 21534 catalog_manager.cc:3827] T 39212fb42d874c3cad5a34357eae1a51 P 3eefa81a1d344cca94cb71d8fc3a7c08 reported cstate change: term changed from 0 to 1, leader changed from to 3eefa81a1d344cca94cb71d8fc3a7c08 (127.18.43.1). New cstate: current_term: 1 leader_uuid: "3eefa81a1d344cca94cb71d8fc3a7c08" committed_config { opid_index: -1 OBSOLETE_local: true peers { permanent_uuid: "3eefa81a1d344cca94cb71d8fc3a7c08" member_type: VOTER last_known_addr { host: "127.18.43.1" port: 46659 } health_report { overall_health: HEALTHY } } }
I0710 23:26:37.835927 21600 raft_consensus.cc:479] T d9d53b3911f045fda410a0ae098496f4 P 3eefa81a1d344cca94cb71d8fc3a7c08 [term 1 FOLLOWER]: Starting leader election with config: opid_index: -1 OBSOLETE_local: true peers { permanent_uuid: "3eefa81a1d344cca94cb71d8fc3a7c08" member_type: VOTER last_known_addr { host: "127.18.43.1" port: 46659 } }
I0710 23:26:37.836016 21600 leader_election.cc:278] T d9d53b3911f045fda410a0ae098496f4 P 3eefa81a1d344cca94cb71d8fc3a7c08 [CANDIDATE]: Term 1 election: Election decided. Result: candidate won.
I0710 23:26:37.836167 21603 raft_consensus.cc:2732] T d9d53b3911f045fda410a0ae098496f4 P 3eefa81a1d344cca94cb71d8fc3a7c08: Snoozing failure detection for 1.611s (election complete)
I0710 23:26:37.836231 21603 raft_consensus.cc:2539] T d9d53b3911f045fda410a0ae098496f4 P 3eefa81a1d344cca94cb71d8fc3a7c08 [term 1 FOLLOWER]: Leader election won for term 1
I0710 23:26:37.836282 21600 ts_tablet_manager.cc:1073] T d9d53b3911f045fda410a0ae098496f4 P 3eefa81a1d344cca94cb71d8fc3a7c08: Time spent starting tablet: real 0.002s user 0.002s sys 0.000s
I0710 23:26:37.836372 21600 ts_tablet_manager.cc:1028] T 6be9b59101ec4ae6bec4f3111efb82b3 P 3eefa81a1d344cca94cb71d8fc3a7c08: Bootstrapping tablet
I0710 23:26:37.836454 21600 tablet_bootstrap.cc:427] T 6be9b59101ec4ae6bec4f3111efb82b3 P 3eefa81a1d344cca94cb71d8fc3a7c08: Bootstrap starting.
I0710 23:26:37.837244 21600 tablet_bootstrap.cc:578] T 6be9b59101ec4ae6bec4f3111efb82b3 P 3eefa81a1d344cca94cb71d8fc3a7c08: No blocks or log segments found. Creating new log.
I0710 23:26:37.836290 21603 raft_consensus.cc:595] T d9d53b3911f045fda410a0ae098496f4 P 3eefa81a1d344cca94cb71d8fc3a7c08 [term 1 LEADER]: Becoming Leader. State: Replica: 3eefa81a1d344cca94cb71d8fc3a7c08, State: Running, Role: LEADER
I0710 23:26:37.837837 21603 consensus_queue.cc:204] T d9d53b3911f045fda410a0ae098496f4 P 3eefa81a1d344cca94cb71d8fc3a7c08 [LEADER]: Queue going to LEADER mode. State: All replicated index: 0, Majority replicated index: 0, Committed index: 0, Last appended: 0.0, Last appended by leader: 0, Current term: 1, Majority size: 1, State: 0, Mode: LEADER, active raft config: opid_index: -1 OBSOLETE_local: true peers { permanent_uuid: "3eefa81a1d344cca94cb71d8fc3a7c08" member_type: VOTER last_known_addr { host: "127.18.43.1" port: 46659 } }
I0710 23:26:37.838330 21600 tablet_bootstrap.cc:427] T 6be9b59101ec4ae6bec4f3111efb82b3 P 3eefa81a1d344cca94cb71d8fc3a7c08: No bootstrap required, opened a new log
I0710 23:26:37.838408 21600 ts_tablet_manager.cc:1045] T 6be9b59101ec4ae6bec4f3111efb82b3 P 3eefa81a1d344cca94cb71d8fc3a7c08: Time spent bootstrapping tablet: real 0.002s user 0.001s sys 0.000s
I0710 23:26:37.838851 21600 raft_consensus.cc:325] T 6be9b59101ec4ae6bec4f3111efb82b3 P 3eefa81a1d344cca94cb71d8fc3a7c08 [term 0 FOLLOWER]: Replica starting. Triggering 0 pending transactions. Active config: opid_index: -1 OBSOLETE_local: true peers { permanent_uuid: "3eefa81a1d344cca94cb71d8fc3a7c08" member_type: VOTER last_known_addr { host: "127.18.43.1" port: 46659 } }
I0710 23:26:37.838856 21538 catalog_manager.cc:3827] T d9d53b3911f045fda410a0ae098496f4 P 3eefa81a1d344cca94cb71d8fc3a7c08 reported cstate change: term changed from 0 to 1, leader changed from to 3eefa81a1d344cca94cb71d8fc3a7c08 (127.18.43.1). New cstate: current_term: 1 leader_uuid: "3eefa81a1d344cca94cb71d8fc3a7c08" committed_config { opid_index: -1 OBSOLETE_local: true peers { permanent_uuid: "3eefa81a1d344cca94cb71d8fc3a7c08" member_type: VOTER last_known_addr { host: "127.18.43.1" port: 46659 } health_report { overall_health: HEALTHY } } }
I0710 23:26:37.838884 21600 raft_consensus.cc:351] T 6be9b59101ec4ae6bec4f3111efb82b3 P 3eefa81a1d344cca94cb71d8fc3a7c08 [term 0 FOLLOWER]: Consensus starting up: Expiring failure detector timer to make a prompt election more likely
I0710 23:26:37.838898 21600 raft_consensus.cc:630] T 6be9b59101ec4ae6bec4f3111efb82b3 P 3eefa81a1d344cca94cb71d8fc3a7c08 [term 0 FOLLOWER]: Becoming Follower/Learner. State: Replica: 3eefa81a1d344cca94cb71d8fc3a7c08, State: Initialized, Role: FOLLOWER
I0710 23:26:37.839498 21600 consensus_queue.cc:227] T 6be9b59101ec4ae6bec4f3111efb82b3 P 3eefa81a1d344cca94cb71d8fc3a7c08 [NON_LEADER]: Queue going to NON_LEADER mode. State: All replicated index: 0, Majority replicated index: 0, Committed index: 0, Last appended: 0.0, Last appended by leader: 0, Current term: 0, Majority size: -1, State: 0, Mode: NON_LEADER, active raft config: opid_index: -1 OBSOLETE_local: true peers { permanent_uuid: "3eefa81a1d344cca94cb71d8fc3a7c08" member_type: VOTER last_known_addr { host: "127.18.43.1" port: 46659 } }
I0710 23:26:37.839578 21600 raft_consensus.cc:365] T 6be9b59101ec4ae6bec4f3111efb82b3 P 3eefa81a1d344cca94cb71d8fc3a7c08 [term 0 FOLLOWER]: Only one voter in the Raft config. Triggering election immediately
I0710 23:26:37.839639 21600 raft_consensus.cc:457] T 6be9b59101ec4ae6bec4f3111efb82b3 P 3eefa81a1d344cca94cb71d8fc3a7c08 [term 0 FOLLOWER]: Starting leader election (initial election of a single-replica configuration)
I0710 23:26:37.839689 21600 raft_consensus.cc:2732] T 6be9b59101ec4ae6bec4f3111efb82b3 P 3eefa81a1d344cca94cb71d8fc3a7c08: Snoozing failure detection for 1.843s (starting election)
I0710 23:26:37.839717 21600 raft_consensus.cc:2784] T 6be9b59101ec4ae6bec4f3111efb82b3 P 3eefa81a1d344cca94cb71d8fc3a7c08 [term 0 FOLLOWER]: Advancing to term 1
I0710 23:26:37.840585 21600 raft_consensus.cc:479] T 6be9b59101ec4ae6bec4f3111efb82b3 P 3eefa81a1d344cca94cb71d8fc3a7c08 [term 1 FOLLOWER]: Starting leader election with config: opid_index: -1 OBSOLETE_local: true peers { permanent_uuid: "3eefa81a1d344cca94cb71d8fc3a7c08" member_type: VOTER last_known_addr { host: "127.18.43.1" port: 46659 } }
I0710 23:26:37.840664 21600 leader_election.cc:278] T 6be9b59101ec4ae6bec4f3111efb82b3 P 3eefa81a1d344cca94cb71d8fc3a7c08 [CANDIDATE]: Term 1 election: Election decided. Result: candidate won.
I0710 23:26:37.840852 21603 raft_consensus.cc:2732] T 6be9b59101ec4ae6bec4f3111efb82b3 P 3eefa81a1d344cca94cb71d8fc3a7c08: Snoozing failure detection for 1.781s (election complete)
I0710 23:26:37.840903 21603 raft_consensus.cc:2539] T 6be9b59101ec4ae6bec4f3111efb82b3 P 3eefa81a1d344cca94cb71d8fc3a7c08 [term 1 FOLLOWER]: Leader election won for term 1
I0710 23:26:37.840968 21603 raft_consensus.cc:595] T 6be9b59101ec4ae6bec4f3111efb82b3 P 3eefa81a1d344cca94cb71d8fc3a7c08 [term 1 LEADER]: Becoming Leader. State: Replica: 3eefa81a1d344cca94cb71d8fc3a7c08, State: Running, Role: LEADER
I0710 23:26:37.840992 21600 ts_tablet_manager.cc:1073] T 6be9b59101ec4ae6bec4f3111efb82b3 P 3eefa81a1d344cca94cb71d8fc3a7c08: Time spent starting tablet: real 0.003s user 0.002s sys 0.000s
I0710 23:26:37.841158 21603 consensus_queue.cc:204] T 6be9b59101ec4ae6bec4f3111efb82b3 P 3eefa81a1d344cca94cb71d8fc3a7c08 [LEADER]: Queue going to LEADER mode. State: All replicated index: 0, Majority replicated index: 0, Committed index: 0, Last appended: 0.0, Last appended by leader: 0, Current term: 1, Majority size: 1, State: 0, Mode: LEADER, active raft config: opid_index: -1 OBSOLETE_local: true peers { permanent_uuid: "3eefa81a1d344cca94cb71d8fc3a7c08" member_type: VOTER last_known_addr { host: "127.18.43.1" port: 46659 } }
I0710 23:26:37.841163 21600 ts_tablet_manager.cc:1028] T 9dded2401cb943f0a2bea0337291992a P 3eefa81a1d344cca94cb71d8fc3a7c08: Bootstrapping tablet
I0710 23:26:37.841241 21600 tablet_bootstrap.cc:427] T 9dded2401cb943f0a2bea0337291992a P 3eefa81a1d344cca94cb71d8fc3a7c08: Bootstrap starting.
I0710 23:26:37.842182 21600 tablet_bootstrap.cc:578] T 9dded2401cb943f0a2bea0337291992a P 3eefa81a1d344cca94cb71d8fc3a7c08: No blocks or log segments found. Creating new log.
I0710 23:26:37.842332 21538 catalog_manager.cc:3827] T 6be9b59101ec4ae6bec4f3111efb82b3 P 3eefa81a1d344cca94cb71d8fc3a7c08 reported cstate change: term changed from 0 to 1, leader changed from to 3eefa81a1d344cca94cb71d8fc3a7c08 (127.18.43.1). New cstate: current_term: 1 leader_uuid: "3eefa81a1d344cca94cb71d8fc3a7c08" committed_config { opid_index: -1 OBSOLETE_local: true peers { permanent_uuid: "3eefa81a1d344cca94cb71d8fc3a7c08" member_type: VOTER last_known_addr { host: "127.18.43.1" port: 46659 } health_report { overall_health: HEALTHY } } }
I0710 23:26:37.843140 21600 tablet_bootstrap.cc:427] T 9dded2401cb943f0a2bea0337291992a P 3eefa81a1d344cca94cb71d8fc3a7c08: No bootstrap required, opened a new log
I0710 23:26:37.843215 21600 ts_tablet_manager.cc:1045] T 9dded2401cb943f0a2bea0337291992a P 3eefa81a1d344cca94cb71d8fc3a7c08: Time spent bootstrapping tablet: real 0.002s user 0.001s sys 0.000s
I0710 23:26:37.843786 21600 raft_consensus.cc:325] T 9dded2401cb943f0a2bea0337291992a P 3eefa81a1d344cca94cb71d8fc3a7c08 [term 0 FOLLOWER]: Replica starting. Triggering 0 pending transactions. Active config: opid_index: -1 OBSOLETE_local: true peers { permanent_uuid: "3eefa81a1d344cca94cb71d8fc3a7c08" member_type: VOTER last_known_addr { host: "127.18.43.1" port: 46659 } }
I0710 23:26:37.843813 21600 raft_consensus.cc:351] T 9dded2401cb943f0a2bea0337291992a P 3eefa81a1d344cca94cb71d8fc3a7c08 [term 0 FOLLOWER]: Consensus starting up: Expiring failure detector timer to make a prompt election more likely
I0710 23:26:37.843824 21600 raft_consensus.cc:630] T 9dded2401cb943f0a2bea0337291992a P 3eefa81a1d344cca94cb71d8fc3a7c08 [term 0 FOLLOWER]: Becoming Follower/Learner. State: Replica: 3eefa81a1d344cca94cb71d8fc3a7c08, State: Initialized, Role: FOLLOWER
I0710 23:26:37.843997 21600 consensus_queue.cc:227] T 9dded2401cb943f0a2bea0337291992a P 3eefa81a1d344cca94cb71d8fc3a7c08 [NON_LEADER]: Queue going to NON_LEADER mode. State: All replicated index: 0, Majority replicated index: 0, Committed index: 0, Last appended: 0.0, Last appended by leader: 0, Current term: 0, Majority size: -1, State: 0, Mode: NON_LEADER, active raft config: opid_index: -1 OBSOLETE_local: true peers { permanent_uuid: "3eefa81a1d344cca94cb71d8fc3a7c08" member_type: VOTER last_known_addr { host: "127.18.43.1" port: 46659 } }
I0710 23:26:37.844027 21600 raft_consensus.cc:365] T 9dded2401cb943f0a2bea0337291992a P 3eefa81a1d344cca94cb71d8fc3a7c08 [term 0 FOLLOWER]: Only one voter in the Raft config. Triggering election immediately
I0710 23:26:37.844038 21600 raft_consensus.cc:457] T 9dded2401cb943f0a2bea0337291992a P 3eefa81a1d344cca94cb71d8fc3a7c08 [term 0 FOLLOWER]: Starting leader election (initial election of a single-replica configuration)
I0710 23:26:37.844061 21600 raft_consensus.cc:2732] T 9dded2401cb943f0a2bea0337291992a P 3eefa81a1d344cca94cb71d8fc3a7c08: Snoozing failure detection for 2.210s (starting election)
I0710 23:26:37.844076 21600 raft_consensus.cc:2784] T 9dded2401cb943f0a2bea0337291992a P 3eefa81a1d344cca94cb71d8fc3a7c08 [term 0 FOLLOWER]: Advancing to term 1
I0710 23:26:37.844991 21600 raft_consensus.cc:479] T 9dded2401cb943f0a2bea0337291992a P 3eefa81a1d344cca94cb71d8fc3a7c08 [term 1 FOLLOWER]: Starting leader election with config: opid_index: -1 OBSOLETE_local: true peers { permanent_uuid: "3eefa81a1d344cca94cb71d8fc3a7c08" member_type: VOTER last_known_addr { host: "127.18.43.1" port: 46659 } }
I0710 23:26:37.845072 21600 leader_election.cc:278] T 9dded2401cb943f0a2bea0337291992a P 3eefa81a1d344cca94cb71d8fc3a7c08 [CANDIDATE]: Term 1 election: Election decided. Result: candidate won.
I0710 23:26:37.845216 21603 raft_consensus.cc:2732] T 9dded2401cb943f0a2bea0337291992a P 3eefa81a1d344cca94cb71d8fc3a7c08: Snoozing failure detection for 1.916s (election complete)
I0710 23:26:37.845284 21603 raft_consensus.cc:2539] T 9dded2401cb943f0a2bea0337291992a P 3eefa81a1d344cca94cb71d8fc3a7c08 [term 1 FOLLOWER]: Leader election won for term 1
I0710 23:26:37.845337 21600 ts_tablet_manager.cc:1073] T 9dded2401cb943f0a2bea0337291992a P 3eefa81a1d344cca94cb71d8fc3a7c08: Time spent starting tablet: real 0.002s user 0.001s sys 0.000s
I0710 23:26:37.845365 21603 raft_consensus.cc:595] T 9dded2401cb943f0a2bea0337291992a P 3eefa81a1d344cca94cb71d8fc3a7c08 [term 1 LEADER]: Becoming Leader. State: Replica: 3eefa81a1d344cca94cb71d8fc3a7c08, State: Running, Role: LEADER
I0710 23:26:37.845412 21600 ts_tablet_manager.cc:1028] T 58a8d45cf5284f579b89c73d87015736 P 3eefa81a1d344cca94cb71d8fc3a7c08: Bootstrapping tablet
I0710 23:26:37.845510 21603 consensus_queue.cc:204] T 9dded2401cb943f0a2bea0337291992a P 3eefa81a1d344cca94cb71d8fc3a7c08 [LEADER]: Queue going to LEADER mode. State: All replicated index: 0, Majority replicated index: 0, Committed index: 0, Last appended: 0.0, Last appended by leader: 0, Current term: 1, Majority size: 1, State: 0, Mode: LEADER, active raft config: opid_index: -1 OBSOLETE_local: true peers { permanent_uuid: "3eefa81a1d344cca94cb71d8fc3a7c08" member_type: VOTER last_known_addr { host: "127.18.43.1" port: 46659 } }
I0710 23:26:37.845513 21600 tablet_bootstrap.cc:427] T 58a8d45cf5284f579b89c73d87015736 P 3eefa81a1d344cca94cb71d8fc3a7c08: Bootstrap starting.
I0710 23:26:37.846663 21600 tablet_bootstrap.cc:578] T 58a8d45cf5284f579b89c73d87015736 P 3eefa81a1d344cca94cb71d8fc3a7c08: No blocks or log segments found. Creating new log.
I0710 23:26:37.846845 21538 catalog_manager.cc:3827] T 9dded2401cb943f0a2bea0337291992a P 3eefa81a1d344cca94cb71d8fc3a7c08 reported cstate change: term changed from 0 to 1, leader changed from to 3eefa81a1d344cca94cb71d8fc3a7c08 (127.18.43.1). New cstate: current_term: 1 leader_uuid: "3eefa81a1d344cca94cb71d8fc3a7c08" committed_config { opid_index: -1 OBSOLETE_local: true peers { permanent_uuid: "3eefa81a1d344cca94cb71d8fc3a7c08" member_type: VOTER last_known_addr { host: "127.18.43.1" port: 46659 } health_report { overall_health: HEALTHY } } }
I0710 23:26:37.847784 21600 tablet_bootstrap.cc:427] T 58a8d45cf5284f579b89c73d87015736 P 3eefa81a1d344cca94cb71d8fc3a7c08: No bootstrap required, opened a new log
I0710 23:26:37.847867 21600 ts_tablet_manager.cc:1045] T 58a8d45cf5284f579b89c73d87015736 P 3eefa81a1d344cca94cb71d8fc3a7c08: Time spent bootstrapping tablet: real 0.002s user 0.002s sys 0.000s
I0710 23:26:37.848307 21600 raft_consensus.cc:325] T 58a8d45cf5284f579b89c73d87015736 P 3eefa81a1d344cca94cb71d8fc3a7c08 [term 0 FOLLOWER]: Replica starting. Triggering 0 pending transactions. Active config: opid_index: -1 OBSOLETE_local: true peers { permanent_uuid: "3eefa81a1d344cca94cb71d8fc3a7c08" member_type: VOTER last_known_addr { host: "127.18.43.1" port: 46659 } }
I0710 23:26:37.848335 21600 raft_consensus.cc:351] T 58a8d45cf5284f579b89c73d87015736 P 3eefa81a1d344cca94cb71d8fc3a7c08 [term 0 FOLLOWER]: Consensus starting up: Expiring failure detector timer to make a prompt election more likely
I0710 23:26:37.848350 21600 raft_consensus.cc:630] T 58a8d45cf5284f579b89c73d87015736 P 3eefa81a1d344cca94cb71d8fc3a7c08 [term 0 FOLLOWER]: Becoming Follower/Learner. State: Replica: 3eefa81a1d344cca94cb71d8fc3a7c08, State: Initialized, Role: FOLLOWER
I0710 23:26:37.848505 21600 consensus_queue.cc:227] T 58a8d45cf5284f579b89c73d87015736 P 3eefa81a1d344cca94cb71d8fc3a7c08 [NON_LEADER]: Queue going to NON_LEADER mode. State: All replicated index: 0, Majority replicated index: 0, Committed index: 0, Last appended: 0.0, Last appended by leader: 0, Current term: 0, Majority size: -1, State: 0, Mode: NON_LEADER, active raft config: opid_index: -1 OBSOLETE_local: true peers { permanent_uuid: "3eefa81a1d344cca94cb71d8fc3a7c08" member_type: VOTER last_known_addr { host: "127.18.43.1" port: 46659 } }
I0710 23:26:37.848533 21600 raft_consensus.cc:365] T 58a8d45cf5284f579b89c73d87015736 P 3eefa81a1d344cca94cb71d8fc3a7c08 [term 0 FOLLOWER]: Only one voter in the Raft config. Triggering election immediately
I0710 23:26:37.848543 21600 raft_consensus.cc:457] T 58a8d45cf5284f579b89c73d87015736 P 3eefa81a1d344cca94cb71d8fc3a7c08 [term 0 FOLLOWER]: Starting leader election (initial election of a single-replica configuration)
I0710 23:26:37.848568 21600 raft_consensus.cc:2732] T 58a8d45cf5284f579b89c73d87015736 P 3eefa81a1d344cca94cb71d8fc3a7c08: Snoozing failure detection for 2.176s (starting election)
I0710 23:26:37.848583 21600 raft_consensus.cc:2784] T 58a8d45cf5284f579b89c73d87015736 P 3eefa81a1d344cca94cb71d8fc3a7c08 [term 0 FOLLOWER]: Advancing to term 1
I0710 23:26:37.849413 21600 raft_consensus.cc:479] T 58a8d45cf5284f579b89c73d87015736 P 3eefa81a1d344cca94cb71d8fc3a7c08 [term 1 FOLLOWER]: Starting leader election with config: opid_index: -1 OBSOLETE_local: true peers { permanent_uuid: "3eefa81a1d344cca94cb71d8fc3a7c08" member_type: VOTER last_known_addr { host: "127.18.43.1" port: 46659 } }
I0710 23:26:37.849498 21600 leader_election.cc:278] T 58a8d45cf5284f579b89c73d87015736 P 3eefa81a1d344cca94cb71d8fc3a7c08 [CANDIDATE]: Term 1 election: Election decided. Result: candidate won.
I0710 23:26:37.849663 21603 raft_consensus.cc:2732] T 58a8d45cf5284f579b89c73d87015736 P 3eefa81a1d344cca94cb71d8fc3a7c08: Snoozing failure detection for 2.002s (election complete)
I0710 23:26:37.849736 21603 raft_consensus.cc:2539] T 58a8d45cf5284f579b89c73d87015736 P 3eefa81a1d344cca94cb71d8fc3a7c08 [term 1 FOLLOWER]: Leader election won for term 1
I0710 23:26:37.849788 21603 raft_consensus.cc:595] T 58a8d45cf5284f579b89c73d87015736 P 3eefa81a1d344cca94cb71d8fc3a7c08 [term 1 LEADER]: Becoming Leader. State: Replica: 3eefa81a1d344cca94cb71d8fc3a7c08, State: Running, Role: LEADER
I0710 23:26:37.849792 21600 ts_tablet_manager.cc:1073] T 58a8d45cf5284f579b89c73d87015736 P 3eefa81a1d344cca94cb71d8fc3a7c08: Time spent starting tablet: real 0.002s user 0.002s sys 0.000s
I0710 23:26:37.849858 21600 ts_tablet_manager.cc:1028] T 420e91af2ba54520ac1b422b22a543eb P 3eefa81a1d344cca94cb71d8fc3a7c08: Bootstrapping tablet
I0710 23:26:37.849916 21603 consensus_queue.cc:204] T 58a8d45cf5284f579b89c73d87015736 P 3eefa81a1d344cca94cb71d8fc3a7c08 [LEADER]: Queue going to LEADER mode. State: All replicated index: 0, Majority replicated index: 0, Committed index: 0, Last appended: 0.0, Last appended by leader: 0, Current term: 1, Majority size: 1, State: 0, Mode: LEADER, active raft config: opid_index: -1 OBSOLETE_local: true peers { permanent_uuid: "3eefa81a1d344cca94cb71d8fc3a7c08" member_type: VOTER last_known_addr { host: "127.18.43.1" port: 46659 } }
I0710 23:26:37.849922 21600 tablet_bootstrap.cc:427] T 420e91af2ba54520ac1b422b22a543eb P 3eefa81a1d344cca94cb71d8fc3a7c08: Bootstrap starting.
I0710 23:26:37.850834 21600 tablet_bootstrap.cc:578] T 420e91af2ba54520ac1b422b22a543eb P 3eefa81a1d344cca94cb71d8fc3a7c08: No blocks or log segments found. Creating new log.
I0710 23:26:37.851095 21538 catalog_manager.cc:3827] T 58a8d45cf5284f579b89c73d87015736 P 3eefa81a1d344cca94cb71d8fc3a7c08 reported cstate change: term changed from 0 to 1, leader changed from to 3eefa81a1d344cca94cb71d8fc3a7c08 (127.18.43.1). New cstate: current_term: 1 leader_uuid: "3eefa81a1d344cca94cb71d8fc3a7c08" committed_config { opid_index: -1 OBSOLETE_local: true peers { permanent_uuid: "3eefa81a1d344cca94cb71d8fc3a7c08" member_type: VOTER last_known_addr { host: "127.18.43.1" port: 46659 } health_report { overall_health: HEALTHY } } }
I0710 23:26:37.851680 21600 tablet_bootstrap.cc:427] T 420e91af2ba54520ac1b422b22a543eb P 3eefa81a1d344cca94cb71d8fc3a7c08: No bootstrap required, opened a new log
I0710 23:26:37.851752 21600 ts_tablet_manager.cc:1045] T 420e91af2ba54520ac1b422b22a543eb P 3eefa81a1d344cca94cb71d8fc3a7c08: Time spent bootstrapping tablet: real 0.002s user 0.002s sys 0.000s
I0710 23:26:37.852159 21600 raft_consensus.cc:325] T 420e91af2ba54520ac1b422b22a543eb P 3eefa81a1d344cca94cb71d8fc3a7c08 [term 0 FOLLOWER]: Replica starting. Triggering 0 pending transactions. Active config: opid_index: -1 OBSOLETE_local: true peers { permanent_uuid: "3eefa81a1d344cca94cb71d8fc3a7c08" member_type: VOTER last_known_addr { host: "127.18.43.1" port: 46659 } }
I0710 23:26:37.852190 21600 raft_consensus.cc:351] T 420e91af2ba54520ac1b422b22a543eb P 3eefa81a1d344cca94cb71d8fc3a7c08 [term 0 FOLLOWER]: Consensus starting up: Expiring failure detector timer to make a prompt election more likely
I0710 23:26:37.852203 21600 raft_consensus.cc:630] T 420e91af2ba54520ac1b422b22a543eb P 3eefa81a1d344cca94cb71d8fc3a7c08 [term 0 FOLLOWER]: Becoming Follower/Learner. State: Replica: 3eefa81a1d344cca94cb71d8fc3a7c08, State: Initialized, Role: FOLLOWER
I0710 23:26:37.852310 21600 consensus_queue.cc:227] T 420e91af2ba54520ac1b422b22a543eb P 3eefa81a1d344cca94cb71d8fc3a7c08 [NON_LEADER]: Queue going to NON_LEADER mode. State: All replicated index: 0, Majority replicated index: 0, Committed index: 0, Last appended: 0.0, Last appended by leader: 0, Current term: 0, Majority size: -1, State: 0, Mode: NON_LEADER, active raft config: opid_index: -1 OBSOLETE_local: true peers { permanent_uuid: "3eefa81a1d344cca94cb71d8fc3a7c08" member_type: VOTER last_known_addr { host: "127.18.43.1" port: 46659 } }
I0710 23:26:37.852354 21600 raft_consensus.cc:365] T 420e91af2ba54520ac1b422b22a543eb P 3eefa81a1d344cca94cb71d8fc3a7c08 [term 0 FOLLOWER]: Only one voter in the Raft config. Triggering election immediately
I0710 23:26:37.852373 21600 raft_consensus.cc:457] T 420e91af2ba54520ac1b422b22a543eb P 3eefa81a1d344cca94cb71d8fc3a7c08 [term 0 FOLLOWER]: Starting leader election (initial election of a single-replica configuration)
I0710 23:26:37.852391 21600 raft_consensus.cc:2732] T 420e91af2ba54520ac1b422b22a543eb P 3eefa81a1d344cca94cb71d8fc3a7c08: Snoozing failure detection for 1.751s (starting election)
I0710 23:26:37.852409 21600 raft_consensus.cc:2784] T 420e91af2ba54520ac1b422b22a543eb P 3eefa81a1d344cca94cb71d8fc3a7c08 [term 0 FOLLOWER]: Advancing to term 1
I0710 23:26:37.853294 21600 raft_consensus.cc:479] T 420e91af2ba54520ac1b422b22a543eb P 3eefa81a1d344cca94cb71d8fc3a7c08 [term 1 FOLLOWER]: Starting leader election with config: opid_index: -1 OBSOLETE_local: true peers { permanent_uuid: "3eefa81a1d344cca94cb71d8fc3a7c08" member_type: VOTER last_known_addr { host: "127.18.43.1" port: 46659 } }
I0710 23:26:37.853379 21600 leader_election.cc:278] T 420e91af2ba54520ac1b422b22a543eb P 3eefa81a1d344cca94cb71d8fc3a7c08 [CANDIDATE]: Term 1 election: Election decided. Result: candidate won.
I0710 23:26:37.853516 21606 raft_consensus.cc:2732] T 420e91af2ba54520ac1b422b22a543eb P 3eefa81a1d344cca94cb71d8fc3a7c08: Snoozing failure detection for 1.864s (election complete)
I0710 23:26:37.853580 21606 raft_consensus.cc:2539] T 420e91af2ba54520ac1b422b22a543eb P 3eefa81a1d344cca94cb71d8fc3a7c08 [term 1 FOLLOWER]: Leader election won for term 1
I0710 23:26:37.853632 21600 ts_tablet_manager.cc:1073] T 420e91af2ba54520ac1b422b22a543eb P 3eefa81a1d344cca94cb71d8fc3a7c08: Time spent starting tablet: real 0.002s user 0.001s sys 0.000s
I0710 23:26:37.853703 21600 ts_tablet_manager.cc:1028] T 188113a621d14966945feb51e41ea4a5 P 3eefa81a1d344cca94cb71d8fc3a7c08: Bootstrapping tablet
I0710 23:26:37.853770 21600 tablet_bootstrap.cc:427] T 188113a621d14966945feb51e41ea4a5 P 3eefa81a1d344cca94cb71d8fc3a7c08: Bootstrap starting.
I0710 23:26:37.854638 21600 tablet_bootstrap.cc:578] T 188113a621d14966945feb51e41ea4a5 P 3eefa81a1d344cca94cb71d8fc3a7c08: No blocks or log segments found. Creating new log.
I0710 23:26:37.853638 21606 raft_consensus.cc:595] T 420e91af2ba54520ac1b422b22a543eb P 3eefa81a1d344cca94cb71d8fc3a7c08 [term 1 LEADER]: Becoming Leader. State: Replica: 3eefa81a1d344cca94cb71d8fc3a7c08, State: Running, Role: LEADER
I0710 23:26:37.855293 21606 consensus_queue.cc:204] T 420e91af2ba54520ac1b422b22a543eb P 3eefa81a1d344cca94cb71d8fc3a7c08 [LEADER]: Queue going to LEADER mode. State: All replicated index: 0, Majority replicated index: 0, Committed index: 0, Last appended: 0.0, Last appended by leader: 0, Current term: 1, Majority size: 1, State: 0, Mode: LEADER, active raft config: opid_index: -1 OBSOLETE_local: true peers { permanent_uuid: "3eefa81a1d344cca94cb71d8fc3a7c08" member_type: VOTER last_known_addr { host: "127.18.43.1" port: 46659 } }
I0710 23:26:37.856531 21538 catalog_manager.cc:3827] T 420e91af2ba54520ac1b422b22a543eb P 3eefa81a1d344cca94cb71d8fc3a7c08 reported cstate change: term changed from 0 to 1, leader changed from to 3eefa81a1d344cca94cb71d8fc3a7c08 (127.18.43.1). New cstate: current_term: 1 leader_uuid: "3eefa81a1d344cca94cb71d8fc3a7c08" committed_config { opid_index: -1 OBSOLETE_local: true peers { permanent_uuid: "3eefa81a1d344cca94cb71d8fc3a7c08" member_type: VOTER last_known_addr { host: "127.18.43.1" port: 46659 } health_report { overall_health: HEALTHY } } }
I0710 23:26:37.856588 21600 tablet_bootstrap.cc:427] T 188113a621d14966945feb51e41ea4a5 P 3eefa81a1d344cca94cb71d8fc3a7c08: No bootstrap required, opened a new log
I0710 23:26:37.856673 21600 ts_tablet_manager.cc:1045] T 188113a621d14966945feb51e41ea4a5 P 3eefa81a1d344cca94cb71d8fc3a7c08: Time spent bootstrapping tablet: real 0.003s user 0.001s sys 0.000s
I0710 23:26:37.857125 21600 raft_consensus.cc:325] T 188113a621d14966945feb51e41ea4a5 P 3eefa81a1d344cca94cb71d8fc3a7c08 [term 0 FOLLOWER]: Replica starting. Triggering 0 pending transactions. Active config: opid_index: -1 OBSOLETE_local: true peers { permanent_uuid: "3eefa81a1d344cca94cb71d8fc3a7c08" member_type: VOTER last_known_addr { host: "127.18.43.1" port: 46659 } }
I0710 23:26:37.857161 21600 raft_consensus.cc:351] T 188113a621d14966945feb51e41ea4a5 P 3eefa81a1d344cca94cb71d8fc3a7c08 [term 0 FOLLOWER]: Consensus starting up: Expiring failure detector timer to make a prompt election more likely
I0710 23:26:37.857174 21600 raft_consensus.cc:630] T 188113a621d14966945feb51e41ea4a5 P 3eefa81a1d344cca94cb71d8fc3a7c08 [term 0 FOLLOWER]: Becoming Follower/Learner. State: Replica: 3eefa81a1d344cca94cb71d8fc3a7c08, State: Initialized, Role: FOLLOWER
I0710 23:26:37.857317 21600 consensus_queue.cc:227] T 188113a621d14966945feb51e41ea4a5 P 3eefa81a1d344cca94cb71d8fc3a7c08 [NON_LEADER]: Queue going to NON_LEADER mode. State: All replicated index: 0, Majority replicated index: 0, Committed index: 0, Last appended: 0.0, Last appended by leader: 0, Current term: 0, Majority size: -1, State: 0, Mode: NON_LEADER, active raft config: opid_index: -1 OBSOLETE_local: true peers { permanent_uuid: "3eefa81a1d344cca94cb71d8fc3a7c08" member_type: VOTER last_known_addr { host: "127.18.43.1" port: 46659 } }
I0710 23:26:37.857345 21600 raft_consensus.cc:365] T 188113a621d14966945feb51e41ea4a5 P 3eefa81a1d344cca94cb71d8fc3a7c08 [term 0 FOLLOWER]: Only one voter in the Raft config. Triggering election immediately
I0710 23:26:37.857358 21600 raft_consensus.cc:457] T 188113a621d14966945feb51e41ea4a5 P 3eefa81a1d344cca94cb71d8fc3a7c08 [term 0 FOLLOWER]: Starting leader election (initial election of a single-replica configuration)
I0710 23:26:37.857389 21600 raft_consensus.cc:2732] T 188113a621d14966945feb51e41ea4a5 P 3eefa81a1d344cca94cb71d8fc3a7c08: Snoozing failure detection for 1.588s (starting election)
I0710 23:26:37.857409 21600 raft_consensus.cc:2784] T 188113a621d14966945feb51e41ea4a5 P 3eefa81a1d344cca94cb71d8fc3a7c08 [term 0 FOLLOWER]: Advancing to term 1
I0710 23:26:37.858336 21600 raft_consensus.cc:479] T 188113a621d14966945feb51e41ea4a5 P 3eefa81a1d344cca94cb71d8fc3a7c08 [term 1 FOLLOWER]: Starting leader election with config: opid_index: -1 OBSOLETE_local: true peers { permanent_uuid: "3eefa81a1d344cca94cb71d8fc3a7c08" member_type: VOTER last_known_addr { host: "127.18.43.1" port: 46659 } }
I0710 23:26:37.858418 21600 leader_election.cc:278] T 188113a621d14966945feb51e41ea4a5 P 3eefa81a1d344cca94cb71d8fc3a7c08 [CANDIDATE]: Term 1 election: Election decided. Result: candidate won.
I0710 23:26:37.858562 21606 raft_consensus.cc:2732] T 188113a621d14966945feb51e41ea4a5 P 3eefa81a1d344cca94cb71d8fc3a7c08: Snoozing failure detection for 1.543s (election complete)
I0710 23:26:37.858623 21606 raft_consensus.cc:2539] T 188113a621d14966945feb51e41ea4a5 P 3eefa81a1d344cca94cb71d8fc3a7c08 [term 1 FOLLOWER]: Leader election won for term 1
I0710 23:26:37.858671 21606 raft_consensus.cc:595] T 188113a621d14966945feb51e41ea4a5 P 3eefa81a1d344cca94cb71d8fc3a7c08 [term 1 LEADER]: Becoming Leader. State: Replica: 3eefa81a1d344cca94cb71d8fc3a7c08, State: Running, Role: LEADER
I0710 23:26:37.858681 21600 ts_tablet_manager.cc:1073] T 188113a621d14966945feb51e41ea4a5 P 3eefa81a1d344cca94cb71d8fc3a7c08: Time spent starting tablet: real 0.002s user 0.001s sys 0.000s
I0710 23:26:37.858770 21600 ts_tablet_manager.cc:1028] T bfe7d79a3ac644dc8598fc864fbe659e P 3eefa81a1d344cca94cb71d8fc3a7c08: Bootstrapping tablet
I0710 23:26:37.858786 21606 consensus_queue.cc:204] T 188113a621d14966945feb51e41ea4a5 P 3eefa81a1d344cca94cb71d8fc3a7c08 [LEADER]: Queue going to LEADER mode. State: All replicated index: 0, Majority replicated index: 0, Committed index: 0, Last appended: 0.0, Last appended by leader: 0, Current term: 1, Majority size: 1, State: 0, Mode: LEADER, active raft config: opid_index: -1 OBSOLETE_local: true peers { permanent_uuid: "3eefa81a1d344cca94cb71d8fc3a7c08" member_type: VOTER last_known_addr { host: "127.18.43.1" port: 46659 } }
I0710 23:26:37.858841 21600 tablet_bootstrap.cc:427] T bfe7d79a3ac644dc8598fc864fbe659e P 3eefa81a1d344cca94cb71d8fc3a7c08: Bootstrap starting.
I0710 23:26:37.859768 21600 tablet_bootstrap.cc:578] T bfe7d79a3ac644dc8598fc864fbe659e P 3eefa81a1d344cca94cb71d8fc3a7c08: No blocks or log segments found. Creating new log.
I0710 23:26:37.859997 21538 catalog_manager.cc:3827] T 188113a621d14966945feb51e41ea4a5 P 3eefa81a1d344cca94cb71d8fc3a7c08 reported cstate change: term changed from 0 to 1, leader changed from to 3eefa81a1d344cca94cb71d8fc3a7c08 (127.18.43.1). New cstate: current_term: 1 leader_uuid: "3eefa81a1d344cca94cb71d8fc3a7c08" committed_config { opid_index: -1 OBSOLETE_local: true peers { permanent_uuid: "3eefa81a1d344cca94cb71d8fc3a7c08" member_type: VOTER last_known_addr { host: "127.18.43.1" port: 46659 } health_report { overall_health: HEALTHY } } }
I0710 23:26:37.860646 21600 tablet_bootstrap.cc:427] T bfe7d79a3ac644dc8598fc864fbe659e P 3eefa81a1d344cca94cb71d8fc3a7c08: No bootstrap required, opened a new log
I0710 23:26:37.860723 21600 ts_tablet_manager.cc:1045] T bfe7d79a3ac644dc8598fc864fbe659e P 3eefa81a1d344cca94cb71d8fc3a7c08: Time spent bootstrapping tablet: real 0.002s user 0.001s sys 0.000s
I0710 23:26:37.861191 21600 raft_consensus.cc:325] T bfe7d79a3ac644dc8598fc864fbe659e P 3eefa81a1d344cca94cb71d8fc3a7c08 [term 0 FOLLOWER]: Replica starting. Triggering 0 pending transactions. Active config: opid_index: -1 OBSOLETE_local: true peers { permanent_uuid: "3eefa81a1d344cca94cb71d8fc3a7c08" member_type: VOTER last_known_addr { host: "127.18.43.1" port: 46659 } }
I0710 23:26:37.861218 21600 raft_consensus.cc:351] T bfe7d79a3ac644dc8598fc864fbe659e P 3eefa81a1d344cca94cb71d8fc3a7c08 [term 0 FOLLOWER]: Consensus starting up: Expiring failure detector timer to make a prompt election more likely
I0710 23:26:37.861232 21600 raft_consensus.cc:630] T bfe7d79a3ac644dc8598fc864fbe659e P 3eefa81a1d344cca94cb71d8fc3a7c08 [term 0 FOLLOWER]: Becoming Follower/Learner. State: Replica: 3eefa81a1d344cca94cb71d8fc3a7c08, State: Initialized, Role: FOLLOWER
I0710 23:26:37.861348 21600 consensus_queue.cc:227] T bfe7d79a3ac644dc8598fc864fbe659e P 3eefa81a1d344cca94cb71d8fc3a7c08 [NON_LEADER]: Queue going to NON_LEADER mode. State: All replicated index: 0, Majority replicated index: 0, Committed index: 0, Last appended: 0.0, Last appended by leader: 0, Current term: 0, Majority size: -1, State: 0, Mode: NON_LEADER, active raft config: opid_index: -1 OBSOLETE_local: true peers { permanent_uuid: "3eefa81a1d344cca94cb71d8fc3a7c08" member_type: VOTER last_known_addr { host: "127.18.43.1" port: 46659 } }
I0710 23:26:37.861376 21600 raft_consensus.cc:365] T bfe7d79a3ac644dc8598fc864fbe659e P 3eefa81a1d344cca94cb71d8fc3a7c08 [term 0 FOLLOWER]: Only one voter in the Raft config. Triggering election immediately
I0710 23:26:37.861387 21600 raft_consensus.cc:457] T bfe7d79a3ac644dc8598fc864fbe659e P 3eefa81a1d344cca94cb71d8fc3a7c08 [term 0 FOLLOWER]: Starting leader election (initial election of a single-replica configuration)
I0710 23:26:37.861407 21600 raft_consensus.cc:2732] T bfe7d79a3ac644dc8598fc864fbe659e P 3eefa81a1d344cca94cb71d8fc3a7c08: Snoozing failure detection for 1.689s (starting election)
I0710 23:26:37.861454 21600 raft_consensus.cc:2784] T bfe7d79a3ac644dc8598fc864fbe659e P 3eefa81a1d344cca94cb71d8fc3a7c08 [term 0 FOLLOWER]: Advancing to term 1
I0710 23:26:37.862354 21600 raft_consensus.cc:479] T bfe7d79a3ac644dc8598fc864fbe659e P 3eefa81a1d344cca94cb71d8fc3a7c08 [term 1 FOLLOWER]: Starting leader election with config: opid_index: -1 OBSOLETE_local: true peers { permanent_uuid: "3eefa81a1d344cca94cb71d8fc3a7c08" member_type: VOTER last_known_addr { host: "127.18.43.1" port: 46659 } }
I0710 23:26:37.862427 21600 leader_election.cc:278] T bfe7d79a3ac644dc8598fc864fbe659e P 3eefa81a1d344cca94cb71d8fc3a7c08 [CANDIDATE]: Term 1 election: Election decided. Result: candidate won.
I0710 23:26:37.862553 21603 raft_consensus.cc:2732] T bfe7d79a3ac644dc8598fc864fbe659e P 3eefa81a1d344cca94cb71d8fc3a7c08: Snoozing failure detection for 2.190s (election complete)
I0710 23:26:37.862627 21603 raft_consensus.cc:2539] T bfe7d79a3ac644dc8598fc864fbe659e P 3eefa81a1d344cca94cb71d8fc3a7c08 [term 1 FOLLOWER]: Leader election won for term 1
I0710 23:26:37.862677 21600 ts_tablet_manager.cc:1073] T bfe7d79a3ac644dc8598fc864fbe659e P 3eefa81a1d344cca94cb71d8fc3a7c08: Time spent starting tablet: real 0.002s user 0.001s sys 0.000s
I0710 23:26:37.862771 21600 ts_tablet_manager.cc:1028] T 3382fcc7728248248fce1bb6b6e10422 P 3eefa81a1d344cca94cb71d8fc3a7c08: Bootstrapping tablet
I0710 23:26:37.862843 21600 tablet_bootstrap.cc:427] T 3382fcc7728248248fce1bb6b6e10422 P 3eefa81a1d344cca94cb71d8fc3a7c08: Bootstrap starting.
I0710 23:26:37.862685 21603 raft_consensus.cc:595] T bfe7d79a3ac644dc8598fc864fbe659e P 3eefa81a1d344cca94cb71d8fc3a7c08 [term 1 LEADER]: Becoming Leader. State: Replica: 3eefa81a1d344cca94cb71d8fc3a7c08, State: Running, Role: LEADER
I0710 23:26:37.863771 21603 consensus_queue.cc:204] T bfe7d79a3ac644dc8598fc864fbe659e P 3eefa81a1d344cca94cb71d8fc3a7c08 [LEADER]: Queue going to LEADER mode. State: All replicated index: 0, Majority replicated index: 0, Committed index: 0, Last appended: 0.0, Last appended by leader: 0, Current term: 1, Majority size: 1, State: 0, Mode: LEADER, active raft config: opid_index: -1 OBSOLETE_local: true peers { permanent_uuid: "3eefa81a1d344cca94cb71d8fc3a7c08" member_type: VOTER last_known_addr { host: "127.18.43.1" port: 46659 } }
I0710 23:26:37.864246 21600 tablet_bootstrap.cc:578] T 3382fcc7728248248fce1bb6b6e10422 P 3eefa81a1d344cca94cb71d8fc3a7c08: No blocks or log segments found. Creating new log.
I0710 23:26:37.864972 21538 catalog_manager.cc:3827] T bfe7d79a3ac644dc8598fc864fbe659e P 3eefa81a1d344cca94cb71d8fc3a7c08 reported cstate change: term changed from 0 to 1, leader changed from to 3eefa81a1d344cca94cb71d8fc3a7c08 (127.18.43.1). New cstate: current_term: 1 leader_uuid: "3eefa81a1d344cca94cb71d8fc3a7c08" committed_config { opid_index: -1 OBSOLETE_local: true peers { permanent_uuid: "3eefa81a1d344cca94cb71d8fc3a7c08" member_type: VOTER last_known_addr { host: "127.18.43.1" port: 46659 } health_report { overall_health: HEALTHY } } }
I0710 23:26:37.865809 21600 tablet_bootstrap.cc:427] T 3382fcc7728248248fce1bb6b6e10422 P 3eefa81a1d344cca94cb71d8fc3a7c08: No bootstrap required, opened a new log
I0710 23:26:37.865892 21600 ts_tablet_manager.cc:1045] T 3382fcc7728248248fce1bb6b6e10422 P 3eefa81a1d344cca94cb71d8fc3a7c08: Time spent bootstrapping tablet: real 0.003s user 0.000s sys 0.001s
I0710 23:26:37.866312 21600 raft_consensus.cc:325] T 3382fcc7728248248fce1bb6b6e10422 P 3eefa81a1d344cca94cb71d8fc3a7c08 [term 0 FOLLOWER]: Replica starting. Triggering 0 pending transactions. Active config: opid_index: -1 OBSOLETE_local: true peers { permanent_uuid: "3eefa81a1d344cca94cb71d8fc3a7c08" member_type: VOTER last_known_addr { host: "127.18.43.1" port: 46659 } }
I0710 23:26:37.866341 21600 raft_consensus.cc:351] T 3382fcc7728248248fce1bb6b6e10422 P 3eefa81a1d344cca94cb71d8fc3a7c08 [term 0 FOLLOWER]: Consensus starting up: Expiring failure detector timer to make a prompt election more likely
I0710 23:26:37.866356 21600 raft_consensus.cc:630] T 3382fcc7728248248fce1bb6b6e10422 P 3eefa81a1d344cca94cb71d8fc3a7c08 [term 0 FOLLOWER]: Becoming Follower/Learner. State: Replica: 3eefa81a1d344cca94cb71d8fc3a7c08, State: Initialized, Role: FOLLOWER
I0710 23:26:37.866502 21600 consensus_queue.cc:227] T 3382fcc7728248248fce1bb6b6e10422 P 3eefa81a1d344cca94cb71d8fc3a7c08 [NON_LEADER]: Queue going to NON_LEADER mode. State: All replicated index: 0, Majority replicated index: 0, Committed index: 0, Last appended: 0.0, Last appended by leader: 0, Current term: 0, Majority size: -1, State: 0, Mode: NON_LEADER, active raft config: opid_index: -1 OBSOLETE_local: true peers { permanent_uuid: "3eefa81a1d344cca94cb71d8fc3a7c08" member_type: VOTER last_known_addr { host: "127.18.43.1" port: 46659 } }
I0710 23:26:37.866528 21600 raft_consensus.cc:365] T 3382fcc7728248248fce1bb6b6e10422 P 3eefa81a1d344cca94cb71d8fc3a7c08 [term 0 FOLLOWER]: Only one voter in the Raft config. Triggering election immediately
I0710 23:26:37.866539 21600 raft_consensus.cc:457] T 3382fcc7728248248fce1bb6b6e10422 P 3eefa81a1d344cca94cb71d8fc3a7c08 [term 0 FOLLOWER]: Starting leader election (initial election of a single-replica configuration)
I0710 23:26:37.866562 21600 raft_consensus.cc:2732] T 3382fcc7728248248fce1bb6b6e10422 P 3eefa81a1d344cca94cb71d8fc3a7c08: Snoozing failure detection for 2.138s (starting election)
I0710 23:26:37.866581 21600 raft_consensus.cc:2784] T 3382fcc7728248248fce1bb6b6e10422 P 3eefa81a1d344cca94cb71d8fc3a7c08 [term 0 FOLLOWER]: Advancing to term 1
I0710 23:26:37.867419 21600 raft_consensus.cc:479] T 3382fcc7728248248fce1bb6b6e10422 P 3eefa81a1d344cca94cb71d8fc3a7c08 [term 1 FOLLOWER]: Starting leader election with config: opid_index: -1 OBSOLETE_local: true peers { permanent_uuid: "3eefa81a1d344cca94cb71d8fc3a7c08" member_type: VOTER last_known_addr { host: "127.18.43.1" port: 46659 } }
I0710 23:26:37.867503 21600 leader_election.cc:278] T 3382fcc7728248248fce1bb6b6e10422 P 3eefa81a1d344cca94cb71d8fc3a7c08 [CANDIDATE]: Term 1 election: Election decided. Result: candidate won.
I0710 23:26:37.867655 21603 raft_consensus.cc:2732] T 3382fcc7728248248fce1bb6b6e10422 P 3eefa81a1d344cca94cb71d8fc3a7c08: Snoozing failure detection for 1.804s (election complete)
I0710 23:26:37.867736 21603 raft_consensus.cc:2539] T 3382fcc7728248248fce1bb6b6e10422 P 3eefa81a1d344cca94cb71d8fc3a7c08 [term 1 FOLLOWER]: Leader election won for term 1
I0710 23:26:37.867786 21603 raft_consensus.cc:595] T 3382fcc7728248248fce1bb6b6e10422 P 3eefa81a1d344cca94cb71d8fc3a7c08 [term 1 LEADER]: Becoming Leader. State: Replica: 3eefa81a1d344cca94cb71d8fc3a7c08, State: Running, Role: LEADER
I0710 23:26:37.867805 21600 ts_tablet_manager.cc:1073] T 3382fcc7728248248fce1bb6b6e10422 P 3eefa81a1d344cca94cb71d8fc3a7c08: Time spent starting tablet: real 0.002s user 0.000s sys 0.002s
I0710 23:26:37.867902 21600 ts_tablet_manager.cc:1028] T 5a0de49957f84b51b2c03d3e432ee897 P 3eefa81a1d344cca94cb71d8fc3a7c08: Bootstrapping tablet
I0710 23:26:37.867908 21603 consensus_queue.cc:204] T 3382fcc7728248248fce1bb6b6e10422 P 3eefa81a1d344cca94cb71d8fc3a7c08 [LEADER]: Queue going to LEADER mode. State: All replicated index: 0, Majority replicated index: 0, Committed index: 0, Last appended: 0.0, Last appended by leader: 0, Current term: 1, Majority size: 1, State: 0, Mode: LEADER, active raft config: opid_index: -1 OBSOLETE_local: true peers { permanent_uuid: "3eefa81a1d344cca94cb71d8fc3a7c08" member_type: VOTER last_known_addr { host: "127.18.43.1" port: 46659 } }
I0710 23:26:37.867987 21600 tablet_bootstrap.cc:427] T 5a0de49957f84b51b2c03d3e432ee897 P 3eefa81a1d344cca94cb71d8fc3a7c08: Bootstrap starting.
I0710 23:26:37.868863 21600 tablet_bootstrap.cc:578] T 5a0de49957f84b51b2c03d3e432ee897 P 3eefa81a1d344cca94cb71d8fc3a7c08: No blocks or log segments found. Creating new log.
I0710 23:26:37.869127 21538 catalog_manager.cc:3827] T 3382fcc7728248248fce1bb6b6e10422 P 3eefa81a1d344cca94cb71d8fc3a7c08 reported cstate change: term changed from 0 to 1, leader changed from to 3eefa81a1d344cca94cb71d8fc3a7c08 (127.18.43.1). New cstate: current_term: 1 leader_uuid: "3eefa81a1d344cca94cb71d8fc3a7c08" committed_config { opid_index: -1 OBSOLETE_local: true peers { permanent_uuid: "3eefa81a1d344cca94cb71d8fc3a7c08" member_type: VOTER last_known_addr { host: "127.18.43.1" port: 46659 } health_report { overall_health: HEALTHY } } }
I0710 23:26:37.869709 21600 tablet_bootstrap.cc:427] T 5a0de49957f84b51b2c03d3e432ee897 P 3eefa81a1d344cca94cb71d8fc3a7c08: No bootstrap required, opened a new log
I0710 23:26:37.869781 21600 ts_tablet_manager.cc:1045] T 5a0de49957f84b51b2c03d3e432ee897 P 3eefa81a1d344cca94cb71d8fc3a7c08: Time spent bootstrapping tablet: real 0.002s user 0.001s sys 0.000s
I0710 23:26:37.870216 21600 raft_consensus.cc:325] T 5a0de49957f84b51b2c03d3e432ee897 P 3eefa81a1d344cca94cb71d8fc3a7c08 [term 0 FOLLOWER]: Replica starting. Triggering 0 pending transactions. Active config: opid_index: -1 OBSOLETE_local: true peers { permanent_uuid: "3eefa81a1d344cca94cb71d8fc3a7c08" member_type: VOTER last_known_addr { host: "127.18.43.1" port: 46659 } }
I0710 23:26:37.870261 21600 raft_consensus.cc:351] T 5a0de49957f84b51b2c03d3e432ee897 P 3eefa81a1d344cca94cb71d8fc3a7c08 [term 0 FOLLOWER]: Consensus starting up: Expiring failure detector timer to make a prompt election more likely
I0710 23:26:37.870276 21600 raft_consensus.cc:630] T 5a0de49957f84b51b2c03d3e432ee897 P 3eefa81a1d344cca94cb71d8fc3a7c08 [term 0 FOLLOWER]: Becoming Follower/Learner. State: Replica: 3eefa81a1d344cca94cb71d8fc3a7c08, State: Initialized, Role: FOLLOWER
I0710 23:26:37.870419 21600 consensus_queue.cc:227] T 5a0de49957f84b51b2c03d3e432ee897 P 3eefa81a1d344cca94cb71d8fc3a7c08 [NON_LEADER]: Queue going to NON_LEADER mode. State: All replicated index: 0, Majority replicated index: 0, Committed index: 0, Last appended: 0.0, Last appended by leader: 0, Current term: 0, Majority size: -1, State: 0, Mode: NON_LEADER, active raft config: opid_index: -1 OBSOLETE_local: true peers { permanent_uuid: "3eefa81a1d344cca94cb71d8fc3a7c08" member_type: VOTER last_known_addr { host: "127.18.43.1" port: 46659 } }
I0710 23:26:37.870455 21600 raft_consensus.cc:365] T 5a0de49957f84b51b2c03d3e432ee897 P 3eefa81a1d344cca94cb71d8fc3a7c08 [term 0 FOLLOWER]: Only one voter in the Raft config. Triggering election immediately
I0710 23:26:37.870467 21600 raft_consensus.cc:457] T 5a0de49957f84b51b2c03d3e432ee897 P 3eefa81a1d344cca94cb71d8fc3a7c08 [term 0 FOLLOWER]: Starting leader election (initial election of a single-replica configuration)
I0710 23:26:37.870508 21600 raft_consensus.cc:2732] T 5a0de49957f84b51b2c03d3e432ee897 P 3eefa81a1d344cca94cb71d8fc3a7c08: Snoozing failure detection for 1.602s (starting election)
I0710 23:26:37.870532 21600 raft_consensus.cc:2784] T 5a0de49957f84b51b2c03d3e432ee897 P 3eefa81a1d344cca94cb71d8fc3a7c08 [term 0 FOLLOWER]: Advancing to term 1
I0710 23:26:37.871346 21600 raft_consensus.cc:479] T 5a0de49957f84b51b2c03d3e432ee897 P 3eefa81a1d344cca94cb71d8fc3a7c08 [term 1 FOLLOWER]: Starting leader election with config: opid_index: -1 OBSOLETE_local: true peers { permanent_uuid: "3eefa81a1d344cca94cb71d8fc3a7c08" member_type: VOTER last_known_addr { host: "127.18.43.1" port: 46659 } }
I0710 23:26:37.871421 21600 leader_election.cc:278] T 5a0de49957f84b51b2c03d3e432ee897 P 3eefa81a1d344cca94cb71d8fc3a7c08 [CANDIDATE]: Term 1 election: Election decided. Result: candidate won.
I0710 23:26:37.871551 21603 raft_consensus.cc:2732] T 5a0de49957f84b51b2c03d3e432ee897 P 3eefa81a1d344cca94cb71d8fc3a7c08: Snoozing failure detection for 2.115s (election complete)
