I0710 23:26:44.855165 22362 raft_consensus.cc:325] T e84b278749d54e9b9978065912c42363 P 3576d2baa86141439f2e837433589a9b [term 0 FOLLOWER]: Replica starting. Triggering 0 pending transactions. Active config: opid_index: -1 OBSOLETE_local: true peers { permanent_uuid: "3576d2baa86141439f2e837433589a9b" member_type: VOTER last_known_addr { host: "127.18.43.1" port: 45577 } }
I0710 23:26:44.855186 22361 raft_consensus.cc:351] T 45da44391d8a42a780127f45b9ec59e6 P 3576d2baa86141439f2e837433589a9b [term 0 FOLLOWER]: Consensus starting up: Expiring failure detector timer to make a prompt election more likely
I0710 23:26:44.855196 22362 raft_consensus.cc:351] T e84b278749d54e9b9978065912c42363 P 3576d2baa86141439f2e837433589a9b [term 0 FOLLOWER]: Consensus starting up: Expiring failure detector timer to make a prompt election more likely
I0710 23:26:44.855201 22361 raft_consensus.cc:630] T 45da44391d8a42a780127f45b9ec59e6 P 3576d2baa86141439f2e837433589a9b [term 0 FOLLOWER]: Becoming Follower/Learner. State: Replica: 3576d2baa86141439f2e837433589a9b, State: Initialized, Role: FOLLOWER
I0710 23:26:44.855209 22362 raft_consensus.cc:630] T e84b278749d54e9b9978065912c42363 P 3576d2baa86141439f2e837433589a9b [term 0 FOLLOWER]: Becoming Follower/Learner. State: Replica: 3576d2baa86141439f2e837433589a9b, State: Initialized, Role: FOLLOWER
I0710 23:26:44.855337 22361 consensus_queue.cc:227] T 45da44391d8a42a780127f45b9ec59e6 P 3576d2baa86141439f2e837433589a9b [NON_LEADER]: Queue going to NON_LEADER mode. State: All replicated index: 0, Majority replicated index: 0, Committed index: 0, Last appended: 0.0, Last appended by leader: 0, Current term: 0, Majority size: -1, State: 0, Mode: NON_LEADER, active raft config: opid_index: -1 OBSOLETE_local: true peers { permanent_uuid: "3576d2baa86141439f2e837433589a9b" member_type: VOTER last_known_addr { host: "127.18.43.1" port: 45577 } }
I0710 23:26:44.855342 22362 consensus_queue.cc:227] T e84b278749d54e9b9978065912c42363 P 3576d2baa86141439f2e837433589a9b [NON_LEADER]: Queue going to NON_LEADER mode. State: All replicated index: 0, Majority replicated index: 0, Committed index: 0, Last appended: 0.0, Last appended by leader: 0, Current term: 0, Majority size: -1, State: 0, Mode: NON_LEADER, active raft config: opid_index: -1 OBSOLETE_local: true peers { permanent_uuid: "3576d2baa86141439f2e837433589a9b" member_type: VOTER last_known_addr { host: "127.18.43.1" port: 45577 } }
I0710 23:26:44.855358 22361 raft_consensus.cc:365] T 45da44391d8a42a780127f45b9ec59e6 P 3576d2baa86141439f2e837433589a9b [term 0 FOLLOWER]: Only one voter in the Raft config. Triggering election immediately
I0710 23:26:44.855366 22362 raft_consensus.cc:365] T e84b278749d54e9b9978065912c42363 P 3576d2baa86141439f2e837433589a9b [term 0 FOLLOWER]: Only one voter in the Raft config. Triggering election immediately
I0710 23:26:44.855370 22361 raft_consensus.cc:457] T 45da44391d8a42a780127f45b9ec59e6 P 3576d2baa86141439f2e837433589a9b [term 0 FOLLOWER]: Starting leader election (initial election of a single-replica configuration)
I0710 23:26:44.855378 22362 raft_consensus.cc:457] T e84b278749d54e9b9978065912c42363 P 3576d2baa86141439f2e837433589a9b [term 0 FOLLOWER]: Starting leader election (initial election of a single-replica configuration)
I0710 23:26:44.855386 22361 raft_consensus.cc:2732] T 45da44391d8a42a780127f45b9ec59e6 P 3576d2baa86141439f2e837433589a9b: Snoozing failure detection for 1.982s (starting election)
I0710 23:26:44.855396 22362 raft_consensus.cc:2732] T e84b278749d54e9b9978065912c42363 P 3576d2baa86141439f2e837433589a9b: Snoozing failure detection for 2.197s (starting election)
I0710 23:26:44.855399 22361 raft_consensus.cc:2784] T 45da44391d8a42a780127f45b9ec59e6 P 3576d2baa86141439f2e837433589a9b [term 0 FOLLOWER]: Advancing to term 1
I0710 23:26:44.855412 22362 raft_consensus.cc:2784] T e84b278749d54e9b9978065912c42363 P 3576d2baa86141439f2e837433589a9b [term 0 FOLLOWER]: Advancing to term 1
I0710 23:26:44.856436 22362 raft_consensus.cc:479] T e84b278749d54e9b9978065912c42363 P 3576d2baa86141439f2e837433589a9b [term 1 FOLLOWER]: Starting leader election with config: opid_index: -1 OBSOLETE_local: true peers { permanent_uuid: "3576d2baa86141439f2e837433589a9b" member_type: VOTER last_known_addr { host: "127.18.43.1" port: 45577 } }
I0710 23:26:44.856493 22361 raft_consensus.cc:479] T 45da44391d8a42a780127f45b9ec59e6 P 3576d2baa86141439f2e837433589a9b [term 1 FOLLOWER]: Starting leader election with config: opid_index: -1 OBSOLETE_local: true peers { permanent_uuid: "3576d2baa86141439f2e837433589a9b" member_type: VOTER last_known_addr { host: "127.18.43.1" port: 45577 } }
I0710 23:26:44.856514 22362 leader_election.cc:278] T e84b278749d54e9b9978065912c42363 P 3576d2baa86141439f2e837433589a9b [CANDIDATE]: Term 1 election: Election decided. Result: candidate won.
I0710 23:26:44.856559 22361 leader_election.cc:278] T 45da44391d8a42a780127f45b9ec59e6 P 3576d2baa86141439f2e837433589a9b [CANDIDATE]: Term 1 election: Election decided. Result: candidate won.
I0710 23:26:44.856614 22369 raft_consensus.cc:2732] T e84b278749d54e9b9978065912c42363 P 3576d2baa86141439f2e837433589a9b: Snoozing failure detection for 2.053s (election complete)
I0710 23:26:44.856636 22369 raft_consensus.cc:2539] T e84b278749d54e9b9978065912c42363 P 3576d2baa86141439f2e837433589a9b [term 1 FOLLOWER]: Leader election won for term 1
I0710 23:26:44.856658 22378 raft_consensus.cc:2732] T 45da44391d8a42a780127f45b9ec59e6 P 3576d2baa86141439f2e837433589a9b: Snoozing failure detection for 1.820s (election complete)
I0710 23:26:44.856675 22369 raft_consensus.cc:595] T e84b278749d54e9b9978065912c42363 P 3576d2baa86141439f2e837433589a9b [term 1 LEADER]: Becoming Leader. State: Replica: 3576d2baa86141439f2e837433589a9b, State: Running, Role: LEADER
I0710 23:26:44.856681 22378 raft_consensus.cc:2539] T 45da44391d8a42a780127f45b9ec59e6 P 3576d2baa86141439f2e837433589a9b [term 1 FOLLOWER]: Leader election won for term 1
I0710 23:26:44.856720 22378 raft_consensus.cc:595] T 45da44391d8a42a780127f45b9ec59e6 P 3576d2baa86141439f2e837433589a9b [term 1 LEADER]: Becoming Leader. State: Replica: 3576d2baa86141439f2e837433589a9b, State: Running, Role: LEADER
I0710 23:26:44.856786 22369 consensus_queue.cc:204] T e84b278749d54e9b9978065912c42363 P 3576d2baa86141439f2e837433589a9b [LEADER]: Queue going to LEADER mode. State: All replicated index: 0, Majority replicated index: 0, Committed index: 0, Last appended: 0.0, Last appended by leader: 0, Current term: 1, Majority size: 1, State: 0, Mode: LEADER, active raft config: opid_index: -1 OBSOLETE_local: true peers { permanent_uuid: "3576d2baa86141439f2e837433589a9b" member_type: VOTER last_known_addr { host: "127.18.43.1" port: 45577 } }
I0710 23:26:44.856817 22378 consensus_queue.cc:204] T 45da44391d8a42a780127f45b9ec59e6 P 3576d2baa86141439f2e837433589a9b [LEADER]: Queue going to LEADER mode. State: All replicated index: 0, Majority replicated index: 0, Committed index: 0, Last appended: 0.0, Last appended by leader: 0, Current term: 1, Majority size: 1, State: 0, Mode: LEADER, active raft config: opid_index: -1 OBSOLETE_local: true peers { permanent_uuid: "3576d2baa86141439f2e837433589a9b" member_type: VOTER last_known_addr { host: "127.18.43.1" port: 45577 } }
I0710 23:26:44.857206 22361 ts_tablet_manager.cc:1073] T 45da44391d8a42a780127f45b9ec59e6 P 3576d2baa86141439f2e837433589a9b: Time spent starting tablet: real 0.003s user 0.002s sys 0.000s
I0710 23:26:44.857314 22362 ts_tablet_manager.cc:1073] T e84b278749d54e9b9978065912c42363 P 3576d2baa86141439f2e837433589a9b: Time spent starting tablet: real 0.003s user 0.002s sys 0.000s
I0710 23:26:44.858171 22303 catalog_manager.cc:3827] T e84b278749d54e9b9978065912c42363 P 3576d2baa86141439f2e837433589a9b reported cstate change: term changed from 0 to 1, leader changed from to 3576d2baa86141439f2e837433589a9b (127.18.43.1). New cstate: current_term: 1 leader_uuid: "3576d2baa86141439f2e837433589a9b" committed_config { opid_index: -1 OBSOLETE_local: true peers { permanent_uuid: "3576d2baa86141439f2e837433589a9b" member_type: VOTER last_known_addr { host: "127.18.43.1" port: 45577 } health_report { overall_health: HEALTHY } } }
I0710 23:26:44.858280 22303 catalog_manager.cc:3827] T 45da44391d8a42a780127f45b9ec59e6 P 3576d2baa86141439f2e837433589a9b reported cstate change: term changed from 0 to 1, leader changed from to 3576d2baa86141439f2e837433589a9b (127.18.43.1). New cstate: current_term: 1 leader_uuid: "3576d2baa86141439f2e837433589a9b" committed_config { opid_index: -1 OBSOLETE_local: true peers { permanent_uuid: "3576d2baa86141439f2e837433589a9b" member_type: VOTER last_known_addr { host: "127.18.43.1" port: 45577 } health_report { overall_health: HEALTHY } } }
I0710 23:26:46.008553 22145 maintenance_manager.cc:304] P 3576d2baa86141439f2e837433589a9b: Scheduling FlushMRSOp(7dcd98b4c6f0472cbd570a3408ab1aa1): perf score=0.000326
I0710 23:26:46.009346 22039 tablet.cc:1152] T 7dcd98b4c6f0472cbd570a3408ab1aa1 P 3576d2baa86141439f2e837433589a9b: Flush: entering stage 1 (old memrowset already frozen for inserts)
I0710 23:26:46.009371 22039 compaction.cc:921] Selected 1 rowsets to compact:
I0710 23:26:46.009382 22039 compaction.cc:924] memrowset(current size on disk: ~0 bytes)
I0710 23:26:46.009392 22039 tablet.cc:1154] T 7dcd98b4c6f0472cbd570a3408ab1aa1 P 3576d2baa86141439f2e837433589a9b: Memstore in-memory size: 127255 bytes
I0710 23:26:46.009454 22039 tablet.cc:1443] T 7dcd98b4c6f0472cbd570a3408ab1aa1 P 3576d2baa86141439f2e837433589a9b: Flush: entering phase 1 (flushing snapshot). Phase 1 snapshot: MvccSnapshot[committed={T|T < 6272062283811115008}]
I0710 23:26:46.014678 22039 multi_column_writer.cc:98] Opened CFile writers for 3 column(s)
I0710 23:26:46.076848 22039 tablet.cc:1528] T 7dcd98b4c6f0472cbd570a3408ab1aa1 P 3576d2baa86141439f2e837433589a9b: Flush: entering phase 2 (starting to duplicate updates in new rowsets)
I0710 23:26:46.077167 22039 tablet.cc:1583] T 7dcd98b4c6f0472cbd570a3408ab1aa1 P 3576d2baa86141439f2e837433589a9b: Flush Phase 2: carrying over any updates which arrived during Phase 1
I0710 23:26:46.077203 22039 tablet.cc:1585] T 7dcd98b4c6f0472cbd570a3408ab1aa1 P 3576d2baa86141439f2e837433589a9b: Phase 2 snapshot: MvccSnapshot[committed={T|T < 6272062284079775744 or (T in {6272062284079775744})}]
I0710 23:26:46.085826 22039 tablet.cc:1633] T 7dcd98b4c6f0472cbd570a3408ab1aa1 P 3576d2baa86141439f2e837433589a9b: Flush successful on 962 rows (29302 bytes)
I0710 23:26:46.086450 22039 maintenance_manager.cc:494] P 3576d2baa86141439f2e837433589a9b: FlushMRSOp(7dcd98b4c6f0472cbd570a3408ab1aa1) complete. Timing: real 0.077s user 0.038s sys 0.000s Metrics: {"cfile_init":1,"compiler_manager_pool.queue_time_us":580,"data dirs.queue_time_us":643,"data dirs.run_cpu_time_us":171,"data dirs.run_wall_time_us":1209,"lbm_read_time_us":67,"lbm_reads_lt_1ms":4,"lbm_write_time_us":508,"lbm_writes_lt_1ms":23,"thread_start_us":121,"threads_started":2}
I0710 23:26:46.087637 22145 maintenance_manager.cc:304] P 3576d2baa86141439f2e837433589a9b: Scheduling FlushMRSOp(628f1e270e1948d2b555b1827254d4ab): perf score=0.000348
I0710 23:26:46.087945 22039 tablet.cc:1152] T 628f1e270e1948d2b555b1827254d4ab P 3576d2baa86141439f2e837433589a9b: Flush: entering stage 1 (old memrowset already frozen for inserts)
I0710 23:26:46.087972 22039 compaction.cc:921] Selected 1 rowsets to compact:
I0710 23:26:46.087980 22039 compaction.cc:924] memrowset(current size on disk: ~0 bytes)
I0710 23:26:46.087987 22039 tablet.cc:1154] T 628f1e270e1948d2b555b1827254d4ab P 3576d2baa86141439f2e837433589a9b: Memstore in-memory size: 127255 bytes
I0710 23:26:46.088012 22039 tablet.cc:1443] T 628f1e270e1948d2b555b1827254d4ab P 3576d2baa86141439f2e837433589a9b: Flush: entering phase 1 (flushing snapshot). Phase 1 snapshot: MvccSnapshot[committed={T|T < 6272062284094251008 or (T in {6272062284094251008})}]
I0710 23:26:46.088773 22039 multi_column_writer.cc:98] Opened CFile writers for 3 column(s)
I0710 23:26:46.124439 22039 tablet.cc:1528] T 628f1e270e1948d2b555b1827254d4ab P 3576d2baa86141439f2e837433589a9b: Flush: entering phase 2 (starting to duplicate updates in new rowsets)
I0710 23:26:46.124567 22039 tablet.cc:1583] T 628f1e270e1948d2b555b1827254d4ab P 3576d2baa86141439f2e837433589a9b: Flush Phase 2: carrying over any updates which arrived during Phase 1
I0710 23:26:46.124599 22039 tablet.cc:1585] T 628f1e270e1948d2b555b1827254d4ab P 3576d2baa86141439f2e837433589a9b: Phase 2 snapshot: MvccSnapshot[committed={T|T < 6272062284276580352 or (T in {6272062284276580352})}]
I0710 23:26:46.135368 22039 tablet.cc:1633] T 628f1e270e1948d2b555b1827254d4ab P 3576d2baa86141439f2e837433589a9b: Flush successful on 913 rows (28016 bytes)
I0710 23:26:46.139741 22039 maintenance_manager.cc:494] P 3576d2baa86141439f2e837433589a9b: FlushMRSOp(628f1e270e1948d2b555b1827254d4ab) complete. Timing: real 0.048s user 0.022s sys 0.004s Metrics: {"cfile_init":1,"data dirs.queue_time_us":3274,"data dirs.run_cpu_time_us":185,"data dirs.run_wall_time_us":2321,"lbm_read_time_us":44,"lbm_reads_lt_1ms":4,"lbm_write_time_us":487,"lbm_writes_lt_1ms":23,"thread_start_us":52,"threads_started":1}
I0710 23:26:46.140300 22145 maintenance_manager.cc:304] P 3576d2baa86141439f2e837433589a9b: Scheduling FlushMRSOp(f5d922d9e6fb45bd9d98acf118e6d9e8): perf score=0.000361
I0710 23:26:46.140578 22039 tablet.cc:1152] T f5d922d9e6fb45bd9d98acf118e6d9e8 P 3576d2baa86141439f2e837433589a9b: Flush: entering stage 1 (old memrowset already frozen for inserts)
I0710 23:26:46.140597 22039 compaction.cc:921] Selected 1 rowsets to compact:
I0710 23:26:46.140604 22039 compaction.cc:924] memrowset(current size on disk: ~0 bytes)
I0710 23:26:46.140610 22039 tablet.cc:1154] T f5d922d9e6fb45bd9d98acf118e6d9e8 P 3576d2baa86141439f2e837433589a9b: Memstore in-memory size: 127255 bytes
I0710 23:26:46.140631 22039 tablet.cc:1443] T f5d922d9e6fb45bd9d98acf118e6d9e8 P 3576d2baa86141439f2e837433589a9b: Flush: entering phase 1 (flushing snapshot). Phase 1 snapshot: MvccSnapshot[committed={T|T < 6272062284292562944 or (T in {6272062284292562944})}]
I0710 23:26:46.141206 22039 multi_column_writer.cc:98] Opened CFile writers for 3 column(s)
I0710 23:26:46.161378 22039 tablet.cc:1528] T f5d922d9e6fb45bd9d98acf118e6d9e8 P 3576d2baa86141439f2e837433589a9b: Flush: entering phase 2 (starting to duplicate updates in new rowsets)
I0710 23:26:46.161525 22039 tablet.cc:1583] T f5d922d9e6fb45bd9d98acf118e6d9e8 P 3576d2baa86141439f2e837433589a9b: Flush Phase 2: carrying over any updates which arrived during Phase 1
I0710 23:26:46.161553 22039 tablet.cc:1585] T f5d922d9e6fb45bd9d98acf118e6d9e8 P 3576d2baa86141439f2e837433589a9b: Phase 2 snapshot: MvccSnapshot[committed={T|T < 6272062284435316736}]
I0710 23:26:46.167969 22039 tablet.cc:1633] T f5d922d9e6fb45bd9d98acf118e6d9e8 P 3576d2baa86141439f2e837433589a9b: Flush successful on 940 rows (28697 bytes)
I0710 23:26:46.168304 22039 maintenance_manager.cc:494] P 3576d2baa86141439f2e837433589a9b: FlushMRSOp(f5d922d9e6fb45bd9d98acf118e6d9e8) complete. Timing: real 0.028s user 0.025s sys 0.001s Metrics: {"cfile_init":1,"data dirs.queue_time_us":31,"data dirs.run_cpu_time_us":158,"data dirs.run_wall_time_us":1979,"lbm_read_time_us":55,"lbm_reads_lt_1ms":4,"lbm_write_time_us":1766,"lbm_writes_1-10_ms":1,"lbm_writes_lt_1ms":22}
I0710 23:26:46.168839 22145 maintenance_manager.cc:304] P 3576d2baa86141439f2e837433589a9b: Scheduling UndoDeltaBlockGCOp(7dcd98b4c6f0472cbd570a3408ab1aa1): 9322 bytes on disk
I0710 23:26:46.169487 22039 maintenance_manager.cc:494] P 3576d2baa86141439f2e837433589a9b: UndoDeltaBlockGCOp(7dcd98b4c6f0472cbd570a3408ab1aa1) complete. Timing: real 0.000s user 0.000s sys 0.000s Metrics: {"cfile_init":1,"lbm_read_time_us":78,"lbm_reads_lt_1ms":4}
I0710 23:26:46.169911 22145 maintenance_manager.cc:304] P 3576d2baa86141439f2e837433589a9b: Scheduling UndoDeltaBlockGCOp(f5d922d9e6fb45bd9d98acf118e6d9e8): 9122 bytes on disk
I0710 23:26:46.170269 22039 maintenance_manager.cc:494] P 3576d2baa86141439f2e837433589a9b: UndoDeltaBlockGCOp(f5d922d9e6fb45bd9d98acf118e6d9e8) complete. Timing: real 0.000s user 0.000s sys 0.000s Metrics: {"cfile_init":1,"lbm_read_time_us":54,"lbm_reads_lt_1ms":4}
I0710 23:26:46.170588 22145 maintenance_manager.cc:304] P 3576d2baa86141439f2e837433589a9b: Scheduling FlushMRSOp(e076cfa4d8674332aef98dec88fd570e): perf score=0.000369
I0710 23:26:46.170837 22039 tablet.cc:1152] T e076cfa4d8674332aef98dec88fd570e P 3576d2baa86141439f2e837433589a9b: Flush: entering stage 1 (old memrowset already frozen for inserts)
I0710 23:26:46.170856 22039 compaction.cc:921] Selected 1 rowsets to compact:
I0710 23:26:46.170864 22039 compaction.cc:924] memrowset(current size on disk: ~0 bytes)
I0710 23:26:46.170871 22039 tablet.cc:1154] T e076cfa4d8674332aef98dec88fd570e P 3576d2baa86141439f2e837433589a9b: Memstore in-memory size: 127255 bytes
I0710 23:26:46.170892 22039 tablet.cc:1443] T e076cfa4d8674332aef98dec88fd570e P 3576d2baa86141439f2e837433589a9b: Flush: entering phase 1 (flushing snapshot). Phase 1 snapshot: MvccSnapshot[committed={T|T < 6272062284406063104 or (T in {6272062284406063104})}]
I0710 23:26:46.171557 22039 multi_column_writer.cc:98] Opened CFile writers for 3 column(s)
I0710 23:26:46.188544 22039 tablet.cc:1528] T e076cfa4d8674332aef98dec88fd570e P 3576d2baa86141439f2e837433589a9b: Flush: entering phase 2 (starting to duplicate updates in new rowsets)
I0710 23:26:46.188665 22039 tablet.cc:1583] T e076cfa4d8674332aef98dec88fd570e P 3576d2baa86141439f2e837433589a9b: Flush Phase 2: carrying over any updates which arrived during Phase 1
I0710 23:26:46.188695 22039 tablet.cc:1585] T e076cfa4d8674332aef98dec88fd570e P 3576d2baa86141439f2e837433589a9b: Phase 2 snapshot: MvccSnapshot[committed={T|T < 6272062284537077760 or (T in {6272062284537077760})}]
I0710 23:26:46.194919 22039 tablet.cc:1633] T e076cfa4d8674332aef98dec88fd570e P 3576d2baa86141439f2e837433589a9b: Flush successful on 993 rows (30082 bytes)
I0710 23:26:46.195288 22039 maintenance_manager.cc:494] P 3576d2baa86141439f2e837433589a9b: FlushMRSOp(e076cfa4d8674332aef98dec88fd570e) complete. Timing: real 0.025s user 0.023s sys 0.001s Metrics: {"cfile_init":1,"data dirs.queue_time_us":24,"data dirs.run_cpu_time_us":165,"data dirs.run_wall_time_us":1452,"lbm_read_time_us":41,"lbm_reads_lt_1ms":4,"lbm_write_time_us":449,"lbm_writes_lt_1ms":23}
I0710 23:26:46.195930 22145 maintenance_manager.cc:304] P 3576d2baa86141439f2e837433589a9b: Scheduling UndoDeltaBlockGCOp(e076cfa4d8674332aef98dec88fd570e): 9662 bytes on disk
I0710 23:26:46.196367 22039 maintenance_manager.cc:494] P 3576d2baa86141439f2e837433589a9b: UndoDeltaBlockGCOp(e076cfa4d8674332aef98dec88fd570e) complete. Timing: real 0.000s user 0.000s sys 0.000s Metrics: {"cfile_init":1,"lbm_read_time_us":59,"lbm_reads_lt_1ms":4}
I0710 23:26:46.196717 22145 maintenance_manager.cc:304] P 3576d2baa86141439f2e837433589a9b: Scheduling FlushMRSOp(782cbc85002b4ef594bdd8a41b62d57e): perf score=0.000375
I0710 23:26:46.196971 22039 tablet.cc:1152] T 782cbc85002b4ef594bdd8a41b62d57e P 3576d2baa86141439f2e837433589a9b: Flush: entering stage 1 (old memrowset already frozen for inserts)
I0710 23:26:46.196986 22039 compaction.cc:921] Selected 1 rowsets to compact:
I0710 23:26:46.196992 22039 compaction.cc:924] memrowset(current size on disk: ~0 bytes)
I0710 23:26:46.197000 22039 tablet.cc:1154] T 782cbc85002b4ef594bdd8a41b62d57e P 3576d2baa86141439f2e837433589a9b: Memstore in-memory size: 127255 bytes
I0710 23:26:46.197019 22039 tablet.cc:1443] T 782cbc85002b4ef594bdd8a41b62d57e P 3576d2baa86141439f2e837433589a9b: Flush: entering phase 1 (flushing snapshot). Phase 1 snapshot: MvccSnapshot[committed={T|T < 6272062284530257920 or (T in {6272062284530257920})}]
I0710 23:26:46.197696 22039 multi_column_writer.cc:98] Opened CFile writers for 3 column(s)
I0710 23:26:46.215670 22039 tablet.cc:1528] T 782cbc85002b4ef594bdd8a41b62d57e P 3576d2baa86141439f2e837433589a9b: Flush: entering phase 2 (starting to duplicate updates in new rowsets)
I0710 23:26:46.215792 22039 tablet.cc:1583] T 782cbc85002b4ef594bdd8a41b62d57e P 3576d2baa86141439f2e837433589a9b: Flush Phase 2: carrying over any updates which arrived during Phase 1
I0710 23:26:46.215814 22039 tablet.cc:1585] T 782cbc85002b4ef594bdd8a41b62d57e P 3576d2baa86141439f2e837433589a9b: Phase 2 snapshot: MvccSnapshot[committed={T|T < 6272062284653645824 or (T in {6272062284653645824})}]
I0710 23:26:46.220659 22039 tablet.cc:1633] T 782cbc85002b4ef594bdd8a41b62d57e P 3576d2baa86141439f2e837433589a9b: Flush successful on 964 rows (29311 bytes)
I0710 23:26:46.221020 22039 maintenance_manager.cc:494] P 3576d2baa86141439f2e837433589a9b: FlushMRSOp(782cbc85002b4ef594bdd8a41b62d57e) complete. Timing: real 0.024s user 0.022s sys 0.000s Metrics: {"cfile_init":1,"compiler_manager_pool.queue_time_us":16580,"compiler_manager_pool.run_cpu_time_us":44,"compiler_manager_pool.run_wall_time_us":43,"data dirs.queue_time_us":29,"data dirs.run_cpu_time_us":120,"data dirs.run_wall_time_us":975,"lbm_read_time_us":45,"lbm_reads_lt_1ms":4,"lbm_write_time_us":464,"lbm_writes_lt_1ms":23}
I0710 23:26:46.221582 22145 maintenance_manager.cc:304] P 3576d2baa86141439f2e837433589a9b: Scheduling UndoDeltaBlockGCOp(782cbc85002b4ef594bdd8a41b62d57e): 9426 bytes on disk
I0710 23:26:46.222002 22039 maintenance_manager.cc:494] P 3576d2baa86141439f2e837433589a9b: UndoDeltaBlockGCOp(782cbc85002b4ef594bdd8a41b62d57e) complete. Timing: real 0.000s user 0.000s sys 0.000s Metrics: {"cfile_init":1,"lbm_read_time_us":59,"lbm_reads_lt_1ms":4}
I0710 23:26:46.222373 22145 maintenance_manager.cc:304] P 3576d2baa86141439f2e837433589a9b: Scheduling FlushMRSOp(18aa52f6e09947709e0b183c6d7d21d3): perf score=0.000382
I0710 23:26:46.222626 22039 tablet.cc:1152] T 18aa52f6e09947709e0b183c6d7d21d3 P 3576d2baa86141439f2e837433589a9b: Flush: entering stage 1 (old memrowset already frozen for inserts)
I0710 23:26:46.222647 22039 compaction.cc:921] Selected 1 rowsets to compact:
I0710 23:26:46.222652 22039 compaction.cc:924] memrowset(current size on disk: ~0 bytes)
I0710 23:26:46.222659 22039 tablet.cc:1154] T 18aa52f6e09947709e0b183c6d7d21d3 P 3576d2baa86141439f2e837433589a9b: Memstore in-memory size: 127255 bytes
I0710 23:26:46.222679 22039 tablet.cc:1443] T 18aa52f6e09947709e0b183c6d7d21d3 P 3576d2baa86141439f2e837433589a9b: Flush: entering phase 1 (flushing snapshot). Phase 1 snapshot: MvccSnapshot[committed={T|T < 6272062284671291392 or (T in {6272062284671291392})}]
I0710 23:26:46.223314 22039 multi_column_writer.cc:98] Opened CFile writers for 3 column(s)
I0710 23:26:46.230156 18604 external_mini_cluster.cc:809] Running /tmp/dist-test-taskXw_ur6/build/debug/bin/kudu-tserver /tmp/dist-test-taskXw_ur6/build/debug/bin/kudu-tserver --fs_wal_dir=/tmp/dist-test-taskXw_ur6/test-tmp/tablet_copy_client_session-itest.0.TabletCopyClientSessionITest.TestStopCopyOnClientDiskFailure.1531265186290008-18604/minicluster-data/ts-1/wal --fs_data_dirs=/tmp/dist-test-taskXw_ur6/test-tmp/tablet_copy_client_session-itest.0.TabletCopyClientSessionITest.TestStopCopyOnClientDiskFailure.1531265186290008-18604/minicluster-data/ts-1/data-0,/tmp/dist-test-taskXw_ur6/test-tmp/tablet_copy_client_session-itest.0.TabletCopyClientSessionITest.TestStopCopyOnClientDiskFailure.1531265186290008-18604/minicluster-data/ts-1/data-1 --block_manager=log --rpc_bind_addresses=127.18.43.2:45917 --local_ip_for_outbound_sockets=127.18.43.2 --webserver_port=46731 --webserver_interface=127.18.43.2 --tserver_master_addrs=127.18.43.62:34207 --never_fsync --ipki_server_key_size=1024 --enable_minidumps=false --redact=none --metrics_log_interval_ms=1000 --logtostderr --logbuflevel=-1 --log_dir=/tmp/dist-test-taskXw_ur6/test-tmp/tablet_copy_client_session-itest.0.TabletCopyClientSessionITest.TestStopCopyOnClientDiskFailure.1531265186290008-18604/minicluster-data/ts-1/logs --server_dump_info_path=/tmp/dist-test-taskXw_ur6/test-tmp/tablet_copy_client_session-itest.0.TabletCopyClientSessionITest.TestStopCopyOnClientDiskFailure.1531265186290008-18604/minicluster-data/ts-1/data-0/info.pb --server_dump_info_format=pb --rpc_server_allow_ephemeral_ports --unlock_experimental_flags --unlock_unsafe_flags --num_tablets_to_copy_simultaneously=10 --flush_threshold_mb=1 --flush_threshold_secs=1 --crash_on_eio=false with env {}
I0710 23:26:46.237689 22039 tablet.cc:1528] T 18aa52f6e09947709e0b183c6d7d21d3 P 3576d2baa86141439f2e837433589a9b: Flush: entering phase 2 (starting to duplicate updates in new rowsets)
I0710 23:26:46.237845 22039 tablet.cc:1583] T 18aa52f6e09947709e0b183c6d7d21d3 P 3576d2baa86141439f2e837433589a9b: Flush Phase 2: carrying over any updates which arrived during Phase 1
I0710 23:26:46.237874 22039 tablet.cc:1585] T 18aa52f6e09947709e0b183c6d7d21d3 P 3576d2baa86141439f2e837433589a9b: Phase 2 snapshot: MvccSnapshot[committed={T|T < 6272062284686508032 or (T in {6272062284686508032})}]
I0710 23:26:46.241904 22039 tablet.cc:1633] T 18aa52f6e09947709e0b183c6d7d21d3 P 3576d2baa86141439f2e837433589a9b: Flush successful on 1052 rows (31523 bytes)
I0710 23:26:46.242218 22039 maintenance_manager.cc:494] P 3576d2baa86141439f2e837433589a9b: FlushMRSOp(18aa52f6e09947709e0b183c6d7d21d3) complete. Timing: real 0.020s user 0.017s sys 0.002s Metrics: {"cfile_init":1,"data dirs.queue_time_us":92,"data dirs.run_cpu_time_us":200,"data dirs.run_wall_time_us":907,"lbm_read_time_us":36,"lbm_reads_lt_1ms":4,"lbm_write_time_us":405,"lbm_writes_lt_1ms":23}
I0710 23:26:46.242913 22145 maintenance_manager.cc:304] P 3576d2baa86141439f2e837433589a9b: Scheduling FlushMRSOp(8facaf1b4c2e4745baf379f06a8773c8): perf score=0.000386
I0710 23:26:46.243254 22039 tablet.cc:1152] T 8facaf1b4c2e4745baf379f06a8773c8 P 3576d2baa86141439f2e837433589a9b: Flush: entering stage 1 (old memrowset already frozen for inserts)
I0710 23:26:46.243276 22039 compaction.cc:921] Selected 1 rowsets to compact:
I0710 23:26:46.243283 22039 compaction.cc:924] memrowset(current size on disk: ~0 bytes)
I0710 23:26:46.243290 22039 tablet.cc:1154] T 8facaf1b4c2e4745baf379f06a8773c8 P 3576d2baa86141439f2e837433589a9b: Memstore in-memory size: 127255 bytes
I0710 23:26:46.243310 22039 tablet.cc:1443] T 8facaf1b4c2e4745baf379f06a8773c8 P 3576d2baa86141439f2e837433589a9b: Flush: entering phase 1 (flushing snapshot). Phase 1 snapshot: MvccSnapshot[committed={T|T < 6272062284713193472 or (T in {6272062284713193472})}]
I0710 23:26:46.244026 22039 multi_column_writer.cc:98] Opened CFile writers for 3 column(s)
I0710 23:26:46.257058 22039 tablet.cc:1528] T 8facaf1b4c2e4745baf379f06a8773c8 P 3576d2baa86141439f2e837433589a9b: Flush: entering phase 2 (starting to duplicate updates in new rowsets)
I0710 23:26:46.257243 22039 tablet.cc:1583] T 8facaf1b4c2e4745baf379f06a8773c8 P 3576d2baa86141439f2e837433589a9b: Flush Phase 2: carrying over any updates which arrived during Phase 1
I0710 23:26:46.257274 22039 tablet.cc:1585] T 8facaf1b4c2e4745baf379f06a8773c8 P 3576d2baa86141439f2e837433589a9b: Phase 2 snapshot: MvccSnapshot[committed={T|T < 6272062284713193472 or (T in {6272062284713193472})}]
I0710 23:26:46.261234 22039 tablet.cc:1633] T 8facaf1b4c2e4745baf379f06a8773c8 P 3576d2baa86141439f2e837433589a9b: Flush successful on 1040 rows (31146 bytes)
I0710 23:26:46.261534 22039 maintenance_manager.cc:494] P 3576d2baa86141439f2e837433589a9b: FlushMRSOp(8facaf1b4c2e4745baf379f06a8773c8) complete. Timing: real 0.018s user 0.017s sys 0.000s Metrics: {"cfile_init":1,"data dirs.queue_time_us":84,"data dirs.run_cpu_time_us":196,"data dirs.run_wall_time_us":854,"lbm_read_time_us":52,"lbm_reads_lt_1ms":4,"lbm_write_time_us":442,"lbm_writes_lt_1ms":23}
I0710 23:26:46.262045 22145 maintenance_manager.cc:304] P 3576d2baa86141439f2e837433589a9b: Scheduling UndoDeltaBlockGCOp(18aa52f6e09947709e0b183c6d7d21d3): 10222 bytes on disk
I0710 23:26:46.262452 22039 maintenance_manager.cc:494] P 3576d2baa86141439f2e837433589a9b: UndoDeltaBlockGCOp(18aa52f6e09947709e0b183c6d7d21d3) complete. Timing: real 0.000s user 0.000s sys 0.000s Metrics: {"cfile_init":1,"lbm_read_time_us":59,"lbm_reads_lt_1ms":4}
I0710 23:26:46.262743 22145 maintenance_manager.cc:304] P 3576d2baa86141439f2e837433589a9b: Scheduling FlushMRSOp(2ec5b22f7bc141d2b4fbfc3b12bb7207): perf score=0.000392
I0710 23:26:46.263044 22039 tablet.cc:1152] T 2ec5b22f7bc141d2b4fbfc3b12bb7207 P 3576d2baa86141439f2e837433589a9b: Flush: entering stage 1 (old memrowset already frozen for inserts)
I0710 23:26:46.263061 22039 compaction.cc:921] Selected 1 rowsets to compact:
I0710 23:26:46.263067 22039 compaction.cc:924] memrowset(current size on disk: ~0 bytes)
I0710 23:26:46.263074 22039 tablet.cc:1154] T 2ec5b22f7bc141d2b4fbfc3b12bb7207 P 3576d2baa86141439f2e837433589a9b: Memstore in-memory size: 127255 bytes
I0710 23:26:46.263097 22039 tablet.cc:1443] T 2ec5b22f7bc141d2b4fbfc3b12bb7207 P 3576d2baa86141439f2e837433589a9b: Flush: entering phase 1 (flushing snapshot). Phase 1 snapshot: MvccSnapshot[committed={T|T < 6272062284691140608 or (T in {6272062284691140608})}]
I0710 23:26:46.263708 22039 multi_column_writer.cc:98] Opened CFile writers for 3 column(s) WARNING: Logging before InitGoogleLogging() is written to STDERR
W0710 23:26:46.269829 22413 flags.cc:406] Enabled unsafe flag: --rpc_server_allow_ephemeral_ports=true
W0710 23:26:46.270030 22413 flags.cc:406] Enabled unsafe flag: --never_fsync=true
W0710 23:26:46.270898 22413 flags.cc:406] Enabled experimental flag: --ipki_server_key_size=1024
W0710 23:26:46.270944 22413 flags.cc:406] Enabled experimental flag: --flush_threshold_mb=1
W0710 23:26:46.270957 22413 flags.cc:406] Enabled experimental flag: --flush_threshold_secs=1
W0710 23:26:46.270973 22413 flags.cc:406] Enabled experimental flag: --crash_on_eio=false
W0710 23:26:46.270993 22413 flags.cc:406] Enabled experimental flag: --local_ip_for_outbound_sockets=127.18.43.2
I0710 23:26:46.272462 22413 tablet_server_main.cc:78] Tablet server non-default flags: --fs_data_dirs=/tmp/dist-test-taskXw_ur6/test-tmp/tablet_copy_client_session-itest.0.TabletCopyClientSessionITest.TestStopCopyOnClientDiskFailure.1531265186290008-18604/minicluster-data/ts-1/data-0,/tmp/dist-test-taskXw_ur6/test-tmp/tablet_copy_client_session-itest.0.TabletCopyClientSessionITest.TestStopCopyOnClientDiskFailure.1531265186290008-18604/minicluster-data/ts-1/data-1 --fs_wal_dir=/tmp/dist-test-taskXw_ur6/test-tmp/tablet_copy_client_session-itest.0.TabletCopyClientSessionITest.TestStopCopyOnClientDiskFailure.1531265186290008-18604/minicluster-data/ts-1/wal --ipki_server_key_size=1024 --rpc_bind_addresses=127.18.43.2:45917 --rpc_server_allow_ephemeral_ports=true --metrics_log_interval_ms=1000 --server_dump_info_format=pb --server_dump_info_path=/tmp/dist-test-taskXw_ur6/test-tmp/tablet_copy_client_session-itest.0.TabletCopyClientSessionITest.TestStopCopyOnClientDiskFailure.1531265186290008-18604/minicluster-data/ts-1/data-0/info.pb --webserver_interface=127.18.43.2 --webserver_port=46731 --flush_threshold_mb=1 --flush_threshold_secs=1 --tserver_master_addrs=127.18.43.62:34207 --never_fsync=true --redact=none --unlock_experimental_flags=true --unlock_unsafe_flags=true --enable_minidumps=false --local_ip_for_outbound_sockets=127.18.43.2 --log_dir=/tmp/dist-test-taskXw_ur6/test-tmp/tablet_copy_client_session-itest.0.TabletCopyClientSessionITest.TestStopCopyOnClientDiskFailure.1531265186290008-18604/minicluster-data/ts-1/logs --logbuflevel=-1 --logtostderr=true Tablet server version: kudu 1.8.0-SNAPSHOT revision 025067de3b780c42022b7a08ed16eb82cdb574dc build type DEBUG built by None at 10 Jul 2018 23:14:03 UTC on jenkins-slave-8qw8 build id 14092
I0710 23:26:46.275949 22413 tablet_server_main.cc:85] Initializing tablet server...
I0710 23:26:46.276257 22039 tablet.cc:1528] T 2ec5b22f7bc141d2b4fbfc3b12bb7207 P 3576d2baa86141439f2e837433589a9b: Flush: entering phase 2 (starting to duplicate updates in new rowsets)
I0710 23:26:46.276381 22039 tablet.cc:1583] T 2ec5b22f7bc141d2b4fbfc3b12bb7207 P 3576d2baa86141439f2e837433589a9b: Flush Phase 2: carrying over any updates which arrived during Phase 1
I0710 23:26:46.276407 22039 tablet.cc:1585] T 2ec5b22f7bc141d2b4fbfc3b12bb7207 P 3576d2baa86141439f2e837433589a9b: Phase 2 snapshot: MvccSnapshot[committed={T|T < 6272062284691140608 or (T in {6272062284691140608})}]
I0710 23:26:46.276757 22413 system_ntp.cc:199] NTP initialized. Skew: 500ppm Current error: 197516us
I0710 23:26:46.277328 22413 fs_manager.cc:261] Metadata directory not provided
I0710 23:26:46.277382 22413 fs_manager.cc:267] Using write-ahead log directory (fs_wal_dir) as metadata directory
I0710 23:26:46.280236 22039 tablet.cc:1633] T 2ec5b22f7bc141d2b4fbfc3b12bb7207 P 3576d2baa86141439f2e837433589a9b: Flush successful on 1065 rows (31847 bytes)
I0710 23:26:46.280571 22039 maintenance_manager.cc:494] P 3576d2baa86141439f2e837433589a9b: FlushMRSOp(2ec5b22f7bc141d2b4fbfc3b12bb7207) complete. Timing: real 0.018s user 0.017s sys 0.000s Metrics: {"cfile_init":1,"data dirs.queue_time_us":105,"data dirs.run_cpu_time_us":167,"data dirs.run_wall_time_us":829,"lbm_read_time_us":38,"lbm_reads_lt_1ms":4,"lbm_write_time_us":360,"lbm_writes_lt_1ms":23}
I0710 23:26:46.281082 22145 maintenance_manager.cc:304] P 3576d2baa86141439f2e837433589a9b: Scheduling UndoDeltaBlockGCOp(2ec5b22f7bc141d2b4fbfc3b12bb7207): 10351 bytes on disk
I0710 23:26:46.281478 22039 maintenance_manager.cc:494] P 3576d2baa86141439f2e837433589a9b: UndoDeltaBlockGCOp(2ec5b22f7bc141d2b4fbfc3b12bb7207) complete. Timing: real 0.000s user 0.000s sys 0.000s Metrics: {"cfile_init":1,"lbm_read_time_us":58,"lbm_reads_lt_1ms":4}
I0710 23:26:46.281646 22413 fs_manager.cc:397] Time spent opening directory manager: real 0.003s user 0.004s sys 0.000s
I0710 23:26:46.281817 22145 maintenance_manager.cc:304] P 3576d2baa86141439f2e837433589a9b: Scheduling FlushMRSOp(45da44391d8a42a780127f45b9ec59e6): perf score=0.000396
I0710 23:26:46.281985 22413 env_posix.cc:1674] Not raising this process' open files per process limit of 1048576; it is already as high as it can go
I0710 23:26:46.282095 22039 tablet.cc:1152] T 45da44391d8a42a780127f45b9ec59e6 P 3576d2baa86141439f2e837433589a9b: Flush: entering stage 1 (old memrowset already frozen for inserts)
I0710 23:26:46.282115 22039 compaction.cc:921] Selected 1 rowsets to compact:
I0710 23:26:46.282121 22039 compaction.cc:924] memrowset(current size on disk: ~0 bytes)
I0710 23:26:46.282130 22039 tablet.cc:1154] T 45da44391d8a42a780127f45b9ec59e6 P 3576d2baa86141439f2e837433589a9b: Memstore in-memory size: 127255 bytes
I0710 23:26:46.282148 22039 tablet.cc:1443] T 45da44391d8a42a780127f45b9ec59e6 P 3576d2baa86141439f2e837433589a9b: Flush: entering phase 1 (flushing snapshot). Phase 1 snapshot: MvccSnapshot[committed={T|T < 6272062284707659776 or (T in {6272062284707659776})}]
I0710 23:26:46.282248 22413 file_cache.cc:470] Constructed file cache lbm with capacity 419430
I0710 23:26:46.282702 22039 multi_column_writer.cc:98] Opened CFile writers for 3 column(s)
I0710 23:26:46.285141 22413 fs_manager.cc:417] Time spent opening block manager: real 0.002s user 0.000s sys 0.001s
I0710 23:26:46.285708 22413 fs_manager.cc:434] Opened local filesystem: /tmp/dist-test-taskXw_ur6/test-tmp/tablet_copy_client_session-itest.0.TabletCopyClientSessionITest.TestStopCopyOnClientDiskFailure.1531265186290008-18604/minicluster-data/ts-1/data-0,/tmp/dist-test-taskXw_ur6/test-tmp/tablet_copy_client_session-itest.0.TabletCopyClientSessionITest.TestStopCopyOnClientDiskFailure.1531265186290008-18604/minicluster-data/ts-1/data-1,/tmp/dist-test-taskXw_ur6/test-tmp/tablet_copy_client_session-itest.0.TabletCopyClientSessionITest.TestStopCopyOnClientDiskFailure.1531265186290008-18604/minicluster-data/ts-1/wal uuid: "6ec7d1737cd1460ab9dd752e64eac912" format_stamp: "Formatted at 2018-07-10 23:26:43 on dist-test-slave-dist-test-slave-4h7p"
I0710 23:26:46.285815 22413 fs_report.cc:352] FS layout report -------------------- wal directory: /tmp/dist-test-taskXw_ur6/test-tmp/tablet_copy_client_session-itest.0.TabletCopyClientSessionITest.TestStopCopyOnClientDiskFailure.1531265186290008-18604/minicluster-data/ts-1/wal metadata directory: /tmp/dist-test-taskXw_ur6/test-tmp/tablet_copy_client_session-itest.0.TabletCopyClientSessionITest.TestStopCopyOnClientDiskFailure.1531265186290008-18604/minicluster-data/ts-1/wal 2 data directories: /tmp/dist-test-taskXw_ur6/test-tmp/tablet_copy_client_session-itest.0.TabletCopyClientSessionITest.TestStopCopyOnClientDiskFailure.1531265186290008-18604/minicluster-data/ts-1/data-0/data, /tmp/dist-test-taskXw_ur6/test-tmp/tablet_copy_client_session-itest.0.TabletCopyClientSessionITest.TestStopCopyOnClientDiskFailure.1531265186290008-18604/minicluster-data/ts-1/data-1/data Total live blocks: 0 Total live bytes: 0 Total live bytes (after alignment): 0 Total number of LBM containers: 0 (0 full) Did not check for missing blocks Did not check for orphaned blocks Total full LBM containers with extra space: 0 (0 repaired) Total full LBM container extra space in bytes: 0 (0 repaired) Total incomplete LBM containers: 0 (0 repaired) Total LBM partial records: 0 (0 repaired)
I0710 23:26:46.293707 22039 tablet.cc:1528] T 45da44391d8a42a780127f45b9ec59e6 P 3576d2baa86141439f2e837433589a9b: Flush: entering phase 2 (starting to duplicate updates in new rowsets)
I0710 23:26:46.293851 22039 tablet.cc:1583] T 45da44391d8a42a780127f45b9ec59e6 P 3576d2baa86141439f2e837433589a9b: Flush Phase 2: carrying over any updates which arrived during Phase 1
I0710 23:26:46.293880 22039 tablet.cc:1585] T 45da44391d8a42a780127f45b9ec59e6 P 3576d2baa86141439f2e837433589a9b: Phase 2 snapshot: MvccSnapshot[committed={T|T < 6272062284707659776 or (T in {6272062284707659776})}]
I0710 23:26:46.297605 22039 tablet.cc:1633] T 45da44391d8a42a780127f45b9ec59e6 P 3576d2baa86141439f2e837433589a9b: Flush successful on 995 rows (30134 bytes)
I0710 23:26:46.297950 22039 maintenance_manager.cc:494] P 3576d2baa86141439f2e837433589a9b: FlushMRSOp(45da44391d8a42a780127f45b9ec59e6) complete. Timing: real 0.016s user 0.015s sys 0.000s Metrics: {"cfile_init":1,"data dirs.queue_time_us":84,"data dirs.run_cpu_time_us":191,"data dirs.run_wall_time_us":864,"lbm_read_time_us":36,"lbm_reads_lt_1ms":4,"lbm_write_time_us":380,"lbm_writes_lt_1ms":23}
I0710 23:26:46.298548 22145 maintenance_manager.cc:304] P 3576d2baa86141439f2e837433589a9b: Scheduling UndoDeltaBlockGCOp(8facaf1b4c2e4745baf379f06a8773c8): 10104 bytes on disk
I0710 23:26:46.299000 22039 maintenance_manager.cc:494] P 3576d2baa86141439f2e837433589a9b: UndoDeltaBlockGCOp(8facaf1b4c2e4745baf379f06a8773c8) complete. Timing: real 0.000s user 0.000s sys 0.000s Metrics: {"cfile_init":1,"lbm_read_time_us":48,"lbm_reads_lt_1ms":4}
I0710 23:26:46.299345 22145 maintenance_manager.cc:304] P 3576d2baa86141439f2e837433589a9b: Scheduling UndoDeltaBlockGCOp(45da44391d8a42a780127f45b9ec59e6): 9710 bytes on disk
I0710 23:26:46.299739 22039 maintenance_manager.cc:494] P 3576d2baa86141439f2e837433589a9b: UndoDeltaBlockGCOp(45da44391d8a42a780127f45b9ec59e6) complete. Timing: real 0.000s user 0.000s sys 0.000s Metrics: {"cfile_init":1,"lbm_read_time_us":71,"lbm_reads_lt_1ms":4}
I0710 23:26:46.300057 22145 maintenance_manager.cc:304] P 3576d2baa86141439f2e837433589a9b: Scheduling FlushMRSOp(e84b278749d54e9b9978065912c42363): perf score=0.000401
I0710 23:26:46.300369 22039 tablet.cc:1152] T e84b278749d54e9b9978065912c42363 P 3576d2baa86141439f2e837433589a9b: Flush: entering stage 1 (old memrowset already frozen for inserts)
I0710 23:26:46.300388 22039 compaction.cc:921] Selected 1 rowsets to compact:
I0710 23:26:46.300393 22039 compaction.cc:924] memrowset(current size on disk: ~0 bytes)
I0710 23:26:46.300398 22039 tablet.cc:1154] T e84b278749d54e9b9978065912c42363 P 3576d2baa86141439f2e837433589a9b: Memstore in-memory size: 127255 bytes
I0710 23:26:46.300416 22039 tablet.cc:1443] T e84b278749d54e9b9978065912c42363 P 3576d2baa86141439f2e837433589a9b: Flush: entering phase 1 (flushing snapshot). Phase 1 snapshot: MvccSnapshot[committed={T|T < 6272062284711501824 or (T in {6272062284711501824})}]
I0710 23:26:46.301017 22039 multi_column_writer.cc:98] Opened CFile writers for 3 column(s)
I0710 23:26:46.302894 22413 env_posix.cc:1674] Not raising this process' running threads per effective uid limit of 18446744073709551615; it is already as high as it can go
I0710 23:26:46.304069 22413 ts_tablet_manager.cc:356] Loaded tablet metadata (0 live tablets)
I0710 23:26:46.304203 22413 tablet_server_main.cc:90] Starting tablet server...
I0710 23:26:46.309983 22413 rpc_server.cc:205] RPC server started. Bound to: 127.18.43.2:45917
I0710 23:26:46.310314 22413 webserver.cc:175] Starting webserver on 127.18.43.2:46731
I0710 23:26:46.310330 22413 webserver.cc:186] Document root disabled
I0710 23:26:46.310721 22413 webserver.cc:313] Webserver started. Bound to: http://127.18.43.2:46731/
I0710 23:26:46.311307 22413 server_base.cc:607] Dumped server information to /tmp/dist-test-taskXw_ur6/test-tmp/tablet_copy_client_session-itest.0.TabletCopyClientSessionITest.TestStopCopyOnClientDiskFailure.1531265186290008-18604/minicluster-data/ts-1/data-0/info.pb
I0710 23:26:46.311739 22413 tablet_server_main.cc:93] Tablet server successfully started.
I0710 23:26:46.312752 22039 tablet.cc:1528] T e84b278749d54e9b9978065912c42363 P 3576d2baa86141439f2e837433589a9b: Flush: entering phase 2 (starting to duplicate updates in new rowsets)
I0710 23:26:46.312913 22039 tablet.cc:1583] T e84b278749d54e9b9978065912c42363 P 3576d2baa86141439f2e837433589a9b: Flush Phase 2: carrying over any updates which arrived during Phase 1
I0710 23:26:46.312943 22039 tablet.cc:1585] T e84b278749d54e9b9978065912c42363 P 3576d2baa86141439f2e837433589a9b: Phase 2 snapshot: MvccSnapshot[committed={T|T < 6272062284711501824 or (T in {6272062284711501824})}]
I0710 23:26:46.313973 18604 external_mini_cluster.cc:871] Started /tmp/dist-test-taskXw_ur6/build/debug/bin/kudu-tserver as pid 22413
I0710 23:26:46.317056 22540 tablet_copy_client_session-itest.cc:378] Copying over tablet 4 / 10
I0710 23:26:46.317137 22538 tablet_copy_client_session-itest.cc:378] Copying over tablet 2 / 10
I0710 23:26:46.317287 22539 tablet_copy_client_session-itest.cc:378] Copying over tablet 3 / 10
I0710 23:26:46.318028 22541 tablet_copy_client_session-itest.cc:378] Copying over tablet 5 / 10
I0710 23:26:46.318256 22542 tablet_copy_client_session-itest.cc:378] Copying over tablet 6 / 10
I0710 23:26:46.318451 22543 tablet_copy_client_session-itest.cc:378] Copying over tablet 7 / 10
I0710 23:26:46.318461 22039 tablet.cc:1633] T e84b278749d54e9b9978065912c42363 P 3576d2baa86141439f2e837433589a9b: Flush successful on 997 rows (30163 bytes)
I0710 23:26:46.318619 22544 tablet_copy_client_session-itest.cc:378] Copying over tablet 8 / 10
I0710 23:26:46.318742 22545 tablet_copy_client_session-itest.cc:378] Copying over tablet 9 / 10
I0710 23:26:46.318857 22039 maintenance_manager.cc:494] P 3576d2baa86141439f2e837433589a9b: FlushMRSOp(e84b278749d54e9b9978065912c42363) complete. Timing: real 0.019s user 0.010s sys 0.007s Metrics: {"cfile_init":1,"data dirs.queue_time_us":59,"data dirs.run_cpu_time_us":220,"data dirs.run_wall_time_us":1546,"lbm_read_time_us":31,"lbm_reads_lt_1ms":4,"lbm_write_time_us":429,"lbm_writes_lt_1ms":23}
I0710 23:26:46.319454 22537 tablet_copy_client_session-itest.cc:378] Copying over tablet 1 / 10
I0710 23:26:46.319447 22145 maintenance_manager.cc:304] P 3576d2baa86141439f2e837433589a9b: Scheduling UndoDeltaBlockGCOp(e84b278749d54e9b9978065912c42363): 9765 bytes on disk
I0710 23:26:46.319969 22039 maintenance_manager.cc:494] P 3576d2baa86141439f2e837433589a9b: UndoDeltaBlockGCOp(e84b278749d54e9b9978065912c42363) complete. Timing: real 0.000s user 0.000s sys 0.000s Metrics: {"cfile_init":1,"lbm_read_time_us":69,"lbm_reads_lt_1ms":4}
I0710 23:26:46.320328 22145 maintenance_manager.cc:304] P 3576d2baa86141439f2e837433589a9b: Scheduling UndoDeltaBlockGCOp(628f1e270e1948d2b555b1827254d4ab): 8910 bytes on disk
I0710 23:26:46.320662 22039 maintenance_manager.cc:494] P 3576d2baa86141439f2e837433589a9b: UndoDeltaBlockGCOp(628f1e270e1948d2b555b1827254d4ab) complete. Timing: real 0.000s user 0.000s sys 0.000s Metrics: {"cfile_init":1,"lbm_read_time_us":47,"lbm_reads_lt_1ms":4}
I0710 23:26:46.321300 22533 heartbeater.cc:346] Connected to a master server at 127.18.43.62:34207
I0710 23:26:46.321457 22533 heartbeater.cc:426] Registering TS with master...
I0710 23:26:46.321892 22533 heartbeater.cc:475] Master 127.18.43.62:34207 requested a full tablet report, sending...
I0710 23:26:46.322873 22304 ts_manager.cc:98] Registered new tserver with Master: 6ec7d1737cd1460ab9dd752e64eac912 (127.18.43.2:45917)
I0710 23:26:46.323971 22304 master_service.cc:249] Signed X509 certificate for tserver {username='slave'} at 127.18.43.2:44613
I0710 23:26:46.324867 22547 ts_tablet_manager.cc:669] T 8facaf1b4c2e4745baf379f06a8773c8 P 6ec7d1737cd1460ab9dd752e64eac912: Initiating tablet copy from peer 3576d2baa86141439f2e837433589a9b (127.18.43.1:45577)
I0710 23:26:46.325104 22547 tablet_copy_client.cc:239] T 8facaf1b4c2e4745baf379f06a8773c8 P 6ec7d1737cd1460ab9dd752e64eac912: tablet copy: Beginning tablet copy session from remote peer at address 127.18.43.1:45577
I0710 23:26:46.325321 22553 ts_tablet_manager.cc:669] T f5d922d9e6fb45bd9d98acf118e6d9e8 P 6ec7d1737cd1460ab9dd752e64eac912: Initiating tablet copy from peer 3576d2baa86141439f2e837433589a9b (127.18.43.1:45577)
I0710 23:26:46.325376 22549 ts_tablet_manager.cc:669] T 7dcd98b4c6f0472cbd570a3408ab1aa1 P 6ec7d1737cd1460ab9dd752e64eac912: Initiating tablet copy from peer 3576d2baa86141439f2e837433589a9b (127.18.43.1:45577)
I0710 23:26:46.325393 22553 tablet_copy_client.cc:239] T f5d922d9e6fb45bd9d98acf118e6d9e8 P 6ec7d1737cd1460ab9dd752e64eac912: tablet copy: Beginning tablet copy session from remote peer at address 127.18.43.1:45577
I0710 23:26:46.325413 22549 tablet_copy_client.cc:239] T 7dcd98b4c6f0472cbd570a3408ab1aa1 P 6ec7d1737cd1460ab9dd752e64eac912: tablet copy: Beginning tablet copy session from remote peer at address 127.18.43.1:45577
I0710 23:26:46.325534 22554 ts_tablet_manager.cc:669] T 18aa52f6e09947709e0b183c6d7d21d3 P 6ec7d1737cd1460ab9dd752e64eac912: Initiating tablet copy from peer 3576d2baa86141439f2e837433589a9b (127.18.43.1:45577)
I0710 23:26:46.325543 22552 ts_tablet_manager.cc:669] T e84b278749d54e9b9978065912c42363 P 6ec7d1737cd1460ab9dd752e64eac912: Initiating tablet copy from peer 3576d2baa86141439f2e837433589a9b (127.18.43.1:45577)
I0710 23:26:46.325582 22554 tablet_copy_client.cc:239] T 18aa52f6e09947709e0b183c6d7d21d3 P 6ec7d1737cd1460ab9dd752e64eac912: tablet copy: Beginning tablet copy session from remote peer at address 127.18.43.1:45577
I0710 23:26:46.325582 22552 tablet_copy_client.cc:239] T e84b278749d54e9b9978065912c42363 P 6ec7d1737cd1460ab9dd752e64eac912: tablet copy: Beginning tablet copy session from remote peer at address 127.18.43.1:45577
I0710 23:26:46.325683 22555 ts_tablet_manager.cc:669] T e076cfa4d8674332aef98dec88fd570e P 6ec7d1737cd1460ab9dd752e64eac912: Initiating tablet copy from peer 3576d2baa86141439f2e837433589a9b (127.18.43.1:45577)
I0710 23:26:46.325721 22555 tablet_copy_client.cc:239] T e076cfa4d8674332aef98dec88fd570e P 6ec7d1737cd1460ab9dd752e64eac912: tablet copy: Beginning tablet copy session from remote peer at address 127.18.43.1:45577
I0710 23:26:46.325893 22550 ts_tablet_manager.cc:669] T 2ec5b22f7bc141d2b4fbfc3b12bb7207 P 6ec7d1737cd1460ab9dd752e64eac912: Initiating tablet copy from peer 3576d2baa86141439f2e837433589a9b (127.18.43.1:45577)
I0710 23:26:46.325960 22550 tablet_copy_client.cc:239] T 2ec5b22f7bc141d2b4fbfc3b12bb7207 P 6ec7d1737cd1460ab9dd752e64eac912: tablet copy: Beginning tablet copy session from remote peer at address 127.18.43.1:45577
I0710 23:26:46.326114 22551 ts_tablet_manager.cc:669] T 45da44391d8a42a780127f45b9ec59e6 P 6ec7d1737cd1460ab9dd752e64eac912: Initiating tablet copy from peer 3576d2baa86141439f2e837433589a9b (127.18.43.1:45577)
I0710 23:26:46.326174 22551 tablet_copy_client.cc:239] T 45da44391d8a42a780127f45b9ec59e6 P 6ec7d1737cd1460ab9dd752e64eac912: tablet copy: Beginning tablet copy session from remote peer at address 127.18.43.1:45577
I0710 23:26:46.325330 22548 ts_tablet_manager.cc:669] T 782cbc85002b4ef594bdd8a41b62d57e P 6ec7d1737cd1460ab9dd752e64eac912: Initiating tablet copy from peer 3576d2baa86141439f2e837433589a9b (127.18.43.1:45577)
I0710 23:26:46.326292 22548 tablet_copy_client.cc:239] T 782cbc85002b4ef594bdd8a41b62d57e P 6ec7d1737cd1460ab9dd752e64eac912: tablet copy: Beginning tablet copy session from remote peer at address 127.18.43.1:45577
I0710 23:26:46.329464 22121 tablet_copy_service.cc:135] P 3576d2baa86141439f2e837433589a9b: Received BeginTabletCopySession request for tablet 8facaf1b4c2e4745baf379f06a8773c8 from peer 6ec7d1737cd1460ab9dd752e64eac912 ({username='slave'} at 127.18.43.2:47165)
I0710 23:26:46.329495 22120 tablet_copy_service.cc:135] P 3576d2baa86141439f2e837433589a9b: Received BeginTabletCopySession request for tablet f5d922d9e6fb45bd9d98acf118e6d9e8 from peer 6ec7d1737cd1460ab9dd752e64eac912 ({username='slave'} at 127.18.43.2:47165)
I0710 23:26:46.329545 22119 tablet_copy_service.cc:135] P 3576d2baa86141439f2e837433589a9b: Received BeginTabletCopySession request for tablet 7dcd98b4c6f0472cbd570a3408ab1aa1 from peer 6ec7d1737cd1460ab9dd752e64eac912 ({username='slave'} at 127.18.43.2:47165)
I0710 23:26:46.329563 22121 tablet_copy_service.cc:156] P 3576d2baa86141439f2e837433589a9b: Beginning new tablet copy session on tablet 8facaf1b4c2e4745baf379f06a8773c8 from peer 6ec7d1737cd1460ab9dd752e64eac912 at {username='slave'} at 127.18.43.2:47165: session id = 6ec7d1737cd1460ab9dd752e64eac912-8facaf1b4c2e4745baf379f06a8773c8
