I0710 23:26:29.922469 18604 external_mini_cluster.cc:809] Running /tmp/dist-test-taskXw_ur6/build/debug/bin/kudu-tserver /tmp/dist-test-taskXw_ur6/build/debug/bin/kudu-tserver --fs_wal_dir=/tmp/dist-test-taskXw_ur6/test-tmp/tablet_copy_client_session-itest.0.TabletCopyClientSessionITest.TestStartTabletCopyWhileSourceBootstrapping.1531265186290008-18604/minicluster-data/ts-1/wal --fs_data_dirs=/tmp/dist-test-taskXw_ur6/test-tmp/tablet_copy_client_session-itest.0.TabletCopyClientSessionITest.TestStartTabletCopyWhileSourceBootstrapping.1531265186290008-18604/minicluster-data/ts-1/data --block_manager=log --rpc_bind_addresses=127.18.43.2:41321 --local_ip_for_outbound_sockets=127.18.43.2 --webserver_port=35457 --webserver_interface=127.18.43.2 --tserver_master_addrs=127.18.43.62:40099 --never_fsync --ipki_server_key_size=1024 --enable_minidumps=false --redact=none --metrics_log_interval_ms=1000 --logtostderr --logbuflevel=-1 --log_dir=/tmp/dist-test-taskXw_ur6/test-tmp/tablet_copy_client_session-itest.0.TabletCopyClientSessionITest.TestStartTabletCopyWhileSourceBootstrapping.1531265186290008-18604/minicluster-data/ts-1/logs --server_dump_info_path=/tmp/dist-test-taskXw_ur6/test-tmp/tablet_copy_client_session-itest.0.TabletCopyClientSessionITest.TestStartTabletCopyWhileSourceBootstrapping.1531265186290008-18604/minicluster-data/ts-1/data/info.pb --server_dump_info_format=pb --rpc_server_allow_ephemeral_ports --unlock_experimental_flags --unlock_unsafe_flags with env {} WARNING: Logging before InitGoogleLogging() is written to STDERR
W0710 23:26:29.962110 19565 flags.cc:406] Enabled unsafe flag: --rpc_server_allow_ephemeral_ports=true
W0710 23:26:29.962308 19565 flags.cc:406] Enabled unsafe flag: --never_fsync=true
W0710 23:26:29.963112 19565 flags.cc:406] Enabled experimental flag: --ipki_server_key_size=1024
W0710 23:26:29.963176 19565 flags.cc:406] Enabled experimental flag: --local_ip_for_outbound_sockets=127.18.43.2
I0710 23:26:29.964658 19565 tablet_server_main.cc:78] Tablet server non-default flags: --fs_data_dirs=/tmp/dist-test-taskXw_ur6/test-tmp/tablet_copy_client_session-itest.0.TabletCopyClientSessionITest.TestStartTabletCopyWhileSourceBootstrapping.1531265186290008-18604/minicluster-data/ts-1/data --fs_wal_dir=/tmp/dist-test-taskXw_ur6/test-tmp/tablet_copy_client_session-itest.0.TabletCopyClientSessionITest.TestStartTabletCopyWhileSourceBootstrapping.1531265186290008-18604/minicluster-data/ts-1/wal --ipki_server_key_size=1024 --rpc_bind_addresses=127.18.43.2:41321 --rpc_server_allow_ephemeral_ports=true --metrics_log_interval_ms=1000 --server_dump_info_format=pb --server_dump_info_path=/tmp/dist-test-taskXw_ur6/test-tmp/tablet_copy_client_session-itest.0.TabletCopyClientSessionITest.TestStartTabletCopyWhileSourceBootstrapping.1531265186290008-18604/minicluster-data/ts-1/data/info.pb --webserver_interface=127.18.43.2 --webserver_port=35457 --tserver_master_addrs=127.18.43.62:40099 --never_fsync=true --redact=none --unlock_experimental_flags=true --unlock_unsafe_flags=true --enable_minidumps=false --local_ip_for_outbound_sockets=127.18.43.2 --log_dir=/tmp/dist-test-taskXw_ur6/test-tmp/tablet_copy_client_session-itest.0.TabletCopyClientSessionITest.TestStartTabletCopyWhileSourceBootstrapping.1531265186290008-18604/minicluster-data/ts-1/logs --logbuflevel=-1 --logtostderr=true Tablet server version: kudu 1.8.0-SNAPSHOT revision 025067de3b780c42022b7a08ed16eb82cdb574dc build type DEBUG built by None at 10 Jul 2018 23:14:03 UTC on jenkins-slave-8qw8 build id 14092
I0710 23:26:29.968261 19565 tablet_server_main.cc:85] Initializing tablet server...
I0710 23:26:29.969048 19565 system_ntp.cc:199] NTP initialized. Skew: 500ppm Current error: 189016us
I0710 23:26:29.969594 19565 fs_manager.cc:261] Metadata directory not provided
I0710 23:26:29.969629 19565 fs_manager.cc:267] Using write-ahead log directory (fs_wal_dir) as metadata directory
I0710 23:26:29.973394 19565 fs_manager.cc:397] Time spent opening directory manager: real 0.003s user 0.004s sys 0.000s
I0710 23:26:29.973824 19565 env_posix.cc:1674] Not raising this process' open files per process limit of 1048576; it is already as high as it can go
I0710 23:26:29.974087 19565 file_cache.cc:470] Constructed file cache lbm with capacity 419430
I0710 23:26:29.976991 19565 fs_manager.cc:417] Time spent opening block manager: real 0.002s user 0.001s sys 0.000s
I0710 23:26:29.977548 19565 fs_manager.cc:434] Opened local filesystem: /tmp/dist-test-taskXw_ur6/test-tmp/tablet_copy_client_session-itest.0.TabletCopyClientSessionITest.TestStartTabletCopyWhileSourceBootstrapping.1531265186290008-18604/minicluster-data/ts-1/data,/tmp/dist-test-taskXw_ur6/test-tmp/tablet_copy_client_session-itest.0.TabletCopyClientSessionITest.TestStartTabletCopyWhileSourceBootstrapping.1531265186290008-18604/minicluster-data/ts-1/wal uuid: "319a0ce5d3df4b83a7c6efed0459c572" format_stamp: "Formatted at 2018-07-10 23:26:26 on dist-test-slave-dist-test-slave-4h7p"
I0710 23:26:29.977669 19565 fs_report.cc:352] FS layout report -------------------- wal directory: /tmp/dist-test-taskXw_ur6/test-tmp/tablet_copy_client_session-itest.0.TabletCopyClientSessionITest.TestStartTabletCopyWhileSourceBootstrapping.1531265186290008-18604/minicluster-data/ts-1/wal metadata directory: /tmp/dist-test-taskXw_ur6/test-tmp/tablet_copy_client_session-itest.0.TabletCopyClientSessionITest.TestStartTabletCopyWhileSourceBootstrapping.1531265186290008-18604/minicluster-data/ts-1/wal 1 data directories: /tmp/dist-test-taskXw_ur6/test-tmp/tablet_copy_client_session-itest.0.TabletCopyClientSessionITest.TestStartTabletCopyWhileSourceBootstrapping.1531265186290008-18604/minicluster-data/ts-1/data/data Total live blocks: 0 Total live bytes: 0 Total live bytes (after alignment): 0 Total number of LBM containers: 0 (0 full) Did not check for missing blocks Did not check for orphaned blocks Total full LBM containers with extra space: 0 (0 repaired) Total full LBM container extra space in bytes: 0 (0 repaired) Total incomplete LBM containers: 0 (0 repaired) Total LBM partial records: 0 (0 repaired)
I0710 23:26:29.999251 19565 env_posix.cc:1674] Not raising this process' running threads per effective uid limit of 18446744073709551615; it is already as high as it can go
I0710 23:26:30.000344 19565 ts_tablet_manager.cc:356] Loaded tablet metadata (0 live tablets)
I0710 23:26:30.000468 19565 tablet_server_main.cc:90] Starting tablet server...
I0710 23:26:30.005918 19565 rpc_server.cc:205] RPC server started. Bound to: 127.18.43.2:41321
I0710 23:26:30.006266 19565 webserver.cc:175] Starting webserver on 127.18.43.2:35457
I0710 23:26:30.006286 19565 webserver.cc:186] Document root disabled
I0710 23:26:30.006711 19565 webserver.cc:313] Webserver started. Bound to: http://127.18.43.2:35457/
I0710 23:26:30.007304 19565 server_base.cc:607] Dumped server information to /tmp/dist-test-taskXw_ur6/test-tmp/tablet_copy_client_session-itest.0.TabletCopyClientSessionITest.TestStartTabletCopyWhileSourceBootstrapping.1531265186290008-18604/minicluster-data/ts-1/data/info.pb
I0710 23:26:30.007788 19565 tablet_server_main.cc:93] Tablet server successfully started.
I0710 23:26:30.015413 19684 heartbeater.cc:346] Connected to a master server at 127.18.43.62:40099
I0710 23:26:30.015544 19684 heartbeater.cc:426] Registering TS with master...
I0710 23:26:30.015955 19684 heartbeater.cc:475] Master 127.18.43.62:40099 requested a full tablet report, sending...
I0710 23:26:30.016345 18604 external_mini_cluster.cc:871] Started /tmp/dist-test-taskXw_ur6/build/debug/bin/kudu-tserver as pid 19565
I0710 23:26:30.016448 18604 tablet_copy_client_session-itest.cc:143] Starting loop 2
I0710 23:26:30.016477 18604 external_mini_cluster.cc:1008] Killing /tmp/dist-test-taskXw_ur6/build/debug/bin/kudu-tserver with pid 19425
I0710 23:26:30.016919 18957 ts_manager.cc:104] Re-registered known tserver with Master: 319a0ce5d3df4b83a7c6efed0459c572 (127.18.43.2:41321)
I0710 23:26:30.017771 18957 master_service.cc:249] Signed X509 certificate for tserver {username='slave'} at 127.18.43.2:53319
W0710 23:26:30.021437 18939 connection.cc:512] server connection from 127.18.43.1:47563 recv error: Network error: failed to read from TLS socket (remote: 127.18.43.1:47563): Connection reset by peer (error 104)
I0710 23:26:30.022014 18604 external_mini_cluster.cc:809] Running /tmp/dist-test-taskXw_ur6/build/debug/bin/kudu-tserver /tmp/dist-test-taskXw_ur6/build/debug/bin/kudu-tserver --fs_wal_dir=/tmp/dist-test-taskXw_ur6/test-tmp/tablet_copy_client_session-itest.0.TabletCopyClientSessionITest.TestStartTabletCopyWhileSourceBootstrapping.1531265186290008-18604/minicluster-data/ts-0/wal --fs_data_dirs=/tmp/dist-test-taskXw_ur6/test-tmp/tablet_copy_client_session-itest.0.TabletCopyClientSessionITest.TestStartTabletCopyWhileSourceBootstrapping.1531265186290008-18604/minicluster-data/ts-0/data --block_manager=log --rpc_bind_addresses=127.18.43.1:35889 --local_ip_for_outbound_sockets=127.18.43.1 --webserver_port=45729 --webserver_interface=127.18.43.1 --tserver_master_addrs=127.18.43.62:40099 --never_fsync --ipki_server_key_size=1024 --enable_minidumps=false --redact=none --metrics_log_interval_ms=1000 --logtostderr --logbuflevel=-1 --log_dir=/tmp/dist-test-taskXw_ur6/test-tmp/tablet_copy_client_session-itest.0.TabletCopyClientSessionITest.TestStartTabletCopyWhileSourceBootstrapping.1531265186290008-18604/minicluster-data/ts-0/logs --server_dump_info_path=/tmp/dist-test-taskXw_ur6/test-tmp/tablet_copy_client_session-itest.0.TabletCopyClientSessionITest.TestStartTabletCopyWhileSourceBootstrapping.1531265186290008-18604/minicluster-data/ts-0/data/info.pb --server_dump_info_format=pb --rpc_server_allow_ephemeral_ports --unlock_experimental_flags --unlock_unsafe_flags with env {}
I0710 23:26:30.029853 19695 ts_tablet_manager.cc:669] T db0b5751c95748c49ca3272e013e7ee3 P 319a0ce5d3df4b83a7c6efed0459c572: Initiating tablet copy from peer 9c528fbbfce246539f8bcbc2dbe1a353 (127.18.43.1:35889)
I0710 23:26:30.030107 19695 tablet_copy_client.cc:239] T db0b5751c95748c49ca3272e013e7ee3 P 319a0ce5d3df4b83a7c6efed0459c572: tablet copy: Beginning tablet copy session from remote peer at address 127.18.43.1:35889
I0710 23:26:30.031761 19695 ts_tablet_manager.cc:669] T db0b5751c95748c49ca3272e013e7ee3 P 319a0ce5d3df4b83a7c6efed0459c572: Initiating tablet copy from peer 9c528fbbfce246539f8bcbc2dbe1a353 (127.18.43.1:35889)
I0710 23:26:30.031947 19695 tablet_copy_client.cc:239] T db0b5751c95748c49ca3272e013e7ee3 P 319a0ce5d3df4b83a7c6efed0459c572: tablet copy: Beginning tablet copy session from remote peer at address 127.18.43.1:35889
I0710 23:26:30.061410 19695 ts_tablet_manager.cc:669] T db0b5751c95748c49ca3272e013e7ee3 P 319a0ce5d3df4b83a7c6efed0459c572: Initiating tablet copy from peer 9c528fbbfce246539f8bcbc2dbe1a353 (127.18.43.1:35889)
I0710 23:26:30.061544 19695 tablet_copy_client.cc:239] T db0b5751c95748c49ca3272e013e7ee3 P 319a0ce5d3df4b83a7c6efed0459c572: tablet copy: Beginning tablet copy session from remote peer at address 127.18.43.1:35889
I0710 23:26:30.062789 19695 ts_tablet_manager.cc:669] T db0b5751c95748c49ca3272e013e7ee3 P 319a0ce5d3df4b83a7c6efed0459c572: Initiating tablet copy from peer 9c528fbbfce246539f8bcbc2dbe1a353 (127.18.43.1:35889)
I0710 23:26:30.062888 19695 tablet_copy_client.cc:239] T db0b5751c95748c49ca3272e013e7ee3 P 319a0ce5d3df4b83a7c6efed0459c572: tablet copy: Beginning tablet copy session from remote peer at address 127.18.43.1:35889
I0710 23:26:30.063889 19696 ts_tablet_manager.cc:669] T db0b5751c95748c49ca3272e013e7ee3 P 319a0ce5d3df4b83a7c6efed0459c572: Initiating tablet copy from peer 9c528fbbfce246539f8bcbc2dbe1a353 (127.18.43.1:35889) WARNING: Logging before InitGoogleLogging() is written to STDERR
I0710 23:26:30.064033 19696 tablet_copy_client.cc:239] T db0b5751c95748c49ca3272e013e7ee3 P 319a0ce5d3df4b83a7c6efed0459c572: tablet copy: Beginning tablet copy session from remote peer at address 127.18.43.1:35889
W0710 23:26:30.063894 19693 flags.cc:406] Enabled unsafe flag: --rpc_server_allow_ephemeral_ports=true
W0710 23:26:30.064098 19693 flags.cc:406] Enabled unsafe flag: --never_fsync=true
W0710 23:26:30.065240 19693 flags.cc:406] Enabled experimental flag: --ipki_server_key_size=1024
W0710 23:26:30.065316 19693 flags.cc:406] Enabled experimental flag: --local_ip_for_outbound_sockets=127.18.43.1
I0710 23:26:30.066390 19696 ts_tablet_manager.cc:669] T db0b5751c95748c49ca3272e013e7ee3 P 319a0ce5d3df4b83a7c6efed0459c572: Initiating tablet copy from peer 9c528fbbfce246539f8bcbc2dbe1a353 (127.18.43.1:35889)
I0710 23:26:30.066484 19696 tablet_copy_client.cc:239] T db0b5751c95748c49ca3272e013e7ee3 P 319a0ce5d3df4b83a7c6efed0459c572: tablet copy: Beginning tablet copy session from remote peer at address 127.18.43.1:35889
I0710 23:26:30.066951 19693 tablet_server_main.cc:78] Tablet server non-default flags: --fs_data_dirs=/tmp/dist-test-taskXw_ur6/test-tmp/tablet_copy_client_session-itest.0.TabletCopyClientSessionITest.TestStartTabletCopyWhileSourceBootstrapping.1531265186290008-18604/minicluster-data/ts-0/data --fs_wal_dir=/tmp/dist-test-taskXw_ur6/test-tmp/tablet_copy_client_session-itest.0.TabletCopyClientSessionITest.TestStartTabletCopyWhileSourceBootstrapping.1531265186290008-18604/minicluster-data/ts-0/wal --ipki_server_key_size=1024 --rpc_bind_addresses=127.18.43.1:35889 --rpc_server_allow_ephemeral_ports=true --metrics_log_interval_ms=1000 --server_dump_info_format=pb --server_dump_info_path=/tmp/dist-test-taskXw_ur6/test-tmp/tablet_copy_client_session-itest.0.TabletCopyClientSessionITest.TestStartTabletCopyWhileSourceBootstrapping.1531265186290008-18604/minicluster-data/ts-0/data/info.pb --webserver_interface=127.18.43.1 --webserver_port=45729 --tserver_master_addrs=127.18.43.62:40099 --never_fsync=true --redact=none --unlock_experimental_flags=true --unlock_unsafe_flags=true --enable_minidumps=false --local_ip_for_outbound_sockets=127.18.43.1 --log_dir=/tmp/dist-test-taskXw_ur6/test-tmp/tablet_copy_client_session-itest.0.TabletCopyClientSessionITest.TestStartTabletCopyWhileSourceBootstrapping.1531265186290008-18604/minicluster-data/ts-0/logs --logbuflevel=-1 --logtostderr=true Tablet server version: kudu 1.8.0-SNAPSHOT revision 025067de3b780c42022b7a08ed16eb82cdb574dc build type DEBUG built by None at 10 Jul 2018 23:14:03 UTC on jenkins-slave-8qw8 build id 14092
I0710 23:26:30.070611 19693 tablet_server_main.cc:85] Initializing tablet server...
I0710 23:26:30.071403 19693 system_ntp.cc:199] NTP initialized. Skew: 500ppm Current error: 189516us
I0710 23:26:30.071969 19693 fs_manager.cc:261] Metadata directory not provided
I0710 23:26:30.072013 19693 fs_manager.cc:267] Using write-ahead log directory (fs_wal_dir) as metadata directory
I0710 23:26:30.075984 19693 fs_manager.cc:397] Time spent opening directory manager: real 0.003s user 0.003s sys 0.000s
I0710 23:26:30.076464 19693 env_posix.cc:1674] Not raising this process' open files per process limit of 1048576; it is already as high as it can go
I0710 23:26:30.076733 19693 file_cache.cc:470] Constructed file cache lbm with capacity 419430
I0710 23:26:30.079959 19693 fs_manager.cc:417] Time spent opening block manager: real 0.002s user 0.001s sys 0.000s
I0710 23:26:30.080545 19693 fs_manager.cc:434] Opened local filesystem: /tmp/dist-test-taskXw_ur6/test-tmp/tablet_copy_client_session-itest.0.TabletCopyClientSessionITest.TestStartTabletCopyWhileSourceBootstrapping.1531265186290008-18604/minicluster-data/ts-0/data,/tmp/dist-test-taskXw_ur6/test-tmp/tablet_copy_client_session-itest.0.TabletCopyClientSessionITest.TestStartTabletCopyWhileSourceBootstrapping.1531265186290008-18604/minicluster-data/ts-0/wal uuid: "9c528fbbfce246539f8bcbc2dbe1a353" format_stamp: "Formatted at 2018-07-10 23:26:26 on dist-test-slave-dist-test-slave-4h7p"
I0710 23:26:30.080659 19693 fs_report.cc:352] FS layout report -------------------- wal directory: /tmp/dist-test-taskXw_ur6/test-tmp/tablet_copy_client_session-itest.0.TabletCopyClientSessionITest.TestStartTabletCopyWhileSourceBootstrapping.1531265186290008-18604/minicluster-data/ts-0/wal metadata directory: /tmp/dist-test-taskXw_ur6/test-tmp/tablet_copy_client_session-itest.0.TabletCopyClientSessionITest.TestStartTabletCopyWhileSourceBootstrapping.1531265186290008-18604/minicluster-data/ts-0/wal 1 data directories: /tmp/dist-test-taskXw_ur6/test-tmp/tablet_copy_client_session-itest.0.TabletCopyClientSessionITest.TestStartTabletCopyWhileSourceBootstrapping.1531265186290008-18604/minicluster-data/ts-0/data/data Total live blocks: 0 Total live bytes: 0 Total live bytes (after alignment): 0 Total number of LBM containers: 0 (0 full) Did not check for missing blocks Did not check for orphaned blocks Total full LBM containers with extra space: 0 (0 repaired) Total full LBM container extra space in bytes: 0 (0 repaired) Total incomplete LBM containers: 0 (0 repaired) Total LBM partial records: 0 (0 repaired)
I0710 23:26:30.081776 19696 ts_tablet_manager.cc:669] T db0b5751c95748c49ca3272e013e7ee3 P 319a0ce5d3df4b83a7c6efed0459c572: Initiating tablet copy from peer 9c528fbbfce246539f8bcbc2dbe1a353 (127.18.43.1:35889)
I0710 23:26:30.081879 19696 tablet_copy_client.cc:239] T db0b5751c95748c49ca3272e013e7ee3 P 319a0ce5d3df4b83a7c6efed0459c572: tablet copy: Beginning tablet copy session from remote peer at address 127.18.43.1:35889
I0710 23:26:30.097143 19696 ts_tablet_manager.cc:669] T db0b5751c95748c49ca3272e013e7ee3 P 319a0ce5d3df4b83a7c6efed0459c572: Initiating tablet copy from peer 9c528fbbfce246539f8bcbc2dbe1a353 (127.18.43.1:35889)
I0710 23:26:30.097295 19696 tablet_copy_client.cc:239] T db0b5751c95748c49ca3272e013e7ee3 P 319a0ce5d3df4b83a7c6efed0459c572: tablet copy: Beginning tablet copy session from remote peer at address 127.18.43.1:35889
I0710 23:26:30.105785 19693 env_posix.cc:1674] Not raising this process' running threads per effective uid limit of 18446744073709551615; it is already as high as it can go
I0710 23:26:30.106717 19693 ts_tablet_manager.cc:344] Loading tablet metadata (0/1 complete)
I0710 23:26:30.106751 19693 ts_tablet_manager.cc:1005] T db0b5751c95748c49ca3272e013e7ee3 P 9c528fbbfce246539f8bcbc2dbe1a353: Loading tablet metadata
I0710 23:26:30.107028 19696 ts_tablet_manager.cc:669] T db0b5751c95748c49ca3272e013e7ee3 P 319a0ce5d3df4b83a7c6efed0459c572: Initiating tablet copy from peer 9c528fbbfce246539f8bcbc2dbe1a353 (127.18.43.1:35889)
I0710 23:26:30.107125 19696 tablet_copy_client.cc:239] T db0b5751c95748c49ca3272e013e7ee3 P 319a0ce5d3df4b83a7c6efed0459c572: tablet copy: Beginning tablet copy session from remote peer at address 127.18.43.1:35889
I0710 23:26:30.109377 19696 ts_tablet_manager.cc:669] T db0b5751c95748c49ca3272e013e7ee3 P 319a0ce5d3df4b83a7c6efed0459c572: Initiating tablet copy from peer 9c528fbbfce246539f8bcbc2dbe1a353 (127.18.43.1:35889)
I0710 23:26:30.109477 19696 tablet_copy_client.cc:239] T db0b5751c95748c49ca3272e013e7ee3 P 319a0ce5d3df4b83a7c6efed0459c572: tablet copy: Beginning tablet copy session from remote peer at address 127.18.43.1:35889
I0710 23:26:30.110121 19693 ts_tablet_manager.cc:356] Loaded tablet metadata (1 live tablets)
I0710 23:26:30.111702 19693 ts_tablet_manager.cc:1173] T db0b5751c95748c49ca3272e013e7ee3 P 9c528fbbfce246539f8bcbc2dbe1a353: Registered tablet (data state: TABLET_DATA_READY)
I0710 23:26:30.111994 19693 tablet_server_main.cc:90] Starting tablet server...
I0710 23:26:30.115504 19696 ts_tablet_manager.cc:669] T db0b5751c95748c49ca3272e013e7ee3 P 319a0ce5d3df4b83a7c6efed0459c572: Initiating tablet copy from peer 9c528fbbfce246539f8bcbc2dbe1a353 (127.18.43.1:35889)
I0710 23:26:30.115654 19696 tablet_copy_client.cc:239] T db0b5751c95748c49ca3272e013e7ee3 P 319a0ce5d3df4b83a7c6efed0459c572: tablet copy: Beginning tablet copy session from remote peer at address 127.18.43.1:35889
I0710 23:26:30.115746 19713 ts_tablet_manager.cc:1028] T db0b5751c95748c49ca3272e013e7ee3 P 9c528fbbfce246539f8bcbc2dbe1a353: Bootstrapping tablet
I0710 23:26:30.116047 19713 tablet_bootstrap.cc:427] T db0b5751c95748c49ca3272e013e7ee3 P 9c528fbbfce246539f8bcbc2dbe1a353: Bootstrap starting.
I0710 23:26:30.122156 19696 ts_tablet_manager.cc:669] T db0b5751c95748c49ca3272e013e7ee3 P 319a0ce5d3df4b83a7c6efed0459c572: Initiating tablet copy from peer 9c528fbbfce246539f8bcbc2dbe1a353 (127.18.43.1:35889)
I0710 23:26:30.122189 19693 rpc_server.cc:205] RPC server started. Bound to: 127.18.43.1:35889
I0710 23:26:30.122279 19696 tablet_copy_client.cc:239] T db0b5751c95748c49ca3272e013e7ee3 P 319a0ce5d3df4b83a7c6efed0459c572: tablet copy: Beginning tablet copy session from remote peer at address 127.18.43.1:35889
I0710 23:26:30.122535 19693 webserver.cc:175] Starting webserver on 127.18.43.1:45729
I0710 23:26:30.122557 19693 webserver.cc:186] Document root disabled
I0710 23:26:30.122987 19693 webserver.cc:313] Webserver started. Bound to: http://127.18.43.1:45729/
I0710 23:26:30.126230 18604 external_mini_cluster.cc:871] Started /tmp/dist-test-taskXw_ur6/build/debug/bin/kudu-tserver as pid 19693
I0710 23:26:30.128386 19693 server_base.cc:607] Dumped server information to /tmp/dist-test-taskXw_ur6/test-tmp/tablet_copy_client_session-itest.0.TabletCopyClientSessionITest.TestStartTabletCopyWhileSourceBootstrapping.1531265186290008-18604/minicluster-data/ts-0/data/info.pb
I0710 23:26:30.128959 19693 tablet_server_main.cc:93] Tablet server successfully started.
I0710 23:26:30.140445 19795 tablet_copy_service.cc:135] P 9c528fbbfce246539f8bcbc2dbe1a353: Received BeginTabletCopySession request for tablet db0b5751c95748c49ca3272e013e7ee3 from peer 319a0ce5d3df4b83a7c6efed0459c572 ({username='slave'} at 127.18.43.2:37805)
I0710 23:26:30.140441 19818 heartbeater.cc:346] Connected to a master server at 127.18.43.62:40099
I0710 23:26:30.140558 19795 tablet_copy_service.cc:156] P 9c528fbbfce246539f8bcbc2dbe1a353: Beginning new tablet copy session on tablet db0b5751c95748c49ca3272e013e7ee3 from peer 319a0ce5d3df4b83a7c6efed0459c572 at {username='slave'} at 127.18.43.2:37805: session id = 319a0ce5d3df4b83a7c6efed0459c572-db0b5751c95748c49ca3272e013e7ee3
I0710 23:26:30.140625 19818 heartbeater.cc:426] Registering TS with master...
W0710 23:26:30.140785 19795 tablet_copy_service.cc:458] P 9c528fbbfce246539f8bcbc2dbe1a353: Error handling TabletCopyService RPC request from {username='slave'} at 127.18.43.2:37805: Error beginning tablet copy session for tablet db0b5751c95748c49ca3272e013e7ee3: Illegal state: The tablet is not in a running state: BOOTSTRAPPING
I0710 23:26:30.141055 19818 heartbeater.cc:475] Master 127.18.43.62:40099 requested a full tablet report, sending...
I0710 23:26:30.142351 18957 ts_manager.cc:104] Re-registered known tserver with Master: 9c528fbbfce246539f8bcbc2dbe1a353 (127.18.43.1:35889)
I0710 23:26:30.143283 19696 ts_tablet_manager.cc:669] T db0b5751c95748c49ca3272e013e7ee3 P 319a0ce5d3df4b83a7c6efed0459c572: Initiating tablet copy from peer 9c528fbbfce246539f8bcbc2dbe1a353 (127.18.43.1:35889)
I0710 23:26:30.143435 18957 master_service.cc:249] Signed X509 certificate for tserver {username='slave'} at 127.18.43.1:53997
I0710 23:26:30.143471 19696 tablet_copy_client.cc:239] T db0b5751c95748c49ca3272e013e7ee3 P 319a0ce5d3df4b83a7c6efed0459c572: tablet copy: Beginning tablet copy session from remote peer at address 127.18.43.1:35889
I0710 23:26:30.144170 19795 tablet_copy_service.cc:135] P 9c528fbbfce246539f8bcbc2dbe1a353: Received BeginTabletCopySession request for tablet db0b5751c95748c49ca3272e013e7ee3 from peer 319a0ce5d3df4b83a7c6efed0459c572 ({username='slave'} at 127.18.43.2:37805)
I0710 23:26:30.144232 19795 tablet_copy_service.cc:156] P 9c528fbbfce246539f8bcbc2dbe1a353: Beginning new tablet copy session on tablet db0b5751c95748c49ca3272e013e7ee3 from peer 319a0ce5d3df4b83a7c6efed0459c572 at {username='slave'} at 127.18.43.2:37805: session id = 319a0ce5d3df4b83a7c6efed0459c572-db0b5751c95748c49ca3272e013e7ee3
W0710 23:26:30.144302 19795 tablet_copy_service.cc:458] P 9c528fbbfce246539f8bcbc2dbe1a353: Error handling TabletCopyService RPC request from {username='slave'} at 127.18.43.2:37805: Error beginning tablet copy session for tablet db0b5751c95748c49ca3272e013e7ee3: Illegal state: The tablet is not in a running state: BOOTSTRAPPING
I0710 23:26:30.151861 19696 ts_tablet_manager.cc:669] T db0b5751c95748c49ca3272e013e7ee3 P 319a0ce5d3df4b83a7c6efed0459c572: Initiating tablet copy from peer 9c528fbbfce246539f8bcbc2dbe1a353 (127.18.43.1:35889)
I0710 23:26:30.151978 19696 tablet_copy_client.cc:239] T db0b5751c95748c49ca3272e013e7ee3 P 319a0ce5d3df4b83a7c6efed0459c572: tablet copy: Beginning tablet copy session from remote peer at address 127.18.43.1:35889
I0710 23:26:30.152613 19795 tablet_copy_service.cc:135] P 9c528fbbfce246539f8bcbc2dbe1a353: Received BeginTabletCopySession request for tablet db0b5751c95748c49ca3272e013e7ee3 from peer 319a0ce5d3df4b83a7c6efed0459c572 ({username='slave'} at 127.18.43.2:37805)
I0710 23:26:30.152678 19795 tablet_copy_service.cc:156] P 9c528fbbfce246539f8bcbc2dbe1a353: Beginning new tablet copy session on tablet db0b5751c95748c49ca3272e013e7ee3 from peer 319a0ce5d3df4b83a7c6efed0459c572 at {username='slave'} at 127.18.43.2:37805: session id = 319a0ce5d3df4b83a7c6efed0459c572-db0b5751c95748c49ca3272e013e7ee3
W0710 23:26:30.152751 19795 tablet_copy_service.cc:458] P 9c528fbbfce246539f8bcbc2dbe1a353: Error handling TabletCopyService RPC request from {username='slave'} at 127.18.43.2:37805: Error beginning tablet copy session for tablet db0b5751c95748c49ca3272e013e7ee3: Illegal state: The tablet is not in a running state: BOOTSTRAPPING
I0710 23:26:30.153450 19713 log.cc:525] T db0b5751c95748c49ca3272e013e7ee3 P 9c528fbbfce246539f8bcbc2dbe1a353: Log is configured to *not* fsync() on all Append() calls
I0710 23:26:30.174949 19696 ts_tablet_manager.cc:669] T db0b5751c95748c49ca3272e013e7ee3 P 319a0ce5d3df4b83a7c6efed0459c572: Initiating tablet copy from peer 9c528fbbfce246539f8bcbc2dbe1a353 (127.18.43.1:35889)
I0710 23:26:30.175065 19696 tablet_copy_client.cc:239] T db0b5751c95748c49ca3272e013e7ee3 P 319a0ce5d3df4b83a7c6efed0459c572: tablet copy: Beginning tablet copy session from remote peer at address 127.18.43.1:35889
I0710 23:26:30.175693 19795 tablet_copy_service.cc:135] P 9c528fbbfce246539f8bcbc2dbe1a353: Received BeginTabletCopySession request for tablet db0b5751c95748c49ca3272e013e7ee3 from peer 319a0ce5d3df4b83a7c6efed0459c572 ({username='slave'} at 127.18.43.2:37805)
I0710 23:26:30.175750 19795 tablet_copy_service.cc:156] P 9c528fbbfce246539f8bcbc2dbe1a353: Beginning new tablet copy session on tablet db0b5751c95748c49ca3272e013e7ee3 from peer 319a0ce5d3df4b83a7c6efed0459c572 at {username='slave'} at 127.18.43.2:37805: session id = 319a0ce5d3df4b83a7c6efed0459c572-db0b5751c95748c49ca3272e013e7ee3
W0710 23:26:30.175820 19795 tablet_copy_service.cc:458] P 9c528fbbfce246539f8bcbc2dbe1a353: Error handling TabletCopyService RPC request from {username='slave'} at 127.18.43.2:37805: Error beginning tablet copy session for tablet db0b5751c95748c49ca3272e013e7ee3: Illegal state: The tablet is not in a running state: BOOTSTRAPPING
I0710 23:26:30.183959 19696 ts_tablet_manager.cc:669] T db0b5751c95748c49ca3272e013e7ee3 P 319a0ce5d3df4b83a7c6efed0459c572: Initiating tablet copy from peer 9c528fbbfce246539f8bcbc2dbe1a353 (127.18.43.1:35889)
I0710 23:26:30.184064 19696 tablet_copy_client.cc:239] T db0b5751c95748c49ca3272e013e7ee3 P 319a0ce5d3df4b83a7c6efed0459c572: tablet copy: Beginning tablet copy session from remote peer at address 127.18.43.1:35889
I0710 23:26:30.184612 19795 tablet_copy_service.cc:135] P 9c528fbbfce246539f8bcbc2dbe1a353: Received BeginTabletCopySession request for tablet db0b5751c95748c49ca3272e013e7ee3 from peer 319a0ce5d3df4b83a7c6efed0459c572 ({username='slave'} at 127.18.43.2:37805)
I0710 23:26:30.184660 19795 tablet_copy_service.cc:156] P 9c528fbbfce246539f8bcbc2dbe1a353: Beginning new tablet copy session on tablet db0b5751c95748c49ca3272e013e7ee3 from peer 319a0ce5d3df4b83a7c6efed0459c572 at {username='slave'} at 127.18.43.2:37805: session id = 319a0ce5d3df4b83a7c6efed0459c572-db0b5751c95748c49ca3272e013e7ee3
W0710 23:26:30.184720 19795 tablet_copy_service.cc:458] P 9c528fbbfce246539f8bcbc2dbe1a353: Error handling TabletCopyService RPC request from {username='slave'} at 127.18.43.2:37805: Error beginning tablet copy session for tablet db0b5751c95748c49ca3272e013e7ee3: Illegal state: The tablet is not in a running state: BOOTSTRAPPING
I0710 23:26:30.192585 19696 ts_tablet_manager.cc:669] T db0b5751c95748c49ca3272e013e7ee3 P 319a0ce5d3df4b83a7c6efed0459c572: Initiating tablet copy from peer 9c528fbbfce246539f8bcbc2dbe1a353 (127.18.43.1:35889)
I0710 23:26:30.192705 19696 tablet_copy_client.cc:239] T db0b5751c95748c49ca3272e013e7ee3 P 319a0ce5d3df4b83a7c6efed0459c572: tablet copy: Beginning tablet copy session from remote peer at address 127.18.43.1:35889
I0710 23:26:30.193315 19795 tablet_copy_service.cc:135] P 9c528fbbfce246539f8bcbc2dbe1a353: Received BeginTabletCopySession request for tablet db0b5751c95748c49ca3272e013e7ee3 from peer 319a0ce5d3df4b83a7c6efed0459c572 ({username='slave'} at 127.18.43.2:37805)
I0710 23:26:30.193382 19795 tablet_copy_service.cc:156] P 9c528fbbfce246539f8bcbc2dbe1a353: Beginning new tablet copy session on tablet db0b5751c95748c49ca3272e013e7ee3 from peer 319a0ce5d3df4b83a7c6efed0459c572 at {username='slave'} at 127.18.43.2:37805: session id = 319a0ce5d3df4b83a7c6efed0459c572-db0b5751c95748c49ca3272e013e7ee3
W0710 23:26:30.193451 19795 tablet_copy_service.cc:458] P 9c528fbbfce246539f8bcbc2dbe1a353: Error handling TabletCopyService RPC request from {username='slave'} at 127.18.43.2:37805: Error beginning tablet copy session for tablet db0b5751c95748c49ca3272e013e7ee3: Illegal state: The tablet is not in a running state: BOOTSTRAPPING
I0710 23:26:30.194330 19696 ts_tablet_manager.cc:669] T db0b5751c95748c49ca3272e013e7ee3 P 319a0ce5d3df4b83a7c6efed0459c572: Initiating tablet copy from peer 9c528fbbfce246539f8bcbc2dbe1a353 (127.18.43.1:35889)
I0710 23:26:30.194424 19696 tablet_copy_client.cc:239] T db0b5751c95748c49ca3272e013e7ee3 P 319a0ce5d3df4b83a7c6efed0459c572: tablet copy: Beginning tablet copy session from remote peer at address 127.18.43.1:35889
I0710 23:26:30.194808 19795 tablet_copy_service.cc:135] P 9c528fbbfce246539f8bcbc2dbe1a353: Received BeginTabletCopySession request for tablet db0b5751c95748c49ca3272e013e7ee3 from peer 319a0ce5d3df4b83a7c6efed0459c572 ({username='slave'} at 127.18.43.2:37805)
I0710 23:26:30.194864 19795 tablet_copy_service.cc:156] P 9c528fbbfce246539f8bcbc2dbe1a353: Beginning new tablet copy session on tablet db0b5751c95748c49ca3272e013e7ee3 from peer 319a0ce5d3df4b83a7c6efed0459c572 at {username='slave'} at 127.18.43.2:37805: session id = 319a0ce5d3df4b83a7c6efed0459c572-db0b5751c95748c49ca3272e013e7ee3
W0710 23:26:30.194926 19795 tablet_copy_service.cc:458] P 9c528fbbfce246539f8bcbc2dbe1a353: Error handling TabletCopyService RPC request from {username='slave'} at 127.18.43.2:37805: Error beginning tablet copy session for tablet db0b5751c95748c49ca3272e013e7ee3: Illegal state: The tablet is not in a running state: BOOTSTRAPPING
I0710 23:26:30.195565 19696 ts_tablet_manager.cc:669] T db0b5751c95748c49ca3272e013e7ee3 P 319a0ce5d3df4b83a7c6efed0459c572: Initiating tablet copy from peer 9c528fbbfce246539f8bcbc2dbe1a353 (127.18.43.1:35889)
I0710 23:26:30.195672 19696 tablet_copy_client.cc:239] T db0b5751c95748c49ca3272e013e7ee3 P 319a0ce5d3df4b83a7c6efed0459c572: tablet copy: Beginning tablet copy session from remote peer at address 127.18.43.1:35889
I0710 23:26:30.196064 19795 tablet_copy_service.cc:135] P 9c528fbbfce246539f8bcbc2dbe1a353: Received BeginTabletCopySession request for tablet db0b5751c95748c49ca3272e013e7ee3 from peer 319a0ce5d3df4b83a7c6efed0459c572 ({username='slave'} at 127.18.43.2:37805)
I0710 23:26:30.196111 19795 tablet_copy_service.cc:156] P 9c528fbbfce246539f8bcbc2dbe1a353: Beginning new tablet copy session on tablet db0b5751c95748c49ca3272e013e7ee3 from peer 319a0ce5d3df4b83a7c6efed0459c572 at {username='slave'} at 127.18.43.2:37805: session id = 319a0ce5d3df4b83a7c6efed0459c572-db0b5751c95748c49ca3272e013e7ee3
W0710 23:26:30.196167 19795 tablet_copy_service.cc:458] P 9c528fbbfce246539f8bcbc2dbe1a353: Error handling TabletCopyService RPC request from {username='slave'} at 127.18.43.2:37805: Error beginning tablet copy session for tablet db0b5751c95748c49ca3272e013e7ee3: Illegal state: The tablet is not in a running state: BOOTSTRAPPING
I0710 23:26:30.207547 19696 ts_tablet_manager.cc:669] T db0b5751c95748c49ca3272e013e7ee3 P 319a0ce5d3df4b83a7c6efed0459c572: Initiating tablet copy from peer 9c528fbbfce246539f8bcbc2dbe1a353 (127.18.43.1:35889)
I0710 23:26:30.207681 19696 tablet_copy_client.cc:239] T db0b5751c95748c49ca3272e013e7ee3 P 319a0ce5d3df4b83a7c6efed0459c572: tablet copy: Beginning tablet copy session from remote peer at address 127.18.43.1:35889
I0710 23:26:30.208266 19795 tablet_copy_service.cc:135] P 9c528fbbfce246539f8bcbc2dbe1a353: Received BeginTabletCopySession request for tablet db0b5751c95748c49ca3272e013e7ee3 from peer 319a0ce5d3df4b83a7c6efed0459c572 ({username='slave'} at 127.18.43.2:37805)
I0710 23:26:30.208312 19795 tablet_copy_service.cc:156] P 9c528fbbfce246539f8bcbc2dbe1a353: Beginning new tablet copy session on tablet db0b5751c95748c49ca3272e013e7ee3 from peer 319a0ce5d3df4b83a7c6efed0459c572 at {username='slave'} at 127.18.43.2:37805: session id = 319a0ce5d3df4b83a7c6efed0459c572-db0b5751c95748c49ca3272e013e7ee3
W0710 23:26:30.208374 19795 tablet_copy_service.cc:458] P 9c528fbbfce246539f8bcbc2dbe1a353: Error handling TabletCopyService RPC request from {username='slave'} at 127.18.43.2:37805: Error beginning tablet copy session for tablet db0b5751c95748c49ca3272e013e7ee3: Illegal state: The tablet is not in a running state: BOOTSTRAPPING
I0710 23:26:30.211838 19696 ts_tablet_manager.cc:669] T db0b5751c95748c49ca3272e013e7ee3 P 319a0ce5d3df4b83a7c6efed0459c572: Initiating tablet copy from peer 9c528fbbfce246539f8bcbc2dbe1a353 (127.18.43.1:35889)
I0710 23:26:30.211944 19696 tablet_copy_client.cc:239] T db0b5751c95748c49ca3272e013e7ee3 P 319a0ce5d3df4b83a7c6efed0459c572: tablet copy: Beginning tablet copy session from remote peer at address 127.18.43.1:35889
I0710 23:26:30.212512 19795 tablet_copy_service.cc:135] P 9c528fbbfce246539f8bcbc2dbe1a353: Received BeginTabletCopySession request for tablet db0b5751c95748c49ca3272e013e7ee3 from peer 319a0ce5d3df4b83a7c6efed0459c572 ({username='slave'} at 127.18.43.2:37805)
I0710 23:26:30.212558 19795 tablet_copy_service.cc:156] P 9c528fbbfce246539f8bcbc2dbe1a353: Beginning new tablet copy session on tablet db0b5751c95748c49ca3272e013e7ee3 from peer 319a0ce5d3df4b83a7c6efed0459c572 at {username='slave'} at 127.18.43.2:37805: session id = 319a0ce5d3df4b83a7c6efed0459c572-db0b5751c95748c49ca3272e013e7ee3
W0710 23:26:30.212618 19795 tablet_copy_service.cc:458] P 9c528fbbfce246539f8bcbc2dbe1a353: Error handling TabletCopyService RPC request from {username='slave'} at 127.18.43.2:37805: Error beginning tablet copy session for tablet db0b5751c95748c49ca3272e013e7ee3: Illegal state: The tablet is not in a running state: BOOTSTRAPPING
I0710 23:26:30.217011 19696 ts_tablet_manager.cc:669] T db0b5751c95748c49ca3272e013e7ee3 P 319a0ce5d3df4b83a7c6efed0459c572: Initiating tablet copy from peer 9c528fbbfce246539f8bcbc2dbe1a353 (127.18.43.1:35889)
I0710 23:26:30.217133 19696 tablet_copy_client.cc:239] T db0b5751c95748c49ca3272e013e7ee3 P 319a0ce5d3df4b83a7c6efed0459c572: tablet copy: Beginning tablet copy session from remote peer at address 127.18.43.1:35889
I0710 23:26:30.217681 19795 tablet_copy_service.cc:135] P 9c528fbbfce246539f8bcbc2dbe1a353: Received BeginTabletCopySession request for tablet db0b5751c95748c49ca3272e013e7ee3 from peer 319a0ce5d3df4b83a7c6efed0459c572 ({username='slave'} at 127.18.43.2:37805)
I0710 23:26:30.217741 19795 tablet_copy_service.cc:156] P 9c528fbbfce246539f8bcbc2dbe1a353: Beginning new tablet copy session on tablet db0b5751c95748c49ca3272e013e7ee3 from peer 319a0ce5d3df4b83a7c6efed0459c572 at {username='slave'} at 127.18.43.2:37805: session id = 319a0ce5d3df4b83a7c6efed0459c572-db0b5751c95748c49ca3272e013e7ee3
W0710 23:26:30.217838 19795 tablet_copy_service.cc:458] P 9c528fbbfce246539f8bcbc2dbe1a353: Error handling TabletCopyService RPC request from {username='slave'} at 127.18.43.2:37805: Error beginning tablet copy session for tablet db0b5751c95748c49ca3272e013e7ee3: Illegal state: The tablet is not in a running state: BOOTSTRAPPING
I0710 23:26:30.225131 19696 ts_tablet_manager.cc:669] T db0b5751c95748c49ca3272e013e7ee3 P 319a0ce5d3df4b83a7c6efed0459c572: Initiating tablet copy from peer 9c528fbbfce246539f8bcbc2dbe1a353 (127.18.43.1:35889)
I0710 23:26:30.225235 19696 tablet_copy_client.cc:239] T db0b5751c95748c49ca3272e013e7ee3 P 319a0ce5d3df4b83a7c6efed0459c572: tablet copy: Beginning tablet copy session from remote peer at address 127.18.43.1:35889
I0710 23:26:30.225822 19795 tablet_copy_service.cc:135] P 9c528fbbfce246539f8bcbc2dbe1a353: Received BeginTabletCopySession request for tablet db0b5751c95748c49ca3272e013e7ee3 from peer 319a0ce5d3df4b83a7c6efed0459c572 ({username='slave'} at 127.18.43.2:37805)
I0710 23:26:30.225872 19795 tablet_copy_service.cc:156] P 9c528fbbfce246539f8bcbc2dbe1a353: Beginning new tablet copy session on tablet db0b5751c95748c49ca3272e013e7ee3 from peer 319a0ce5d3df4b83a7c6efed0459c572 at {username='slave'} at 127.18.43.2:37805: session id = 319a0ce5d3df4b83a7c6efed0459c572-db0b5751c95748c49ca3272e013e7ee3
W0710 23:26:30.225930 19795 tablet_copy_service.cc:458] P 9c528fbbfce246539f8bcbc2dbe1a353: Error handling TabletCopyService RPC request from {username='slave'} at 127.18.43.2:37805: Error beginning tablet copy session for tablet db0b5751c95748c49ca3272e013e7ee3: Illegal state: The tablet is not in a running state: BOOTSTRAPPING
I0710 23:26:30.233502 19696 ts_tablet_manager.cc:669] T db0b5751c95748c49ca3272e013e7ee3 P 319a0ce5d3df4b83a7c6efed0459c572: Initiating tablet copy from peer 9c528fbbfce246539f8bcbc2dbe1a353 (127.18.43.1:35889)
I0710 23:26:30.233611 19696 tablet_copy_client.cc:239] T db0b5751c95748c49ca3272e013e7ee3 P 319a0ce5d3df4b83a7c6efed0459c572: tablet copy: Beginning tablet copy session from remote peer at address 127.18.43.1:35889
I0710 23:26:30.234248 19795 tablet_copy_service.cc:135] P 9c528fbbfce246539f8bcbc2dbe1a353: Received BeginTabletCopySession request for tablet db0b5751c95748c49ca3272e013e7ee3 from peer 319a0ce5d3df4b83a7c6efed0459c572 ({username='slave'} at 127.18.43.2:37805)
I0710 23:26:30.234304 19795 tablet_copy_service.cc:156] P 9c528fbbfce246539f8bcbc2dbe1a353: Beginning new tablet copy session on tablet db0b5751c95748c49ca3272e013e7ee3 from peer 319a0ce5d3df4b83a7c6efed0459c572 at {username='slave'} at 127.18.43.2:37805: session id = 319a0ce5d3df4b83a7c6efed0459c572-db0b5751c95748c49ca3272e013e7ee3
W0710 23:26:30.234365 19795 tablet_copy_service.cc:458] P 9c528fbbfce246539f8bcbc2dbe1a353: Error handling TabletCopyService RPC request from {username='slave'} at 127.18.43.2:37805: Error beginning tablet copy session for tablet db0b5751c95748c49ca3272e013e7ee3: Illegal state: The tablet is not in a running state: BOOTSTRAPPING
I0710 23:26:30.241163 19696 ts_tablet_manager.cc:669] T db0b5751c95748c49ca3272e013e7ee3 P 319a0ce5d3df4b83a7c6efed0459c572: Initiating tablet copy from peer 9c528fbbfce246539f8bcbc2dbe1a353 (127.18.43.1:35889)
I0710 23:26:30.241272 19696 tablet_copy_client.cc:239] T db0b5751c95748c49ca3272e013e7ee3 P 319a0ce5d3df4b83a7c6efed0459c572: tablet copy: Beginning tablet copy session from remote peer at address 127.18.43.1:35889
I0710 23:26:30.241798 19795 tablet_copy_service.cc:135] P 9c528fbbfce246539f8bcbc2dbe1a353: Received BeginTabletCopySession request for tablet db0b5751c95748c49ca3272e013e7ee3 from peer 319a0ce5d3df4b83a7c6efed0459c572 ({username='slave'} at 127.18.43.2:37805)
I0710 23:26:30.241871 19795 tablet_copy_service.cc:156] P 9c528fbbfce246539f8bcbc2dbe1a353: Beginning new tablet copy session on tablet db0b5751c95748c49ca3272e013e7ee3 from peer 319a0ce5d3df4b83a7c6efed0459c572 at {username='slave'} at 127.18.43.2:37805: session id = 319a0ce5d3df4b83a7c6efed0459c572-db0b5751c95748c49ca3272e013e7ee3
W0710 23:26:30.241930 19795 tablet_copy_service.cc:458] P 9c528fbbfce246539f8bcbc2dbe1a353: Error handling TabletCopyService RPC request from {username='slave'} at 127.18.43.2:37805: Error beginning tablet copy session for tablet db0b5751c95748c49ca3272e013e7ee3: Illegal state: The tablet is not in a running state: BOOTSTRAPPING
I0710 23:26:30.245553 19696 ts_tablet_manager.cc:669] T db0b5751c95748c49ca3272e013e7ee3 P 319a0ce5d3df4b83a7c6efed0459c572: Initiating tablet copy from peer 9c528fbbfce246539f8bcbc2dbe1a353 (127.18.43.1:35889)
I0710 23:26:30.245657 19696 tablet_copy_client.cc:239] T db0b5751c95748c49ca3272e013e7ee3 P 319a0ce5d3df4b83a7c6efed0459c572: tablet copy: Beginning tablet copy session from remote peer at address 127.18.43.1:35889
I0710 23:26:30.246176 19795 tablet_copy_service.cc:135] P 9c528fbbfce246539f8bcbc2dbe1a353: Received BeginTabletCopySession request for tablet db0b5751c95748c49ca3272e013e7ee3 from peer 319a0ce5d3df4b83a7c6efed0459c572 ({username='slave'} at 127.18.43.2:37805)
I0710 23:26:30.246228 19795 tablet_copy_service.cc:156] P 9c528fbbfce246539f8bcbc2dbe1a353: Beginning new tablet copy session on tablet db0b5751c95748c49ca3272e013e7ee3 from peer 319a0ce5d3df4b83a7c6efed0459c572 at {username='slave'} at 127.18.43.2:37805: session id = 319a0ce5d3df4b83a7c6efed0459c572-db0b5751c95748c49ca3272e013e7ee3
W0710 23:26:30.246296 19795 tablet_copy_service.cc:458] P 9c528fbbfce246539f8bcbc2dbe1a353: Error handling TabletCopyService RPC request from {username='slave'} at 127.18.43.2:37805: Error beginning tablet copy session for tablet db0b5751c95748c49ca3272e013e7ee3: Illegal state: The tablet is not in a running state: BOOTSTRAPPING
I0710 23:26:30.268193 19696 ts_tablet_manager.cc:669] T db0b5751c95748c49ca3272e013e7ee3 P 319a0ce5d3df4b83a7c6efed0459c572: Initiating tablet copy from peer 9c528fbbfce246539f8bcbc2dbe1a353 (127.18.43.1:35889)
I0710 23:26:30.268299 19696 tablet_copy_client.cc:239] T db0b5751c95748c49ca3272e013e7ee3 P 319a0ce5d3df4b83a7c6efed0459c572: tablet copy: Beginning tablet copy session from remote peer at address 127.18.43.1:35889
I0710 23:26:30.268918 19795 tablet_copy_service.cc:135] P 9c528fbbfce246539f8bcbc2dbe1a353: Received BeginTabletCopySession request for tablet db0b5751c95748c49ca3272e013e7ee3 from peer 319a0ce5d3df4b83a7c6efed0459c572 ({username='slave'} at 127.18.43.2:37805)
I0710 23:26:30.268967 19795 tablet_copy_service.cc:156] P 9c528fbbfce246539f8bcbc2dbe1a353: Beginning new tablet copy session on tablet db0b5751c95748c49ca3272e013e7ee3 from peer 319a0ce5d3df4b83a7c6efed0459c572 at {username='slave'} at 127.18.43.2:37805: session id = 319a0ce5d3df4b83a7c6efed0459c572-db0b5751c95748c49ca3272e013e7ee3
W0710 23:26:30.269026 19795 tablet_copy_service.cc:458] P 9c528fbbfce246539f8bcbc2dbe1a353: Error handling TabletCopyService RPC request from {username='slave'} at 127.18.43.2:37805: Error beginning tablet copy session for tablet db0b5751c95748c49ca3272e013e7ee3: Illegal state: The tablet is not in a running state: BOOTSTRAPPING
I0710 23:26:30.271651 19696 ts_tablet_manager.cc:669] T db0b5751c95748c49ca3272e013e7ee3 P 319a0ce5d3df4b83a7c6efed0459c572: Initiating tablet copy from peer 9c528fbbfce246539f8bcbc2dbe1a353 (127.18.43.1:35889)
I0710 23:26:30.271766 19696 tablet_copy_client.cc:239] T db0b5751c95748c49ca3272e013e7ee3 P 319a0ce5d3df4b83a7c6efed0459c572: tablet copy: Beginning tablet copy session from remote peer at address 127.18.43.1:35889
I0710 23:26:30.272222 19795 tablet_copy_service.cc:135] P 9c528fbbfce246539f8bcbc2dbe1a353: Received BeginTabletCopySession request for tablet db0b5751c95748c49ca3272e013e7ee3 from peer 319a0ce5d3df4b83a7c6efed0459c572 ({username='slave'} at 127.18.43.2:37805)
I0710 23:26:30.272306 19795 tablet_copy_service.cc:156] P 9c528fbbfce246539f8bcbc2dbe1a353: Beginning new tablet copy session on tablet db0b5751c95748c49ca3272e013e7ee3 from peer 319a0ce5d3df4b83a7c6efed0459c572 at {username='slave'} at 127.18.43.2:37805: session id = 319a0ce5d3df4b83a7c6efed0459c572-db0b5751c95748c49ca3272e013e7ee3
W0710 23:26:30.272357 19795 tablet_copy_service.cc:458] P 9c528fbbfce246539f8bcbc2dbe1a353: Error handling TabletCopyService RPC request from {username='slave'} at 127.18.43.2:37805: Error beginning tablet copy session for tablet db0b5751c95748c49ca3272e013e7ee3: Illegal state: The tablet is not in a running state: BOOTSTRAPPING
I0710 23:26:30.278589 19696 ts_tablet_manager.cc:669] T db0b5751c95748c49ca3272e013e7ee3 P 319a0ce5d3df4b83a7c6efed0459c572: Initiating tablet copy from peer 9c528fbbfce246539f8bcbc2dbe1a353 (127.18.43.1:35889)
I0710 23:26:30.278697 19696 tablet_copy_client.cc:239] T db0b5751c95748c49ca3272e013e7ee3 P 319a0ce5d3df4b83a7c6efed0459c572: tablet copy: Beginning tablet copy session from remote peer at address 127.18.43.1:35889
I0710 23:26:30.279261 19795 tablet_copy_service.cc:135] P 9c528fbbfce246539f8bcbc2dbe1a353: Received BeginTabletCopySession request for tablet db0b5751c95748c49ca3272e013e7ee3 from peer 319a0ce5d3df4b83a7c6efed0459c572 ({username='slave'} at 127.18.43.2:37805)
I0710 23:26:30.279311 19795 tablet_copy_service.cc:156] P 9c528fbbfce246539f8bcbc2dbe1a353: Beginning new tablet copy session on tablet db0b5751c95748c49ca3272e013e7ee3 from peer 319a0ce5d3df4b83a7c6efed0459c572 at {username='slave'} at 127.18.43.2:37805: session id = 319a0ce5d3df4b83a7c6efed0459c572-db0b5751c95748c49ca3272e013e7ee3
W0710 23:26:30.279368 19795 tablet_copy_service.cc:458] P 9c528fbbfce246539f8bcbc2dbe1a353: Error handling TabletCopyService RPC request from {username='slave'} at 127.18.43.2:37805: Error beginning tablet copy session for tablet db0b5751c95748c49ca3272e013e7ee3: Illegal state: The tablet is not in a running state: BOOTSTRAPPING
I0710 23:26:30.285583 19696 ts_tablet_manager.cc:669] T db0b5751c95748c49ca3272e013e7ee3 P 319a0ce5d3df4b83a7c6efed0459c572: Initiating tablet copy from peer 9c528fbbfce246539f8bcbc2dbe1a353 (127.18.43.1:35889)
I0710 23:26:30.285692 19696 tablet_copy_client.cc:239] T db0b5751c95748c49ca3272e013e7ee3 P 319a0ce5d3df4b83a7c6efed0459c572: tablet copy: Beginning tablet copy session from remote peer at address 127.18.43.1:35889
I0710 23:26:30.286298 19795 tablet_copy_service.cc:135] P 9c528fbbfce246539f8bcbc2dbe1a353: Received BeginTabletCopySession request for tablet db0b5751c95748c49ca3272e013e7ee3 from peer 319a0ce5d3df4b83a7c6efed0459c572 ({username='slave'} at 127.18.43.2:37805)
I0710 23:26:30.286358 19795 tablet_copy_service.cc:156] P 9c528fbbfce246539f8bcbc2dbe1a353: Beginning new tablet copy session on tablet db0b5751c95748c49ca3272e013e7ee3 from peer 319a0ce5d3df4b83a7c6efed0459c572 at {username='slave'} at 127.18.43.2:37805: session id = 319a0ce5d3df4b83a7c6efed0459c572-db0b5751c95748c49ca3272e013e7ee3
W0710 23:26:30.286432 19795 tablet_copy_service.cc:458] P 9c528fbbfce246539f8bcbc2dbe1a353: Error handling TabletCopyService RPC request from {username='slave'} at 127.18.43.2:37805: Error beginning tablet copy session for tablet db0b5751c95748c49ca3272e013e7ee3: Illegal state: The tablet is not in a running state: BOOTSTRAPPING
I0710 23:26:30.289451 19696 ts_tablet_manager.cc:669] T db0b5751c95748c49ca3272e013e7ee3 P 319a0ce5d3df4b83a7c6efed0459c572: Initiating tablet copy from peer 9c528fbbfce246539f8bcbc2dbe1a353 (127.18.43.1:35889)
I0710 23:26:30.289557 19696 tablet_copy_client.cc:239] T db0b5751c95748c49ca3272e013e7ee3 P 319a0ce5d3df4b83a7c6efed0459c572: tablet copy: Beginning tablet copy session from remote peer at address 127.18.43.1:35889
I0710 23:26:30.290112 19795 tablet_copy_service.cc:135] P 9c528fbbfce246539f8bcbc2dbe1a353: Received BeginTabletCopySession request for tablet db0b5751c95748c49ca3272e013e7ee3 from peer 319a0ce5d3df4b83a7c6efed0459c572 ({username='slave'} at 127.18.43.2:37805)
I0710 23:26:30.290171 19795 tablet_copy_service.cc:156] P 9c528fbbfce246539f8bcbc2dbe1a353: Beginning new tablet copy session on tablet db0b5751c95748c49ca3272e013e7ee3 from peer 319a0ce5d3df4b83a7c6efed0459c572 at {username='slave'} at 127.18.43.2:37805: session id = 319a0ce5d3df4b83a7c6efed0459c572-db0b5751c95748c49ca3272e013e7ee3
W0710 23:26:30.290282 19795 tablet_copy_service.cc:458] P 9c528fbbfce246539f8bcbc2dbe1a353: Error handling TabletCopyService RPC request from {username='slave'} at 127.18.43.2:37805: Error beginning tablet copy session for tablet db0b5751c95748c49ca3272e013e7ee3: Illegal state: The tablet is not in a running state: BOOTSTRAPPING
I0710 23:26:30.298535 19696 ts_tablet_manager.cc:669] T db0b5751c95748c49ca3272e013e7ee3 P 319a0ce5d3df4b83a7c6efed0459c572: Initiating tablet copy from peer 9c528fbbfce246539f8bcbc2dbe1a353 (127.18.43.1:35889)
I0710 23:26:30.298636 19696 tablet_copy_client.cc:239] T db0b5751c95748c49ca3272e013e7ee3 P 319a0ce5d3df4b83a7c6efed0459c572: tablet copy: Beginning tablet copy session from remote peer at address 127.18.43.1:35889
I0710 23:26:30.299230 19795 tablet_copy_service.cc:135] P 9c528fbbfce246539f8bcbc2dbe1a353: Received BeginTabletCopySession request for tablet db0b5751c95748c49ca3272e013e7ee3 from peer 319a0ce5d3df4b83a7c6efed0459c572 ({username='slave'} at 127.18.43.2:37805)
I0710 23:26:30.299293 19795 tablet_copy_service.cc:156] P 9c528fbbfce246539f8bcbc2dbe1a353: Beginning new tablet copy session on tablet db0b5751c95748c49ca3272e013e7ee3 from peer 319a0ce5d3df4b83a7c6efed0459c572 at {username='slave'} at 127.18.43.2:37805: session id = 319a0ce5d3df4b83a7c6efed0459c572-db0b5751c95748c49ca3272e013e7ee3
