I0710 23:26:41.894882 21823 raft_consensus.cc:2732] T 188113a621d14966945feb51e41ea4a5 P 3eefa81a1d344cca94cb71d8fc3a7c08: Snoozing failure detection for 1.910s (starting election)
I0710 23:26:41.894901 21823 raft_consensus.cc:2784] T 188113a621d14966945feb51e41ea4a5 P 3eefa81a1d344cca94cb71d8fc3a7c08 [term 1 FOLLOWER]: Advancing to term 2
I0710 23:26:41.895757 21823 raft_consensus.cc:479] T 188113a621d14966945feb51e41ea4a5 P 3eefa81a1d344cca94cb71d8fc3a7c08 [term 2 FOLLOWER]: Starting leader election with config: opid_index: -1 OBSOLETE_local: true peers { permanent_uuid: "3eefa81a1d344cca94cb71d8fc3a7c08" member_type: VOTER last_known_addr { host: "127.18.43.1" port: 46659 } }
I0710 23:26:41.895849 21823 leader_election.cc:278] T 188113a621d14966945feb51e41ea4a5 P 3eefa81a1d344cca94cb71d8fc3a7c08 [CANDIDATE]: Term 2 election: Election decided. Result: candidate won.
I0710 23:26:41.895999 21839 raft_consensus.cc:2732] T 188113a621d14966945feb51e41ea4a5 P 3eefa81a1d344cca94cb71d8fc3a7c08: Snoozing failure detection for 1.783s (election complete)
I0710 23:26:41.896047 21839 raft_consensus.cc:2539] T 188113a621d14966945feb51e41ea4a5 P 3eefa81a1d344cca94cb71d8fc3a7c08 [term 2 FOLLOWER]: Leader election won for term 2
I0710 23:26:41.896100 21839 raft_consensus.cc:595] T 188113a621d14966945feb51e41ea4a5 P 3eefa81a1d344cca94cb71d8fc3a7c08 [term 2 LEADER]: Becoming Leader. State: Replica: 3eefa81a1d344cca94cb71d8fc3a7c08, State: Running, Role: LEADER
I0710 23:26:41.896172 21823 ts_tablet_manager.cc:1073] T 188113a621d14966945feb51e41ea4a5 P 3eefa81a1d344cca94cb71d8fc3a7c08: Time spent starting tablet: real 0.002s user 0.000s sys 0.004s
I0710 23:26:41.896224 21839 consensus_queue.cc:204] T 188113a621d14966945feb51e41ea4a5 P 3eefa81a1d344cca94cb71d8fc3a7c08 [LEADER]: Queue going to LEADER mode. State: All replicated index: 0, Majority replicated index: 189, Committed index: 189, Last appended: 1.189, Last appended by leader: 189, Current term: 2, Majority size: 1, State: 0, Mode: LEADER, active raft config: opid_index: -1 OBSOLETE_local: true peers { permanent_uuid: "3eefa81a1d344cca94cb71d8fc3a7c08" member_type: VOTER last_known_addr { host: "127.18.43.1" port: 46659 } }
I0710 23:26:41.896234 21823 ts_tablet_manager.cc:1028] T 9dded2401cb943f0a2bea0337291992a P 3eefa81a1d344cca94cb71d8fc3a7c08: Bootstrapping tablet
I0710 23:26:41.896291 21823 tablet_bootstrap.cc:427] T 9dded2401cb943f0a2bea0337291992a P 3eefa81a1d344cca94cb71d8fc3a7c08: Bootstrap starting.
I0710 23:26:41.897583 21538 catalog_manager.cc:3827] T 188113a621d14966945feb51e41ea4a5 P 3eefa81a1d344cca94cb71d8fc3a7c08 reported cstate change: term changed from 1 to 2. New cstate: current_term: 2 leader_uuid: "3eefa81a1d344cca94cb71d8fc3a7c08" committed_config { opid_index: -1 OBSOLETE_local: true peers { permanent_uuid: "3eefa81a1d344cca94cb71d8fc3a7c08" member_type: VOTER last_known_addr { host: "127.18.43.1" port: 46659 } health_report { overall_health: HEALTHY } } }
I0710 23:26:41.994485 21823 tablet_bootstrap.cc:427] T 9dded2401cb943f0a2bea0337291992a P 3eefa81a1d344cca94cb71d8fc3a7c08: Bootstrap replayed 1/1 log segments. Stats: ops{read=193 overwritten=0 applied=193 ignored=0} inserts{seen=487 ignored=0} mutations{seen=0 ignored=0} orphaned_commits=0. Pending: 0 replicates
I0710 23:26:41.994884 21823 tablet_bootstrap.cc:427] T 9dded2401cb943f0a2bea0337291992a P 3eefa81a1d344cca94cb71d8fc3a7c08: Bootstrap complete.
I0710 23:26:41.995735 21823 ts_tablet_manager.cc:1045] T 9dded2401cb943f0a2bea0337291992a P 3eefa81a1d344cca94cb71d8fc3a7c08: Time spent bootstrapping tablet: real 0.099s user 0.083s sys 0.016s
I0710 23:26:41.996191 21823 raft_consensus.cc:325] T 9dded2401cb943f0a2bea0337291992a P 3eefa81a1d344cca94cb71d8fc3a7c08 [term 1 FOLLOWER]: Replica starting. Triggering 0 pending transactions. Active config: opid_index: -1 OBSOLETE_local: true peers { permanent_uuid: "3eefa81a1d344cca94cb71d8fc3a7c08" member_type: VOTER last_known_addr { host: "127.18.43.1" port: 46659 } }
I0710 23:26:41.996227 21823 raft_consensus.cc:630] T 9dded2401cb943f0a2bea0337291992a P 3eefa81a1d344cca94cb71d8fc3a7c08 [term 1 FOLLOWER]: Becoming Follower/Learner. State: Replica: 3eefa81a1d344cca94cb71d8fc3a7c08, State: Initialized, Role: FOLLOWER
I0710 23:26:41.996351 21823 consensus_queue.cc:227] T 9dded2401cb943f0a2bea0337291992a P 3eefa81a1d344cca94cb71d8fc3a7c08 [NON_LEADER]: Queue going to NON_LEADER mode. State: All replicated index: 0, Majority replicated index: 0, Committed index: 193, Last appended: 1.193, Last appended by leader: 193, Current term: 0, Majority size: -1, State: 0, Mode: NON_LEADER, active raft config: opid_index: -1 OBSOLETE_local: true peers { permanent_uuid: "3eefa81a1d344cca94cb71d8fc3a7c08" member_type: VOTER last_known_addr { host: "127.18.43.1" port: 46659 } }
I0710 23:26:41.996376 21823 raft_consensus.cc:365] T 9dded2401cb943f0a2bea0337291992a P 3eefa81a1d344cca94cb71d8fc3a7c08 [term 1 FOLLOWER]: Only one voter in the Raft config. Triggering election immediately
I0710 23:26:41.996392 21823 raft_consensus.cc:457] T 9dded2401cb943f0a2bea0337291992a P 3eefa81a1d344cca94cb71d8fc3a7c08 [term 1 FOLLOWER]: Starting leader election (initial election of a single-replica configuration)
I0710 23:26:41.996417 21823 raft_consensus.cc:2732] T 9dded2401cb943f0a2bea0337291992a P 3eefa81a1d344cca94cb71d8fc3a7c08: Snoozing failure detection for 1.728s (starting election)
I0710 23:26:41.996436 21823 raft_consensus.cc:2784] T 9dded2401cb943f0a2bea0337291992a P 3eefa81a1d344cca94cb71d8fc3a7c08 [term 1 FOLLOWER]: Advancing to term 2
I0710 23:26:41.997228 21823 raft_consensus.cc:479] T 9dded2401cb943f0a2bea0337291992a P 3eefa81a1d344cca94cb71d8fc3a7c08 [term 2 FOLLOWER]: Starting leader election with config: opid_index: -1 OBSOLETE_local: true peers { permanent_uuid: "3eefa81a1d344cca94cb71d8fc3a7c08" member_type: VOTER last_known_addr { host: "127.18.43.1" port: 46659 } }
I0710 23:26:41.997318 21823 leader_election.cc:278] T 9dded2401cb943f0a2bea0337291992a P 3eefa81a1d344cca94cb71d8fc3a7c08 [CANDIDATE]: Term 2 election: Election decided. Result: candidate won.
I0710 23:26:41.997455 21839 raft_consensus.cc:2732] T 9dded2401cb943f0a2bea0337291992a P 3eefa81a1d344cca94cb71d8fc3a7c08: Snoozing failure detection for 2.170s (election complete)
I0710 23:26:41.997488 21839 raft_consensus.cc:2539] T 9dded2401cb943f0a2bea0337291992a P 3eefa81a1d344cca94cb71d8fc3a7c08 [term 2 FOLLOWER]: Leader election won for term 2
I0710 23:26:41.997527 21839 raft_consensus.cc:595] T 9dded2401cb943f0a2bea0337291992a P 3eefa81a1d344cca94cb71d8fc3a7c08 [term 2 LEADER]: Becoming Leader. State: Replica: 3eefa81a1d344cca94cb71d8fc3a7c08, State: Running, Role: LEADER
I0710 23:26:41.997637 21823 ts_tablet_manager.cc:1073] T 9dded2401cb943f0a2bea0337291992a P 3eefa81a1d344cca94cb71d8fc3a7c08: Time spent starting tablet: real 0.002s user 0.002s sys 0.000s
I0710 23:26:41.997655 21839 consensus_queue.cc:204] T 9dded2401cb943f0a2bea0337291992a P 3eefa81a1d344cca94cb71d8fc3a7c08 [LEADER]: Queue going to LEADER mode. State: All replicated index: 0, Majority replicated index: 193, Committed index: 193, Last appended: 1.193, Last appended by leader: 193, Current term: 2, Majority size: 1, State: 0, Mode: LEADER, active raft config: opid_index: -1 OBSOLETE_local: true peers { permanent_uuid: "3eefa81a1d344cca94cb71d8fc3a7c08" member_type: VOTER last_known_addr { host: "127.18.43.1" port: 46659 } }
I0710 23:26:41.997714 21823 ts_tablet_manager.cc:1028] T 0617cd1d64ed4dfab4679b69255e839e P 3eefa81a1d344cca94cb71d8fc3a7c08: Bootstrapping tablet
I0710 23:26:41.997771 21823 tablet_bootstrap.cc:427] T 0617cd1d64ed4dfab4679b69255e839e P 3eefa81a1d344cca94cb71d8fc3a7c08: Bootstrap starting.
I0710 23:26:41.999137 21538 catalog_manager.cc:3827] T 9dded2401cb943f0a2bea0337291992a P 3eefa81a1d344cca94cb71d8fc3a7c08 reported cstate change: term changed from 1 to 2. New cstate: current_term: 2 leader_uuid: "3eefa81a1d344cca94cb71d8fc3a7c08" committed_config { opid_index: -1 OBSOLETE_local: true peers { permanent_uuid: "3eefa81a1d344cca94cb71d8fc3a7c08" member_type: VOTER last_known_addr { host: "127.18.43.1" port: 46659 } health_report { overall_health: HEALTHY } } }
I0710 23:26:42.099848 21823 tablet_bootstrap.cc:427] T 0617cd1d64ed4dfab4679b69255e839e P 3eefa81a1d344cca94cb71d8fc3a7c08: Bootstrap replayed 1/1 log segments. Stats: ops{read=191 overwritten=0 applied=191 ignored=0} inserts{seen=529 ignored=0} mutations{seen=0 ignored=0} orphaned_commits=0. Pending: 0 replicates
I0710 23:26:42.100219 21823 tablet_bootstrap.cc:427] T 0617cd1d64ed4dfab4679b69255e839e P 3eefa81a1d344cca94cb71d8fc3a7c08: Bootstrap complete.
I0710 23:26:42.101105 21823 ts_tablet_manager.cc:1045] T 0617cd1d64ed4dfab4679b69255e839e P 3eefa81a1d344cca94cb71d8fc3a7c08: Time spent bootstrapping tablet: real 0.103s user 0.094s sys 0.004s
I0710 23:26:42.101554 21823 raft_consensus.cc:325] T 0617cd1d64ed4dfab4679b69255e839e P 3eefa81a1d344cca94cb71d8fc3a7c08 [term 1 FOLLOWER]: Replica starting. Triggering 0 pending transactions. Active config: opid_index: -1 OBSOLETE_local: true peers { permanent_uuid: "3eefa81a1d344cca94cb71d8fc3a7c08" member_type: VOTER last_known_addr { host: "127.18.43.1" port: 46659 } }
I0710 23:26:42.101584 21823 raft_consensus.cc:630] T 0617cd1d64ed4dfab4679b69255e839e P 3eefa81a1d344cca94cb71d8fc3a7c08 [term 1 FOLLOWER]: Becoming Follower/Learner. State: Replica: 3eefa81a1d344cca94cb71d8fc3a7c08, State: Initialized, Role: FOLLOWER
I0710 23:26:42.101712 21823 consensus_queue.cc:227] T 0617cd1d64ed4dfab4679b69255e839e P 3eefa81a1d344cca94cb71d8fc3a7c08 [NON_LEADER]: Queue going to NON_LEADER mode. State: All replicated index: 0, Majority replicated index: 0, Committed index: 191, Last appended: 1.191, Last appended by leader: 191, Current term: 0, Majority size: -1, State: 0, Mode: NON_LEADER, active raft config: opid_index: -1 OBSOLETE_local: true peers { permanent_uuid: "3eefa81a1d344cca94cb71d8fc3a7c08" member_type: VOTER last_known_addr { host: "127.18.43.1" port: 46659 } }
I0710 23:26:42.101737 21823 raft_consensus.cc:365] T 0617cd1d64ed4dfab4679b69255e839e P 3eefa81a1d344cca94cb71d8fc3a7c08 [term 1 FOLLOWER]: Only one voter in the Raft config. Triggering election immediately
I0710 23:26:42.101747 21823 raft_consensus.cc:457] T 0617cd1d64ed4dfab4679b69255e839e P 3eefa81a1d344cca94cb71d8fc3a7c08 [term 1 FOLLOWER]: Starting leader election (initial election of a single-replica configuration)
I0710 23:26:42.101773 21823 raft_consensus.cc:2732] T 0617cd1d64ed4dfab4679b69255e839e P 3eefa81a1d344cca94cb71d8fc3a7c08: Snoozing failure detection for 1.712s (starting election)
I0710 23:26:42.101791 21823 raft_consensus.cc:2784] T 0617cd1d64ed4dfab4679b69255e839e P 3eefa81a1d344cca94cb71d8fc3a7c08 [term 1 FOLLOWER]: Advancing to term 2
I0710 23:26:42.102618 21823 raft_consensus.cc:479] T 0617cd1d64ed4dfab4679b69255e839e P 3eefa81a1d344cca94cb71d8fc3a7c08 [term 2 FOLLOWER]: Starting leader election with config: opid_index: -1 OBSOLETE_local: true peers { permanent_uuid: "3eefa81a1d344cca94cb71d8fc3a7c08" member_type: VOTER last_known_addr { host: "127.18.43.1" port: 46659 } }
I0710 23:26:42.102708 21823 leader_election.cc:278] T 0617cd1d64ed4dfab4679b69255e839e P 3eefa81a1d344cca94cb71d8fc3a7c08 [CANDIDATE]: Term 2 election: Election decided. Result: candidate won.
I0710 23:26:42.102890 21838 raft_consensus.cc:2732] T 0617cd1d64ed4dfab4679b69255e839e P 3eefa81a1d344cca94cb71d8fc3a7c08: Snoozing failure detection for 1.709s (election complete)
I0710 23:26:42.102943 21838 raft_consensus.cc:2539] T 0617cd1d64ed4dfab4679b69255e839e P 3eefa81a1d344cca94cb71d8fc3a7c08 [term 2 FOLLOWER]: Leader election won for term 2
I0710 23:26:42.103005 21823 ts_tablet_manager.cc:1073] T 0617cd1d64ed4dfab4679b69255e839e P 3eefa81a1d344cca94cb71d8fc3a7c08: Time spent starting tablet: real 0.002s user 0.003s sys 0.000s
I0710 23:26:42.103011 21838 raft_consensus.cc:595] T 0617cd1d64ed4dfab4679b69255e839e P 3eefa81a1d344cca94cb71d8fc3a7c08 [term 2 LEADER]: Becoming Leader. State: Replica: 3eefa81a1d344cca94cb71d8fc3a7c08, State: Running, Role: LEADER
I0710 23:26:42.103057 21823 ts_tablet_manager.cc:1028] T bfe7d79a3ac644dc8598fc864fbe659e P 3eefa81a1d344cca94cb71d8fc3a7c08: Bootstrapping tablet
I0710 23:26:42.103119 21823 tablet_bootstrap.cc:427] T bfe7d79a3ac644dc8598fc864fbe659e P 3eefa81a1d344cca94cb71d8fc3a7c08: Bootstrap starting.
I0710 23:26:42.103170 21838 consensus_queue.cc:204] T 0617cd1d64ed4dfab4679b69255e839e P 3eefa81a1d344cca94cb71d8fc3a7c08 [LEADER]: Queue going to LEADER mode. State: All replicated index: 0, Majority replicated index: 191, Committed index: 191, Last appended: 1.191, Last appended by leader: 191, Current term: 2, Majority size: 1, State: 0, Mode: LEADER, active raft config: opid_index: -1 OBSOLETE_local: true peers { permanent_uuid: "3eefa81a1d344cca94cb71d8fc3a7c08" member_type: VOTER last_known_addr { host: "127.18.43.1" port: 46659 } }
I0710 23:26:42.104719 21538 catalog_manager.cc:3827] T 0617cd1d64ed4dfab4679b69255e839e P 3eefa81a1d344cca94cb71d8fc3a7c08 reported cstate change: term changed from 1 to 2. New cstate: current_term: 2 leader_uuid: "3eefa81a1d344cca94cb71d8fc3a7c08" committed_config { opid_index: -1 OBSOLETE_local: true peers { permanent_uuid: "3eefa81a1d344cca94cb71d8fc3a7c08" member_type: VOTER last_known_addr { host: "127.18.43.1" port: 46659 } health_report { overall_health: HEALTHY } } }
I0710 23:26:42.202348 21823 tablet_bootstrap.cc:427] T bfe7d79a3ac644dc8598fc864fbe659e P 3eefa81a1d344cca94cb71d8fc3a7c08: Bootstrap replayed 1/1 log segments. Stats: ops{read=191 overwritten=0 applied=191 ignored=0} inserts{seen=579 ignored=0} mutations{seen=0 ignored=0} orphaned_commits=0. Pending: 0 replicates
I0710 23:26:42.202726 21823 tablet_bootstrap.cc:427] T bfe7d79a3ac644dc8598fc864fbe659e P 3eefa81a1d344cca94cb71d8fc3a7c08: Bootstrap complete.
I0710 23:26:42.203510 21823 ts_tablet_manager.cc:1045] T bfe7d79a3ac644dc8598fc864fbe659e P 3eefa81a1d344cca94cb71d8fc3a7c08: Time spent bootstrapping tablet: real 0.100s user 0.093s sys 0.004s
I0710 23:26:42.204025 21823 raft_consensus.cc:325] T bfe7d79a3ac644dc8598fc864fbe659e P 3eefa81a1d344cca94cb71d8fc3a7c08 [term 1 FOLLOWER]: Replica starting. Triggering 0 pending transactions. Active config: opid_index: -1 OBSOLETE_local: true peers { permanent_uuid: "3eefa81a1d344cca94cb71d8fc3a7c08" member_type: VOTER last_known_addr { host: "127.18.43.1" port: 46659 } }
I0710 23:26:42.204062 21823 raft_consensus.cc:630] T bfe7d79a3ac644dc8598fc864fbe659e P 3eefa81a1d344cca94cb71d8fc3a7c08 [term 1 FOLLOWER]: Becoming Follower/Learner. State: Replica: 3eefa81a1d344cca94cb71d8fc3a7c08, State: Initialized, Role: FOLLOWER
I0710 23:26:42.204215 21823 consensus_queue.cc:227] T bfe7d79a3ac644dc8598fc864fbe659e P 3eefa81a1d344cca94cb71d8fc3a7c08 [NON_LEADER]: Queue going to NON_LEADER mode. State: All replicated index: 0, Majority replicated index: 0, Committed index: 191, Last appended: 1.191, Last appended by leader: 191, Current term: 0, Majority size: -1, State: 0, Mode: NON_LEADER, active raft config: opid_index: -1 OBSOLETE_local: true peers { permanent_uuid: "3eefa81a1d344cca94cb71d8fc3a7c08" member_type: VOTER last_known_addr { host: "127.18.43.1" port: 46659 } }
I0710 23:26:42.204244 21823 raft_consensus.cc:365] T bfe7d79a3ac644dc8598fc864fbe659e P 3eefa81a1d344cca94cb71d8fc3a7c08 [term 1 FOLLOWER]: Only one voter in the Raft config. Triggering election immediately
I0710 23:26:42.204257 21823 raft_consensus.cc:457] T bfe7d79a3ac644dc8598fc864fbe659e P 3eefa81a1d344cca94cb71d8fc3a7c08 [term 1 FOLLOWER]: Starting leader election (initial election of a single-replica configuration)
I0710 23:26:42.204282 21823 raft_consensus.cc:2732] T bfe7d79a3ac644dc8598fc864fbe659e P 3eefa81a1d344cca94cb71d8fc3a7c08: Snoozing failure detection for 1.697s (starting election)
I0710 23:26:42.204299 21823 raft_consensus.cc:2784] T bfe7d79a3ac644dc8598fc864fbe659e P 3eefa81a1d344cca94cb71d8fc3a7c08 [term 1 FOLLOWER]: Advancing to term 2
I0710 23:26:42.205132 21823 raft_consensus.cc:479] T bfe7d79a3ac644dc8598fc864fbe659e P 3eefa81a1d344cca94cb71d8fc3a7c08 [term 2 FOLLOWER]: Starting leader election with config: opid_index: -1 OBSOLETE_local: true peers { permanent_uuid: "3eefa81a1d344cca94cb71d8fc3a7c08" member_type: VOTER last_known_addr { host: "127.18.43.1" port: 46659 } }
I0710 23:26:42.205232 21823 leader_election.cc:278] T bfe7d79a3ac644dc8598fc864fbe659e P 3eefa81a1d344cca94cb71d8fc3a7c08 [CANDIDATE]: Term 2 election: Election decided. Result: candidate won.
I0710 23:26:42.205387 21838 raft_consensus.cc:2732] T bfe7d79a3ac644dc8598fc864fbe659e P 3eefa81a1d344cca94cb71d8fc3a7c08: Snoozing failure detection for 1.999s (election complete)
I0710 23:26:42.205420 21838 raft_consensus.cc:2539] T bfe7d79a3ac644dc8598fc864fbe659e P 3eefa81a1d344cca94cb71d8fc3a7c08 [term 2 FOLLOWER]: Leader election won for term 2
I0710 23:26:42.205492 21838 raft_consensus.cc:595] T bfe7d79a3ac644dc8598fc864fbe659e P 3eefa81a1d344cca94cb71d8fc3a7c08 [term 2 LEADER]: Becoming Leader. State: Replica: 3eefa81a1d344cca94cb71d8fc3a7c08, State: Running, Role: LEADER
I0710 23:26:42.205672 21838 consensus_queue.cc:204] T bfe7d79a3ac644dc8598fc864fbe659e P 3eefa81a1d344cca94cb71d8fc3a7c08 [LEADER]: Queue going to LEADER mode. State: All replicated index: 0, Majority replicated index: 191, Committed index: 191, Last appended: 1.191, Last appended by leader: 191, Current term: 2, Majority size: 1, State: 0, Mode: LEADER, active raft config: opid_index: -1 OBSOLETE_local: true peers { permanent_uuid: "3eefa81a1d344cca94cb71d8fc3a7c08" member_type: VOTER last_known_addr { host: "127.18.43.1" port: 46659 } }
I0710 23:26:42.205808 21823 ts_tablet_manager.cc:1073] T bfe7d79a3ac644dc8598fc864fbe659e P 3eefa81a1d344cca94cb71d8fc3a7c08: Time spent starting tablet: real 0.002s user 0.006s sys 0.000s
I0710 23:26:42.205888 21823 ts_tablet_manager.cc:1028] T 5a0de49957f84b51b2c03d3e432ee897 P 3eefa81a1d344cca94cb71d8fc3a7c08: Bootstrapping tablet
I0710 23:26:42.205962 21823 tablet_bootstrap.cc:427] T 5a0de49957f84b51b2c03d3e432ee897 P 3eefa81a1d344cca94cb71d8fc3a7c08: Bootstrap starting.
I0710 23:26:42.207124 21538 catalog_manager.cc:3827] T bfe7d79a3ac644dc8598fc864fbe659e P 3eefa81a1d344cca94cb71d8fc3a7c08 reported cstate change: term changed from 1 to 2. New cstate: current_term: 2 leader_uuid: "3eefa81a1d344cca94cb71d8fc3a7c08" committed_config { opid_index: -1 OBSOLETE_local: true peers { permanent_uuid: "3eefa81a1d344cca94cb71d8fc3a7c08" member_type: VOTER last_known_addr { host: "127.18.43.1" port: 46659 } health_report { overall_health: HEALTHY } } }
I0710 23:26:42.307088 21823 tablet_bootstrap.cc:427] T 5a0de49957f84b51b2c03d3e432ee897 P 3eefa81a1d344cca94cb71d8fc3a7c08: Bootstrap replayed 1/1 log segments. Stats: ops{read=188 overwritten=0 applied=188 ignored=0} inserts{seen=506 ignored=0} mutations{seen=0 ignored=0} orphaned_commits=0. Pending: 0 replicates
I0710 23:26:42.307543 21823 tablet_bootstrap.cc:427] T 5a0de49957f84b51b2c03d3e432ee897 P 3eefa81a1d344cca94cb71d8fc3a7c08: Bootstrap complete.
I0710 23:26:42.308498 21823 ts_tablet_manager.cc:1045] T 5a0de49957f84b51b2c03d3e432ee897 P 3eefa81a1d344cca94cb71d8fc3a7c08: Time spent bootstrapping tablet: real 0.103s user 0.082s sys 0.020s
I0710 23:26:42.309072 21823 raft_consensus.cc:325] T 5a0de49957f84b51b2c03d3e432ee897 P 3eefa81a1d344cca94cb71d8fc3a7c08 [term 1 FOLLOWER]: Replica starting. Triggering 0 pending transactions. Active config: opid_index: -1 OBSOLETE_local: true peers { permanent_uuid: "3eefa81a1d344cca94cb71d8fc3a7c08" member_type: VOTER last_known_addr { host: "127.18.43.1" port: 46659 } }
I0710 23:26:42.309103 21823 raft_consensus.cc:630] T 5a0de49957f84b51b2c03d3e432ee897 P 3eefa81a1d344cca94cb71d8fc3a7c08 [term 1 FOLLOWER]: Becoming Follower/Learner. State: Replica: 3eefa81a1d344cca94cb71d8fc3a7c08, State: Initialized, Role: FOLLOWER
I0710 23:26:42.309228 21823 consensus_queue.cc:227] T 5a0de49957f84b51b2c03d3e432ee897 P 3eefa81a1d344cca94cb71d8fc3a7c08 [NON_LEADER]: Queue going to NON_LEADER mode. State: All replicated index: 0, Majority replicated index: 0, Committed index: 188, Last appended: 1.188, Last appended by leader: 188, Current term: 0, Majority size: -1, State: 0, Mode: NON_LEADER, active raft config: opid_index: -1 OBSOLETE_local: true peers { permanent_uuid: "3eefa81a1d344cca94cb71d8fc3a7c08" member_type: VOTER last_known_addr { host: "127.18.43.1" port: 46659 } }
I0710 23:26:42.309257 21823 raft_consensus.cc:365] T 5a0de49957f84b51b2c03d3e432ee897 P 3eefa81a1d344cca94cb71d8fc3a7c08 [term 1 FOLLOWER]: Only one voter in the Raft config. Triggering election immediately
I0710 23:26:42.309267 21823 raft_consensus.cc:457] T 5a0de49957f84b51b2c03d3e432ee897 P 3eefa81a1d344cca94cb71d8fc3a7c08 [term 1 FOLLOWER]: Starting leader election (initial election of a single-replica configuration)
I0710 23:26:42.309288 21823 raft_consensus.cc:2732] T 5a0de49957f84b51b2c03d3e432ee897 P 3eefa81a1d344cca94cb71d8fc3a7c08: Snoozing failure detection for 1.682s (starting election)
I0710 23:26:42.309309 21823 raft_consensus.cc:2784] T 5a0de49957f84b51b2c03d3e432ee897 P 3eefa81a1d344cca94cb71d8fc3a7c08 [term 1 FOLLOWER]: Advancing to term 2
I0710 23:26:42.310150 21823 raft_consensus.cc:479] T 5a0de49957f84b51b2c03d3e432ee897 P 3eefa81a1d344cca94cb71d8fc3a7c08 [term 2 FOLLOWER]: Starting leader election with config: opid_index: -1 OBSOLETE_local: true peers { permanent_uuid: "3eefa81a1d344cca94cb71d8fc3a7c08" member_type: VOTER last_known_addr { host: "127.18.43.1" port: 46659 } }
I0710 23:26:42.310246 21823 leader_election.cc:278] T 5a0de49957f84b51b2c03d3e432ee897 P 3eefa81a1d344cca94cb71d8fc3a7c08 [CANDIDATE]: Term 2 election: Election decided. Result: candidate won.
I0710 23:26:42.310401 21839 raft_consensus.cc:2732] T 5a0de49957f84b51b2c03d3e432ee897 P 3eefa81a1d344cca94cb71d8fc3a7c08: Snoozing failure detection for 2.026s (election complete)
I0710 23:26:42.310454 21839 raft_consensus.cc:2539] T 5a0de49957f84b51b2c03d3e432ee897 P 3eefa81a1d344cca94cb71d8fc3a7c08 [term 2 FOLLOWER]: Leader election won for term 2
I0710 23:26:42.310513 21839 raft_consensus.cc:595] T 5a0de49957f84b51b2c03d3e432ee897 P 3eefa81a1d344cca94cb71d8fc3a7c08 [term 2 LEADER]: Becoming Leader. State: Replica: 3eefa81a1d344cca94cb71d8fc3a7c08, State: Running, Role: LEADER
I0710 23:26:42.310597 21823 ts_tablet_manager.cc:1073] T 5a0de49957f84b51b2c03d3e432ee897 P 3eefa81a1d344cca94cb71d8fc3a7c08: Time spent starting tablet: real 0.002s user 0.003s sys 0.000s
I0710 23:26:42.310660 21823 ts_tablet_manager.cc:1028] T 3382fcc7728248248fce1bb6b6e10422 P 3eefa81a1d344cca94cb71d8fc3a7c08: Bootstrapping tablet
I0710 23:26:42.310665 21839 consensus_queue.cc:204] T 5a0de49957f84b51b2c03d3e432ee897 P 3eefa81a1d344cca94cb71d8fc3a7c08 [LEADER]: Queue going to LEADER mode. State: All replicated index: 0, Majority replicated index: 188, Committed index: 188, Last appended: 1.188, Last appended by leader: 188, Current term: 2, Majority size: 1, State: 0, Mode: LEADER, active raft config: opid_index: -1 OBSOLETE_local: true peers { permanent_uuid: "3eefa81a1d344cca94cb71d8fc3a7c08" member_type: VOTER last_known_addr { host: "127.18.43.1" port: 46659 } }
I0710 23:26:42.310725 21823 tablet_bootstrap.cc:427] T 3382fcc7728248248fce1bb6b6e10422 P 3eefa81a1d344cca94cb71d8fc3a7c08: Bootstrap starting.
I0710 23:26:42.312054 21538 catalog_manager.cc:3827] T 5a0de49957f84b51b2c03d3e432ee897 P 3eefa81a1d344cca94cb71d8fc3a7c08 reported cstate change: term changed from 1 to 2. New cstate: current_term: 2 leader_uuid: "3eefa81a1d344cca94cb71d8fc3a7c08" committed_config { opid_index: -1 OBSOLETE_local: true peers { permanent_uuid: "3eefa81a1d344cca94cb71d8fc3a7c08" member_type: VOTER last_known_addr { host: "127.18.43.1" port: 46659 } health_report { overall_health: HEALTHY } } }
I0710 23:26:42.407938 21823 tablet_bootstrap.cc:427] T 3382fcc7728248248fce1bb6b6e10422 P 3eefa81a1d344cca94cb71d8fc3a7c08: Bootstrap replayed 1/1 log segments. Stats: ops{read=184 overwritten=0 applied=184 ignored=0} inserts{seen=528 ignored=0} mutations{seen=0 ignored=0} orphaned_commits=0. Pending: 0 replicates
I0710 23:26:42.408334 21823 tablet_bootstrap.cc:427] T 3382fcc7728248248fce1bb6b6e10422 P 3eefa81a1d344cca94cb71d8fc3a7c08: Bootstrap complete.
I0710 23:26:42.409157 21823 ts_tablet_manager.cc:1045] T 3382fcc7728248248fce1bb6b6e10422 P 3eefa81a1d344cca94cb71d8fc3a7c08: Time spent bootstrapping tablet: real 0.098s user 0.085s sys 0.012s
I0710 23:26:42.409675 21823 raft_consensus.cc:325] T 3382fcc7728248248fce1bb6b6e10422 P 3eefa81a1d344cca94cb71d8fc3a7c08 [term 1 FOLLOWER]: Replica starting. Triggering 0 pending transactions. Active config: opid_index: -1 OBSOLETE_local: true peers { permanent_uuid: "3eefa81a1d344cca94cb71d8fc3a7c08" member_type: VOTER last_known_addr { host: "127.18.43.1" port: 46659 } }
I0710 23:26:42.409709 21823 raft_consensus.cc:630] T 3382fcc7728248248fce1bb6b6e10422 P 3eefa81a1d344cca94cb71d8fc3a7c08 [term 1 FOLLOWER]: Becoming Follower/Learner. State: Replica: 3eefa81a1d344cca94cb71d8fc3a7c08, State: Initialized, Role: FOLLOWER
I0710 23:26:42.409837 21823 consensus_queue.cc:227] T 3382fcc7728248248fce1bb6b6e10422 P 3eefa81a1d344cca94cb71d8fc3a7c08 [NON_LEADER]: Queue going to NON_LEADER mode. State: All replicated index: 0, Majority replicated index: 0, Committed index: 184, Last appended: 1.184, Last appended by leader: 184, Current term: 0, Majority size: -1, State: 0, Mode: NON_LEADER, active raft config: opid_index: -1 OBSOLETE_local: true peers { permanent_uuid: "3eefa81a1d344cca94cb71d8fc3a7c08" member_type: VOTER last_known_addr { host: "127.18.43.1" port: 46659 } }
I0710 23:26:42.409868 21823 raft_consensus.cc:365] T 3382fcc7728248248fce1bb6b6e10422 P 3eefa81a1d344cca94cb71d8fc3a7c08 [term 1 FOLLOWER]: Only one voter in the Raft config. Triggering election immediately
I0710 23:26:42.409879 21823 raft_consensus.cc:457] T 3382fcc7728248248fce1bb6b6e10422 P 3eefa81a1d344cca94cb71d8fc3a7c08 [term 1 FOLLOWER]: Starting leader election (initial election of a single-replica configuration)
I0710 23:26:42.409907 21823 raft_consensus.cc:2732] T 3382fcc7728248248fce1bb6b6e10422 P 3eefa81a1d344cca94cb71d8fc3a7c08: Snoozing failure detection for 1.976s (starting election)
I0710 23:26:42.409926 21823 raft_consensus.cc:2784] T 3382fcc7728248248fce1bb6b6e10422 P 3eefa81a1d344cca94cb71d8fc3a7c08 [term 1 FOLLOWER]: Advancing to term 2
I0710 23:26:42.410776 21823 raft_consensus.cc:479] T 3382fcc7728248248fce1bb6b6e10422 P 3eefa81a1d344cca94cb71d8fc3a7c08 [term 2 FOLLOWER]: Starting leader election with config: opid_index: -1 OBSOLETE_local: true peers { permanent_uuid: "3eefa81a1d344cca94cb71d8fc3a7c08" member_type: VOTER last_known_addr { host: "127.18.43.1" port: 46659 } }
I0710 23:26:42.410876 21823 leader_election.cc:278] T 3382fcc7728248248fce1bb6b6e10422 P 3eefa81a1d344cca94cb71d8fc3a7c08 [CANDIDATE]: Term 2 election: Election decided. Result: candidate won.
I0710 23:26:42.411011 21839 raft_consensus.cc:2732] T 3382fcc7728248248fce1bb6b6e10422 P 3eefa81a1d344cca94cb71d8fc3a7c08: Snoozing failure detection for 1.957s (election complete)
I0710 23:26:42.411046 21839 raft_consensus.cc:2539] T 3382fcc7728248248fce1bb6b6e10422 P 3eefa81a1d344cca94cb71d8fc3a7c08 [term 2 FOLLOWER]: Leader election won for term 2
I0710 23:26:42.411109 21839 raft_consensus.cc:595] T 3382fcc7728248248fce1bb6b6e10422 P 3eefa81a1d344cca94cb71d8fc3a7c08 [term 2 LEADER]: Becoming Leader. State: Replica: 3eefa81a1d344cca94cb71d8fc3a7c08, State: Running, Role: LEADER
I0710 23:26:42.411244 21839 consensus_queue.cc:204] T 3382fcc7728248248fce1bb6b6e10422 P 3eefa81a1d344cca94cb71d8fc3a7c08 [LEADER]: Queue going to LEADER mode. State: All replicated index: 0, Majority replicated index: 184, Committed index: 184, Last appended: 1.184, Last appended by leader: 184, Current term: 2, Majority size: 1, State: 0, Mode: LEADER, active raft config: opid_index: -1 OBSOLETE_local: true peers { permanent_uuid: "3eefa81a1d344cca94cb71d8fc3a7c08" member_type: VOTER last_known_addr { host: "127.18.43.1" port: 46659 } }
I0710 23:26:42.411428 21823 ts_tablet_manager.cc:1073] T 3382fcc7728248248fce1bb6b6e10422 P 3eefa81a1d344cca94cb71d8fc3a7c08: Time spent starting tablet: real 0.002s user 0.003s sys 0.000s
I0710 23:26:42.412744 21538 catalog_manager.cc:3827] T 3382fcc7728248248fce1bb6b6e10422 P 3eefa81a1d344cca94cb71d8fc3a7c08 reported cstate change: term changed from 1 to 2. New cstate: current_term: 2 leader_uuid: "3eefa81a1d344cca94cb71d8fc3a7c08" committed_config { opid_index: -1 OBSOLETE_local: true peers { permanent_uuid: "3eefa81a1d344cca94cb71d8fc3a7c08" member_type: VOTER last_known_addr { host: "127.18.43.1" port: 46659 } health_report { overall_health: HEALTHY } } }
I0710 23:26:42.424512 21907 ts_tablet_manager.cc:669] T bfe7d79a3ac644dc8598fc864fbe659e P 5cb08d1962334a93b8e230c76a0b6099: Initiating tablet copy from peer 3eefa81a1d344cca94cb71d8fc3a7c08 (127.18.43.1:46659)
I0710 23:26:42.424926 21907 tablet_copy_client.cc:239] T bfe7d79a3ac644dc8598fc864fbe659e P 5cb08d1962334a93b8e230c76a0b6099: tablet copy: Beginning tablet copy session from remote peer at address 127.18.43.1:46659
I0710 23:26:42.425597 21909 ts_tablet_manager.cc:669] T 188113a621d14966945feb51e41ea4a5 P 5cb08d1962334a93b8e230c76a0b6099: Initiating tablet copy from peer 3eefa81a1d344cca94cb71d8fc3a7c08 (127.18.43.1:46659)
I0710 23:26:42.425686 21909 tablet_copy_client.cc:239] T 188113a621d14966945feb51e41ea4a5 P 5cb08d1962334a93b8e230c76a0b6099: tablet copy: Beginning tablet copy session from remote peer at address 127.18.43.1:46659
I0710 23:26:42.426023 21910 ts_tablet_manager.cc:669] T 9dded2401cb943f0a2bea0337291992a P 5cb08d1962334a93b8e230c76a0b6099: Initiating tablet copy from peer 3eefa81a1d344cca94cb71d8fc3a7c08 (127.18.43.1:46659)
I0710 23:26:42.426120 21908 ts_tablet_manager.cc:669] T 6be9b59101ec4ae6bec4f3111efb82b3 P 5cb08d1962334a93b8e230c76a0b6099: Initiating tablet copy from peer 3eefa81a1d344cca94cb71d8fc3a7c08 (127.18.43.1:46659)
I0710 23:26:42.426476 21912 ts_tablet_manager.cc:669] T 5a0de49957f84b51b2c03d3e432ee897 P 5cb08d1962334a93b8e230c76a0b6099: Initiating tablet copy from peer 3eefa81a1d344cca94cb71d8fc3a7c08 (127.18.43.1:46659)
I0710 23:26:42.426502 21915 ts_tablet_manager.cc:669] T 3382fcc7728248248fce1bb6b6e10422 P 5cb08d1962334a93b8e230c76a0b6099: Initiating tablet copy from peer 3eefa81a1d344cca94cb71d8fc3a7c08 (127.18.43.1:46659)
I0710 23:26:42.426556 21910 tablet_copy_client.cc:239] T 9dded2401cb943f0a2bea0337291992a P 5cb08d1962334a93b8e230c76a0b6099: tablet copy: Beginning tablet copy session from remote peer at address 127.18.43.1:46659
I0710 23:26:42.426657 21908 tablet_copy_client.cc:239] T 6be9b59101ec4ae6bec4f3111efb82b3 P 5cb08d1962334a93b8e230c76a0b6099: tablet copy: Beginning tablet copy session from remote peer at address 127.18.43.1:46659
I0710 23:26:42.426733 21913 ts_tablet_manager.cc:669] T ec16d86dcdb34a5b9f6dc60e9a5d3866 P 5cb08d1962334a93b8e230c76a0b6099: Initiating tablet copy from peer 3eefa81a1d344cca94cb71d8fc3a7c08 (127.18.43.1:46659)
I0710 23:26:42.426828 21912 tablet_copy_client.cc:239] T 5a0de49957f84b51b2c03d3e432ee897 P 5cb08d1962334a93b8e230c76a0b6099: tablet copy: Beginning tablet copy session from remote peer at address 127.18.43.1:46659
I0710 23:26:42.427045 21915 tablet_copy_client.cc:239] T 3382fcc7728248248fce1bb6b6e10422 P 5cb08d1962334a93b8e230c76a0b6099: tablet copy: Beginning tablet copy session from remote peer at address 127.18.43.1:46659
I0710 23:26:42.427117 21911 ts_tablet_manager.cc:669] T 224d94b52b9e4f859d90edb71b9dc822 P 5cb08d1962334a93b8e230c76a0b6099: Initiating tablet copy from peer 3eefa81a1d344cca94cb71d8fc3a7c08 (127.18.43.1:46659)
I0710 23:26:42.427237 21913 tablet_copy_client.cc:239] T ec16d86dcdb34a5b9f6dc60e9a5d3866 P 5cb08d1962334a93b8e230c76a0b6099: tablet copy: Beginning tablet copy session from remote peer at address 127.18.43.1:46659
I0710 23:26:42.427664 21917 ts_tablet_manager.cc:669] T 0617cd1d64ed4dfab4679b69255e839e P 5cb08d1962334a93b8e230c76a0b6099: Initiating tablet copy from peer 3eefa81a1d344cca94cb71d8fc3a7c08 (127.18.43.1:46659)
I0710 23:26:42.427742 21911 tablet_copy_client.cc:239] T 224d94b52b9e4f859d90edb71b9dc822 P 5cb08d1962334a93b8e230c76a0b6099: tablet copy: Beginning tablet copy session from remote peer at address 127.18.43.1:46659
I0710 23:26:42.427912 21918 ts_tablet_manager.cc:669] T 58a8d45cf5284f579b89c73d87015736 P 5cb08d1962334a93b8e230c76a0b6099: Initiating tablet copy from peer 3eefa81a1d344cca94cb71d8fc3a7c08 (127.18.43.1:46659)
I0710 23:26:42.428009 21917 tablet_copy_client.cc:239] T 0617cd1d64ed4dfab4679b69255e839e P 5cb08d1962334a93b8e230c76a0b6099: tablet copy: Beginning tablet copy session from remote peer at address 127.18.43.1:46659
I0710 23:26:42.428089 21920 ts_tablet_manager.cc:669] T e55b3ed036a24cb1ac30f337d5386072 P 5cb08d1962334a93b8e230c76a0b6099: Initiating tablet copy from peer 3eefa81a1d344cca94cb71d8fc3a7c08 (127.18.43.1:46659)
I0710 23:26:42.428150 21916 ts_tablet_manager.cc:669] T 8a5f88d22d2b482d9691c52031cafd6e P 5cb08d1962334a93b8e230c76a0b6099: Initiating tablet copy from peer 3eefa81a1d344cca94cb71d8fc3a7c08 (127.18.43.1:46659)
I0710 23:26:42.428195 21916 tablet_copy_client.cc:239] T 8a5f88d22d2b482d9691c52031cafd6e P 5cb08d1962334a93b8e230c76a0b6099: tablet copy: Beginning tablet copy session from remote peer at address 127.18.43.1:46659
I0710 23:26:42.428261 21921 ts_tablet_manager.cc:669] T 05ab889d520c4b5db0cab1b6d7e8ae86 P 5cb08d1962334a93b8e230c76a0b6099: Initiating tablet copy from peer 3eefa81a1d344cca94cb71d8fc3a7c08 (127.18.43.1:46659)
I0710 23:26:42.428303 21918 tablet_copy_client.cc:239] T 58a8d45cf5284f579b89c73d87015736 P 5cb08d1962334a93b8e230c76a0b6099: tablet copy: Beginning tablet copy session from remote peer at address 127.18.43.1:46659
I0710 23:26:42.428130 21922 ts_tablet_manager.cc:669] T fbe2894430174092986bffc0d8021206 P 5cb08d1962334a93b8e230c76a0b6099: Initiating tablet copy from peer 3eefa81a1d344cca94cb71d8fc3a7c08 (127.18.43.1:46659)
I0710 23:26:42.428447 21920 tablet_copy_client.cc:239] T e55b3ed036a24cb1ac30f337d5386072 P 5cb08d1962334a93b8e230c76a0b6099: tablet copy: Beginning tablet copy session from remote peer at address 127.18.43.1:46659
I0710 23:26:42.428534 21923 ts_tablet_manager.cc:669] T 39212fb42d874c3cad5a34357eae1a51 P 5cb08d1962334a93b8e230c76a0b6099: Initiating tablet copy from peer 3eefa81a1d344cca94cb71d8fc3a7c08 (127.18.43.1:46659)
I0710 23:26:42.428669 21922 tablet_copy_client.cc:239] T fbe2894430174092986bffc0d8021206 P 5cb08d1962334a93b8e230c76a0b6099: tablet copy: Beginning tablet copy session from remote peer at address 127.18.43.1:46659
I0710 23:26:42.428777 21921 tablet_copy_client.cc:239] T 05ab889d520c4b5db0cab1b6d7e8ae86 P 5cb08d1962334a93b8e230c76a0b6099: tablet copy: Beginning tablet copy session from remote peer at address 127.18.43.1:46659
I0710 23:26:42.428814 21924 ts_tablet_manager.cc:669] T e425aeacae634ba695a97557c5ebb75a P 5cb08d1962334a93b8e230c76a0b6099: Initiating tablet copy from peer 3eefa81a1d344cca94cb71d8fc3a7c08 (127.18.43.1:46659)
I0710 23:26:42.428833 21923 tablet_copy_client.cc:239] T 39212fb42d874c3cad5a34357eae1a51 P 5cb08d1962334a93b8e230c76a0b6099: tablet copy: Beginning tablet copy session from remote peer at address 127.18.43.1:46659
I0710 23:26:42.428880 21924 tablet_copy_client.cc:239] T e425aeacae634ba695a97557c5ebb75a P 5cb08d1962334a93b8e230c76a0b6099: tablet copy: Beginning tablet copy session from remote peer at address 127.18.43.1:46659
I0710 23:26:42.428938 21927 ts_tablet_manager.cc:669] T 420e91af2ba54520ac1b422b22a543eb P 5cb08d1962334a93b8e230c76a0b6099: Initiating tablet copy from peer 3eefa81a1d344cca94cb71d8fc3a7c08 (127.18.43.1:46659)
I0710 23:26:42.428974 21926 ts_tablet_manager.cc:669] T 16e52b82ff124e2093345d5204b7d086 P 5cb08d1962334a93b8e230c76a0b6099: Initiating tablet copy from peer 3eefa81a1d344cca94cb71d8fc3a7c08 (127.18.43.1:46659)
I0710 23:26:42.429003 21927 tablet_copy_client.cc:239] T 420e91af2ba54520ac1b422b22a543eb P 5cb08d1962334a93b8e230c76a0b6099: tablet copy: Beginning tablet copy session from remote peer at address 127.18.43.1:46659
I0710 23:26:42.429039 21926 tablet_copy_client.cc:239] T 16e52b82ff124e2093345d5204b7d086 P 5cb08d1962334a93b8e230c76a0b6099: tablet copy: Beginning tablet copy session from remote peer at address 127.18.43.1:46659
I0710 23:26:42.429114 21928 ts_tablet_manager.cc:669] T f49626b5d56d4f828e36578b5101e8e0 P 5cb08d1962334a93b8e230c76a0b6099: Initiating tablet copy from peer 3eefa81a1d344cca94cb71d8fc3a7c08 (127.18.43.1:46659)
I0710 23:26:42.429175 21928 tablet_copy_client.cc:239] T f49626b5d56d4f828e36578b5101e8e0 P 5cb08d1962334a93b8e230c76a0b6099: tablet copy: Beginning tablet copy session from remote peer at address 127.18.43.1:46659
I0710 23:26:42.429227 21925 ts_tablet_manager.cc:669] T d9d53b3911f045fda410a0ae098496f4 P 5cb08d1962334a93b8e230c76a0b6099: Initiating tablet copy from peer 3eefa81a1d344cca94cb71d8fc3a7c08 (127.18.43.1:46659)
I0710 23:26:42.429291 21925 tablet_copy_client.cc:239] T d9d53b3911f045fda410a0ae098496f4 P 5cb08d1962334a93b8e230c76a0b6099: tablet copy: Beginning tablet copy session from remote peer at address 127.18.43.1:46659
I0710 23:26:42.432396 21829 tablet_copy_service.cc:135] P 3eefa81a1d344cca94cb71d8fc3a7c08: Received BeginTabletCopySession request for tablet bfe7d79a3ac644dc8598fc864fbe659e from peer 5cb08d1962334a93b8e230c76a0b6099 ({username='slave'} at 127.18.43.2:57047)
W0710 23:26:42.432489 21815 service_pool.cc:129] BeginTabletCopySession request on kudu.tserver.TabletCopyService from 127.18.43.2:57047 dropped due to backpressure. The service queue is full; it has 1 items.
I0710 23:26:42.432504 21829 tablet_copy_service.cc:156] P 3eefa81a1d344cca94cb71d8fc3a7c08: Beginning new tablet copy session on tablet bfe7d79a3ac644dc8598fc864fbe659e from peer 5cb08d1962334a93b8e230c76a0b6099 at {username='slave'} at 127.18.43.2:57047: session id = 5cb08d1962334a93b8e230c76a0b6099-bfe7d79a3ac644dc8598fc864fbe659e
I0710 23:26:42.432694 21815 service_pool.cc:132] BeginTabletCopySession request on kudu.tserver.TabletCopyService from 127.18.43.2:57047 dropped due to backpressure. The service queue is full; it has 1 items. Contents of service queue: Call kudu.tserver.TabletCopyService.BeginTabletCopySession from 127.18.43.2:57047 (request call id 2)
I0710 23:26:42.432982 21815 service_pool.cc:132] BeginTabletCopySession request on kudu.tserver.TabletCopyService from 127.18.43.2:57047 dropped due to backpressure. The service queue is full; it has 1 items. Contents of service queue: Call kudu.tserver.TabletCopyService.BeginTabletCopySession from 127.18.43.2:57047 (request call id 2)
I0710 23:26:42.433221 21815 service_pool.cc:132] BeginTabletCopySession request on kudu.tserver.TabletCopyService from 127.18.43.2:57047 dropped due to backpressure. The service queue is full; it has 1 items. Contents of service queue: Call kudu.tserver.TabletCopyService.BeginTabletCopySession from 127.18.43.2:57047 (request call id 2)
I0710 23:26:42.433704 21829 tablet_copy_source_session.cc:202] T bfe7d79a3ac644dc8598fc864fbe659e P 3eefa81a1d344cca94cb71d8fc3a7c08: Tablet Copy: opened 0 blocks and 1 log segments
I0710 23:26:42.434859 21815 service_pool.cc:132] BeginTabletCopySession request on kudu.tserver.TabletCopyService from 127.18.43.2:57047 dropped due to backpressure. The service queue is full; it has 1 items. Contents of service queue: Call kudu.tserver.TabletCopyService.BeginTabletCopySession from 127.18.43.2:57047 (request call id 2)
I0710 23:26:42.435086 21815 service_pool.cc:132] BeginTabletCopySession request on kudu.tserver.TabletCopyService from 127.18.43.2:57047 dropped due to backpressure. The service queue is full; it has 1 items. Contents of service queue: Call kudu.tserver.TabletCopyService.BeginTabletCopySession from 127.18.43.2:57047 (request call id 2)
I0710 23:26:42.435273 21815 service_pool.cc:132] BeginTabletCopySession request on kudu.tserver.TabletCopyService from 127.18.43.2:57047 dropped due to backpressure. The service queue is full; it has 1 items. Contents of service queue: Call kudu.tserver.TabletCopyService.BeginTabletCopySession from 127.18.43.2:57047 (request call id 2)
I0710 23:26:42.435472 21829 tablet_copy_service.cc:135] P 3eefa81a1d344cca94cb71d8fc3a7c08: Received BeginTabletCopySession request for tablet 188113a621d14966945feb51e41ea4a5 from peer 5cb08d1962334a93b8e230c76a0b6099 ({username='slave'} at 127.18.43.2:57047)
I0710 23:26:42.435535 21829 tablet_copy_service.cc:156] P 3eefa81a1d344cca94cb71d8fc3a7c08: Beginning new tablet copy session on tablet 188113a621d14966945feb51e41ea4a5 from peer 5cb08d1962334a93b8e230c76a0b6099 at {username='slave'} at 127.18.43.2:57047: session id = 5cb08d1962334a93b8e230c76a0b6099-188113a621d14966945feb51e41ea4a5
I0710 23:26:42.436240 21829 tablet_copy_source_session.cc:202] T 188113a621d14966945feb51e41ea4a5 P 3eefa81a1d344cca94cb71d8fc3a7c08: Tablet Copy: opened 0 blocks and 1 log segments
I0710 23:26:42.436467 21829 tablet_copy_service.cc:135] P 3eefa81a1d344cca94cb71d8fc3a7c08: Received BeginTabletCopySession request for tablet 0617cd1d64ed4dfab4679b69255e839e from peer 5cb08d1962334a93b8e230c76a0b6099 ({username='slave'} at 127.18.43.2:57047)
I0710 23:26:42.436523 21829 tablet_copy_service.cc:156] P 3eefa81a1d344cca94cb71d8fc3a7c08: Beginning new tablet copy session on tablet 0617cd1d64ed4dfab4679b69255e839e from peer 5cb08d1962334a93b8e230c76a0b6099 at {username='slave'} at 127.18.43.2:57047: session id = 5cb08d1962334a93b8e230c76a0b6099-0617cd1d64ed4dfab4679b69255e839e
I0710 23:26:42.436565 21815 service_pool.cc:132] BeginTabletCopySession request on kudu.tserver.TabletCopyService from 127.18.43.2:57047 dropped due to backpressure. The service queue is full; it has 1 items. Contents of service queue:
I0710 23:26:42.436951 21815 service_pool.cc:132] BeginTabletCopySession request on kudu.tserver.TabletCopyService from 127.18.43.2:57047 dropped due to backpressure. The service queue is full; it has 1 items. Contents of service queue: Call kudu.tserver.TabletCopyService.BeginTabletCopySession from 127.18.43.2:57047 (request call id 11)
I0710 23:26:42.437106 21815 service_pool.cc:132] BeginTabletCopySession request on kudu.tserver.TabletCopyService from 127.18.43.2:57047 dropped due to backpressure. The service queue is full; it has 1 items. Contents of service queue: Call kudu.tserver.TabletCopyService.BeginTabletCopySession from 127.18.43.2:57047 (request call id 11)
I0710 23:26:42.437165 21829 tablet_copy_source_session.cc:202] T 0617cd1d64ed4dfab4679b69255e839e P 3eefa81a1d344cca94cb71d8fc3a7c08: Tablet Copy: opened 0 blocks and 1 log segments
I0710 23:26:42.437345 21815 service_pool.cc:132] BeginTabletCopySession request on kudu.tserver.TabletCopyService from 127.18.43.2:57047 dropped due to backpressure. The service queue is full; it has 1 items. Contents of service queue:
I0710 23:26:42.437369 21829 tablet_copy_service.cc:135] P 3eefa81a1d344cca94cb71d8fc3a7c08: Received BeginTabletCopySession request for tablet 58a8d45cf5284f579b89c73d87015736 from peer 5cb08d1962334a93b8e230c76a0b6099 ({username='slave'} at 127.18.43.2:57047)
I0710 23:26:42.437417 21829 tablet_copy_service.cc:156] P 3eefa81a1d344cca94cb71d8fc3a7c08: Beginning new tablet copy session on tablet 58a8d45cf5284f579b89c73d87015736 from peer 5cb08d1962334a93b8e230c76a0b6099 at {username='slave'} at 127.18.43.2:57047: session id = 5cb08d1962334a93b8e230c76a0b6099-58a8d45cf5284f579b89c73d87015736
I0710 23:26:42.437650 21815 service_pool.cc:132] BeginTabletCopySession request on kudu.tserver.TabletCopyService from 127.18.43.2:57047 dropped due to backpressure. The service queue is full; it has 1 items. Contents of service queue: Call kudu.tserver.TabletCopyService.BeginTabletCopySession from 127.18.43.2:57047 (request call id 15)
I0710 23:26:42.437784 21815 service_pool.cc:132] BeginTabletCopySession request on kudu.tserver.TabletCopyService from 127.18.43.2:57047 dropped due to backpressure. The service queue is full; it has 1 items. Contents of service queue: Call kudu.tserver.TabletCopyService.BeginTabletCopySession from 127.18.43.2:57047 (request call id 15)
I0710 23:26:42.437970 21815 service_pool.cc:132] BeginTabletCopySession request on kudu.tserver.TabletCopyService from 127.18.43.2:57047 dropped due to backpressure. The service queue is full; it has 1 items. Contents of service queue: Call kudu.tserver.TabletCopyService.BeginTabletCopySession from 127.18.43.2:57047 (request call id 15)
I0710 23:26:42.438014 21829 tablet_copy_source_session.cc:202] T 58a8d45cf5284f579b89c73d87015736 P 3eefa81a1d344cca94cb71d8fc3a7c08: Tablet Copy: opened 0 blocks and 1 log segments
I0710 23:26:42.438159 21815 service_pool.cc:132] BeginTabletCopySession request on kudu.tserver.TabletCopyService from 127.18.43.2:57047 dropped due to backpressure. The service queue is full; it has 1 items. Contents of service queue:
I0710 23:26:42.438196 21829 tablet_copy_service.cc:135] P 3eefa81a1d344cca94cb71d8fc3a7c08: Received BeginTabletCopySession request for tablet 39212fb42d874c3cad5a34357eae1a51 from peer 5cb08d1962334a93b8e230c76a0b6099 ({username='slave'} at 127.18.43.2:57047)
I0710 23:26:42.438239 21829 tablet_copy_service.cc:156] P 3eefa81a1d344cca94cb71d8fc3a7c08: Beginning new tablet copy session on tablet 39212fb42d874c3cad5a34357eae1a51 from peer 5cb08d1962334a93b8e230c76a0b6099 at {username='slave'} at 127.18.43.2:57047: session id = 5cb08d1962334a93b8e230c76a0b6099-39212fb42d874c3cad5a34357eae1a51
I0710 23:26:42.438465 21907 data_dirs.cc:934] Could only allocate 1 dirs of requested 3 for tablet bfe7d79a3ac644dc8598fc864fbe659e. 1 dirs total, 0 dirs full, 0 dirs failed
I0710 23:26:42.438807 21829 tablet_copy_source_session.cc:202] T 39212fb42d874c3cad5a34357eae1a51 P 3eefa81a1d344cca94cb71d8fc3a7c08: Tablet Copy: opened 0 blocks and 1 log segments
I0710 23:26:42.439002 21829 tablet_copy_service.cc:135] P 3eefa81a1d344cca94cb71d8fc3a7c08: Received BeginTabletCopySession request for tablet d9d53b3911f045fda410a0ae098496f4 from peer 5cb08d1962334a93b8e230c76a0b6099 ({username='slave'} at 127.18.43.2:57047)
I0710 23:26:42.439047 21829 tablet_copy_service.cc:156] P 3eefa81a1d344cca94cb71d8fc3a7c08: Beginning new tablet copy session on tablet d9d53b3911f045fda410a0ae098496f4 from peer 5cb08d1962334a93b8e230c76a0b6099 at {username='slave'} at 127.18.43.2:57047: session id = 5cb08d1962334a93b8e230c76a0b6099-d9d53b3911f045fda410a0ae098496f4
I0710 23:26:42.439111 21917 data_dirs.cc:934] Could only allocate 1 dirs of requested 3 for tablet 0617cd1d64ed4dfab4679b69255e839e. 1 dirs total, 0 dirs full, 0 dirs failed
I0710 23:26:42.439348 21918 data_dirs.cc:934] Could only allocate 1 dirs of requested 3 for tablet 58a8d45cf5284f579b89c73d87015736. 1 dirs total, 0 dirs full, 0 dirs failed
I0710 23:26:42.439937 21909 data_dirs.cc:934] Could only allocate 1 dirs of requested 3 for tablet 188113a621d14966945feb51e41ea4a5. 1 dirs total, 0 dirs full, 0 dirs failed
I0710 23:26:42.440198 21829 tablet_copy_source_session.cc:202] T d9d53b3911f045fda410a0ae098496f4 P 3eefa81a1d344cca94cb71d8fc3a7c08: Tablet Copy: opened 0 blocks and 1 log segments
I0710 23:26:42.440441 21829 tablet_copy_service.cc:135] P 3eefa81a1d344cca94cb71d8fc3a7c08: Received BeginTabletCopySession request for tablet 9dded2401cb943f0a2bea0337291992a from peer 5cb08d1962334a93b8e230c76a0b6099 ({username='slave'} at 127.18.43.2:57047)
I0710 23:26:42.440490 21829 tablet_copy_service.cc:156] P 3eefa81a1d344cca94cb71d8fc3a7c08: Beginning new tablet copy session on tablet 9dded2401cb943f0a2bea0337291992a from peer 5cb08d1962334a93b8e230c76a0b6099 at {username='slave'} at 127.18.43.2:57047: session id = 5cb08d1962334a93b8e230c76a0b6099-9dded2401cb943f0a2bea0337291992a
I0710 23:26:42.441078 21829 tablet_copy_source_session.cc:202] T 9dded2401cb943f0a2bea0337291992a P 3eefa81a1d344cca94cb71d8fc3a7c08: Tablet Copy: opened 0 blocks and 1 log segments
I0710 23:26:42.441537 21829 tablet_copy_service.cc:135] P 3eefa81a1d344cca94cb71d8fc3a7c08: Received BeginTabletCopySession request for tablet 6be9b59101ec4ae6bec4f3111efb82b3 from peer 5cb08d1962334a93b8e230c76a0b6099 ({username='slave'} at 127.18.43.2:57047)
I0710 23:26:42.441586 21829 tablet_copy_service.cc:156] P 3eefa81a1d344cca94cb71d8fc3a7c08: Beginning new tablet copy session on tablet 6be9b59101ec4ae6bec4f3111efb82b3 from peer 5cb08d1962334a93b8e230c76a0b6099 at {username='slave'} at 127.18.43.2:57047: session id = 5cb08d1962334a93b8e230c76a0b6099-6be9b59101ec4ae6bec4f3111efb82b3
I0710 23:26:42.441860 21910 data_dirs.cc:934] Could only allocate 1 dirs of requested 3 for tablet 9dded2401cb943f0a2bea0337291992a. 1 dirs total, 0 dirs full, 0 dirs failed
I0710 23:26:42.441967 21925 data_dirs.cc:934] Could only allocate 1 dirs of requested 3 for tablet d9d53b3911f045fda410a0ae098496f4. 1 dirs total, 0 dirs full, 0 dirs failed
I0710 23:26:42.442159 21829 tablet_copy_source_session.cc:202] T 6be9b59101ec4ae6bec4f3111efb82b3 P 3eefa81a1d344cca94cb71d8fc3a7c08: Tablet Copy: opened 0 blocks and 1 log segments
I0710 23:26:42.442570 21829 tablet_copy_service.cc:135] P 3eefa81a1d344cca94cb71d8fc3a7c08: Received BeginTabletCopySession request for tablet 5a0de49957f84b51b2c03d3e432ee897 from peer 5cb08d1962334a93b8e230c76a0b6099 ({username='slave'} at 127.18.43.2:57047)
I0710 23:26:42.442617 21829 tablet_copy_service.cc:156] P 3eefa81a1d344cca94cb71d8fc3a7c08: Beginning new tablet copy session on tablet 5a0de49957f84b51b2c03d3e432ee897 from peer 5cb08d1962334a93b8e230c76a0b6099 at {username='slave'} at 127.18.43.2:57047: session id = 5cb08d1962334a93b8e230c76a0b6099-5a0de49957f84b51b2c03d3e432ee897
