W0710 23:26:30.299379 19795 tablet_copy_service.cc:458] P 9c528fbbfce246539f8bcbc2dbe1a353: Error handling TabletCopyService RPC request from {username='slave'} at 127.18.43.2:37805: Error beginning tablet copy session for tablet db0b5751c95748c49ca3272e013e7ee3: Illegal state: The tablet is not in a running state: BOOTSTRAPPING
I0710 23:26:30.306859 19696 ts_tablet_manager.cc:669] T db0b5751c95748c49ca3272e013e7ee3 P 319a0ce5d3df4b83a7c6efed0459c572: Initiating tablet copy from peer 9c528fbbfce246539f8bcbc2dbe1a353 (127.18.43.1:35889)
I0710 23:26:30.306984 19696 tablet_copy_client.cc:239] T db0b5751c95748c49ca3272e013e7ee3 P 319a0ce5d3df4b83a7c6efed0459c572: tablet copy: Beginning tablet copy session from remote peer at address 127.18.43.1:35889
I0710 23:26:30.307636 19795 tablet_copy_service.cc:135] P 9c528fbbfce246539f8bcbc2dbe1a353: Received BeginTabletCopySession request for tablet db0b5751c95748c49ca3272e013e7ee3 from peer 319a0ce5d3df4b83a7c6efed0459c572 ({username='slave'} at 127.18.43.2:37805)
I0710 23:26:30.307695 19795 tablet_copy_service.cc:156] P 9c528fbbfce246539f8bcbc2dbe1a353: Beginning new tablet copy session on tablet db0b5751c95748c49ca3272e013e7ee3 from peer 319a0ce5d3df4b83a7c6efed0459c572 at {username='slave'} at 127.18.43.2:37805: session id = 319a0ce5d3df4b83a7c6efed0459c572-db0b5751c95748c49ca3272e013e7ee3
W0710 23:26:30.307765 19795 tablet_copy_service.cc:458] P 9c528fbbfce246539f8bcbc2dbe1a353: Error handling TabletCopyService RPC request from {username='slave'} at 127.18.43.2:37805: Error beginning tablet copy session for tablet db0b5751c95748c49ca3272e013e7ee3: Illegal state: The tablet is not in a running state: BOOTSTRAPPING
I0710 23:26:30.316525 19696 ts_tablet_manager.cc:669] T db0b5751c95748c49ca3272e013e7ee3 P 319a0ce5d3df4b83a7c6efed0459c572: Initiating tablet copy from peer 9c528fbbfce246539f8bcbc2dbe1a353 (127.18.43.1:35889)
I0710 23:26:30.316711 19696 tablet_copy_client.cc:239] T db0b5751c95748c49ca3272e013e7ee3 P 319a0ce5d3df4b83a7c6efed0459c572: tablet copy: Beginning tablet copy session from remote peer at address 127.18.43.1:35889
I0710 23:26:30.317275 19795 tablet_copy_service.cc:135] P 9c528fbbfce246539f8bcbc2dbe1a353: Received BeginTabletCopySession request for tablet db0b5751c95748c49ca3272e013e7ee3 from peer 319a0ce5d3df4b83a7c6efed0459c572 ({username='slave'} at 127.18.43.2:37805)
I0710 23:26:30.317328 19795 tablet_copy_service.cc:156] P 9c528fbbfce246539f8bcbc2dbe1a353: Beginning new tablet copy session on tablet db0b5751c95748c49ca3272e013e7ee3 from peer 319a0ce5d3df4b83a7c6efed0459c572 at {username='slave'} at 127.18.43.2:37805: session id = 319a0ce5d3df4b83a7c6efed0459c572-db0b5751c95748c49ca3272e013e7ee3
W0710 23:26:30.317394 19795 tablet_copy_service.cc:458] P 9c528fbbfce246539f8bcbc2dbe1a353: Error handling TabletCopyService RPC request from {username='slave'} at 127.18.43.2:37805: Error beginning tablet copy session for tablet db0b5751c95748c49ca3272e013e7ee3: Illegal state: The tablet is not in a running state: BOOTSTRAPPING
I0710 23:26:30.322839 19696 ts_tablet_manager.cc:669] T db0b5751c95748c49ca3272e013e7ee3 P 319a0ce5d3df4b83a7c6efed0459c572: Initiating tablet copy from peer 9c528fbbfce246539f8bcbc2dbe1a353 (127.18.43.1:35889)
I0710 23:26:30.322952 19696 tablet_copy_client.cc:239] T db0b5751c95748c49ca3272e013e7ee3 P 319a0ce5d3df4b83a7c6efed0459c572: tablet copy: Beginning tablet copy session from remote peer at address 127.18.43.1:35889
I0710 23:26:30.323534 19795 tablet_copy_service.cc:135] P 9c528fbbfce246539f8bcbc2dbe1a353: Received BeginTabletCopySession request for tablet db0b5751c95748c49ca3272e013e7ee3 from peer 319a0ce5d3df4b83a7c6efed0459c572 ({username='slave'} at 127.18.43.2:37805)
I0710 23:26:30.323585 19795 tablet_copy_service.cc:156] P 9c528fbbfce246539f8bcbc2dbe1a353: Beginning new tablet copy session on tablet db0b5751c95748c49ca3272e013e7ee3 from peer 319a0ce5d3df4b83a7c6efed0459c572 at {username='slave'} at 127.18.43.2:37805: session id = 319a0ce5d3df4b83a7c6efed0459c572-db0b5751c95748c49ca3272e013e7ee3
W0710 23:26:30.323674 19795 tablet_copy_service.cc:458] P 9c528fbbfce246539f8bcbc2dbe1a353: Error handling TabletCopyService RPC request from {username='slave'} at 127.18.43.2:37805: Error beginning tablet copy session for tablet db0b5751c95748c49ca3272e013e7ee3: Illegal state: The tablet is not in a running state: BOOTSTRAPPING
I0710 23:26:30.325851 19696 ts_tablet_manager.cc:669] T db0b5751c95748c49ca3272e013e7ee3 P 319a0ce5d3df4b83a7c6efed0459c572: Initiating tablet copy from peer 9c528fbbfce246539f8bcbc2dbe1a353 (127.18.43.1:35889)
I0710 23:26:30.325953 19696 tablet_copy_client.cc:239] T db0b5751c95748c49ca3272e013e7ee3 P 319a0ce5d3df4b83a7c6efed0459c572: tablet copy: Beginning tablet copy session from remote peer at address 127.18.43.1:35889
I0710 23:26:30.326453 19795 tablet_copy_service.cc:135] P 9c528fbbfce246539f8bcbc2dbe1a353: Received BeginTabletCopySession request for tablet db0b5751c95748c49ca3272e013e7ee3 from peer 319a0ce5d3df4b83a7c6efed0459c572 ({username='slave'} at 127.18.43.2:37805)
I0710 23:26:30.326501 19795 tablet_copy_service.cc:156] P 9c528fbbfce246539f8bcbc2dbe1a353: Beginning new tablet copy session on tablet db0b5751c95748c49ca3272e013e7ee3 from peer 319a0ce5d3df4b83a7c6efed0459c572 at {username='slave'} at 127.18.43.2:37805: session id = 319a0ce5d3df4b83a7c6efed0459c572-db0b5751c95748c49ca3272e013e7ee3
W0710 23:26:30.326562 19795 tablet_copy_service.cc:458] P 9c528fbbfce246539f8bcbc2dbe1a353: Error handling TabletCopyService RPC request from {username='slave'} at 127.18.43.2:37805: Error beginning tablet copy session for tablet db0b5751c95748c49ca3272e013e7ee3: Illegal state: The tablet is not in a running state: BOOTSTRAPPING
I0710 23:26:30.335480 19696 ts_tablet_manager.cc:669] T db0b5751c95748c49ca3272e013e7ee3 P 319a0ce5d3df4b83a7c6efed0459c572: Initiating tablet copy from peer 9c528fbbfce246539f8bcbc2dbe1a353 (127.18.43.1:35889)
I0710 23:26:30.335587 19696 tablet_copy_client.cc:239] T db0b5751c95748c49ca3272e013e7ee3 P 319a0ce5d3df4b83a7c6efed0459c572: tablet copy: Beginning tablet copy session from remote peer at address 127.18.43.1:35889
I0710 23:26:30.336212 19795 tablet_copy_service.cc:135] P 9c528fbbfce246539f8bcbc2dbe1a353: Received BeginTabletCopySession request for tablet db0b5751c95748c49ca3272e013e7ee3 from peer 319a0ce5d3df4b83a7c6efed0459c572 ({username='slave'} at 127.18.43.2:37805)
I0710 23:26:30.336263 19795 tablet_copy_service.cc:156] P 9c528fbbfce246539f8bcbc2dbe1a353: Beginning new tablet copy session on tablet db0b5751c95748c49ca3272e013e7ee3 from peer 319a0ce5d3df4b83a7c6efed0459c572 at {username='slave'} at 127.18.43.2:37805: session id = 319a0ce5d3df4b83a7c6efed0459c572-db0b5751c95748c49ca3272e013e7ee3
W0710 23:26:30.336323 19795 tablet_copy_service.cc:458] P 9c528fbbfce246539f8bcbc2dbe1a353: Error handling TabletCopyService RPC request from {username='slave'} at 127.18.43.2:37805: Error beginning tablet copy session for tablet db0b5751c95748c49ca3272e013e7ee3: Illegal state: The tablet is not in a running state: BOOTSTRAPPING
I0710 23:26:30.340435 19696 ts_tablet_manager.cc:669] T db0b5751c95748c49ca3272e013e7ee3 P 319a0ce5d3df4b83a7c6efed0459c572: Initiating tablet copy from peer 9c528fbbfce246539f8bcbc2dbe1a353 (127.18.43.1:35889)
I0710 23:26:30.340544 19696 tablet_copy_client.cc:239] T db0b5751c95748c49ca3272e013e7ee3 P 319a0ce5d3df4b83a7c6efed0459c572: tablet copy: Beginning tablet copy session from remote peer at address 127.18.43.1:35889
I0710 23:26:30.341141 19795 tablet_copy_service.cc:135] P 9c528fbbfce246539f8bcbc2dbe1a353: Received BeginTabletCopySession request for tablet db0b5751c95748c49ca3272e013e7ee3 from peer 319a0ce5d3df4b83a7c6efed0459c572 ({username='slave'} at 127.18.43.2:37805)
I0710 23:26:30.341204 19795 tablet_copy_service.cc:156] P 9c528fbbfce246539f8bcbc2dbe1a353: Beginning new tablet copy session on tablet db0b5751c95748c49ca3272e013e7ee3 from peer 319a0ce5d3df4b83a7c6efed0459c572 at {username='slave'} at 127.18.43.2:37805: session id = 319a0ce5d3df4b83a7c6efed0459c572-db0b5751c95748c49ca3272e013e7ee3
W0710 23:26:30.341269 19795 tablet_copy_service.cc:458] P 9c528fbbfce246539f8bcbc2dbe1a353: Error handling TabletCopyService RPC request from {username='slave'} at 127.18.43.2:37805: Error beginning tablet copy session for tablet db0b5751c95748c49ca3272e013e7ee3: Illegal state: The tablet is not in a running state: BOOTSTRAPPING
I0710 23:26:30.353752 19696 ts_tablet_manager.cc:669] T db0b5751c95748c49ca3272e013e7ee3 P 319a0ce5d3df4b83a7c6efed0459c572: Initiating tablet copy from peer 9c528fbbfce246539f8bcbc2dbe1a353 (127.18.43.1:35889)
I0710 23:26:30.353863 19696 tablet_copy_client.cc:239] T db0b5751c95748c49ca3272e013e7ee3 P 319a0ce5d3df4b83a7c6efed0459c572: tablet copy: Beginning tablet copy session from remote peer at address 127.18.43.1:35889
I0710 23:26:30.354419 19795 tablet_copy_service.cc:135] P 9c528fbbfce246539f8bcbc2dbe1a353: Received BeginTabletCopySession request for tablet db0b5751c95748c49ca3272e013e7ee3 from peer 319a0ce5d3df4b83a7c6efed0459c572 ({username='slave'} at 127.18.43.2:37805)
I0710 23:26:30.354477 19795 tablet_copy_service.cc:156] P 9c528fbbfce246539f8bcbc2dbe1a353: Beginning new tablet copy session on tablet db0b5751c95748c49ca3272e013e7ee3 from peer 319a0ce5d3df4b83a7c6efed0459c572 at {username='slave'} at 127.18.43.2:37805: session id = 319a0ce5d3df4b83a7c6efed0459c572-db0b5751c95748c49ca3272e013e7ee3
W0710 23:26:30.354538 19795 tablet_copy_service.cc:458] P 9c528fbbfce246539f8bcbc2dbe1a353: Error handling TabletCopyService RPC request from {username='slave'} at 127.18.43.2:37805: Error beginning tablet copy session for tablet db0b5751c95748c49ca3272e013e7ee3: Illegal state: The tablet is not in a running state: BOOTSTRAPPING
I0710 23:26:30.364576 19696 ts_tablet_manager.cc:669] T db0b5751c95748c49ca3272e013e7ee3 P 319a0ce5d3df4b83a7c6efed0459c572: Initiating tablet copy from peer 9c528fbbfce246539f8bcbc2dbe1a353 (127.18.43.1:35889)
I0710 23:26:30.364689 19696 tablet_copy_client.cc:239] T db0b5751c95748c49ca3272e013e7ee3 P 319a0ce5d3df4b83a7c6efed0459c572: tablet copy: Beginning tablet copy session from remote peer at address 127.18.43.1:35889
I0710 23:26:30.365248 19795 tablet_copy_service.cc:135] P 9c528fbbfce246539f8bcbc2dbe1a353: Received BeginTabletCopySession request for tablet db0b5751c95748c49ca3272e013e7ee3 from peer 319a0ce5d3df4b83a7c6efed0459c572 ({username='slave'} at 127.18.43.2:37805)
I0710 23:26:30.365305 19795 tablet_copy_service.cc:156] P 9c528fbbfce246539f8bcbc2dbe1a353: Beginning new tablet copy session on tablet db0b5751c95748c49ca3272e013e7ee3 from peer 319a0ce5d3df4b83a7c6efed0459c572 at {username='slave'} at 127.18.43.2:37805: session id = 319a0ce5d3df4b83a7c6efed0459c572-db0b5751c95748c49ca3272e013e7ee3
W0710 23:26:30.365391 19795 tablet_copy_service.cc:458] P 9c528fbbfce246539f8bcbc2dbe1a353: Error handling TabletCopyService RPC request from {username='slave'} at 127.18.43.2:37805: Error beginning tablet copy session for tablet db0b5751c95748c49ca3272e013e7ee3: Illegal state: The tablet is not in a running state: BOOTSTRAPPING
I0710 23:26:30.373869 19696 ts_tablet_manager.cc:669] T db0b5751c95748c49ca3272e013e7ee3 P 319a0ce5d3df4b83a7c6efed0459c572: Initiating tablet copy from peer 9c528fbbfce246539f8bcbc2dbe1a353 (127.18.43.1:35889)
I0710 23:26:30.373981 19696 tablet_copy_client.cc:239] T db0b5751c95748c49ca3272e013e7ee3 P 319a0ce5d3df4b83a7c6efed0459c572: tablet copy: Beginning tablet copy session from remote peer at address 127.18.43.1:35889
I0710 23:26:30.374567 19795 tablet_copy_service.cc:135] P 9c528fbbfce246539f8bcbc2dbe1a353: Received BeginTabletCopySession request for tablet db0b5751c95748c49ca3272e013e7ee3 from peer 319a0ce5d3df4b83a7c6efed0459c572 ({username='slave'} at 127.18.43.2:37805)
I0710 23:26:30.374624 19795 tablet_copy_service.cc:156] P 9c528fbbfce246539f8bcbc2dbe1a353: Beginning new tablet copy session on tablet db0b5751c95748c49ca3272e013e7ee3 from peer 319a0ce5d3df4b83a7c6efed0459c572 at {username='slave'} at 127.18.43.2:37805: session id = 319a0ce5d3df4b83a7c6efed0459c572-db0b5751c95748c49ca3272e013e7ee3
W0710 23:26:30.374686 19795 tablet_copy_service.cc:458] P 9c528fbbfce246539f8bcbc2dbe1a353: Error handling TabletCopyService RPC request from {username='slave'} at 127.18.43.2:37805: Error beginning tablet copy session for tablet db0b5751c95748c49ca3272e013e7ee3: Illegal state: The tablet is not in a running state: BOOTSTRAPPING
I0710 23:26:30.382026 19696 ts_tablet_manager.cc:669] T db0b5751c95748c49ca3272e013e7ee3 P 319a0ce5d3df4b83a7c6efed0459c572: Initiating tablet copy from peer 9c528fbbfce246539f8bcbc2dbe1a353 (127.18.43.1:35889)
I0710 23:26:30.382139 19696 tablet_copy_client.cc:239] T db0b5751c95748c49ca3272e013e7ee3 P 319a0ce5d3df4b83a7c6efed0459c572: tablet copy: Beginning tablet copy session from remote peer at address 127.18.43.1:35889
I0710 23:26:30.382733 19795 tablet_copy_service.cc:135] P 9c528fbbfce246539f8bcbc2dbe1a353: Received BeginTabletCopySession request for tablet db0b5751c95748c49ca3272e013e7ee3 from peer 319a0ce5d3df4b83a7c6efed0459c572 ({username='slave'} at 127.18.43.2:37805)
I0710 23:26:30.382794 19795 tablet_copy_service.cc:156] P 9c528fbbfce246539f8bcbc2dbe1a353: Beginning new tablet copy session on tablet db0b5751c95748c49ca3272e013e7ee3 from peer 319a0ce5d3df4b83a7c6efed0459c572 at {username='slave'} at 127.18.43.2:37805: session id = 319a0ce5d3df4b83a7c6efed0459c572-db0b5751c95748c49ca3272e013e7ee3
W0710 23:26:30.382863 19795 tablet_copy_service.cc:458] P 9c528fbbfce246539f8bcbc2dbe1a353: Error handling TabletCopyService RPC request from {username='slave'} at 127.18.43.2:37805: Error beginning tablet copy session for tablet db0b5751c95748c49ca3272e013e7ee3: Illegal state: The tablet is not in a running state: BOOTSTRAPPING
I0710 23:26:30.388942 19696 ts_tablet_manager.cc:669] T db0b5751c95748c49ca3272e013e7ee3 P 319a0ce5d3df4b83a7c6efed0459c572: Initiating tablet copy from peer 9c528fbbfce246539f8bcbc2dbe1a353 (127.18.43.1:35889)
I0710 23:26:30.389050 19696 tablet_copy_client.cc:239] T db0b5751c95748c49ca3272e013e7ee3 P 319a0ce5d3df4b83a7c6efed0459c572: tablet copy: Beginning tablet copy session from remote peer at address 127.18.43.1:35889
I0710 23:26:30.389633 19795 tablet_copy_service.cc:135] P 9c528fbbfce246539f8bcbc2dbe1a353: Received BeginTabletCopySession request for tablet db0b5751c95748c49ca3272e013e7ee3 from peer 319a0ce5d3df4b83a7c6efed0459c572 ({username='slave'} at 127.18.43.2:37805)
I0710 23:26:30.389680 19795 tablet_copy_service.cc:156] P 9c528fbbfce246539f8bcbc2dbe1a353: Beginning new tablet copy session on tablet db0b5751c95748c49ca3272e013e7ee3 from peer 319a0ce5d3df4b83a7c6efed0459c572 at {username='slave'} at 127.18.43.2:37805: session id = 319a0ce5d3df4b83a7c6efed0459c572-db0b5751c95748c49ca3272e013e7ee3
W0710 23:26:30.389741 19795 tablet_copy_service.cc:458] P 9c528fbbfce246539f8bcbc2dbe1a353: Error handling TabletCopyService RPC request from {username='slave'} at 127.18.43.2:37805: Error beginning tablet copy session for tablet db0b5751c95748c49ca3272e013e7ee3: Illegal state: The tablet is not in a running state: BOOTSTRAPPING
I0710 23:26:30.414036 19696 ts_tablet_manager.cc:669] T db0b5751c95748c49ca3272e013e7ee3 P 319a0ce5d3df4b83a7c6efed0459c572: Initiating tablet copy from peer 9c528fbbfce246539f8bcbc2dbe1a353 (127.18.43.1:35889)
I0710 23:26:30.414163 19696 tablet_copy_client.cc:239] T db0b5751c95748c49ca3272e013e7ee3 P 319a0ce5d3df4b83a7c6efed0459c572: tablet copy: Beginning tablet copy session from remote peer at address 127.18.43.1:35889
I0710 23:26:30.414877 19795 tablet_copy_service.cc:135] P 9c528fbbfce246539f8bcbc2dbe1a353: Received BeginTabletCopySession request for tablet db0b5751c95748c49ca3272e013e7ee3 from peer 319a0ce5d3df4b83a7c6efed0459c572 ({username='slave'} at 127.18.43.2:37805)
I0710 23:26:30.414943 19795 tablet_copy_service.cc:156] P 9c528fbbfce246539f8bcbc2dbe1a353: Beginning new tablet copy session on tablet db0b5751c95748c49ca3272e013e7ee3 from peer 319a0ce5d3df4b83a7c6efed0459c572 at {username='slave'} at 127.18.43.2:37805: session id = 319a0ce5d3df4b83a7c6efed0459c572-db0b5751c95748c49ca3272e013e7ee3
W0710 23:26:30.415015 19795 tablet_copy_service.cc:458] P 9c528fbbfce246539f8bcbc2dbe1a353: Error handling TabletCopyService RPC request from {username='slave'} at 127.18.43.2:37805: Error beginning tablet copy session for tablet db0b5751c95748c49ca3272e013e7ee3: Illegal state: The tablet is not in a running state: BOOTSTRAPPING
I0710 23:26:30.420042 19696 ts_tablet_manager.cc:669] T db0b5751c95748c49ca3272e013e7ee3 P 319a0ce5d3df4b83a7c6efed0459c572: Initiating tablet copy from peer 9c528fbbfce246539f8bcbc2dbe1a353 (127.18.43.1:35889)
I0710 23:26:30.420163 19696 tablet_copy_client.cc:239] T db0b5751c95748c49ca3272e013e7ee3 P 319a0ce5d3df4b83a7c6efed0459c572: tablet copy: Beginning tablet copy session from remote peer at address 127.18.43.1:35889
I0710 23:26:30.420831 19795 tablet_copy_service.cc:135] P 9c528fbbfce246539f8bcbc2dbe1a353: Received BeginTabletCopySession request for tablet db0b5751c95748c49ca3272e013e7ee3 from peer 319a0ce5d3df4b83a7c6efed0459c572 ({username='slave'} at 127.18.43.2:37805)
I0710 23:26:30.420895 19795 tablet_copy_service.cc:156] P 9c528fbbfce246539f8bcbc2dbe1a353: Beginning new tablet copy session on tablet db0b5751c95748c49ca3272e013e7ee3 from peer 319a0ce5d3df4b83a7c6efed0459c572 at {username='slave'} at 127.18.43.2:37805: session id = 319a0ce5d3df4b83a7c6efed0459c572-db0b5751c95748c49ca3272e013e7ee3
W0710 23:26:30.420967 19795 tablet_copy_service.cc:458] P 9c528fbbfce246539f8bcbc2dbe1a353: Error handling TabletCopyService RPC request from {username='slave'} at 127.18.43.2:37805: Error beginning tablet copy session for tablet db0b5751c95748c49ca3272e013e7ee3: Illegal state: The tablet is not in a running state: BOOTSTRAPPING
I0710 23:26:30.431211 19696 ts_tablet_manager.cc:669] T db0b5751c95748c49ca3272e013e7ee3 P 319a0ce5d3df4b83a7c6efed0459c572: Initiating tablet copy from peer 9c528fbbfce246539f8bcbc2dbe1a353 (127.18.43.1:35889)
I0710 23:26:30.431340 19696 tablet_copy_client.cc:239] T db0b5751c95748c49ca3272e013e7ee3 P 319a0ce5d3df4b83a7c6efed0459c572: tablet copy: Beginning tablet copy session from remote peer at address 127.18.43.1:35889
I0710 23:26:30.431987 19795 tablet_copy_service.cc:135] P 9c528fbbfce246539f8bcbc2dbe1a353: Received BeginTabletCopySession request for tablet db0b5751c95748c49ca3272e013e7ee3 from peer 319a0ce5d3df4b83a7c6efed0459c572 ({username='slave'} at 127.18.43.2:37805)
I0710 23:26:30.432044 19795 tablet_copy_service.cc:156] P 9c528fbbfce246539f8bcbc2dbe1a353: Beginning new tablet copy session on tablet db0b5751c95748c49ca3272e013e7ee3 from peer 319a0ce5d3df4b83a7c6efed0459c572 at {username='slave'} at 127.18.43.2:37805: session id = 319a0ce5d3df4b83a7c6efed0459c572-db0b5751c95748c49ca3272e013e7ee3
W0710 23:26:30.432109 19795 tablet_copy_service.cc:458] P 9c528fbbfce246539f8bcbc2dbe1a353: Error handling TabletCopyService RPC request from {username='slave'} at 127.18.43.2:37805: Error beginning tablet copy session for tablet db0b5751c95748c49ca3272e013e7ee3: Illegal state: The tablet is not in a running state: BOOTSTRAPPING
I0710 23:26:30.440270 19696 ts_tablet_manager.cc:669] T db0b5751c95748c49ca3272e013e7ee3 P 319a0ce5d3df4b83a7c6efed0459c572: Initiating tablet copy from peer 9c528fbbfce246539f8bcbc2dbe1a353 (127.18.43.1:35889)
I0710 23:26:30.440387 19696 tablet_copy_client.cc:239] T db0b5751c95748c49ca3272e013e7ee3 P 319a0ce5d3df4b83a7c6efed0459c572: tablet copy: Beginning tablet copy session from remote peer at address 127.18.43.1:35889
I0710 23:26:30.440965 19795 tablet_copy_service.cc:135] P 9c528fbbfce246539f8bcbc2dbe1a353: Received BeginTabletCopySession request for tablet db0b5751c95748c49ca3272e013e7ee3 from peer 319a0ce5d3df4b83a7c6efed0459c572 ({username='slave'} at 127.18.43.2:37805)
I0710 23:26:30.441023 19795 tablet_copy_service.cc:156] P 9c528fbbfce246539f8bcbc2dbe1a353: Beginning new tablet copy session on tablet db0b5751c95748c49ca3272e013e7ee3 from peer 319a0ce5d3df4b83a7c6efed0459c572 at {username='slave'} at 127.18.43.2:37805: session id = 319a0ce5d3df4b83a7c6efed0459c572-db0b5751c95748c49ca3272e013e7ee3
W0710 23:26:30.441092 19795 tablet_copy_service.cc:458] P 9c528fbbfce246539f8bcbc2dbe1a353: Error handling TabletCopyService RPC request from {username='slave'} at 127.18.43.2:37805: Error beginning tablet copy session for tablet db0b5751c95748c49ca3272e013e7ee3: Illegal state: The tablet is not in a running state: BOOTSTRAPPING
I0710 23:26:30.456598 19696 ts_tablet_manager.cc:669] T db0b5751c95748c49ca3272e013e7ee3 P 319a0ce5d3df4b83a7c6efed0459c572: Initiating tablet copy from peer 9c528fbbfce246539f8bcbc2dbe1a353 (127.18.43.1:35889)
I0710 23:26:30.456715 19696 tablet_copy_client.cc:239] T db0b5751c95748c49ca3272e013e7ee3 P 319a0ce5d3df4b83a7c6efed0459c572: tablet copy: Beginning tablet copy session from remote peer at address 127.18.43.1:35889
I0710 23:26:30.457254 19795 tablet_copy_service.cc:135] P 9c528fbbfce246539f8bcbc2dbe1a353: Received BeginTabletCopySession request for tablet db0b5751c95748c49ca3272e013e7ee3 from peer 319a0ce5d3df4b83a7c6efed0459c572 ({username='slave'} at 127.18.43.2:37805)
I0710 23:26:30.457319 19795 tablet_copy_service.cc:156] P 9c528fbbfce246539f8bcbc2dbe1a353: Beginning new tablet copy session on tablet db0b5751c95748c49ca3272e013e7ee3 from peer 319a0ce5d3df4b83a7c6efed0459c572 at {username='slave'} at 127.18.43.2:37805: session id = 319a0ce5d3df4b83a7c6efed0459c572-db0b5751c95748c49ca3272e013e7ee3
W0710 23:26:30.457412 19795 tablet_copy_service.cc:458] P 9c528fbbfce246539f8bcbc2dbe1a353: Error handling TabletCopyService RPC request from {username='slave'} at 127.18.43.2:37805: Error beginning tablet copy session for tablet db0b5751c95748c49ca3272e013e7ee3: Illegal state: The tablet is not in a running state: BOOTSTRAPPING
I0710 23:26:30.465613 19696 ts_tablet_manager.cc:669] T db0b5751c95748c49ca3272e013e7ee3 P 319a0ce5d3df4b83a7c6efed0459c572: Initiating tablet copy from peer 9c528fbbfce246539f8bcbc2dbe1a353 (127.18.43.1:35889)
I0710 23:26:30.465726 19696 tablet_copy_client.cc:239] T db0b5751c95748c49ca3272e013e7ee3 P 319a0ce5d3df4b83a7c6efed0459c572: tablet copy: Beginning tablet copy session from remote peer at address 127.18.43.1:35889
I0710 23:26:30.466344 19795 tablet_copy_service.cc:135] P 9c528fbbfce246539f8bcbc2dbe1a353: Received BeginTabletCopySession request for tablet db0b5751c95748c49ca3272e013e7ee3 from peer 319a0ce5d3df4b83a7c6efed0459c572 ({username='slave'} at 127.18.43.2:37805)
I0710 23:26:30.466426 19795 tablet_copy_service.cc:156] P 9c528fbbfce246539f8bcbc2dbe1a353: Beginning new tablet copy session on tablet db0b5751c95748c49ca3272e013e7ee3 from peer 319a0ce5d3df4b83a7c6efed0459c572 at {username='slave'} at 127.18.43.2:37805: session id = 319a0ce5d3df4b83a7c6efed0459c572-db0b5751c95748c49ca3272e013e7ee3
W0710 23:26:30.466496 19795 tablet_copy_service.cc:458] P 9c528fbbfce246539f8bcbc2dbe1a353: Error handling TabletCopyService RPC request from {username='slave'} at 127.18.43.2:37805: Error beginning tablet copy session for tablet db0b5751c95748c49ca3272e013e7ee3: Illegal state: The tablet is not in a running state: BOOTSTRAPPING
I0710 23:26:30.480101 19696 ts_tablet_manager.cc:669] T db0b5751c95748c49ca3272e013e7ee3 P 319a0ce5d3df4b83a7c6efed0459c572: Initiating tablet copy from peer 9c528fbbfce246539f8bcbc2dbe1a353 (127.18.43.1:35889)
I0710 23:26:30.480226 19696 tablet_copy_client.cc:239] T db0b5751c95748c49ca3272e013e7ee3 P 319a0ce5d3df4b83a7c6efed0459c572: tablet copy: Beginning tablet copy session from remote peer at address 127.18.43.1:35889
I0710 23:26:30.480865 19795 tablet_copy_service.cc:135] P 9c528fbbfce246539f8bcbc2dbe1a353: Received BeginTabletCopySession request for tablet db0b5751c95748c49ca3272e013e7ee3 from peer 319a0ce5d3df4b83a7c6efed0459c572 ({username='slave'} at 127.18.43.2:37805)
I0710 23:26:30.480926 19795 tablet_copy_service.cc:156] P 9c528fbbfce246539f8bcbc2dbe1a353: Beginning new tablet copy session on tablet db0b5751c95748c49ca3272e013e7ee3 from peer 319a0ce5d3df4b83a7c6efed0459c572 at {username='slave'} at 127.18.43.2:37805: session id = 319a0ce5d3df4b83a7c6efed0459c572-db0b5751c95748c49ca3272e013e7ee3
W0710 23:26:30.480988 19795 tablet_copy_service.cc:458] P 9c528fbbfce246539f8bcbc2dbe1a353: Error handling TabletCopyService RPC request from {username='slave'} at 127.18.43.2:37805: Error beginning tablet copy session for tablet db0b5751c95748c49ca3272e013e7ee3: Illegal state: The tablet is not in a running state: BOOTSTRAPPING
I0710 23:26:30.483285 19696 ts_tablet_manager.cc:669] T db0b5751c95748c49ca3272e013e7ee3 P 319a0ce5d3df4b83a7c6efed0459c572: Initiating tablet copy from peer 9c528fbbfce246539f8bcbc2dbe1a353 (127.18.43.1:35889)
I0710 23:26:30.483415 19696 tablet_copy_client.cc:239] T db0b5751c95748c49ca3272e013e7ee3 P 319a0ce5d3df4b83a7c6efed0459c572: tablet copy: Beginning tablet copy session from remote peer at address 127.18.43.1:35889
I0710 23:26:30.483939 19795 tablet_copy_service.cc:135] P 9c528fbbfce246539f8bcbc2dbe1a353: Received BeginTabletCopySession request for tablet db0b5751c95748c49ca3272e013e7ee3 from peer 319a0ce5d3df4b83a7c6efed0459c572 ({username='slave'} at 127.18.43.2:37805)
I0710 23:26:30.483999 19795 tablet_copy_service.cc:156] P 9c528fbbfce246539f8bcbc2dbe1a353: Beginning new tablet copy session on tablet db0b5751c95748c49ca3272e013e7ee3 from peer 319a0ce5d3df4b83a7c6efed0459c572 at {username='slave'} at 127.18.43.2:37805: session id = 319a0ce5d3df4b83a7c6efed0459c572-db0b5751c95748c49ca3272e013e7ee3
W0710 23:26:30.484084 19795 tablet_copy_service.cc:458] P 9c528fbbfce246539f8bcbc2dbe1a353: Error handling TabletCopyService RPC request from {username='slave'} at 127.18.43.2:37805: Error beginning tablet copy session for tablet db0b5751c95748c49ca3272e013e7ee3: Illegal state: The tablet is not in a running state: BOOTSTRAPPING
I0710 23:26:30.485275 19696 ts_tablet_manager.cc:669] T db0b5751c95748c49ca3272e013e7ee3 P 319a0ce5d3df4b83a7c6efed0459c572: Initiating tablet copy from peer 9c528fbbfce246539f8bcbc2dbe1a353 (127.18.43.1:35889)
I0710 23:26:30.485375 19696 tablet_copy_client.cc:239] T db0b5751c95748c49ca3272e013e7ee3 P 319a0ce5d3df4b83a7c6efed0459c572: tablet copy: Beginning tablet copy session from remote peer at address 127.18.43.1:35889
I0710 23:26:30.485875 19795 tablet_copy_service.cc:135] P 9c528fbbfce246539f8bcbc2dbe1a353: Received BeginTabletCopySession request for tablet db0b5751c95748c49ca3272e013e7ee3 from peer 319a0ce5d3df4b83a7c6efed0459c572 ({username='slave'} at 127.18.43.2:37805)
I0710 23:26:30.485921 19795 tablet_copy_service.cc:156] P 9c528fbbfce246539f8bcbc2dbe1a353: Beginning new tablet copy session on tablet db0b5751c95748c49ca3272e013e7ee3 from peer 319a0ce5d3df4b83a7c6efed0459c572 at {username='slave'} at 127.18.43.2:37805: session id = 319a0ce5d3df4b83a7c6efed0459c572-db0b5751c95748c49ca3272e013e7ee3
W0710 23:26:30.485973 19795 tablet_copy_service.cc:458] P 9c528fbbfce246539f8bcbc2dbe1a353: Error handling TabletCopyService RPC request from {username='slave'} at 127.18.43.2:37805: Error beginning tablet copy session for tablet db0b5751c95748c49ca3272e013e7ee3: Illegal state: The tablet is not in a running state: BOOTSTRAPPING
I0710 23:26:30.492645 19696 ts_tablet_manager.cc:669] T db0b5751c95748c49ca3272e013e7ee3 P 319a0ce5d3df4b83a7c6efed0459c572: Initiating tablet copy from peer 9c528fbbfce246539f8bcbc2dbe1a353 (127.18.43.1:35889)
I0710 23:26:30.492765 19696 tablet_copy_client.cc:239] T db0b5751c95748c49ca3272e013e7ee3 P 319a0ce5d3df4b83a7c6efed0459c572: tablet copy: Beginning tablet copy session from remote peer at address 127.18.43.1:35889
I0710 23:26:30.493322 19795 tablet_copy_service.cc:135] P 9c528fbbfce246539f8bcbc2dbe1a353: Received BeginTabletCopySession request for tablet db0b5751c95748c49ca3272e013e7ee3 from peer 319a0ce5d3df4b83a7c6efed0459c572 ({username='slave'} at 127.18.43.2:37805)
I0710 23:26:30.493381 19795 tablet_copy_service.cc:156] P 9c528fbbfce246539f8bcbc2dbe1a353: Beginning new tablet copy session on tablet db0b5751c95748c49ca3272e013e7ee3 from peer 319a0ce5d3df4b83a7c6efed0459c572 at {username='slave'} at 127.18.43.2:37805: session id = 319a0ce5d3df4b83a7c6efed0459c572-db0b5751c95748c49ca3272e013e7ee3
W0710 23:26:30.493459 19795 tablet_copy_service.cc:458] P 9c528fbbfce246539f8bcbc2dbe1a353: Error handling TabletCopyService RPC request from {username='slave'} at 127.18.43.2:37805: Error beginning tablet copy session for tablet db0b5751c95748c49ca3272e013e7ee3: Illegal state: The tablet is not in a running state: BOOTSTRAPPING
I0710 23:26:30.498230 19696 ts_tablet_manager.cc:669] T db0b5751c95748c49ca3272e013e7ee3 P 319a0ce5d3df4b83a7c6efed0459c572: Initiating tablet copy from peer 9c528fbbfce246539f8bcbc2dbe1a353 (127.18.43.1:35889)
I0710 23:26:30.498355 19696 tablet_copy_client.cc:239] T db0b5751c95748c49ca3272e013e7ee3 P 319a0ce5d3df4b83a7c6efed0459c572: tablet copy: Beginning tablet copy session from remote peer at address 127.18.43.1:35889
I0710 23:26:30.498930 19795 tablet_copy_service.cc:135] P 9c528fbbfce246539f8bcbc2dbe1a353: Received BeginTabletCopySession request for tablet db0b5751c95748c49ca3272e013e7ee3 from peer 319a0ce5d3df4b83a7c6efed0459c572 ({username='slave'} at 127.18.43.2:37805)
I0710 23:26:30.498987 19795 tablet_copy_service.cc:156] P 9c528fbbfce246539f8bcbc2dbe1a353: Beginning new tablet copy session on tablet db0b5751c95748c49ca3272e013e7ee3 from peer 319a0ce5d3df4b83a7c6efed0459c572 at {username='slave'} at 127.18.43.2:37805: session id = 319a0ce5d3df4b83a7c6efed0459c572-db0b5751c95748c49ca3272e013e7ee3
W0710 23:26:30.499053 19795 tablet_copy_service.cc:458] P 9c528fbbfce246539f8bcbc2dbe1a353: Error handling TabletCopyService RPC request from {username='slave'} at 127.18.43.2:37805: Error beginning tablet copy session for tablet db0b5751c95748c49ca3272e013e7ee3: Illegal state: The tablet is not in a running state: BOOTSTRAPPING
I0710 23:26:30.504602 19696 ts_tablet_manager.cc:669] T db0b5751c95748c49ca3272e013e7ee3 P 319a0ce5d3df4b83a7c6efed0459c572: Initiating tablet copy from peer 9c528fbbfce246539f8bcbc2dbe1a353 (127.18.43.1:35889)
I0710 23:26:30.504722 19696 tablet_copy_client.cc:239] T db0b5751c95748c49ca3272e013e7ee3 P 319a0ce5d3df4b83a7c6efed0459c572: tablet copy: Beginning tablet copy session from remote peer at address 127.18.43.1:35889
I0710 23:26:30.505273 19795 tablet_copy_service.cc:135] P 9c528fbbfce246539f8bcbc2dbe1a353: Received BeginTabletCopySession request for tablet db0b5751c95748c49ca3272e013e7ee3 from peer 319a0ce5d3df4b83a7c6efed0459c572 ({username='slave'} at 127.18.43.2:37805)
I0710 23:26:30.505328 19795 tablet_copy_service.cc:156] P 9c528fbbfce246539f8bcbc2dbe1a353: Beginning new tablet copy session on tablet db0b5751c95748c49ca3272e013e7ee3 from peer 319a0ce5d3df4b83a7c6efed0459c572 at {username='slave'} at 127.18.43.2:37805: session id = 319a0ce5d3df4b83a7c6efed0459c572-db0b5751c95748c49ca3272e013e7ee3
W0710 23:26:30.505393 19795 tablet_copy_service.cc:458] P 9c528fbbfce246539f8bcbc2dbe1a353: Error handling TabletCopyService RPC request from {username='slave'} at 127.18.43.2:37805: Error beginning tablet copy session for tablet db0b5751c95748c49ca3272e013e7ee3: Illegal state: The tablet is not in a running state: BOOTSTRAPPING
I0710 23:26:30.508363 19696 ts_tablet_manager.cc:669] T db0b5751c95748c49ca3272e013e7ee3 P 319a0ce5d3df4b83a7c6efed0459c572: Initiating tablet copy from peer 9c528fbbfce246539f8bcbc2dbe1a353 (127.18.43.1:35889)
I0710 23:26:30.508478 19696 tablet_copy_client.cc:239] T db0b5751c95748c49ca3272e013e7ee3 P 319a0ce5d3df4b83a7c6efed0459c572: tablet copy: Beginning tablet copy session from remote peer at address 127.18.43.1:35889
I0710 23:26:30.508981 19795 tablet_copy_service.cc:135] P 9c528fbbfce246539f8bcbc2dbe1a353: Received BeginTabletCopySession request for tablet db0b5751c95748c49ca3272e013e7ee3 from peer 319a0ce5d3df4b83a7c6efed0459c572 ({username='slave'} at 127.18.43.2:37805)
I0710 23:26:30.509034 19795 tablet_copy_service.cc:156] P 9c528fbbfce246539f8bcbc2dbe1a353: Beginning new tablet copy session on tablet db0b5751c95748c49ca3272e013e7ee3 from peer 319a0ce5d3df4b83a7c6efed0459c572 at {username='slave'} at 127.18.43.2:37805: session id = 319a0ce5d3df4b83a7c6efed0459c572-db0b5751c95748c49ca3272e013e7ee3
W0710 23:26:30.509099 19795 tablet_copy_service.cc:458] P 9c528fbbfce246539f8bcbc2dbe1a353: Error handling TabletCopyService RPC request from {username='slave'} at 127.18.43.2:37805: Error beginning tablet copy session for tablet db0b5751c95748c49ca3272e013e7ee3: Illegal state: The tablet is not in a running state: BOOTSTRAPPING
I0710 23:26:30.528661 19696 ts_tablet_manager.cc:669] T db0b5751c95748c49ca3272e013e7ee3 P 319a0ce5d3df4b83a7c6efed0459c572: Initiating tablet copy from peer 9c528fbbfce246539f8bcbc2dbe1a353 (127.18.43.1:35889)
I0710 23:26:30.528784 19696 tablet_copy_client.cc:239] T db0b5751c95748c49ca3272e013e7ee3 P 319a0ce5d3df4b83a7c6efed0459c572: tablet copy: Beginning tablet copy session from remote peer at address 127.18.43.1:35889
I0710 23:26:30.529441 19795 tablet_copy_service.cc:135] P 9c528fbbfce246539f8bcbc2dbe1a353: Received BeginTabletCopySession request for tablet db0b5751c95748c49ca3272e013e7ee3 from peer 319a0ce5d3df4b83a7c6efed0459c572 ({username='slave'} at 127.18.43.2:37805)
I0710 23:26:30.529495 19795 tablet_copy_service.cc:156] P 9c528fbbfce246539f8bcbc2dbe1a353: Beginning new tablet copy session on tablet db0b5751c95748c49ca3272e013e7ee3 from peer 319a0ce5d3df4b83a7c6efed0459c572 at {username='slave'} at 127.18.43.2:37805: session id = 319a0ce5d3df4b83a7c6efed0459c572-db0b5751c95748c49ca3272e013e7ee3
W0710 23:26:30.529566 19795 tablet_copy_service.cc:458] P 9c528fbbfce246539f8bcbc2dbe1a353: Error handling TabletCopyService RPC request from {username='slave'} at 127.18.43.2:37805: Error beginning tablet copy session for tablet db0b5751c95748c49ca3272e013e7ee3: Illegal state: The tablet is not in a running state: BOOTSTRAPPING
I0710 23:26:30.531312 19713 tablet_bootstrap.cc:427] T db0b5751c95748c49ca3272e013e7ee3 P 9c528fbbfce246539f8bcbc2dbe1a353: Bootstrap replayed 1/1 log segments. Stats: ops{read=216 overwritten=0 applied=216 ignored=0} inserts{seen=10650 ignored=0} mutations{seen=0 ignored=0} orphaned_commits=0. Pending: 0 replicates
I0710 23:26:30.531615 19696 ts_tablet_manager.cc:669] T db0b5751c95748c49ca3272e013e7ee3 P 319a0ce5d3df4b83a7c6efed0459c572: Initiating tablet copy from peer 9c528fbbfce246539f8bcbc2dbe1a353 (127.18.43.1:35889)
I0710 23:26:30.531718 19696 tablet_copy_client.cc:239] T db0b5751c95748c49ca3272e013e7ee3 P 319a0ce5d3df4b83a7c6efed0459c572: tablet copy: Beginning tablet copy session from remote peer at address 127.18.43.1:35889
I0710 23:26:30.531836 19713 tablet_bootstrap.cc:427] T db0b5751c95748c49ca3272e013e7ee3 P 9c528fbbfce246539f8bcbc2dbe1a353: Bootstrap complete.
I0710 23:26:30.532243 19795 tablet_copy_service.cc:135] P 9c528fbbfce246539f8bcbc2dbe1a353: Received BeginTabletCopySession request for tablet db0b5751c95748c49ca3272e013e7ee3 from peer 319a0ce5d3df4b83a7c6efed0459c572 ({username='slave'} at 127.18.43.2:37805)
I0710 23:26:30.532299 19795 tablet_copy_service.cc:156] P 9c528fbbfce246539f8bcbc2dbe1a353: Beginning new tablet copy session on tablet db0b5751c95748c49ca3272e013e7ee3 from peer 319a0ce5d3df4b83a7c6efed0459c572 at {username='slave'} at 127.18.43.2:37805: session id = 319a0ce5d3df4b83a7c6efed0459c572-db0b5751c95748c49ca3272e013e7ee3
W0710 23:26:30.532377 19795 tablet_copy_service.cc:458] P 9c528fbbfce246539f8bcbc2dbe1a353: Error handling TabletCopyService RPC request from {username='slave'} at 127.18.43.2:37805: Error beginning tablet copy session for tablet db0b5751c95748c49ca3272e013e7ee3: Illegal state: The tablet is not in a running state: BOOTSTRAPPING
I0710 23:26:30.532877 19713 ts_tablet_manager.cc:1045] T db0b5751c95748c49ca3272e013e7ee3 P 9c528fbbfce246539f8bcbc2dbe1a353: Time spent bootstrapping tablet: real 0.417s user 0.375s sys 0.032s
I0710 23:26:30.535820 19696 ts_tablet_manager.cc:669] T db0b5751c95748c49ca3272e013e7ee3 P 319a0ce5d3df4b83a7c6efed0459c572: Initiating tablet copy from peer 9c528fbbfce246539f8bcbc2dbe1a353 (127.18.43.1:35889)
I0710 23:26:30.535843 19713 raft_consensus.cc:325] T db0b5751c95748c49ca3272e013e7ee3 P 9c528fbbfce246539f8bcbc2dbe1a353 [term 3 FOLLOWER]: Replica starting. Triggering 0 pending transactions. Active config: opid_index: -1 OBSOLETE_local: true peers { permanent_uuid: "9c528fbbfce246539f8bcbc2dbe1a353" member_type: VOTER last_known_addr { host: "127.18.43.1" port: 35889 } }
I0710 23:26:30.535930 19696 tablet_copy_client.cc:239] T db0b5751c95748c49ca3272e013e7ee3 P 319a0ce5d3df4b83a7c6efed0459c572: tablet copy: Beginning tablet copy session from remote peer at address 127.18.43.1:35889
I0710 23:26:30.535964 19713 raft_consensus.cc:630] T db0b5751c95748c49ca3272e013e7ee3 P 9c528fbbfce246539f8bcbc2dbe1a353 [term 3 FOLLOWER]: Becoming Follower/Learner. State: Replica: 9c528fbbfce246539f8bcbc2dbe1a353, State: Initialized, Role: FOLLOWER
I0710 23:26:30.536432 19713 consensus_queue.cc:227] T db0b5751c95748c49ca3272e013e7ee3 P 9c528fbbfce246539f8bcbc2dbe1a353 [NON_LEADER]: Queue going to NON_LEADER mode. State: All replicated index: 0, Majority replicated index: 0, Committed index: 216, Last appended: 3.216, Last appended by leader: 216, Current term: 0, Majority size: -1, State: 0, Mode: NON_LEADER, active raft config: opid_index: -1 OBSOLETE_local: true peers { permanent_uuid: "9c528fbbfce246539f8bcbc2dbe1a353" member_type: VOTER last_known_addr { host: "127.18.43.1" port: 35889 } }
I0710 23:26:30.536447 19795 tablet_copy_service.cc:135] P 9c528fbbfce246539f8bcbc2dbe1a353: Received BeginTabletCopySession request for tablet db0b5751c95748c49ca3272e013e7ee3 from peer 319a0ce5d3df4b83a7c6efed0459c572 ({username='slave'} at 127.18.43.2:37805)
I0710 23:26:30.536499 19713 raft_consensus.cc:365] T db0b5751c95748c49ca3272e013e7ee3 P 9c528fbbfce246539f8bcbc2dbe1a353 [term 3 FOLLOWER]: Only one voter in the Raft config. Triggering election immediately
I0710 23:26:30.536504 19795 tablet_copy_service.cc:156] P 9c528fbbfce246539f8bcbc2dbe1a353: Beginning new tablet copy session on tablet db0b5751c95748c49ca3272e013e7ee3 from peer 319a0ce5d3df4b83a7c6efed0459c572 at {username='slave'} at 127.18.43.2:37805: session id = 319a0ce5d3df4b83a7c6efed0459c572-db0b5751c95748c49ca3272e013e7ee3
I0710 23:26:30.536543 19713 raft_consensus.cc:457] T db0b5751c95748c49ca3272e013e7ee3 P 9c528fbbfce246539f8bcbc2dbe1a353 [term 3 FOLLOWER]: Starting leader election (initial election of a single-replica configuration)
W0710 23:26:30.536586 19795 tablet_copy_service.cc:458] P 9c528fbbfce246539f8bcbc2dbe1a353: Error handling TabletCopyService RPC request from {username='slave'} at 127.18.43.2:37805: Error beginning tablet copy session for tablet db0b5751c95748c49ca3272e013e7ee3: Illegal state: The tablet is not in a running state: BOOTSTRAPPING
I0710 23:26:30.536617 19713 raft_consensus.cc:2732] T db0b5751c95748c49ca3272e013e7ee3 P 9c528fbbfce246539f8bcbc2dbe1a353: Snoozing failure detection for 2.102s (starting election)
I0710 23:26:30.536648 19713 raft_consensus.cc:2784] T db0b5751c95748c49ca3272e013e7ee3 P 9c528fbbfce246539f8bcbc2dbe1a353 [term 3 FOLLOWER]: Advancing to term 4
I0710 23:26:30.538215 19713 raft_consensus.cc:479] T db0b5751c95748c49ca3272e013e7ee3 P 9c528fbbfce246539f8bcbc2dbe1a353 [term 4 FOLLOWER]: Starting leader election with config: opid_index: -1 OBSOLETE_local: true peers { permanent_uuid: "9c528fbbfce246539f8bcbc2dbe1a353" member_type: VOTER last_known_addr { host: "127.18.43.1" port: 35889 } }
I0710 23:26:30.538568 19713 leader_election.cc:278] T db0b5751c95748c49ca3272e013e7ee3 P 9c528fbbfce246539f8bcbc2dbe1a353 [CANDIDATE]: Term 4 election: Election decided. Result: candidate won.
I0710 23:26:30.539036 19823 raft_consensus.cc:2732] T db0b5751c95748c49ca3272e013e7ee3 P 9c528fbbfce246539f8bcbc2dbe1a353: Snoozing failure detection for 2.054s (election complete)
I0710 23:26:30.539079 19823 raft_consensus.cc:2539] T db0b5751c95748c49ca3272e013e7ee3 P 9c528fbbfce246539f8bcbc2dbe1a353 [term 4 FOLLOWER]: Leader election won for term 4
I0710 23:26:30.539217 19823 raft_consensus.cc:595] T db0b5751c95748c49ca3272e013e7ee3 P 9c528fbbfce246539f8bcbc2dbe1a353 [term 4 LEADER]: Becoming Leader. State: Replica: 9c528fbbfce246539f8bcbc2dbe1a353, State: Running, Role: LEADER
I0710 23:26:30.539270 19818 heartbeater.cc:467] Master 127.18.43.62:40099 was elected leader, sending a full tablet report...
I0710 23:26:30.539480 19713 ts_tablet_manager.cc:1073] T db0b5751c95748c49ca3272e013e7ee3 P 9c528fbbfce246539f8bcbc2dbe1a353: Time spent starting tablet: real 0.007s user 0.007s sys 0.000s
I0710 23:26:30.539541 19823 consensus_queue.cc:204] T db0b5751c95748c49ca3272e013e7ee3 P 9c528fbbfce246539f8bcbc2dbe1a353 [LEADER]: Queue going to LEADER mode. State: All replicated index: 0, Majority replicated index: 216, Committed index: 216, Last appended: 3.216, Last appended by leader: 216, Current term: 4, Majority size: 1, State: 0, Mode: LEADER, active raft config: opid_index: -1 OBSOLETE_local: true peers { permanent_uuid: "9c528fbbfce246539f8bcbc2dbe1a353" member_type: VOTER last_known_addr { host: "127.18.43.1" port: 35889 } }
I0710 23:26:30.541986 18957 catalog_manager.cc:3827] T db0b5751c95748c49ca3272e013e7ee3 P 9c528fbbfce246539f8bcbc2dbe1a353 reported cstate change: term changed from 3 to 4. New cstate: current_term: 4 leader_uuid: "9c528fbbfce246539f8bcbc2dbe1a353" committed_config { opid_index: -1 OBSOLETE_local: true peers { permanent_uuid: "9c528fbbfce246539f8bcbc2dbe1a353" member_type: VOTER last_known_addr { host: "127.18.43.1" port: 35889 } health_report { overall_health: HEALTHY } } }
I0710 23:26:30.555258 19696 ts_tablet_manager.cc:669] T db0b5751c95748c49ca3272e013e7ee3 P 319a0ce5d3df4b83a7c6efed0459c572: Initiating tablet copy from peer 9c528fbbfce246539f8bcbc2dbe1a353 (127.18.43.1:35889)
I0710 23:26:30.555382 19696 tablet_copy_client.cc:239] T db0b5751c95748c49ca3272e013e7ee3 P 319a0ce5d3df4b83a7c6efed0459c572: tablet copy: Beginning tablet copy session from remote peer at address 127.18.43.1:35889
I0710 23:26:30.556119 19795 tablet_copy_service.cc:135] P 9c528fbbfce246539f8bcbc2dbe1a353: Received BeginTabletCopySession request for tablet db0b5751c95748c49ca3272e013e7ee3 from peer 319a0ce5d3df4b83a7c6efed0459c572 ({username='slave'} at 127.18.43.2:37805)
I0710 23:26:30.556193 19795 tablet_copy_service.cc:156] P 9c528fbbfce246539f8bcbc2dbe1a353: Beginning new tablet copy session on tablet db0b5751c95748c49ca3272e013e7ee3 from peer 319a0ce5d3df4b83a7c6efed0459c572 at {username='slave'} at 127.18.43.2:37805: session id = 319a0ce5d3df4b83a7c6efed0459c572-db0b5751c95748c49ca3272e013e7ee3
I0710 23:26:30.557286 19795 tablet_copy_source_session.cc:202] T db0b5751c95748c49ca3272e013e7ee3 P 9c528fbbfce246539f8bcbc2dbe1a353: Tablet Copy: opened 0 blocks and 1 log segments
I0710 23:26:30.560367 19696 data_dirs.cc:934] Could only allocate 1 dirs of requested 3 for tablet db0b5751c95748c49ca3272e013e7ee3. 1 dirs total, 0 dirs full, 0 dirs failed
I0710 23:26:30.565876 19696 ts_tablet_manager.cc:1173] T db0b5751c95748c49ca3272e013e7ee3 P 319a0ce5d3df4b83a7c6efed0459c572: Registered tablet (data state: TABLET_DATA_COPYING)
I0710 23:26:30.566015 19696 tablet_copy_client.cc:566] T db0b5751c95748c49ca3272e013e7ee3 P 319a0ce5d3df4b83a7c6efed0459c572: tablet copy: Starting download of 0 data blocks...
I0710 23:26:30.566144 19696 tablet_copy_client.cc:529] T db0b5751c95748c49ca3272e013e7ee3 P 319a0ce5d3df4b83a7c6efed0459c572: tablet copy: Starting download of 1 WAL segments...
I0710 23:26:30.569389 19696 tablet_copy_client.cc:405] T db0b5751c95748c49ca3272e013e7ee3 P 319a0ce5d3df4b83a7c6efed0459c572: tablet copy: Tablet Copy complete. Replacing tablet superblock.
I0710 23:26:30.570950 19696 ts_tablet_manager.cc:1028] T db0b5751c95748c49ca3272e013e7ee3 P 319a0ce5d3df4b83a7c6efed0459c572: Bootstrapping tablet
I0710 23:26:30.571202 19696 tablet_bootstrap.cc:427] T db0b5751c95748c49ca3272e013e7ee3 P 319a0ce5d3df4b83a7c6efed0459c572: Bootstrap starting.
I0710 23:26:30.591279 19696 log.cc:525] T db0b5751c95748c49ca3272e013e7ee3 P 319a0ce5d3df4b83a7c6efed0459c572: Log is configured to *not* fsync() on all Append() calls
I0710 23:26:30.971717 19696 tablet_bootstrap.cc:427] T db0b5751c95748c49ca3272e013e7ee3 P 319a0ce5d3df4b83a7c6efed0459c572: Bootstrap replayed 1/1 log segments. Stats: ops{read=217 overwritten=0 applied=217 ignored=0} inserts{seen=10650 ignored=0} mutations{seen=0 ignored=0} orphaned_commits=0. Pending: 0 replicates
I0710 23:26:30.972033 19696 tablet_bootstrap.cc:427] T db0b5751c95748c49ca3272e013e7ee3 P 319a0ce5d3df4b83a7c6efed0459c572: Bootstrap complete.
I0710 23:26:30.972367 19696 ts_tablet_manager.cc:1045] T db0b5751c95748c49ca3272e013e7ee3 P 319a0ce5d3df4b83a7c6efed0459c572: Time spent bootstrapping tablet: real 0.401s user 0.390s sys 0.012s
I0710 23:26:30.974499 19696 raft_consensus.cc:325] T db0b5751c95748c49ca3272e013e7ee3 P 319a0ce5d3df4b83a7c6efed0459c572 [term 4 NON_PARTICIPANT]: Replica starting. Triggering 0 pending transactions. Active config: opid_index: -1 OBSOLETE_local: true peers { permanent_uuid: "9c528fbbfce246539f8bcbc2dbe1a353" member_type: VOTER last_known_addr { host: "127.18.43.1" port: 35889 } }
I0710 23:26:30.974571 19696 raft_consensus.cc:630] T db0b5751c95748c49ca3272e013e7ee3 P 319a0ce5d3df4b83a7c6efed0459c572 [term 4 NON_PARTICIPANT]: Becoming Follower/Learner. State: Replica: 319a0ce5d3df4b83a7c6efed0459c572, State: Initialized, Role: NON_PARTICIPANT
I0710 23:26:30.974828 19696 consensus_queue.cc:227] T db0b5751c95748c49ca3272e013e7ee3 P 319a0ce5d3df4b83a7c6efed0459c572 [NON_LEADER]: Queue going to NON_LEADER mode. State: All replicated index: 0, Majority replicated index: 0, Committed index: 217, Last appended: 4.217, Last appended by leader: 217, Current term: 0, Majority size: -1, State: 0, Mode: NON_LEADER, active raft config: opid_index: -1 OBSOLETE_local: true peers { permanent_uuid: "9c528fbbfce246539f8bcbc2dbe1a353" member_type: VOTER last_known_addr { host: "127.18.43.1" port: 35889 } }
I0710 23:26:30.975250 19684 heartbeater.cc:467] Master 127.18.43.62:40099 was elected leader, sending a full tablet report...
I0710 23:26:30.975405 19696 ts_tablet_manager.cc:1073] T db0b5751c95748c49ca3272e013e7ee3 P 319a0ce5d3df4b83a7c6efed0459c572: Time spent starting tablet: real 0.003s user 0.003s sys 0.000s
I0710 23:26:30.976858 19795 tablet_copy_service.cc:325] P 9c528fbbfce246539f8bcbc2dbe1a353: Request end of tablet copy session 319a0ce5d3df4b83a7c6efed0459c572-db0b5751c95748c49ca3272e013e7ee3 received from {username='slave'} at 127.18.43.2:37805
I0710 23:26:30.976902 19795 tablet_copy_service.cc:413] P 9c528fbbfce246539f8bcbc2dbe1a353: ending tablet copy session 319a0ce5d3df4b83a7c6efed0459c572-db0b5751c95748c49ca3272e013e7ee3 on tablet db0b5751c95748c49ca3272e013e7ee3 with peer 319a0ce5d3df4b83a7c6efed0459c572
W0710 23:26:30.984235 19696 ts_tablet_manager.cc:468] T db0b5751c95748c49ca3272e013e7ee3 P 319a0ce5d3df4b83a7c6efed0459c572: Tablet Copy: Invalid argument: Leader has replica of tablet db0b5751c95748c49ca3272e013e7ee3 with term 0, which is lower than last-logged term 4 on local replica. Rejecting tablet copy request
W0710 23:26:30.997529 19696 ts_tablet_manager.cc:468] T db0b5751c95748c49ca3272e013e7ee3 P 319a0ce5d3df4b83a7c6efed0459c572: Tablet Copy: Invalid argument: Leader has replica of tablet db0b5751c95748c49ca3272e013e7ee3 with term 0, which is lower than last-logged term 4 on local replica. Rejecting tablet copy request
W0710 23:26:31.018543 19696 ts_tablet_manager.cc:468] T db0b5751c95748c49ca3272e013e7ee3 P 319a0ce5d3df4b83a7c6efed0459c572: Tablet Copy: Invalid argument: Leader has replica of tablet db0b5751c95748c49ca3272e013e7ee3 with term 0, which is lower than last-logged term 4 on local replica. Rejecting tablet copy request
I0710 23:26:31.020838 19621 tablet_service.cc:800] Processing DeleteTablet for tablet db0b5751c95748c49ca3272e013e7ee3 with delete_type TABLET_DATA_DELETED from {username='slave'} at 127.0.0.1:35340
I0710 23:26:31.021153 19834 tablet_replica.cc:261] T db0b5751c95748c49ca3272e013e7ee3 P 319a0ce5d3df4b83a7c6efed0459c572: stopping tablet replica
I0710 23:26:31.021241 19834 maintenance_manager.cc:237] P 319a0ce5d3df4b83a7c6efed0459c572: Unregistered op CompactRowSetsOp(db0b5751c95748c49ca3272e013e7ee3)
I0710 23:26:31.021263 19834 maintenance_manager.cc:237] P 319a0ce5d3df4b83a7c6efed0459c572: Unregistered op MinorDeltaCompactionOp(db0b5751c95748c49ca3272e013e7ee3)
I0710 23:26:31.021276 19834 maintenance_manager.cc:237] P 319a0ce5d3df4b83a7c6efed0459c572: Unregistered op MajorDeltaCompactionOp(db0b5751c95748c49ca3272e013e7ee3)
I0710 23:26:31.021288 19834 maintenance_manager.cc:237] P 319a0ce5d3df4b83a7c6efed0459c572: Unregistered op UndoDeltaBlockGCOp(db0b5751c95748c49ca3272e013e7ee3)
I0710 23:26:31.021337 19834 maintenance_manager.cc:237] P 319a0ce5d3df4b83a7c6efed0459c572: Unregistered op FlushMRSOp(db0b5751c95748c49ca3272e013e7ee3)
I0710 23:26:31.021348 19834 maintenance_manager.cc:237] P 319a0ce5d3df4b83a7c6efed0459c572: Unregistered op FlushDeltaMemStoresOp(db0b5751c95748c49ca3272e013e7ee3)
I0710 23:26:31.021355 19834 maintenance_manager.cc:237] P 319a0ce5d3df4b83a7c6efed0459c572: Unregistered op LogGCOp(db0b5751c95748c49ca3272e013e7ee3)
I0710 23:26:31.021416 19834 raft_consensus.cc:2042] T db0b5751c95748c49ca3272e013e7ee3 P 319a0ce5d3df4b83a7c6efed0459c572 [term 4 NON_PARTICIPANT]: Raft consensus shutting down.
I0710 23:26:31.021577 19834 raft_consensus.cc:2069] T db0b5751c95748c49ca3272e013e7ee3 P 319a0ce5d3df4b83a7c6efed0459c572 [term 4 NON_PARTICIPANT]: Raft consensus is shut down!
