I0710 23:26:37.933135 21538 catalog_manager.cc:3827] T f49626b5d56d4f828e36578b5101e8e0 P 3eefa81a1d344cca94cb71d8fc3a7c08 reported cstate change: term changed from 0 to 1, leader changed from to 3eefa81a1d344cca94cb71d8fc3a7c08 (127.18.43.1). New cstate: current_term: 1 leader_uuid: "3eefa81a1d344cca94cb71d8fc3a7c08" committed_config { opid_index: -1 OBSOLETE_local: true peers { permanent_uuid: "3eefa81a1d344cca94cb71d8fc3a7c08" member_type: VOTER last_known_addr { host: "127.18.43.1" port: 46659 } health_report { overall_health: HEALTHY } } }
W0710 23:26:37.999939 21385 tablet.cc:1678] T ec16d86dcdb34a5b9f6dc60e9a5d3866 P 3eefa81a1d344cca94cb71d8fc3a7c08: Can't schedule compaction. Clean time has not been advanced past its initial value.
I0710 23:26:40.079146 18604 external_mini_cluster.cc:809] Running /tmp/dist-test-taskXw_ur6/build/debug/bin/kudu-tserver /tmp/dist-test-taskXw_ur6/build/debug/bin/kudu-tserver --fs_wal_dir=/tmp/dist-test-taskXw_ur6/test-tmp/tablet_copy_client_session-itest.0.TabletCopyClientSessionITest.TestTabletCopyWithBusySource.1531265186290008-18604/minicluster-data/ts-1/wal --fs_data_dirs=/tmp/dist-test-taskXw_ur6/test-tmp/tablet_copy_client_session-itest.0.TabletCopyClientSessionITest.TestTabletCopyWithBusySource.1531265186290008-18604/minicluster-data/ts-1/data --block_manager=log --rpc_bind_addresses=127.18.43.2:38483 --local_ip_for_outbound_sockets=127.18.43.2 --webserver_port=44369 --webserver_interface=127.18.43.2 --tserver_master_addrs=127.18.43.62:33645 --never_fsync --ipki_server_key_size=1024 --enable_minidumps=false --redact=none --metrics_log_interval_ms=1000 --logtostderr --logbuflevel=-1 --log_dir=/tmp/dist-test-taskXw_ur6/test-tmp/tablet_copy_client_session-itest.0.TabletCopyClientSessionITest.TestTabletCopyWithBusySource.1531265186290008-18604/minicluster-data/ts-1/logs --server_dump_info_path=/tmp/dist-test-taskXw_ur6/test-tmp/tablet_copy_client_session-itest.0.TabletCopyClientSessionITest.TestTabletCopyWithBusySource.1531265186290008-18604/minicluster-data/ts-1/data/info.pb --server_dump_info_format=pb --rpc_server_allow_ephemeral_ports --unlock_experimental_flags --unlock_unsafe_flags --num_tablets_to_copy_simultaneously=20 with env {} WARNING: Logging before InitGoogleLogging() is written to STDERR
W0710 23:26:40.118430 21685 flags.cc:406] Enabled unsafe flag: --rpc_server_allow_ephemeral_ports=true
W0710 23:26:40.118605 21685 flags.cc:406] Enabled unsafe flag: --never_fsync=true
W0710 23:26:40.119390 21685 flags.cc:406] Enabled experimental flag: --ipki_server_key_size=1024
W0710 23:26:40.119436 21685 flags.cc:406] Enabled experimental flag: --local_ip_for_outbound_sockets=127.18.43.2
I0710 23:26:40.120872 21685 tablet_server_main.cc:78] Tablet server non-default flags: --fs_data_dirs=/tmp/dist-test-taskXw_ur6/test-tmp/tablet_copy_client_session-itest.0.TabletCopyClientSessionITest.TestTabletCopyWithBusySource.1531265186290008-18604/minicluster-data/ts-1/data --fs_wal_dir=/tmp/dist-test-taskXw_ur6/test-tmp/tablet_copy_client_session-itest.0.TabletCopyClientSessionITest.TestTabletCopyWithBusySource.1531265186290008-18604/minicluster-data/ts-1/wal --ipki_server_key_size=1024 --rpc_bind_addresses=127.18.43.2:38483 --rpc_server_allow_ephemeral_ports=true --metrics_log_interval_ms=1000 --server_dump_info_format=pb --server_dump_info_path=/tmp/dist-test-taskXw_ur6/test-tmp/tablet_copy_client_session-itest.0.TabletCopyClientSessionITest.TestTabletCopyWithBusySource.1531265186290008-18604/minicluster-data/ts-1/data/info.pb --webserver_interface=127.18.43.2 --webserver_port=44369 --tserver_master_addrs=127.18.43.62:33645 --num_tablets_to_copy_simultaneously=20 --never_fsync=true --redact=none --unlock_experimental_flags=true --unlock_unsafe_flags=true --enable_minidumps=false --local_ip_for_outbound_sockets=127.18.43.2 --log_dir=/tmp/dist-test-taskXw_ur6/test-tmp/tablet_copy_client_session-itest.0.TabletCopyClientSessionITest.TestTabletCopyWithBusySource.1531265186290008-18604/minicluster-data/ts-1/logs --logbuflevel=-1 --logtostderr=true Tablet server version: kudu 1.8.0-SNAPSHOT revision 025067de3b780c42022b7a08ed16eb82cdb574dc build type DEBUG built by None at 10 Jul 2018 23:14:03 UTC on jenkins-slave-8qw8 build id 14092
I0710 23:26:40.124382 21685 tablet_server_main.cc:85] Initializing tablet server...
I0710 23:26:40.125174 21685 system_ntp.cc:199] NTP initialized. Skew: 500ppm Current error: 194516us
I0710 23:26:40.125701 21685 fs_manager.cc:261] Metadata directory not provided
I0710 23:26:40.125753 21685 fs_manager.cc:267] Using write-ahead log directory (fs_wal_dir) as metadata directory
I0710 23:26:40.129715 21685 fs_manager.cc:397] Time spent opening directory manager: real 0.003s user 0.004s sys 0.000s
I0710 23:26:40.130108 21685 env_posix.cc:1674] Not raising this process' open files per process limit of 1048576; it is already as high as it can go
I0710 23:26:40.130386 21685 file_cache.cc:470] Constructed file cache lbm with capacity 419430
I0710 23:26:40.133538 21685 fs_manager.cc:417] Time spent opening block manager: real 0.002s user 0.001s sys 0.000s
I0710 23:26:40.134160 21685 fs_manager.cc:434] Opened local filesystem: /tmp/dist-test-taskXw_ur6/test-tmp/tablet_copy_client_session-itest.0.TabletCopyClientSessionITest.TestTabletCopyWithBusySource.1531265186290008-18604/minicluster-data/ts-1/data,/tmp/dist-test-taskXw_ur6/test-tmp/tablet_copy_client_session-itest.0.TabletCopyClientSessionITest.TestTabletCopyWithBusySource.1531265186290008-18604/minicluster-data/ts-1/wal uuid: "5cb08d1962334a93b8e230c76a0b6099" format_stamp: "Formatted at 2018-07-10 23:26:36 on dist-test-slave-dist-test-slave-4h7p"
I0710 23:26:40.134294 21685 fs_report.cc:352] FS layout report -------------------- wal directory: /tmp/dist-test-taskXw_ur6/test-tmp/tablet_copy_client_session-itest.0.TabletCopyClientSessionITest.TestTabletCopyWithBusySource.1531265186290008-18604/minicluster-data/ts-1/wal metadata directory: /tmp/dist-test-taskXw_ur6/test-tmp/tablet_copy_client_session-itest.0.TabletCopyClientSessionITest.TestTabletCopyWithBusySource.1531265186290008-18604/minicluster-data/ts-1/wal 1 data directories: /tmp/dist-test-taskXw_ur6/test-tmp/tablet_copy_client_session-itest.0.TabletCopyClientSessionITest.TestTabletCopyWithBusySource.1531265186290008-18604/minicluster-data/ts-1/data/data Total live blocks: 0 Total live bytes: 0 Total live bytes (after alignment): 0 Total number of LBM containers: 0 (0 full) Did not check for missing blocks Did not check for orphaned blocks Total full LBM containers with extra space: 0 (0 repaired) Total full LBM container extra space in bytes: 0 (0 repaired) Total incomplete LBM containers: 0 (0 repaired) Total LBM partial records: 0 (0 repaired)
I0710 23:26:40.164438 21685 env_posix.cc:1674] Not raising this process' running threads per effective uid limit of 18446744073709551615; it is already as high as it can go
I0710 23:26:40.165304 21685 ts_tablet_manager.cc:356] Loaded tablet metadata (0 live tablets)
I0710 23:26:40.165431 21685 tablet_server_main.cc:90] Starting tablet server...
I0710 23:26:40.171386 21685 rpc_server.cc:205] RPC server started. Bound to: 127.18.43.2:38483
I0710 23:26:40.171747 21685 webserver.cc:175] Starting webserver on 127.18.43.2:44369
I0710 23:26:40.171766 21685 webserver.cc:186] Document root disabled
I0710 23:26:40.172175 21685 webserver.cc:313] Webserver started. Bound to: http://127.18.43.2:44369/
I0710 23:26:40.172749 21685 server_base.cc:607] Dumped server information to /tmp/dist-test-taskXw_ur6/test-tmp/tablet_copy_client_session-itest.0.TabletCopyClientSessionITest.TestTabletCopyWithBusySource.1531265186290008-18604/minicluster-data/ts-1/data/info.pb
I0710 23:26:40.173221 18604 external_mini_cluster.cc:871] Started /tmp/dist-test-taskXw_ur6/build/debug/bin/kudu-tserver as pid 21685
I0710 23:26:40.173780 18604 external_mini_cluster.cc:1008] Killing /tmp/dist-test-taskXw_ur6/build/debug/bin/kudu-tserver with pid 21255
I0710 23:26:40.175628 21685 tablet_server_main.cc:93] Tablet server successfully started.
W0710 23:26:40.180829 21194 connection.cc:512] client connection to 127.18.43.1:46659 recv error: Network error: failed to read from TLS socket (remote: 127.18.43.1:46659): Connection reset by peer (error 104)
W0710 23:26:40.180847 21524 connection.cc:512] client connection to 127.18.43.1:46659 recv error: Network error: failed to read from TLS socket (remote: 127.18.43.1:46659): Connection reset by peer (error 104)
W0710 23:26:40.181187 21524 connection.cc:512] server connection from 127.18.43.1:38549 recv error: Network error: failed to read from TLS socket (remote: 127.18.43.1:38549): Connection reset by peer (error 104)
I0710 23:26:40.181381 18604 external_mini_cluster.cc:809] Running /tmp/dist-test-taskXw_ur6/build/debug/bin/kudu-tserver /tmp/dist-test-taskXw_ur6/build/debug/bin/kudu-tserver --fs_wal_dir=/tmp/dist-test-taskXw_ur6/test-tmp/tablet_copy_client_session-itest.0.TabletCopyClientSessionITest.TestTabletCopyWithBusySource.1531265186290008-18604/minicluster-data/ts-0/wal --fs_data_dirs=/tmp/dist-test-taskXw_ur6/test-tmp/tablet_copy_client_session-itest.0.TabletCopyClientSessionITest.TestTabletCopyWithBusySource.1531265186290008-18604/minicluster-data/ts-0/data --block_manager=log --rpc_bind_addresses=127.18.43.1:46659 --local_ip_for_outbound_sockets=127.18.43.1 --webserver_port=45475 --webserver_interface=127.18.43.1 --tserver_master_addrs=127.18.43.62:33645 --never_fsync --ipki_server_key_size=1024 --enable_minidumps=false --redact=none --metrics_log_interval_ms=1000 --logtostderr --logbuflevel=-1 --log_dir=/tmp/dist-test-taskXw_ur6/test-tmp/tablet_copy_client_session-itest.0.TabletCopyClientSessionITest.TestTabletCopyWithBusySource.1531265186290008-18604/minicluster-data/ts-0/logs --server_dump_info_path=/tmp/dist-test-taskXw_ur6/test-tmp/tablet_copy_client_session-itest.0.TabletCopyClientSessionITest.TestTabletCopyWithBusySource.1531265186290008-18604/minicluster-data/ts-0/data/info.pb --server_dump_info_format=pb --rpc_server_allow_ephemeral_ports --unlock_experimental_flags --unlock_unsafe_flags --num_tablets_to_copy_simultaneously=20 --rpc_service_queue_length=1 --rpc_num_service_threads=1 with env {}
I0710 23:26:40.182765 21804 heartbeater.cc:346] Connected to a master server at 127.18.43.62:33645
I0710 23:26:40.182930 21804 heartbeater.cc:426] Registering TS with master...
I0710 23:26:40.183540 21804 heartbeater.cc:475] Master 127.18.43.62:33645 requested a full tablet report, sending...
I0710 23:26:40.184597 21538 ts_manager.cc:98] Registered new tserver with Master: 5cb08d1962334a93b8e230c76a0b6099 (127.18.43.2:38483)
I0710 23:26:40.185597 21538 master_service.cc:249] Signed X509 certificate for tserver {username='slave'} at 127.18.43.2:40405 WARNING: Logging before InitGoogleLogging() is written to STDERR
W0710 23:26:40.223983 21808 flags.cc:406] Enabled unsafe flag: --rpc_server_allow_ephemeral_ports=true
W0710 23:26:40.224174 21808 flags.cc:406] Enabled unsafe flag: --never_fsync=true
W0710 23:26:40.224954 21808 flags.cc:406] Enabled experimental flag: --ipki_server_key_size=1024
W0710 23:26:40.225004 21808 flags.cc:406] Enabled experimental flag: --local_ip_for_outbound_sockets=127.18.43.1
I0710 23:26:40.226435 21808 tablet_server_main.cc:78] Tablet server non-default flags: --fs_data_dirs=/tmp/dist-test-taskXw_ur6/test-tmp/tablet_copy_client_session-itest.0.TabletCopyClientSessionITest.TestTabletCopyWithBusySource.1531265186290008-18604/minicluster-data/ts-0/data --fs_wal_dir=/tmp/dist-test-taskXw_ur6/test-tmp/tablet_copy_client_session-itest.0.TabletCopyClientSessionITest.TestTabletCopyWithBusySource.1531265186290008-18604/minicluster-data/ts-0/wal --ipki_server_key_size=1024 --rpc_bind_addresses=127.18.43.1:46659 --rpc_num_service_threads=1 --rpc_server_allow_ephemeral_ports=true --rpc_service_queue_length=1 --metrics_log_interval_ms=1000 --server_dump_info_format=pb --server_dump_info_path=/tmp/dist-test-taskXw_ur6/test-tmp/tablet_copy_client_session-itest.0.TabletCopyClientSessionITest.TestTabletCopyWithBusySource.1531265186290008-18604/minicluster-data/ts-0/data/info.pb --webserver_interface=127.18.43.1 --webserver_port=45475 --tserver_master_addrs=127.18.43.62:33645 --num_tablets_to_copy_simultaneously=20 --never_fsync=true --redact=none --unlock_experimental_flags=true --unlock_unsafe_flags=true --enable_minidumps=false --local_ip_for_outbound_sockets=127.18.43.1 --log_dir=/tmp/dist-test-taskXw_ur6/test-tmp/tablet_copy_client_session-itest.0.TabletCopyClientSessionITest.TestTabletCopyWithBusySource.1531265186290008-18604/minicluster-data/ts-0/logs --logbuflevel=-1 --logtostderr=true Tablet server version: kudu 1.8.0-SNAPSHOT revision 025067de3b780c42022b7a08ed16eb82cdb574dc build type DEBUG built by None at 10 Jul 2018 23:14:03 UTC on jenkins-slave-8qw8 build id 14092
I0710 23:26:40.230012 21808 tablet_server_main.cc:85] Initializing tablet server...
I0710 23:26:40.230823 21808 system_ntp.cc:199] NTP initialized. Skew: 500ppm Current error: 194516us
I0710 23:26:40.231465 21808 fs_manager.cc:261] Metadata directory not provided
I0710 23:26:40.231519 21808 fs_manager.cc:267] Using write-ahead log directory (fs_wal_dir) as metadata directory
I0710 23:26:40.235337 21808 fs_manager.cc:397] Time spent opening directory manager: real 0.003s user 0.002s sys 0.000s
I0710 23:26:40.237643 21808 env_posix.cc:1674] Not raising this process' open files per process limit of 1048576; it is already as high as it can go
I0710 23:26:40.237962 21808 file_cache.cc:470] Constructed file cache lbm with capacity 419430
I0710 23:26:40.241094 21808 fs_manager.cc:417] Time spent opening block manager: real 0.002s user 0.000s sys 0.001s
I0710 23:26:40.241647 21808 fs_manager.cc:434] Opened local filesystem: /tmp/dist-test-taskXw_ur6/test-tmp/tablet_copy_client_session-itest.0.TabletCopyClientSessionITest.TestTabletCopyWithBusySource.1531265186290008-18604/minicluster-data/ts-0/data,/tmp/dist-test-taskXw_ur6/test-tmp/tablet_copy_client_session-itest.0.TabletCopyClientSessionITest.TestTabletCopyWithBusySource.1531265186290008-18604/minicluster-data/ts-0/wal uuid: "3eefa81a1d344cca94cb71d8fc3a7c08" format_stamp: "Formatted at 2018-07-10 23:26:36 on dist-test-slave-dist-test-slave-4h7p"
I0710 23:26:40.241760 21808 fs_report.cc:352] FS layout report -------------------- wal directory: /tmp/dist-test-taskXw_ur6/test-tmp/tablet_copy_client_session-itest.0.TabletCopyClientSessionITest.TestTabletCopyWithBusySource.1531265186290008-18604/minicluster-data/ts-0/wal metadata directory: /tmp/dist-test-taskXw_ur6/test-tmp/tablet_copy_client_session-itest.0.TabletCopyClientSessionITest.TestTabletCopyWithBusySource.1531265186290008-18604/minicluster-data/ts-0/wal 1 data directories: /tmp/dist-test-taskXw_ur6/test-tmp/tablet_copy_client_session-itest.0.TabletCopyClientSessionITest.TestTabletCopyWithBusySource.1531265186290008-18604/minicluster-data/ts-0/data/data Total live blocks: 0 Total live bytes: 0 Total live bytes (after alignment): 0 Total number of LBM containers: 0 (0 full) Did not check for missing blocks Did not check for orphaned blocks Total full LBM containers with extra space: 0 (0 repaired) Total full LBM container extra space in bytes: 0 (0 repaired) Total incomplete LBM containers: 0 (0 repaired) Total LBM partial records: 0 (0 repaired)
I0710 23:26:40.290380 21808 env_posix.cc:1674] Not raising this process' running threads per effective uid limit of 18446744073709551615; it is already as high as it can go
I0710 23:26:40.291270 21808 ts_tablet_manager.cc:344] Loading tablet metadata (0/20 complete)
I0710 23:26:40.291301 21808 ts_tablet_manager.cc:1005] T ec16d86dcdb34a5b9f6dc60e9a5d3866 P 3eefa81a1d344cca94cb71d8fc3a7c08: Loading tablet metadata
I0710 23:26:40.294133 21808 ts_tablet_manager.cc:1005] T 16e52b82ff124e2093345d5204b7d086 P 3eefa81a1d344cca94cb71d8fc3a7c08: Loading tablet metadata
I0710 23:26:40.294937 21808 ts_tablet_manager.cc:1005] T 224d94b52b9e4f859d90edb71b9dc822 P 3eefa81a1d344cca94cb71d8fc3a7c08: Loading tablet metadata
I0710 23:26:40.295554 21808 ts_tablet_manager.cc:1005] T 8a5f88d22d2b482d9691c52031cafd6e P 3eefa81a1d344cca94cb71d8fc3a7c08: Loading tablet metadata
I0710 23:26:40.296283 21808 ts_tablet_manager.cc:1005] T 05ab889d520c4b5db0cab1b6d7e8ae86 P 3eefa81a1d344cca94cb71d8fc3a7c08: Loading tablet metadata
I0710 23:26:40.296808 21808 ts_tablet_manager.cc:1005] T fbe2894430174092986bffc0d8021206 P 3eefa81a1d344cca94cb71d8fc3a7c08: Loading tablet metadata
I0710 23:26:40.297425 21808 ts_tablet_manager.cc:1005] T 39212fb42d874c3cad5a34357eae1a51 P 3eefa81a1d344cca94cb71d8fc3a7c08: Loading tablet metadata
I0710 23:26:40.297960 21808 ts_tablet_manager.cc:1005] T f49626b5d56d4f828e36578b5101e8e0 P 3eefa81a1d344cca94cb71d8fc3a7c08: Loading tablet metadata
I0710 23:26:40.298491 21808 ts_tablet_manager.cc:1005] T e425aeacae634ba695a97557c5ebb75a P 3eefa81a1d344cca94cb71d8fc3a7c08: Loading tablet metadata
I0710 23:26:40.298995 21808 ts_tablet_manager.cc:1005] T 420e91af2ba54520ac1b422b22a543eb P 3eefa81a1d344cca94cb71d8fc3a7c08: Loading tablet metadata
I0710 23:26:40.299512 21808 ts_tablet_manager.cc:1005] T 6be9b59101ec4ae6bec4f3111efb82b3 P 3eefa81a1d344cca94cb71d8fc3a7c08: Loading tablet metadata
I0710 23:26:40.300096 21808 ts_tablet_manager.cc:1005] T e55b3ed036a24cb1ac30f337d5386072 P 3eefa81a1d344cca94cb71d8fc3a7c08: Loading tablet metadata
I0710 23:26:40.300618 21808 ts_tablet_manager.cc:1005] T 58a8d45cf5284f579b89c73d87015736 P 3eefa81a1d344cca94cb71d8fc3a7c08: Loading tablet metadata
I0710 23:26:40.301131 21808 ts_tablet_manager.cc:1005] T d9d53b3911f045fda410a0ae098496f4 P 3eefa81a1d344cca94cb71d8fc3a7c08: Loading tablet metadata
I0710 23:26:40.301615 21808 ts_tablet_manager.cc:1005] T 188113a621d14966945feb51e41ea4a5 P 3eefa81a1d344cca94cb71d8fc3a7c08: Loading tablet metadata
I0710 23:26:40.302248 21808 ts_tablet_manager.cc:1005] T 9dded2401cb943f0a2bea0337291992a P 3eefa81a1d344cca94cb71d8fc3a7c08: Loading tablet metadata
I0710 23:26:40.302754 21808 ts_tablet_manager.cc:1005] T 0617cd1d64ed4dfab4679b69255e839e P 3eefa81a1d344cca94cb71d8fc3a7c08: Loading tablet metadata
I0710 23:26:40.303273 21808 ts_tablet_manager.cc:1005] T bfe7d79a3ac644dc8598fc864fbe659e P 3eefa81a1d344cca94cb71d8fc3a7c08: Loading tablet metadata
I0710 23:26:40.303804 21808 ts_tablet_manager.cc:1005] T 5a0de49957f84b51b2c03d3e432ee897 P 3eefa81a1d344cca94cb71d8fc3a7c08: Loading tablet metadata
I0710 23:26:40.304371 21808 ts_tablet_manager.cc:1005] T 3382fcc7728248248fce1bb6b6e10422 P 3eefa81a1d344cca94cb71d8fc3a7c08: Loading tablet metadata
I0710 23:26:40.304877 21808 ts_tablet_manager.cc:356] Loaded tablet metadata (20 live tablets)
I0710 23:26:40.306282 21808 ts_tablet_manager.cc:1173] T ec16d86dcdb34a5b9f6dc60e9a5d3866 P 3eefa81a1d344cca94cb71d8fc3a7c08: Registered tablet (data state: TABLET_DATA_READY)
I0710 23:26:40.306684 21823 ts_tablet_manager.cc:1028] T ec16d86dcdb34a5b9f6dc60e9a5d3866 P 3eefa81a1d344cca94cb71d8fc3a7c08: Bootstrapping tablet
I0710 23:26:40.306962 21823 tablet_bootstrap.cc:427] T ec16d86dcdb34a5b9f6dc60e9a5d3866 P 3eefa81a1d344cca94cb71d8fc3a7c08: Bootstrap starting.
I0710 23:26:40.307041 21808 ts_tablet_manager.cc:1173] T 16e52b82ff124e2093345d5204b7d086 P 3eefa81a1d344cca94cb71d8fc3a7c08: Registered tablet (data state: TABLET_DATA_READY)
I0710 23:26:40.307523 21808 ts_tablet_manager.cc:1173] T 224d94b52b9e4f859d90edb71b9dc822 P 3eefa81a1d344cca94cb71d8fc3a7c08: Registered tablet (data state: TABLET_DATA_READY)
I0710 23:26:40.307998 21808 ts_tablet_manager.cc:1173] T 8a5f88d22d2b482d9691c52031cafd6e P 3eefa81a1d344cca94cb71d8fc3a7c08: Registered tablet (data state: TABLET_DATA_READY)
I0710 23:26:40.308619 21808 ts_tablet_manager.cc:1173] T 05ab889d520c4b5db0cab1b6d7e8ae86 P 3eefa81a1d344cca94cb71d8fc3a7c08: Registered tablet (data state: TABLET_DATA_READY)
I0710 23:26:40.309156 21808 ts_tablet_manager.cc:1173] T fbe2894430174092986bffc0d8021206 P 3eefa81a1d344cca94cb71d8fc3a7c08: Registered tablet (data state: TABLET_DATA_READY)
I0710 23:26:40.309603 21808 ts_tablet_manager.cc:1173] T 39212fb42d874c3cad5a34357eae1a51 P 3eefa81a1d344cca94cb71d8fc3a7c08: Registered tablet (data state: TABLET_DATA_READY)
I0710 23:26:40.310027 21808 ts_tablet_manager.cc:1173] T f49626b5d56d4f828e36578b5101e8e0 P 3eefa81a1d344cca94cb71d8fc3a7c08: Registered tablet (data state: TABLET_DATA_READY)
I0710 23:26:40.310601 21808 ts_tablet_manager.cc:1173] T e425aeacae634ba695a97557c5ebb75a P 3eefa81a1d344cca94cb71d8fc3a7c08: Registered tablet (data state: TABLET_DATA_READY)
I0710 23:26:40.311055 21808 ts_tablet_manager.cc:1173] T 420e91af2ba54520ac1b422b22a543eb P 3eefa81a1d344cca94cb71d8fc3a7c08: Registered tablet (data state: TABLET_DATA_READY)
I0710 23:26:40.311568 21808 ts_tablet_manager.cc:1173] T 6be9b59101ec4ae6bec4f3111efb82b3 P 3eefa81a1d344cca94cb71d8fc3a7c08: Registered tablet (data state: TABLET_DATA_READY)
I0710 23:26:40.312037 21808 ts_tablet_manager.cc:1173] T e55b3ed036a24cb1ac30f337d5386072 P 3eefa81a1d344cca94cb71d8fc3a7c08: Registered tablet (data state: TABLET_DATA_READY)
I0710 23:26:40.312512 21808 ts_tablet_manager.cc:1173] T 58a8d45cf5284f579b89c73d87015736 P 3eefa81a1d344cca94cb71d8fc3a7c08: Registered tablet (data state: TABLET_DATA_READY)
I0710 23:26:40.312952 21808 ts_tablet_manager.cc:1173] T d9d53b3911f045fda410a0ae098496f4 P 3eefa81a1d344cca94cb71d8fc3a7c08: Registered tablet (data state: TABLET_DATA_READY)
I0710 23:26:40.313395 21808 ts_tablet_manager.cc:1173] T 188113a621d14966945feb51e41ea4a5 P 3eefa81a1d344cca94cb71d8fc3a7c08: Registered tablet (data state: TABLET_DATA_READY)
I0710 23:26:40.313822 21808 ts_tablet_manager.cc:1173] T 9dded2401cb943f0a2bea0337291992a P 3eefa81a1d344cca94cb71d8fc3a7c08: Registered tablet (data state: TABLET_DATA_READY)
I0710 23:26:40.314266 21808 ts_tablet_manager.cc:1173] T 0617cd1d64ed4dfab4679b69255e839e P 3eefa81a1d344cca94cb71d8fc3a7c08: Registered tablet (data state: TABLET_DATA_READY)
I0710 23:26:40.314800 21808 ts_tablet_manager.cc:1173] T bfe7d79a3ac644dc8598fc864fbe659e P 3eefa81a1d344cca94cb71d8fc3a7c08: Registered tablet (data state: TABLET_DATA_READY)
I0710 23:26:40.315243 21808 ts_tablet_manager.cc:1173] T 5a0de49957f84b51b2c03d3e432ee897 P 3eefa81a1d344cca94cb71d8fc3a7c08: Registered tablet (data state: TABLET_DATA_READY)
I0710 23:26:40.315732 21808 ts_tablet_manager.cc:1173] T 3382fcc7728248248fce1bb6b6e10422 P 3eefa81a1d344cca94cb71d8fc3a7c08: Registered tablet (data state: TABLET_DATA_READY)
I0710 23:26:40.315899 21808 tablet_server_main.cc:90] Starting tablet server...
I0710 23:26:40.319007 21808 rpc_server.cc:205] RPC server started. Bound to: 127.18.43.1:46659
I0710 23:26:40.319432 21808 webserver.cc:175] Starting webserver on 127.18.43.1:45475
I0710 23:26:40.319458 21808 webserver.cc:186] Document root disabled
I0710 23:26:40.320019 21808 webserver.cc:313] Webserver started. Bound to: http://127.18.43.1:45475/
I0710 23:26:40.320868 21808 server_base.cc:607] Dumped server information to /tmp/dist-test-taskXw_ur6/test-tmp/tablet_copy_client_session-itest.0.TabletCopyClientSessionITest.TestTabletCopyWithBusySource.1531265186290008-18604/minicluster-data/ts-0/data/info.pb
I0710 23:26:40.321419 21808 tablet_server_main.cc:93] Tablet server successfully started.
I0710 23:26:40.326097 21823 log.cc:525] T ec16d86dcdb34a5b9f6dc60e9a5d3866 P 3eefa81a1d344cca94cb71d8fc3a7c08: Log is configured to *not* fsync() on all Append() calls
I0710 23:26:40.327679 18604 external_mini_cluster.cc:871] Started /tmp/dist-test-taskXw_ur6/build/debug/bin/kudu-tserver as pid 21808
I0710 23:26:40.330658 21833 heartbeater.cc:346] Connected to a master server at 127.18.43.62:33645
I0710 23:26:40.330838 21833 heartbeater.cc:426] Registering TS with master...
I0710 23:26:40.331270 21833 heartbeater.cc:475] Master 127.18.43.62:33645 requested a full tablet report, sending...
I0710 23:26:40.333295 21538 ts_manager.cc:104] Re-registered known tserver with Master: 3eefa81a1d344cca94cb71d8fc3a7c08 (127.18.43.1:46659)
I0710 23:26:40.335641 21538 master_service.cc:249] Signed X509 certificate for tserver {username='slave'} at 127.18.43.1:49927
I0710 23:26:40.419638 21823 tablet_bootstrap.cc:427] T ec16d86dcdb34a5b9f6dc60e9a5d3866 P 3eefa81a1d344cca94cb71d8fc3a7c08: Bootstrap replayed 1/1 log segments. Stats: ops{read=187 overwritten=0 applied=187 ignored=0} inserts{seen=492 ignored=0} mutations{seen=0 ignored=0} orphaned_commits=0. Pending: 0 replicates
I0710 23:26:40.420123 21823 tablet_bootstrap.cc:427] T ec16d86dcdb34a5b9f6dc60e9a5d3866 P 3eefa81a1d344cca94cb71d8fc3a7c08: Bootstrap complete.
I0710 23:26:40.421138 21823 ts_tablet_manager.cc:1045] T ec16d86dcdb34a5b9f6dc60e9a5d3866 P 3eefa81a1d344cca94cb71d8fc3a7c08: Time spent bootstrapping tablet: real 0.114s user 0.100s sys 0.012s
I0710 23:26:40.423812 21823 raft_consensus.cc:325] T ec16d86dcdb34a5b9f6dc60e9a5d3866 P 3eefa81a1d344cca94cb71d8fc3a7c08 [term 1 FOLLOWER]: Replica starting. Triggering 0 pending transactions. Active config: opid_index: -1 OBSOLETE_local: true peers { permanent_uuid: "3eefa81a1d344cca94cb71d8fc3a7c08" member_type: VOTER last_known_addr { host: "127.18.43.1" port: 46659 } }
I0710 23:26:40.423902 21823 raft_consensus.cc:630] T ec16d86dcdb34a5b9f6dc60e9a5d3866 P 3eefa81a1d344cca94cb71d8fc3a7c08 [term 1 FOLLOWER]: Becoming Follower/Learner. State: Replica: 3eefa81a1d344cca94cb71d8fc3a7c08, State: Initialized, Role: FOLLOWER
I0710 23:26:40.424294 21823 consensus_queue.cc:227] T ec16d86dcdb34a5b9f6dc60e9a5d3866 P 3eefa81a1d344cca94cb71d8fc3a7c08 [NON_LEADER]: Queue going to NON_LEADER mode. State: All replicated index: 0, Majority replicated index: 0, Committed index: 187, Last appended: 1.187, Last appended by leader: 187, Current term: 0, Majority size: -1, State: 0, Mode: NON_LEADER, active raft config: opid_index: -1 OBSOLETE_local: true peers { permanent_uuid: "3eefa81a1d344cca94cb71d8fc3a7c08" member_type: VOTER last_known_addr { host: "127.18.43.1" port: 46659 } }
I0710 23:26:40.424355 21823 raft_consensus.cc:365] T ec16d86dcdb34a5b9f6dc60e9a5d3866 P 3eefa81a1d344cca94cb71d8fc3a7c08 [term 1 FOLLOWER]: Only one voter in the Raft config. Triggering election immediately
I0710 23:26:40.424410 21823 raft_consensus.cc:457] T ec16d86dcdb34a5b9f6dc60e9a5d3866 P 3eefa81a1d344cca94cb71d8fc3a7c08 [term 1 FOLLOWER]: Starting leader election (initial election of a single-replica configuration)
I0710 23:26:40.424477 21823 raft_consensus.cc:2732] T ec16d86dcdb34a5b9f6dc60e9a5d3866 P 3eefa81a1d344cca94cb71d8fc3a7c08: Snoozing failure detection for 1.873s (starting election)
I0710 23:26:40.424507 21823 raft_consensus.cc:2784] T ec16d86dcdb34a5b9f6dc60e9a5d3866 P 3eefa81a1d344cca94cb71d8fc3a7c08 [term 1 FOLLOWER]: Advancing to term 2
I0710 23:26:40.425853 21823 raft_consensus.cc:479] T ec16d86dcdb34a5b9f6dc60e9a5d3866 P 3eefa81a1d344cca94cb71d8fc3a7c08 [term 2 FOLLOWER]: Starting leader election with config: opid_index: -1 OBSOLETE_local: true peers { permanent_uuid: "3eefa81a1d344cca94cb71d8fc3a7c08" member_type: VOTER last_known_addr { host: "127.18.43.1" port: 46659 } }
I0710 23:26:40.426215 21823 leader_election.cc:278] T ec16d86dcdb34a5b9f6dc60e9a5d3866 P 3eefa81a1d344cca94cb71d8fc3a7c08 [CANDIDATE]: Term 2 election: Election decided. Result: candidate won.
I0710 23:26:40.426661 21838 raft_consensus.cc:2732] T ec16d86dcdb34a5b9f6dc60e9a5d3866 P 3eefa81a1d344cca94cb71d8fc3a7c08: Snoozing failure detection for 2.248s (election complete)
I0710 23:26:40.426704 21838 raft_consensus.cc:2539] T ec16d86dcdb34a5b9f6dc60e9a5d3866 P 3eefa81a1d344cca94cb71d8fc3a7c08 [term 2 FOLLOWER]: Leader election won for term 2
I0710 23:26:40.426838 21838 raft_consensus.cc:595] T ec16d86dcdb34a5b9f6dc60e9a5d3866 P 3eefa81a1d344cca94cb71d8fc3a7c08 [term 2 LEADER]: Becoming Leader. State: Replica: 3eefa81a1d344cca94cb71d8fc3a7c08, State: Running, Role: LEADER
I0710 23:26:40.426882 21833 heartbeater.cc:467] Master 127.18.43.62:33645 was elected leader, sending a full tablet report...
I0710 23:26:40.427078 21823 ts_tablet_manager.cc:1073] T ec16d86dcdb34a5b9f6dc60e9a5d3866 P 3eefa81a1d344cca94cb71d8fc3a7c08: Time spent starting tablet: real 0.006s user 0.007s sys 0.000s
I0710 23:26:40.427141 21838 consensus_queue.cc:204] T ec16d86dcdb34a5b9f6dc60e9a5d3866 P 3eefa81a1d344cca94cb71d8fc3a7c08 [LEADER]: Queue going to LEADER mode. State: All replicated index: 0, Majority replicated index: 187, Committed index: 187, Last appended: 1.187, Last appended by leader: 187, Current term: 2, Majority size: 1, State: 0, Mode: LEADER, active raft config: opid_index: -1 OBSOLETE_local: true peers { permanent_uuid: "3eefa81a1d344cca94cb71d8fc3a7c08" member_type: VOTER last_known_addr { host: "127.18.43.1" port: 46659 } }
I0710 23:26:40.427211 21823 ts_tablet_manager.cc:1028] T 16e52b82ff124e2093345d5204b7d086 P 3eefa81a1d344cca94cb71d8fc3a7c08: Bootstrapping tablet
I0710 23:26:40.427302 21823 tablet_bootstrap.cc:427] T 16e52b82ff124e2093345d5204b7d086 P 3eefa81a1d344cca94cb71d8fc3a7c08: Bootstrap starting.
I0710 23:26:40.430220 21538 catalog_manager.cc:3827] T ec16d86dcdb34a5b9f6dc60e9a5d3866 P 3eefa81a1d344cca94cb71d8fc3a7c08 reported cstate change: term changed from 1 to 2. New cstate: current_term: 2 leader_uuid: "3eefa81a1d344cca94cb71d8fc3a7c08" committed_config { opid_index: -1 OBSOLETE_local: true peers { permanent_uuid: "3eefa81a1d344cca94cb71d8fc3a7c08" member_type: VOTER last_known_addr { host: "127.18.43.1" port: 46659 } health_report { overall_health: HEALTHY } } }
I0710 23:26:40.527526 21823 tablet_bootstrap.cc:427] T 16e52b82ff124e2093345d5204b7d086 P 3eefa81a1d344cca94cb71d8fc3a7c08: Bootstrap replayed 1/1 log segments. Stats: ops{read=195 overwritten=0 applied=195 ignored=0} inserts{seen=520 ignored=0} mutations{seen=0 ignored=0} orphaned_commits=0. Pending: 0 replicates
I0710 23:26:40.527947 21823 tablet_bootstrap.cc:427] T 16e52b82ff124e2093345d5204b7d086 P 3eefa81a1d344cca94cb71d8fc3a7c08: Bootstrap complete.
I0710 23:26:40.528748 21823 ts_tablet_manager.cc:1045] T 16e52b82ff124e2093345d5204b7d086 P 3eefa81a1d344cca94cb71d8fc3a7c08: Time spent bootstrapping tablet: real 0.101s user 0.069s sys 0.031s
I0710 23:26:40.529275 21823 raft_consensus.cc:325] T 16e52b82ff124e2093345d5204b7d086 P 3eefa81a1d344cca94cb71d8fc3a7c08 [term 1 FOLLOWER]: Replica starting. Triggering 0 pending transactions. Active config: opid_index: -1 OBSOLETE_local: true peers { permanent_uuid: "3eefa81a1d344cca94cb71d8fc3a7c08" member_type: VOTER last_known_addr { host: "127.18.43.1" port: 46659 } }
I0710 23:26:40.529312 21823 raft_consensus.cc:630] T 16e52b82ff124e2093345d5204b7d086 P 3eefa81a1d344cca94cb71d8fc3a7c08 [term 1 FOLLOWER]: Becoming Follower/Learner. State: Replica: 3eefa81a1d344cca94cb71d8fc3a7c08, State: Initialized, Role: FOLLOWER
I0710 23:26:40.529464 21823 consensus_queue.cc:227] T 16e52b82ff124e2093345d5204b7d086 P 3eefa81a1d344cca94cb71d8fc3a7c08 [NON_LEADER]: Queue going to NON_LEADER mode. State: All replicated index: 0, Majority replicated index: 0, Committed index: 195, Last appended: 1.195, Last appended by leader: 195, Current term: 0, Majority size: -1, State: 0, Mode: NON_LEADER, active raft config: opid_index: -1 OBSOLETE_local: true peers { permanent_uuid: "3eefa81a1d344cca94cb71d8fc3a7c08" member_type: VOTER last_known_addr { host: "127.18.43.1" port: 46659 } }
I0710 23:26:40.529502 21823 raft_consensus.cc:365] T 16e52b82ff124e2093345d5204b7d086 P 3eefa81a1d344cca94cb71d8fc3a7c08 [term 1 FOLLOWER]: Only one voter in the Raft config. Triggering election immediately
I0710 23:26:40.529516 21823 raft_consensus.cc:457] T 16e52b82ff124e2093345d5204b7d086 P 3eefa81a1d344cca94cb71d8fc3a7c08 [term 1 FOLLOWER]: Starting leader election (initial election of a single-replica configuration)
I0710 23:26:40.529541 21823 raft_consensus.cc:2732] T 16e52b82ff124e2093345d5204b7d086 P 3eefa81a1d344cca94cb71d8fc3a7c08: Snoozing failure detection for 2.208s (starting election)
I0710 23:26:40.529559 21823 raft_consensus.cc:2784] T 16e52b82ff124e2093345d5204b7d086 P 3eefa81a1d344cca94cb71d8fc3a7c08 [term 1 FOLLOWER]: Advancing to term 2
I0710 23:26:40.530485 21823 raft_consensus.cc:479] T 16e52b82ff124e2093345d5204b7d086 P 3eefa81a1d344cca94cb71d8fc3a7c08 [term 2 FOLLOWER]: Starting leader election with config: opid_index: -1 OBSOLETE_local: true peers { permanent_uuid: "3eefa81a1d344cca94cb71d8fc3a7c08" member_type: VOTER last_known_addr { host: "127.18.43.1" port: 46659 } }
I0710 23:26:40.530591 21823 leader_election.cc:278] T 16e52b82ff124e2093345d5204b7d086 P 3eefa81a1d344cca94cb71d8fc3a7c08 [CANDIDATE]: Term 2 election: Election decided. Result: candidate won.
I0710 23:26:40.530841 21838 raft_consensus.cc:2732] T 16e52b82ff124e2093345d5204b7d086 P 3eefa81a1d344cca94cb71d8fc3a7c08: Snoozing failure detection for 1.877s (election complete)
I0710 23:26:40.530876 21838 raft_consensus.cc:2539] T 16e52b82ff124e2093345d5204b7d086 P 3eefa81a1d344cca94cb71d8fc3a7c08 [term 2 FOLLOWER]: Leader election won for term 2
I0710 23:26:40.530911 21838 raft_consensus.cc:595] T 16e52b82ff124e2093345d5204b7d086 P 3eefa81a1d344cca94cb71d8fc3a7c08 [term 2 LEADER]: Becoming Leader. State: Replica: 3eefa81a1d344cca94cb71d8fc3a7c08, State: Running, Role: LEADER
I0710 23:26:40.531086 21838 consensus_queue.cc:204] T 16e52b82ff124e2093345d5204b7d086 P 3eefa81a1d344cca94cb71d8fc3a7c08 [LEADER]: Queue going to LEADER mode. State: All replicated index: 0, Majority replicated index: 195, Committed index: 195, Last appended: 1.195, Last appended by leader: 195, Current term: 2, Majority size: 1, State: 0, Mode: LEADER, active raft config: opid_index: -1 OBSOLETE_local: true peers { permanent_uuid: "3eefa81a1d344cca94cb71d8fc3a7c08" member_type: VOTER last_known_addr { host: "127.18.43.1" port: 46659 } }
I0710 23:26:40.531203 21823 ts_tablet_manager.cc:1073] T 16e52b82ff124e2093345d5204b7d086 P 3eefa81a1d344cca94cb71d8fc3a7c08: Time spent starting tablet: real 0.002s user 0.003s sys 0.001s
I0710 23:26:40.531277 21823 ts_tablet_manager.cc:1028] T 224d94b52b9e4f859d90edb71b9dc822 P 3eefa81a1d344cca94cb71d8fc3a7c08: Bootstrapping tablet
I0710 23:26:40.531347 21823 tablet_bootstrap.cc:427] T 224d94b52b9e4f859d90edb71b9dc822 P 3eefa81a1d344cca94cb71d8fc3a7c08: Bootstrap starting.
I0710 23:26:40.532577 21538 catalog_manager.cc:3827] T 16e52b82ff124e2093345d5204b7d086 P 3eefa81a1d344cca94cb71d8fc3a7c08 reported cstate change: term changed from 1 to 2. New cstate: current_term: 2 leader_uuid: "3eefa81a1d344cca94cb71d8fc3a7c08" committed_config { opid_index: -1 OBSOLETE_local: true peers { permanent_uuid: "3eefa81a1d344cca94cb71d8fc3a7c08" member_type: VOTER last_known_addr { host: "127.18.43.1" port: 46659 } health_report { overall_health: HEALTHY } } }
I0710 23:26:40.631250 21823 tablet_bootstrap.cc:427] T 224d94b52b9e4f859d90edb71b9dc822 P 3eefa81a1d344cca94cb71d8fc3a7c08: Bootstrap replayed 1/1 log segments. Stats: ops{read=190 overwritten=0 applied=190 ignored=0} inserts{seen=540 ignored=0} mutations{seen=0 ignored=0} orphaned_commits=0. Pending: 0 replicates
I0710 23:26:40.631669 21823 tablet_bootstrap.cc:427] T 224d94b52b9e4f859d90edb71b9dc822 P 3eefa81a1d344cca94cb71d8fc3a7c08: Bootstrap complete.
I0710 23:26:40.632483 21823 ts_tablet_manager.cc:1045] T 224d94b52b9e4f859d90edb71b9dc822 P 3eefa81a1d344cca94cb71d8fc3a7c08: Time spent bootstrapping tablet: real 0.101s user 0.077s sys 0.023s
I0710 23:26:40.632946 21823 raft_consensus.cc:325] T 224d94b52b9e4f859d90edb71b9dc822 P 3eefa81a1d344cca94cb71d8fc3a7c08 [term 1 FOLLOWER]: Replica starting. Triggering 0 pending transactions. Active config: opid_index: -1 OBSOLETE_local: true peers { permanent_uuid: "3eefa81a1d344cca94cb71d8fc3a7c08" member_type: VOTER last_known_addr { host: "127.18.43.1" port: 46659 } }
I0710 23:26:40.632978 21823 raft_consensus.cc:630] T 224d94b52b9e4f859d90edb71b9dc822 P 3eefa81a1d344cca94cb71d8fc3a7c08 [term 1 FOLLOWER]: Becoming Follower/Learner. State: Replica: 3eefa81a1d344cca94cb71d8fc3a7c08, State: Initialized, Role: FOLLOWER
I0710 23:26:40.633112 21823 consensus_queue.cc:227] T 224d94b52b9e4f859d90edb71b9dc822 P 3eefa81a1d344cca94cb71d8fc3a7c08 [NON_LEADER]: Queue going to NON_LEADER mode. State: All replicated index: 0, Majority replicated index: 0, Committed index: 190, Last appended: 1.190, Last appended by leader: 190, Current term: 0, Majority size: -1, State: 0, Mode: NON_LEADER, active raft config: opid_index: -1 OBSOLETE_local: true peers { permanent_uuid: "3eefa81a1d344cca94cb71d8fc3a7c08" member_type: VOTER last_known_addr { host: "127.18.43.1" port: 46659 } }
I0710 23:26:40.633139 21823 raft_consensus.cc:365] T 224d94b52b9e4f859d90edb71b9dc822 P 3eefa81a1d344cca94cb71d8fc3a7c08 [term 1 FOLLOWER]: Only one voter in the Raft config. Triggering election immediately
I0710 23:26:40.633152 21823 raft_consensus.cc:457] T 224d94b52b9e4f859d90edb71b9dc822 P 3eefa81a1d344cca94cb71d8fc3a7c08 [term 1 FOLLOWER]: Starting leader election (initial election of a single-replica configuration)
I0710 23:26:40.633177 21823 raft_consensus.cc:2732] T 224d94b52b9e4f859d90edb71b9dc822 P 3eefa81a1d344cca94cb71d8fc3a7c08: Snoozing failure detection for 1.991s (starting election)
I0710 23:26:40.633196 21823 raft_consensus.cc:2784] T 224d94b52b9e4f859d90edb71b9dc822 P 3eefa81a1d344cca94cb71d8fc3a7c08 [term 1 FOLLOWER]: Advancing to term 2
I0710 23:26:40.633996 21823 raft_consensus.cc:479] T 224d94b52b9e4f859d90edb71b9dc822 P 3eefa81a1d344cca94cb71d8fc3a7c08 [term 2 FOLLOWER]: Starting leader election with config: opid_index: -1 OBSOLETE_local: true peers { permanent_uuid: "3eefa81a1d344cca94cb71d8fc3a7c08" member_type: VOTER last_known_addr { host: "127.18.43.1" port: 46659 } }
I0710 23:26:40.634089 21823 leader_election.cc:278] T 224d94b52b9e4f859d90edb71b9dc822 P 3eefa81a1d344cca94cb71d8fc3a7c08 [CANDIDATE]: Term 2 election: Election decided. Result: candidate won.
I0710 23:26:40.634217 21838 raft_consensus.cc:2732] T 224d94b52b9e4f859d90edb71b9dc822 P 3eefa81a1d344cca94cb71d8fc3a7c08: Snoozing failure detection for 2.067s (election complete)
I0710 23:26:40.634254 21838 raft_consensus.cc:2539] T 224d94b52b9e4f859d90edb71b9dc822 P 3eefa81a1d344cca94cb71d8fc3a7c08 [term 2 FOLLOWER]: Leader election won for term 2
I0710 23:26:40.634322 21838 raft_consensus.cc:595] T 224d94b52b9e4f859d90edb71b9dc822 P 3eefa81a1d344cca94cb71d8fc3a7c08 [term 2 LEADER]: Becoming Leader. State: Replica: 3eefa81a1d344cca94cb71d8fc3a7c08, State: Running, Role: LEADER
I0710 23:26:40.634454 21838 consensus_queue.cc:204] T 224d94b52b9e4f859d90edb71b9dc822 P 3eefa81a1d344cca94cb71d8fc3a7c08 [LEADER]: Queue going to LEADER mode. State: All replicated index: 0, Majority replicated index: 190, Committed index: 190, Last appended: 1.190, Last appended by leader: 190, Current term: 2, Majority size: 1, State: 0, Mode: LEADER, active raft config: opid_index: -1 OBSOLETE_local: true peers { permanent_uuid: "3eefa81a1d344cca94cb71d8fc3a7c08" member_type: VOTER last_known_addr { host: "127.18.43.1" port: 46659 } }
I0710 23:26:40.634593 21823 ts_tablet_manager.cc:1073] T 224d94b52b9e4f859d90edb71b9dc822 P 3eefa81a1d344cca94cb71d8fc3a7c08: Time spent starting tablet: real 0.002s user 0.002s sys 0.001s
I0710 23:26:40.634663 21823 ts_tablet_manager.cc:1028] T 8a5f88d22d2b482d9691c52031cafd6e P 3eefa81a1d344cca94cb71d8fc3a7c08: Bootstrapping tablet
I0710 23:26:40.634732 21823 tablet_bootstrap.cc:427] T 8a5f88d22d2b482d9691c52031cafd6e P 3eefa81a1d344cca94cb71d8fc3a7c08: Bootstrap starting.
I0710 23:26:40.636047 21538 catalog_manager.cc:3827] T 224d94b52b9e4f859d90edb71b9dc822 P 3eefa81a1d344cca94cb71d8fc3a7c08 reported cstate change: term changed from 1 to 2. New cstate: current_term: 2 leader_uuid: "3eefa81a1d344cca94cb71d8fc3a7c08" committed_config { opid_index: -1 OBSOLETE_local: true peers { permanent_uuid: "3eefa81a1d344cca94cb71d8fc3a7c08" member_type: VOTER last_known_addr { host: "127.18.43.1" port: 46659 } health_report { overall_health: HEALTHY } } }
I0710 23:26:40.738747 21823 tablet_bootstrap.cc:427] T 8a5f88d22d2b482d9691c52031cafd6e P 3eefa81a1d344cca94cb71d8fc3a7c08: Bootstrap replayed 1/1 log segments. Stats: ops{read=193 overwritten=0 applied=193 ignored=0} inserts{seen=513 ignored=0} mutations{seen=0 ignored=0} orphaned_commits=0. Pending: 0 replicates
I0710 23:26:40.739228 21823 tablet_bootstrap.cc:427] T 8a5f88d22d2b482d9691c52031cafd6e P 3eefa81a1d344cca94cb71d8fc3a7c08: Bootstrap complete.
I0710 23:26:40.740123 21823 ts_tablet_manager.cc:1045] T 8a5f88d22d2b482d9691c52031cafd6e P 3eefa81a1d344cca94cb71d8fc3a7c08: Time spent bootstrapping tablet: real 0.105s user 0.085s sys 0.019s
I0710 23:26:40.740620 21823 raft_consensus.cc:325] T 8a5f88d22d2b482d9691c52031cafd6e P 3eefa81a1d344cca94cb71d8fc3a7c08 [term 1 FOLLOWER]: Replica starting. Triggering 0 pending transactions. Active config: opid_index: -1 OBSOLETE_local: true peers { permanent_uuid: "3eefa81a1d344cca94cb71d8fc3a7c08" member_type: VOTER last_known_addr { host: "127.18.43.1" port: 46659 } }
I0710 23:26:40.740653 21823 raft_consensus.cc:630] T 8a5f88d22d2b482d9691c52031cafd6e P 3eefa81a1d344cca94cb71d8fc3a7c08 [term 1 FOLLOWER]: Becoming Follower/Learner. State: Replica: 3eefa81a1d344cca94cb71d8fc3a7c08, State: Initialized, Role: FOLLOWER
I0710 23:26:40.740758 21823 consensus_queue.cc:227] T 8a5f88d22d2b482d9691c52031cafd6e P 3eefa81a1d344cca94cb71d8fc3a7c08 [NON_LEADER]: Queue going to NON_LEADER mode. State: All replicated index: 0, Majority replicated index: 0, Committed index: 193, Last appended: 1.193, Last appended by leader: 193, Current term: 0, Majority size: -1, State: 0, Mode: NON_LEADER, active raft config: opid_index: -1 OBSOLETE_local: true peers { permanent_uuid: "3eefa81a1d344cca94cb71d8fc3a7c08" member_type: VOTER last_known_addr { host: "127.18.43.1" port: 46659 } }
I0710 23:26:40.740777 21823 raft_consensus.cc:365] T 8a5f88d22d2b482d9691c52031cafd6e P 3eefa81a1d344cca94cb71d8fc3a7c08 [term 1 FOLLOWER]: Only one voter in the Raft config. Triggering election immediately
I0710 23:26:40.740790 21823 raft_consensus.cc:457] T 8a5f88d22d2b482d9691c52031cafd6e P 3eefa81a1d344cca94cb71d8fc3a7c08 [term 1 FOLLOWER]: Starting leader election (initial election of a single-replica configuration)
I0710 23:26:40.740813 21823 raft_consensus.cc:2732] T 8a5f88d22d2b482d9691c52031cafd6e P 3eefa81a1d344cca94cb71d8fc3a7c08: Snoozing failure detection for 1.580s (starting election)
I0710 23:26:40.740836 21823 raft_consensus.cc:2784] T 8a5f88d22d2b482d9691c52031cafd6e P 3eefa81a1d344cca94cb71d8fc3a7c08 [term 1 FOLLOWER]: Advancing to term 2
I0710 23:26:40.741631 21823 raft_consensus.cc:479] T 8a5f88d22d2b482d9691c52031cafd6e P 3eefa81a1d344cca94cb71d8fc3a7c08 [term 2 FOLLOWER]: Starting leader election with config: opid_index: -1 OBSOLETE_local: true peers { permanent_uuid: "3eefa81a1d344cca94cb71d8fc3a7c08" member_type: VOTER last_known_addr { host: "127.18.43.1" port: 46659 } }
I0710 23:26:40.741719 21823 leader_election.cc:278] T 8a5f88d22d2b482d9691c52031cafd6e P 3eefa81a1d344cca94cb71d8fc3a7c08 [CANDIDATE]: Term 2 election: Election decided. Result: candidate won.
I0710 23:26:40.741932 21838 raft_consensus.cc:2732] T 8a5f88d22d2b482d9691c52031cafd6e P 3eefa81a1d344cca94cb71d8fc3a7c08: Snoozing failure detection for 2.062s (election complete)
I0710 23:26:40.741976 21838 raft_consensus.cc:2539] T 8a5f88d22d2b482d9691c52031cafd6e P 3eefa81a1d344cca94cb71d8fc3a7c08 [term 2 FOLLOWER]: Leader election won for term 2
I0710 23:26:40.742069 21838 raft_consensus.cc:595] T 8a5f88d22d2b482d9691c52031cafd6e P 3eefa81a1d344cca94cb71d8fc3a7c08 [term 2 LEADER]: Becoming Leader. State: Replica: 3eefa81a1d344cca94cb71d8fc3a7c08, State: Running, Role: LEADER
I0710 23:26:40.742090 21823 ts_tablet_manager.cc:1073] T 8a5f88d22d2b482d9691c52031cafd6e P 3eefa81a1d344cca94cb71d8fc3a7c08: Time spent starting tablet: real 0.002s user 0.002s sys 0.000s
I0710 23:26:40.742149 21823 ts_tablet_manager.cc:1028] T 05ab889d520c4b5db0cab1b6d7e8ae86 P 3eefa81a1d344cca94cb71d8fc3a7c08: Bootstrapping tablet
I0710 23:26:40.742211 21823 tablet_bootstrap.cc:427] T 05ab889d520c4b5db0cab1b6d7e8ae86 P 3eefa81a1d344cca94cb71d8fc3a7c08: Bootstrap starting.
I0710 23:26:40.742219 21838 consensus_queue.cc:204] T 8a5f88d22d2b482d9691c52031cafd6e P 3eefa81a1d344cca94cb71d8fc3a7c08 [LEADER]: Queue going to LEADER mode. State: All replicated index: 0, Majority replicated index: 193, Committed index: 193, Last appended: 1.193, Last appended by leader: 193, Current term: 2, Majority size: 1, State: 0, Mode: LEADER, active raft config: opid_index: -1 OBSOLETE_local: true peers { permanent_uuid: "3eefa81a1d344cca94cb71d8fc3a7c08" member_type: VOTER last_known_addr { host: "127.18.43.1" port: 46659 } }
I0710 23:26:40.743826 21538 catalog_manager.cc:3827] T 8a5f88d22d2b482d9691c52031cafd6e P 3eefa81a1d344cca94cb71d8fc3a7c08 reported cstate change: term changed from 1 to 2. New cstate: current_term: 2 leader_uuid: "3eefa81a1d344cca94cb71d8fc3a7c08" committed_config { opid_index: -1 OBSOLETE_local: true peers { permanent_uuid: "3eefa81a1d344cca94cb71d8fc3a7c08" member_type: VOTER last_known_addr { host: "127.18.43.1" port: 46659 } health_report { overall_health: HEALTHY } } }
I0710 23:26:40.843914 21823 tablet_bootstrap.cc:427] T 05ab889d520c4b5db0cab1b6d7e8ae86 P 3eefa81a1d344cca94cb71d8fc3a7c08: Bootstrap replayed 1/1 log segments. Stats: ops{read=191 overwritten=0 applied=191 ignored=0} inserts{seen=482 ignored=0} mutations{seen=0 ignored=0} orphaned_commits=0. Pending: 0 replicates
I0710 23:26:40.844275 21823 tablet_bootstrap.cc:427] T 05ab889d520c4b5db0cab1b6d7e8ae86 P 3eefa81a1d344cca94cb71d8fc3a7c08: Bootstrap complete.
I0710 23:26:40.845077 21823 ts_tablet_manager.cc:1045] T 05ab889d520c4b5db0cab1b6d7e8ae86 P 3eefa81a1d344cca94cb71d8fc3a7c08: Time spent bootstrapping tablet: real 0.103s user 0.089s sys 0.012s
I0710 23:26:40.845544 21823 raft_consensus.cc:325] T 05ab889d520c4b5db0cab1b6d7e8ae86 P 3eefa81a1d344cca94cb71d8fc3a7c08 [term 1 FOLLOWER]: Replica starting. Triggering 0 pending transactions. Active config: opid_index: -1 OBSOLETE_local: true peers { permanent_uuid: "3eefa81a1d344cca94cb71d8fc3a7c08" member_type: VOTER last_known_addr { host: "127.18.43.1" port: 46659 } }
I0710 23:26:40.845582 21823 raft_consensus.cc:630] T 05ab889d520c4b5db0cab1b6d7e8ae86 P 3eefa81a1d344cca94cb71d8fc3a7c08 [term 1 FOLLOWER]: Becoming Follower/Learner. State: Replica: 3eefa81a1d344cca94cb71d8fc3a7c08, State: Initialized, Role: FOLLOWER
I0710 23:26:40.845715 21823 consensus_queue.cc:227] T 05ab889d520c4b5db0cab1b6d7e8ae86 P 3eefa81a1d344cca94cb71d8fc3a7c08 [NON_LEADER]: Queue going to NON_LEADER mode. State: All replicated index: 0, Majority replicated index: 0, Committed index: 191, Last appended: 1.191, Last appended by leader: 191, Current term: 0, Majority size: -1, State: 0, Mode: NON_LEADER, active raft config: opid_index: -1 OBSOLETE_local: true peers { permanent_uuid: "3eefa81a1d344cca94cb71d8fc3a7c08" member_type: VOTER last_known_addr { host: "127.18.43.1" port: 46659 } }
I0710 23:26:40.845741 21823 raft_consensus.cc:365] T 05ab889d520c4b5db0cab1b6d7e8ae86 P 3eefa81a1d344cca94cb71d8fc3a7c08 [term 1 FOLLOWER]: Only one voter in the Raft config. Triggering election immediately
I0710 23:26:40.845751 21823 raft_consensus.cc:457] T 05ab889d520c4b5db0cab1b6d7e8ae86 P 3eefa81a1d344cca94cb71d8fc3a7c08 [term 1 FOLLOWER]: Starting leader election (initial election of a single-replica configuration)
I0710 23:26:40.845774 21823 raft_consensus.cc:2732] T 05ab889d520c4b5db0cab1b6d7e8ae86 P 3eefa81a1d344cca94cb71d8fc3a7c08: Snoozing failure detection for 1.838s (starting election)
I0710 23:26:40.845790 21823 raft_consensus.cc:2784] T 05ab889d520c4b5db0cab1b6d7e8ae86 P 3eefa81a1d344cca94cb71d8fc3a7c08 [term 1 FOLLOWER]: Advancing to term 2
I0710 23:26:40.846602 21823 raft_consensus.cc:479] T 05ab889d520c4b5db0cab1b6d7e8ae86 P 3eefa81a1d344cca94cb71d8fc3a7c08 [term 2 FOLLOWER]: Starting leader election with config: opid_index: -1 OBSOLETE_local: true peers { permanent_uuid: "3eefa81a1d344cca94cb71d8fc3a7c08" member_type: VOTER last_known_addr { host: "127.18.43.1" port: 46659 } }
I0710 23:26:40.846688 21823 leader_election.cc:278] T 05ab889d520c4b5db0cab1b6d7e8ae86 P 3eefa81a1d344cca94cb71d8fc3a7c08 [CANDIDATE]: Term 2 election: Election decided. Result: candidate won.
I0710 23:26:40.846853 21838 raft_consensus.cc:2732] T 05ab889d520c4b5db0cab1b6d7e8ae86 P 3eefa81a1d344cca94cb71d8fc3a7c08: Snoozing failure detection for 2.058s (election complete)
I0710 23:26:40.846902 21838 raft_consensus.cc:2539] T 05ab889d520c4b5db0cab1b6d7e8ae86 P 3eefa81a1d344cca94cb71d8fc3a7c08 [term 2 FOLLOWER]: Leader election won for term 2
I0710 23:26:40.846968 21838 raft_consensus.cc:595] T 05ab889d520c4b5db0cab1b6d7e8ae86 P 3eefa81a1d344cca94cb71d8fc3a7c08 [term 2 LEADER]: Becoming Leader. State: Replica: 3eefa81a1d344cca94cb71d8fc3a7c08, State: Running, Role: LEADER
I0710 23:26:40.847014 21823 ts_tablet_manager.cc:1073] T 05ab889d520c4b5db0cab1b6d7e8ae86 P 3eefa81a1d344cca94cb71d8fc3a7c08: Time spent starting tablet: real 0.002s user 0.000s sys 0.000s
I0710 23:26:40.847092 21823 ts_tablet_manager.cc:1028] T fbe2894430174092986bffc0d8021206 P 3eefa81a1d344cca94cb71d8fc3a7c08: Bootstrapping tablet
I0710 23:26:40.847105 21838 consensus_queue.cc:204] T 05ab889d520c4b5db0cab1b6d7e8ae86 P 3eefa81a1d344cca94cb71d8fc3a7c08 [LEADER]: Queue going to LEADER mode. State: All replicated index: 0, Majority replicated index: 191, Committed index: 191, Last appended: 1.191, Last appended by leader: 191, Current term: 2, Majority size: 1, State: 0, Mode: LEADER, active raft config: opid_index: -1 OBSOLETE_local: true peers { permanent_uuid: "3eefa81a1d344cca94cb71d8fc3a7c08" member_type: VOTER last_known_addr { host: "127.18.43.1" port: 46659 } }
I0710 23:26:40.847163 21823 tablet_bootstrap.cc:427] T fbe2894430174092986bffc0d8021206 P 3eefa81a1d344cca94cb71d8fc3a7c08: Bootstrap starting.
