I0710 23:26:28.920266 19296 ts_tablet_manager.cc:1403] T db0b5751c95748c49ca3272e013e7ee3 P 319a0ce5d3df4b83a7c6efed0459c572: Deleting consensus metadata
I0710 23:26:28.921842 18604 external_mini_cluster.cc:1008] Killing /tmp/dist-test-taskXw_ur6/build/debug/bin/kudu-tserver with pid 19031
W0710 23:26:28.925251 18938 connection.cc:512] server connection from 127.18.43.2:55791 recv error: Network error: failed to read from TLS socket (remote: 127.18.43.2:55791): Connection reset by peer (error 104)
W0710 23:26:28.925271 19169 connection.cc:512] server connection from 127.18.43.2:51141 recv error: Network error: failed to read from TLS socket (remote: 127.18.43.2:51141): Connection reset by peer (error 104)
W0710 23:26:28.925248 18609 connection.cc:512] client connection to 127.18.43.2:41321 recv error: Network error: failed to read from TLS socket (remote: 127.18.43.2:41321): Connection reset by peer (error 104)
I0710 23:26:28.925614 18604 external_mini_cluster.cc:809] Running /tmp/dist-test-taskXw_ur6/build/debug/bin/kudu-tserver /tmp/dist-test-taskXw_ur6/build/debug/bin/kudu-tserver --fs_wal_dir=/tmp/dist-test-taskXw_ur6/test-tmp/tablet_copy_client_session-itest.0.TabletCopyClientSessionITest.TestStartTabletCopyWhileSourceBootstrapping.1531265186290008-18604/minicluster-data/ts-1/wal --fs_data_dirs=/tmp/dist-test-taskXw_ur6/test-tmp/tablet_copy_client_session-itest.0.TabletCopyClientSessionITest.TestStartTabletCopyWhileSourceBootstrapping.1531265186290008-18604/minicluster-data/ts-1/data --block_manager=log --rpc_bind_addresses=127.18.43.2:41321 --local_ip_for_outbound_sockets=127.18.43.2 --webserver_port=35457 --webserver_interface=127.18.43.2 --tserver_master_addrs=127.18.43.62:40099 --never_fsync --ipki_server_key_size=1024 --enable_minidumps=false --redact=none --metrics_log_interval_ms=1000 --logtostderr --logbuflevel=-1 --log_dir=/tmp/dist-test-taskXw_ur6/test-tmp/tablet_copy_client_session-itest.0.TabletCopyClientSessionITest.TestStartTabletCopyWhileSourceBootstrapping.1531265186290008-18604/minicluster-data/ts-1/logs --server_dump_info_path=/tmp/dist-test-taskXw_ur6/test-tmp/tablet_copy_client_session-itest.0.TabletCopyClientSessionITest.TestStartTabletCopyWhileSourceBootstrapping.1531265186290008-18604/minicluster-data/ts-1/data/info.pb --server_dump_info_format=pb --rpc_server_allow_ephemeral_ports --unlock_experimental_flags --unlock_unsafe_flags with env {} WARNING: Logging before InitGoogleLogging() is written to STDERR
W0710 23:26:28.963814 19297 flags.cc:406] Enabled unsafe flag: --rpc_server_allow_ephemeral_ports=true
W0710 23:26:28.963989 19297 flags.cc:406] Enabled unsafe flag: --never_fsync=true
W0710 23:26:28.964763 19297 flags.cc:406] Enabled experimental flag: --ipki_server_key_size=1024
W0710 23:26:28.964807 19297 flags.cc:406] Enabled experimental flag: --local_ip_for_outbound_sockets=127.18.43.2
I0710 23:26:28.966171 19297 tablet_server_main.cc:78] Tablet server non-default flags: --fs_data_dirs=/tmp/dist-test-taskXw_ur6/test-tmp/tablet_copy_client_session-itest.0.TabletCopyClientSessionITest.TestStartTabletCopyWhileSourceBootstrapping.1531265186290008-18604/minicluster-data/ts-1/data --fs_wal_dir=/tmp/dist-test-taskXw_ur6/test-tmp/tablet_copy_client_session-itest.0.TabletCopyClientSessionITest.TestStartTabletCopyWhileSourceBootstrapping.1531265186290008-18604/minicluster-data/ts-1/wal --ipki_server_key_size=1024 --rpc_bind_addresses=127.18.43.2:41321 --rpc_server_allow_ephemeral_ports=true --metrics_log_interval_ms=1000 --server_dump_info_format=pb --server_dump_info_path=/tmp/dist-test-taskXw_ur6/test-tmp/tablet_copy_client_session-itest.0.TabletCopyClientSessionITest.TestStartTabletCopyWhileSourceBootstrapping.1531265186290008-18604/minicluster-data/ts-1/data/info.pb --webserver_interface=127.18.43.2 --webserver_port=35457 --tserver_master_addrs=127.18.43.62:40099 --never_fsync=true --redact=none --unlock_experimental_flags=true --unlock_unsafe_flags=true --enable_minidumps=false --local_ip_for_outbound_sockets=127.18.43.2 --log_dir=/tmp/dist-test-taskXw_ur6/test-tmp/tablet_copy_client_session-itest.0.TabletCopyClientSessionITest.TestStartTabletCopyWhileSourceBootstrapping.1531265186290008-18604/minicluster-data/ts-1/logs --logbuflevel=-1 --logtostderr=true Tablet server version: kudu 1.8.0-SNAPSHOT revision 025067de3b780c42022b7a08ed16eb82cdb574dc build type DEBUG built by None at 10 Jul 2018 23:14:03 UTC on jenkins-slave-8qw8 build id 14092
I0710 23:26:28.969573 19297 tablet_server_main.cc:85] Initializing tablet server...
I0710 23:26:28.970409 19297 system_ntp.cc:199] NTP initialized. Skew: 500ppm Current error: 188516us
I0710 23:26:28.970944 19297 fs_manager.cc:261] Metadata directory not provided
I0710 23:26:28.970978 19297 fs_manager.cc:267] Using write-ahead log directory (fs_wal_dir) as metadata directory
I0710 23:26:28.974773 19297 fs_manager.cc:397] Time spent opening directory manager: real 0.003s user 0.002s sys 0.000s
I0710 23:26:28.975167 19297 env_posix.cc:1674] Not raising this process' open files per process limit of 1048576; it is already as high as it can go
I0710 23:26:28.975427 19297 file_cache.cc:470] Constructed file cache lbm with capacity 419430
I0710 23:26:28.978487 19297 fs_manager.cc:417] Time spent opening block manager: real 0.002s user 0.001s sys 0.000s
I0710 23:26:28.979035 19297 fs_manager.cc:434] Opened local filesystem: /tmp/dist-test-taskXw_ur6/test-tmp/tablet_copy_client_session-itest.0.TabletCopyClientSessionITest.TestStartTabletCopyWhileSourceBootstrapping.1531265186290008-18604/minicluster-data/ts-1/data,/tmp/dist-test-taskXw_ur6/test-tmp/tablet_copy_client_session-itest.0.TabletCopyClientSessionITest.TestStartTabletCopyWhileSourceBootstrapping.1531265186290008-18604/minicluster-data/ts-1/wal uuid: "319a0ce5d3df4b83a7c6efed0459c572" format_stamp: "Formatted at 2018-07-10 23:26:26 on dist-test-slave-dist-test-slave-4h7p"
I0710 23:26:28.979133 19297 fs_report.cc:352] FS layout report -------------------- wal directory: /tmp/dist-test-taskXw_ur6/test-tmp/tablet_copy_client_session-itest.0.TabletCopyClientSessionITest.TestStartTabletCopyWhileSourceBootstrapping.1531265186290008-18604/minicluster-data/ts-1/wal metadata directory: /tmp/dist-test-taskXw_ur6/test-tmp/tablet_copy_client_session-itest.0.TabletCopyClientSessionITest.TestStartTabletCopyWhileSourceBootstrapping.1531265186290008-18604/minicluster-data/ts-1/wal 1 data directories: /tmp/dist-test-taskXw_ur6/test-tmp/tablet_copy_client_session-itest.0.TabletCopyClientSessionITest.TestStartTabletCopyWhileSourceBootstrapping.1531265186290008-18604/minicluster-data/ts-1/data/data Total live blocks: 0 Total live bytes: 0 Total live bytes (after alignment): 0 Total number of LBM containers: 0 (0 full) Did not check for missing blocks Did not check for orphaned blocks Total full LBM containers with extra space: 0 (0 repaired) Total full LBM container extra space in bytes: 0 (0 repaired) Total incomplete LBM containers: 0 (0 repaired) Total LBM partial records: 0 (0 repaired)
I0710 23:26:29.002285 19297 env_posix.cc:1674] Not raising this process' running threads per effective uid limit of 18446744073709551615; it is already as high as it can go
I0710 23:26:29.003113 19297 ts_tablet_manager.cc:356] Loaded tablet metadata (0 live tablets)
I0710 23:26:29.003209 19297 tablet_server_main.cc:90] Starting tablet server...
I0710 23:26:29.008354 19297 rpc_server.cc:205] RPC server started. Bound to: 127.18.43.2:41321
I0710 23:26:29.008680 19297 webserver.cc:175] Starting webserver on 127.18.43.2:35457
I0710 23:26:29.008697 19297 webserver.cc:186] Document root disabled
I0710 23:26:29.009068 19297 webserver.cc:313] Webserver started. Bound to: http://127.18.43.2:35457/
I0710 23:26:29.009601 19297 server_base.cc:607] Dumped server information to /tmp/dist-test-taskXw_ur6/test-tmp/tablet_copy_client_session-itest.0.TabletCopyClientSessionITest.TestStartTabletCopyWhileSourceBootstrapping.1531265186290008-18604/minicluster-data/ts-1/data/info.pb
I0710 23:26:29.010035 19297 tablet_server_main.cc:93] Tablet server successfully started.
I0710 23:26:29.017632 19416 heartbeater.cc:346] Connected to a master server at 127.18.43.62:40099
I0710 23:26:29.017761 19416 heartbeater.cc:426] Registering TS with master...
I0710 23:26:29.018111 19416 heartbeater.cc:475] Master 127.18.43.62:40099 requested a full tablet report, sending...
I0710 23:26:29.018987 18957 ts_manager.cc:104] Re-registered known tserver with Master: 319a0ce5d3df4b83a7c6efed0459c572 (127.18.43.2:41321)
I0710 23:26:29.019498 18604 external_mini_cluster.cc:871] Started /tmp/dist-test-taskXw_ur6/build/debug/bin/kudu-tserver as pid 19297
I0710 23:26:29.019582 18604 tablet_copy_client_session-itest.cc:143] Starting loop 1
I0710 23:26:29.019623 18604 external_mini_cluster.cc:1008] Killing /tmp/dist-test-taskXw_ur6/build/debug/bin/kudu-tserver with pid 19158
I0710 23:26:29.019683 18957 master_service.cc:249] Signed X509 certificate for tserver {username='slave'} at 127.18.43.2:58869
W0710 23:26:29.023330 18941 connection.cc:512] server connection from 127.18.43.1:50623 recv error: Network error: failed to read from TLS socket (remote: 127.18.43.1:50623): Connection reset by peer (error 104)
I0710 23:26:29.023887 18604 external_mini_cluster.cc:809] Running /tmp/dist-test-taskXw_ur6/build/debug/bin/kudu-tserver /tmp/dist-test-taskXw_ur6/build/debug/bin/kudu-tserver --fs_wal_dir=/tmp/dist-test-taskXw_ur6/test-tmp/tablet_copy_client_session-itest.0.TabletCopyClientSessionITest.TestStartTabletCopyWhileSourceBootstrapping.1531265186290008-18604/minicluster-data/ts-0/wal --fs_data_dirs=/tmp/dist-test-taskXw_ur6/test-tmp/tablet_copy_client_session-itest.0.TabletCopyClientSessionITest.TestStartTabletCopyWhileSourceBootstrapping.1531265186290008-18604/minicluster-data/ts-0/data --block_manager=log --rpc_bind_addresses=127.18.43.1:35889 --local_ip_for_outbound_sockets=127.18.43.1 --webserver_port=45729 --webserver_interface=127.18.43.1 --tserver_master_addrs=127.18.43.62:40099 --never_fsync --ipki_server_key_size=1024 --enable_minidumps=false --redact=none --metrics_log_interval_ms=1000 --logtostderr --logbuflevel=-1 --log_dir=/tmp/dist-test-taskXw_ur6/test-tmp/tablet_copy_client_session-itest.0.TabletCopyClientSessionITest.TestStartTabletCopyWhileSourceBootstrapping.1531265186290008-18604/minicluster-data/ts-0/logs --server_dump_info_path=/tmp/dist-test-taskXw_ur6/test-tmp/tablet_copy_client_session-itest.0.TabletCopyClientSessionITest.TestStartTabletCopyWhileSourceBootstrapping.1531265186290008-18604/minicluster-data/ts-0/data/info.pb --server_dump_info_format=pb --rpc_server_allow_ephemeral_ports --unlock_experimental_flags --unlock_unsafe_flags with env {}
I0710 23:26:29.030467 19427 ts_tablet_manager.cc:669] T db0b5751c95748c49ca3272e013e7ee3 P 319a0ce5d3df4b83a7c6efed0459c572: Initiating tablet copy from peer 9c528fbbfce246539f8bcbc2dbe1a353 (127.18.43.1:35889)
I0710 23:26:29.030664 19427 tablet_copy_client.cc:239] T db0b5751c95748c49ca3272e013e7ee3 P 319a0ce5d3df4b83a7c6efed0459c572: tablet copy: Beginning tablet copy session from remote peer at address 127.18.43.1:35889
I0710 23:26:29.035235 19427 ts_tablet_manager.cc:669] T db0b5751c95748c49ca3272e013e7ee3 P 319a0ce5d3df4b83a7c6efed0459c572: Initiating tablet copy from peer 9c528fbbfce246539f8bcbc2dbe1a353 (127.18.43.1:35889)
I0710 23:26:29.035331 19427 tablet_copy_client.cc:239] T db0b5751c95748c49ca3272e013e7ee3 P 319a0ce5d3df4b83a7c6efed0459c572: tablet copy: Beginning tablet copy session from remote peer at address 127.18.43.1:35889
I0710 23:26:29.038126 19427 ts_tablet_manager.cc:669] T db0b5751c95748c49ca3272e013e7ee3 P 319a0ce5d3df4b83a7c6efed0459c572: Initiating tablet copy from peer 9c528fbbfce246539f8bcbc2dbe1a353 (127.18.43.1:35889)
I0710 23:26:29.038226 19427 tablet_copy_client.cc:239] T db0b5751c95748c49ca3272e013e7ee3 P 319a0ce5d3df4b83a7c6efed0459c572: tablet copy: Beginning tablet copy session from remote peer at address 127.18.43.1:35889 WARNING: Logging before InitGoogleLogging() is written to STDERR
W0710 23:26:29.062943 19425 flags.cc:406] Enabled unsafe flag: --rpc_server_allow_ephemeral_ports=true
W0710 23:26:29.063129 19425 flags.cc:406] Enabled unsafe flag: --never_fsync=true
I0710 23:26:29.063252 19427 ts_tablet_manager.cc:669] T db0b5751c95748c49ca3272e013e7ee3 P 319a0ce5d3df4b83a7c6efed0459c572: Initiating tablet copy from peer 9c528fbbfce246539f8bcbc2dbe1a353 (127.18.43.1:35889)
I0710 23:26:29.063366 19427 tablet_copy_client.cc:239] T db0b5751c95748c49ca3272e013e7ee3 P 319a0ce5d3df4b83a7c6efed0459c572: tablet copy: Beginning tablet copy session from remote peer at address 127.18.43.1:35889
W0710 23:26:29.063920 19425 flags.cc:406] Enabled experimental flag: --ipki_server_key_size=1024
W0710 23:26:29.063967 19425 flags.cc:406] Enabled experimental flag: --local_ip_for_outbound_sockets=127.18.43.1
I0710 23:26:29.065310 19425 tablet_server_main.cc:78] Tablet server non-default flags: --fs_data_dirs=/tmp/dist-test-taskXw_ur6/test-tmp/tablet_copy_client_session-itest.0.TabletCopyClientSessionITest.TestStartTabletCopyWhileSourceBootstrapping.1531265186290008-18604/minicluster-data/ts-0/data --fs_wal_dir=/tmp/dist-test-taskXw_ur6/test-tmp/tablet_copy_client_session-itest.0.TabletCopyClientSessionITest.TestStartTabletCopyWhileSourceBootstrapping.1531265186290008-18604/minicluster-data/ts-0/wal --ipki_server_key_size=1024 --rpc_bind_addresses=127.18.43.1:35889 --rpc_server_allow_ephemeral_ports=true --metrics_log_interval_ms=1000 --server_dump_info_format=pb --server_dump_info_path=/tmp/dist-test-taskXw_ur6/test-tmp/tablet_copy_client_session-itest.0.TabletCopyClientSessionITest.TestStartTabletCopyWhileSourceBootstrapping.1531265186290008-18604/minicluster-data/ts-0/data/info.pb --webserver_interface=127.18.43.1 --webserver_port=45729 --tserver_master_addrs=127.18.43.62:40099 --never_fsync=true --redact=none --unlock_experimental_flags=true --unlock_unsafe_flags=true --enable_minidumps=false --local_ip_for_outbound_sockets=127.18.43.1 --log_dir=/tmp/dist-test-taskXw_ur6/test-tmp/tablet_copy_client_session-itest.0.TabletCopyClientSessionITest.TestStartTabletCopyWhileSourceBootstrapping.1531265186290008-18604/minicluster-data/ts-0/logs --logbuflevel=-1 --logtostderr=true Tablet server version: kudu 1.8.0-SNAPSHOT revision 025067de3b780c42022b7a08ed16eb82cdb574dc build type DEBUG built by None at 10 Jul 2018 23:14:03 UTC on jenkins-slave-8qw8 build id 14092
I0710 23:26:29.068661 19425 tablet_server_main.cc:85] Initializing tablet server...
I0710 23:26:29.069429 19425 system_ntp.cc:199] NTP initialized. Skew: 500ppm Current error: 189016us
I0710 23:26:29.069922 19425 fs_manager.cc:261] Metadata directory not provided
I0710 23:26:29.069952 19425 fs_manager.cc:267] Using write-ahead log directory (fs_wal_dir) as metadata directory
I0710 23:26:29.073603 19425 fs_manager.cc:397] Time spent opening directory manager: real 0.003s user 0.004s sys 0.000s
I0710 23:26:29.074102 19425 env_posix.cc:1674] Not raising this process' open files per process limit of 1048576; it is already as high as it can go
I0710 23:26:29.074362 19425 file_cache.cc:470] Constructed file cache lbm with capacity 419430
I0710 23:26:29.074525 19427 ts_tablet_manager.cc:669] T db0b5751c95748c49ca3272e013e7ee3 P 319a0ce5d3df4b83a7c6efed0459c572: Initiating tablet copy from peer 9c528fbbfce246539f8bcbc2dbe1a353 (127.18.43.1:35889)
I0710 23:26:29.074622 19427 tablet_copy_client.cc:239] T db0b5751c95748c49ca3272e013e7ee3 P 319a0ce5d3df4b83a7c6efed0459c572: tablet copy: Beginning tablet copy session from remote peer at address 127.18.43.1:35889
I0710 23:26:29.077143 19425 fs_manager.cc:417] Time spent opening block manager: real 0.001s user 0.000s sys 0.000s
I0710 23:26:29.077695 19425 fs_manager.cc:434] Opened local filesystem: /tmp/dist-test-taskXw_ur6/test-tmp/tablet_copy_client_session-itest.0.TabletCopyClientSessionITest.TestStartTabletCopyWhileSourceBootstrapping.1531265186290008-18604/minicluster-data/ts-0/data,/tmp/dist-test-taskXw_ur6/test-tmp/tablet_copy_client_session-itest.0.TabletCopyClientSessionITest.TestStartTabletCopyWhileSourceBootstrapping.1531265186290008-18604/minicluster-data/ts-0/wal uuid: "9c528fbbfce246539f8bcbc2dbe1a353" format_stamp: "Formatted at 2018-07-10 23:26:26 on dist-test-slave-dist-test-slave-4h7p"
I0710 23:26:29.077791 19425 fs_report.cc:352] FS layout report -------------------- wal directory: /tmp/dist-test-taskXw_ur6/test-tmp/tablet_copy_client_session-itest.0.TabletCopyClientSessionITest.TestStartTabletCopyWhileSourceBootstrapping.1531265186290008-18604/minicluster-data/ts-0/wal metadata directory: /tmp/dist-test-taskXw_ur6/test-tmp/tablet_copy_client_session-itest.0.TabletCopyClientSessionITest.TestStartTabletCopyWhileSourceBootstrapping.1531265186290008-18604/minicluster-data/ts-0/wal 1 data directories: /tmp/dist-test-taskXw_ur6/test-tmp/tablet_copy_client_session-itest.0.TabletCopyClientSessionITest.TestStartTabletCopyWhileSourceBootstrapping.1531265186290008-18604/minicluster-data/ts-0/data/data Total live blocks: 0 Total live bytes: 0 Total live bytes (after alignment): 0 Total number of LBM containers: 0 (0 full) Did not check for missing blocks Did not check for orphaned blocks Total full LBM containers with extra space: 0 (0 repaired) Total full LBM container extra space in bytes: 0 (0 repaired) Total incomplete LBM containers: 0 (0 repaired) Total LBM partial records: 0 (0 repaired)
I0710 23:26:29.078536 19427 ts_tablet_manager.cc:669] T db0b5751c95748c49ca3272e013e7ee3 P 319a0ce5d3df4b83a7c6efed0459c572: Initiating tablet copy from peer 9c528fbbfce246539f8bcbc2dbe1a353 (127.18.43.1:35889)
I0710 23:26:29.078627 19427 tablet_copy_client.cc:239] T db0b5751c95748c49ca3272e013e7ee3 P 319a0ce5d3df4b83a7c6efed0459c572: tablet copy: Beginning tablet copy session from remote peer at address 127.18.43.1:35889
I0710 23:26:29.083007 19427 ts_tablet_manager.cc:669] T db0b5751c95748c49ca3272e013e7ee3 P 319a0ce5d3df4b83a7c6efed0459c572: Initiating tablet copy from peer 9c528fbbfce246539f8bcbc2dbe1a353 (127.18.43.1:35889)
I0710 23:26:29.083111 19427 tablet_copy_client.cc:239] T db0b5751c95748c49ca3272e013e7ee3 P 319a0ce5d3df4b83a7c6efed0459c572: tablet copy: Beginning tablet copy session from remote peer at address 127.18.43.1:35889
I0710 23:26:29.085618 19427 ts_tablet_manager.cc:669] T db0b5751c95748c49ca3272e013e7ee3 P 319a0ce5d3df4b83a7c6efed0459c572: Initiating tablet copy from peer 9c528fbbfce246539f8bcbc2dbe1a353 (127.18.43.1:35889)
I0710 23:26:29.085716 19427 tablet_copy_client.cc:239] T db0b5751c95748c49ca3272e013e7ee3 P 319a0ce5d3df4b83a7c6efed0459c572: tablet copy: Beginning tablet copy session from remote peer at address 127.18.43.1:35889
I0710 23:26:29.097404 19427 ts_tablet_manager.cc:669] T db0b5751c95748c49ca3272e013e7ee3 P 319a0ce5d3df4b83a7c6efed0459c572: Initiating tablet copy from peer 9c528fbbfce246539f8bcbc2dbe1a353 (127.18.43.1:35889)
I0710 23:26:29.097517 19427 tablet_copy_client.cc:239] T db0b5751c95748c49ca3272e013e7ee3 P 319a0ce5d3df4b83a7c6efed0459c572: tablet copy: Beginning tablet copy session from remote peer at address 127.18.43.1:35889
I0710 23:26:29.105074 19427 ts_tablet_manager.cc:669] T db0b5751c95748c49ca3272e013e7ee3 P 319a0ce5d3df4b83a7c6efed0459c572: Initiating tablet copy from peer 9c528fbbfce246539f8bcbc2dbe1a353 (127.18.43.1:35889)
I0710 23:26:29.105181 19427 tablet_copy_client.cc:239] T db0b5751c95748c49ca3272e013e7ee3 P 319a0ce5d3df4b83a7c6efed0459c572: tablet copy: Beginning tablet copy session from remote peer at address 127.18.43.1:35889
I0710 23:26:29.110777 19427 ts_tablet_manager.cc:669] T db0b5751c95748c49ca3272e013e7ee3 P 319a0ce5d3df4b83a7c6efed0459c572: Initiating tablet copy from peer 9c528fbbfce246539f8bcbc2dbe1a353 (127.18.43.1:35889)
I0710 23:26:29.110878 19427 tablet_copy_client.cc:239] T db0b5751c95748c49ca3272e013e7ee3 P 319a0ce5d3df4b83a7c6efed0459c572: tablet copy: Beginning tablet copy session from remote peer at address 127.18.43.1:35889
I0710 23:26:29.111536 19425 env_posix.cc:1674] Not raising this process' running threads per effective uid limit of 18446744073709551615; it is already as high as it can go
I0710 23:26:29.112433 19425 ts_tablet_manager.cc:344] Loading tablet metadata (0/1 complete)
I0710 23:26:29.112465 19425 ts_tablet_manager.cc:1005] T db0b5751c95748c49ca3272e013e7ee3 P 9c528fbbfce246539f8bcbc2dbe1a353: Loading tablet metadata
I0710 23:26:29.112924 19427 ts_tablet_manager.cc:669] T db0b5751c95748c49ca3272e013e7ee3 P 319a0ce5d3df4b83a7c6efed0459c572: Initiating tablet copy from peer 9c528fbbfce246539f8bcbc2dbe1a353 (127.18.43.1:35889)
I0710 23:26:29.112999 19427 tablet_copy_client.cc:239] T db0b5751c95748c49ca3272e013e7ee3 P 319a0ce5d3df4b83a7c6efed0459c572: tablet copy: Beginning tablet copy session from remote peer at address 127.18.43.1:35889
I0710 23:26:29.114876 19425 ts_tablet_manager.cc:356] Loaded tablet metadata (1 live tablets)
I0710 23:26:29.116173 19425 ts_tablet_manager.cc:1173] T db0b5751c95748c49ca3272e013e7ee3 P 9c528fbbfce246539f8bcbc2dbe1a353: Registered tablet (data state: TABLET_DATA_READY)
I0710 23:26:29.116466 19425 tablet_server_main.cc:90] Starting tablet server...
I0710 23:26:29.116525 19445 ts_tablet_manager.cc:1028] T db0b5751c95748c49ca3272e013e7ee3 P 9c528fbbfce246539f8bcbc2dbe1a353: Bootstrapping tablet
I0710 23:26:29.116768 19445 tablet_bootstrap.cc:427] T db0b5751c95748c49ca3272e013e7ee3 P 9c528fbbfce246539f8bcbc2dbe1a353: Bootstrap starting.
I0710 23:26:29.121922 19425 rpc_server.cc:205] RPC server started. Bound to: 127.18.43.1:35889
I0710 23:26:29.122239 19425 webserver.cc:175] Starting webserver on 127.18.43.1:45729
I0710 23:26:29.122256 19425 webserver.cc:186] Document root disabled
I0710 23:26:29.122624 19425 webserver.cc:313] Webserver started. Bound to: http://127.18.43.1:45729/
I0710 23:26:29.123144 19427 ts_tablet_manager.cc:669] T db0b5751c95748c49ca3272e013e7ee3 P 319a0ce5d3df4b83a7c6efed0459c572: Initiating tablet copy from peer 9c528fbbfce246539f8bcbc2dbe1a353 (127.18.43.1:35889)
I0710 23:26:29.123157 19425 server_base.cc:607] Dumped server information to /tmp/dist-test-taskXw_ur6/test-tmp/tablet_copy_client_session-itest.0.TabletCopyClientSessionITest.TestStartTabletCopyWhileSourceBootstrapping.1531265186290008-18604/minicluster-data/ts-0/data/info.pb
I0710 23:26:29.123236 19427 tablet_copy_client.cc:239] T db0b5751c95748c49ca3272e013e7ee3 P 319a0ce5d3df4b83a7c6efed0459c572: tablet copy: Beginning tablet copy session from remote peer at address 127.18.43.1:35889
I0710 23:26:29.123507 19425 tablet_server_main.cc:93] Tablet server successfully started.
I0710 23:26:29.127660 18604 external_mini_cluster.cc:871] Started /tmp/dist-test-taskXw_ur6/build/debug/bin/kudu-tserver as pid 19425
I0710 23:26:29.131085 19550 heartbeater.cc:346] Connected to a master server at 127.18.43.62:40099
I0710 23:26:29.131201 19550 heartbeater.cc:426] Registering TS with master...
I0710 23:26:29.131242 19527 tablet_copy_service.cc:135] P 9c528fbbfce246539f8bcbc2dbe1a353: Received BeginTabletCopySession request for tablet db0b5751c95748c49ca3272e013e7ee3 from peer 319a0ce5d3df4b83a7c6efed0459c572 ({username='slave'} at 127.18.43.2:46749)
I0710 23:26:29.131357 19527 tablet_copy_service.cc:156] P 9c528fbbfce246539f8bcbc2dbe1a353: Beginning new tablet copy session on tablet db0b5751c95748c49ca3272e013e7ee3 from peer 319a0ce5d3df4b83a7c6efed0459c572 at {username='slave'} at 127.18.43.2:46749: session id = 319a0ce5d3df4b83a7c6efed0459c572-db0b5751c95748c49ca3272e013e7ee3
I0710 23:26:29.131547 19550 heartbeater.cc:475] Master 127.18.43.62:40099 requested a full tablet report, sending...
W0710 23:26:29.131556 19527 tablet_copy_service.cc:458] P 9c528fbbfce246539f8bcbc2dbe1a353: Error handling TabletCopyService RPC request from {username='slave'} at 127.18.43.2:46749: Error beginning tablet copy session for tablet db0b5751c95748c49ca3272e013e7ee3: Illegal state: The tablet is not in a running state: BOOTSTRAPPING
I0710 23:26:29.133548 18957 ts_manager.cc:104] Re-registered known tserver with Master: 9c528fbbfce246539f8bcbc2dbe1a353 (127.18.43.1:35889)
I0710 23:26:29.134320 18957 master_service.cc:249] Signed X509 certificate for tserver {username='slave'} at 127.18.43.1:47563
I0710 23:26:29.135066 19427 ts_tablet_manager.cc:669] T db0b5751c95748c49ca3272e013e7ee3 P 319a0ce5d3df4b83a7c6efed0459c572: Initiating tablet copy from peer 9c528fbbfce246539f8bcbc2dbe1a353 (127.18.43.1:35889)
I0710 23:26:29.135169 19427 tablet_copy_client.cc:239] T db0b5751c95748c49ca3272e013e7ee3 P 319a0ce5d3df4b83a7c6efed0459c572: tablet copy: Beginning tablet copy session from remote peer at address 127.18.43.1:35889
I0710 23:26:29.135682 19527 tablet_copy_service.cc:135] P 9c528fbbfce246539f8bcbc2dbe1a353: Received BeginTabletCopySession request for tablet db0b5751c95748c49ca3272e013e7ee3 from peer 319a0ce5d3df4b83a7c6efed0459c572 ({username='slave'} at 127.18.43.2:46749)
I0710 23:26:29.135735 19527 tablet_copy_service.cc:156] P 9c528fbbfce246539f8bcbc2dbe1a353: Beginning new tablet copy session on tablet db0b5751c95748c49ca3272e013e7ee3 from peer 319a0ce5d3df4b83a7c6efed0459c572 at {username='slave'} at 127.18.43.2:46749: session id = 319a0ce5d3df4b83a7c6efed0459c572-db0b5751c95748c49ca3272e013e7ee3
W0710 23:26:29.135798 19527 tablet_copy_service.cc:458] P 9c528fbbfce246539f8bcbc2dbe1a353: Error handling TabletCopyService RPC request from {username='slave'} at 127.18.43.2:46749: Error beginning tablet copy session for tablet db0b5751c95748c49ca3272e013e7ee3: Illegal state: The tablet is not in a running state: BOOTSTRAPPING
I0710 23:26:29.141325 19445 log.cc:525] T db0b5751c95748c49ca3272e013e7ee3 P 9c528fbbfce246539f8bcbc2dbe1a353: Log is configured to *not* fsync() on all Append() calls
I0710 23:26:29.155017 19427 ts_tablet_manager.cc:669] T db0b5751c95748c49ca3272e013e7ee3 P 319a0ce5d3df4b83a7c6efed0459c572: Initiating tablet copy from peer 9c528fbbfce246539f8bcbc2dbe1a353 (127.18.43.1:35889)
I0710 23:26:29.155117 19427 tablet_copy_client.cc:239] T db0b5751c95748c49ca3272e013e7ee3 P 319a0ce5d3df4b83a7c6efed0459c572: tablet copy: Beginning tablet copy session from remote peer at address 127.18.43.1:35889
I0710 23:26:29.155681 19527 tablet_copy_service.cc:135] P 9c528fbbfce246539f8bcbc2dbe1a353: Received BeginTabletCopySession request for tablet db0b5751c95748c49ca3272e013e7ee3 from peer 319a0ce5d3df4b83a7c6efed0459c572 ({username='slave'} at 127.18.43.2:46749)
I0710 23:26:29.155730 19527 tablet_copy_service.cc:156] P 9c528fbbfce246539f8bcbc2dbe1a353: Beginning new tablet copy session on tablet db0b5751c95748c49ca3272e013e7ee3 from peer 319a0ce5d3df4b83a7c6efed0459c572 at {username='slave'} at 127.18.43.2:46749: session id = 319a0ce5d3df4b83a7c6efed0459c572-db0b5751c95748c49ca3272e013e7ee3
W0710 23:26:29.155786 19527 tablet_copy_service.cc:458] P 9c528fbbfce246539f8bcbc2dbe1a353: Error handling TabletCopyService RPC request from {username='slave'} at 127.18.43.2:46749: Error beginning tablet copy session for tablet db0b5751c95748c49ca3272e013e7ee3: Illegal state: The tablet is not in a running state: BOOTSTRAPPING
I0710 23:26:29.158744 19427 ts_tablet_manager.cc:669] T db0b5751c95748c49ca3272e013e7ee3 P 319a0ce5d3df4b83a7c6efed0459c572: Initiating tablet copy from peer 9c528fbbfce246539f8bcbc2dbe1a353 (127.18.43.1:35889)
I0710 23:26:29.158838 19427 tablet_copy_client.cc:239] T db0b5751c95748c49ca3272e013e7ee3 P 319a0ce5d3df4b83a7c6efed0459c572: tablet copy: Beginning tablet copy session from remote peer at address 127.18.43.1:35889
I0710 23:26:29.159333 19527 tablet_copy_service.cc:135] P 9c528fbbfce246539f8bcbc2dbe1a353: Received BeginTabletCopySession request for tablet db0b5751c95748c49ca3272e013e7ee3 from peer 319a0ce5d3df4b83a7c6efed0459c572 ({username='slave'} at 127.18.43.2:46749)
I0710 23:26:29.159399 19527 tablet_copy_service.cc:156] P 9c528fbbfce246539f8bcbc2dbe1a353: Beginning new tablet copy session on tablet db0b5751c95748c49ca3272e013e7ee3 from peer 319a0ce5d3df4b83a7c6efed0459c572 at {username='slave'} at 127.18.43.2:46749: session id = 319a0ce5d3df4b83a7c6efed0459c572-db0b5751c95748c49ca3272e013e7ee3
W0710 23:26:29.159454 19527 tablet_copy_service.cc:458] P 9c528fbbfce246539f8bcbc2dbe1a353: Error handling TabletCopyService RPC request from {username='slave'} at 127.18.43.2:46749: Error beginning tablet copy session for tablet db0b5751c95748c49ca3272e013e7ee3: Illegal state: The tablet is not in a running state: BOOTSTRAPPING
I0710 23:26:29.160660 19427 ts_tablet_manager.cc:669] T db0b5751c95748c49ca3272e013e7ee3 P 319a0ce5d3df4b83a7c6efed0459c572: Initiating tablet copy from peer 9c528fbbfce246539f8bcbc2dbe1a353 (127.18.43.1:35889)
I0710 23:26:29.160742 19427 tablet_copy_client.cc:239] T db0b5751c95748c49ca3272e013e7ee3 P 319a0ce5d3df4b83a7c6efed0459c572: tablet copy: Beginning tablet copy session from remote peer at address 127.18.43.1:35889
I0710 23:26:29.161134 19527 tablet_copy_service.cc:135] P 9c528fbbfce246539f8bcbc2dbe1a353: Received BeginTabletCopySession request for tablet db0b5751c95748c49ca3272e013e7ee3 from peer 319a0ce5d3df4b83a7c6efed0459c572 ({username='slave'} at 127.18.43.2:46749)
I0710 23:26:29.161175 19527 tablet_copy_service.cc:156] P 9c528fbbfce246539f8bcbc2dbe1a353: Beginning new tablet copy session on tablet db0b5751c95748c49ca3272e013e7ee3 from peer 319a0ce5d3df4b83a7c6efed0459c572 at {username='slave'} at 127.18.43.2:46749: session id = 319a0ce5d3df4b83a7c6efed0459c572-db0b5751c95748c49ca3272e013e7ee3
W0710 23:26:29.161221 19527 tablet_copy_service.cc:458] P 9c528fbbfce246539f8bcbc2dbe1a353: Error handling TabletCopyService RPC request from {username='slave'} at 127.18.43.2:46749: Error beginning tablet copy session for tablet db0b5751c95748c49ca3272e013e7ee3: Illegal state: The tablet is not in a running state: BOOTSTRAPPING
I0710 23:26:29.165082 19427 ts_tablet_manager.cc:669] T db0b5751c95748c49ca3272e013e7ee3 P 319a0ce5d3df4b83a7c6efed0459c572: Initiating tablet copy from peer 9c528fbbfce246539f8bcbc2dbe1a353 (127.18.43.1:35889)
I0710 23:26:29.165174 19427 tablet_copy_client.cc:239] T db0b5751c95748c49ca3272e013e7ee3 P 319a0ce5d3df4b83a7c6efed0459c572: tablet copy: Beginning tablet copy session from remote peer at address 127.18.43.1:35889
I0710 23:26:29.165704 19527 tablet_copy_service.cc:135] P 9c528fbbfce246539f8bcbc2dbe1a353: Received BeginTabletCopySession request for tablet db0b5751c95748c49ca3272e013e7ee3 from peer 319a0ce5d3df4b83a7c6efed0459c572 ({username='slave'} at 127.18.43.2:46749)
I0710 23:26:29.165757 19527 tablet_copy_service.cc:156] P 9c528fbbfce246539f8bcbc2dbe1a353: Beginning new tablet copy session on tablet db0b5751c95748c49ca3272e013e7ee3 from peer 319a0ce5d3df4b83a7c6efed0459c572 at {username='slave'} at 127.18.43.2:46749: session id = 319a0ce5d3df4b83a7c6efed0459c572-db0b5751c95748c49ca3272e013e7ee3
W0710 23:26:29.165807 19527 tablet_copy_service.cc:458] P 9c528fbbfce246539f8bcbc2dbe1a353: Error handling TabletCopyService RPC request from {username='slave'} at 127.18.43.2:46749: Error beginning tablet copy session for tablet db0b5751c95748c49ca3272e013e7ee3: Illegal state: The tablet is not in a running state: BOOTSTRAPPING
I0710 23:26:29.191787 19427 ts_tablet_manager.cc:669] T db0b5751c95748c49ca3272e013e7ee3 P 319a0ce5d3df4b83a7c6efed0459c572: Initiating tablet copy from peer 9c528fbbfce246539f8bcbc2dbe1a353 (127.18.43.1:35889)
I0710 23:26:29.191891 19427 tablet_copy_client.cc:239] T db0b5751c95748c49ca3272e013e7ee3 P 319a0ce5d3df4b83a7c6efed0459c572: tablet copy: Beginning tablet copy session from remote peer at address 127.18.43.1:35889
I0710 23:26:29.192457 19527 tablet_copy_service.cc:135] P 9c528fbbfce246539f8bcbc2dbe1a353: Received BeginTabletCopySession request for tablet db0b5751c95748c49ca3272e013e7ee3 from peer 319a0ce5d3df4b83a7c6efed0459c572 ({username='slave'} at 127.18.43.2:46749)
I0710 23:26:29.192512 19527 tablet_copy_service.cc:156] P 9c528fbbfce246539f8bcbc2dbe1a353: Beginning new tablet copy session on tablet db0b5751c95748c49ca3272e013e7ee3 from peer 319a0ce5d3df4b83a7c6efed0459c572 at {username='slave'} at 127.18.43.2:46749: session id = 319a0ce5d3df4b83a7c6efed0459c572-db0b5751c95748c49ca3272e013e7ee3
W0710 23:26:29.192564 19527 tablet_copy_service.cc:458] P 9c528fbbfce246539f8bcbc2dbe1a353: Error handling TabletCopyService RPC request from {username='slave'} at 127.18.43.2:46749: Error beginning tablet copy session for tablet db0b5751c95748c49ca3272e013e7ee3: Illegal state: The tablet is not in a running state: BOOTSTRAPPING
I0710 23:26:29.199035 19427 ts_tablet_manager.cc:669] T db0b5751c95748c49ca3272e013e7ee3 P 319a0ce5d3df4b83a7c6efed0459c572: Initiating tablet copy from peer 9c528fbbfce246539f8bcbc2dbe1a353 (127.18.43.1:35889)
I0710 23:26:29.199132 19427 tablet_copy_client.cc:239] T db0b5751c95748c49ca3272e013e7ee3 P 319a0ce5d3df4b83a7c6efed0459c572: tablet copy: Beginning tablet copy session from remote peer at address 127.18.43.1:35889
I0710 23:26:29.199687 19527 tablet_copy_service.cc:135] P 9c528fbbfce246539f8bcbc2dbe1a353: Received BeginTabletCopySession request for tablet db0b5751c95748c49ca3272e013e7ee3 from peer 319a0ce5d3df4b83a7c6efed0459c572 ({username='slave'} at 127.18.43.2:46749)
I0710 23:26:29.199735 19527 tablet_copy_service.cc:156] P 9c528fbbfce246539f8bcbc2dbe1a353: Beginning new tablet copy session on tablet db0b5751c95748c49ca3272e013e7ee3 from peer 319a0ce5d3df4b83a7c6efed0459c572 at {username='slave'} at 127.18.43.2:46749: session id = 319a0ce5d3df4b83a7c6efed0459c572-db0b5751c95748c49ca3272e013e7ee3
W0710 23:26:29.199787 19527 tablet_copy_service.cc:458] P 9c528fbbfce246539f8bcbc2dbe1a353: Error handling TabletCopyService RPC request from {username='slave'} at 127.18.43.2:46749: Error beginning tablet copy session for tablet db0b5751c95748c49ca3272e013e7ee3: Illegal state: The tablet is not in a running state: BOOTSTRAPPING
I0710 23:26:29.201836 19427 ts_tablet_manager.cc:669] T db0b5751c95748c49ca3272e013e7ee3 P 319a0ce5d3df4b83a7c6efed0459c572: Initiating tablet copy from peer 9c528fbbfce246539f8bcbc2dbe1a353 (127.18.43.1:35889)
I0710 23:26:29.201922 19427 tablet_copy_client.cc:239] T db0b5751c95748c49ca3272e013e7ee3 P 319a0ce5d3df4b83a7c6efed0459c572: tablet copy: Beginning tablet copy session from remote peer at address 127.18.43.1:35889
I0710 23:26:29.202358 19527 tablet_copy_service.cc:135] P 9c528fbbfce246539f8bcbc2dbe1a353: Received BeginTabletCopySession request for tablet db0b5751c95748c49ca3272e013e7ee3 from peer 319a0ce5d3df4b83a7c6efed0459c572 ({username='slave'} at 127.18.43.2:46749)
I0710 23:26:29.202410 19527 tablet_copy_service.cc:156] P 9c528fbbfce246539f8bcbc2dbe1a353: Beginning new tablet copy session on tablet db0b5751c95748c49ca3272e013e7ee3 from peer 319a0ce5d3df4b83a7c6efed0459c572 at {username='slave'} at 127.18.43.2:46749: session id = 319a0ce5d3df4b83a7c6efed0459c572-db0b5751c95748c49ca3272e013e7ee3
W0710 23:26:29.202462 19527 tablet_copy_service.cc:458] P 9c528fbbfce246539f8bcbc2dbe1a353: Error handling TabletCopyService RPC request from {username='slave'} at 127.18.43.2:46749: Error beginning tablet copy session for tablet db0b5751c95748c49ca3272e013e7ee3: Illegal state: The tablet is not in a running state: BOOTSTRAPPING
I0710 23:26:29.204164 19427 ts_tablet_manager.cc:669] T db0b5751c95748c49ca3272e013e7ee3 P 319a0ce5d3df4b83a7c6efed0459c572: Initiating tablet copy from peer 9c528fbbfce246539f8bcbc2dbe1a353 (127.18.43.1:35889)
I0710 23:26:29.204241 19427 tablet_copy_client.cc:239] T db0b5751c95748c49ca3272e013e7ee3 P 319a0ce5d3df4b83a7c6efed0459c572: tablet copy: Beginning tablet copy session from remote peer at address 127.18.43.1:35889
I0710 23:26:29.204710 19527 tablet_copy_service.cc:135] P 9c528fbbfce246539f8bcbc2dbe1a353: Received BeginTabletCopySession request for tablet db0b5751c95748c49ca3272e013e7ee3 from peer 319a0ce5d3df4b83a7c6efed0459c572 ({username='slave'} at 127.18.43.2:46749)
I0710 23:26:29.204754 19527 tablet_copy_service.cc:156] P 9c528fbbfce246539f8bcbc2dbe1a353: Beginning new tablet copy session on tablet db0b5751c95748c49ca3272e013e7ee3 from peer 319a0ce5d3df4b83a7c6efed0459c572 at {username='slave'} at 127.18.43.2:46749: session id = 319a0ce5d3df4b83a7c6efed0459c572-db0b5751c95748c49ca3272e013e7ee3
W0710 23:26:29.204799 19527 tablet_copy_service.cc:458] P 9c528fbbfce246539f8bcbc2dbe1a353: Error handling TabletCopyService RPC request from {username='slave'} at 127.18.43.2:46749: Error beginning tablet copy session for tablet db0b5751c95748c49ca3272e013e7ee3: Illegal state: The tablet is not in a running state: BOOTSTRAPPING
I0710 23:26:29.210947 19427 ts_tablet_manager.cc:669] T db0b5751c95748c49ca3272e013e7ee3 P 319a0ce5d3df4b83a7c6efed0459c572: Initiating tablet copy from peer 9c528fbbfce246539f8bcbc2dbe1a353 (127.18.43.1:35889)
I0710 23:26:29.211041 19427 tablet_copy_client.cc:239] T db0b5751c95748c49ca3272e013e7ee3 P 319a0ce5d3df4b83a7c6efed0459c572: tablet copy: Beginning tablet copy session from remote peer at address 127.18.43.1:35889
I0710 23:26:29.211627 19527 tablet_copy_service.cc:135] P 9c528fbbfce246539f8bcbc2dbe1a353: Received BeginTabletCopySession request for tablet db0b5751c95748c49ca3272e013e7ee3 from peer 319a0ce5d3df4b83a7c6efed0459c572 ({username='slave'} at 127.18.43.2:46749)
I0710 23:26:29.211680 19527 tablet_copy_service.cc:156] P 9c528fbbfce246539f8bcbc2dbe1a353: Beginning new tablet copy session on tablet db0b5751c95748c49ca3272e013e7ee3 from peer 319a0ce5d3df4b83a7c6efed0459c572 at {username='slave'} at 127.18.43.2:46749: session id = 319a0ce5d3df4b83a7c6efed0459c572-db0b5751c95748c49ca3272e013e7ee3
W0710 23:26:29.211733 19527 tablet_copy_service.cc:458] P 9c528fbbfce246539f8bcbc2dbe1a353: Error handling TabletCopyService RPC request from {username='slave'} at 127.18.43.2:46749: Error beginning tablet copy session for tablet db0b5751c95748c49ca3272e013e7ee3: Illegal state: The tablet is not in a running state: BOOTSTRAPPING
I0710 23:26:29.213109 19427 ts_tablet_manager.cc:669] T db0b5751c95748c49ca3272e013e7ee3 P 319a0ce5d3df4b83a7c6efed0459c572: Initiating tablet copy from peer 9c528fbbfce246539f8bcbc2dbe1a353 (127.18.43.1:35889)
I0710 23:26:29.213199 19427 tablet_copy_client.cc:239] T db0b5751c95748c49ca3272e013e7ee3 P 319a0ce5d3df4b83a7c6efed0459c572: tablet copy: Beginning tablet copy session from remote peer at address 127.18.43.1:35889
I0710 23:26:29.213618 19527 tablet_copy_service.cc:135] P 9c528fbbfce246539f8bcbc2dbe1a353: Received BeginTabletCopySession request for tablet db0b5751c95748c49ca3272e013e7ee3 from peer 319a0ce5d3df4b83a7c6efed0459c572 ({username='slave'} at 127.18.43.2:46749)
I0710 23:26:29.213661 19527 tablet_copy_service.cc:156] P 9c528fbbfce246539f8bcbc2dbe1a353: Beginning new tablet copy session on tablet db0b5751c95748c49ca3272e013e7ee3 from peer 319a0ce5d3df4b83a7c6efed0459c572 at {username='slave'} at 127.18.43.2:46749: session id = 319a0ce5d3df4b83a7c6efed0459c572-db0b5751c95748c49ca3272e013e7ee3
W0710 23:26:29.213707 19527 tablet_copy_service.cc:458] P 9c528fbbfce246539f8bcbc2dbe1a353: Error handling TabletCopyService RPC request from {username='slave'} at 127.18.43.2:46749: Error beginning tablet copy session for tablet db0b5751c95748c49ca3272e013e7ee3: Illegal state: The tablet is not in a running state: BOOTSTRAPPING
I0710 23:26:29.230954 19427 ts_tablet_manager.cc:669] T db0b5751c95748c49ca3272e013e7ee3 P 319a0ce5d3df4b83a7c6efed0459c572: Initiating tablet copy from peer 9c528fbbfce246539f8bcbc2dbe1a353 (127.18.43.1:35889)
I0710 23:26:29.231071 19427 tablet_copy_client.cc:239] T db0b5751c95748c49ca3272e013e7ee3 P 319a0ce5d3df4b83a7c6efed0459c572: tablet copy: Beginning tablet copy session from remote peer at address 127.18.43.1:35889
I0710 23:26:29.231672 19527 tablet_copy_service.cc:135] P 9c528fbbfce246539f8bcbc2dbe1a353: Received BeginTabletCopySession request for tablet db0b5751c95748c49ca3272e013e7ee3 from peer 319a0ce5d3df4b83a7c6efed0459c572 ({username='slave'} at 127.18.43.2:46749)
I0710 23:26:29.231722 19527 tablet_copy_service.cc:156] P 9c528fbbfce246539f8bcbc2dbe1a353: Beginning new tablet copy session on tablet db0b5751c95748c49ca3272e013e7ee3 from peer 319a0ce5d3df4b83a7c6efed0459c572 at {username='slave'} at 127.18.43.2:46749: session id = 319a0ce5d3df4b83a7c6efed0459c572-db0b5751c95748c49ca3272e013e7ee3
W0710 23:26:29.231778 19527 tablet_copy_service.cc:458] P 9c528fbbfce246539f8bcbc2dbe1a353: Error handling TabletCopyService RPC request from {username='slave'} at 127.18.43.2:46749: Error beginning tablet copy session for tablet db0b5751c95748c49ca3272e013e7ee3: Illegal state: The tablet is not in a running state: BOOTSTRAPPING
I0710 23:26:29.249269 19427 ts_tablet_manager.cc:669] T db0b5751c95748c49ca3272e013e7ee3 P 319a0ce5d3df4b83a7c6efed0459c572: Initiating tablet copy from peer 9c528fbbfce246539f8bcbc2dbe1a353 (127.18.43.1:35889)
I0710 23:26:29.249367 19427 tablet_copy_client.cc:239] T db0b5751c95748c49ca3272e013e7ee3 P 319a0ce5d3df4b83a7c6efed0459c572: tablet copy: Beginning tablet copy session from remote peer at address 127.18.43.1:35889
I0710 23:26:29.249881 19527 tablet_copy_service.cc:135] P 9c528fbbfce246539f8bcbc2dbe1a353: Received BeginTabletCopySession request for tablet db0b5751c95748c49ca3272e013e7ee3 from peer 319a0ce5d3df4b83a7c6efed0459c572 ({username='slave'} at 127.18.43.2:46749)
I0710 23:26:29.249933 19527 tablet_copy_service.cc:156] P 9c528fbbfce246539f8bcbc2dbe1a353: Beginning new tablet copy session on tablet db0b5751c95748c49ca3272e013e7ee3 from peer 319a0ce5d3df4b83a7c6efed0459c572 at {username='slave'} at 127.18.43.2:46749: session id = 319a0ce5d3df4b83a7c6efed0459c572-db0b5751c95748c49ca3272e013e7ee3
W0710 23:26:29.249985 19527 tablet_copy_service.cc:458] P 9c528fbbfce246539f8bcbc2dbe1a353: Error handling TabletCopyService RPC request from {username='slave'} at 127.18.43.2:46749: Error beginning tablet copy session for tablet db0b5751c95748c49ca3272e013e7ee3: Illegal state: The tablet is not in a running state: BOOTSTRAPPING
I0710 23:26:29.251720 19427 ts_tablet_manager.cc:669] T db0b5751c95748c49ca3272e013e7ee3 P 319a0ce5d3df4b83a7c6efed0459c572: Initiating tablet copy from peer 9c528fbbfce246539f8bcbc2dbe1a353 (127.18.43.1:35889)
I0710 23:26:29.251809 19427 tablet_copy_client.cc:239] T db0b5751c95748c49ca3272e013e7ee3 P 319a0ce5d3df4b83a7c6efed0459c572: tablet copy: Beginning tablet copy session from remote peer at address 127.18.43.1:35889
I0710 23:26:29.252246 19527 tablet_copy_service.cc:135] P 9c528fbbfce246539f8bcbc2dbe1a353: Received BeginTabletCopySession request for tablet db0b5751c95748c49ca3272e013e7ee3 from peer 319a0ce5d3df4b83a7c6efed0459c572 ({username='slave'} at 127.18.43.2:46749)
I0710 23:26:29.252297 19527 tablet_copy_service.cc:156] P 9c528fbbfce246539f8bcbc2dbe1a353: Beginning new tablet copy session on tablet db0b5751c95748c49ca3272e013e7ee3 from peer 319a0ce5d3df4b83a7c6efed0459c572 at {username='slave'} at 127.18.43.2:46749: session id = 319a0ce5d3df4b83a7c6efed0459c572-db0b5751c95748c49ca3272e013e7ee3
W0710 23:26:29.252351 19527 tablet_copy_service.cc:458] P 9c528fbbfce246539f8bcbc2dbe1a353: Error handling TabletCopyService RPC request from {username='slave'} at 127.18.43.2:46749: Error beginning tablet copy session for tablet db0b5751c95748c49ca3272e013e7ee3: Illegal state: The tablet is not in a running state: BOOTSTRAPPING
I0710 23:26:29.258078 19427 ts_tablet_manager.cc:669] T db0b5751c95748c49ca3272e013e7ee3 P 319a0ce5d3df4b83a7c6efed0459c572: Initiating tablet copy from peer 9c528fbbfce246539f8bcbc2dbe1a353 (127.18.43.1:35889)
I0710 23:26:29.258188 19427 tablet_copy_client.cc:239] T db0b5751c95748c49ca3272e013e7ee3 P 319a0ce5d3df4b83a7c6efed0459c572: tablet copy: Beginning tablet copy session from remote peer at address 127.18.43.1:35889
I0710 23:26:29.258751 19527 tablet_copy_service.cc:135] P 9c528fbbfce246539f8bcbc2dbe1a353: Received BeginTabletCopySession request for tablet db0b5751c95748c49ca3272e013e7ee3 from peer 319a0ce5d3df4b83a7c6efed0459c572 ({username='slave'} at 127.18.43.2:46749)
I0710 23:26:29.258802 19527 tablet_copy_service.cc:156] P 9c528fbbfce246539f8bcbc2dbe1a353: Beginning new tablet copy session on tablet db0b5751c95748c49ca3272e013e7ee3 from peer 319a0ce5d3df4b83a7c6efed0459c572 at {username='slave'} at 127.18.43.2:46749: session id = 319a0ce5d3df4b83a7c6efed0459c572-db0b5751c95748c49ca3272e013e7ee3
W0710 23:26:29.258862 19527 tablet_copy_service.cc:458] P 9c528fbbfce246539f8bcbc2dbe1a353: Error handling TabletCopyService RPC request from {username='slave'} at 127.18.43.2:46749: Error beginning tablet copy session for tablet db0b5751c95748c49ca3272e013e7ee3: Illegal state: The tablet is not in a running state: BOOTSTRAPPING
I0710 23:26:29.262025 19427 ts_tablet_manager.cc:669] T db0b5751c95748c49ca3272e013e7ee3 P 319a0ce5d3df4b83a7c6efed0459c572: Initiating tablet copy from peer 9c528fbbfce246539f8bcbc2dbe1a353 (127.18.43.1:35889)
I0710 23:26:29.262135 19427 tablet_copy_client.cc:239] T db0b5751c95748c49ca3272e013e7ee3 P 319a0ce5d3df4b83a7c6efed0459c572: tablet copy: Beginning tablet copy session from remote peer at address 127.18.43.1:35889
I0710 23:26:29.262699 19527 tablet_copy_service.cc:135] P 9c528fbbfce246539f8bcbc2dbe1a353: Received BeginTabletCopySession request for tablet db0b5751c95748c49ca3272e013e7ee3 from peer 319a0ce5d3df4b83a7c6efed0459c572 ({username='slave'} at 127.18.43.2:46749)
I0710 23:26:29.262751 19527 tablet_copy_service.cc:156] P 9c528fbbfce246539f8bcbc2dbe1a353: Beginning new tablet copy session on tablet db0b5751c95748c49ca3272e013e7ee3 from peer 319a0ce5d3df4b83a7c6efed0459c572 at {username='slave'} at 127.18.43.2:46749: session id = 319a0ce5d3df4b83a7c6efed0459c572-db0b5751c95748c49ca3272e013e7ee3
W0710 23:26:29.262807 19527 tablet_copy_service.cc:458] P 9c528fbbfce246539f8bcbc2dbe1a353: Error handling TabletCopyService RPC request from {username='slave'} at 127.18.43.2:46749: Error beginning tablet copy session for tablet db0b5751c95748c49ca3272e013e7ee3: Illegal state: The tablet is not in a running state: BOOTSTRAPPING
I0710 23:26:29.275179 19427 ts_tablet_manager.cc:669] T db0b5751c95748c49ca3272e013e7ee3 P 319a0ce5d3df4b83a7c6efed0459c572: Initiating tablet copy from peer 9c528fbbfce246539f8bcbc2dbe1a353 (127.18.43.1:35889)
I0710 23:26:29.275291 19427 tablet_copy_client.cc:239] T db0b5751c95748c49ca3272e013e7ee3 P 319a0ce5d3df4b83a7c6efed0459c572: tablet copy: Beginning tablet copy session from remote peer at address 127.18.43.1:35889
I0710 23:26:29.275950 19527 tablet_copy_service.cc:135] P 9c528fbbfce246539f8bcbc2dbe1a353: Received BeginTabletCopySession request for tablet db0b5751c95748c49ca3272e013e7ee3 from peer 319a0ce5d3df4b83a7c6efed0459c572 ({username='slave'} at 127.18.43.2:46749)
I0710 23:26:29.276006 19527 tablet_copy_service.cc:156] P 9c528fbbfce246539f8bcbc2dbe1a353: Beginning new tablet copy session on tablet db0b5751c95748c49ca3272e013e7ee3 from peer 319a0ce5d3df4b83a7c6efed0459c572 at {username='slave'} at 127.18.43.2:46749: session id = 319a0ce5d3df4b83a7c6efed0459c572-db0b5751c95748c49ca3272e013e7ee3
W0710 23:26:29.276067 19527 tablet_copy_service.cc:458] P 9c528fbbfce246539f8bcbc2dbe1a353: Error handling TabletCopyService RPC request from {username='slave'} at 127.18.43.2:46749: Error beginning tablet copy session for tablet db0b5751c95748c49ca3272e013e7ee3: Illegal state: The tablet is not in a running state: BOOTSTRAPPING
I0710 23:26:29.284178 19427 ts_tablet_manager.cc:669] T db0b5751c95748c49ca3272e013e7ee3 P 319a0ce5d3df4b83a7c6efed0459c572: Initiating tablet copy from peer 9c528fbbfce246539f8bcbc2dbe1a353 (127.18.43.1:35889)
I0710 23:26:29.284277 19427 tablet_copy_client.cc:239] T db0b5751c95748c49ca3272e013e7ee3 P 319a0ce5d3df4b83a7c6efed0459c572: tablet copy: Beginning tablet copy session from remote peer at address 127.18.43.1:35889
I0710 23:26:29.284807 19527 tablet_copy_service.cc:135] P 9c528fbbfce246539f8bcbc2dbe1a353: Received BeginTabletCopySession request for tablet db0b5751c95748c49ca3272e013e7ee3 from peer 319a0ce5d3df4b83a7c6efed0459c572 ({username='slave'} at 127.18.43.2:46749)
I0710 23:26:29.284859 19527 tablet_copy_service.cc:156] P 9c528fbbfce246539f8bcbc2dbe1a353: Beginning new tablet copy session on tablet db0b5751c95748c49ca3272e013e7ee3 from peer 319a0ce5d3df4b83a7c6efed0459c572 at {username='slave'} at 127.18.43.2:46749: session id = 319a0ce5d3df4b83a7c6efed0459c572-db0b5751c95748c49ca3272e013e7ee3
W0710 23:26:29.284915 19527 tablet_copy_service.cc:458] P 9c528fbbfce246539f8bcbc2dbe1a353: Error handling TabletCopyService RPC request from {username='slave'} at 127.18.43.2:46749: Error beginning tablet copy session for tablet db0b5751c95748c49ca3272e013e7ee3: Illegal state: The tablet is not in a running state: BOOTSTRAPPING
I0710 23:26:29.293304 19427 ts_tablet_manager.cc:669] T db0b5751c95748c49ca3272e013e7ee3 P 319a0ce5d3df4b83a7c6efed0459c572: Initiating tablet copy from peer 9c528fbbfce246539f8bcbc2dbe1a353 (127.18.43.1:35889)
I0710 23:26:29.293404 19427 tablet_copy_client.cc:239] T db0b5751c95748c49ca3272e013e7ee3 P 319a0ce5d3df4b83a7c6efed0459c572: tablet copy: Beginning tablet copy session from remote peer at address 127.18.43.1:35889
I0710 23:26:29.293922 19527 tablet_copy_service.cc:135] P 9c528fbbfce246539f8bcbc2dbe1a353: Received BeginTabletCopySession request for tablet db0b5751c95748c49ca3272e013e7ee3 from peer 319a0ce5d3df4b83a7c6efed0459c572 ({username='slave'} at 127.18.43.2:46749)
I0710 23:26:29.293975 19527 tablet_copy_service.cc:156] P 9c528fbbfce246539f8bcbc2dbe1a353: Beginning new tablet copy session on tablet db0b5751c95748c49ca3272e013e7ee3 from peer 319a0ce5d3df4b83a7c6efed0459c572 at {username='slave'} at 127.18.43.2:46749: session id = 319a0ce5d3df4b83a7c6efed0459c572-db0b5751c95748c49ca3272e013e7ee3
