I0710 23:26:44.811563 22074 tablet_service.cc:759] Processing CreateTablet for tablet e076cfa4d8674332aef98dec88fd570e (table=test-workload [id=5deb6e4963944526be7b024288f92eef]), partition=RANGE (key) PARTITION 1503238548 <= VALUES < 1717986912
I0710 23:26:44.811321 22078 tablet_service.cc:759] Processing CreateTablet for tablet e84b278749d54e9b9978065912c42363 (table=test-workload [id=5deb6e4963944526be7b024288f92eef]), partition=RANGE (key) PARTITION 644245092 <= VALUES < 858993456
I0710 23:26:44.811873 22080 tablet_service.cc:759] Processing CreateTablet for tablet 2ec5b22f7bc141d2b4fbfc3b12bb7207 (table=test-workload [id=5deb6e4963944526be7b024288f92eef]), partition=RANGE (key) PARTITION 214748364 <= VALUES < 429496728
I0710 23:26:44.812253 22081 tablet_service.cc:759] Processing CreateTablet for tablet 628f1e270e1948d2b555b1827254d4ab (table=test-workload [id=5deb6e4963944526be7b024288f92eef]), partition=RANGE (key) PARTITION VALUES < 214748364
I0710 23:26:44.812441 22077 data_dirs.cc:934] Could only allocate 2 dirs of requested 3 for tablet 8facaf1b4c2e4745baf379f06a8773c8. 2 dirs total, 0 dirs full, 0 dirs failed
I0710 23:26:44.812732 22073 data_dirs.cc:934] Could only allocate 2 dirs of requested 3 for tablet 45da44391d8a42a780127f45b9ec59e6. 2 dirs total, 0 dirs full, 0 dirs failed
I0710 23:26:44.813583 22072 data_dirs.cc:934] Could only allocate 2 dirs of requested 3 for tablet 782cbc85002b4ef594bdd8a41b62d57e. 2 dirs total, 0 dirs full, 0 dirs failed
I0710 23:26:44.813760 22074 data_dirs.cc:934] Could only allocate 2 dirs of requested 3 for tablet e076cfa4d8674332aef98dec88fd570e. 2 dirs total, 0 dirs full, 0 dirs failed
I0710 23:26:44.813870 22080 data_dirs.cc:934] Could only allocate 2 dirs of requested 3 for tablet 2ec5b22f7bc141d2b4fbfc3b12bb7207. 2 dirs total, 0 dirs full, 0 dirs failed
I0710 23:26:44.814121 22076 data_dirs.cc:934] Could only allocate 2 dirs of requested 3 for tablet 18aa52f6e09947709e0b183c6d7d21d3. 2 dirs total, 0 dirs full, 0 dirs failed
I0710 23:26:44.814298 22075 data_dirs.cc:934] Could only allocate 2 dirs of requested 3 for tablet f5d922d9e6fb45bd9d98acf118e6d9e8. 2 dirs total, 0 dirs full, 0 dirs failed
I0710 23:26:44.814425 22078 data_dirs.cc:934] Could only allocate 2 dirs of requested 3 for tablet e84b278749d54e9b9978065912c42363. 2 dirs total, 0 dirs full, 0 dirs failed
I0710 23:26:44.814783 22081 data_dirs.cc:934] Could only allocate 2 dirs of requested 3 for tablet 628f1e270e1948d2b555b1827254d4ab. 2 dirs total, 0 dirs full, 0 dirs failed
I0710 23:26:44.815564 22079 data_dirs.cc:934] Could only allocate 2 dirs of requested 3 for tablet 7dcd98b4c6f0472cbd570a3408ab1aa1. 2 dirs total, 0 dirs full, 0 dirs failed
I0710 23:26:44.823880 22081 ts_tablet_manager.cc:1173] T 628f1e270e1948d2b555b1827254d4ab P 3576d2baa86141439f2e837433589a9b: Registered tablet (data state: TABLET_DATA_READY)
I0710 23:26:44.824239 22079 ts_tablet_manager.cc:1173] T 7dcd98b4c6f0472cbd570a3408ab1aa1 P 3576d2baa86141439f2e837433589a9b: Registered tablet (data state: TABLET_DATA_READY)
I0710 23:26:44.824357 22075 ts_tablet_manager.cc:1173] T f5d922d9e6fb45bd9d98acf118e6d9e8 P 3576d2baa86141439f2e837433589a9b: Registered tablet (data state: TABLET_DATA_READY)
I0710 23:26:44.824753 22074 ts_tablet_manager.cc:1173] T e076cfa4d8674332aef98dec88fd570e P 3576d2baa86141439f2e837433589a9b: Registered tablet (data state: TABLET_DATA_READY)
I0710 23:26:44.824954 22076 ts_tablet_manager.cc:1173] T 18aa52f6e09947709e0b183c6d7d21d3 P 3576d2baa86141439f2e837433589a9b: Registered tablet (data state: TABLET_DATA_READY)
I0710 23:26:44.825063 22072 ts_tablet_manager.cc:1173] T 782cbc85002b4ef594bdd8a41b62d57e P 3576d2baa86141439f2e837433589a9b: Registered tablet (data state: TABLET_DATA_READY)
I0710 23:26:44.825197 22362 ts_tablet_manager.cc:1028] T 628f1e270e1948d2b555b1827254d4ab P 3576d2baa86141439f2e837433589a9b: Bootstrapping tablet
I0710 23:26:44.825413 22362 tablet_bootstrap.cc:427] T 628f1e270e1948d2b555b1827254d4ab P 3576d2baa86141439f2e837433589a9b: Bootstrap starting.
I0710 23:26:44.825819 22077 ts_tablet_manager.cc:1173] T 8facaf1b4c2e4745baf379f06a8773c8 P 3576d2baa86141439f2e837433589a9b: Registered tablet (data state: TABLET_DATA_READY)
I0710 23:26:44.826025 22080 ts_tablet_manager.cc:1173] T 2ec5b22f7bc141d2b4fbfc3b12bb7207 P 3576d2baa86141439f2e837433589a9b: Registered tablet (data state: TABLET_DATA_READY)
I0710 23:26:44.826671 22073 ts_tablet_manager.cc:1173] T 45da44391d8a42a780127f45b9ec59e6 P 3576d2baa86141439f2e837433589a9b: Registered tablet (data state: TABLET_DATA_READY)
I0710 23:26:44.826984 22362 tablet_bootstrap.cc:578] T 628f1e270e1948d2b555b1827254d4ab P 3576d2baa86141439f2e837433589a9b: No blocks or log segments found. Creating new log.
I0710 23:26:44.827214 22078 ts_tablet_manager.cc:1173] T e84b278749d54e9b9978065912c42363 P 3576d2baa86141439f2e837433589a9b: Registered tablet (data state: TABLET_DATA_READY)
I0710 23:26:44.827466 22361 ts_tablet_manager.cc:1028] T 7dcd98b4c6f0472cbd570a3408ab1aa1 P 3576d2baa86141439f2e837433589a9b: Bootstrapping tablet
I0710 23:26:44.827544 22361 tablet_bootstrap.cc:427] T 7dcd98b4c6f0472cbd570a3408ab1aa1 P 3576d2baa86141439f2e837433589a9b: Bootstrap starting.
I0710 23:26:44.827775 22362 log.cc:525] T 628f1e270e1948d2b555b1827254d4ab P 3576d2baa86141439f2e837433589a9b: Log is configured to *not* fsync() on all Append() calls
I0710 23:26:44.828303 22361 tablet_bootstrap.cc:578] T 7dcd98b4c6f0472cbd570a3408ab1aa1 P 3576d2baa86141439f2e837433589a9b: No blocks or log segments found. Creating new log.
I0710 23:26:44.828765 22362 tablet_bootstrap.cc:427] T 628f1e270e1948d2b555b1827254d4ab P 3576d2baa86141439f2e837433589a9b: No bootstrap required, opened a new log
I0710 23:26:44.828979 22362 ts_tablet_manager.cc:1045] T 628f1e270e1948d2b555b1827254d4ab P 3576d2baa86141439f2e837433589a9b: Time spent bootstrapping tablet: real 0.004s user 0.003s sys 0.000s
I0710 23:26:44.829134 22361 tablet_bootstrap.cc:427] T 7dcd98b4c6f0472cbd570a3408ab1aa1 P 3576d2baa86141439f2e837433589a9b: No bootstrap required, opened a new log
I0710 23:26:44.829205 22361 ts_tablet_manager.cc:1045] T 7dcd98b4c6f0472cbd570a3408ab1aa1 P 3576d2baa86141439f2e837433589a9b: Time spent bootstrapping tablet: real 0.002s user 0.001s sys 0.000s
I0710 23:26:44.831475 22362 raft_consensus.cc:325] T 628f1e270e1948d2b555b1827254d4ab P 3576d2baa86141439f2e837433589a9b [term 0 FOLLOWER]: Replica starting. Triggering 0 pending transactions. Active config: opid_index: -1 OBSOLETE_local: true peers { permanent_uuid: "3576d2baa86141439f2e837433589a9b" member_type: VOTER last_known_addr { host: "127.18.43.1" port: 45577 } }
I0710 23:26:44.831475 22361 raft_consensus.cc:325] T 7dcd98b4c6f0472cbd570a3408ab1aa1 P 3576d2baa86141439f2e837433589a9b [term 0 FOLLOWER]: Replica starting. Triggering 0 pending transactions. Active config: opid_index: -1 OBSOLETE_local: true peers { permanent_uuid: "3576d2baa86141439f2e837433589a9b" member_type: VOTER last_known_addr { host: "127.18.43.1" port: 45577 } }
I0710 23:26:44.831543 22362 raft_consensus.cc:351] T 628f1e270e1948d2b555b1827254d4ab P 3576d2baa86141439f2e837433589a9b [term 0 FOLLOWER]: Consensus starting up: Expiring failure detector timer to make a prompt election more likely
I0710 23:26:44.831545 22361 raft_consensus.cc:351] T 7dcd98b4c6f0472cbd570a3408ab1aa1 P 3576d2baa86141439f2e837433589a9b [term 0 FOLLOWER]: Consensus starting up: Expiring failure detector timer to make a prompt election more likely
I0710 23:26:44.831579 22362 raft_consensus.cc:630] T 628f1e270e1948d2b555b1827254d4ab P 3576d2baa86141439f2e837433589a9b [term 0 FOLLOWER]: Becoming Follower/Learner. State: Replica: 3576d2baa86141439f2e837433589a9b, State: Initialized, Role: FOLLOWER
I0710 23:26:44.831579 22361 raft_consensus.cc:630] T 7dcd98b4c6f0472cbd570a3408ab1aa1 P 3576d2baa86141439f2e837433589a9b [term 0 FOLLOWER]: Becoming Follower/Learner. State: Replica: 3576d2baa86141439f2e837433589a9b, State: Initialized, Role: FOLLOWER
I0710 23:26:44.832026 22362 consensus_queue.cc:227] T 628f1e270e1948d2b555b1827254d4ab P 3576d2baa86141439f2e837433589a9b [NON_LEADER]: Queue going to NON_LEADER mode. State: All replicated index: 0, Majority replicated index: 0, Committed index: 0, Last appended: 0.0, Last appended by leader: 0, Current term: 0, Majority size: -1, State: 0, Mode: NON_LEADER, active raft config: opid_index: -1 OBSOLETE_local: true peers { permanent_uuid: "3576d2baa86141439f2e837433589a9b" member_type: VOTER last_known_addr { host: "127.18.43.1" port: 45577 } }
I0710 23:26:44.832026 22361 consensus_queue.cc:227] T 7dcd98b4c6f0472cbd570a3408ab1aa1 P 3576d2baa86141439f2e837433589a9b [NON_LEADER]: Queue going to NON_LEADER mode. State: All replicated index: 0, Majority replicated index: 0, Committed index: 0, Last appended: 0.0, Last appended by leader: 0, Current term: 0, Majority size: -1, State: 0, Mode: NON_LEADER, active raft config: opid_index: -1 OBSOLETE_local: true peers { permanent_uuid: "3576d2baa86141439f2e837433589a9b" member_type: VOTER last_known_addr { host: "127.18.43.1" port: 45577 } }
I0710 23:26:44.832093 22362 raft_consensus.cc:365] T 628f1e270e1948d2b555b1827254d4ab P 3576d2baa86141439f2e837433589a9b [term 0 FOLLOWER]: Only one voter in the Raft config. Triggering election immediately
I0710 23:26:44.832094 22361 raft_consensus.cc:365] T 7dcd98b4c6f0472cbd570a3408ab1aa1 P 3576d2baa86141439f2e837433589a9b [term 0 FOLLOWER]: Only one voter in the Raft config. Triggering election immediately
I0710 23:26:44.832137 22362 raft_consensus.cc:457] T 628f1e270e1948d2b555b1827254d4ab P 3576d2baa86141439f2e837433589a9b [term 0 FOLLOWER]: Starting leader election (initial election of a single-replica configuration)
I0710 23:26:44.832137 22361 raft_consensus.cc:457] T 7dcd98b4c6f0472cbd570a3408ab1aa1 P 3576d2baa86141439f2e837433589a9b [term 0 FOLLOWER]: Starting leader election (initial election of a single-replica configuration)
I0710 23:26:44.832209 22361 raft_consensus.cc:2732] T 7dcd98b4c6f0472cbd570a3408ab1aa1 P 3576d2baa86141439f2e837433589a9b: Snoozing failure detection for 1.938s (starting election)
I0710 23:26:44.832209 22362 raft_consensus.cc:2732] T 628f1e270e1948d2b555b1827254d4ab P 3576d2baa86141439f2e837433589a9b: Snoozing failure detection for 2.086s (starting election)
I0710 23:26:44.832240 22361 raft_consensus.cc:2784] T 7dcd98b4c6f0472cbd570a3408ab1aa1 P 3576d2baa86141439f2e837433589a9b [term 0 FOLLOWER]: Advancing to term 1
I0710 23:26:44.832242 22362 raft_consensus.cc:2784] T 628f1e270e1948d2b555b1827254d4ab P 3576d2baa86141439f2e837433589a9b [term 0 FOLLOWER]: Advancing to term 1
I0710 23:26:44.833523 22362 raft_consensus.cc:479] T 628f1e270e1948d2b555b1827254d4ab P 3576d2baa86141439f2e837433589a9b [term 1 FOLLOWER]: Starting leader election with config: opid_index: -1 OBSOLETE_local: true peers { permanent_uuid: "3576d2baa86141439f2e837433589a9b" member_type: VOTER last_known_addr { host: "127.18.43.1" port: 45577 } }
I0710 23:26:44.833547 22361 raft_consensus.cc:479] T 7dcd98b4c6f0472cbd570a3408ab1aa1 P 3576d2baa86141439f2e837433589a9b [term 1 FOLLOWER]: Starting leader election with config: opid_index: -1 OBSOLETE_local: true peers { permanent_uuid: "3576d2baa86141439f2e837433589a9b" member_type: VOTER last_known_addr { host: "127.18.43.1" port: 45577 } }
I0710 23:26:44.833966 22361 leader_election.cc:278] T 7dcd98b4c6f0472cbd570a3408ab1aa1 P 3576d2baa86141439f2e837433589a9b [CANDIDATE]: Term 1 election: Election decided. Result: candidate won.
I0710 23:26:44.833967 22362 leader_election.cc:278] T 628f1e270e1948d2b555b1827254d4ab P 3576d2baa86141439f2e837433589a9b [CANDIDATE]: Term 1 election: Election decided. Result: candidate won.
I0710 23:26:44.834509 22366 raft_consensus.cc:2732] T 628f1e270e1948d2b555b1827254d4ab P 3576d2baa86141439f2e837433589a9b: Snoozing failure detection for 2.143s (election complete)
I0710 23:26:44.834590 22366 raft_consensus.cc:2539] T 628f1e270e1948d2b555b1827254d4ab P 3576d2baa86141439f2e837433589a9b [term 1 FOLLOWER]: Leader election won for term 1
I0710 23:26:44.834700 22366 raft_consensus.cc:595] T 628f1e270e1948d2b555b1827254d4ab P 3576d2baa86141439f2e837433589a9b [term 1 LEADER]: Becoming Leader. State: Replica: 3576d2baa86141439f2e837433589a9b, State: Running, Role: LEADER
I0710 23:26:44.834972 22361 ts_tablet_manager.cc:1073] T 7dcd98b4c6f0472cbd570a3408ab1aa1 P 3576d2baa86141439f2e837433589a9b: Time spent starting tablet: real 0.006s user 0.006s sys 0.000s
I0710 23:26:44.835007 22366 consensus_queue.cc:204] T 628f1e270e1948d2b555b1827254d4ab P 3576d2baa86141439f2e837433589a9b [LEADER]: Queue going to LEADER mode. State: All replicated index: 0, Majority replicated index: 0, Committed index: 0, Last appended: 0.0, Last appended by leader: 0, Current term: 1, Majority size: 1, State: 0, Mode: LEADER, active raft config: opid_index: -1 OBSOLETE_local: true peers { permanent_uuid: "3576d2baa86141439f2e837433589a9b" member_type: VOTER last_known_addr { host: "127.18.43.1" port: 45577 } }
I0710 23:26:44.835036 22362 ts_tablet_manager.cc:1073] T 628f1e270e1948d2b555b1827254d4ab P 3576d2baa86141439f2e837433589a9b: Time spent starting tablet: real 0.006s user 0.002s sys 0.005s
I0710 23:26:44.835127 22361 ts_tablet_manager.cc:1028] T f5d922d9e6fb45bd9d98acf118e6d9e8 P 3576d2baa86141439f2e837433589a9b: Bootstrapping tablet
I0710 23:26:44.835208 22361 tablet_bootstrap.cc:427] T f5d922d9e6fb45bd9d98acf118e6d9e8 P 3576d2baa86141439f2e837433589a9b: Bootstrap starting.
I0710 23:26:44.835665 22362 ts_tablet_manager.cc:1028] T e076cfa4d8674332aef98dec88fd570e P 3576d2baa86141439f2e837433589a9b: Bootstrapping tablet
I0710 23:26:44.835741 22362 tablet_bootstrap.cc:427] T e076cfa4d8674332aef98dec88fd570e P 3576d2baa86141439f2e837433589a9b: Bootstrap starting.
I0710 23:26:44.834511 22365 raft_consensus.cc:2732] T 7dcd98b4c6f0472cbd570a3408ab1aa1 P 3576d2baa86141439f2e837433589a9b: Snoozing failure detection for 1.884s (election complete)
I0710 23:26:44.835844 22365 raft_consensus.cc:2539] T 7dcd98b4c6f0472cbd570a3408ab1aa1 P 3576d2baa86141439f2e837433589a9b [term 1 FOLLOWER]: Leader election won for term 1
I0710 23:26:44.835896 22365 raft_consensus.cc:595] T 7dcd98b4c6f0472cbd570a3408ab1aa1 P 3576d2baa86141439f2e837433589a9b [term 1 LEADER]: Becoming Leader. State: Replica: 3576d2baa86141439f2e837433589a9b, State: Running, Role: LEADER
I0710 23:26:44.836012 22365 consensus_queue.cc:204] T 7dcd98b4c6f0472cbd570a3408ab1aa1 P 3576d2baa86141439f2e837433589a9b [LEADER]: Queue going to LEADER mode. State: All replicated index: 0, Majority replicated index: 0, Committed index: 0, Last appended: 0.0, Last appended by leader: 0, Current term: 1, Majority size: 1, State: 0, Mode: LEADER, active raft config: opid_index: -1 OBSOLETE_local: true peers { permanent_uuid: "3576d2baa86141439f2e837433589a9b" member_type: VOTER last_known_addr { host: "127.18.43.1" port: 45577 } }
I0710 23:26:44.836518 22362 tablet_bootstrap.cc:578] T e076cfa4d8674332aef98dec88fd570e P 3576d2baa86141439f2e837433589a9b: No blocks or log segments found. Creating new log.
I0710 23:26:44.838078 22361 tablet_bootstrap.cc:578] T f5d922d9e6fb45bd9d98acf118e6d9e8 P 3576d2baa86141439f2e837433589a9b: No blocks or log segments found. Creating new log.
I0710 23:26:44.838994 22361 tablet_bootstrap.cc:427] T f5d922d9e6fb45bd9d98acf118e6d9e8 P 3576d2baa86141439f2e837433589a9b: No bootstrap required, opened a new log
I0710 23:26:44.839004 22362 tablet_bootstrap.cc:427] T e076cfa4d8674332aef98dec88fd570e P 3576d2baa86141439f2e837433589a9b: No bootstrap required, opened a new log
I0710 23:26:44.839082 22361 ts_tablet_manager.cc:1045] T f5d922d9e6fb45bd9d98acf118e6d9e8 P 3576d2baa86141439f2e837433589a9b: Time spent bootstrapping tablet: real 0.004s user 0.002s sys 0.000s
I0710 23:26:44.839082 22362 ts_tablet_manager.cc:1045] T e076cfa4d8674332aef98dec88fd570e P 3576d2baa86141439f2e837433589a9b: Time spent bootstrapping tablet: real 0.003s user 0.001s sys 0.001s
I0710 23:26:44.839265 22304 catalog_manager.cc:3827] T 628f1e270e1948d2b555b1827254d4ab P 3576d2baa86141439f2e837433589a9b reported cstate change: term changed from 0 to 1, leader changed from to 3576d2baa86141439f2e837433589a9b (127.18.43.1). New cstate: current_term: 1 leader_uuid: "3576d2baa86141439f2e837433589a9b" committed_config { opid_index: -1 OBSOLETE_local: true peers { permanent_uuid: "3576d2baa86141439f2e837433589a9b" member_type: VOTER last_known_addr { host: "127.18.43.1" port: 45577 } health_report { overall_health: HEALTHY } } }
I0710 23:26:44.839514 22304 catalog_manager.cc:3827] T 7dcd98b4c6f0472cbd570a3408ab1aa1 P 3576d2baa86141439f2e837433589a9b reported cstate change: term changed from 0 to 1, leader changed from to 3576d2baa86141439f2e837433589a9b (127.18.43.1). New cstate: current_term: 1 leader_uuid: "3576d2baa86141439f2e837433589a9b" committed_config { opid_index: -1 OBSOLETE_local: true peers { permanent_uuid: "3576d2baa86141439f2e837433589a9b" member_type: VOTER last_known_addr { host: "127.18.43.1" port: 45577 } health_report { overall_health: HEALTHY } } }
I0710 23:26:44.839644 22362 raft_consensus.cc:325] T e076cfa4d8674332aef98dec88fd570e P 3576d2baa86141439f2e837433589a9b [term 0 FOLLOWER]: Replica starting. Triggering 0 pending transactions. Active config: opid_index: -1 OBSOLETE_local: true peers { permanent_uuid: "3576d2baa86141439f2e837433589a9b" member_type: VOTER last_known_addr { host: "127.18.43.1" port: 45577 } }
I0710 23:26:44.839648 22361 raft_consensus.cc:325] T f5d922d9e6fb45bd9d98acf118e6d9e8 P 3576d2baa86141439f2e837433589a9b [term 0 FOLLOWER]: Replica starting. Triggering 0 pending transactions. Active config: opid_index: -1 OBSOLETE_local: true peers { permanent_uuid: "3576d2baa86141439f2e837433589a9b" member_type: VOTER last_known_addr { host: "127.18.43.1" port: 45577 } }
I0710 23:26:44.839678 22362 raft_consensus.cc:351] T e076cfa4d8674332aef98dec88fd570e P 3576d2baa86141439f2e837433589a9b [term 0 FOLLOWER]: Consensus starting up: Expiring failure detector timer to make a prompt election more likely
I0710 23:26:44.839679 22361 raft_consensus.cc:351] T f5d922d9e6fb45bd9d98acf118e6d9e8 P 3576d2baa86141439f2e837433589a9b [term 0 FOLLOWER]: Consensus starting up: Expiring failure detector timer to make a prompt election more likely
I0710 23:26:44.839699 22362 raft_consensus.cc:630] T e076cfa4d8674332aef98dec88fd570e P 3576d2baa86141439f2e837433589a9b [term 0 FOLLOWER]: Becoming Follower/Learner. State: Replica: 3576d2baa86141439f2e837433589a9b, State: Initialized, Role: FOLLOWER
I0710 23:26:44.839699 22361 raft_consensus.cc:630] T f5d922d9e6fb45bd9d98acf118e6d9e8 P 3576d2baa86141439f2e837433589a9b [term 0 FOLLOWER]: Becoming Follower/Learner. State: Replica: 3576d2baa86141439f2e837433589a9b, State: Initialized, Role: FOLLOWER
I0710 23:26:44.839823 22361 consensus_queue.cc:227] T f5d922d9e6fb45bd9d98acf118e6d9e8 P 3576d2baa86141439f2e837433589a9b [NON_LEADER]: Queue going to NON_LEADER mode. State: All replicated index: 0, Majority replicated index: 0, Committed index: 0, Last appended: 0.0, Last appended by leader: 0, Current term: 0, Majority size: -1, State: 0, Mode: NON_LEADER, active raft config: opid_index: -1 OBSOLETE_local: true peers { permanent_uuid: "3576d2baa86141439f2e837433589a9b" member_type: VOTER last_known_addr { host: "127.18.43.1" port: 45577 } }
I0710 23:26:44.839823 22362 consensus_queue.cc:227] T e076cfa4d8674332aef98dec88fd570e P 3576d2baa86141439f2e837433589a9b [NON_LEADER]: Queue going to NON_LEADER mode. State: All replicated index: 0, Majority replicated index: 0, Committed index: 0, Last appended: 0.0, Last appended by leader: 0, Current term: 0, Majority size: -1, State: 0, Mode: NON_LEADER, active raft config: opid_index: -1 OBSOLETE_local: true peers { permanent_uuid: "3576d2baa86141439f2e837433589a9b" member_type: VOTER last_known_addr { host: "127.18.43.1" port: 45577 } }
I0710 23:26:44.839850 22361 raft_consensus.cc:365] T f5d922d9e6fb45bd9d98acf118e6d9e8 P 3576d2baa86141439f2e837433589a9b [term 0 FOLLOWER]: Only one voter in the Raft config. Triggering election immediately
I0710 23:26:44.839854 22362 raft_consensus.cc:365] T e076cfa4d8674332aef98dec88fd570e P 3576d2baa86141439f2e837433589a9b [term 0 FOLLOWER]: Only one voter in the Raft config. Triggering election immediately
I0710 23:26:44.839869 22361 raft_consensus.cc:457] T f5d922d9e6fb45bd9d98acf118e6d9e8 P 3576d2baa86141439f2e837433589a9b [term 0 FOLLOWER]: Starting leader election (initial election of a single-replica configuration)
I0710 23:26:44.839871 22362 raft_consensus.cc:457] T e076cfa4d8674332aef98dec88fd570e P 3576d2baa86141439f2e837433589a9b [term 0 FOLLOWER]: Starting leader election (initial election of a single-replica configuration)
I0710 23:26:44.839895 22361 raft_consensus.cc:2732] T f5d922d9e6fb45bd9d98acf118e6d9e8 P 3576d2baa86141439f2e837433589a9b: Snoozing failure detection for 1.684s (starting election)
I0710 23:26:44.839910 22361 raft_consensus.cc:2784] T f5d922d9e6fb45bd9d98acf118e6d9e8 P 3576d2baa86141439f2e837433589a9b [term 0 FOLLOWER]: Advancing to term 1
I0710 23:26:44.839895 22362 raft_consensus.cc:2732] T e076cfa4d8674332aef98dec88fd570e P 3576d2baa86141439f2e837433589a9b: Snoozing failure detection for 1.956s (starting election)
I0710 23:26:44.839927 22362 raft_consensus.cc:2784] T e076cfa4d8674332aef98dec88fd570e P 3576d2baa86141439f2e837433589a9b [term 0 FOLLOWER]: Advancing to term 1
I0710 23:26:44.840929 22361 raft_consensus.cc:479] T f5d922d9e6fb45bd9d98acf118e6d9e8 P 3576d2baa86141439f2e837433589a9b [term 1 FOLLOWER]: Starting leader election with config: opid_index: -1 OBSOLETE_local: true peers { permanent_uuid: "3576d2baa86141439f2e837433589a9b" member_type: VOTER last_known_addr { host: "127.18.43.1" port: 45577 } }
I0710 23:26:44.840941 22362 raft_consensus.cc:479] T e076cfa4d8674332aef98dec88fd570e P 3576d2baa86141439f2e837433589a9b [term 1 FOLLOWER]: Starting leader election with config: opid_index: -1 OBSOLETE_local: true peers { permanent_uuid: "3576d2baa86141439f2e837433589a9b" member_type: VOTER last_known_addr { host: "127.18.43.1" port: 45577 } }
I0710 23:26:44.841012 22361 leader_election.cc:278] T f5d922d9e6fb45bd9d98acf118e6d9e8 P 3576d2baa86141439f2e837433589a9b [CANDIDATE]: Term 1 election: Election decided. Result: candidate won.
I0710 23:26:44.841012 22362 leader_election.cc:278] T e076cfa4d8674332aef98dec88fd570e P 3576d2baa86141439f2e837433589a9b [CANDIDATE]: Term 1 election: Election decided. Result: candidate won.
I0710 23:26:44.841128 22365 raft_consensus.cc:2732] T f5d922d9e6fb45bd9d98acf118e6d9e8 P 3576d2baa86141439f2e837433589a9b: Snoozing failure detection for 2.183s (election complete)
I0710 23:26:44.841156 22365 raft_consensus.cc:2539] T f5d922d9e6fb45bd9d98acf118e6d9e8 P 3576d2baa86141439f2e837433589a9b [term 1 FOLLOWER]: Leader election won for term 1
I0710 23:26:44.841188 22365 raft_consensus.cc:595] T f5d922d9e6fb45bd9d98acf118e6d9e8 P 3576d2baa86141439f2e837433589a9b [term 1 LEADER]: Becoming Leader. State: Replica: 3576d2baa86141439f2e837433589a9b, State: Running, Role: LEADER
I0710 23:26:44.841275 22361 ts_tablet_manager.cc:1073] T f5d922d9e6fb45bd9d98acf118e6d9e8 P 3576d2baa86141439f2e837433589a9b: Time spent starting tablet: real 0.002s user 0.002s sys 0.000s
I0710 23:26:44.841298 22365 consensus_queue.cc:204] T f5d922d9e6fb45bd9d98acf118e6d9e8 P 3576d2baa86141439f2e837433589a9b [LEADER]: Queue going to LEADER mode. State: All replicated index: 0, Majority replicated index: 0, Committed index: 0, Last appended: 0.0, Last appended by leader: 0, Current term: 1, Majority size: 1, State: 0, Mode: LEADER, active raft config: opid_index: -1 OBSOLETE_local: true peers { permanent_uuid: "3576d2baa86141439f2e837433589a9b" member_type: VOTER last_known_addr { host: "127.18.43.1" port: 45577 } }
I0710 23:26:44.841344 22361 ts_tablet_manager.cc:1028] T 18aa52f6e09947709e0b183c6d7d21d3 P 3576d2baa86141439f2e837433589a9b: Bootstrapping tablet
I0710 23:26:44.841435 22361 tablet_bootstrap.cc:427] T 18aa52f6e09947709e0b183c6d7d21d3 P 3576d2baa86141439f2e837433589a9b: Bootstrap starting.
I0710 23:26:44.842167 22361 tablet_bootstrap.cc:578] T 18aa52f6e09947709e0b183c6d7d21d3 P 3576d2baa86141439f2e837433589a9b: No blocks or log segments found. Creating new log.
I0710 23:26:44.842720 22369 raft_consensus.cc:2732] T e076cfa4d8674332aef98dec88fd570e P 3576d2baa86141439f2e837433589a9b: Snoozing failure detection for 1.835s (election complete)
I0710 23:26:44.842779 22369 raft_consensus.cc:2539] T e076cfa4d8674332aef98dec88fd570e P 3576d2baa86141439f2e837433589a9b [term 1 FOLLOWER]: Leader election won for term 1
I0710 23:26:44.842819 22369 raft_consensus.cc:595] T e076cfa4d8674332aef98dec88fd570e P 3576d2baa86141439f2e837433589a9b [term 1 LEADER]: Becoming Leader. State: Replica: 3576d2baa86141439f2e837433589a9b, State: Running, Role: LEADER
I0710 23:26:44.842825 22362 ts_tablet_manager.cc:1073] T e076cfa4d8674332aef98dec88fd570e P 3576d2baa86141439f2e837433589a9b: Time spent starting tablet: real 0.004s user 0.000s sys 0.002s
I0710 23:26:44.842882 22362 ts_tablet_manager.cc:1028] T 782cbc85002b4ef594bdd8a41b62d57e P 3576d2baa86141439f2e837433589a9b: Bootstrapping tablet
I0710 23:26:44.842957 22369 consensus_queue.cc:204] T e076cfa4d8674332aef98dec88fd570e P 3576d2baa86141439f2e837433589a9b [LEADER]: Queue going to LEADER mode. State: All replicated index: 0, Majority replicated index: 0, Committed index: 0, Last appended: 0.0, Last appended by leader: 0, Current term: 1, Majority size: 1, State: 0, Mode: LEADER, active raft config: opid_index: -1 OBSOLETE_local: true peers { permanent_uuid: "3576d2baa86141439f2e837433589a9b" member_type: VOTER last_known_addr { host: "127.18.43.1" port: 45577 } }
I0710 23:26:44.842972 22362 tablet_bootstrap.cc:427] T 782cbc85002b4ef594bdd8a41b62d57e P 3576d2baa86141439f2e837433589a9b: Bootstrap starting.
I0710 23:26:44.843302 22304 catalog_manager.cc:3827] T f5d922d9e6fb45bd9d98acf118e6d9e8 P 3576d2baa86141439f2e837433589a9b reported cstate change: term changed from 0 to 1, leader changed from to 3576d2baa86141439f2e837433589a9b (127.18.43.1). New cstate: current_term: 1 leader_uuid: "3576d2baa86141439f2e837433589a9b" committed_config { opid_index: -1 OBSOLETE_local: true peers { permanent_uuid: "3576d2baa86141439f2e837433589a9b" member_type: VOTER last_known_addr { host: "127.18.43.1" port: 45577 } health_report { overall_health: HEALTHY } } }
I0710 23:26:44.843700 22362 tablet_bootstrap.cc:578] T 782cbc85002b4ef594bdd8a41b62d57e P 3576d2baa86141439f2e837433589a9b: No blocks or log segments found. Creating new log.
I0710 23:26:44.844765 22362 tablet_bootstrap.cc:427] T 782cbc85002b4ef594bdd8a41b62d57e P 3576d2baa86141439f2e837433589a9b: No bootstrap required, opened a new log
I0710 23:26:44.844844 22362 ts_tablet_manager.cc:1045] T 782cbc85002b4ef594bdd8a41b62d57e P 3576d2baa86141439f2e837433589a9b: Time spent bootstrapping tablet: real 0.002s user 0.000s sys 0.001s
I0710 23:26:44.844955 22361 tablet_bootstrap.cc:427] T 18aa52f6e09947709e0b183c6d7d21d3 P 3576d2baa86141439f2e837433589a9b: No bootstrap required, opened a new log
I0710 23:26:44.845023 22361 ts_tablet_manager.cc:1045] T 18aa52f6e09947709e0b183c6d7d21d3 P 3576d2baa86141439f2e837433589a9b: Time spent bootstrapping tablet: real 0.004s user 0.002s sys 0.000s
I0710 23:26:44.845306 22362 raft_consensus.cc:325] T 782cbc85002b4ef594bdd8a41b62d57e P 3576d2baa86141439f2e837433589a9b [term 0 FOLLOWER]: Replica starting. Triggering 0 pending transactions. Active config: opid_index: -1 OBSOLETE_local: true peers { permanent_uuid: "3576d2baa86141439f2e837433589a9b" member_type: VOTER last_known_addr { host: "127.18.43.1" port: 45577 } }
I0710 23:26:44.845342 22362 raft_consensus.cc:351] T 782cbc85002b4ef594bdd8a41b62d57e P 3576d2baa86141439f2e837433589a9b [term 0 FOLLOWER]: Consensus starting up: Expiring failure detector timer to make a prompt election more likely
I0710 23:26:44.845356 22362 raft_consensus.cc:630] T 782cbc85002b4ef594bdd8a41b62d57e P 3576d2baa86141439f2e837433589a9b [term 0 FOLLOWER]: Becoming Follower/Learner. State: Replica: 3576d2baa86141439f2e837433589a9b, State: Initialized, Role: FOLLOWER
I0710 23:26:44.845365 22361 raft_consensus.cc:325] T 18aa52f6e09947709e0b183c6d7d21d3 P 3576d2baa86141439f2e837433589a9b [term 0 FOLLOWER]: Replica starting. Triggering 0 pending transactions. Active config: opid_index: -1 OBSOLETE_local: true peers { permanent_uuid: "3576d2baa86141439f2e837433589a9b" member_type: VOTER last_known_addr { host: "127.18.43.1" port: 45577 } }
I0710 23:26:44.845386 22361 raft_consensus.cc:351] T 18aa52f6e09947709e0b183c6d7d21d3 P 3576d2baa86141439f2e837433589a9b [term 0 FOLLOWER]: Consensus starting up: Expiring failure detector timer to make a prompt election more likely
I0710 23:26:44.845398 22361 raft_consensus.cc:630] T 18aa52f6e09947709e0b183c6d7d21d3 P 3576d2baa86141439f2e837433589a9b [term 0 FOLLOWER]: Becoming Follower/Learner. State: Replica: 3576d2baa86141439f2e837433589a9b, State: Initialized, Role: FOLLOWER
I0710 23:26:44.845517 22362 consensus_queue.cc:227] T 782cbc85002b4ef594bdd8a41b62d57e P 3576d2baa86141439f2e837433589a9b [NON_LEADER]: Queue going to NON_LEADER mode. State: All replicated index: 0, Majority replicated index: 0, Committed index: 0, Last appended: 0.0, Last appended by leader: 0, Current term: 0, Majority size: -1, State: 0, Mode: NON_LEADER, active raft config: opid_index: -1 OBSOLETE_local: true peers { permanent_uuid: "3576d2baa86141439f2e837433589a9b" member_type: VOTER last_known_addr { host: "127.18.43.1" port: 45577 } }
I0710 23:26:44.845547 22361 consensus_queue.cc:227] T 18aa52f6e09947709e0b183c6d7d21d3 P 3576d2baa86141439f2e837433589a9b [NON_LEADER]: Queue going to NON_LEADER mode. State: All replicated index: 0, Majority replicated index: 0, Committed index: 0, Last appended: 0.0, Last appended by leader: 0, Current term: 0, Majority size: -1, State: 0, Mode: NON_LEADER, active raft config: opid_index: -1 OBSOLETE_local: true peers { permanent_uuid: "3576d2baa86141439f2e837433589a9b" member_type: VOTER last_known_addr { host: "127.18.43.1" port: 45577 } }
I0710 23:26:44.845554 22362 raft_consensus.cc:365] T 782cbc85002b4ef594bdd8a41b62d57e P 3576d2baa86141439f2e837433589a9b [term 0 FOLLOWER]: Only one voter in the Raft config. Triggering election immediately
I0710 23:26:44.845566 22362 raft_consensus.cc:457] T 782cbc85002b4ef594bdd8a41b62d57e P 3576d2baa86141439f2e837433589a9b [term 0 FOLLOWER]: Starting leader election (initial election of a single-replica configuration)
I0710 23:26:44.845568 22361 raft_consensus.cc:365] T 18aa52f6e09947709e0b183c6d7d21d3 P 3576d2baa86141439f2e837433589a9b [term 0 FOLLOWER]: Only one voter in the Raft config. Triggering election immediately
I0710 23:26:44.845592 22361 raft_consensus.cc:457] T 18aa52f6e09947709e0b183c6d7d21d3 P 3576d2baa86141439f2e837433589a9b [term 0 FOLLOWER]: Starting leader election (initial election of a single-replica configuration)
I0710 23:26:44.845594 22362 raft_consensus.cc:2732] T 782cbc85002b4ef594bdd8a41b62d57e P 3576d2baa86141439f2e837433589a9b: Snoozing failure detection for 1.713s (starting election)
I0710 23:26:44.845620 22361 raft_consensus.cc:2732] T 18aa52f6e09947709e0b183c6d7d21d3 P 3576d2baa86141439f2e837433589a9b: Snoozing failure detection for 1.619s (starting election)
I0710 23:26:44.845624 22362 raft_consensus.cc:2784] T 782cbc85002b4ef594bdd8a41b62d57e P 3576d2baa86141439f2e837433589a9b [term 0 FOLLOWER]: Advancing to term 1
I0710 23:26:44.845636 22361 raft_consensus.cc:2784] T 18aa52f6e09947709e0b183c6d7d21d3 P 3576d2baa86141439f2e837433589a9b [term 0 FOLLOWER]: Advancing to term 1
I0710 23:26:44.846616 22361 raft_consensus.cc:479] T 18aa52f6e09947709e0b183c6d7d21d3 P 3576d2baa86141439f2e837433589a9b [term 1 FOLLOWER]: Starting leader election with config: opid_index: -1 OBSOLETE_local: true peers { permanent_uuid: "3576d2baa86141439f2e837433589a9b" member_type: VOTER last_known_addr { host: "127.18.43.1" port: 45577 } }
I0710 23:26:44.846632 22362 raft_consensus.cc:479] T 782cbc85002b4ef594bdd8a41b62d57e P 3576d2baa86141439f2e837433589a9b [term 1 FOLLOWER]: Starting leader election with config: opid_index: -1 OBSOLETE_local: true peers { permanent_uuid: "3576d2baa86141439f2e837433589a9b" member_type: VOTER last_known_addr { host: "127.18.43.1" port: 45577 } }
I0710 23:26:44.846710 22362 leader_election.cc:278] T 782cbc85002b4ef594bdd8a41b62d57e P 3576d2baa86141439f2e837433589a9b [CANDIDATE]: Term 1 election: Election decided. Result: candidate won.
I0710 23:26:44.846712 22361 leader_election.cc:278] T 18aa52f6e09947709e0b183c6d7d21d3 P 3576d2baa86141439f2e837433589a9b [CANDIDATE]: Term 1 election: Election decided. Result: candidate won.
I0710 23:26:44.846886 22366 raft_consensus.cc:2732] T 782cbc85002b4ef594bdd8a41b62d57e P 3576d2baa86141439f2e837433589a9b: Snoozing failure detection for 1.818s (election complete)
I0710 23:26:44.846930 22366 raft_consensus.cc:2539] T 782cbc85002b4ef594bdd8a41b62d57e P 3576d2baa86141439f2e837433589a9b [term 1 FOLLOWER]: Leader election won for term 1
I0710 23:26:44.846969 22366 raft_consensus.cc:595] T 782cbc85002b4ef594bdd8a41b62d57e P 3576d2baa86141439f2e837433589a9b [term 1 LEADER]: Becoming Leader. State: Replica: 3576d2baa86141439f2e837433589a9b, State: Running, Role: LEADER
I0710 23:26:44.846993 22369 raft_consensus.cc:2732] T 18aa52f6e09947709e0b183c6d7d21d3 P 3576d2baa86141439f2e837433589a9b: Snoozing failure detection for 2.069s (election complete)
I0710 23:26:44.847014 22369 raft_consensus.cc:2539] T 18aa52f6e09947709e0b183c6d7d21d3 P 3576d2baa86141439f2e837433589a9b [term 1 FOLLOWER]: Leader election won for term 1
I0710 23:26:44.847021 22361 ts_tablet_manager.cc:1073] T 18aa52f6e09947709e0b183c6d7d21d3 P 3576d2baa86141439f2e837433589a9b: Time spent starting tablet: real 0.002s user 0.002s sys 0.000s
I0710 23:26:44.847052 22304 catalog_manager.cc:3827] T e076cfa4d8674332aef98dec88fd570e P 3576d2baa86141439f2e837433589a9b reported cstate change: term changed from 0 to 1, leader changed from to 3576d2baa86141439f2e837433589a9b (127.18.43.1). New cstate: current_term: 1 leader_uuid: "3576d2baa86141439f2e837433589a9b" committed_config { opid_index: -1 OBSOLETE_local: true peers { permanent_uuid: "3576d2baa86141439f2e837433589a9b" member_type: VOTER last_known_addr { host: "127.18.43.1" port: 45577 } health_report { overall_health: HEALTHY } } }
I0710 23:26:44.847095 22366 consensus_queue.cc:204] T 782cbc85002b4ef594bdd8a41b62d57e P 3576d2baa86141439f2e837433589a9b [LEADER]: Queue going to LEADER mode. State: All replicated index: 0, Majority replicated index: 0, Committed index: 0, Last appended: 0.0, Last appended by leader: 0, Current term: 1, Majority size: 1, State: 0, Mode: LEADER, active raft config: opid_index: -1 OBSOLETE_local: true peers { permanent_uuid: "3576d2baa86141439f2e837433589a9b" member_type: VOTER last_known_addr { host: "127.18.43.1" port: 45577 } }
I0710 23:26:44.847133 22369 raft_consensus.cc:595] T 18aa52f6e09947709e0b183c6d7d21d3 P 3576d2baa86141439f2e837433589a9b [term 1 LEADER]: Becoming Leader. State: Replica: 3576d2baa86141439f2e837433589a9b, State: Running, Role: LEADER
I0710 23:26:44.847223 22369 consensus_queue.cc:204] T 18aa52f6e09947709e0b183c6d7d21d3 P 3576d2baa86141439f2e837433589a9b [LEADER]: Queue going to LEADER mode. State: All replicated index: 0, Majority replicated index: 0, Committed index: 0, Last appended: 0.0, Last appended by leader: 0, Current term: 1, Majority size: 1, State: 0, Mode: LEADER, active raft config: opid_index: -1 OBSOLETE_local: true peers { permanent_uuid: "3576d2baa86141439f2e837433589a9b" member_type: VOTER last_known_addr { host: "127.18.43.1" port: 45577 } }
I0710 23:26:44.847226 22362 ts_tablet_manager.cc:1073] T 782cbc85002b4ef594bdd8a41b62d57e P 3576d2baa86141439f2e837433589a9b: Time spent starting tablet: real 0.002s user 0.000s sys 0.002s
I0710 23:26:44.847328 22362 ts_tablet_manager.cc:1028] T 2ec5b22f7bc141d2b4fbfc3b12bb7207 P 3576d2baa86141439f2e837433589a9b: Bootstrapping tablet
I0710 23:26:44.847097 22361 ts_tablet_manager.cc:1028] T 8facaf1b4c2e4745baf379f06a8773c8 P 3576d2baa86141439f2e837433589a9b: Bootstrapping tablet
I0710 23:26:44.847419 22362 tablet_bootstrap.cc:427] T 2ec5b22f7bc141d2b4fbfc3b12bb7207 P 3576d2baa86141439f2e837433589a9b: Bootstrap starting.
I0710 23:26:44.847468 22361 tablet_bootstrap.cc:427] T 8facaf1b4c2e4745baf379f06a8773c8 P 3576d2baa86141439f2e837433589a9b: Bootstrap starting.
I0710 23:26:44.848387 22361 tablet_bootstrap.cc:578] T 8facaf1b4c2e4745baf379f06a8773c8 P 3576d2baa86141439f2e837433589a9b: No blocks or log segments found. Creating new log.
I0710 23:26:44.848953 22362 tablet_bootstrap.cc:578] T 2ec5b22f7bc141d2b4fbfc3b12bb7207 P 3576d2baa86141439f2e837433589a9b: No blocks or log segments found. Creating new log.
I0710 23:26:44.849715 22361 tablet_bootstrap.cc:427] T 8facaf1b4c2e4745baf379f06a8773c8 P 3576d2baa86141439f2e837433589a9b: No bootstrap required, opened a new log
I0710 23:26:44.849808 22361 ts_tablet_manager.cc:1045] T 8facaf1b4c2e4745baf379f06a8773c8 P 3576d2baa86141439f2e837433589a9b: Time spent bootstrapping tablet: real 0.002s user 0.001s sys 0.000s
I0710 23:26:44.850200 22361 raft_consensus.cc:325] T 8facaf1b4c2e4745baf379f06a8773c8 P 3576d2baa86141439f2e837433589a9b [term 0 FOLLOWER]: Replica starting. Triggering 0 pending transactions. Active config: opid_index: -1 OBSOLETE_local: true peers { permanent_uuid: "3576d2baa86141439f2e837433589a9b" member_type: VOTER last_known_addr { host: "127.18.43.1" port: 45577 } }
I0710 23:26:44.850224 22361 raft_consensus.cc:351] T 8facaf1b4c2e4745baf379f06a8773c8 P 3576d2baa86141439f2e837433589a9b [term 0 FOLLOWER]: Consensus starting up: Expiring failure detector timer to make a prompt election more likely
I0710 23:26:44.850234 22361 raft_consensus.cc:630] T 8facaf1b4c2e4745baf379f06a8773c8 P 3576d2baa86141439f2e837433589a9b [term 0 FOLLOWER]: Becoming Follower/Learner. State: Replica: 3576d2baa86141439f2e837433589a9b, State: Initialized, Role: FOLLOWER
I0710 23:26:44.850620 22361 consensus_queue.cc:227] T 8facaf1b4c2e4745baf379f06a8773c8 P 3576d2baa86141439f2e837433589a9b [NON_LEADER]: Queue going to NON_LEADER mode. State: All replicated index: 0, Majority replicated index: 0, Committed index: 0, Last appended: 0.0, Last appended by leader: 0, Current term: 0, Majority size: -1, State: 0, Mode: NON_LEADER, active raft config: opid_index: -1 OBSOLETE_local: true peers { permanent_uuid: "3576d2baa86141439f2e837433589a9b" member_type: VOTER last_known_addr { host: "127.18.43.1" port: 45577 } }
I0710 23:26:44.850656 22361 raft_consensus.cc:365] T 8facaf1b4c2e4745baf379f06a8773c8 P 3576d2baa86141439f2e837433589a9b [term 0 FOLLOWER]: Only one voter in the Raft config. Triggering election immediately
I0710 23:26:44.850669 22361 raft_consensus.cc:457] T 8facaf1b4c2e4745baf379f06a8773c8 P 3576d2baa86141439f2e837433589a9b [term 0 FOLLOWER]: Starting leader election (initial election of a single-replica configuration)
I0710 23:26:44.850692 22361 raft_consensus.cc:2732] T 8facaf1b4c2e4745baf379f06a8773c8 P 3576d2baa86141439f2e837433589a9b: Snoozing failure detection for 1.897s (starting election)
I0710 23:26:44.850708 22361 raft_consensus.cc:2784] T 8facaf1b4c2e4745baf379f06a8773c8 P 3576d2baa86141439f2e837433589a9b [term 0 FOLLOWER]: Advancing to term 1
I0710 23:26:44.850744 22303 catalog_manager.cc:3827] T 782cbc85002b4ef594bdd8a41b62d57e P 3576d2baa86141439f2e837433589a9b reported cstate change: term changed from 0 to 1, leader changed from to 3576d2baa86141439f2e837433589a9b (127.18.43.1). New cstate: current_term: 1 leader_uuid: "3576d2baa86141439f2e837433589a9b" committed_config { opid_index: -1 OBSOLETE_local: true peers { permanent_uuid: "3576d2baa86141439f2e837433589a9b" member_type: VOTER last_known_addr { host: "127.18.43.1" port: 45577 } health_report { overall_health: HEALTHY } } }
I0710 23:26:44.850780 22362 tablet_bootstrap.cc:427] T 2ec5b22f7bc141d2b4fbfc3b12bb7207 P 3576d2baa86141439f2e837433589a9b: No bootstrap required, opened a new log
I0710 23:26:44.850847 22362 ts_tablet_manager.cc:1045] T 2ec5b22f7bc141d2b4fbfc3b12bb7207 P 3576d2baa86141439f2e837433589a9b: Time spent bootstrapping tablet: real 0.003s user 0.001s sys 0.000s
I0710 23:26:44.850883 22303 catalog_manager.cc:3827] T 18aa52f6e09947709e0b183c6d7d21d3 P 3576d2baa86141439f2e837433589a9b reported cstate change: term changed from 0 to 1, leader changed from to 3576d2baa86141439f2e837433589a9b (127.18.43.1). New cstate: current_term: 1 leader_uuid: "3576d2baa86141439f2e837433589a9b" committed_config { opid_index: -1 OBSOLETE_local: true peers { permanent_uuid: "3576d2baa86141439f2e837433589a9b" member_type: VOTER last_known_addr { host: "127.18.43.1" port: 45577 } health_report { overall_health: HEALTHY } } }
I0710 23:26:44.851198 22362 raft_consensus.cc:325] T 2ec5b22f7bc141d2b4fbfc3b12bb7207 P 3576d2baa86141439f2e837433589a9b [term 0 FOLLOWER]: Replica starting. Triggering 0 pending transactions. Active config: opid_index: -1 OBSOLETE_local: true peers { permanent_uuid: "3576d2baa86141439f2e837433589a9b" member_type: VOTER last_known_addr { host: "127.18.43.1" port: 45577 } }
I0710 23:26:44.851225 22362 raft_consensus.cc:351] T 2ec5b22f7bc141d2b4fbfc3b12bb7207 P 3576d2baa86141439f2e837433589a9b [term 0 FOLLOWER]: Consensus starting up: Expiring failure detector timer to make a prompt election more likely
I0710 23:26:44.851239 22362 raft_consensus.cc:630] T 2ec5b22f7bc141d2b4fbfc3b12bb7207 P 3576d2baa86141439f2e837433589a9b [term 0 FOLLOWER]: Becoming Follower/Learner. State: Replica: 3576d2baa86141439f2e837433589a9b, State: Initialized, Role: FOLLOWER
I0710 23:26:44.851362 22362 consensus_queue.cc:227] T 2ec5b22f7bc141d2b4fbfc3b12bb7207 P 3576d2baa86141439f2e837433589a9b [NON_LEADER]: Queue going to NON_LEADER mode. State: All replicated index: 0, Majority replicated index: 0, Committed index: 0, Last appended: 0.0, Last appended by leader: 0, Current term: 0, Majority size: -1, State: 0, Mode: NON_LEADER, active raft config: opid_index: -1 OBSOLETE_local: true peers { permanent_uuid: "3576d2baa86141439f2e837433589a9b" member_type: VOTER last_known_addr { host: "127.18.43.1" port: 45577 } }
I0710 23:26:44.851387 22362 raft_consensus.cc:365] T 2ec5b22f7bc141d2b4fbfc3b12bb7207 P 3576d2baa86141439f2e837433589a9b [term 0 FOLLOWER]: Only one voter in the Raft config. Triggering election immediately
I0710 23:26:44.851399 22362 raft_consensus.cc:457] T 2ec5b22f7bc141d2b4fbfc3b12bb7207 P 3576d2baa86141439f2e837433589a9b [term 0 FOLLOWER]: Starting leader election (initial election of a single-replica configuration)
I0710 23:26:44.851426 22362 raft_consensus.cc:2732] T 2ec5b22f7bc141d2b4fbfc3b12bb7207 P 3576d2baa86141439f2e837433589a9b: Snoozing failure detection for 2.122s (starting election)
I0710 23:26:44.851442 22362 raft_consensus.cc:2784] T 2ec5b22f7bc141d2b4fbfc3b12bb7207 P 3576d2baa86141439f2e837433589a9b [term 0 FOLLOWER]: Advancing to term 1
I0710 23:26:44.851687 22361 raft_consensus.cc:479] T 8facaf1b4c2e4745baf379f06a8773c8 P 3576d2baa86141439f2e837433589a9b [term 1 FOLLOWER]: Starting leader election with config: opid_index: -1 OBSOLETE_local: true peers { permanent_uuid: "3576d2baa86141439f2e837433589a9b" member_type: VOTER last_known_addr { host: "127.18.43.1" port: 45577 } }
I0710 23:26:44.851763 22361 leader_election.cc:278] T 8facaf1b4c2e4745baf379f06a8773c8 P 3576d2baa86141439f2e837433589a9b [CANDIDATE]: Term 1 election: Election decided. Result: candidate won.
I0710 23:26:44.851907 22369 raft_consensus.cc:2732] T 8facaf1b4c2e4745baf379f06a8773c8 P 3576d2baa86141439f2e837433589a9b: Snoozing failure detection for 2.217s (election complete)
I0710 23:26:44.851934 22369 raft_consensus.cc:2539] T 8facaf1b4c2e4745baf379f06a8773c8 P 3576d2baa86141439f2e837433589a9b [term 1 FOLLOWER]: Leader election won for term 1
I0710 23:26:44.851969 22369 raft_consensus.cc:595] T 8facaf1b4c2e4745baf379f06a8773c8 P 3576d2baa86141439f2e837433589a9b [term 1 LEADER]: Becoming Leader. State: Replica: 3576d2baa86141439f2e837433589a9b, State: Running, Role: LEADER
I0710 23:26:44.852077 22369 consensus_queue.cc:204] T 8facaf1b4c2e4745baf379f06a8773c8 P 3576d2baa86141439f2e837433589a9b [LEADER]: Queue going to LEADER mode. State: All replicated index: 0, Majority replicated index: 0, Committed index: 0, Last appended: 0.0, Last appended by leader: 0, Current term: 1, Majority size: 1, State: 0, Mode: LEADER, active raft config: opid_index: -1 OBSOLETE_local: true peers { permanent_uuid: "3576d2baa86141439f2e837433589a9b" member_type: VOTER last_known_addr { host: "127.18.43.1" port: 45577 } }
I0710 23:26:44.852293 22362 raft_consensus.cc:479] T 2ec5b22f7bc141d2b4fbfc3b12bb7207 P 3576d2baa86141439f2e837433589a9b [term 1 FOLLOWER]: Starting leader election with config: opid_index: -1 OBSOLETE_local: true peers { permanent_uuid: "3576d2baa86141439f2e837433589a9b" member_type: VOTER last_known_addr { host: "127.18.43.1" port: 45577 } }
I0710 23:26:44.852351 22362 leader_election.cc:278] T 2ec5b22f7bc141d2b4fbfc3b12bb7207 P 3576d2baa86141439f2e837433589a9b [CANDIDATE]: Term 1 election: Election decided. Result: candidate won.
I0710 23:26:44.852469 22378 raft_consensus.cc:2732] T 2ec5b22f7bc141d2b4fbfc3b12bb7207 P 3576d2baa86141439f2e837433589a9b: Snoozing failure detection for 2.211s (election complete)
I0710 23:26:44.852480 22361 ts_tablet_manager.cc:1073] T 8facaf1b4c2e4745baf379f06a8773c8 P 3576d2baa86141439f2e837433589a9b: Time spent starting tablet: real 0.003s user 0.002s sys 0.000s
I0710 23:26:44.852497 22378 raft_consensus.cc:2539] T 2ec5b22f7bc141d2b4fbfc3b12bb7207 P 3576d2baa86141439f2e837433589a9b [term 1 FOLLOWER]: Leader election won for term 1
I0710 23:26:44.852538 22361 ts_tablet_manager.cc:1028] T 45da44391d8a42a780127f45b9ec59e6 P 3576d2baa86141439f2e837433589a9b: Bootstrapping tablet
I0710 23:26:44.852584 22378 raft_consensus.cc:595] T 2ec5b22f7bc141d2b4fbfc3b12bb7207 P 3576d2baa86141439f2e837433589a9b [term 1 LEADER]: Becoming Leader. State: Replica: 3576d2baa86141439f2e837433589a9b, State: Running, Role: LEADER
I0710 23:26:44.852597 22361 tablet_bootstrap.cc:427] T 45da44391d8a42a780127f45b9ec59e6 P 3576d2baa86141439f2e837433589a9b: Bootstrap starting.
I0710 23:26:44.852612 22362 ts_tablet_manager.cc:1073] T 2ec5b22f7bc141d2b4fbfc3b12bb7207 P 3576d2baa86141439f2e837433589a9b: Time spent starting tablet: real 0.002s user 0.002s sys 0.000s
I0710 23:26:44.852677 22362 ts_tablet_manager.cc:1028] T e84b278749d54e9b9978065912c42363 P 3576d2baa86141439f2e837433589a9b: Bootstrapping tablet
I0710 23:26:44.852679 22378 consensus_queue.cc:204] T 2ec5b22f7bc141d2b4fbfc3b12bb7207 P 3576d2baa86141439f2e837433589a9b [LEADER]: Queue going to LEADER mode. State: All replicated index: 0, Majority replicated index: 0, Committed index: 0, Last appended: 0.0, Last appended by leader: 0, Current term: 1, Majority size: 1, State: 0, Mode: LEADER, active raft config: opid_index: -1 OBSOLETE_local: true peers { permanent_uuid: "3576d2baa86141439f2e837433589a9b" member_type: VOTER last_known_addr { host: "127.18.43.1" port: 45577 } }
I0710 23:26:44.852735 22362 tablet_bootstrap.cc:427] T e84b278749d54e9b9978065912c42363 P 3576d2baa86141439f2e837433589a9b: Bootstrap starting.
I0710 23:26:44.853334 22361 tablet_bootstrap.cc:578] T 45da44391d8a42a780127f45b9ec59e6 P 3576d2baa86141439f2e837433589a9b: No blocks or log segments found. Creating new log.
I0710 23:26:44.853492 22362 tablet_bootstrap.cc:578] T e84b278749d54e9b9978065912c42363 P 3576d2baa86141439f2e837433589a9b: No blocks or log segments found. Creating new log.
I0710 23:26:44.854604 22303 catalog_manager.cc:3827] T 2ec5b22f7bc141d2b4fbfc3b12bb7207 P 3576d2baa86141439f2e837433589a9b reported cstate change: term changed from 0 to 1, leader changed from to 3576d2baa86141439f2e837433589a9b (127.18.43.1). New cstate: current_term: 1 leader_uuid: "3576d2baa86141439f2e837433589a9b" committed_config { opid_index: -1 OBSOLETE_local: true peers { permanent_uuid: "3576d2baa86141439f2e837433589a9b" member_type: VOTER last_known_addr { host: "127.18.43.1" port: 45577 } health_report { overall_health: HEALTHY } } }
I0710 23:26:44.854619 22361 tablet_bootstrap.cc:427] T 45da44391d8a42a780127f45b9ec59e6 P 3576d2baa86141439f2e837433589a9b: No bootstrap required, opened a new log
I0710 23:26:44.854681 22361 ts_tablet_manager.cc:1045] T 45da44391d8a42a780127f45b9ec59e6 P 3576d2baa86141439f2e837433589a9b: Time spent bootstrapping tablet: real 0.002s user 0.001s sys 0.000s
I0710 23:26:44.854694 22362 tablet_bootstrap.cc:427] T e84b278749d54e9b9978065912c42363 P 3576d2baa86141439f2e837433589a9b: No bootstrap required, opened a new log
I0710 23:26:44.854748 22362 ts_tablet_manager.cc:1045] T e84b278749d54e9b9978065912c42363 P 3576d2baa86141439f2e837433589a9b: Time spent bootstrapping tablet: real 0.002s user 0.001s sys 0.000s
I0710 23:26:44.854773 22303 catalog_manager.cc:3827] T 8facaf1b4c2e4745baf379f06a8773c8 P 3576d2baa86141439f2e837433589a9b reported cstate change: term changed from 0 to 1, leader changed from to 3576d2baa86141439f2e837433589a9b (127.18.43.1). New cstate: current_term: 1 leader_uuid: "3576d2baa86141439f2e837433589a9b" committed_config { opid_index: -1 OBSOLETE_local: true peers { permanent_uuid: "3576d2baa86141439f2e837433589a9b" member_type: VOTER last_known_addr { host: "127.18.43.1" port: 45577 } health_report { overall_health: HEALTHY } } }
I0710 23:26:44.855159 22361 raft_consensus.cc:325] T 45da44391d8a42a780127f45b9ec59e6 P 3576d2baa86141439f2e837433589a9b [term 0 FOLLOWER]: Replica starting. Triggering 0 pending transactions. Active config: opid_index: -1 OBSOLETE_local: true peers { permanent_uuid: "3576d2baa86141439f2e837433589a9b" member_type: VOTER last_known_addr { host: "127.18.43.1" port: 45577 } }
