I0710 23:26:40.848620 21538 catalog_manager.cc:3827] T 05ab889d520c4b5db0cab1b6d7e8ae86 P 3eefa81a1d344cca94cb71d8fc3a7c08 reported cstate change: term changed from 1 to 2. New cstate: current_term: 2 leader_uuid: "3eefa81a1d344cca94cb71d8fc3a7c08" committed_config { opid_index: -1 OBSOLETE_local: true peers { permanent_uuid: "3eefa81a1d344cca94cb71d8fc3a7c08" member_type: VOTER last_known_addr { host: "127.18.43.1" port: 46659 } health_report { overall_health: HEALTHY } } }
I0710 23:26:40.948576 21823 tablet_bootstrap.cc:427] T fbe2894430174092986bffc0d8021206 P 3eefa81a1d344cca94cb71d8fc3a7c08: Bootstrap replayed 1/1 log segments. Stats: ops{read=190 overwritten=0 applied=190 ignored=0} inserts{seen=509 ignored=0} mutations{seen=0 ignored=0} orphaned_commits=0. Pending: 0 replicates
I0710 23:26:40.948940 21823 tablet_bootstrap.cc:427] T fbe2894430174092986bffc0d8021206 P 3eefa81a1d344cca94cb71d8fc3a7c08: Bootstrap complete.
I0710 23:26:40.949781 21823 ts_tablet_manager.cc:1045] T fbe2894430174092986bffc0d8021206 P 3eefa81a1d344cca94cb71d8fc3a7c08: Time spent bootstrapping tablet: real 0.103s user 0.093s sys 0.007s
I0710 23:26:40.950269 21823 raft_consensus.cc:325] T fbe2894430174092986bffc0d8021206 P 3eefa81a1d344cca94cb71d8fc3a7c08 [term 1 FOLLOWER]: Replica starting. Triggering 0 pending transactions. Active config: opid_index: -1 OBSOLETE_local: true peers { permanent_uuid: "3eefa81a1d344cca94cb71d8fc3a7c08" member_type: VOTER last_known_addr { host: "127.18.43.1" port: 46659 } }
I0710 23:26:40.950307 21823 raft_consensus.cc:630] T fbe2894430174092986bffc0d8021206 P 3eefa81a1d344cca94cb71d8fc3a7c08 [term 1 FOLLOWER]: Becoming Follower/Learner. State: Replica: 3eefa81a1d344cca94cb71d8fc3a7c08, State: Initialized, Role: FOLLOWER
I0710 23:26:40.950464 21823 consensus_queue.cc:227] T fbe2894430174092986bffc0d8021206 P 3eefa81a1d344cca94cb71d8fc3a7c08 [NON_LEADER]: Queue going to NON_LEADER mode. State: All replicated index: 0, Majority replicated index: 0, Committed index: 190, Last appended: 1.190, Last appended by leader: 190, Current term: 0, Majority size: -1, State: 0, Mode: NON_LEADER, active raft config: opid_index: -1 OBSOLETE_local: true peers { permanent_uuid: "3eefa81a1d344cca94cb71d8fc3a7c08" member_type: VOTER last_known_addr { host: "127.18.43.1" port: 46659 } }
I0710 23:26:40.950490 21823 raft_consensus.cc:365] T fbe2894430174092986bffc0d8021206 P 3eefa81a1d344cca94cb71d8fc3a7c08 [term 1 FOLLOWER]: Only one voter in the Raft config. Triggering election immediately
I0710 23:26:40.950500 21823 raft_consensus.cc:457] T fbe2894430174092986bffc0d8021206 P 3eefa81a1d344cca94cb71d8fc3a7c08 [term 1 FOLLOWER]: Starting leader election (initial election of a single-replica configuration)
I0710 23:26:40.950527 21823 raft_consensus.cc:2732] T fbe2894430174092986bffc0d8021206 P 3eefa81a1d344cca94cb71d8fc3a7c08: Snoozing failure detection for 1.644s (starting election)
I0710 23:26:40.950546 21823 raft_consensus.cc:2784] T fbe2894430174092986bffc0d8021206 P 3eefa81a1d344cca94cb71d8fc3a7c08 [term 1 FOLLOWER]: Advancing to term 2
I0710 23:26:40.951520 21823 raft_consensus.cc:479] T fbe2894430174092986bffc0d8021206 P 3eefa81a1d344cca94cb71d8fc3a7c08 [term 2 FOLLOWER]: Starting leader election with config: opid_index: -1 OBSOLETE_local: true peers { permanent_uuid: "3eefa81a1d344cca94cb71d8fc3a7c08" member_type: VOTER last_known_addr { host: "127.18.43.1" port: 46659 } }
I0710 23:26:40.951644 21823 leader_election.cc:278] T fbe2894430174092986bffc0d8021206 P 3eefa81a1d344cca94cb71d8fc3a7c08 [CANDIDATE]: Term 2 election: Election decided. Result: candidate won.
I0710 23:26:40.951822 21839 raft_consensus.cc:2732] T fbe2894430174092986bffc0d8021206 P 3eefa81a1d344cca94cb71d8fc3a7c08: Snoozing failure detection for 2.150s (election complete)
I0710 23:26:40.951869 21839 raft_consensus.cc:2539] T fbe2894430174092986bffc0d8021206 P 3eefa81a1d344cca94cb71d8fc3a7c08 [term 2 FOLLOWER]: Leader election won for term 2
I0710 23:26:40.951928 21839 raft_consensus.cc:595] T fbe2894430174092986bffc0d8021206 P 3eefa81a1d344cca94cb71d8fc3a7c08 [term 2 LEADER]: Becoming Leader. State: Replica: 3eefa81a1d344cca94cb71d8fc3a7c08, State: Running, Role: LEADER
I0710 23:26:40.951992 21823 ts_tablet_manager.cc:1073] T fbe2894430174092986bffc0d8021206 P 3eefa81a1d344cca94cb71d8fc3a7c08: Time spent starting tablet: real 0.002s user 0.004s sys 0.000s
I0710 23:26:40.952054 21823 ts_tablet_manager.cc:1028] T 39212fb42d874c3cad5a34357eae1a51 P 3eefa81a1d344cca94cb71d8fc3a7c08: Bootstrapping tablet
I0710 23:26:40.952072 21839 consensus_queue.cc:204] T fbe2894430174092986bffc0d8021206 P 3eefa81a1d344cca94cb71d8fc3a7c08 [LEADER]: Queue going to LEADER mode. State: All replicated index: 0, Majority replicated index: 190, Committed index: 190, Last appended: 1.190, Last appended by leader: 190, Current term: 2, Majority size: 1, State: 0, Mode: LEADER, active raft config: opid_index: -1 OBSOLETE_local: true peers { permanent_uuid: "3eefa81a1d344cca94cb71d8fc3a7c08" member_type: VOTER last_known_addr { host: "127.18.43.1" port: 46659 } }
I0710 23:26:40.952111 21823 tablet_bootstrap.cc:427] T 39212fb42d874c3cad5a34357eae1a51 P 3eefa81a1d344cca94cb71d8fc3a7c08: Bootstrap starting.
I0710 23:26:40.953747 21538 catalog_manager.cc:3827] T fbe2894430174092986bffc0d8021206 P 3eefa81a1d344cca94cb71d8fc3a7c08 reported cstate change: term changed from 1 to 2. New cstate: current_term: 2 leader_uuid: "3eefa81a1d344cca94cb71d8fc3a7c08" committed_config { opid_index: -1 OBSOLETE_local: true peers { permanent_uuid: "3eefa81a1d344cca94cb71d8fc3a7c08" member_type: VOTER last_known_addr { host: "127.18.43.1" port: 46659 } health_report { overall_health: HEALTHY } } }
I0710 23:26:41.058845 21823 tablet_bootstrap.cc:427] T 39212fb42d874c3cad5a34357eae1a51 P 3eefa81a1d344cca94cb71d8fc3a7c08: Bootstrap replayed 1/1 log segments. Stats: ops{read=191 overwritten=0 applied=191 ignored=0} inserts{seen=546 ignored=0} mutations{seen=0 ignored=0} orphaned_commits=0. Pending: 0 replicates
I0710 23:26:41.059267 21823 tablet_bootstrap.cc:427] T 39212fb42d874c3cad5a34357eae1a51 P 3eefa81a1d344cca94cb71d8fc3a7c08: Bootstrap complete.
I0710 23:26:41.060184 21823 ts_tablet_manager.cc:1045] T 39212fb42d874c3cad5a34357eae1a51 P 3eefa81a1d344cca94cb71d8fc3a7c08: Time spent bootstrapping tablet: real 0.108s user 0.091s sys 0.016s
I0710 23:26:41.060714 21823 raft_consensus.cc:325] T 39212fb42d874c3cad5a34357eae1a51 P 3eefa81a1d344cca94cb71d8fc3a7c08 [term 1 FOLLOWER]: Replica starting. Triggering 0 pending transactions. Active config: opid_index: -1 OBSOLETE_local: true peers { permanent_uuid: "3eefa81a1d344cca94cb71d8fc3a7c08" member_type: VOTER last_known_addr { host: "127.18.43.1" port: 46659 } }
I0710 23:26:41.060746 21823 raft_consensus.cc:630] T 39212fb42d874c3cad5a34357eae1a51 P 3eefa81a1d344cca94cb71d8fc3a7c08 [term 1 FOLLOWER]: Becoming Follower/Learner. State: Replica: 3eefa81a1d344cca94cb71d8fc3a7c08, State: Initialized, Role: FOLLOWER
I0710 23:26:41.060847 21823 consensus_queue.cc:227] T 39212fb42d874c3cad5a34357eae1a51 P 3eefa81a1d344cca94cb71d8fc3a7c08 [NON_LEADER]: Queue going to NON_LEADER mode. State: All replicated index: 0, Majority replicated index: 0, Committed index: 191, Last appended: 1.191, Last appended by leader: 191, Current term: 0, Majority size: -1, State: 0, Mode: NON_LEADER, active raft config: opid_index: -1 OBSOLETE_local: true peers { permanent_uuid: "3eefa81a1d344cca94cb71d8fc3a7c08" member_type: VOTER last_known_addr { host: "127.18.43.1" port: 46659 } }
I0710 23:26:41.060868 21823 raft_consensus.cc:365] T 39212fb42d874c3cad5a34357eae1a51 P 3eefa81a1d344cca94cb71d8fc3a7c08 [term 1 FOLLOWER]: Only one voter in the Raft config. Triggering election immediately
I0710 23:26:41.060878 21823 raft_consensus.cc:457] T 39212fb42d874c3cad5a34357eae1a51 P 3eefa81a1d344cca94cb71d8fc3a7c08 [term 1 FOLLOWER]: Starting leader election (initial election of a single-replica configuration)
I0710 23:26:41.060901 21823 raft_consensus.cc:2732] T 39212fb42d874c3cad5a34357eae1a51 P 3eefa81a1d344cca94cb71d8fc3a7c08: Snoozing failure detection for 1.666s (starting election)
I0710 23:26:41.060922 21823 raft_consensus.cc:2784] T 39212fb42d874c3cad5a34357eae1a51 P 3eefa81a1d344cca94cb71d8fc3a7c08 [term 1 FOLLOWER]: Advancing to term 2
I0710 23:26:41.061710 21823 raft_consensus.cc:479] T 39212fb42d874c3cad5a34357eae1a51 P 3eefa81a1d344cca94cb71d8fc3a7c08 [term 2 FOLLOWER]: Starting leader election with config: opid_index: -1 OBSOLETE_local: true peers { permanent_uuid: "3eefa81a1d344cca94cb71d8fc3a7c08" member_type: VOTER last_known_addr { host: "127.18.43.1" port: 46659 } }
I0710 23:26:41.061792 21823 leader_election.cc:278] T 39212fb42d874c3cad5a34357eae1a51 P 3eefa81a1d344cca94cb71d8fc3a7c08 [CANDIDATE]: Term 2 election: Election decided. Result: candidate won.
I0710 23:26:41.061955 21839 raft_consensus.cc:2732] T 39212fb42d874c3cad5a34357eae1a51 P 3eefa81a1d344cca94cb71d8fc3a7c08: Snoozing failure detection for 2.014s (election complete)
I0710 23:26:41.062003 21839 raft_consensus.cc:2539] T 39212fb42d874c3cad5a34357eae1a51 P 3eefa81a1d344cca94cb71d8fc3a7c08 [term 2 FOLLOWER]: Leader election won for term 2
I0710 23:26:41.062057 21839 raft_consensus.cc:595] T 39212fb42d874c3cad5a34357eae1a51 P 3eefa81a1d344cca94cb71d8fc3a7c08 [term 2 LEADER]: Becoming Leader. State: Replica: 3eefa81a1d344cca94cb71d8fc3a7c08, State: Running, Role: LEADER
I0710 23:26:41.062085 21823 ts_tablet_manager.cc:1073] T 39212fb42d874c3cad5a34357eae1a51 P 3eefa81a1d344cca94cb71d8fc3a7c08: Time spent starting tablet: real 0.002s user 0.000s sys 0.000s
I0710 23:26:41.062194 21839 consensus_queue.cc:204] T 39212fb42d874c3cad5a34357eae1a51 P 3eefa81a1d344cca94cb71d8fc3a7c08 [LEADER]: Queue going to LEADER mode. State: All replicated index: 0, Majority replicated index: 191, Committed index: 191, Last appended: 1.191, Last appended by leader: 191, Current term: 2, Majority size: 1, State: 0, Mode: LEADER, active raft config: opid_index: -1 OBSOLETE_local: true peers { permanent_uuid: "3eefa81a1d344cca94cb71d8fc3a7c08" member_type: VOTER last_known_addr { host: "127.18.43.1" port: 46659 } }
I0710 23:26:41.062228 21823 ts_tablet_manager.cc:1028] T f49626b5d56d4f828e36578b5101e8e0 P 3eefa81a1d344cca94cb71d8fc3a7c08: Bootstrapping tablet
I0710 23:26:41.062299 21823 tablet_bootstrap.cc:427] T f49626b5d56d4f828e36578b5101e8e0 P 3eefa81a1d344cca94cb71d8fc3a7c08: Bootstrap starting.
I0710 23:26:41.063768 21538 catalog_manager.cc:3827] T 39212fb42d874c3cad5a34357eae1a51 P 3eefa81a1d344cca94cb71d8fc3a7c08 reported cstate change: term changed from 1 to 2. New cstate: current_term: 2 leader_uuid: "3eefa81a1d344cca94cb71d8fc3a7c08" committed_config { opid_index: -1 OBSOLETE_local: true peers { permanent_uuid: "3eefa81a1d344cca94cb71d8fc3a7c08" member_type: VOTER last_known_addr { host: "127.18.43.1" port: 46659 } health_report { overall_health: HEALTHY } } }
I0710 23:26:41.168886 21823 tablet_bootstrap.cc:427] T f49626b5d56d4f828e36578b5101e8e0 P 3eefa81a1d344cca94cb71d8fc3a7c08: Bootstrap replayed 1/1 log segments. Stats: ops{read=184 overwritten=0 applied=184 ignored=0} inserts{seen=493 ignored=0} mutations{seen=0 ignored=0} orphaned_commits=0. Pending: 0 replicates
I0710 23:26:41.169297 21823 tablet_bootstrap.cc:427] T f49626b5d56d4f828e36578b5101e8e0 P 3eefa81a1d344cca94cb71d8fc3a7c08: Bootstrap complete.
I0710 23:26:41.170110 21823 ts_tablet_manager.cc:1045] T f49626b5d56d4f828e36578b5101e8e0 P 3eefa81a1d344cca94cb71d8fc3a7c08: Time spent bootstrapping tablet: real 0.108s user 0.097s sys 0.008s
I0710 23:26:41.170583 21823 raft_consensus.cc:325] T f49626b5d56d4f828e36578b5101e8e0 P 3eefa81a1d344cca94cb71d8fc3a7c08 [term 1 FOLLOWER]: Replica starting. Triggering 0 pending transactions. Active config: opid_index: -1 OBSOLETE_local: true peers { permanent_uuid: "3eefa81a1d344cca94cb71d8fc3a7c08" member_type: VOTER last_known_addr { host: "127.18.43.1" port: 46659 } }
I0710 23:26:41.170614 21823 raft_consensus.cc:630] T f49626b5d56d4f828e36578b5101e8e0 P 3eefa81a1d344cca94cb71d8fc3a7c08 [term 1 FOLLOWER]: Becoming Follower/Learner. State: Replica: 3eefa81a1d344cca94cb71d8fc3a7c08, State: Initialized, Role: FOLLOWER
I0710 23:26:41.170742 21823 consensus_queue.cc:227] T f49626b5d56d4f828e36578b5101e8e0 P 3eefa81a1d344cca94cb71d8fc3a7c08 [NON_LEADER]: Queue going to NON_LEADER mode. State: All replicated index: 0, Majority replicated index: 0, Committed index: 184, Last appended: 1.184, Last appended by leader: 184, Current term: 0, Majority size: -1, State: 0, Mode: NON_LEADER, active raft config: opid_index: -1 OBSOLETE_local: true peers { permanent_uuid: "3eefa81a1d344cca94cb71d8fc3a7c08" member_type: VOTER last_known_addr { host: "127.18.43.1" port: 46659 } }
I0710 23:26:41.170768 21823 raft_consensus.cc:365] T f49626b5d56d4f828e36578b5101e8e0 P 3eefa81a1d344cca94cb71d8fc3a7c08 [term 1 FOLLOWER]: Only one voter in the Raft config. Triggering election immediately
I0710 23:26:41.170781 21823 raft_consensus.cc:457] T f49626b5d56d4f828e36578b5101e8e0 P 3eefa81a1d344cca94cb71d8fc3a7c08 [term 1 FOLLOWER]: Starting leader election (initial election of a single-replica configuration)
I0710 23:26:41.170809 21823 raft_consensus.cc:2732] T f49626b5d56d4f828e36578b5101e8e0 P 3eefa81a1d344cca94cb71d8fc3a7c08: Snoozing failure detection for 2.126s (starting election)
I0710 23:26:41.170826 21823 raft_consensus.cc:2784] T f49626b5d56d4f828e36578b5101e8e0 P 3eefa81a1d344cca94cb71d8fc3a7c08 [term 1 FOLLOWER]: Advancing to term 2
I0710 23:26:41.171669 21823 raft_consensus.cc:479] T f49626b5d56d4f828e36578b5101e8e0 P 3eefa81a1d344cca94cb71d8fc3a7c08 [term 2 FOLLOWER]: Starting leader election with config: opid_index: -1 OBSOLETE_local: true peers { permanent_uuid: "3eefa81a1d344cca94cb71d8fc3a7c08" member_type: VOTER last_known_addr { host: "127.18.43.1" port: 46659 } }
I0710 23:26:41.171756 21823 leader_election.cc:278] T f49626b5d56d4f828e36578b5101e8e0 P 3eefa81a1d344cca94cb71d8fc3a7c08 [CANDIDATE]: Term 2 election: Election decided. Result: candidate won.
I0710 23:26:41.171918 21838 raft_consensus.cc:2732] T f49626b5d56d4f828e36578b5101e8e0 P 3eefa81a1d344cca94cb71d8fc3a7c08: Snoozing failure detection for 1.847s (election complete)
I0710 23:26:41.171965 21838 raft_consensus.cc:2539] T f49626b5d56d4f828e36578b5101e8e0 P 3eefa81a1d344cca94cb71d8fc3a7c08 [term 2 FOLLOWER]: Leader election won for term 2
I0710 23:26:41.172029 21838 raft_consensus.cc:595] T f49626b5d56d4f828e36578b5101e8e0 P 3eefa81a1d344cca94cb71d8fc3a7c08 [term 2 LEADER]: Becoming Leader. State: Replica: 3eefa81a1d344cca94cb71d8fc3a7c08, State: Running, Role: LEADER
I0710 23:26:41.172127 21823 ts_tablet_manager.cc:1073] T f49626b5d56d4f828e36578b5101e8e0 P 3eefa81a1d344cca94cb71d8fc3a7c08: Time spent starting tablet: real 0.002s user 0.004s sys 0.000s
I0710 23:26:41.172163 21838 consensus_queue.cc:204] T f49626b5d56d4f828e36578b5101e8e0 P 3eefa81a1d344cca94cb71d8fc3a7c08 [LEADER]: Queue going to LEADER mode. State: All replicated index: 0, Majority replicated index: 184, Committed index: 184, Last appended: 1.184, Last appended by leader: 184, Current term: 2, Majority size: 1, State: 0, Mode: LEADER, active raft config: opid_index: -1 OBSOLETE_local: true peers { permanent_uuid: "3eefa81a1d344cca94cb71d8fc3a7c08" member_type: VOTER last_known_addr { host: "127.18.43.1" port: 46659 } }
I0710 23:26:41.172195 21823 ts_tablet_manager.cc:1028] T e425aeacae634ba695a97557c5ebb75a P 3eefa81a1d344cca94cb71d8fc3a7c08: Bootstrapping tablet
I0710 23:26:41.172256 21823 tablet_bootstrap.cc:427] T e425aeacae634ba695a97557c5ebb75a P 3eefa81a1d344cca94cb71d8fc3a7c08: Bootstrap starting.
I0710 23:26:41.173542 21538 catalog_manager.cc:3827] T f49626b5d56d4f828e36578b5101e8e0 P 3eefa81a1d344cca94cb71d8fc3a7c08 reported cstate change: term changed from 1 to 2. New cstate: current_term: 2 leader_uuid: "3eefa81a1d344cca94cb71d8fc3a7c08" committed_config { opid_index: -1 OBSOLETE_local: true peers { permanent_uuid: "3eefa81a1d344cca94cb71d8fc3a7c08" member_type: VOTER last_known_addr { host: "127.18.43.1" port: 46659 } health_report { overall_health: HEALTHY } } }
I0710 23:26:41.187743 21804 heartbeater.cc:467] Master 127.18.43.62:33645 was elected leader, sending a full tablet report...
I0710 23:26:41.271445 21823 tablet_bootstrap.cc:427] T e425aeacae634ba695a97557c5ebb75a P 3eefa81a1d344cca94cb71d8fc3a7c08: Bootstrap replayed 1/1 log segments. Stats: ops{read=192 overwritten=0 applied=192 ignored=0} inserts{seen=527 ignored=0} mutations{seen=0 ignored=0} orphaned_commits=0. Pending: 0 replicates
I0710 23:26:41.271847 21823 tablet_bootstrap.cc:427] T e425aeacae634ba695a97557c5ebb75a P 3eefa81a1d344cca94cb71d8fc3a7c08: Bootstrap complete.
I0710 23:26:41.272629 21823 ts_tablet_manager.cc:1045] T e425aeacae634ba695a97557c5ebb75a P 3eefa81a1d344cca94cb71d8fc3a7c08: Time spent bootstrapping tablet: real 0.100s user 0.083s sys 0.016s
I0710 23:26:41.273067 21823 raft_consensus.cc:325] T e425aeacae634ba695a97557c5ebb75a P 3eefa81a1d344cca94cb71d8fc3a7c08 [term 1 FOLLOWER]: Replica starting. Triggering 0 pending transactions. Active config: opid_index: -1 OBSOLETE_local: true peers { permanent_uuid: "3eefa81a1d344cca94cb71d8fc3a7c08" member_type: VOTER last_known_addr { host: "127.18.43.1" port: 46659 } }
I0710 23:26:41.273097 21823 raft_consensus.cc:630] T e425aeacae634ba695a97557c5ebb75a P 3eefa81a1d344cca94cb71d8fc3a7c08 [term 1 FOLLOWER]: Becoming Follower/Learner. State: Replica: 3eefa81a1d344cca94cb71d8fc3a7c08, State: Initialized, Role: FOLLOWER
I0710 23:26:41.273223 21823 consensus_queue.cc:227] T e425aeacae634ba695a97557c5ebb75a P 3eefa81a1d344cca94cb71d8fc3a7c08 [NON_LEADER]: Queue going to NON_LEADER mode. State: All replicated index: 0, Majority replicated index: 0, Committed index: 192, Last appended: 1.192, Last appended by leader: 192, Current term: 0, Majority size: -1, State: 0, Mode: NON_LEADER, active raft config: opid_index: -1 OBSOLETE_local: true peers { permanent_uuid: "3eefa81a1d344cca94cb71d8fc3a7c08" member_type: VOTER last_known_addr { host: "127.18.43.1" port: 46659 } }
I0710 23:26:41.273248 21823 raft_consensus.cc:365] T e425aeacae634ba695a97557c5ebb75a P 3eefa81a1d344cca94cb71d8fc3a7c08 [term 1 FOLLOWER]: Only one voter in the Raft config. Triggering election immediately
I0710 23:26:41.273262 21823 raft_consensus.cc:457] T e425aeacae634ba695a97557c5ebb75a P 3eefa81a1d344cca94cb71d8fc3a7c08 [term 1 FOLLOWER]: Starting leader election (initial election of a single-replica configuration)
I0710 23:26:41.273281 21823 raft_consensus.cc:2732] T e425aeacae634ba695a97557c5ebb75a P 3eefa81a1d344cca94cb71d8fc3a7c08: Snoozing failure detection for 2.074s (starting election)
I0710 23:26:41.273299 21823 raft_consensus.cc:2784] T e425aeacae634ba695a97557c5ebb75a P 3eefa81a1d344cca94cb71d8fc3a7c08 [term 1 FOLLOWER]: Advancing to term 2
I0710 23:26:41.274087 21823 raft_consensus.cc:479] T e425aeacae634ba695a97557c5ebb75a P 3eefa81a1d344cca94cb71d8fc3a7c08 [term 2 FOLLOWER]: Starting leader election with config: opid_index: -1 OBSOLETE_local: true peers { permanent_uuid: "3eefa81a1d344cca94cb71d8fc3a7c08" member_type: VOTER last_known_addr { host: "127.18.43.1" port: 46659 } }
I0710 23:26:41.274173 21823 leader_election.cc:278] T e425aeacae634ba695a97557c5ebb75a P 3eefa81a1d344cca94cb71d8fc3a7c08 [CANDIDATE]: Term 2 election: Election decided. Result: candidate won.
I0710 23:26:41.274317 21838 raft_consensus.cc:2732] T e425aeacae634ba695a97557c5ebb75a P 3eefa81a1d344cca94cb71d8fc3a7c08: Snoozing failure detection for 2.201s (election complete)
I0710 23:26:41.274361 21838 raft_consensus.cc:2539] T e425aeacae634ba695a97557c5ebb75a P 3eefa81a1d344cca94cb71d8fc3a7c08 [term 2 FOLLOWER]: Leader election won for term 2
I0710 23:26:41.274420 21838 raft_consensus.cc:595] T e425aeacae634ba695a97557c5ebb75a P 3eefa81a1d344cca94cb71d8fc3a7c08 [term 2 LEADER]: Becoming Leader. State: Replica: 3eefa81a1d344cca94cb71d8fc3a7c08, State: Running, Role: LEADER
I0710 23:26:41.274441 21823 ts_tablet_manager.cc:1073] T e425aeacae634ba695a97557c5ebb75a P 3eefa81a1d344cca94cb71d8fc3a7c08: Time spent starting tablet: real 0.002s user 0.000s sys 0.000s
I0710 23:26:41.274507 21823 ts_tablet_manager.cc:1028] T 420e91af2ba54520ac1b422b22a543eb P 3eefa81a1d344cca94cb71d8fc3a7c08: Bootstrapping tablet
I0710 23:26:41.274564 21823 tablet_bootstrap.cc:427] T 420e91af2ba54520ac1b422b22a543eb P 3eefa81a1d344cca94cb71d8fc3a7c08: Bootstrap starting.
I0710 23:26:41.274585 21838 consensus_queue.cc:204] T e425aeacae634ba695a97557c5ebb75a P 3eefa81a1d344cca94cb71d8fc3a7c08 [LEADER]: Queue going to LEADER mode. State: All replicated index: 0, Majority replicated index: 192, Committed index: 192, Last appended: 1.192, Last appended by leader: 192, Current term: 2, Majority size: 1, State: 0, Mode: LEADER, active raft config: opid_index: -1 OBSOLETE_local: true peers { permanent_uuid: "3eefa81a1d344cca94cb71d8fc3a7c08" member_type: VOTER last_known_addr { host: "127.18.43.1" port: 46659 } }
I0710 23:26:41.276075 21538 catalog_manager.cc:3827] T e425aeacae634ba695a97557c5ebb75a P 3eefa81a1d344cca94cb71d8fc3a7c08 reported cstate change: term changed from 1 to 2. New cstate: current_term: 2 leader_uuid: "3eefa81a1d344cca94cb71d8fc3a7c08" committed_config { opid_index: -1 OBSOLETE_local: true peers { permanent_uuid: "3eefa81a1d344cca94cb71d8fc3a7c08" member_type: VOTER last_known_addr { host: "127.18.43.1" port: 46659 } health_report { overall_health: HEALTHY } } }
I0710 23:26:41.376093 21823 tablet_bootstrap.cc:427] T 420e91af2ba54520ac1b422b22a543eb P 3eefa81a1d344cca94cb71d8fc3a7c08: Bootstrap replayed 1/1 log segments. Stats: ops{read=194 overwritten=0 applied=194 ignored=0} inserts{seen=517 ignored=0} mutations{seen=0 ignored=0} orphaned_commits=0. Pending: 0 replicates
I0710 23:26:41.376436 21823 tablet_bootstrap.cc:427] T 420e91af2ba54520ac1b422b22a543eb P 3eefa81a1d344cca94cb71d8fc3a7c08: Bootstrap complete.
I0710 23:26:41.377214 21823 ts_tablet_manager.cc:1045] T 420e91af2ba54520ac1b422b22a543eb P 3eefa81a1d344cca94cb71d8fc3a7c08: Time spent bootstrapping tablet: real 0.103s user 0.081s sys 0.019s
I0710 23:26:41.377698 21823 raft_consensus.cc:325] T 420e91af2ba54520ac1b422b22a543eb P 3eefa81a1d344cca94cb71d8fc3a7c08 [term 1 FOLLOWER]: Replica starting. Triggering 0 pending transactions. Active config: opid_index: -1 OBSOLETE_local: true peers { permanent_uuid: "3eefa81a1d344cca94cb71d8fc3a7c08" member_type: VOTER last_known_addr { host: "127.18.43.1" port: 46659 } }
I0710 23:26:41.377730 21823 raft_consensus.cc:630] T 420e91af2ba54520ac1b422b22a543eb P 3eefa81a1d344cca94cb71d8fc3a7c08 [term 1 FOLLOWER]: Becoming Follower/Learner. State: Replica: 3eefa81a1d344cca94cb71d8fc3a7c08, State: Initialized, Role: FOLLOWER
I0710 23:26:41.377851 21823 consensus_queue.cc:227] T 420e91af2ba54520ac1b422b22a543eb P 3eefa81a1d344cca94cb71d8fc3a7c08 [NON_LEADER]: Queue going to NON_LEADER mode. State: All replicated index: 0, Majority replicated index: 0, Committed index: 194, Last appended: 1.194, Last appended by leader: 194, Current term: 0, Majority size: -1, State: 0, Mode: NON_LEADER, active raft config: opid_index: -1 OBSOLETE_local: true peers { permanent_uuid: "3eefa81a1d344cca94cb71d8fc3a7c08" member_type: VOTER last_known_addr { host: "127.18.43.1" port: 46659 } }
I0710 23:26:41.377879 21823 raft_consensus.cc:365] T 420e91af2ba54520ac1b422b22a543eb P 3eefa81a1d344cca94cb71d8fc3a7c08 [term 1 FOLLOWER]: Only one voter in the Raft config. Triggering election immediately
I0710 23:26:41.377894 21823 raft_consensus.cc:457] T 420e91af2ba54520ac1b422b22a543eb P 3eefa81a1d344cca94cb71d8fc3a7c08 [term 1 FOLLOWER]: Starting leader election (initial election of a single-replica configuration)
I0710 23:26:41.377918 21823 raft_consensus.cc:2732] T 420e91af2ba54520ac1b422b22a543eb P 3eefa81a1d344cca94cb71d8fc3a7c08: Snoozing failure detection for 2.146s (starting election)
I0710 23:26:41.377934 21823 raft_consensus.cc:2784] T 420e91af2ba54520ac1b422b22a543eb P 3eefa81a1d344cca94cb71d8fc3a7c08 [term 1 FOLLOWER]: Advancing to term 2
I0710 23:26:41.378716 21823 raft_consensus.cc:479] T 420e91af2ba54520ac1b422b22a543eb P 3eefa81a1d344cca94cb71d8fc3a7c08 [term 2 FOLLOWER]: Starting leader election with config: opid_index: -1 OBSOLETE_local: true peers { permanent_uuid: "3eefa81a1d344cca94cb71d8fc3a7c08" member_type: VOTER last_known_addr { host: "127.18.43.1" port: 46659 } }
I0710 23:26:41.378800 21823 leader_election.cc:278] T 420e91af2ba54520ac1b422b22a543eb P 3eefa81a1d344cca94cb71d8fc3a7c08 [CANDIDATE]: Term 2 election: Election decided. Result: candidate won.
I0710 23:26:41.379030 21838 raft_consensus.cc:2732] T 420e91af2ba54520ac1b422b22a543eb P 3eefa81a1d344cca94cb71d8fc3a7c08: Snoozing failure detection for 1.870s (election complete)
I0710 23:26:41.379082 21838 raft_consensus.cc:2539] T 420e91af2ba54520ac1b422b22a543eb P 3eefa81a1d344cca94cb71d8fc3a7c08 [term 2 FOLLOWER]: Leader election won for term 2
I0710 23:26:41.379148 21838 raft_consensus.cc:595] T 420e91af2ba54520ac1b422b22a543eb P 3eefa81a1d344cca94cb71d8fc3a7c08 [term 2 LEADER]: Becoming Leader. State: Replica: 3eefa81a1d344cca94cb71d8fc3a7c08, State: Running, Role: LEADER
I0710 23:26:41.379299 21838 consensus_queue.cc:204] T 420e91af2ba54520ac1b422b22a543eb P 3eefa81a1d344cca94cb71d8fc3a7c08 [LEADER]: Queue going to LEADER mode. State: All replicated index: 0, Majority replicated index: 194, Committed index: 194, Last appended: 1.194, Last appended by leader: 194, Current term: 2, Majority size: 1, State: 0, Mode: LEADER, active raft config: opid_index: -1 OBSOLETE_local: true peers { permanent_uuid: "3eefa81a1d344cca94cb71d8fc3a7c08" member_type: VOTER last_known_addr { host: "127.18.43.1" port: 46659 } }
I0710 23:26:41.379320 21823 ts_tablet_manager.cc:1073] T 420e91af2ba54520ac1b422b22a543eb P 3eefa81a1d344cca94cb71d8fc3a7c08: Time spent starting tablet: real 0.002s user 0.003s sys 0.001s
I0710 23:26:41.379411 21823 ts_tablet_manager.cc:1028] T 6be9b59101ec4ae6bec4f3111efb82b3 P 3eefa81a1d344cca94cb71d8fc3a7c08: Bootstrapping tablet
I0710 23:26:41.379503 21823 tablet_bootstrap.cc:427] T 6be9b59101ec4ae6bec4f3111efb82b3 P 3eefa81a1d344cca94cb71d8fc3a7c08: Bootstrap starting.
I0710 23:26:41.380635 21538 catalog_manager.cc:3827] T 420e91af2ba54520ac1b422b22a543eb P 3eefa81a1d344cca94cb71d8fc3a7c08 reported cstate change: term changed from 1 to 2. New cstate: current_term: 2 leader_uuid: "3eefa81a1d344cca94cb71d8fc3a7c08" committed_config { opid_index: -1 OBSOLETE_local: true peers { permanent_uuid: "3eefa81a1d344cca94cb71d8fc3a7c08" member_type: VOTER last_known_addr { host: "127.18.43.1" port: 46659 } health_report { overall_health: HEALTHY } } }
I0710 23:26:41.478819 21823 tablet_bootstrap.cc:427] T 6be9b59101ec4ae6bec4f3111efb82b3 P 3eefa81a1d344cca94cb71d8fc3a7c08: Bootstrap replayed 1/1 log segments. Stats: ops{read=193 overwritten=0 applied=193 ignored=0} inserts{seen=492 ignored=0} mutations{seen=0 ignored=0} orphaned_commits=0. Pending: 0 replicates
I0710 23:26:41.479207 21823 tablet_bootstrap.cc:427] T 6be9b59101ec4ae6bec4f3111efb82b3 P 3eefa81a1d344cca94cb71d8fc3a7c08: Bootstrap complete.
I0710 23:26:41.480056 21823 ts_tablet_manager.cc:1045] T 6be9b59101ec4ae6bec4f3111efb82b3 P 3eefa81a1d344cca94cb71d8fc3a7c08: Time spent bootstrapping tablet: real 0.101s user 0.089s sys 0.011s
I0710 23:26:41.480540 21823 raft_consensus.cc:325] T 6be9b59101ec4ae6bec4f3111efb82b3 P 3eefa81a1d344cca94cb71d8fc3a7c08 [term 1 FOLLOWER]: Replica starting. Triggering 0 pending transactions. Active config: opid_index: -1 OBSOLETE_local: true peers { permanent_uuid: "3eefa81a1d344cca94cb71d8fc3a7c08" member_type: VOTER last_known_addr { host: "127.18.43.1" port: 46659 } }
I0710 23:26:41.480574 21823 raft_consensus.cc:630] T 6be9b59101ec4ae6bec4f3111efb82b3 P 3eefa81a1d344cca94cb71d8fc3a7c08 [term 1 FOLLOWER]: Becoming Follower/Learner. State: Replica: 3eefa81a1d344cca94cb71d8fc3a7c08, State: Initialized, Role: FOLLOWER
I0710 23:26:41.480751 21823 consensus_queue.cc:227] T 6be9b59101ec4ae6bec4f3111efb82b3 P 3eefa81a1d344cca94cb71d8fc3a7c08 [NON_LEADER]: Queue going to NON_LEADER mode. State: All replicated index: 0, Majority replicated index: 0, Committed index: 193, Last appended: 1.193, Last appended by leader: 193, Current term: 0, Majority size: -1, State: 0, Mode: NON_LEADER, active raft config: opid_index: -1 OBSOLETE_local: true peers { permanent_uuid: "3eefa81a1d344cca94cb71d8fc3a7c08" member_type: VOTER last_known_addr { host: "127.18.43.1" port: 46659 } }
I0710 23:26:41.480779 21823 raft_consensus.cc:365] T 6be9b59101ec4ae6bec4f3111efb82b3 P 3eefa81a1d344cca94cb71d8fc3a7c08 [term 1 FOLLOWER]: Only one voter in the Raft config. Triggering election immediately
I0710 23:26:41.480792 21823 raft_consensus.cc:457] T 6be9b59101ec4ae6bec4f3111efb82b3 P 3eefa81a1d344cca94cb71d8fc3a7c08 [term 1 FOLLOWER]: Starting leader election (initial election of a single-replica configuration)
I0710 23:26:41.480818 21823 raft_consensus.cc:2732] T 6be9b59101ec4ae6bec4f3111efb82b3 P 3eefa81a1d344cca94cb71d8fc3a7c08: Snoozing failure detection for 1.705s (starting election)
I0710 23:26:41.480835 21823 raft_consensus.cc:2784] T 6be9b59101ec4ae6bec4f3111efb82b3 P 3eefa81a1d344cca94cb71d8fc3a7c08 [term 1 FOLLOWER]: Advancing to term 2
I0710 23:26:41.481631 21823 raft_consensus.cc:479] T 6be9b59101ec4ae6bec4f3111efb82b3 P 3eefa81a1d344cca94cb71d8fc3a7c08 [term 2 FOLLOWER]: Starting leader election with config: opid_index: -1 OBSOLETE_local: true peers { permanent_uuid: "3eefa81a1d344cca94cb71d8fc3a7c08" member_type: VOTER last_known_addr { host: "127.18.43.1" port: 46659 } }
I0710 23:26:41.481727 21823 leader_election.cc:278] T 6be9b59101ec4ae6bec4f3111efb82b3 P 3eefa81a1d344cca94cb71d8fc3a7c08 [CANDIDATE]: Term 2 election: Election decided. Result: candidate won.
I0710 23:26:41.481858 21839 raft_consensus.cc:2732] T 6be9b59101ec4ae6bec4f3111efb82b3 P 3eefa81a1d344cca94cb71d8fc3a7c08: Snoozing failure detection for 1.572s (election complete)
I0710 23:26:41.481894 21839 raft_consensus.cc:2539] T 6be9b59101ec4ae6bec4f3111efb82b3 P 3eefa81a1d344cca94cb71d8fc3a7c08 [term 2 FOLLOWER]: Leader election won for term 2
I0710 23:26:41.481981 21839 raft_consensus.cc:595] T 6be9b59101ec4ae6bec4f3111efb82b3 P 3eefa81a1d344cca94cb71d8fc3a7c08 [term 2 LEADER]: Becoming Leader. State: Replica: 3eefa81a1d344cca94cb71d8fc3a7c08, State: Running, Role: LEADER
I0710 23:26:41.482110 21839 consensus_queue.cc:204] T 6be9b59101ec4ae6bec4f3111efb82b3 P 3eefa81a1d344cca94cb71d8fc3a7c08 [LEADER]: Queue going to LEADER mode. State: All replicated index: 0, Majority replicated index: 193, Committed index: 193, Last appended: 1.193, Last appended by leader: 193, Current term: 2, Majority size: 1, State: 0, Mode: LEADER, active raft config: opid_index: -1 OBSOLETE_local: true peers { permanent_uuid: "3eefa81a1d344cca94cb71d8fc3a7c08" member_type: VOTER last_known_addr { host: "127.18.43.1" port: 46659 } }
I0710 23:26:41.482254 21823 ts_tablet_manager.cc:1073] T 6be9b59101ec4ae6bec4f3111efb82b3 P 3eefa81a1d344cca94cb71d8fc3a7c08: Time spent starting tablet: real 0.002s user 0.002s sys 0.000s
I0710 23:26:41.482326 21823 ts_tablet_manager.cc:1028] T e55b3ed036a24cb1ac30f337d5386072 P 3eefa81a1d344cca94cb71d8fc3a7c08: Bootstrapping tablet
I0710 23:26:41.482395 21823 tablet_bootstrap.cc:427] T e55b3ed036a24cb1ac30f337d5386072 P 3eefa81a1d344cca94cb71d8fc3a7c08: Bootstrap starting.
I0710 23:26:41.483640 21538 catalog_manager.cc:3827] T 6be9b59101ec4ae6bec4f3111efb82b3 P 3eefa81a1d344cca94cb71d8fc3a7c08 reported cstate change: term changed from 1 to 2. New cstate: current_term: 2 leader_uuid: "3eefa81a1d344cca94cb71d8fc3a7c08" committed_config { opid_index: -1 OBSOLETE_local: true peers { permanent_uuid: "3eefa81a1d344cca94cb71d8fc3a7c08" member_type: VOTER last_known_addr { host: "127.18.43.1" port: 46659 } health_report { overall_health: HEALTHY } } }
I0710 23:26:41.582314 21823 tablet_bootstrap.cc:427] T e55b3ed036a24cb1ac30f337d5386072 P 3eefa81a1d344cca94cb71d8fc3a7c08: Bootstrap replayed 1/1 log segments. Stats: ops{read=192 overwritten=0 applied=192 ignored=0} inserts{seen=528 ignored=0} mutations{seen=0 ignored=0} orphaned_commits=0. Pending: 0 replicates
I0710 23:26:41.582698 21823 tablet_bootstrap.cc:427] T e55b3ed036a24cb1ac30f337d5386072 P 3eefa81a1d344cca94cb71d8fc3a7c08: Bootstrap complete.
I0710 23:26:41.583499 21823 ts_tablet_manager.cc:1045] T e55b3ed036a24cb1ac30f337d5386072 P 3eefa81a1d344cca94cb71d8fc3a7c08: Time spent bootstrapping tablet: real 0.101s user 0.085s sys 0.012s
I0710 23:26:41.584023 21823 raft_consensus.cc:325] T e55b3ed036a24cb1ac30f337d5386072 P 3eefa81a1d344cca94cb71d8fc3a7c08 [term 1 FOLLOWER]: Replica starting. Triggering 0 pending transactions. Active config: opid_index: -1 OBSOLETE_local: true peers { permanent_uuid: "3eefa81a1d344cca94cb71d8fc3a7c08" member_type: VOTER last_known_addr { host: "127.18.43.1" port: 46659 } }
I0710 23:26:41.584065 21823 raft_consensus.cc:630] T e55b3ed036a24cb1ac30f337d5386072 P 3eefa81a1d344cca94cb71d8fc3a7c08 [term 1 FOLLOWER]: Becoming Follower/Learner. State: Replica: 3eefa81a1d344cca94cb71d8fc3a7c08, State: Initialized, Role: FOLLOWER
I0710 23:26:41.584198 21823 consensus_queue.cc:227] T e55b3ed036a24cb1ac30f337d5386072 P 3eefa81a1d344cca94cb71d8fc3a7c08 [NON_LEADER]: Queue going to NON_LEADER mode. State: All replicated index: 0, Majority replicated index: 0, Committed index: 192, Last appended: 1.192, Last appended by leader: 192, Current term: 0, Majority size: -1, State: 0, Mode: NON_LEADER, active raft config: opid_index: -1 OBSOLETE_local: true peers { permanent_uuid: "3eefa81a1d344cca94cb71d8fc3a7c08" member_type: VOTER last_known_addr { host: "127.18.43.1" port: 46659 } }
I0710 23:26:41.584220 21823 raft_consensus.cc:365] T e55b3ed036a24cb1ac30f337d5386072 P 3eefa81a1d344cca94cb71d8fc3a7c08 [term 1 FOLLOWER]: Only one voter in the Raft config. Triggering election immediately
I0710 23:26:41.584233 21823 raft_consensus.cc:457] T e55b3ed036a24cb1ac30f337d5386072 P 3eefa81a1d344cca94cb71d8fc3a7c08 [term 1 FOLLOWER]: Starting leader election (initial election of a single-replica configuration)
I0710 23:26:41.584259 21823 raft_consensus.cc:2732] T e55b3ed036a24cb1ac30f337d5386072 P 3eefa81a1d344cca94cb71d8fc3a7c08: Snoozing failure detection for 1.784s (starting election)
I0710 23:26:41.584277 21823 raft_consensus.cc:2784] T e55b3ed036a24cb1ac30f337d5386072 P 3eefa81a1d344cca94cb71d8fc3a7c08 [term 1 FOLLOWER]: Advancing to term 2
I0710 23:26:41.585105 21823 raft_consensus.cc:479] T e55b3ed036a24cb1ac30f337d5386072 P 3eefa81a1d344cca94cb71d8fc3a7c08 [term 2 FOLLOWER]: Starting leader election with config: opid_index: -1 OBSOLETE_local: true peers { permanent_uuid: "3eefa81a1d344cca94cb71d8fc3a7c08" member_type: VOTER last_known_addr { host: "127.18.43.1" port: 46659 } }
I0710 23:26:41.585202 21823 leader_election.cc:278] T e55b3ed036a24cb1ac30f337d5386072 P 3eefa81a1d344cca94cb71d8fc3a7c08 [CANDIDATE]: Term 2 election: Election decided. Result: candidate won.
I0710 23:26:41.585379 21865 raft_consensus.cc:2732] T e55b3ed036a24cb1ac30f337d5386072 P 3eefa81a1d344cca94cb71d8fc3a7c08: Snoozing failure detection for 1.632s (election complete)
I0710 23:26:41.585448 21865 raft_consensus.cc:2539] T e55b3ed036a24cb1ac30f337d5386072 P 3eefa81a1d344cca94cb71d8fc3a7c08 [term 2 FOLLOWER]: Leader election won for term 2
I0710 23:26:41.585525 21865 raft_consensus.cc:595] T e55b3ed036a24cb1ac30f337d5386072 P 3eefa81a1d344cca94cb71d8fc3a7c08 [term 2 LEADER]: Becoming Leader. State: Replica: 3eefa81a1d344cca94cb71d8fc3a7c08, State: Running, Role: LEADER
I0710 23:26:41.585682 21865 consensus_queue.cc:204] T e55b3ed036a24cb1ac30f337d5386072 P 3eefa81a1d344cca94cb71d8fc3a7c08 [LEADER]: Queue going to LEADER mode. State: All replicated index: 0, Majority replicated index: 192, Committed index: 192, Last appended: 1.192, Last appended by leader: 192, Current term: 2, Majority size: 1, State: 0, Mode: LEADER, active raft config: opid_index: -1 OBSOLETE_local: true peers { permanent_uuid: "3eefa81a1d344cca94cb71d8fc3a7c08" member_type: VOTER last_known_addr { host: "127.18.43.1" port: 46659 } }
I0710 23:26:41.585737 21823 ts_tablet_manager.cc:1073] T e55b3ed036a24cb1ac30f337d5386072 P 3eefa81a1d344cca94cb71d8fc3a7c08: Time spent starting tablet: real 0.002s user 0.002s sys 0.004s
I0710 23:26:41.585824 21823 ts_tablet_manager.cc:1028] T 58a8d45cf5284f579b89c73d87015736 P 3eefa81a1d344cca94cb71d8fc3a7c08: Bootstrapping tablet
I0710 23:26:41.585901 21823 tablet_bootstrap.cc:427] T 58a8d45cf5284f579b89c73d87015736 P 3eefa81a1d344cca94cb71d8fc3a7c08: Bootstrap starting.
I0710 23:26:41.587044 21538 catalog_manager.cc:3827] T e55b3ed036a24cb1ac30f337d5386072 P 3eefa81a1d344cca94cb71d8fc3a7c08 reported cstate change: term changed from 1 to 2. New cstate: current_term: 2 leader_uuid: "3eefa81a1d344cca94cb71d8fc3a7c08" committed_config { opid_index: -1 OBSOLETE_local: true peers { permanent_uuid: "3eefa81a1d344cca94cb71d8fc3a7c08" member_type: VOTER last_known_addr { host: "127.18.43.1" port: 46659 } health_report { overall_health: HEALTHY } } }
I0710 23:26:41.689105 21823 tablet_bootstrap.cc:427] T 58a8d45cf5284f579b89c73d87015736 P 3eefa81a1d344cca94cb71d8fc3a7c08: Bootstrap replayed 1/1 log segments. Stats: ops{read=192 overwritten=0 applied=192 ignored=0} inserts{seen=501 ignored=0} mutations{seen=0 ignored=0} orphaned_commits=0. Pending: 0 replicates
I0710 23:26:41.689499 21823 tablet_bootstrap.cc:427] T 58a8d45cf5284f579b89c73d87015736 P 3eefa81a1d344cca94cb71d8fc3a7c08: Bootstrap complete.
I0710 23:26:41.690310 21823 ts_tablet_manager.cc:1045] T 58a8d45cf5284f579b89c73d87015736 P 3eefa81a1d344cca94cb71d8fc3a7c08: Time spent bootstrapping tablet: real 0.104s user 0.101s sys 0.000s
I0710 23:26:41.690788 21823 raft_consensus.cc:325] T 58a8d45cf5284f579b89c73d87015736 P 3eefa81a1d344cca94cb71d8fc3a7c08 [term 1 FOLLOWER]: Replica starting. Triggering 0 pending transactions. Active config: opid_index: -1 OBSOLETE_local: true peers { permanent_uuid: "3eefa81a1d344cca94cb71d8fc3a7c08" member_type: VOTER last_known_addr { host: "127.18.43.1" port: 46659 } }
I0710 23:26:41.690821 21823 raft_consensus.cc:630] T 58a8d45cf5284f579b89c73d87015736 P 3eefa81a1d344cca94cb71d8fc3a7c08 [term 1 FOLLOWER]: Becoming Follower/Learner. State: Replica: 3eefa81a1d344cca94cb71d8fc3a7c08, State: Initialized, Role: FOLLOWER
I0710 23:26:41.690955 21823 consensus_queue.cc:227] T 58a8d45cf5284f579b89c73d87015736 P 3eefa81a1d344cca94cb71d8fc3a7c08 [NON_LEADER]: Queue going to NON_LEADER mode. State: All replicated index: 0, Majority replicated index: 0, Committed index: 192, Last appended: 1.192, Last appended by leader: 192, Current term: 0, Majority size: -1, State: 0, Mode: NON_LEADER, active raft config: opid_index: -1 OBSOLETE_local: true peers { permanent_uuid: "3eefa81a1d344cca94cb71d8fc3a7c08" member_type: VOTER last_known_addr { host: "127.18.43.1" port: 46659 } }
I0710 23:26:41.690980 21823 raft_consensus.cc:365] T 58a8d45cf5284f579b89c73d87015736 P 3eefa81a1d344cca94cb71d8fc3a7c08 [term 1 FOLLOWER]: Only one voter in the Raft config. Triggering election immediately
I0710 23:26:41.690999 21823 raft_consensus.cc:457] T 58a8d45cf5284f579b89c73d87015736 P 3eefa81a1d344cca94cb71d8fc3a7c08 [term 1 FOLLOWER]: Starting leader election (initial election of a single-replica configuration)
I0710 23:26:41.691025 21823 raft_consensus.cc:2732] T 58a8d45cf5284f579b89c73d87015736 P 3eefa81a1d344cca94cb71d8fc3a7c08: Snoozing failure detection for 1.949s (starting election)
I0710 23:26:41.691045 21823 raft_consensus.cc:2784] T 58a8d45cf5284f579b89c73d87015736 P 3eefa81a1d344cca94cb71d8fc3a7c08 [term 1 FOLLOWER]: Advancing to term 2
I0710 23:26:41.691895 21823 raft_consensus.cc:479] T 58a8d45cf5284f579b89c73d87015736 P 3eefa81a1d344cca94cb71d8fc3a7c08 [term 2 FOLLOWER]: Starting leader election with config: opid_index: -1 OBSOLETE_local: true peers { permanent_uuid: "3eefa81a1d344cca94cb71d8fc3a7c08" member_type: VOTER last_known_addr { host: "127.18.43.1" port: 46659 } }
I0710 23:26:41.691979 21823 leader_election.cc:278] T 58a8d45cf5284f579b89c73d87015736 P 3eefa81a1d344cca94cb71d8fc3a7c08 [CANDIDATE]: Term 2 election: Election decided. Result: candidate won.
I0710 23:26:41.692203 21839 raft_consensus.cc:2732] T 58a8d45cf5284f579b89c73d87015736 P 3eefa81a1d344cca94cb71d8fc3a7c08: Snoozing failure detection for 1.596s (election complete)
I0710 23:26:41.692251 21839 raft_consensus.cc:2539] T 58a8d45cf5284f579b89c73d87015736 P 3eefa81a1d344cca94cb71d8fc3a7c08 [term 2 FOLLOWER]: Leader election won for term 2
I0710 23:26:41.692318 21839 raft_consensus.cc:595] T 58a8d45cf5284f579b89c73d87015736 P 3eefa81a1d344cca94cb71d8fc3a7c08 [term 2 LEADER]: Becoming Leader. State: Replica: 3eefa81a1d344cca94cb71d8fc3a7c08, State: Running, Role: LEADER
I0710 23:26:41.692334 21823 ts_tablet_manager.cc:1073] T 58a8d45cf5284f579b89c73d87015736 P 3eefa81a1d344cca94cb71d8fc3a7c08: Time spent starting tablet: real 0.002s user 0.005s sys 0.000s
I0710 23:26:41.692421 21823 ts_tablet_manager.cc:1028] T d9d53b3911f045fda410a0ae098496f4 P 3eefa81a1d344cca94cb71d8fc3a7c08: Bootstrapping tablet
I0710 23:26:41.692466 21839 consensus_queue.cc:204] T 58a8d45cf5284f579b89c73d87015736 P 3eefa81a1d344cca94cb71d8fc3a7c08 [LEADER]: Queue going to LEADER mode. State: All replicated index: 0, Majority replicated index: 192, Committed index: 192, Last appended: 1.192, Last appended by leader: 192, Current term: 2, Majority size: 1, State: 0, Mode: LEADER, active raft config: opid_index: -1 OBSOLETE_local: true peers { permanent_uuid: "3eefa81a1d344cca94cb71d8fc3a7c08" member_type: VOTER last_known_addr { host: "127.18.43.1" port: 46659 } }
I0710 23:26:41.692495 21823 tablet_bootstrap.cc:427] T d9d53b3911f045fda410a0ae098496f4 P 3eefa81a1d344cca94cb71d8fc3a7c08: Bootstrap starting.
I0710 23:26:41.693936 21538 catalog_manager.cc:3827] T 58a8d45cf5284f579b89c73d87015736 P 3eefa81a1d344cca94cb71d8fc3a7c08 reported cstate change: term changed from 1 to 2. New cstate: current_term: 2 leader_uuid: "3eefa81a1d344cca94cb71d8fc3a7c08" committed_config { opid_index: -1 OBSOLETE_local: true peers { permanent_uuid: "3eefa81a1d344cca94cb71d8fc3a7c08" member_type: VOTER last_known_addr { host: "127.18.43.1" port: 46659 } health_report { overall_health: HEALTHY } } }
I0710 23:26:41.788645 21823 tablet_bootstrap.cc:427] T d9d53b3911f045fda410a0ae098496f4 P 3eefa81a1d344cca94cb71d8fc3a7c08: Bootstrap replayed 1/1 log segments. Stats: ops{read=185 overwritten=0 applied=185 ignored=0} inserts{seen=482 ignored=0} mutations{seen=0 ignored=0} orphaned_commits=0. Pending: 0 replicates
I0710 23:26:41.789026 21823 tablet_bootstrap.cc:427] T d9d53b3911f045fda410a0ae098496f4 P 3eefa81a1d344cca94cb71d8fc3a7c08: Bootstrap complete.
I0710 23:26:41.789821 21823 ts_tablet_manager.cc:1045] T d9d53b3911f045fda410a0ae098496f4 P 3eefa81a1d344cca94cb71d8fc3a7c08: Time spent bootstrapping tablet: real 0.097s user 0.087s sys 0.008s
I0710 23:26:41.790305 21823 raft_consensus.cc:325] T d9d53b3911f045fda410a0ae098496f4 P 3eefa81a1d344cca94cb71d8fc3a7c08 [term 1 FOLLOWER]: Replica starting. Triggering 0 pending transactions. Active config: opid_index: -1 OBSOLETE_local: true peers { permanent_uuid: "3eefa81a1d344cca94cb71d8fc3a7c08" member_type: VOTER last_known_addr { host: "127.18.43.1" port: 46659 } }
I0710 23:26:41.790335 21823 raft_consensus.cc:630] T d9d53b3911f045fda410a0ae098496f4 P 3eefa81a1d344cca94cb71d8fc3a7c08 [term 1 FOLLOWER]: Becoming Follower/Learner. State: Replica: 3eefa81a1d344cca94cb71d8fc3a7c08, State: Initialized, Role: FOLLOWER
I0710 23:26:41.790459 21823 consensus_queue.cc:227] T d9d53b3911f045fda410a0ae098496f4 P 3eefa81a1d344cca94cb71d8fc3a7c08 [NON_LEADER]: Queue going to NON_LEADER mode. State: All replicated index: 0, Majority replicated index: 0, Committed index: 185, Last appended: 1.185, Last appended by leader: 185, Current term: 0, Majority size: -1, State: 0, Mode: NON_LEADER, active raft config: opid_index: -1 OBSOLETE_local: true peers { permanent_uuid: "3eefa81a1d344cca94cb71d8fc3a7c08" member_type: VOTER last_known_addr { host: "127.18.43.1" port: 46659 } }
I0710 23:26:41.790488 21823 raft_consensus.cc:365] T d9d53b3911f045fda410a0ae098496f4 P 3eefa81a1d344cca94cb71d8fc3a7c08 [term 1 FOLLOWER]: Only one voter in the Raft config. Triggering election immediately
I0710 23:26:41.790498 21823 raft_consensus.cc:457] T d9d53b3911f045fda410a0ae098496f4 P 3eefa81a1d344cca94cb71d8fc3a7c08 [term 1 FOLLOWER]: Starting leader election (initial election of a single-replica configuration)
I0710 23:26:41.790526 21823 raft_consensus.cc:2732] T d9d53b3911f045fda410a0ae098496f4 P 3eefa81a1d344cca94cb71d8fc3a7c08: Snoozing failure detection for 1.926s (starting election)
I0710 23:26:41.790545 21823 raft_consensus.cc:2784] T d9d53b3911f045fda410a0ae098496f4 P 3eefa81a1d344cca94cb71d8fc3a7c08 [term 1 FOLLOWER]: Advancing to term 2
I0710 23:26:41.791393 21823 raft_consensus.cc:479] T d9d53b3911f045fda410a0ae098496f4 P 3eefa81a1d344cca94cb71d8fc3a7c08 [term 2 FOLLOWER]: Starting leader election with config: opid_index: -1 OBSOLETE_local: true peers { permanent_uuid: "3eefa81a1d344cca94cb71d8fc3a7c08" member_type: VOTER last_known_addr { host: "127.18.43.1" port: 46659 } }
I0710 23:26:41.791487 21823 leader_election.cc:278] T d9d53b3911f045fda410a0ae098496f4 P 3eefa81a1d344cca94cb71d8fc3a7c08 [CANDIDATE]: Term 2 election: Election decided. Result: candidate won.
I0710 23:26:41.791667 21838 raft_consensus.cc:2732] T d9d53b3911f045fda410a0ae098496f4 P 3eefa81a1d344cca94cb71d8fc3a7c08: Snoozing failure detection for 2.243s (election complete)
I0710 23:26:41.791712 21838 raft_consensus.cc:2539] T d9d53b3911f045fda410a0ae098496f4 P 3eefa81a1d344cca94cb71d8fc3a7c08 [term 2 FOLLOWER]: Leader election won for term 2
I0710 23:26:41.791766 21838 raft_consensus.cc:595] T d9d53b3911f045fda410a0ae098496f4 P 3eefa81a1d344cca94cb71d8fc3a7c08 [term 2 LEADER]: Becoming Leader. State: Replica: 3eefa81a1d344cca94cb71d8fc3a7c08, State: Running, Role: LEADER
I0710 23:26:41.791831 21823 ts_tablet_manager.cc:1073] T d9d53b3911f045fda410a0ae098496f4 P 3eefa81a1d344cca94cb71d8fc3a7c08: Time spent starting tablet: real 0.002s user 0.004s sys 0.000s
I0710 23:26:41.791887 21823 ts_tablet_manager.cc:1028] T 188113a621d14966945feb51e41ea4a5 P 3eefa81a1d344cca94cb71d8fc3a7c08: Bootstrapping tablet
I0710 23:26:41.791903 21838 consensus_queue.cc:204] T d9d53b3911f045fda410a0ae098496f4 P 3eefa81a1d344cca94cb71d8fc3a7c08 [LEADER]: Queue going to LEADER mode. State: All replicated index: 0, Majority replicated index: 185, Committed index: 185, Last appended: 1.185, Last appended by leader: 185, Current term: 2, Majority size: 1, State: 0, Mode: LEADER, active raft config: opid_index: -1 OBSOLETE_local: true peers { permanent_uuid: "3eefa81a1d344cca94cb71d8fc3a7c08" member_type: VOTER last_known_addr { host: "127.18.43.1" port: 46659 } }
I0710 23:26:41.791952 21823 tablet_bootstrap.cc:427] T 188113a621d14966945feb51e41ea4a5 P 3eefa81a1d344cca94cb71d8fc3a7c08: Bootstrap starting.
I0710 23:26:41.793381 21538 catalog_manager.cc:3827] T d9d53b3911f045fda410a0ae098496f4 P 3eefa81a1d344cca94cb71d8fc3a7c08 reported cstate change: term changed from 1 to 2. New cstate: current_term: 2 leader_uuid: "3eefa81a1d344cca94cb71d8fc3a7c08" committed_config { opid_index: -1 OBSOLETE_local: true peers { permanent_uuid: "3eefa81a1d344cca94cb71d8fc3a7c08" member_type: VOTER last_known_addr { host: "127.18.43.1" port: 46659 } health_report { overall_health: HEALTHY } } }
I0710 23:26:41.893023 21823 tablet_bootstrap.cc:427] T 188113a621d14966945feb51e41ea4a5 P 3eefa81a1d344cca94cb71d8fc3a7c08: Bootstrap replayed 1/1 log segments. Stats: ops{read=189 overwritten=0 applied=189 ignored=0} inserts{seen=479 ignored=0} mutations{seen=0 ignored=0} orphaned_commits=0. Pending: 0 replicates
I0710 23:26:41.893409 21823 tablet_bootstrap.cc:427] T 188113a621d14966945feb51e41ea4a5 P 3eefa81a1d344cca94cb71d8fc3a7c08: Bootstrap complete.
I0710 23:26:41.894202 21823 ts_tablet_manager.cc:1045] T 188113a621d14966945feb51e41ea4a5 P 3eefa81a1d344cca94cb71d8fc3a7c08: Time spent bootstrapping tablet: real 0.102s user 0.084s sys 0.016s
I0710 23:26:41.894654 21823 raft_consensus.cc:325] T 188113a621d14966945feb51e41ea4a5 P 3eefa81a1d344cca94cb71d8fc3a7c08 [term 1 FOLLOWER]: Replica starting. Triggering 0 pending transactions. Active config: opid_index: -1 OBSOLETE_local: true peers { permanent_uuid: "3eefa81a1d344cca94cb71d8fc3a7c08" member_type: VOTER last_known_addr { host: "127.18.43.1" port: 46659 } }
I0710 23:26:41.894690 21823 raft_consensus.cc:630] T 188113a621d14966945feb51e41ea4a5 P 3eefa81a1d344cca94cb71d8fc3a7c08 [term 1 FOLLOWER]: Becoming Follower/Learner. State: Replica: 3eefa81a1d344cca94cb71d8fc3a7c08, State: Initialized, Role: FOLLOWER
I0710 23:26:41.894820 21823 consensus_queue.cc:227] T 188113a621d14966945feb51e41ea4a5 P 3eefa81a1d344cca94cb71d8fc3a7c08 [NON_LEADER]: Queue going to NON_LEADER mode. State: All replicated index: 0, Majority replicated index: 0, Committed index: 189, Last appended: 1.189, Last appended by leader: 189, Current term: 0, Majority size: -1, State: 0, Mode: NON_LEADER, active raft config: opid_index: -1 OBSOLETE_local: true peers { permanent_uuid: "3eefa81a1d344cca94cb71d8fc3a7c08" member_type: VOTER last_known_addr { host: "127.18.43.1" port: 46659 } }
I0710 23:26:41.894843 21823 raft_consensus.cc:365] T 188113a621d14966945feb51e41ea4a5 P 3eefa81a1d344cca94cb71d8fc3a7c08 [term 1 FOLLOWER]: Only one voter in the Raft config. Triggering election immediately
I0710 23:26:41.894855 21823 raft_consensus.cc:457] T 188113a621d14966945feb51e41ea4a5 P 3eefa81a1d344cca94cb71d8fc3a7c08 [term 1 FOLLOWER]: Starting leader election (initial election of a single-replica configuration)
