I0710 23:26:43.323529 21926 consensus_queue.cc:227] T 16e52b82ff124e2093345d5204b7d086 P 5cb08d1962334a93b8e230c76a0b6099 [NON_LEADER]: Queue going to NON_LEADER mode. State: All replicated index: 0, Majority replicated index: 0, Committed index: 196, Last appended: 2.196, Last appended by leader: 196, Current term: 0, Majority size: -1, State: 0, Mode: NON_LEADER, active raft config: opid_index: -1 OBSOLETE_local: true peers { permanent_uuid: "3eefa81a1d344cca94cb71d8fc3a7c08" member_type: VOTER last_known_addr { host: "127.18.43.1" port: 46659 } }
I0710 23:26:43.323765 21913 raft_consensus.cc:325] T ec16d86dcdb34a5b9f6dc60e9a5d3866 P 5cb08d1962334a93b8e230c76a0b6099 [term 2 NON_PARTICIPANT]: Replica starting. Triggering 0 pending transactions. Active config: opid_index: -1 OBSOLETE_local: true peers { permanent_uuid: "3eefa81a1d344cca94cb71d8fc3a7c08" member_type: VOTER last_known_addr { host: "127.18.43.1" port: 46659 } }
I0710 23:26:43.323791 21913 raft_consensus.cc:630] T ec16d86dcdb34a5b9f6dc60e9a5d3866 P 5cb08d1962334a93b8e230c76a0b6099 [term 2 NON_PARTICIPANT]: Becoming Follower/Learner. State: Replica: 5cb08d1962334a93b8e230c76a0b6099, State: Initialized, Role: NON_PARTICIPANT
I0710 23:26:43.323807 21926 ts_tablet_manager.cc:1073] T 16e52b82ff124e2093345d5204b7d086 P 5cb08d1962334a93b8e230c76a0b6099: Time spent starting tablet: real 0.028s user 0.006s sys 0.020s
I0710 23:26:43.323868 21913 consensus_queue.cc:227] T ec16d86dcdb34a5b9f6dc60e9a5d3866 P 5cb08d1962334a93b8e230c76a0b6099 [NON_LEADER]: Queue going to NON_LEADER mode. State: All replicated index: 0, Majority replicated index: 0, Committed index: 188, Last appended: 2.188, Last appended by leader: 188, Current term: 0, Majority size: -1, State: 0, Mode: NON_LEADER, active raft config: opid_index: -1 OBSOLETE_local: true peers { permanent_uuid: "3eefa81a1d344cca94cb71d8fc3a7c08" member_type: VOTER last_known_addr { host: "127.18.43.1" port: 46659 } }
I0710 23:26:43.323966 21829 tablet_copy_service.cc:325] P 3eefa81a1d344cca94cb71d8fc3a7c08: Request end of tablet copy session 5cb08d1962334a93b8e230c76a0b6099-0617cd1d64ed4dfab4679b69255e839e received from {username='slave'} at 127.18.43.2:57047
I0710 23:26:43.324000 21829 tablet_copy_service.cc:413] P 3eefa81a1d344cca94cb71d8fc3a7c08: ending tablet copy session 5cb08d1962334a93b8e230c76a0b6099-0617cd1d64ed4dfab4679b69255e839e on tablet 0617cd1d64ed4dfab4679b69255e839e with peer 5cb08d1962334a93b8e230c76a0b6099
I0710 23:26:43.324182 21913 ts_tablet_manager.cc:1073] T ec16d86dcdb34a5b9f6dc60e9a5d3866 P 5cb08d1962334a93b8e230c76a0b6099: Time spent starting tablet: real 0.268s user 0.001s sys 0.051s
I0710 23:26:43.324335 21829 tablet_copy_service.cc:325] P 3eefa81a1d344cca94cb71d8fc3a7c08: Request end of tablet copy session 5cb08d1962334a93b8e230c76a0b6099-16e52b82ff124e2093345d5204b7d086 received from {username='slave'} at 127.18.43.2:57047
I0710 23:26:43.324357 21829 tablet_copy_service.cc:413] P 3eefa81a1d344cca94cb71d8fc3a7c08: ending tablet copy session 5cb08d1962334a93b8e230c76a0b6099-16e52b82ff124e2093345d5204b7d086 on tablet 16e52b82ff124e2093345d5204b7d086 with peer 5cb08d1962334a93b8e230c76a0b6099
I0710 23:26:43.324384 21925 raft_consensus.cc:325] T d9d53b3911f045fda410a0ae098496f4 P 5cb08d1962334a93b8e230c76a0b6099 [term 2 NON_PARTICIPANT]: Replica starting. Triggering 0 pending transactions. Active config: opid_index: -1 OBSOLETE_local: true peers { permanent_uuid: "3eefa81a1d344cca94cb71d8fc3a7c08" member_type: VOTER last_known_addr { host: "127.18.43.1" port: 46659 } }
I0710 23:26:43.324409 21925 raft_consensus.cc:630] T d9d53b3911f045fda410a0ae098496f4 P 5cb08d1962334a93b8e230c76a0b6099 [term 2 NON_PARTICIPANT]: Becoming Follower/Learner. State: Replica: 5cb08d1962334a93b8e230c76a0b6099, State: Initialized, Role: NON_PARTICIPANT
I0710 23:26:43.324479 21925 consensus_queue.cc:227] T d9d53b3911f045fda410a0ae098496f4 P 5cb08d1962334a93b8e230c76a0b6099 [NON_LEADER]: Queue going to NON_LEADER mode. State: All replicated index: 0, Majority replicated index: 0, Committed index: 186, Last appended: 2.186, Last appended by leader: 186, Current term: 0, Majority size: -1, State: 0, Mode: NON_LEADER, active raft config: opid_index: -1 OBSOLETE_local: true peers { permanent_uuid: "3eefa81a1d344cca94cb71d8fc3a7c08" member_type: VOTER last_known_addr { host: "127.18.43.1" port: 46659 } }
I0710 23:26:43.324636 21925 ts_tablet_manager.cc:1073] T d9d53b3911f045fda410a0ae098496f4 P 5cb08d1962334a93b8e230c76a0b6099: Time spent starting tablet: real 0.124s user 0.000s sys 0.014s
I0710 23:26:43.324852 21829 tablet_copy_service.cc:325] P 3eefa81a1d344cca94cb71d8fc3a7c08: Request end of tablet copy session 5cb08d1962334a93b8e230c76a0b6099-ec16d86dcdb34a5b9f6dc60e9a5d3866 received from {username='slave'} at 127.18.43.2:57047
I0710 23:26:43.324877 21829 tablet_copy_service.cc:413] P 3eefa81a1d344cca94cb71d8fc3a7c08: ending tablet copy session 5cb08d1962334a93b8e230c76a0b6099-ec16d86dcdb34a5b9f6dc60e9a5d3866 on tablet ec16d86dcdb34a5b9f6dc60e9a5d3866 with peer 5cb08d1962334a93b8e230c76a0b6099
I0710 23:26:43.325202 21829 tablet_copy_service.cc:325] P 3eefa81a1d344cca94cb71d8fc3a7c08: Request end of tablet copy session 5cb08d1962334a93b8e230c76a0b6099-d9d53b3911f045fda410a0ae098496f4 received from {username='slave'} at 127.18.43.2:57047
I0710 23:26:43.325235 21829 tablet_copy_service.cc:413] P 3eefa81a1d344cca94cb71d8fc3a7c08: ending tablet copy session 5cb08d1962334a93b8e230c76a0b6099-d9d53b3911f045fda410a0ae098496f4 on tablet d9d53b3911f045fda410a0ae098496f4 with peer 5cb08d1962334a93b8e230c76a0b6099
I0710 23:26:43.325394 21928 ts_tablet_manager.cc:1073] T f49626b5d56d4f828e36578b5101e8e0 P 5cb08d1962334a93b8e230c76a0b6099: Time spent starting tablet: real 0.041s user 0.006s sys 0.013s
I0710 23:26:43.325500 21907 raft_consensus.cc:630] T bfe7d79a3ac644dc8598fc864fbe659e P 5cb08d1962334a93b8e230c76a0b6099 [term 2 NON_PARTICIPANT]: Becoming Follower/Learner. State: Replica: 5cb08d1962334a93b8e230c76a0b6099, State: Initialized, Role: NON_PARTICIPANT
I0710 23:26:43.325605 21907 consensus_queue.cc:227] T bfe7d79a3ac644dc8598fc864fbe659e P 5cb08d1962334a93b8e230c76a0b6099 [NON_LEADER]: Queue going to NON_LEADER mode. State: All replicated index: 0, Majority replicated index: 0, Committed index: 192, Last appended: 2.192, Last appended by leader: 192, Current term: 0, Majority size: -1, State: 0, Mode: NON_LEADER, active raft config: opid_index: -1 OBSOLETE_local: true peers { permanent_uuid: "3eefa81a1d344cca94cb71d8fc3a7c08" member_type: VOTER last_known_addr { host: "127.18.43.1" port: 46659 } }
I0710 23:26:43.325672 21910 raft_consensus.cc:325] T 9dded2401cb943f0a2bea0337291992a P 5cb08d1962334a93b8e230c76a0b6099 [term 2 NON_PARTICIPANT]: Replica starting. Triggering 0 pending transactions. Active config: opid_index: -1 OBSOLETE_local: true peers { permanent_uuid: "3eefa81a1d344cca94cb71d8fc3a7c08" member_type: VOTER last_known_addr { host: "127.18.43.1" port: 46659 } }
I0710 23:26:43.325697 21910 raft_consensus.cc:630] T 9dded2401cb943f0a2bea0337291992a P 5cb08d1962334a93b8e230c76a0b6099 [term 2 NON_PARTICIPANT]: Becoming Follower/Learner. State: Replica: 5cb08d1962334a93b8e230c76a0b6099, State: Initialized, Role: NON_PARTICIPANT
I0710 23:26:43.321781 21924 raft_consensus.cc:325] T e425aeacae634ba695a97557c5ebb75a P 5cb08d1962334a93b8e230c76a0b6099 [term 2 NON_PARTICIPANT]: Replica starting. Triggering 0 pending transactions. Active config: opid_index: -1 OBSOLETE_local: true peers { permanent_uuid: "3eefa81a1d344cca94cb71d8fc3a7c08" member_type: VOTER last_known_addr { host: "127.18.43.1" port: 46659 } }
I0710 23:26:43.325768 21924 raft_consensus.cc:630] T e425aeacae634ba695a97557c5ebb75a P 5cb08d1962334a93b8e230c76a0b6099 [term 2 NON_PARTICIPANT]: Becoming Follower/Learner. State: Replica: 5cb08d1962334a93b8e230c76a0b6099, State: Initialized, Role: NON_PARTICIPANT
I0710 23:26:43.325773 21910 consensus_queue.cc:227] T 9dded2401cb943f0a2bea0337291992a P 5cb08d1962334a93b8e230c76a0b6099 [NON_LEADER]: Queue going to NON_LEADER mode. State: All replicated index: 0, Majority replicated index: 0, Committed index: 194, Last appended: 2.194, Last appended by leader: 194, Current term: 0, Majority size: -1, State: 0, Mode: NON_LEADER, active raft config: opid_index: -1 OBSOLETE_local: true peers { permanent_uuid: "3eefa81a1d344cca94cb71d8fc3a7c08" member_type: VOTER last_known_addr { host: "127.18.43.1" port: 46659 } }
I0710 23:26:43.325853 21924 consensus_queue.cc:227] T e425aeacae634ba695a97557c5ebb75a P 5cb08d1962334a93b8e230c76a0b6099 [NON_LEADER]: Queue going to NON_LEADER mode. State: All replicated index: 0, Majority replicated index: 0, Committed index: 193, Last appended: 2.193, Last appended by leader: 193, Current term: 0, Majority size: -1, State: 0, Mode: NON_LEADER, active raft config: opid_index: -1 OBSOLETE_local: true peers { permanent_uuid: "3eefa81a1d344cca94cb71d8fc3a7c08" member_type: VOTER last_known_addr { host: "127.18.43.1" port: 46659 } }
I0710 23:26:43.325911 21910 ts_tablet_manager.cc:1073] T 9dded2401cb943f0a2bea0337291992a P 5cb08d1962334a93b8e230c76a0b6099: Time spent starting tablet: real 0.281s user 0.026s sys 0.080s
I0710 23:26:43.326028 21829 tablet_copy_service.cc:325] P 3eefa81a1d344cca94cb71d8fc3a7c08: Request end of tablet copy session 5cb08d1962334a93b8e230c76a0b6099-f49626b5d56d4f828e36578b5101e8e0 received from {username='slave'} at 127.18.43.2:57047
I0710 23:26:43.326035 21924 ts_tablet_manager.cc:1073] T e425aeacae634ba695a97557c5ebb75a P 5cb08d1962334a93b8e230c76a0b6099: Time spent starting tablet: real 0.027s user 0.005s sys 0.008s
I0710 23:26:43.326051 21829 tablet_copy_service.cc:413] P 3eefa81a1d344cca94cb71d8fc3a7c08: ending tablet copy session 5cb08d1962334a93b8e230c76a0b6099-f49626b5d56d4f828e36578b5101e8e0 on tablet f49626b5d56d4f828e36578b5101e8e0 with peer 5cb08d1962334a93b8e230c76a0b6099
I0710 23:26:43.321880 21923 raft_consensus.cc:325] T 39212fb42d874c3cad5a34357eae1a51 P 5cb08d1962334a93b8e230c76a0b6099 [term 2 NON_PARTICIPANT]: Replica starting. Triggering 0 pending transactions. Active config: opid_index: -1 OBSOLETE_local: true peers { permanent_uuid: "3eefa81a1d344cca94cb71d8fc3a7c08" member_type: VOTER last_known_addr { host: "127.18.43.1" port: 46659 } }
I0710 23:26:43.326340 21923 raft_consensus.cc:630] T 39212fb42d874c3cad5a34357eae1a51 P 5cb08d1962334a93b8e230c76a0b6099 [term 2 NON_PARTICIPANT]: Becoming Follower/Learner. State: Replica: 5cb08d1962334a93b8e230c76a0b6099, State: Initialized, Role: NON_PARTICIPANT
I0710 23:26:43.326432 21923 consensus_queue.cc:227] T 39212fb42d874c3cad5a34357eae1a51 P 5cb08d1962334a93b8e230c76a0b6099 [NON_LEADER]: Queue going to NON_LEADER mode. State: All replicated index: 0, Majority replicated index: 0, Committed index: 192, Last appended: 2.192, Last appended by leader: 192, Current term: 0, Majority size: -1, State: 0, Mode: NON_LEADER, active raft config: opid_index: -1 OBSOLETE_local: true peers { permanent_uuid: "3eefa81a1d344cca94cb71d8fc3a7c08" member_type: VOTER last_known_addr { host: "127.18.43.1" port: 46659 } }
I0710 23:26:43.326478 21829 tablet_copy_service.cc:325] P 3eefa81a1d344cca94cb71d8fc3a7c08: Request end of tablet copy session 5cb08d1962334a93b8e230c76a0b6099-9dded2401cb943f0a2bea0337291992a received from {username='slave'} at 127.18.43.2:57047
I0710 23:26:43.326508 21829 tablet_copy_service.cc:413] P 3eefa81a1d344cca94cb71d8fc3a7c08: ending tablet copy session 5cb08d1962334a93b8e230c76a0b6099-9dded2401cb943f0a2bea0337291992a on tablet 9dded2401cb943f0a2bea0337291992a with peer 5cb08d1962334a93b8e230c76a0b6099
I0710 23:26:43.326642 21829 tablet_copy_service.cc:325] P 3eefa81a1d344cca94cb71d8fc3a7c08: Request end of tablet copy session 5cb08d1962334a93b8e230c76a0b6099-e425aeacae634ba695a97557c5ebb75a received from {username='slave'} at 127.18.43.2:57047
I0710 23:26:43.326663 21829 tablet_copy_service.cc:413] P 3eefa81a1d344cca94cb71d8fc3a7c08: ending tablet copy session 5cb08d1962334a93b8e230c76a0b6099-e425aeacae634ba695a97557c5ebb75a on tablet e425aeacae634ba695a97557c5ebb75a with peer 5cb08d1962334a93b8e230c76a0b6099
I0710 23:26:43.326891 21912 raft_consensus.cc:325] T 5a0de49957f84b51b2c03d3e432ee897 P 5cb08d1962334a93b8e230c76a0b6099 [term 2 NON_PARTICIPANT]: Replica starting. Triggering 0 pending transactions. Active config: opid_index: -1 OBSOLETE_local: true peers { permanent_uuid: "3eefa81a1d344cca94cb71d8fc3a7c08" member_type: VOTER last_known_addr { host: "127.18.43.1" port: 46659 } }
I0710 23:26:43.326925 21912 raft_consensus.cc:630] T 5a0de49957f84b51b2c03d3e432ee897 P 5cb08d1962334a93b8e230c76a0b6099 [term 2 NON_PARTICIPANT]: Becoming Follower/Learner. State: Replica: 5cb08d1962334a93b8e230c76a0b6099, State: Initialized, Role: NON_PARTICIPANT
I0710 23:26:43.326995 21912 consensus_queue.cc:227] T 5a0de49957f84b51b2c03d3e432ee897 P 5cb08d1962334a93b8e230c76a0b6099 [NON_LEADER]: Queue going to NON_LEADER mode. State: All replicated index: 0, Majority replicated index: 0, Committed index: 189, Last appended: 2.189, Last appended by leader: 189, Current term: 0, Majority size: -1, State: 0, Mode: NON_LEADER, active raft config: opid_index: -1 OBSOLETE_local: true peers { permanent_uuid: "3eefa81a1d344cca94cb71d8fc3a7c08" member_type: VOTER last_known_addr { host: "127.18.43.1" port: 46659 } }
I0710 23:26:43.327183 21912 ts_tablet_manager.cc:1073] T 5a0de49957f84b51b2c03d3e432ee897 P 5cb08d1962334a93b8e230c76a0b6099: Time spent starting tablet: real 0.283s user 0.023s sys 0.054s
I0710 23:26:43.327579 21829 tablet_copy_service.cc:325] P 3eefa81a1d344cca94cb71d8fc3a7c08: Request end of tablet copy session 5cb08d1962334a93b8e230c76a0b6099-5a0de49957f84b51b2c03d3e432ee897 received from {username='slave'} at 127.18.43.2:57047
I0710 23:26:43.327621 21829 tablet_copy_service.cc:413] P 3eefa81a1d344cca94cb71d8fc3a7c08: ending tablet copy session 5cb08d1962334a93b8e230c76a0b6099-5a0de49957f84b51b2c03d3e432ee897 on tablet 5a0de49957f84b51b2c03d3e432ee897 with peer 5cb08d1962334a93b8e230c76a0b6099
I0710 23:26:43.327739 21908 raft_consensus.cc:325] T 6be9b59101ec4ae6bec4f3111efb82b3 P 5cb08d1962334a93b8e230c76a0b6099 [term 2 NON_PARTICIPANT]: Replica starting. Triggering 0 pending transactions. Active config: opid_index: -1 OBSOLETE_local: true peers { permanent_uuid: "3eefa81a1d344cca94cb71d8fc3a7c08" member_type: VOTER last_known_addr { host: "127.18.43.1" port: 46659 } }
I0710 23:26:43.327764 21908 raft_consensus.cc:630] T 6be9b59101ec4ae6bec4f3111efb82b3 P 5cb08d1962334a93b8e230c76a0b6099 [term 2 NON_PARTICIPANT]: Becoming Follower/Learner. State: Replica: 5cb08d1962334a93b8e230c76a0b6099, State: Initialized, Role: NON_PARTICIPANT
I0710 23:26:43.327831 21908 consensus_queue.cc:227] T 6be9b59101ec4ae6bec4f3111efb82b3 P 5cb08d1962334a93b8e230c76a0b6099 [NON_LEADER]: Queue going to NON_LEADER mode. State: All replicated index: 0, Majority replicated index: 0, Committed index: 194, Last appended: 2.194, Last appended by leader: 194, Current term: 0, Majority size: -1, State: 0, Mode: NON_LEADER, active raft config: opid_index: -1 OBSOLETE_local: true peers { permanent_uuid: "3eefa81a1d344cca94cb71d8fc3a7c08" member_type: VOTER last_known_addr { host: "127.18.43.1" port: 46659 } }
I0710 23:26:43.328006 21908 ts_tablet_manager.cc:1073] T 6be9b59101ec4ae6bec4f3111efb82b3 P 5cb08d1962334a93b8e230c76a0b6099: Time spent starting tablet: real 0.290s user 0.008s sys 0.039s
I0710 23:26:43.328377 21829 tablet_copy_service.cc:325] P 3eefa81a1d344cca94cb71d8fc3a7c08: Request end of tablet copy session 5cb08d1962334a93b8e230c76a0b6099-6be9b59101ec4ae6bec4f3111efb82b3 received from {username='slave'} at 127.18.43.2:57047
I0710 23:26:43.328399 21829 tablet_copy_service.cc:413] P 3eefa81a1d344cca94cb71d8fc3a7c08: ending tablet copy session 5cb08d1962334a93b8e230c76a0b6099-6be9b59101ec4ae6bec4f3111efb82b3 on tablet 6be9b59101ec4ae6bec4f3111efb82b3 with peer 5cb08d1962334a93b8e230c76a0b6099
I0710 23:26:43.331893 21923 ts_tablet_manager.cc:1073] T 39212fb42d874c3cad5a34357eae1a51 P 5cb08d1962334a93b8e230c76a0b6099: Time spent starting tablet: real 0.097s user 0.002s sys 0.000s
I0710 23:26:43.332801 21829 tablet_copy_service.cc:325] P 3eefa81a1d344cca94cb71d8fc3a7c08: Request end of tablet copy session 5cb08d1962334a93b8e230c76a0b6099-39212fb42d874c3cad5a34357eae1a51 received from {username='slave'} at 127.18.43.2:57047
I0710 23:26:43.332839 21829 tablet_copy_service.cc:413] P 3eefa81a1d344cca94cb71d8fc3a7c08: ending tablet copy session 5cb08d1962334a93b8e230c76a0b6099-39212fb42d874c3cad5a34357eae1a51 on tablet 39212fb42d874c3cad5a34357eae1a51 with peer 5cb08d1962334a93b8e230c76a0b6099
I0710 23:26:43.338889 21907 ts_tablet_manager.cc:1073] T bfe7d79a3ac644dc8598fc864fbe659e P 5cb08d1962334a93b8e230c76a0b6099: Time spent starting tablet: real 0.091s user 0.002s sys 0.000s
I0710 23:26:43.339712 21829 tablet_copy_service.cc:325] P 3eefa81a1d344cca94cb71d8fc3a7c08: Request end of tablet copy session 5cb08d1962334a93b8e230c76a0b6099-bfe7d79a3ac644dc8598fc864fbe659e received from {username='slave'} at 127.18.43.2:57047
I0710 23:26:43.339754 21829 tablet_copy_service.cc:413] P 3eefa81a1d344cca94cb71d8fc3a7c08: ending tablet copy session 5cb08d1962334a93b8e230c76a0b6099-bfe7d79a3ac644dc8598fc864fbe659e on tablet bfe7d79a3ac644dc8598fc864fbe659e with peer 5cb08d1962334a93b8e230c76a0b6099
W0710 23:26:43.359683 21915 log.cc:667] Time spent T 3382fcc7728248248fce1bb6b6e10422 P 5cb08d1962334a93b8e230c76a0b6099: Append to log took a long time: real 0.068s user 0.000s sys 0.000s
I0710 23:26:43.359758 21915 tablet_bootstrap.cc:427] T 3382fcc7728248248fce1bb6b6e10422 P 5cb08d1962334a93b8e230c76a0b6099: Bootstrap replayed 1/1 log segments. Stats: ops{read=185 overwritten=0 applied=185 ignored=0} inserts{seen=528 ignored=0} mutations{seen=0 ignored=0} orphaned_commits=0. Pending: 0 replicates
I0710 23:26:43.360121 21915 tablet_bootstrap.cc:427] T 3382fcc7728248248fce1bb6b6e10422 P 5cb08d1962334a93b8e230c76a0b6099: Bootstrap complete.
I0710 23:26:43.360316 21915 ts_tablet_manager.cc:1045] T 3382fcc7728248248fce1bb6b6e10422 P 5cb08d1962334a93b8e230c76a0b6099: Time spent bootstrapping tablet: real 0.823s user 0.100s sys 0.012s
I0710 23:26:43.360913 21915 raft_consensus.cc:325] T 3382fcc7728248248fce1bb6b6e10422 P 5cb08d1962334a93b8e230c76a0b6099 [term 2 NON_PARTICIPANT]: Replica starting. Triggering 0 pending transactions. Active config: opid_index: -1 OBSOLETE_local: true peers { permanent_uuid: "3eefa81a1d344cca94cb71d8fc3a7c08" member_type: VOTER last_known_addr { host: "127.18.43.1" port: 46659 } }
I0710 23:26:43.360957 21915 raft_consensus.cc:630] T 3382fcc7728248248fce1bb6b6e10422 P 5cb08d1962334a93b8e230c76a0b6099 [term 2 NON_PARTICIPANT]: Becoming Follower/Learner. State: Replica: 5cb08d1962334a93b8e230c76a0b6099, State: Initialized, Role: NON_PARTICIPANT
I0710 23:26:43.361074 21915 consensus_queue.cc:227] T 3382fcc7728248248fce1bb6b6e10422 P 5cb08d1962334a93b8e230c76a0b6099 [NON_LEADER]: Queue going to NON_LEADER mode. State: All replicated index: 0, Majority replicated index: 0, Committed index: 185, Last appended: 2.185, Last appended by leader: 185, Current term: 0, Majority size: -1, State: 0, Mode: NON_LEADER, active raft config: opid_index: -1 OBSOLETE_local: true peers { permanent_uuid: "3eefa81a1d344cca94cb71d8fc3a7c08" member_type: VOTER last_known_addr { host: "127.18.43.1" port: 46659 } }
I0710 23:26:43.361346 21915 ts_tablet_manager.cc:1073] T 3382fcc7728248248fce1bb6b6e10422 P 5cb08d1962334a93b8e230c76a0b6099: Time spent starting tablet: real 0.001s user 0.000s sys 0.000s
I0710 23:26:43.361986 21829 tablet_copy_service.cc:325] P 3eefa81a1d344cca94cb71d8fc3a7c08: Request end of tablet copy session 5cb08d1962334a93b8e230c76a0b6099-3382fcc7728248248fce1bb6b6e10422 received from {username='slave'} at 127.18.43.2:57047
I0710 23:26:43.362020 21829 tablet_copy_service.cc:413] P 3eefa81a1d344cca94cb71d8fc3a7c08: ending tablet copy session 5cb08d1962334a93b8e230c76a0b6099-3382fcc7728248248fce1bb6b6e10422 on tablet 3382fcc7728248248fce1bb6b6e10422 with peer 5cb08d1962334a93b8e230c76a0b6099
I0710 23:26:43.376503 21918 tablet_bootstrap.cc:427] T 58a8d45cf5284f579b89c73d87015736 P 5cb08d1962334a93b8e230c76a0b6099: Bootstrap replayed 1/1 log segments. Stats: ops{read=193 overwritten=0 applied=193 ignored=0} inserts{seen=501 ignored=0} mutations{seen=0 ignored=0} orphaned_commits=0. Pending: 0 replicates
I0710 23:26:43.376869 21918 tablet_bootstrap.cc:427] T 58a8d45cf5284f579b89c73d87015736 P 5cb08d1962334a93b8e230c76a0b6099: Bootstrap complete.
I0710 23:26:43.377073 21918 ts_tablet_manager.cc:1045] T 58a8d45cf5284f579b89c73d87015736 P 5cb08d1962334a93b8e230c76a0b6099: Time spent bootstrapping tablet: real 0.829s user 0.106s sys 0.004s
I0710 23:26:43.377634 21918 raft_consensus.cc:325] T 58a8d45cf5284f579b89c73d87015736 P 5cb08d1962334a93b8e230c76a0b6099 [term 2 NON_PARTICIPANT]: Replica starting. Triggering 0 pending transactions. Active config: opid_index: -1 OBSOLETE_local: true peers { permanent_uuid: "3eefa81a1d344cca94cb71d8fc3a7c08" member_type: VOTER last_known_addr { host: "127.18.43.1" port: 46659 } }
I0710 23:26:43.377676 21918 raft_consensus.cc:630] T 58a8d45cf5284f579b89c73d87015736 P 5cb08d1962334a93b8e230c76a0b6099 [term 2 NON_PARTICIPANT]: Becoming Follower/Learner. State: Replica: 5cb08d1962334a93b8e230c76a0b6099, State: Initialized, Role: NON_PARTICIPANT
I0710 23:26:43.377780 21918 consensus_queue.cc:227] T 58a8d45cf5284f579b89c73d87015736 P 5cb08d1962334a93b8e230c76a0b6099 [NON_LEADER]: Queue going to NON_LEADER mode. State: All replicated index: 0, Majority replicated index: 0, Committed index: 193, Last appended: 2.193, Last appended by leader: 193, Current term: 0, Majority size: -1, State: 0, Mode: NON_LEADER, active raft config: opid_index: -1 OBSOLETE_local: true peers { permanent_uuid: "3eefa81a1d344cca94cb71d8fc3a7c08" member_type: VOTER last_known_addr { host: "127.18.43.1" port: 46659 } }
I0710 23:26:43.391851 21918 ts_tablet_manager.cc:1073] T 58a8d45cf5284f579b89c73d87015736 P 5cb08d1962334a93b8e230c76a0b6099: Time spent starting tablet: real 0.015s user 0.002s sys 0.000s
I0710 23:26:43.392503 21829 tablet_copy_service.cc:325] P 3eefa81a1d344cca94cb71d8fc3a7c08: Request end of tablet copy session 5cb08d1962334a93b8e230c76a0b6099-58a8d45cf5284f579b89c73d87015736 received from {username='slave'} at 127.18.43.2:57047
I0710 23:26:43.392556 21829 tablet_copy_service.cc:413] P 3eefa81a1d344cca94cb71d8fc3a7c08: ending tablet copy session 5cb08d1962334a93b8e230c76a0b6099-58a8d45cf5284f579b89c73d87015736 on tablet 58a8d45cf5284f579b89c73d87015736 with peer 5cb08d1962334a93b8e230c76a0b6099
I0710 23:26:43.409879 21911 tablet_bootstrap.cc:427] T 224d94b52b9e4f859d90edb71b9dc822 P 5cb08d1962334a93b8e230c76a0b6099: Bootstrap replayed 1/1 log segments. Stats: ops{read=191 overwritten=0 applied=191 ignored=0} inserts{seen=540 ignored=0} mutations{seen=0 ignored=0} orphaned_commits=0. Pending: 0 replicates
I0710 23:26:43.410255 21911 tablet_bootstrap.cc:427] T 224d94b52b9e4f859d90edb71b9dc822 P 5cb08d1962334a93b8e230c76a0b6099: Bootstrap complete.
I0710 23:26:43.410442 21911 ts_tablet_manager.cc:1045] T 224d94b52b9e4f859d90edb71b9dc822 P 5cb08d1962334a93b8e230c76a0b6099: Time spent bootstrapping tablet: real 0.669s user 0.109s sys 0.004s
I0710 23:26:43.411015 21911 raft_consensus.cc:325] T 224d94b52b9e4f859d90edb71b9dc822 P 5cb08d1962334a93b8e230c76a0b6099 [term 2 NON_PARTICIPANT]: Replica starting. Triggering 0 pending transactions. Active config: opid_index: -1 OBSOLETE_local: true peers { permanent_uuid: "3eefa81a1d344cca94cb71d8fc3a7c08" member_type: VOTER last_known_addr { host: "127.18.43.1" port: 46659 } }
I0710 23:26:43.411054 21911 raft_consensus.cc:630] T 224d94b52b9e4f859d90edb71b9dc822 P 5cb08d1962334a93b8e230c76a0b6099 [term 2 NON_PARTICIPANT]: Becoming Follower/Learner. State: Replica: 5cb08d1962334a93b8e230c76a0b6099, State: Initialized, Role: NON_PARTICIPANT
I0710 23:26:43.411154 21911 consensus_queue.cc:227] T 224d94b52b9e4f859d90edb71b9dc822 P 5cb08d1962334a93b8e230c76a0b6099 [NON_LEADER]: Queue going to NON_LEADER mode. State: All replicated index: 0, Majority replicated index: 0, Committed index: 191, Last appended: 2.191, Last appended by leader: 191, Current term: 0, Majority size: -1, State: 0, Mode: NON_LEADER, active raft config: opid_index: -1 OBSOLETE_local: true peers { permanent_uuid: "3eefa81a1d344cca94cb71d8fc3a7c08" member_type: VOTER last_known_addr { host: "127.18.43.1" port: 46659 } }
I0710 23:26:43.414942 21911 ts_tablet_manager.cc:1073] T 224d94b52b9e4f859d90edb71b9dc822 P 5cb08d1962334a93b8e230c76a0b6099: Time spent starting tablet: real 0.004s user 0.004s sys 0.000s
I0710 23:26:43.415724 21829 tablet_copy_service.cc:325] P 3eefa81a1d344cca94cb71d8fc3a7c08: Request end of tablet copy session 5cb08d1962334a93b8e230c76a0b6099-224d94b52b9e4f859d90edb71b9dc822 received from {username='slave'} at 127.18.43.2:57047
I0710 23:26:43.415763 21829 tablet_copy_service.cc:413] P 3eefa81a1d344cca94cb71d8fc3a7c08: ending tablet copy session 5cb08d1962334a93b8e230c76a0b6099-224d94b52b9e4f859d90edb71b9dc822 on tablet 224d94b52b9e4f859d90edb71b9dc822 with peer 5cb08d1962334a93b8e230c76a0b6099
I0710 23:26:43.428591 21909 tablet_bootstrap.cc:427] T 188113a621d14966945feb51e41ea4a5 P 5cb08d1962334a93b8e230c76a0b6099: Bootstrap replayed 1/1 log segments. Stats: ops{read=190 overwritten=0 applied=190 ignored=0} inserts{seen=479 ignored=0} mutations{seen=0 ignored=0} orphaned_commits=0. Pending: 0 replicates
I0710 23:26:43.429003 21909 tablet_bootstrap.cc:427] T 188113a621d14966945feb51e41ea4a5 P 5cb08d1962334a93b8e230c76a0b6099: Bootstrap complete.
I0710 23:26:43.429208 21909 ts_tablet_manager.cc:1045] T 188113a621d14966945feb51e41ea4a5 P 5cb08d1962334a93b8e230c76a0b6099: Time spent bootstrapping tablet: real 0.831s user 0.107s sys 0.004s
I0710 23:26:43.429827 21909 raft_consensus.cc:325] T 188113a621d14966945feb51e41ea4a5 P 5cb08d1962334a93b8e230c76a0b6099 [term 2 NON_PARTICIPANT]: Replica starting. Triggering 0 pending transactions. Active config: opid_index: -1 OBSOLETE_local: true peers { permanent_uuid: "3eefa81a1d344cca94cb71d8fc3a7c08" member_type: VOTER last_known_addr { host: "127.18.43.1" port: 46659 } }
I0710 23:26:43.429869 21909 raft_consensus.cc:630] T 188113a621d14966945feb51e41ea4a5 P 5cb08d1962334a93b8e230c76a0b6099 [term 2 NON_PARTICIPANT]: Becoming Follower/Learner. State: Replica: 5cb08d1962334a93b8e230c76a0b6099, State: Initialized, Role: NON_PARTICIPANT
I0710 23:26:43.429997 21909 consensus_queue.cc:227] T 188113a621d14966945feb51e41ea4a5 P 5cb08d1962334a93b8e230c76a0b6099 [NON_LEADER]: Queue going to NON_LEADER mode. State: All replicated index: 0, Majority replicated index: 0, Committed index: 190, Last appended: 2.190, Last appended by leader: 190, Current term: 0, Majority size: -1, State: 0, Mode: NON_LEADER, active raft config: opid_index: -1 OBSOLETE_local: true peers { permanent_uuid: "3eefa81a1d344cca94cb71d8fc3a7c08" member_type: VOTER last_known_addr { host: "127.18.43.1" port: 46659 } }
I0710 23:26:43.436687 21909 ts_tablet_manager.cc:1073] T 188113a621d14966945feb51e41ea4a5 P 5cb08d1962334a93b8e230c76a0b6099: Time spent starting tablet: real 0.007s user 0.002s sys 0.000s
I0710 23:26:43.437482 21829 tablet_copy_service.cc:325] P 3eefa81a1d344cca94cb71d8fc3a7c08: Request end of tablet copy session 5cb08d1962334a93b8e230c76a0b6099-188113a621d14966945feb51e41ea4a5 received from {username='slave'} at 127.18.43.2:57047
I0710 23:26:43.437531 21829 tablet_copy_service.cc:413] P 3eefa81a1d344cca94cb71d8fc3a7c08: ending tablet copy session 5cb08d1962334a93b8e230c76a0b6099-188113a621d14966945feb51e41ea4a5 on tablet 188113a621d14966945feb51e41ea4a5 with peer 5cb08d1962334a93b8e230c76a0b6099
I0710 23:26:43.451447 21922 tablet_bootstrap.cc:427] T fbe2894430174092986bffc0d8021206 P 5cb08d1962334a93b8e230c76a0b6099: Bootstrap replayed 1/1 log segments. Stats: ops{read=191 overwritten=0 applied=191 ignored=0} inserts{seen=509 ignored=0} mutations{seen=0 ignored=0} orphaned_commits=0. Pending: 0 replicates
I0710 23:26:43.451928 21922 tablet_bootstrap.cc:427] T fbe2894430174092986bffc0d8021206 P 5cb08d1962334a93b8e230c76a0b6099: Bootstrap complete.
I0710 23:26:43.453837 21922 ts_tablet_manager.cc:1045] T fbe2894430174092986bffc0d8021206 P 5cb08d1962334a93b8e230c76a0b6099: Time spent bootstrapping tablet: real 0.808s user 0.113s sys 0.000s
I0710 23:26:43.454710 21922 raft_consensus.cc:325] T fbe2894430174092986bffc0d8021206 P 5cb08d1962334a93b8e230c76a0b6099 [term 2 NON_PARTICIPANT]: Replica starting. Triggering 0 pending transactions. Active config: opid_index: -1 OBSOLETE_local: true peers { permanent_uuid: "3eefa81a1d344cca94cb71d8fc3a7c08" member_type: VOTER last_known_addr { host: "127.18.43.1" port: 46659 } }
I0710 23:26:43.454844 21922 raft_consensus.cc:630] T fbe2894430174092986bffc0d8021206 P 5cb08d1962334a93b8e230c76a0b6099 [term 2 NON_PARTICIPANT]: Becoming Follower/Learner. State: Replica: 5cb08d1962334a93b8e230c76a0b6099, State: Initialized, Role: NON_PARTICIPANT
I0710 23:26:43.454998 21922 consensus_queue.cc:227] T fbe2894430174092986bffc0d8021206 P 5cb08d1962334a93b8e230c76a0b6099 [NON_LEADER]: Queue going to NON_LEADER mode. State: All replicated index: 0, Majority replicated index: 0, Committed index: 191, Last appended: 2.191, Last appended by leader: 191, Current term: 0, Majority size: -1, State: 0, Mode: NON_LEADER, active raft config: opid_index: -1 OBSOLETE_local: true peers { permanent_uuid: "3eefa81a1d344cca94cb71d8fc3a7c08" member_type: VOTER last_known_addr { host: "127.18.43.1" port: 46659 } }
I0710 23:26:43.458312 21922 ts_tablet_manager.cc:1073] T fbe2894430174092986bffc0d8021206 P 5cb08d1962334a93b8e230c76a0b6099: Time spent starting tablet: real 0.004s user 0.001s sys 0.000s
I0710 23:26:43.460336 21829 tablet_copy_service.cc:325] P 3eefa81a1d344cca94cb71d8fc3a7c08: Request end of tablet copy session 5cb08d1962334a93b8e230c76a0b6099-fbe2894430174092986bffc0d8021206 received from {username='slave'} at 127.18.43.2:57047
I0710 23:26:43.460377 21829 tablet_copy_service.cc:413] P 3eefa81a1d344cca94cb71d8fc3a7c08: ending tablet copy session 5cb08d1962334a93b8e230c76a0b6099-fbe2894430174092986bffc0d8021206 on tablet fbe2894430174092986bffc0d8021206 with peer 5cb08d1962334a93b8e230c76a0b6099
I0710 23:26:43.467180 21920 tablet_bootstrap.cc:427] T e55b3ed036a24cb1ac30f337d5386072 P 5cb08d1962334a93b8e230c76a0b6099: Bootstrap replayed 1/1 log segments. Stats: ops{read=193 overwritten=0 applied=193 ignored=0} inserts{seen=528 ignored=0} mutations{seen=0 ignored=0} orphaned_commits=0. Pending: 0 replicates
I0710 23:26:43.467514 21920 tablet_bootstrap.cc:427] T e55b3ed036a24cb1ac30f337d5386072 P 5cb08d1962334a93b8e230c76a0b6099: Bootstrap complete.
I0710 23:26:43.467727 21920 ts_tablet_manager.cc:1045] T e55b3ed036a24cb1ac30f337d5386072 P 5cb08d1962334a93b8e230c76a0b6099: Time spent bootstrapping tablet: real 0.832s user 0.106s sys 0.007s
I0710 23:26:43.468437 21920 raft_consensus.cc:325] T e55b3ed036a24cb1ac30f337d5386072 P 5cb08d1962334a93b8e230c76a0b6099 [term 2 NON_PARTICIPANT]: Replica starting. Triggering 0 pending transactions. Active config: opid_index: -1 OBSOLETE_local: true peers { permanent_uuid: "3eefa81a1d344cca94cb71d8fc3a7c08" member_type: VOTER last_known_addr { host: "127.18.43.1" port: 46659 } }
I0710 23:26:43.468470 21920 raft_consensus.cc:630] T e55b3ed036a24cb1ac30f337d5386072 P 5cb08d1962334a93b8e230c76a0b6099 [term 2 NON_PARTICIPANT]: Becoming Follower/Learner. State: Replica: 5cb08d1962334a93b8e230c76a0b6099, State: Initialized, Role: NON_PARTICIPANT
I0710 23:26:43.468556 21920 consensus_queue.cc:227] T e55b3ed036a24cb1ac30f337d5386072 P 5cb08d1962334a93b8e230c76a0b6099 [NON_LEADER]: Queue going to NON_LEADER mode. State: All replicated index: 0, Majority replicated index: 0, Committed index: 193, Last appended: 2.193, Last appended by leader: 193, Current term: 0, Majority size: -1, State: 0, Mode: NON_LEADER, active raft config: opid_index: -1 OBSOLETE_local: true peers { permanent_uuid: "3eefa81a1d344cca94cb71d8fc3a7c08" member_type: VOTER last_known_addr { host: "127.18.43.1" port: 46659 } }
I0710 23:26:43.469676 21921 tablet_bootstrap.cc:427] T 05ab889d520c4b5db0cab1b6d7e8ae86 P 5cb08d1962334a93b8e230c76a0b6099: Bootstrap replayed 1/1 log segments. Stats: ops{read=192 overwritten=0 applied=192 ignored=0} inserts{seen=482 ignored=0} mutations{seen=0 ignored=0} orphaned_commits=0. Pending: 0 replicates
I0710 23:26:43.470001 21921 tablet_bootstrap.cc:427] T 05ab889d520c4b5db0cab1b6d7e8ae86 P 5cb08d1962334a93b8e230c76a0b6099: Bootstrap complete.
I0710 23:26:43.470180 21921 ts_tablet_manager.cc:1045] T 05ab889d520c4b5db0cab1b6d7e8ae86 P 5cb08d1962334a93b8e230c76a0b6099: Time spent bootstrapping tablet: real 0.802s user 0.102s sys 0.008s
I0710 23:26:43.470661 21921 raft_consensus.cc:325] T 05ab889d520c4b5db0cab1b6d7e8ae86 P 5cb08d1962334a93b8e230c76a0b6099 [term 2 NON_PARTICIPANT]: Replica starting. Triggering 0 pending transactions. Active config: opid_index: -1 OBSOLETE_local: true peers { permanent_uuid: "3eefa81a1d344cca94cb71d8fc3a7c08" member_type: VOTER last_known_addr { host: "127.18.43.1" port: 46659 } }
I0710 23:26:43.470696 21921 raft_consensus.cc:630] T 05ab889d520c4b5db0cab1b6d7e8ae86 P 5cb08d1962334a93b8e230c76a0b6099 [term 2 NON_PARTICIPANT]: Becoming Follower/Learner. State: Replica: 5cb08d1962334a93b8e230c76a0b6099, State: Initialized, Role: NON_PARTICIPANT
I0710 23:26:43.470787 21921 consensus_queue.cc:227] T 05ab889d520c4b5db0cab1b6d7e8ae86 P 5cb08d1962334a93b8e230c76a0b6099 [NON_LEADER]: Queue going to NON_LEADER mode. State: All replicated index: 0, Majority replicated index: 0, Committed index: 192, Last appended: 2.192, Last appended by leader: 192, Current term: 0, Majority size: -1, State: 0, Mode: NON_LEADER, active raft config: opid_index: -1 OBSOLETE_local: true peers { permanent_uuid: "3eefa81a1d344cca94cb71d8fc3a7c08" member_type: VOTER last_known_addr { host: "127.18.43.1" port: 46659 } }
I0710 23:26:43.471067 21921 ts_tablet_manager.cc:1073] T 05ab889d520c4b5db0cab1b6d7e8ae86 P 5cb08d1962334a93b8e230c76a0b6099: Time spent starting tablet: real 0.001s user 0.003s sys 0.000s
I0710 23:26:43.471632 21829 tablet_copy_service.cc:325] P 3eefa81a1d344cca94cb71d8fc3a7c08: Request end of tablet copy session 5cb08d1962334a93b8e230c76a0b6099-05ab889d520c4b5db0cab1b6d7e8ae86 received from {username='slave'} at 127.18.43.2:57047
I0710 23:26:43.471673 21829 tablet_copy_service.cc:413] P 3eefa81a1d344cca94cb71d8fc3a7c08: ending tablet copy session 5cb08d1962334a93b8e230c76a0b6099-05ab889d520c4b5db0cab1b6d7e8ae86 on tablet 05ab889d520c4b5db0cab1b6d7e8ae86 with peer 5cb08d1962334a93b8e230c76a0b6099
I0710 23:26:43.472364 21920 ts_tablet_manager.cc:1073] T e55b3ed036a24cb1ac30f337d5386072 P 5cb08d1962334a93b8e230c76a0b6099: Time spent starting tablet: real 0.005s user 0.000s sys 0.001s
I0710 23:26:43.472798 21829 tablet_copy_service.cc:325] P 3eefa81a1d344cca94cb71d8fc3a7c08: Request end of tablet copy session 5cb08d1962334a93b8e230c76a0b6099-e55b3ed036a24cb1ac30f337d5386072 received from {username='slave'} at 127.18.43.2:57047
I0710 23:26:43.472833 21829 tablet_copy_service.cc:413] P 3eefa81a1d344cca94cb71d8fc3a7c08: ending tablet copy session 5cb08d1962334a93b8e230c76a0b6099-e55b3ed036a24cb1ac30f337d5386072 on tablet e55b3ed036a24cb1ac30f337d5386072 with peer 5cb08d1962334a93b8e230c76a0b6099
I0710 23:26:43.483304 21927 tablet_bootstrap.cc:427] T 420e91af2ba54520ac1b422b22a543eb P 5cb08d1962334a93b8e230c76a0b6099: Bootstrap replayed 1/1 log segments. Stats: ops{read=195 overwritten=0 applied=195 ignored=0} inserts{seen=517 ignored=0} mutations{seen=0 ignored=0} orphaned_commits=0. Pending: 0 replicates
I0710 23:26:43.483664 21927 tablet_bootstrap.cc:427] T 420e91af2ba54520ac1b422b22a543eb P 5cb08d1962334a93b8e230c76a0b6099: Bootstrap complete.
I0710 23:26:43.483835 21927 ts_tablet_manager.cc:1045] T 420e91af2ba54520ac1b422b22a543eb P 5cb08d1962334a93b8e230c76a0b6099: Time spent bootstrapping tablet: real 0.766s user 0.092s sys 0.024s
I0710 23:26:43.484287 21927 raft_consensus.cc:325] T 420e91af2ba54520ac1b422b22a543eb P 5cb08d1962334a93b8e230c76a0b6099 [term 2 NON_PARTICIPANT]: Replica starting. Triggering 0 pending transactions. Active config: opid_index: -1 OBSOLETE_local: true peers { permanent_uuid: "3eefa81a1d344cca94cb71d8fc3a7c08" member_type: VOTER last_known_addr { host: "127.18.43.1" port: 46659 } }
I0710 23:26:43.484330 21927 raft_consensus.cc:630] T 420e91af2ba54520ac1b422b22a543eb P 5cb08d1962334a93b8e230c76a0b6099 [term 2 NON_PARTICIPANT]: Becoming Follower/Learner. State: Replica: 5cb08d1962334a93b8e230c76a0b6099, State: Initialized, Role: NON_PARTICIPANT
I0710 23:26:43.484416 21927 consensus_queue.cc:227] T 420e91af2ba54520ac1b422b22a543eb P 5cb08d1962334a93b8e230c76a0b6099 [NON_LEADER]: Queue going to NON_LEADER mode. State: All replicated index: 0, Majority replicated index: 0, Committed index: 195, Last appended: 2.195, Last appended by leader: 195, Current term: 0, Majority size: -1, State: 0, Mode: NON_LEADER, active raft config: opid_index: -1 OBSOLETE_local: true peers { permanent_uuid: "3eefa81a1d344cca94cb71d8fc3a7c08" member_type: VOTER last_known_addr { host: "127.18.43.1" port: 46659 } }
I0710 23:26:43.484709 21927 ts_tablet_manager.cc:1073] T 420e91af2ba54520ac1b422b22a543eb P 5cb08d1962334a93b8e230c76a0b6099: Time spent starting tablet: real 0.001s user 0.001s sys 0.000s
I0710 23:26:43.485371 21829 tablet_copy_service.cc:325] P 3eefa81a1d344cca94cb71d8fc3a7c08: Request end of tablet copy session 5cb08d1962334a93b8e230c76a0b6099-420e91af2ba54520ac1b422b22a543eb received from {username='slave'} at 127.18.43.2:57047
I0710 23:26:43.485410 21829 tablet_copy_service.cc:413] P 3eefa81a1d344cca94cb71d8fc3a7c08: ending tablet copy session 5cb08d1962334a93b8e230c76a0b6099-420e91af2ba54520ac1b422b22a543eb on tablet 420e91af2ba54520ac1b422b22a543eb with peer 5cb08d1962334a93b8e230c76a0b6099
I0710 23:26:43.489332 21916 tablet_bootstrap.cc:427] T 8a5f88d22d2b482d9691c52031cafd6e P 5cb08d1962334a93b8e230c76a0b6099: Bootstrap replayed 1/1 log segments. Stats: ops{read=194 overwritten=0 applied=194 ignored=0} inserts{seen=513 ignored=0} mutations{seen=0 ignored=0} orphaned_commits=0. Pending: 0 replicates
I0710 23:26:43.489673 21916 tablet_bootstrap.cc:427] T 8a5f88d22d2b482d9691c52031cafd6e P 5cb08d1962334a93b8e230c76a0b6099: Bootstrap complete.
I0710 23:26:43.489826 21916 ts_tablet_manager.cc:1045] T 8a5f88d22d2b482d9691c52031cafd6e P 5cb08d1962334a93b8e230c76a0b6099: Time spent bootstrapping tablet: real 0.760s user 0.100s sys 0.011s
I0710 23:26:43.490260 21916 raft_consensus.cc:325] T 8a5f88d22d2b482d9691c52031cafd6e P 5cb08d1962334a93b8e230c76a0b6099 [term 2 NON_PARTICIPANT]: Replica starting. Triggering 0 pending transactions. Active config: opid_index: -1 OBSOLETE_local: true peers { permanent_uuid: "3eefa81a1d344cca94cb71d8fc3a7c08" member_type: VOTER last_known_addr { host: "127.18.43.1" port: 46659 } }
I0710 23:26:43.490289 21916 raft_consensus.cc:630] T 8a5f88d22d2b482d9691c52031cafd6e P 5cb08d1962334a93b8e230c76a0b6099 [term 2 NON_PARTICIPANT]: Becoming Follower/Learner. State: Replica: 5cb08d1962334a93b8e230c76a0b6099, State: Initialized, Role: NON_PARTICIPANT
I0710 23:26:43.490380 21916 consensus_queue.cc:227] T 8a5f88d22d2b482d9691c52031cafd6e P 5cb08d1962334a93b8e230c76a0b6099 [NON_LEADER]: Queue going to NON_LEADER mode. State: All replicated index: 0, Majority replicated index: 0, Committed index: 194, Last appended: 2.194, Last appended by leader: 194, Current term: 0, Majority size: -1, State: 0, Mode: NON_LEADER, active raft config: opid_index: -1 OBSOLETE_local: true peers { permanent_uuid: "3eefa81a1d344cca94cb71d8fc3a7c08" member_type: VOTER last_known_addr { host: "127.18.43.1" port: 46659 } }
I0710 23:26:43.490582 21916 ts_tablet_manager.cc:1073] T 8a5f88d22d2b482d9691c52031cafd6e P 5cb08d1962334a93b8e230c76a0b6099: Time spent starting tablet: real 0.001s user 0.000s sys 0.000s
I0710 23:26:43.491230 21829 tablet_copy_service.cc:325] P 3eefa81a1d344cca94cb71d8fc3a7c08: Request end of tablet copy session 5cb08d1962334a93b8e230c76a0b6099-8a5f88d22d2b482d9691c52031cafd6e received from {username='slave'} at 127.18.43.2:57047
I0710 23:26:43.491268 21829 tablet_copy_service.cc:413] P 3eefa81a1d344cca94cb71d8fc3a7c08: ending tablet copy session 5cb08d1962334a93b8e230c76a0b6099-8a5f88d22d2b482d9691c52031cafd6e on tablet 8a5f88d22d2b482d9691c52031cafd6e with peer 5cb08d1962334a93b8e230c76a0b6099
I0710 23:26:43.502131 18604 external_mini_cluster.cc:1008] Killing /tmp/dist-test-taskXw_ur6/build/debug/bin/kudu-tserver with pid 21808
W0710 23:26:43.505352 21527 connection.cc:512] server connection from 127.18.43.1:49927 recv error: Network error: failed to read from TLS socket (remote: 127.18.43.1:49927): Connection reset by peer (error 104)
W0710 23:26:43.505399 21194 connection.cc:512] client connection to 127.18.43.1:46659 recv error: Network error: failed to read from TLS socket (remote: 127.18.43.1:46659): Connection reset by peer (error 104)
W0710 23:26:43.505414 21692 connection.cc:512] client connection to 127.18.43.1:46659 recv error: Network error: failed to read from TLS socket (remote: 127.18.43.1:46659): Connection reset by peer (error 104)
I0710 23:26:43.505625 18604 external_mini_cluster.cc:1008] Killing /tmp/dist-test-taskXw_ur6/build/debug/bin/kudu-tserver with pid 21685
W0710 23:26:43.510768 21526 connection.cc:512] server connection from 127.18.43.2:40405 recv error: Network error: failed to read from TLS socket (remote: 127.18.43.2:40405): Connection reset by peer (error 104)
W0710 23:26:43.510803 21194 connection.cc:512] client connection to 127.18.43.2:38483 recv error: Network error: failed to read from TLS socket (remote: 127.18.43.2:38483): Connection reset by peer (error 104)
I0710 23:26:43.511034 18604 external_mini_cluster.cc:1008] Killing /tmp/dist-test-taskXw_ur6/build/debug/bin/kudu-master with pid 21517
W0710 23:26:43.514758 21194 connection.cc:512] client connection to 127.18.43.62:33645 recv error: Network error: failed to read from TLS socket (remote: 127.18.43.62:33645): Connection reset by peer (error 104) [ OK ] TabletCopyClientSessionITest.TestTabletCopyWithBusySource (7072 ms) [ RUN ] TabletCopyClientSessionITest.TestStopCopyOnClientDiskFailure
I0710 23:26:43.528944 18604 external_mini_cluster.cc:809] Running /tmp/dist-test-taskXw_ur6/build/debug/bin/kudu-master /tmp/dist-test-taskXw_ur6/build/debug/bin/kudu-master --fs_wal_dir=/tmp/dist-test-taskXw_ur6/test-tmp/tablet_copy_client_session-itest.0.TabletCopyClientSessionITest.TestStopCopyOnClientDiskFailure.1531265186290008-18604/minicluster-data/master-0/wal --fs_data_dirs=/tmp/dist-test-taskXw_ur6/test-tmp/tablet_copy_client_session-itest.0.TabletCopyClientSessionITest.TestStopCopyOnClientDiskFailure.1531265186290008-18604/minicluster-data/master-0/data-0,/tmp/dist-test-taskXw_ur6/test-tmp/tablet_copy_client_session-itest.0.TabletCopyClientSessionITest.TestStopCopyOnClientDiskFailure.1531265186290008-18604/minicluster-data/master-0/data-1 --block_manager=log --webserver_interface=localhost --ipki_ca_key_size=1024 --tsk_num_rsa_bits=512 --rpc_bind_addresses=127.18.43.62:34207 --webserver_interface=127.18.43.62 --webserver_port=0 --never_fsync --ipki_server_key_size=1024 --enable_minidumps=false --redact=none --metrics_log_interval_ms=1000 --logtostderr --logbuflevel=-1 --log_dir=/tmp/dist-test-taskXw_ur6/test-tmp/tablet_copy_client_session-itest.0.TabletCopyClientSessionITest.TestStopCopyOnClientDiskFailure.1531265186290008-18604/minicluster-data/master-0/logs --server_dump_info_path=/tmp/dist-test-taskXw_ur6/test-tmp/tablet_copy_client_session-itest.0.TabletCopyClientSessionITest.TestStopCopyOnClientDiskFailure.1531265186290008-18604/minicluster-data/master-0/data-0/info.pb --server_dump_info_format=pb --rpc_server_allow_ephemeral_ports --unlock_experimental_flags --unlock_unsafe_flags --master_tombstone_evicted_tablet_replicas=false --rpc_reuseport=true with env {} WARNING: Logging before InitGoogleLogging() is written to STDERR
W0710 23:26:43.576593 21953 flags.cc:406] Enabled unsafe flag: --rpc_server_allow_ephemeral_ports=true
W0710 23:26:43.576773 21953 flags.cc:406] Enabled unsafe flag: --never_fsync=true
W0710 23:26:43.577735 21953 flags.cc:406] Enabled experimental flag: --ipki_ca_key_size=1024
W0710 23:26:43.577759 21953 flags.cc:406] Enabled experimental flag: --ipki_server_key_size=1024
W0710 23:26:43.577765 21953 flags.cc:406] Enabled experimental flag: --tsk_num_rsa_bits=512
W0710 23:26:43.577772 21953 flags.cc:406] Enabled experimental flag: --rpc_reuseport=true
I0710 23:26:43.579291 21953 master_main.cc:73] Master server non-default flags: --fs_data_dirs=/tmp/dist-test-taskXw_ur6/test-tmp/tablet_copy_client_session-itest.0.TabletCopyClientSessionITest.TestStopCopyOnClientDiskFailure.1531265186290008-18604/minicluster-data/master-0/data-0,/tmp/dist-test-taskXw_ur6/test-tmp/tablet_copy_client_session-itest.0.TabletCopyClientSessionITest.TestStopCopyOnClientDiskFailure.1531265186290008-18604/minicluster-data/master-0/data-1 --fs_wal_dir=/tmp/dist-test-taskXw_ur6/test-tmp/tablet_copy_client_session-itest.0.TabletCopyClientSessionITest.TestStopCopyOnClientDiskFailure.1531265186290008-18604/minicluster-data/master-0/wal --master_tombstone_evicted_tablet_replicas=false --ipki_ca_key_size=1024 --ipki_server_key_size=1024 --tsk_num_rsa_bits=512 --rpc_bind_addresses=127.18.43.62:34207 --rpc_reuseport=true --rpc_server_allow_ephemeral_ports=true --metrics_log_interval_ms=1000 --server_dump_info_format=pb --server_dump_info_path=/tmp/dist-test-taskXw_ur6/test-tmp/tablet_copy_client_session-itest.0.TabletCopyClientSessionITest.TestStopCopyOnClientDiskFailure.1531265186290008-18604/minicluster-data/master-0/data-0/info.pb --webserver_interface=127.18.43.62 --webserver_port=0 --never_fsync=true --redact=none --unlock_experimental_flags=true --unlock_unsafe_flags=true --enable_minidumps=false --log_dir=/tmp/dist-test-taskXw_ur6/test-tmp/tablet_copy_client_session-itest.0.TabletCopyClientSessionITest.TestStopCopyOnClientDiskFailure.1531265186290008-18604/minicluster-data/master-0/logs --logbuflevel=-1 --logtostderr=true Master server version: kudu 1.8.0-SNAPSHOT revision 025067de3b780c42022b7a08ed16eb82cdb574dc build type DEBUG built by None at 10 Jul 2018 23:14:03 UTC on jenkins-slave-8qw8 build id 14092
I0710 23:26:43.582581 21953 master_main.cc:80] Initializing master server...
I0710 23:26:43.583068 21953 system_ntp.cc:199] NTP initialized. Skew: 500ppm Current error: 196016us
I0710 23:26:43.583976 21953 fs_manager.cc:261] Metadata directory not provided
I0710 23:26:43.584022 21953 fs_manager.cc:267] Using write-ahead log directory (fs_wal_dir) as metadata directory
I0710 23:26:43.584285 21953 server_base.cc:432] Could not load existing FS layout: Not found: could not find a healthy instance file
I0710 23:26:43.584305 21953 server_base.cc:433] Attempting to create new FS layout instead
I0710 23:26:43.586918 21953 fs_manager.cc:601] Generated new instance metadata in path /tmp/dist-test-taskXw_ur6/test-tmp/tablet_copy_client_session-itest.0.TabletCopyClientSessionITest.TestStopCopyOnClientDiskFailure.1531265186290008-18604/minicluster-data/master-0/data-0/instance: uuid: "c1d0bed5fc8648d595d0d2207e59d80d" format_stamp: "Formatted at 2018-07-10 23:26:43 on dist-test-slave-dist-test-slave-4h7p"
I0710 23:26:43.587255 21953 fs_manager.cc:601] Generated new instance metadata in path /tmp/dist-test-taskXw_ur6/test-tmp/tablet_copy_client_session-itest.0.TabletCopyClientSessionITest.TestStopCopyOnClientDiskFailure.1531265186290008-18604/minicluster-data/master-0/data-1/instance: uuid: "c1d0bed5fc8648d595d0d2207e59d80d" format_stamp: "Formatted at 2018-07-10 23:26:43 on dist-test-slave-dist-test-slave-4h7p"
I0710 23:26:43.587482 21953 fs_manager.cc:601] Generated new instance metadata in path /tmp/dist-test-taskXw_ur6/test-tmp/tablet_copy_client_session-itest.0.TabletCopyClientSessionITest.TestStopCopyOnClientDiskFailure.1531265186290008-18604/minicluster-data/master-0/wal/instance: uuid: "c1d0bed5fc8648d595d0d2207e59d80d" format_stamp: "Formatted at 2018-07-10 23:26:43 on dist-test-slave-dist-test-slave-4h7p"
I0710 23:26:43.593405 21953 fs_manager.cc:501] Time spent creating directory manager: real 0.006s user 0.003s sys 0.001s
I0710 23:26:43.594238 21953 env_posix.cc:1674] Not raising this process' open files per process limit of 1048576; it is already as high as it can go
I0710 23:26:43.594516 21953 file_cache.cc:470] Constructed file cache lbm with capacity 419430
I0710 23:26:43.597705 21953 fs_manager.cc:417] Time spent opening block manager: real 0.002s user 0.001s sys 0.000s
I0710 23:26:43.597826 21953 fs_manager.cc:434] Opened local filesystem: /tmp/dist-test-taskXw_ur6/test-tmp/tablet_copy_client_session-itest.0.TabletCopyClientSessionITest.TestStopCopyOnClientDiskFailure.1531265186290008-18604/minicluster-data/master-0/data-0,/tmp/dist-test-taskXw_ur6/test-tmp/tablet_copy_client_session-itest.0.TabletCopyClientSessionITest.TestStopCopyOnClientDiskFailure.1531265186290008-18604/minicluster-data/master-0/data-1,/tmp/dist-test-taskXw_ur6/test-tmp/tablet_copy_client_session-itest.0.TabletCopyClientSessionITest.TestStopCopyOnClientDiskFailure.1531265186290008-18604/minicluster-data/master-0/wal uuid: "c1d0bed5fc8648d595d0d2207e59d80d" format_stamp: "Formatted at 2018-07-10 23:26:43 on dist-test-slave-dist-test-slave-4h7p"
