I0703 01:39:54.330116 6083 external_mini_cluster.cc:794] Running /data/somelongdirectorytoavoidrpathissues/src/kudu/build/asan/bin/kudu-tserver /data/somelongdirectorytoavoidrpathissues/src/kudu/build/asan/bin/kudu-tserver --fs_wal_dir=/data/somelongdirectorytoavoidrpathissues/src/kudutest/kudu-admin-test.0.AdminCliTest.TestUnsafeChangeConfigLeaderWithPendingConfig.1530607157582131-6083/raft_consensus-itest-cluster/ts-3/wal --fs_data_dirs=/data/somelongdirectorytoavoidrpathissues/src/kudutest/kudu-admin-test.0.AdminCliTest.TestUnsafeChangeConfigLeaderWithPendingConfig.1530607157582131-6083/raft_consensus-itest-cluster/ts-3/data --block_manager=log --rpc_bind_addresses=127.5.240.196:0 --local_ip_for_outbound_sockets=127.5.240.196 --webserver_interface=127.5.240.196 --webserver_port=0 --tserver_master_addrs=127.5.240.254:51485 --never_fsync --ipki_server_key_size=1024 --enable_minidumps=false --redact=none --metrics_log_interval_ms=1000 --logtostderr --logbuflevel=-1 --log_dir=/data/somelongdirectorytoavoidrpathissues/src/kudutest/kudu-admin-test.0.AdminCliTest.TestUnsafeChangeConfigLeaderWithPendingConfig.1530607157582131-6083/raft_consensus-itest-cluster/ts-3/logs --server_dump_info_path=/data/somelongdirectorytoavoidrpathissues/src/kudutest/kudu-admin-test.0.AdminCliTest.TestUnsafeChangeConfigLeaderWithPendingConfig.1530607157582131-6083/raft_consensus-itest-cluster/ts-3/data/info.pb --server_dump_info_format=pb --rpc_server_allow_ephemeral_ports --unlock_experimental_flags --unlock_unsafe_flags --log_cache_size_limit_mb=10 --consensus_rpc_timeout_ms=30000 with env {}
I0703 01:39:54.340135 11121 heartbeater.cc:346] Connected to a master server at 127.5.240.254:51485
I0703 01:39:54.340315 11121 heartbeater.cc:426] Registering TS with master...
I0703 01:39:54.341253 11121 heartbeater.cc:475] Master 127.5.240.254:51485 requested a full tablet report, sending...
I0703 01:39:54.342340 10713 ts_manager.cc:98] Registered new tserver with Master: bb2c63b1e9fa4dc3aa89afac6501f1ff (127.5.240.195:34920)
I0703 01:39:54.343212 10713 master_service.cc:249] Signed X509 certificate for tserver {username='jenkins'} at 127.5.240.195:48242 WARNING: Logging before InitGoogleLogging() is written to STDERR
W0703 01:39:54.488256 11124 flags.cc:406] Enabled unsafe flag: --rpc_server_allow_ephemeral_ports=true
W0703 01:39:54.488459 11124 flags.cc:406] Enabled unsafe flag: --never_fsync=true
W0703 01:39:54.490443 11124 flags.cc:406] Enabled experimental flag: --ipki_server_key_size=1024
W0703 01:39:54.490535 11124 flags.cc:406] Enabled experimental flag: --local_ip_for_outbound_sockets=127.5.240.196
I0703 01:39:54.497612 11124 tablet_server_main.cc:78] Tablet server non-default flags: --log_cache_size_limit_mb=10 --fs_data_dirs=/data/somelongdirectorytoavoidrpathissues/src/kudutest/kudu-admin-test.0.AdminCliTest.TestUnsafeChangeConfigLeaderWithPendingConfig.1530607157582131-6083/raft_consensus-itest-cluster/ts-3/data --fs_wal_dir=/data/somelongdirectorytoavoidrpathissues/src/kudutest/kudu-admin-test.0.AdminCliTest.TestUnsafeChangeConfigLeaderWithPendingConfig.1530607157582131-6083/raft_consensus-itest-cluster/ts-3/wal --ipki_server_key_size=1024 --rpc_bind_addresses=127.5.240.196:0 --rpc_server_allow_ephemeral_ports=true --metrics_log_interval_ms=1000 --server_dump_info_format=pb --server_dump_info_path=/data/somelongdirectorytoavoidrpathissues/src/kudutest/kudu-admin-test.0.AdminCliTest.TestUnsafeChangeConfigLeaderWithPendingConfig.1530607157582131-6083/raft_consensus-itest-cluster/ts-3/data/info.pb --webserver_interface=127.5.240.196 --webserver_port=0 --tserver_master_addrs=127.5.240.254:51485 --never_fsync=true --redact=none --unlock_experimental_flags=true --unlock_unsafe_flags=true --enable_minidumps=false --local_ip_for_outbound_sockets=127.5.240.196 --log_dir=/data/somelongdirectorytoavoidrpathissues/src/kudutest/kudu-admin-test.0.AdminCliTest.TestUnsafeChangeConfigLeaderWithPendingConfig.1530607157582131-6083/raft_consensus-itest-cluster/ts-3/logs --logbuflevel=-1 --logtostderr=true Tablet server version: kudu 1.8.0-SNAPSHOT revision 1ae050e4d57bc333de28bcbc62e072e8bafd04b3 build type FASTDEBUG built by jenkins at 03 Jul 2018 00:28:42 PST on quasar-kdakzq-1.vpc.cloudera.com build id 91347 ASAN enabled
I0703 01:39:54.504067 11124 tablet_server_main.cc:85] Initializing tablet server...
I0703 01:39:54.505159 11124 system_ntp.cc:199] NTP initialized. Skew: 500ppm Current error: 150708us
I0703 01:39:54.506103 11124 fs_manager.cc:261] Metadata directory not provided
I0703 01:39:54.506156 11124 fs_manager.cc:267] Using write-ahead log directory (fs_wal_dir) as metadata directory
I0703 01:39:54.506362 11124 server_base.cc:432] Could not load existing FS layout: Not found: could not find a healthy instance file
I0703 01:39:54.506418 11124 server_base.cc:433] Attempting to create new FS layout instead
I0703 01:39:54.510397 11124 fs_manager.cc:601] Generated new instance metadata in path /data/somelongdirectorytoavoidrpathissues/src/kudutest/kudu-admin-test.0.AdminCliTest.TestUnsafeChangeConfigLeaderWithPendingConfig.1530607157582131-6083/raft_consensus-itest-cluster/ts-3/data/instance: uuid: "6b95eacb907e4467b3633c2cc9ad055b" format_stamp: "Formatted at 2018-07-03 08:39:54 on quasar-kdakzq-1.vpc.cloudera.com"
I0703 01:39:54.510903 11124 fs_manager.cc:601] Generated new instance metadata in path /data/somelongdirectorytoavoidrpathissues/src/kudutest/kudu-admin-test.0.AdminCliTest.TestUnsafeChangeConfigLeaderWithPendingConfig.1530607157582131-6083/raft_consensus-itest-cluster/ts-3/wal/instance: uuid: "6b95eacb907e4467b3633c2cc9ad055b" format_stamp: "Formatted at 2018-07-03 08:39:54 on quasar-kdakzq-1.vpc.cloudera.com"
I0703 01:39:54.518051 11124 fs_manager.cc:501] Time spent creating directory manager: real 0.007s user 0.001s sys 0.005s
I0703 01:39:54.519204 11124 env_posix.cc:1674] Not raising this process' open files per process limit of 32768; it is already as high as it can go
I0703 01:39:54.519585 11124 file_cache.cc:470] Constructed file cache lbm with capacity 13107
I0703 01:39:54.523150 11124 fs_manager.cc:417] Time spent opening block manager: real 0.002s user 0.000s sys 0.001s
I0703 01:39:54.523201 11124 fs_manager.cc:434] Opened local filesystem: /data/somelongdirectorytoavoidrpathissues/src/kudutest/kudu-admin-test.0.AdminCliTest.TestUnsafeChangeConfigLeaderWithPendingConfig.1530607157582131-6083/raft_consensus-itest-cluster/ts-3/data,/data/somelongdirectorytoavoidrpathissues/src/kudutest/kudu-admin-test.0.AdminCliTest.TestUnsafeChangeConfigLeaderWithPendingConfig.1530607157582131-6083/raft_consensus-itest-cluster/ts-3/wal uuid: "6b95eacb907e4467b3633c2cc9ad055b" format_stamp: "Formatted at 2018-07-03 08:39:54 on quasar-kdakzq-1.vpc.cloudera.com"
I0703 01:39:54.523310 11124 fs_report.cc:352] FS layout report -------------------- wal directory: /data/somelongdirectorytoavoidrpathissues/src/kudutest/kudu-admin-test.0.AdminCliTest.TestUnsafeChangeConfigLeaderWithPendingConfig.1530607157582131-6083/raft_consensus-itest-cluster/ts-3/wal metadata directory: /data/somelongdirectorytoavoidrpathissues/src/kudutest/kudu-admin-test.0.AdminCliTest.TestUnsafeChangeConfigLeaderWithPendingConfig.1530607157582131-6083/raft_consensus-itest-cluster/ts-3/wal 1 data directories: /data/somelongdirectorytoavoidrpathissues/src/kudutest/kudu-admin-test.0.AdminCliTest.TestUnsafeChangeConfigLeaderWithPendingConfig.1530607157582131-6083/raft_consensus-itest-cluster/ts-3/data/data Total live blocks: 0 Total live bytes: 0 Total live bytes (after alignment): 0 Total number of LBM containers: 0 (0 full) Did not check for missing blocks Did not check for orphaned blocks Total full LBM containers with extra space: 0 (0 repaired) Total full LBM container extra space in bytes: 0 (0 repaired) Total incomplete LBM containers: 0 (0 repaired) Total LBM partial records: 0 (0 repaired)
I0703 01:39:54.572227 11124 env_posix.cc:1669] Raising this process' running threads per effective uid limit from 32768 to 65536
I0703 01:39:54.574023 11124 ts_tablet_manager.cc:356] Loaded tablet metadata (0 live tablets)
I0703 01:39:54.574378 11124 tablet_server_main.cc:90] Starting tablet server...
I0703 01:39:54.659283 11124 rpc_server.cc:205] RPC server started. Bound to: 127.5.240.196:48168
I0703 01:39:54.659720 11124 webserver.cc:175] Starting webserver on 127.5.240.196:0
I0703 01:39:54.659752 11124 webserver.cc:186] Document root disabled
I0703 01:39:54.660384 11124 webserver.cc:313] Webserver started. Bound to: http://127.5.240.196:36331/
I0703 01:39:54.660921 11124 server_base.cc:607] Dumped server information to /data/somelongdirectorytoavoidrpathissues/src/kudutest/kudu-admin-test.0.AdminCliTest.TestUnsafeChangeConfigLeaderWithPendingConfig.1530607157582131-6083/raft_consensus-itest-cluster/ts-3/data/info.pb
I0703 01:39:54.661197 6083 external_mini_cluster.cc:856] Started /data/somelongdirectorytoavoidrpathissues/src/kudu/build/asan/bin/kudu-tserver as pid 11124
I0703 01:39:54.661857 6083 external_mini_cluster.cc:794] Running /data/somelongdirectorytoavoidrpathissues/src/kudu/build/asan/bin/kudu-tserver /data/somelongdirectorytoavoidrpathissues/src/kudu/build/asan/bin/kudu-tserver --fs_wal_dir=/data/somelongdirectorytoavoidrpathissues/src/kudutest/kudu-admin-test.0.AdminCliTest.TestUnsafeChangeConfigLeaderWithPendingConfig.1530607157582131-6083/raft_consensus-itest-cluster/ts-4/wal --fs_data_dirs=/data/somelongdirectorytoavoidrpathissues/src/kudutest/kudu-admin-test.0.AdminCliTest.TestUnsafeChangeConfigLeaderWithPendingConfig.1530607157582131-6083/raft_consensus-itest-cluster/ts-4/data --block_manager=log --rpc_bind_addresses=127.5.240.197:0 --local_ip_for_outbound_sockets=127.5.240.197 --webserver_interface=127.5.240.197 --webserver_port=0 --tserver_master_addrs=127.5.240.254:51485 --never_fsync --ipki_server_key_size=1024 --enable_minidumps=false --redact=none --metrics_log_interval_ms=1000 --logtostderr --logbuflevel=-1 --log_dir=/data/somelongdirectorytoavoidrpathissues/src/kudutest/kudu-admin-test.0.AdminCliTest.TestUnsafeChangeConfigLeaderWithPendingConfig.1530607157582131-6083/raft_consensus-itest-cluster/ts-4/logs --server_dump_info_path=/data/somelongdirectorytoavoidrpathissues/src/kudutest/kudu-admin-test.0.AdminCliTest.TestUnsafeChangeConfigLeaderWithPendingConfig.1530607157582131-6083/raft_consensus-itest-cluster/ts-4/data/info.pb --server_dump_info_format=pb --rpc_server_allow_ephemeral_ports --unlock_experimental_flags --unlock_unsafe_flags --log_cache_size_limit_mb=10 --consensus_rpc_timeout_ms=30000 with env {}
I0703 01:39:54.663842 11124 tablet_server_main.cc:93] Tablet server successfully started.
I0703 01:39:54.676333 11243 heartbeater.cc:346] Connected to a master server at 127.5.240.254:51485
I0703 01:39:54.676473 11243 heartbeater.cc:426] Registering TS with master...
I0703 01:39:54.677258 11243 heartbeater.cc:475] Master 127.5.240.254:51485 requested a full tablet report, sending...
I0703 01:39:54.678220 10713 ts_manager.cc:98] Registered new tserver with Master: 6b95eacb907e4467b3633c2cc9ad055b (127.5.240.196:48168)
I0703 01:39:54.679059 10713 master_service.cc:249] Signed X509 certificate for tserver {username='jenkins'} at 127.5.240.196:36458
I0703 01:39:54.702131 10876 heartbeater.cc:467] Master 127.5.240.254:51485 was elected leader, sending a full tablet report... WARNING: Logging before InitGoogleLogging() is written to STDERR
W0703 01:39:54.821162 11246 flags.cc:406] Enabled unsafe flag: --rpc_server_allow_ephemeral_ports=true
W0703 01:39:54.821377 11246 flags.cc:406] Enabled unsafe flag: --never_fsync=true
W0703 01:39:54.823396 11246 flags.cc:406] Enabled experimental flag: --ipki_server_key_size=1024
W0703 01:39:54.823487 11246 flags.cc:406] Enabled experimental flag: --local_ip_for_outbound_sockets=127.5.240.197
I0703 01:39:54.829645 11246 tablet_server_main.cc:78] Tablet server non-default flags: --log_cache_size_limit_mb=10 --fs_data_dirs=/data/somelongdirectorytoavoidrpathissues/src/kudutest/kudu-admin-test.0.AdminCliTest.TestUnsafeChangeConfigLeaderWithPendingConfig.1530607157582131-6083/raft_consensus-itest-cluster/ts-4/data --fs_wal_dir=/data/somelongdirectorytoavoidrpathissues/src/kudutest/kudu-admin-test.0.AdminCliTest.TestUnsafeChangeConfigLeaderWithPendingConfig.1530607157582131-6083/raft_consensus-itest-cluster/ts-4/wal --ipki_server_key_size=1024 --rpc_bind_addresses=127.5.240.197:0 --rpc_server_allow_ephemeral_ports=true --metrics_log_interval_ms=1000 --server_dump_info_format=pb --server_dump_info_path=/data/somelongdirectorytoavoidrpathissues/src/kudutest/kudu-admin-test.0.AdminCliTest.TestUnsafeChangeConfigLeaderWithPendingConfig.1530607157582131-6083/raft_consensus-itest-cluster/ts-4/data/info.pb --webserver_interface=127.5.240.197 --webserver_port=0 --tserver_master_addrs=127.5.240.254:51485 --never_fsync=true --redact=none --unlock_experimental_flags=true --unlock_unsafe_flags=true --enable_minidumps=false --local_ip_for_outbound_sockets=127.5.240.197 --log_dir=/data/somelongdirectorytoavoidrpathissues/src/kudutest/kudu-admin-test.0.AdminCliTest.TestUnsafeChangeConfigLeaderWithPendingConfig.1530607157582131-6083/raft_consensus-itest-cluster/ts-4/logs --logbuflevel=-1 --logtostderr=true Tablet server version: kudu 1.8.0-SNAPSHOT revision 1ae050e4d57bc333de28bcbc62e072e8bafd04b3 build type FASTDEBUG built by jenkins at 03 Jul 2018 00:28:42 PST on quasar-kdakzq-1.vpc.cloudera.com build id 91347 ASAN enabled
I0703 01:39:54.836248 11246 tablet_server_main.cc:85] Initializing tablet server...
I0703 01:39:54.837373 11246 system_ntp.cc:199] NTP initialized. Skew: 500ppm Current error: 150708us
I0703 01:39:54.838318 11246 fs_manager.cc:261] Metadata directory not provided
I0703 01:39:54.838371 11246 fs_manager.cc:267] Using write-ahead log directory (fs_wal_dir) as metadata directory
I0703 01:39:54.838620 11246 server_base.cc:432] Could not load existing FS layout: Not found: could not find a healthy instance file
I0703 01:39:54.838677 11246 server_base.cc:433] Attempting to create new FS layout instead
I0703 01:39:54.842803 11246 fs_manager.cc:601] Generated new instance metadata in path /data/somelongdirectorytoavoidrpathissues/src/kudutest/kudu-admin-test.0.AdminCliTest.TestUnsafeChangeConfigLeaderWithPendingConfig.1530607157582131-6083/raft_consensus-itest-cluster/ts-4/data/instance: uuid: "e4d277c8cd7248b59ecbaa2db3b09d5c" format_stamp: "Formatted at 2018-07-03 08:39:54 on quasar-kdakzq-1.vpc.cloudera.com"
I0703 01:39:54.843293 11246 fs_manager.cc:601] Generated new instance metadata in path /data/somelongdirectorytoavoidrpathissues/src/kudutest/kudu-admin-test.0.AdminCliTest.TestUnsafeChangeConfigLeaderWithPendingConfig.1530607157582131-6083/raft_consensus-itest-cluster/ts-4/wal/instance: uuid: "e4d277c8cd7248b59ecbaa2db3b09d5c" format_stamp: "Formatted at 2018-07-03 08:39:54 on quasar-kdakzq-1.vpc.cloudera.com"
I0703 01:39:54.851092 11246 fs_manager.cc:501] Time spent creating directory manager: real 0.008s user 0.004s sys 0.002s
I0703 01:39:54.852294 11246 env_posix.cc:1674] Not raising this process' open files per process limit of 32768; it is already as high as it can go
I0703 01:39:54.852704 11246 file_cache.cc:470] Constructed file cache lbm with capacity 13107
I0703 01:39:54.855787 11246 fs_manager.cc:417] Time spent opening block manager: real 0.002s user 0.001s sys 0.000s
I0703 01:39:54.855845 11246 fs_manager.cc:434] Opened local filesystem: /data/somelongdirectorytoavoidrpathissues/src/kudutest/kudu-admin-test.0.AdminCliTest.TestUnsafeChangeConfigLeaderWithPendingConfig.1530607157582131-6083/raft_consensus-itest-cluster/ts-4/data,/data/somelongdirectorytoavoidrpathissues/src/kudutest/kudu-admin-test.0.AdminCliTest.TestUnsafeChangeConfigLeaderWithPendingConfig.1530607157582131-6083/raft_consensus-itest-cluster/ts-4/wal uuid: "e4d277c8cd7248b59ecbaa2db3b09d5c" format_stamp: "Formatted at 2018-07-03 08:39:54 on quasar-kdakzq-1.vpc.cloudera.com"
I0703 01:39:54.855959 11246 fs_report.cc:352] FS layout report -------------------- wal directory: /data/somelongdirectorytoavoidrpathissues/src/kudutest/kudu-admin-test.0.AdminCliTest.TestUnsafeChangeConfigLeaderWithPendingConfig.1530607157582131-6083/raft_consensus-itest-cluster/ts-4/wal metadata directory: /data/somelongdirectorytoavoidrpathissues/src/kudutest/kudu-admin-test.0.AdminCliTest.TestUnsafeChangeConfigLeaderWithPendingConfig.1530607157582131-6083/raft_consensus-itest-cluster/ts-4/wal 1 data directories: /data/somelongdirectorytoavoidrpathissues/src/kudutest/kudu-admin-test.0.AdminCliTest.TestUnsafeChangeConfigLeaderWithPendingConfig.1530607157582131-6083/raft_consensus-itest-cluster/ts-4/data/data Total live blocks: 0 Total live bytes: 0 Total live bytes (after alignment): 0 Total number of LBM containers: 0 (0 full) Did not check for missing blocks Did not check for orphaned blocks Total full LBM containers with extra space: 0 (0 repaired) Total full LBM container extra space in bytes: 0 (0 repaired) Total incomplete LBM containers: 0 (0 repaired) Total LBM partial records: 0 (0 repaired)
I0703 01:39:54.894477 11246 env_posix.cc:1669] Raising this process' running threads per effective uid limit from 32768 to 65536
I0703 01:39:54.896386 11246 ts_tablet_manager.cc:356] Loaded tablet metadata (0 live tablets)
I0703 01:39:54.896737 11246 tablet_server_main.cc:90] Starting tablet server...
I0703 01:39:54.985690 11246 rpc_server.cc:205] RPC server started. Bound to: 127.5.240.197:37924
I0703 01:39:54.986120 11246 webserver.cc:175] Starting webserver on 127.5.240.197:0
I0703 01:39:54.986156 11246 webserver.cc:186] Document root disabled
I0703 01:39:54.987334 11246 webserver.cc:313] Webserver started. Bound to: http://127.5.240.197:34695/
I0703 01:39:54.987869 11246 server_base.cc:607] Dumped server information to /data/somelongdirectorytoavoidrpathissues/src/kudutest/kudu-admin-test.0.AdminCliTest.TestUnsafeChangeConfigLeaderWithPendingConfig.1530607157582131-6083/raft_consensus-itest-cluster/ts-4/data/info.pb
I0703 01:39:54.989794 11246 tablet_server_main.cc:93] Tablet server successfully started.
I0703 01:39:54.994485 6083 external_mini_cluster.cc:856] Started /data/somelongdirectorytoavoidrpathissues/src/kudu/build/asan/bin/kudu-tserver as pid 11246
I0703 01:39:55.002068 11365 heartbeater.cc:346] Connected to a master server at 127.5.240.254:51485
I0703 01:39:55.002230 11365 heartbeater.cc:426] Registering TS with master...
I0703 01:39:55.003082 11365 heartbeater.cc:475] Master 127.5.240.254:51485 requested a full tablet report, sending...
I0703 01:39:55.004103 10713 ts_manager.cc:98] Registered new tserver with Master: e4d277c8cd7248b59ecbaa2db3b09d5c (127.5.240.197:37924)
I0703 01:39:55.004736 6083 external_mini_cluster.cc:490] 5 TS(s) registered with all masters
I0703 01:39:55.005054 10713 master_service.cc:249] Signed X509 certificate for tserver {username='jenkins'} at 127.5.240.197:37129
I0703 01:39:55.011509 10999 heartbeater.cc:467] Master 127.5.240.254:51485 was elected leader, sending a full tablet report...
I0703 01:39:55.015532 10712 catalog_manager.cc:1339] Servicing CreateTable request from {username='jenkins'} at 127.5.240.254:49685: name: "TestTable" schema { columns { name: "key" type: INT32 is_key: true is_nullable: false encoding: AUTO_ENCODING compression: DEFAULT_COMPRESSION cfile_block_size: 0 } columns { name: "int_val" type: INT32 is_key: false is_nullable: false encoding: AUTO_ENCODING compression: DEFAULT_COMPRESSION cfile_block_size: 0 } columns { name: "string_val" type: STRING is_key: false is_nullable: true encoding: AUTO_ENCODING compression: DEFAULT_COMPRESSION cfile_block_size: 0 } } num_replicas: 3 split_rows_range_bounds { } partition_schema { range_schema { columns { name: "key" } } }
I0703 01:39:55.050047 10936 tablet_service.cc:759] Processing CreateTablet for tablet 88835abd0ea34ff7acd90bb2c84931f5 (table=TestTable [id=20caf1ed0e1d4dd69440a2ed2a5bac36]), partition=RANGE (key) PARTITION UNBOUNDED
I0703 01:39:55.050747 10936 data_dirs.cc:934] Could only allocate 1 dirs of requested 3 for tablet 88835abd0ea34ff7acd90bb2c84931f5. 1 dirs total, 0 dirs full, 0 dirs failed
I0703 01:39:55.050597 11302 tablet_service.cc:759] Processing CreateTablet for tablet 88835abd0ea34ff7acd90bb2c84931f5 (table=TestTable [id=20caf1ed0e1d4dd69440a2ed2a5bac36]), partition=RANGE (key) PARTITION UNBOUNDED
I0703 01:39:55.051288 11302 data_dirs.cc:934] Could only allocate 1 dirs of requested 3 for tablet 88835abd0ea34ff7acd90bb2c84931f5. 1 dirs total, 0 dirs full, 0 dirs failed
I0703 01:39:55.053607 11180 tablet_service.cc:759] Processing CreateTablet for tablet 88835abd0ea34ff7acd90bb2c84931f5 (table=TestTable [id=20caf1ed0e1d4dd69440a2ed2a5bac36]), partition=RANGE (key) PARTITION UNBOUNDED
I0703 01:39:55.054468 11180 data_dirs.cc:934] Could only allocate 1 dirs of requested 3 for tablet 88835abd0ea34ff7acd90bb2c84931f5. 1 dirs total, 0 dirs full, 0 dirs failed
I0703 01:39:55.061271 11302 ts_tablet_manager.cc:1173] T 88835abd0ea34ff7acd90bb2c84931f5 P e4d277c8cd7248b59ecbaa2db3b09d5c: Registered tablet (data state: TABLET_DATA_READY)
I0703 01:39:55.062696 11385 ts_tablet_manager.cc:1028] T 88835abd0ea34ff7acd90bb2c84931f5 P e4d277c8cd7248b59ecbaa2db3b09d5c: Bootstrapping tablet
I0703 01:39:55.063074 11385 tablet_bootstrap.cc:427] T 88835abd0ea34ff7acd90bb2c84931f5 P e4d277c8cd7248b59ecbaa2db3b09d5c: Bootstrap starting.
I0703 01:39:55.064741 10936 ts_tablet_manager.cc:1173] T 88835abd0ea34ff7acd90bb2c84931f5 P 20e529e97c57431bb03e326238d1bf8a: Registered tablet (data state: TABLET_DATA_READY)
I0703 01:39:55.066148 11385 tablet_bootstrap.cc:578] T 88835abd0ea34ff7acd90bb2c84931f5 P e4d277c8cd7248b59ecbaa2db3b09d5c: No blocks or log segments found. Creating new log.
I0703 01:39:55.066905 11385 log.cc:525] T 88835abd0ea34ff7acd90bb2c84931f5 P e4d277c8cd7248b59ecbaa2db3b09d5c: Log is configured to *not* fsync() on all Append() calls
I0703 01:39:55.068027 11180 ts_tablet_manager.cc:1173] T 88835abd0ea34ff7acd90bb2c84931f5 P 6b95eacb907e4467b3633c2cc9ad055b: Registered tablet (data state: TABLET_DATA_READY)
I0703 01:39:55.068511 11385 tablet_bootstrap.cc:427] T 88835abd0ea34ff7acd90bb2c84931f5 P e4d277c8cd7248b59ecbaa2db3b09d5c: No bootstrap required, opened a new log
I0703 01:39:55.068754 11385 ts_tablet_manager.cc:1045] T 88835abd0ea34ff7acd90bb2c84931f5 P e4d277c8cd7248b59ecbaa2db3b09d5c: Time spent bootstrapping tablet: real 0.006s user 0.004s sys 0.001s
I0703 01:39:55.068922 11388 ts_tablet_manager.cc:1028] T 88835abd0ea34ff7acd90bb2c84931f5 P 6b95eacb907e4467b3633c2cc9ad055b: Bootstrapping tablet
I0703 01:39:55.069501 11388 tablet_bootstrap.cc:427] T 88835abd0ea34ff7acd90bb2c84931f5 P 6b95eacb907e4467b3633c2cc9ad055b: Bootstrap starting.
I0703 01:39:55.069777 11386 ts_tablet_manager.cc:1028] T 88835abd0ea34ff7acd90bb2c84931f5 P 20e529e97c57431bb03e326238d1bf8a: Bootstrapping tablet
I0703 01:39:55.070123 11386 tablet_bootstrap.cc:427] T 88835abd0ea34ff7acd90bb2c84931f5 P 20e529e97c57431bb03e326238d1bf8a: Bootstrap starting.
I0703 01:39:55.072106 11386 tablet_bootstrap.cc:578] T 88835abd0ea34ff7acd90bb2c84931f5 P 20e529e97c57431bb03e326238d1bf8a: No blocks or log segments found. Creating new log.
I0703 01:39:55.072824 11386 log.cc:525] T 88835abd0ea34ff7acd90bb2c84931f5 P 20e529e97c57431bb03e326238d1bf8a: Log is configured to *not* fsync() on all Append() calls
I0703 01:39:55.072912 11388 tablet_bootstrap.cc:578] T 88835abd0ea34ff7acd90bb2c84931f5 P 6b95eacb907e4467b3633c2cc9ad055b: No blocks or log segments found. Creating new log.
I0703 01:39:55.074167 11388 log.cc:525] T 88835abd0ea34ff7acd90bb2c84931f5 P 6b95eacb907e4467b3633c2cc9ad055b: Log is configured to *not* fsync() on all Append() calls
I0703 01:39:55.075171 11386 tablet_bootstrap.cc:427] T 88835abd0ea34ff7acd90bb2c84931f5 P 20e529e97c57431bb03e326238d1bf8a: No bootstrap required, opened a new log
I0703 01:39:55.075338 11386 ts_tablet_manager.cc:1045] T 88835abd0ea34ff7acd90bb2c84931f5 P 20e529e97c57431bb03e326238d1bf8a: Time spent bootstrapping tablet: real 0.005s user 0.002s sys 0.002s
I0703 01:39:55.078435 11388 tablet_bootstrap.cc:427] T 88835abd0ea34ff7acd90bb2c84931f5 P 6b95eacb907e4467b3633c2cc9ad055b: No bootstrap required, opened a new log
I0703 01:39:55.078196 11385 raft_consensus.cc:325] T 88835abd0ea34ff7acd90bb2c84931f5 P e4d277c8cd7248b59ecbaa2db3b09d5c [term 0 FOLLOWER]: Replica starting. Triggering 0 pending transactions. Active config: opid_index: -1 OBSOLETE_local: false peers { permanent_uuid: "20e529e97c57431bb03e326238d1bf8a" member_type: VOTER last_known_addr { host: "127.5.240.194" port: 58915 } } peers { permanent_uuid: "6b95eacb907e4467b3633c2cc9ad055b" member_type: VOTER last_known_addr { host: "127.5.240.196" port: 48168 } } peers { permanent_uuid: "e4d277c8cd7248b59ecbaa2db3b09d5c" member_type: VOTER last_known_addr { host: "127.5.240.197" port: 37924 } }
I0703 01:39:55.078636 11385 raft_consensus.cc:351] T 88835abd0ea34ff7acd90bb2c84931f5 P e4d277c8cd7248b59ecbaa2db3b09d5c [term 0 FOLLOWER]: Consensus starting up: Expiring failure detector timer to make a prompt election more likely
I0703 01:39:55.078657 11388 ts_tablet_manager.cc:1045] T 88835abd0ea34ff7acd90bb2c84931f5 P 6b95eacb907e4467b3633c2cc9ad055b: Time spent bootstrapping tablet: real 0.009s user 0.003s sys 0.005s
I0703 01:39:55.078820 11385 raft_consensus.cc:628] T 88835abd0ea34ff7acd90bb2c84931f5 P e4d277c8cd7248b59ecbaa2db3b09d5c [term 0 FOLLOWER]: Becoming Follower/Learner. State: Replica: e4d277c8cd7248b59ecbaa2db3b09d5c, State: Initialized, Role: FOLLOWER
I0703 01:39:55.079428 11385 consensus_queue.cc:227] T 88835abd0ea34ff7acd90bb2c84931f5 P e4d277c8cd7248b59ecbaa2db3b09d5c [NON_LEADER]: Queue going to NON_LEADER mode. State: All replicated index: 0, Majority replicated index: 0, Committed index: 0, Last appended: 0.0, Last appended by leader: 0, Current term: 0, Majority size: -1, State: 0, Mode: NON_LEADER, active raft config: opid_index: -1 OBSOLETE_local: false peers { permanent_uuid: "20e529e97c57431bb03e326238d1bf8a" member_type: VOTER last_known_addr { host: "127.5.240.194" port: 58915 } } peers { permanent_uuid: "6b95eacb907e4467b3633c2cc9ad055b" member_type: VOTER last_known_addr { host: "127.5.240.196" port: 48168 } } peers { permanent_uuid: "e4d277c8cd7248b59ecbaa2db3b09d5c" member_type: VOTER last_known_addr { host: "127.5.240.197" port: 37924 } }
I0703 01:39:55.080998 11365 heartbeater.cc:467] Master 127.5.240.254:51485 was elected leader, sending a full tablet report...
I0703 01:39:55.082300 11386 raft_consensus.cc:325] T 88835abd0ea34ff7acd90bb2c84931f5 P 20e529e97c57431bb03e326238d1bf8a [term 0 FOLLOWER]: Replica starting. Triggering 0 pending transactions. Active config: opid_index: -1 OBSOLETE_local: false peers { permanent_uuid: "20e529e97c57431bb03e326238d1bf8a" member_type: VOTER last_known_addr { host: "127.5.240.194" port: 58915 } } peers { permanent_uuid: "6b95eacb907e4467b3633c2cc9ad055b" member_type: VOTER last_known_addr { host: "127.5.240.196" port: 48168 } } peers { permanent_uuid: "e4d277c8cd7248b59ecbaa2db3b09d5c" member_type: VOTER last_known_addr { host: "127.5.240.197" port: 37924 } }
I0703 01:39:55.082577 11386 raft_consensus.cc:351] T 88835abd0ea34ff7acd90bb2c84931f5 P 20e529e97c57431bb03e326238d1bf8a [term 0 FOLLOWER]: Consensus starting up: Expiring failure detector timer to make a prompt election more likely
I0703 01:39:55.082657 11386 raft_consensus.cc:628] T 88835abd0ea34ff7acd90bb2c84931f5 P 20e529e97c57431bb03e326238d1bf8a [term 0 FOLLOWER]: Becoming Follower/Learner. State: Replica: 20e529e97c57431bb03e326238d1bf8a, State: Initialized, Role: FOLLOWER
I0703 01:39:55.083009 11386 consensus_queue.cc:227] T 88835abd0ea34ff7acd90bb2c84931f5 P 20e529e97c57431bb03e326238d1bf8a [NON_LEADER]: Queue going to NON_LEADER mode. State: All replicated index: 0, Majority replicated index: 0, Committed index: 0, Last appended: 0.0, Last appended by leader: 0, Current term: 0, Majority size: -1, State: 0, Mode: NON_LEADER, active raft config: opid_index: -1 OBSOLETE_local: false peers { permanent_uuid: "20e529e97c57431bb03e326238d1bf8a" member_type: VOTER last_known_addr { host: "127.5.240.194" port: 58915 } } peers { permanent_uuid: "6b95eacb907e4467b3633c2cc9ad055b" member_type: VOTER last_known_addr { host: "127.5.240.196" port: 48168 } } peers { permanent_uuid: "e4d277c8cd7248b59ecbaa2db3b09d5c" member_type: VOTER last_known_addr { host: "127.5.240.197" port: 37924 } }
I0703 01:39:55.084200 11386 ts_tablet_manager.cc:1073] T 88835abd0ea34ff7acd90bb2c84931f5 P 20e529e97c57431bb03e326238d1bf8a: Time spent starting tablet: real 0.009s user 0.007s sys 0.002s
I0703 01:39:55.085688 11385 ts_tablet_manager.cc:1073] T 88835abd0ea34ff7acd90bb2c84931f5 P e4d277c8cd7248b59ecbaa2db3b09d5c: Time spent starting tablet: real 0.017s user 0.009s sys 0.002s
I0703 01:39:55.087916 11388 raft_consensus.cc:325] T 88835abd0ea34ff7acd90bb2c84931f5 P 6b95eacb907e4467b3633c2cc9ad055b [term 0 FOLLOWER]: Replica starting. Triggering 0 pending transactions. Active config: opid_index: -1 OBSOLETE_local: false peers { permanent_uuid: "20e529e97c57431bb03e326238d1bf8a" member_type: VOTER last_known_addr { host: "127.5.240.194" port: 58915 } } peers { permanent_uuid: "6b95eacb907e4467b3633c2cc9ad055b" member_type: VOTER last_known_addr { host: "127.5.240.196" port: 48168 } } peers { permanent_uuid: "e4d277c8cd7248b59ecbaa2db3b09d5c" member_type: VOTER last_known_addr { host: "127.5.240.197" port: 37924 } }
I0703 01:39:55.088176 11388 raft_consensus.cc:351] T 88835abd0ea34ff7acd90bb2c84931f5 P 6b95eacb907e4467b3633c2cc9ad055b [term 0 FOLLOWER]: Consensus starting up: Expiring failure detector timer to make a prompt election more likely
I0703 01:39:55.088243 11388 raft_consensus.cc:628] T 88835abd0ea34ff7acd90bb2c84931f5 P 6b95eacb907e4467b3633c2cc9ad055b [term 0 FOLLOWER]: Becoming Follower/Learner. State: Replica: 6b95eacb907e4467b3633c2cc9ad055b, State: Initialized, Role: FOLLOWER
I0703 01:39:55.088559 11388 consensus_queue.cc:227] T 88835abd0ea34ff7acd90bb2c84931f5 P 6b95eacb907e4467b3633c2cc9ad055b [NON_LEADER]: Queue going to NON_LEADER mode. State: All replicated index: 0, Majority replicated index: 0, Committed index: 0, Last appended: 0.0, Last appended by leader: 0, Current term: 0, Majority size: -1, State: 0, Mode: NON_LEADER, active raft config: opid_index: -1 OBSOLETE_local: false peers { permanent_uuid: "20e529e97c57431bb03e326238d1bf8a" member_type: VOTER last_known_addr { host: "127.5.240.194" port: 58915 } } peers { permanent_uuid: "6b95eacb907e4467b3633c2cc9ad055b" member_type: VOTER last_known_addr { host: "127.5.240.196" port: 48168 } } peers { permanent_uuid: "e4d277c8cd7248b59ecbaa2db3b09d5c" member_type: VOTER last_known_addr { host: "127.5.240.197" port: 37924 } }
I0703 01:39:55.089720 11243 heartbeater.cc:467] Master 127.5.240.254:51485 was elected leader, sending a full tablet report...
I0703 01:39:55.090226 11388 ts_tablet_manager.cc:1073] T 88835abd0ea34ff7acd90bb2c84931f5 P 6b95eacb907e4467b3633c2cc9ad055b: Time spent starting tablet: real 0.011s user 0.008s sys 0.002s
I0703 01:39:55.128443 11392 raft_consensus.cc:457] T 88835abd0ea34ff7acd90bb2c84931f5 P 20e529e97c57431bb03e326238d1bf8a [term 0 FOLLOWER]: Starting pre-election (no leader contacted us within the election timeout)
I0703 01:39:55.128535 11392 raft_consensus.cc:2730] T 88835abd0ea34ff7acd90bb2c84931f5 P 20e529e97c57431bb03e326238d1bf8a: Snoozing failure detection for 1.932s (starting election)
I0703 01:39:55.128636 11392 raft_consensus.cc:479] T 88835abd0ea34ff7acd90bb2c84931f5 P 20e529e97c57431bb03e326238d1bf8a [term 0 FOLLOWER]: Starting pre-election with config: opid_index: -1 OBSOLETE_local: false peers { permanent_uuid: "20e529e97c57431bb03e326238d1bf8a" member_type: VOTER last_known_addr { host: "127.5.240.194" port: 58915 } } peers { permanent_uuid: "6b95eacb907e4467b3633c2cc9ad055b" member_type: VOTER last_known_addr { host: "127.5.240.196" port: 48168 } } peers { permanent_uuid: "e4d277c8cd7248b59ecbaa2db3b09d5c" member_type: VOTER last_known_addr { host: "127.5.240.197" port: 37924 } }
I0703 01:39:55.129287 11392 leader_election.cc:243] T 88835abd0ea34ff7acd90bb2c84931f5 P 20e529e97c57431bb03e326238d1bf8a [CANDIDATE]: Term 1 pre-election: Requesting pre-vote from peer 6b95eacb907e4467b3633c2cc9ad055b (127.5.240.196:48168)
I0703 01:39:55.129611 11392 leader_election.cc:243] T 88835abd0ea34ff7acd90bb2c84931f5 P 20e529e97c57431bb03e326238d1bf8a [CANDIDATE]: Term 1 pre-election: Requesting pre-vote from peer e4d277c8cd7248b59ecbaa2db3b09d5c (127.5.240.197:37924)
I0703 01:39:55.138635 11322 tablet_service.cc:995] Received RequestConsensusVote() RPC: tablet_id: "88835abd0ea34ff7acd90bb2c84931f5" candidate_uuid: "20e529e97c57431bb03e326238d1bf8a" candidate_term: 1 candidate_status { last_received { term: 0 index: 0 } } ignore_live_leader: false dest_uuid: "e4d277c8cd7248b59ecbaa2db3b09d5c" is_pre_election: true
I0703 01:39:55.138871 11322 raft_consensus.cc:2730] T 88835abd0ea34ff7acd90bb2c84931f5 P e4d277c8cd7248b59ecbaa2db3b09d5c: Snoozing failure detection for 1.616s (vote granted)
I0703 01:39:55.138798 11200 tablet_service.cc:995] Received RequestConsensusVote() RPC: tablet_id: "88835abd0ea34ff7acd90bb2c84931f5" candidate_uuid: "20e529e97c57431bb03e326238d1bf8a" candidate_term: 1 candidate_status { last_received { term: 0 index: 0 } } ignore_live_leader: false dest_uuid: "6b95eacb907e4467b3633c2cc9ad055b" is_pre_election: true
I0703 01:39:55.138959 11322 raft_consensus.cc:2243] T 88835abd0ea34ff7acd90bb2c84931f5 P e4d277c8cd7248b59ecbaa2db3b09d5c [term 0 FOLLOWER]: Leader pre-election vote request: Granting yes vote for candidate 20e529e97c57431bb03e326238d1bf8a in term 0.
I0703 01:39:55.139020 11200 raft_consensus.cc:2730] T 88835abd0ea34ff7acd90bb2c84931f5 P 6b95eacb907e4467b3633c2cc9ad055b: Snoozing failure detection for 1.587s (vote granted)
I0703 01:39:55.139107 11200 raft_consensus.cc:2243] T 88835abd0ea34ff7acd90bb2c84931f5 P 6b95eacb907e4467b3633c2cc9ad055b [term 0 FOLLOWER]: Leader pre-election vote request: Granting yes vote for candidate 20e529e97c57431bb03e326238d1bf8a in term 0.
I0703 01:39:55.139554 10888 leader_election.cc:379] T 88835abd0ea34ff7acd90bb2c84931f5 P 20e529e97c57431bb03e326238d1bf8a [CANDIDATE]: Term 1 pre-election: Vote granted by peer e4d277c8cd7248b59ecbaa2db3b09d5c (127.5.240.197:37924)
I0703 01:39:55.139664 10888 leader_election.cc:270] T 88835abd0ea34ff7acd90bb2c84931f5 P 20e529e97c57431bb03e326238d1bf8a [CANDIDATE]: Term 1 pre-election: Election decided. Result: candidate won.
I0703 01:39:55.139791 10890 leader_election.cc:379] T 88835abd0ea34ff7acd90bb2c84931f5 P 20e529e97c57431bb03e326238d1bf8a [CANDIDATE]: Term 1 pre-election: Vote granted by peer 6b95eacb907e4467b3633c2cc9ad055b (127.5.240.196:48168)
I0703 01:39:55.139978 11392 raft_consensus.cc:2730] T 88835abd0ea34ff7acd90bb2c84931f5 P 20e529e97c57431bb03e326238d1bf8a: Snoozing failure detection for 2.116s (election complete)
I0703 01:39:55.140095 11392 raft_consensus.cc:2537] T 88835abd0ea34ff7acd90bb2c84931f5 P 20e529e97c57431bb03e326238d1bf8a [term 0 FOLLOWER]: Leader pre-election won for term 1
I0703 01:39:55.140151 11392 raft_consensus.cc:457] T 88835abd0ea34ff7acd90bb2c84931f5 P 20e529e97c57431bb03e326238d1bf8a [term 0 FOLLOWER]: Starting leader election (no leader contacted us within the election timeout)
I0703 01:39:55.140206 11392 raft_consensus.cc:2730] T 88835abd0ea34ff7acd90bb2c84931f5 P 20e529e97c57431bb03e326238d1bf8a: Snoozing failure detection for 2.133s (starting election)
I0703 01:39:55.140259 11392 raft_consensus.cc:2782] T 88835abd0ea34ff7acd90bb2c84931f5 P 20e529e97c57431bb03e326238d1bf8a [term 0 FOLLOWER]: Advancing to term 1
I0703 01:39:55.141726 11392 raft_consensus.cc:479] T 88835abd0ea34ff7acd90bb2c84931f5 P 20e529e97c57431bb03e326238d1bf8a [term 1 FOLLOWER]: Starting leader election with config: opid_index: -1 OBSOLETE_local: false peers { permanent_uuid: "20e529e97c57431bb03e326238d1bf8a" member_type: VOTER last_known_addr { host: "127.5.240.194" port: 58915 } } peers { permanent_uuid: "6b95eacb907e4467b3633c2cc9ad055b" member_type: VOTER last_known_addr { host: "127.5.240.196" port: 48168 } } peers { permanent_uuid: "e4d277c8cd7248b59ecbaa2db3b09d5c" member_type: VOTER last_known_addr { host: "127.5.240.197" port: 37924 } }
I0703 01:39:55.142048 11392 leader_election.cc:243] T 88835abd0ea34ff7acd90bb2c84931f5 P 20e529e97c57431bb03e326238d1bf8a [CANDIDATE]: Term 1 election: Requesting vote from peer 6b95eacb907e4467b3633c2cc9ad055b (127.5.240.196:48168)
I0703 01:39:55.142201 11392 leader_election.cc:243] T 88835abd0ea34ff7acd90bb2c84931f5 P 20e529e97c57431bb03e326238d1bf8a [CANDIDATE]: Term 1 election: Requesting vote from peer e4d277c8cd7248b59ecbaa2db3b09d5c (127.5.240.197:37924)
I0703 01:39:55.142629 11200 tablet_service.cc:995] Received RequestConsensusVote() RPC: tablet_id: "88835abd0ea34ff7acd90bb2c84931f5" candidate_uuid: "20e529e97c57431bb03e326238d1bf8a" candidate_term: 1 candidate_status { last_received { term: 0 index: 0 } } ignore_live_leader: false dest_uuid: "6b95eacb907e4467b3633c2cc9ad055b"
I0703 01:39:55.142745 11200 raft_consensus.cc:2782] T 88835abd0ea34ff7acd90bb2c84931f5 P 6b95eacb907e4467b3633c2cc9ad055b [term 0 FOLLOWER]: Advancing to term 1
I0703 01:39:55.142791 11322 tablet_service.cc:995] Received RequestConsensusVote() RPC: tablet_id: "88835abd0ea34ff7acd90bb2c84931f5" candidate_uuid: "20e529e97c57431bb03e326238d1bf8a" candidate_term: 1 candidate_status { last_received { term: 0 index: 0 } } ignore_live_leader: false dest_uuid: "e4d277c8cd7248b59ecbaa2db3b09d5c"
I0703 01:39:55.142837 11200 raft_consensus.cc:2730] T 88835abd0ea34ff7acd90bb2c84931f5 P 6b95eacb907e4467b3633c2cc9ad055b: Snoozing failure detection for 1.974s (vote granted)
I0703 01:39:55.142901 11322 raft_consensus.cc:2782] T 88835abd0ea34ff7acd90bb2c84931f5 P e4d277c8cd7248b59ecbaa2db3b09d5c [term 0 FOLLOWER]: Advancing to term 1
I0703 01:39:55.142992 11322 raft_consensus.cc:2730] T 88835abd0ea34ff7acd90bb2c84931f5 P e4d277c8cd7248b59ecbaa2db3b09d5c: Snoozing failure detection for 1.825s (vote granted)
I0703 01:39:55.144148 11200 raft_consensus.cc:2243] T 88835abd0ea34ff7acd90bb2c84931f5 P 6b95eacb907e4467b3633c2cc9ad055b [term 1 FOLLOWER]: Leader election vote request: Granting yes vote for candidate 20e529e97c57431bb03e326238d1bf8a in term 1.
I0703 01:39:55.144315 11322 raft_consensus.cc:2243] T 88835abd0ea34ff7acd90bb2c84931f5 P e4d277c8cd7248b59ecbaa2db3b09d5c [term 1 FOLLOWER]: Leader election vote request: Granting yes vote for candidate 20e529e97c57431bb03e326238d1bf8a in term 1.
I0703 01:39:55.144556 10890 leader_election.cc:379] T 88835abd0ea34ff7acd90bb2c84931f5 P 20e529e97c57431bb03e326238d1bf8a [CANDIDATE]: Term 1 election: Vote granted by peer 6b95eacb907e4467b3633c2cc9ad055b (127.5.240.196:48168)
I0703 01:39:55.144649 10890 leader_election.cc:270] T 88835abd0ea34ff7acd90bb2c84931f5 P 20e529e97c57431bb03e326238d1bf8a [CANDIDATE]: Term 1 election: Election decided. Result: candidate won.
I0703 01:39:55.144749 10888 leader_election.cc:379] T 88835abd0ea34ff7acd90bb2c84931f5 P 20e529e97c57431bb03e326238d1bf8a [CANDIDATE]: Term 1 election: Vote granted by peer e4d277c8cd7248b59ecbaa2db3b09d5c (127.5.240.197:37924)
I0703 01:39:55.144858 11392 raft_consensus.cc:2730] T 88835abd0ea34ff7acd90bb2c84931f5 P 20e529e97c57431bb03e326238d1bf8a: Snoozing failure detection for 2.080s (election complete)
I0703 01:39:55.144955 11392 raft_consensus.cc:2537] T 88835abd0ea34ff7acd90bb2c84931f5 P 20e529e97c57431bb03e326238d1bf8a [term 1 FOLLOWER]: Leader election won for term 1
I0703 01:39:55.145280 11392 raft_consensus.cc:593] T 88835abd0ea34ff7acd90bb2c84931f5 P 20e529e97c57431bb03e326238d1bf8a [term 1 LEADER]: Becoming Leader. State: Replica: 20e529e97c57431bb03e326238d1bf8a, State: Running, Role: LEADER
I0703 01:39:55.145632 11392 consensus_queue.cc:204] T 88835abd0ea34ff7acd90bb2c84931f5 P 20e529e97c57431bb03e326238d1bf8a [LEADER]: Queue going to LEADER mode. State: All replicated index: 0, Majority replicated index: 0, Committed index: 0, Last appended: 0.0, Last appended by leader: 0, Current term: 1, Majority size: 2, State: 0, Mode: LEADER, active raft config: opid_index: -1 OBSOLETE_local: false peers { permanent_uuid: "20e529e97c57431bb03e326238d1bf8a" member_type: VOTER last_known_addr { host: "127.5.240.194" port: 58915 } } peers { permanent_uuid: "6b95eacb907e4467b3633c2cc9ad055b" member_type: VOTER last_known_addr { host: "127.5.240.196" port: 48168 } } peers { permanent_uuid: "e4d277c8cd7248b59ecbaa2db3b09d5c" member_type: VOTER last_known_addr { host: "127.5.240.197" port: 37924 } }
I0703 01:39:55.149870 10713 catalog_manager.cc:3798] T 88835abd0ea34ff7acd90bb2c84931f5 P 20e529e97c57431bb03e326238d1bf8a reported cstate change: term changed from 0 to 1, leader changed from to 20e529e97c57431bb03e326238d1bf8a (127.5.240.194). New cstate: current_term: 1 leader_uuid: "20e529e97c57431bb03e326238d1bf8a" committed_config { opid_index: -1 OBSOLETE_local: false peers { permanent_uuid: "20e529e97c57431bb03e326238d1bf8a" member_type: VOTER last_known_addr { host: "127.5.240.194" port: 58915 } health_report { overall_health: HEALTHY } } peers { permanent_uuid: "6b95eacb907e4467b3633c2cc9ad055b" member_type: VOTER last_known_addr { host: "127.5.240.196" port: 48168 } health_report { overall_health: UNKNOWN } } peers { permanent_uuid: "e4d277c8cd7248b59ecbaa2db3b09d5c" member_type: VOTER last_known_addr { host: "127.5.240.197" port: 37924 } health_report { overall_health: UNKNOWN } } }
I0703 01:39:55.157681 6083 external_mini_cluster.cc:490] 5 TS(s) registered with all masters
I0703 01:39:55.158746 6083 ts_itest-base.cc:233] Waiting for 0 tablets on tserver 200046fa8cd344f4a557b6feab568415 to finish bootstrapping
W0703 01:39:55.164459 11244 tablet.cc:1678] T 88835abd0ea34ff7acd90bb2c84931f5 P 6b95eacb907e4467b3633c2cc9ad055b: Can't schedule compaction. Clean time has not been advanced past its initial value.
I0703 01:39:55.165205 6083 ts_itest-base.cc:233] Waiting for 1 tablets on tserver 20e529e97c57431bb03e326238d1bf8a to finish bootstrapping
I0703 01:39:55.169440 6083 ts_itest-base.cc:233] Waiting for 0 tablets on tserver bb2c63b1e9fa4dc3aa89afac6501f1ff to finish bootstrapping
I0703 01:39:55.175195 6083 ts_itest-base.cc:233] Waiting for 1 tablets on tserver 6b95eacb907e4467b3633c2cc9ad055b to finish bootstrapping
I0703 01:39:55.179360 6083 ts_itest-base.cc:233] Waiting for 1 tablets on tserver e4d277c8cd7248b59ecbaa2db3b09d5c to finish bootstrapping
I0703 01:39:55.184111 6083 kudu-admin-test.cc:747] Waiting for Master to see the current replicas...
I0703 01:39:55.185261 6083 kudu-admin-test.cc:754] Tablet locations: tablet_id: "88835abd0ea34ff7acd90bb2c84931f5" replicas { ts_info { permanent_uuid: "20e529e97c57431bb03e326238d1bf8a" rpc_addresses { host: "127.5.240.194" port: 58915 } } role: LEADER } replicas { ts_info { permanent_uuid: "6b95eacb907e4467b3633c2cc9ad055b" rpc_addresses { host: "127.5.240.196" port: 48168 } } role: FOLLOWER } replicas { ts_info { permanent_uuid: "e4d277c8cd7248b59ecbaa2db3b09d5c" rpc_addresses { host: "127.5.240.197" port: 37924 } } role: FOLLOWER } DEPRECATED_stale: false partition { partition_key_start: "" partition_key_end: "" }
W0703 01:39:55.243999 11000 tablet.cc:1678] T 88835abd0ea34ff7acd90bb2c84931f5 P 20e529e97c57431bb03e326238d1bf8a: Can't schedule compaction. Clean time has not been advanced past its initial value.
W0703 01:39:55.244191 11366 tablet.cc:1678] T 88835abd0ea34ff7acd90bb2c84931f5 P e4d277c8cd7248b59ecbaa2db3b09d5c: Can't schedule compaction. Clean time has not been advanced past its initial value.
I0703 01:39:55.345427 11121 heartbeater.cc:467] Master 127.5.240.254:51485 was elected leader, sending a full tablet report...
I0703 01:39:55.586797 11322 raft_consensus.cc:1081] T 88835abd0ea34ff7acd90bb2c84931f5 P e4d277c8cd7248b59ecbaa2db3b09d5c [term 1 FOLLOWER]: Refusing update from remote peer 20e529e97c57431bb03e326238d1bf8a: Log matching property violated. Preceding OpId in replica: term: 0 index: 0. Preceding OpId from leader: term: 1 index: 1. (index mismatch)
I0703 01:39:55.587620 11392 consensus_queue.cc:962] T 88835abd0ea34ff7acd90bb2c84931f5 P 20e529e97c57431bb03e326238d1bf8a [LEADER]: Connected to new peer: Peer: permanent_uuid: "e4d277c8cd7248b59ecbaa2db3b09d5c" member_type: VOTER last_known_addr { host: "127.5.240.197" port: 37924 }, Status: LMP_MISMATCH, Last received: 0.0, Next index: 1, Last known committed idx: 0, Time since last communication: 0.000s
I0703 01:39:55.592929 11200 raft_consensus.cc:1081] T 88835abd0ea34ff7acd90bb2c84931f5 P 6b95eacb907e4467b3633c2cc9ad055b [term 1 FOLLOWER]: Refusing update from remote peer 20e529e97c57431bb03e326238d1bf8a: Log matching property violated. Preceding OpId in replica: term: 0 index: 0. Preceding OpId from leader: term: 1 index: 1. (index mismatch)
I0703 01:39:55.594506 11396 consensus_queue.cc:962] T 88835abd0ea34ff7acd90bb2c84931f5 P 20e529e97c57431bb03e326238d1bf8a [LEADER]: Connected to new peer: Peer: permanent_uuid: "6b95eacb907e4467b3633c2cc9ad055b" member_type: VOTER last_known_addr { host: "127.5.240.196" port: 48168 }, Status: LMP_MISMATCH, Last received: 0.0, Next index: 1, Last known committed idx: 0, Time since last communication: 0.000s
I0703 01:39:55.600093 6083 external_mini_cluster.cc:1034] Attempting to check leaks for /data/somelongdirectorytoavoidrpathissues/src/kudu/build/asan/bin/kudu-tserver pid 11124
I0703 01:39:55.600683 11240 generic_service.cc:169] Checking for leaks (request via RPC)
I0703 01:39:55.643189 6083 external_mini_cluster.cc:993] Killing /data/somelongdirectorytoavoidrpathissues/src/kudu/build/asan/bin/kudu-tserver with pid 11124
W0703 01:39:55.651329 10890 connection.cc:512] client connection to 127.5.240.196:48168 recv error: Network error: failed to read from TLS socket (remote: 127.5.240.196:48168): Connection reset by peer (error 104)
W0703 01:39:55.651861 10697 connection.cc:512] server connection from 127.5.240.196:36458 recv error: Network error: failed to read from TLS socket (remote: 127.5.240.196:36458): Connection reset by peer (error 104)
I0703 01:39:55.652103 6083 external_mini_cluster.cc:1034] Attempting to check leaks for /data/somelongdirectorytoavoidrpathissues/src/kudu/build/asan/bin/kudu-tserver pid 11246
I0703 01:39:55.652957 11362 generic_service.cc:169] Checking for leaks (request via RPC)
I0703 01:39:55.695451 6083 external_mini_cluster.cc:993] Killing /data/somelongdirectorytoavoidrpathissues/src/kudu/build/asan/bin/kudu-tserver with pid 11246
W0703 01:39:55.703480 10888 connection.cc:512] client connection to 127.5.240.197:37924 recv error: Network error: failed to read from TLS socket (remote: 127.5.240.197:37924): Connection reset by peer (error 104)
W0703 01:39:55.703512 10696 connection.cc:512] server connection from 127.5.240.197:37129 recv error: Network error: failed to read from TLS socket (remote: 127.5.240.197:37129): Connection reset by peer (error 104)
I0703 01:39:55.705098 10956 consensus_peers.cc:455] T 88835abd0ea34ff7acd90bb2c84931f5 P 20e529e97c57431bb03e326238d1bf8a -> Peer e4d277c8cd7248b59ecbaa2db3b09d5c (127.5.240.197:37924): Closing peer: e4d277c8cd7248b59ecbaa2db3b09d5c
I0703 01:39:55.705179 10956 consensus_peers.cc:455] T 88835abd0ea34ff7acd90bb2c84931f5 P 20e529e97c57431bb03e326238d1bf8a -> Peer 6b95eacb907e4467b3633c2cc9ad055b (127.5.240.196:48168): Closing peer: 6b95eacb907e4467b3633c2cc9ad055b
I0703 01:39:55.705449 10956 consensus_queue.cc:204] T 88835abd0ea34ff7acd90bb2c84931f5 P 20e529e97c57431bb03e326238d1bf8a [LEADER]: Queue going to LEADER mode. State: All replicated index: 0, Majority replicated index: 1, Committed index: 1, Last appended: 1.1, Last appended by leader: 0, Current term: 1, Majority size: 2, State: 0, Mode: LEADER, active raft config: opid_index: 2 OBSOLETE_local: false peers { permanent_uuid: "20e529e97c57431bb03e326238d1bf8a" member_type: VOTER last_known_addr { host: "127.5.240.194" port: 58915 } } peers { permanent_uuid: "6b95eacb907e4467b3633c2cc9ad055b" member_type: VOTER last_known_addr { host: "127.5.240.196" port: 48168 } }
W0703 01:39:55.707185 10890 consensus_peers.cc:433] T 88835abd0ea34ff7acd90bb2c84931f5 P 20e529e97c57431bb03e326238d1bf8a -> Peer 6b95eacb907e4467b3633c2cc9ad055b (127.5.240.196:48168): Couldn't send request to peer 6b95eacb907e4467b3633c2cc9ad055b for tablet 88835abd0ea34ff7acd90bb2c84931f5. Status: Network error: Client connection negotiation failed: client connection to 127.5.240.196:48168: connect: Connection refused (error 111). Retrying in the next heartbeat period. Already tried 1 times.
W0703 01:39:56.238219 10890 consensus_peers.cc:433] T 88835abd0ea34ff7acd90bb2c84931f5 P 20e529e97c57431bb03e326238d1bf8a -> Peer 6b95eacb907e4467b3633c2cc9ad055b (127.5.240.196:48168): Couldn't send request to peer 6b95eacb907e4467b3633c2cc9ad055b for tablet 88835abd0ea34ff7acd90bb2c84931f5. Status: Network error: Client connection negotiation failed: client connection to 127.5.240.196:48168: connect: Connection refused (error 111). Retrying in the next heartbeat period. Already tried 2 times.
W0703 01:39:56.648664 10890 consensus_peers.cc:433] T 88835abd0ea34ff7acd90bb2c84931f5 P 20e529e97c57431bb03e326238d1bf8a -> Peer 6b95eacb907e4467b3633c2cc9ad055b (127.5.240.196:48168): Couldn't send request to peer 6b95eacb907e4467b3633c2cc9ad055b for tablet 88835abd0ea34ff7acd90bb2c84931f5. Status: Network error: Client connection negotiation failed: client connection to 127.5.240.196:48168: connect: Connection refused (error 111). Retrying in the next heartbeat period. Already tried 3 times.
