I0703 01:39:42.159462 9125 leader_election.cc:270] T c6eb9324dee0414bbcb2039e9a23fab5 P 38c3a80a7fa04fcebe7dea0e351bf9b2 [CANDIDATE]: Term 3 pre-election: Election decided. Result: candidate won.
I0703 01:39:42.159734 9372 raft_consensus.cc:2730] T c6eb9324dee0414bbcb2039e9a23fab5 P 38c3a80a7fa04fcebe7dea0e351bf9b2: Snoozing failure detection for 1.521s (election complete)
I0703 01:39:42.159827 9372 raft_consensus.cc:2537] T c6eb9324dee0414bbcb2039e9a23fab5 P 38c3a80a7fa04fcebe7dea0e351bf9b2 [term 2 FOLLOWER]: Leader pre-election won for term 3
I0703 01:39:42.159881 9372 raft_consensus.cc:457] T c6eb9324dee0414bbcb2039e9a23fab5 P 38c3a80a7fa04fcebe7dea0e351bf9b2 [term 2 FOLLOWER]: Starting leader election (detected failure of leader kudu-tools)
I0703 01:39:42.159930 9372 raft_consensus.cc:2730] T c6eb9324dee0414bbcb2039e9a23fab5 P 38c3a80a7fa04fcebe7dea0e351bf9b2: Snoozing failure detection for 1.511s (starting election)
I0703 01:39:42.159987 9372 raft_consensus.cc:2782] T c6eb9324dee0414bbcb2039e9a23fab5 P 38c3a80a7fa04fcebe7dea0e351bf9b2 [term 2 FOLLOWER]: Advancing to term 3
I0703 01:39:42.161355 9372 raft_consensus.cc:479] T c6eb9324dee0414bbcb2039e9a23fab5 P 38c3a80a7fa04fcebe7dea0e351bf9b2 [term 3 FOLLOWER]: Starting leader election with config: opid_index: 2 OBSOLETE_local: false peers { permanent_uuid: "e52364e0246c4bb4852c27e967e2f4c8" member_type: VOTER last_known_addr { host: "127.5.240.195" port: 46355 } } peers { permanent_uuid: "38c3a80a7fa04fcebe7dea0e351bf9b2" member_type: VOTER last_known_addr { host: "127.5.240.196" port: 34814 } } unsafe_config_change: true
I0703 01:39:42.161660 9372 leader_election.cc:243] T c6eb9324dee0414bbcb2039e9a23fab5 P 38c3a80a7fa04fcebe7dea0e351bf9b2 [CANDIDATE]: Term 3 election: Requesting vote from peer e52364e0246c4bb4852c27e967e2f4c8 (127.5.240.195:46355)
I0703 01:39:42.162278 9072 tablet_service.cc:995] Received RequestConsensusVote() RPC: tablet_id: "c6eb9324dee0414bbcb2039e9a23fab5" candidate_uuid: "38c3a80a7fa04fcebe7dea0e351bf9b2" candidate_term: 3 candidate_status { last_received { term: 2 index: 2 } } ignore_live_leader: false dest_uuid: "e52364e0246c4bb4852c27e967e2f4c8"
I0703 01:39:42.162385 9072 raft_consensus.cc:2782] T c6eb9324dee0414bbcb2039e9a23fab5 P e52364e0246c4bb4852c27e967e2f4c8 [term 2 FOLLOWER]: Advancing to term 3
I0703 01:39:42.162449 9072 raft_consensus.cc:2730] T c6eb9324dee0414bbcb2039e9a23fab5 P e52364e0246c4bb4852c27e967e2f4c8: Snoozing failure detection for 2.946s (vote granted)
I0703 01:39:42.163745 9072 raft_consensus.cc:2243] T c6eb9324dee0414bbcb2039e9a23fab5 P e52364e0246c4bb4852c27e967e2f4c8 [term 3 FOLLOWER]: Leader election vote request: Granting yes vote for candidate 38c3a80a7fa04fcebe7dea0e351bf9b2 in term 3.
I0703 01:39:42.164088 9125 leader_election.cc:379] T c6eb9324dee0414bbcb2039e9a23fab5 P 38c3a80a7fa04fcebe7dea0e351bf9b2 [CANDIDATE]: Term 3 election: Vote granted by peer e52364e0246c4bb4852c27e967e2f4c8 (127.5.240.195:46355)
I0703 01:39:42.164147 9125 leader_election.cc:270] T c6eb9324dee0414bbcb2039e9a23fab5 P 38c3a80a7fa04fcebe7dea0e351bf9b2 [CANDIDATE]: Term 3 election: Election decided. Result: candidate won.
I0703 01:39:42.164314 9372 raft_consensus.cc:2730] T c6eb9324dee0414bbcb2039e9a23fab5 P 38c3a80a7fa04fcebe7dea0e351bf9b2: Snoozing failure detection for 1.500s (election complete)
I0703 01:39:42.164379 9372 raft_consensus.cc:2537] T c6eb9324dee0414bbcb2039e9a23fab5 P 38c3a80a7fa04fcebe7dea0e351bf9b2 [term 3 FOLLOWER]: Leader election won for term 3
I0703 01:39:42.164680 9372 raft_consensus.cc:593] T c6eb9324dee0414bbcb2039e9a23fab5 P 38c3a80a7fa04fcebe7dea0e351bf9b2 [term 3 LEADER]: Becoming Leader. State: Replica: 38c3a80a7fa04fcebe7dea0e351bf9b2, State: Running, Role: LEADER
I0703 01:39:42.165001 9372 consensus_queue.cc:204] T c6eb9324dee0414bbcb2039e9a23fab5 P 38c3a80a7fa04fcebe7dea0e351bf9b2 [LEADER]: Queue going to LEADER mode. State: All replicated index: 0, Majority replicated index: 1, Committed index: 1, Last appended: 2.2, Last appended by leader: 0, Current term: 3, Majority size: 2, State: 0, Mode: LEADER, active raft config: opid_index: 2 OBSOLETE_local: false peers { permanent_uuid: "e52364e0246c4bb4852c27e967e2f4c8" member_type: VOTER last_known_addr { host: "127.5.240.195" port: 46355 } } peers { permanent_uuid: "38c3a80a7fa04fcebe7dea0e351bf9b2" member_type: VOTER last_known_addr { host: "127.5.240.196" port: 34814 } } unsafe_config_change: true
I0703 01:39:42.167646 9305 catalog_manager.cc:3798] T c6eb9324dee0414bbcb2039e9a23fab5 P 38c3a80a7fa04fcebe7dea0e351bf9b2 reported cstate change: term changed from 1 to 3, leader changed from 27562c9910fa4819a8ecf91dafbf7ce1 (127.5.240.194) to 38c3a80a7fa04fcebe7dea0e351bf9b2 (127.5.240.196), now has a pending config: VOTER e52364e0246c4bb4852c27e967e2f4c8 (127.5.240.195), VOTER 38c3a80a7fa04fcebe7dea0e351bf9b2 (127.5.240.196). New cstate: current_term: 3 leader_uuid: "38c3a80a7fa04fcebe7dea0e351bf9b2" committed_config { opid_index: -1 OBSOLETE_local: false peers { permanent_uuid: "27562c9910fa4819a8ecf91dafbf7ce1" member_type: VOTER last_known_addr { host: "127.5.240.194" port: 38901 } } peers { permanent_uuid: "e52364e0246c4bb4852c27e967e2f4c8" member_type: VOTER last_known_addr { host: "127.5.240.195" port: 46355 } health_report { overall_health: UNKNOWN } } peers { permanent_uuid: "38c3a80a7fa04fcebe7dea0e351bf9b2" member_type: VOTER last_known_addr { host: "127.5.240.196" port: 34814 } health_report { overall_health: HEALTHY } } } pending_config { opid_index: 2 OBSOLETE_local: false peers { permanent_uuid: "e52364e0246c4bb4852c27e967e2f4c8" member_type: VOTER last_known_addr { host: "127.5.240.195" port: 46355 } } peers { permanent_uuid: "38c3a80a7fa04fcebe7dea0e351bf9b2" member_type: VOTER last_known_addr { host: "127.5.240.196" port: 34814 } } unsafe_config_change: true }
I0703 01:39:42.699560 9072 raft_consensus.cc:1081] T c6eb9324dee0414bbcb2039e9a23fab5 P e52364e0246c4bb4852c27e967e2f4c8 [term 3 FOLLOWER]: Refusing update from remote peer 38c3a80a7fa04fcebe7dea0e351bf9b2: Log matching property violated. Preceding OpId in replica: term: 1 index: 1. Preceding OpId from leader: term: 3 index: 3. (index mismatch)
I0703 01:39:42.700189 9381 consensus_queue.cc:962] T c6eb9324dee0414bbcb2039e9a23fab5 P 38c3a80a7fa04fcebe7dea0e351bf9b2 [LEADER]: Connected to new peer: Peer: permanent_uuid: "e52364e0246c4bb4852c27e967e2f4c8" member_type: VOTER last_known_addr { host: "127.5.240.195" port: 46355 }, Status: LMP_MISMATCH, Last received: 0.0, Next index: 3, Last known committed idx: 1, Time since last communication: 0.000s
I0703 01:39:42.703434 9384 raft_consensus.cc:2684] T c6eb9324dee0414bbcb2039e9a23fab5 P 38c3a80a7fa04fcebe7dea0e351bf9b2 [term 3 LEADER]: Committing config change with OpId 2.2: config changed from index -1 to 2, VOTER 27562c9910fa4819a8ecf91dafbf7ce1 (127.5.240.194) evicted. New config: { opid_index: 2 OBSOLETE_local: false peers { permanent_uuid: "e52364e0246c4bb4852c27e967e2f4c8" member_type: VOTER last_known_addr { host: "127.5.240.195" port: 46355 } } peers { permanent_uuid: "38c3a80a7fa04fcebe7dea0e351bf9b2" member_type: VOTER last_known_addr { host: "127.5.240.196" port: 34814 } } unsafe_config_change: true }
I0703 01:39:42.704211 9072 raft_consensus.cc:2684] T c6eb9324dee0414bbcb2039e9a23fab5 P e52364e0246c4bb4852c27e967e2f4c8 [term 3 FOLLOWER]: Committing config change with OpId 2.2: config changed from index -1 to 2, VOTER 27562c9910fa4819a8ecf91dafbf7ce1 (127.5.240.194) evicted. New config: { opid_index: 2 OBSOLETE_local: false peers { permanent_uuid: "e52364e0246c4bb4852c27e967e2f4c8" member_type: VOTER last_known_addr { host: "127.5.240.195" port: 46355 } } peers { permanent_uuid: "38c3a80a7fa04fcebe7dea0e351bf9b2" member_type: VOTER last_known_addr { host: "127.5.240.196" port: 34814 } } unsafe_config_change: true }
I0703 01:39:42.706753 9305 catalog_manager.cc:3798] T c6eb9324dee0414bbcb2039e9a23fab5 P 38c3a80a7fa04fcebe7dea0e351bf9b2 reported cstate change: config changed from index -1 to 2, VOTER 27562c9910fa4819a8ecf91dafbf7ce1 (127.5.240.194) evicted, no longer has a pending config: VOTER e52364e0246c4bb4852c27e967e2f4c8 (127.5.240.195), VOTER 38c3a80a7fa04fcebe7dea0e351bf9b2 (127.5.240.196). New cstate: current_term: 3 leader_uuid: "38c3a80a7fa04fcebe7dea0e351bf9b2" committed_config { opid_index: 2 OBSOLETE_local: false peers { permanent_uuid: "e52364e0246c4bb4852c27e967e2f4c8" member_type: VOTER last_known_addr { host: "127.5.240.195" port: 46355 } health_report { overall_health: HEALTHY } } peers { permanent_uuid: "38c3a80a7fa04fcebe7dea0e351bf9b2" member_type: VOTER last_known_addr { host: "127.5.240.196" port: 34814 } health_report { overall_health: HEALTHY } } unsafe_config_change: true }
I0703 01:39:42.710373 9305 catalog_manager.cc:2903] Scheduling retry of c6eb9324dee0414bbcb2039e9a23fab5 Delete Tablet RPC for TS=27562c9910fa4819a8ecf91dafbf7ce1 with a delay of 26 ms (attempt = 1)
W0703 01:39:42.710537 9305 catalog_manager.cc:3957] Failed to send c6eb9324dee0414bbcb2039e9a23fab5 Delete Tablet RPC for TS=27562c9910fa4819a8ecf91dafbf7ce1: Not found: failed to reset TS proxy: Could not find TS for UUID 27562c9910fa4819a8ecf91dafbf7ce1
I0703 01:39:42.710917 9305 catalog_manager.cc:3437] Sending ChangeConfig:ADD_PEER:NON_VOTER on tablet c6eb9324dee0414bbcb2039e9a23fab5 (attempt 1)
I0703 01:39:42.713246 9304 catalog_manager.cc:3437] Sending ChangeConfig:ADD_PEER:NON_VOTER on tablet c6eb9324dee0414bbcb2039e9a23fab5 (attempt 1)
I0703 01:39:42.717720 9194 consensus_peers.cc:455] T c6eb9324dee0414bbcb2039e9a23fab5 P 38c3a80a7fa04fcebe7dea0e351bf9b2 -> Peer e52364e0246c4bb4852c27e967e2f4c8 (127.5.240.195:46355): Closing peer: e52364e0246c4bb4852c27e967e2f4c8
I0703 01:39:42.717939 9194 consensus_queue.cc:204] T c6eb9324dee0414bbcb2039e9a23fab5 P 38c3a80a7fa04fcebe7dea0e351bf9b2 [LEADER]: Queue going to LEADER mode. State: All replicated index: 0, Majority replicated index: 3, Committed index: 3, Last appended: 3.3, Last appended by leader: 0, Current term: 3, Majority size: 2, State: 0, Mode: LEADER, active raft config: opid_index: 4 OBSOLETE_local: false peers { permanent_uuid: "e52364e0246c4bb4852c27e967e2f4c8" member_type: VOTER last_known_addr { host: "127.5.240.195" port: 46355 } } peers { permanent_uuid: "38c3a80a7fa04fcebe7dea0e351bf9b2" member_type: VOTER last_known_addr { host: "127.5.240.196" port: 34814 } } peers { permanent_uuid: "6cf745d60d5445749567bc9afd503edb" member_type: NON_VOTER last_known_addr { host: "127.5.240.193" port: 54395 } attrs { promote: true } } unsafe_config_change: true
I0703 01:39:42.719959 9072 raft_consensus.cc:1081] T c6eb9324dee0414bbcb2039e9a23fab5 P e52364e0246c4bb4852c27e967e2f4c8 [term 3 FOLLOWER]: Refusing update from remote peer 38c3a80a7fa04fcebe7dea0e351bf9b2: Log matching property violated. Preceding OpId in replica: term: 3 index: 3. Preceding OpId from leader: term: 3 index: 4. (index mismatch)
I0703 01:39:42.720881 9384 consensus_queue.cc:962] T c6eb9324dee0414bbcb2039e9a23fab5 P 38c3a80a7fa04fcebe7dea0e351bf9b2 [LEADER]: Connected to new peer: Peer: permanent_uuid: "e52364e0246c4bb4852c27e967e2f4c8" member_type: VOTER last_known_addr { host: "127.5.240.195" port: 46355 }, Status: LMP_MISMATCH, Last received: 0.0, Next index: 4, Last known committed idx: 3, Time since last communication: 0.000s
I0703 01:39:42.721652 9287 catalog_manager.cc:3369] ChangeConfig:ADD_PEER:NON_VOTER RPC for tablet c6eb9324dee0414bbcb2039e9a23fab5 with cas_config_opid_index 2: ChangeConfig:ADD_PEER:NON_VOTER failed with leader 38c3a80a7fa04fcebe7dea0e351bf9b2 (127.5.240.196:34814) due to error UNKNOWN_ERROR; will retry: Illegal state: RaftConfig change currently pending. Only one is allowed at a time. Committed config: opid_index: 2 OBSOLETE_local: false peers { permanent_uuid: "e52364e0246c4bb4852c27e967e2f4c8" member_type: VOTER last_known_addr { host: "127.5.240.195" port: 46355 } } peers { permanent_uuid: "38c3a80a7fa04fcebe7dea0e351bf9b2" member_type: VOTER last_known_addr { host: "127.5.240.196" port: 34814 } } unsafe_config_change: true. Pending config: opid_index: 4 OBSOLETE_local: false peers { permanent_uuid: "e52364e0246c4bb4852c27e967e2f4c8" member_type: VOTER last_known_addr { host: "127.5.240.195" port: 46355 } } peers { permanent_uuid: "38c3a80a7fa04fcebe7dea0e351bf9b2" member_type: VOTER last_known_addr { host: "127.5.240.196" port: 34814 } } peers { permanent_uuid: "6cf745d60d5445749567bc9afd503edb" member_type: NON_VOTER last_known_addr { host: "127.5.240.193" port: 54395 } attrs { promote: true } } unsafe_config_change: true
I0703 01:39:42.721755 9287 catalog_manager.cc:2903] Scheduling retry of ChangeConfig:ADD_PEER:NON_VOTER RPC for tablet c6eb9324dee0414bbcb2039e9a23fab5 with cas_config_opid_index 2 with a delay of 21 ms (attempt = 1)
I0703 01:39:42.723031 9381 raft_consensus.cc:2684] T c6eb9324dee0414bbcb2039e9a23fab5 P 38c3a80a7fa04fcebe7dea0e351bf9b2 [term 3 LEADER]: Committing config change with OpId 3.4: config changed from index 2 to 4, NON_VOTER 6cf745d60d5445749567bc9afd503edb (127.5.240.193) added. New config: { opid_index: 4 OBSOLETE_local: false peers { permanent_uuid: "e52364e0246c4bb4852c27e967e2f4c8" member_type: VOTER last_known_addr { host: "127.5.240.195" port: 46355 } } peers { permanent_uuid: "38c3a80a7fa04fcebe7dea0e351bf9b2" member_type: VOTER last_known_addr { host: "127.5.240.196" port: 34814 } } peers { permanent_uuid: "6cf745d60d5445749567bc9afd503edb" member_type: NON_VOTER last_known_addr { host: "127.5.240.193" port: 54395 } attrs { promote: true } } unsafe_config_change: true }
I0703 01:39:42.724318 9072 raft_consensus.cc:2684] T c6eb9324dee0414bbcb2039e9a23fab5 P e52364e0246c4bb4852c27e967e2f4c8 [term 3 FOLLOWER]: Committing config change with OpId 3.4: config changed from index 2 to 4, NON_VOTER 6cf745d60d5445749567bc9afd503edb (127.5.240.193) added. New config: { opid_index: 4 OBSOLETE_local: false peers { permanent_uuid: "e52364e0246c4bb4852c27e967e2f4c8" member_type: VOTER last_known_addr { host: "127.5.240.195" port: 46355 } } peers { permanent_uuid: "38c3a80a7fa04fcebe7dea0e351bf9b2" member_type: VOTER last_known_addr { host: "127.5.240.196" port: 34814 } } peers { permanent_uuid: "6cf745d60d5445749567bc9afd503edb" member_type: NON_VOTER last_known_addr { host: "127.5.240.193" port: 54395 } attrs { promote: true } } unsafe_config_change: true }
W0703 01:39:42.725785 9128 consensus_peers.cc:433] T c6eb9324dee0414bbcb2039e9a23fab5 P 38c3a80a7fa04fcebe7dea0e351bf9b2 -> Peer 6cf745d60d5445749567bc9afd503edb (127.5.240.193:54395): Couldn't send request to peer 6cf745d60d5445749567bc9afd503edb for tablet c6eb9324dee0414bbcb2039e9a23fab5. Error code: TABLET_NOT_FOUND (6). Status: Not found: Tablet not found: c6eb9324dee0414bbcb2039e9a23fab5. Retrying in the next heartbeat period. Already tried 1 times.
I0703 01:39:42.726835 9287 catalog_manager.cc:3352] ChangeConfig:ADD_PEER:NON_VOTER RPC for tablet c6eb9324dee0414bbcb2039e9a23fab5 with cas_config_opid_index 2: ChangeConfig:ADD_PEER:NON_VOTER succeeded (attempt 1)
I0703 01:39:42.727754 9304 catalog_manager.cc:3798] T c6eb9324dee0414bbcb2039e9a23fab5 P e52364e0246c4bb4852c27e967e2f4c8 reported cstate change: config changed from index 2 to 4, NON_VOTER 6cf745d60d5445749567bc9afd503edb (127.5.240.193) added. New cstate: current_term: 3 leader_uuid: "38c3a80a7fa04fcebe7dea0e351bf9b2" committed_config { opid_index: 4 OBSOLETE_local: false peers { permanent_uuid: "e52364e0246c4bb4852c27e967e2f4c8" member_type: VOTER last_known_addr { host: "127.5.240.195" port: 46355 } } peers { permanent_uuid: "38c3a80a7fa04fcebe7dea0e351bf9b2" member_type: VOTER last_known_addr { host: "127.5.240.196" port: 34814 } } peers { permanent_uuid: "6cf745d60d5445749567bc9afd503edb" member_type: NON_VOTER last_known_addr { host: "127.5.240.193" port: 54395 } attrs { promote: true } } unsafe_config_change: true }
I0703 01:39:42.736912 9286 catalog_manager.cc:2903] Scheduling retry of c6eb9324dee0414bbcb2039e9a23fab5 Delete Tablet RPC for TS=27562c9910fa4819a8ecf91dafbf7ce1 with a delay of 52 ms (attempt = 2)
W0703 01:39:42.736974 9286 catalog_manager.cc:2922] Async tablet task c6eb9324dee0414bbcb2039e9a23fab5 Delete Tablet RPC for TS=27562c9910fa4819a8ecf91dafbf7ce1 failed: Not found: failed to reset TS proxy: Could not find TS for UUID 27562c9910fa4819a8ecf91dafbf7ce1
I0703 01:39:42.743377 9287 catalog_manager.cc:3385] ChangeConfig:ADD_PEER:NON_VOTER RPC for tablet c6eb9324dee0414bbcb2039e9a23fab5 with cas_config_opid_index 2: aborting the task: latest config opid_index 4; task opid_index 2
I0703 01:39:42.789392 9286 catalog_manager.cc:2903] Scheduling retry of c6eb9324dee0414bbcb2039e9a23fab5 Delete Tablet RPC for TS=27562c9910fa4819a8ecf91dafbf7ce1 with a delay of 82 ms (attempt = 3)
W0703 01:39:42.789453 9286 catalog_manager.cc:2922] Async tablet task c6eb9324dee0414bbcb2039e9a23fab5 Delete Tablet RPC for TS=27562c9910fa4819a8ecf91dafbf7ce1 failed: Not found: failed to reset TS proxy: Could not find TS for UUID 27562c9910fa4819a8ecf91dafbf7ce1
I0703 01:39:42.871969 9286 catalog_manager.cc:2903] Scheduling retry of c6eb9324dee0414bbcb2039e9a23fab5 Delete Tablet RPC for TS=27562c9910fa4819a8ecf91dafbf7ce1 with a delay of 139 ms (attempt = 4)
W0703 01:39:42.872025 9286 catalog_manager.cc:2922] Async tablet task c6eb9324dee0414bbcb2039e9a23fab5 Delete Tablet RPC for TS=27562c9910fa4819a8ecf91dafbf7ce1 failed: Not found: failed to reset TS proxy: Could not find TS for UUID 27562c9910fa4819a8ecf91dafbf7ce1
I0703 01:39:43.012017 9286 catalog_manager.cc:2903] Scheduling retry of c6eb9324dee0414bbcb2039e9a23fab5 Delete Tablet RPC for TS=27562c9910fa4819a8ecf91dafbf7ce1 with a delay of 298 ms (attempt = 5)
W0703 01:39:43.012089 9286 catalog_manager.cc:2922] Async tablet task c6eb9324dee0414bbcb2039e9a23fab5 Delete Tablet RPC for TS=27562c9910fa4819a8ecf91dafbf7ce1 failed: Not found: failed to reset TS proxy: Could not find TS for UUID 27562c9910fa4819a8ecf91dafbf7ce1
I0703 01:39:43.258360 9393 ts_tablet_manager.cc:669] T c6eb9324dee0414bbcb2039e9a23fab5 P 6cf745d60d5445749567bc9afd503edb: Initiating tablet copy from peer 38c3a80a7fa04fcebe7dea0e351bf9b2 (127.5.240.196:34814)
I0703 01:39:43.258644 9393 tablet_copy_client.cc:239] T c6eb9324dee0414bbcb2039e9a23fab5 P 6cf745d60d5445749567bc9afd503edb: tablet copy: Beginning tablet copy session from remote peer at address 127.5.240.196:34814
I0703 01:39:43.263386 9214 tablet_copy_service.cc:135] P 38c3a80a7fa04fcebe7dea0e351bf9b2: Received BeginTabletCopySession request for tablet c6eb9324dee0414bbcb2039e9a23fab5 from peer 6cf745d60d5445749567bc9afd503edb ({username='jenkins'} at 127.5.240.193:52566)
I0703 01:39:43.263515 9214 tablet_copy_service.cc:156] P 38c3a80a7fa04fcebe7dea0e351bf9b2: Beginning new tablet copy session on tablet c6eb9324dee0414bbcb2039e9a23fab5 from peer 6cf745d60d5445749567bc9afd503edb at {username='jenkins'} at 127.5.240.193:52566: session id = 6cf745d60d5445749567bc9afd503edb-c6eb9324dee0414bbcb2039e9a23fab5
I0703 01:39:43.265468 9214 tablet_copy_source_session.cc:202] T c6eb9324dee0414bbcb2039e9a23fab5 P 38c3a80a7fa04fcebe7dea0e351bf9b2: Tablet Copy: opened 0 blocks and 1 log segments
I0703 01:39:43.268119 9393 data_dirs.cc:934] Could only allocate 1 dirs of requested 3 for tablet c6eb9324dee0414bbcb2039e9a23fab5. 1 dirs total, 0 dirs full, 0 dirs failed
I0703 01:39:43.278518 9393 ts_tablet_manager.cc:1173] T c6eb9324dee0414bbcb2039e9a23fab5 P 6cf745d60d5445749567bc9afd503edb: Registered tablet (data state: TABLET_DATA_COPYING)
I0703 01:39:43.278777 9393 tablet_copy_client.cc:566] T c6eb9324dee0414bbcb2039e9a23fab5 P 6cf745d60d5445749567bc9afd503edb: tablet copy: Starting download of 0 data blocks...
I0703 01:39:43.278972 9393 tablet_copy_client.cc:529] T c6eb9324dee0414bbcb2039e9a23fab5 P 6cf745d60d5445749567bc9afd503edb: tablet copy: Starting download of 1 WAL segments...
I0703 01:39:43.280932 9393 tablet_copy_client.cc:405] T c6eb9324dee0414bbcb2039e9a23fab5 P 6cf745d60d5445749567bc9afd503edb: tablet copy: Tablet Copy complete. Replacing tablet superblock.
I0703 01:39:43.282601 9393 ts_tablet_manager.cc:1028] T c6eb9324dee0414bbcb2039e9a23fab5 P 6cf745d60d5445749567bc9afd503edb: Bootstrapping tablet
I0703 01:39:43.282824 9393 tablet_bootstrap.cc:427] T c6eb9324dee0414bbcb2039e9a23fab5 P 6cf745d60d5445749567bc9afd503edb: Bootstrap starting.
I0703 01:39:43.286747 9393 log.cc:525] T c6eb9324dee0414bbcb2039e9a23fab5 P 6cf745d60d5445749567bc9afd503edb: Log is configured to *not* fsync() on all Append() calls
I0703 01:39:43.290393 9393 tablet_bootstrap.cc:427] T c6eb9324dee0414bbcb2039e9a23fab5 P 6cf745d60d5445749567bc9afd503edb: Bootstrap replayed 1/1 log segments. Stats: ops{read=4 overwritten=0 applied=4 ignored=0} inserts{seen=0 ignored=0} mutations{seen=0 ignored=0} orphaned_commits=0. Pending: 0 replicates
I0703 01:39:43.290755 9393 tablet_bootstrap.cc:427] T c6eb9324dee0414bbcb2039e9a23fab5 P 6cf745d60d5445749567bc9afd503edb: Bootstrap complete.
I0703 01:39:43.290974 9393 ts_tablet_manager.cc:1045] T c6eb9324dee0414bbcb2039e9a23fab5 P 6cf745d60d5445749567bc9afd503edb: Time spent bootstrapping tablet: real 0.008s user 0.003s sys 0.004s
I0703 01:39:43.296150 9393 raft_consensus.cc:325] T c6eb9324dee0414bbcb2039e9a23fab5 P 6cf745d60d5445749567bc9afd503edb [term 3 LEARNER]: Replica starting. Triggering 0 pending transactions. Active config: opid_index: 4 OBSOLETE_local: false peers { permanent_uuid: "e52364e0246c4bb4852c27e967e2f4c8" member_type: VOTER last_known_addr { host: "127.5.240.195" port: 46355 } } peers { permanent_uuid: "38c3a80a7fa04fcebe7dea0e351bf9b2" member_type: VOTER last_known_addr { host: "127.5.240.196" port: 34814 } } peers { permanent_uuid: "6cf745d60d5445749567bc9afd503edb" member_type: NON_VOTER last_known_addr { host: "127.5.240.193" port: 54395 } attrs { promote: true } } unsafe_config_change: true
I0703 01:39:43.296566 9393 raft_consensus.cc:628] T c6eb9324dee0414bbcb2039e9a23fab5 P 6cf745d60d5445749567bc9afd503edb [term 3 LEARNER]: Becoming Follower/Learner. State: Replica: 6cf745d60d5445749567bc9afd503edb, State: Initialized, Role: LEARNER
I0703 01:39:43.296836 9393 consensus_queue.cc:227] T c6eb9324dee0414bbcb2039e9a23fab5 P 6cf745d60d5445749567bc9afd503edb [NON_LEADER]: Queue going to NON_LEADER mode. State: All replicated index: 0, Majority replicated index: 0, Committed index: 4, Last appended: 3.4, Last appended by leader: 4, Current term: 0, Majority size: -1, State: 0, Mode: NON_LEADER, active raft config: opid_index: 4 OBSOLETE_local: false peers { permanent_uuid: "e52364e0246c4bb4852c27e967e2f4c8" member_type: VOTER last_known_addr { host: "127.5.240.195" port: 46355 } } peers { permanent_uuid: "38c3a80a7fa04fcebe7dea0e351bf9b2" member_type: VOTER last_known_addr { host: "127.5.240.196" port: 34814 } } peers { permanent_uuid: "6cf745d60d5445749567bc9afd503edb" member_type: NON_VOTER last_known_addr { host: "127.5.240.193" port: 54395 } attrs { promote: true } } unsafe_config_change: true
I0703 01:39:43.298655 9393 ts_tablet_manager.cc:1073] T c6eb9324dee0414bbcb2039e9a23fab5 P 6cf745d60d5445749567bc9afd503edb: Time spent starting tablet: real 0.008s user 0.006s sys 0.002s
I0703 01:39:43.299371 9214 tablet_copy_service.cc:325] P 38c3a80a7fa04fcebe7dea0e351bf9b2: Request end of tablet copy session 6cf745d60d5445749567bc9afd503edb-c6eb9324dee0414bbcb2039e9a23fab5 received from {username='jenkins'} at 127.5.240.193:52566
I0703 01:39:43.299464 9214 tablet_copy_service.cc:413] P 38c3a80a7fa04fcebe7dea0e351bf9b2: ending tablet copy session 6cf745d60d5445749567bc9afd503edb-c6eb9324dee0414bbcb2039e9a23fab5 on tablet c6eb9324dee0414bbcb2039e9a23fab5 with peer 6cf745d60d5445749567bc9afd503edb
I0703 01:39:43.311337 9286 catalog_manager.cc:2903] Scheduling retry of c6eb9324dee0414bbcb2039e9a23fab5 Delete Tablet RPC for TS=27562c9910fa4819a8ecf91dafbf7ce1 with a delay of 544 ms (attempt = 6)
W0703 01:39:43.311401 9286 catalog_manager.cc:2922] Async tablet task c6eb9324dee0414bbcb2039e9a23fab5 Delete Tablet RPC for TS=27562c9910fa4819a8ecf91dafbf7ce1 failed: Not found: failed to reset TS proxy: Could not find TS for UUID 27562c9910fa4819a8ecf91dafbf7ce1
W0703 01:39:43.517565 8871 tablet.cc:1678] T c6eb9324dee0414bbcb2039e9a23fab5 P 6cf745d60d5445749567bc9afd503edb: Can't schedule compaction. Clean time has not been advanced past its initial value.
I0703 01:39:43.847990 8827 raft_consensus.cc:1026] T c6eb9324dee0414bbcb2039e9a23fab5 P 6cf745d60d5445749567bc9afd503edb [term 3 LEARNER]: Deduplicated request from leader. Original: 3.3->[3.4-3.4] Dedup: 3.4->[]
I0703 01:39:43.856186 9286 catalog_manager.cc:2903] Scheduling retry of c6eb9324dee0414bbcb2039e9a23fab5 Delete Tablet RPC for TS=27562c9910fa4819a8ecf91dafbf7ce1 with a delay of 1070 ms (attempt = 7)
W0703 01:39:43.856259 9286 catalog_manager.cc:2922] Async tablet task c6eb9324dee0414bbcb2039e9a23fab5 Delete Tablet RPC for TS=27562c9910fa4819a8ecf91dafbf7ce1 failed: Not found: failed to reset TS proxy: Could not find TS for UUID 27562c9910fa4819a8ecf91dafbf7ce1
I0703 01:39:44.234160 9399 raft_consensus.cc:890] T c6eb9324dee0414bbcb2039e9a23fab5 P 38c3a80a7fa04fcebe7dea0e351bf9b2: attempting to promote NON_VOTER 6cf745d60d5445749567bc9afd503edb to VOTER
I0703 01:39:44.234462 9399 consensus_peers.cc:455] T c6eb9324dee0414bbcb2039e9a23fab5 P 38c3a80a7fa04fcebe7dea0e351bf9b2 -> Peer 6cf745d60d5445749567bc9afd503edb (127.5.240.193:54395): Closing peer: 6cf745d60d5445749567bc9afd503edb
I0703 01:39:44.234555 9399 consensus_peers.cc:455] T c6eb9324dee0414bbcb2039e9a23fab5 P 38c3a80a7fa04fcebe7dea0e351bf9b2 -> Peer e52364e0246c4bb4852c27e967e2f4c8 (127.5.240.195:46355): Closing peer: e52364e0246c4bb4852c27e967e2f4c8
I0703 01:39:44.234776 9399 consensus_queue.cc:204] T c6eb9324dee0414bbcb2039e9a23fab5 P 38c3a80a7fa04fcebe7dea0e351bf9b2 [LEADER]: Queue going to LEADER mode. State: All replicated index: 0, Majority replicated index: 4, Committed index: 4, Last appended: 3.4, Last appended by leader: 0, Current term: 3, Majority size: 2, State: 0, Mode: LEADER, active raft config: opid_index: 5 OBSOLETE_local: false peers { permanent_uuid: "e52364e0246c4bb4852c27e967e2f4c8" member_type: VOTER last_known_addr { host: "127.5.240.195" port: 46355 } } peers { permanent_uuid: "38c3a80a7fa04fcebe7dea0e351bf9b2" member_type: VOTER last_known_addr { host: "127.5.240.196" port: 34814 } } peers { permanent_uuid: "6cf745d60d5445749567bc9afd503edb" member_type: VOTER last_known_addr { host: "127.5.240.193" port: 54395 } attrs { promote: false } } unsafe_config_change: true
I0703 01:39:44.236758 9072 raft_consensus.cc:1081] T c6eb9324dee0414bbcb2039e9a23fab5 P e52364e0246c4bb4852c27e967e2f4c8 [term 3 FOLLOWER]: Refusing update from remote peer 38c3a80a7fa04fcebe7dea0e351bf9b2: Log matching property violated. Preceding OpId in replica: term: 3 index: 4. Preceding OpId from leader: term: 3 index: 5. (index mismatch)
I0703 01:39:44.236871 8827 raft_consensus.cc:1081] T c6eb9324dee0414bbcb2039e9a23fab5 P 6cf745d60d5445749567bc9afd503edb [term 3 LEARNER]: Refusing update from remote peer 38c3a80a7fa04fcebe7dea0e351bf9b2: Log matching property violated. Preceding OpId in replica: term: 3 index: 4. Preceding OpId from leader: term: 3 index: 5. (index mismatch)
I0703 01:39:44.237411 9398 consensus_queue.cc:962] T c6eb9324dee0414bbcb2039e9a23fab5 P 38c3a80a7fa04fcebe7dea0e351bf9b2 [LEADER]: Connected to new peer: Peer: permanent_uuid: "e52364e0246c4bb4852c27e967e2f4c8" member_type: VOTER last_known_addr { host: "127.5.240.195" port: 46355 }, Status: LMP_MISMATCH, Last received: 0.0, Next index: 5, Last known committed idx: 4, Time since last communication: 0.000s
I0703 01:39:44.237753 9381 consensus_queue.cc:962] T c6eb9324dee0414bbcb2039e9a23fab5 P 38c3a80a7fa04fcebe7dea0e351bf9b2 [LEADER]: Connected to new peer: Peer: permanent_uuid: "6cf745d60d5445749567bc9afd503edb" member_type: VOTER last_known_addr { host: "127.5.240.193" port: 54395 } attrs { promote: false }, Status: LMP_MISMATCH, Last received: 0.0, Next index: 5, Last known committed idx: 4, Time since last communication: 0.000s
I0703 01:39:44.239985 9381 raft_consensus.cc:2684] T c6eb9324dee0414bbcb2039e9a23fab5 P 38c3a80a7fa04fcebe7dea0e351bf9b2 [term 3 LEADER]: Committing config change with OpId 3.5: config changed from index 4 to 5, 6cf745d60d5445749567bc9afd503edb (127.5.240.193) changed from NON_VOTER to VOTER. New config: { opid_index: 5 OBSOLETE_local: false peers { permanent_uuid: "e52364e0246c4bb4852c27e967e2f4c8" member_type: VOTER last_known_addr { host: "127.5.240.195" port: 46355 } } peers { permanent_uuid: "38c3a80a7fa04fcebe7dea0e351bf9b2" member_type: VOTER last_known_addr { host: "127.5.240.196" port: 34814 } } peers { permanent_uuid: "6cf745d60d5445749567bc9afd503edb" member_type: VOTER last_known_addr { host: "127.5.240.193" port: 54395 } attrs { promote: false } } unsafe_config_change: true }
I0703 01:39:44.241225 8827 raft_consensus.cc:2684] T c6eb9324dee0414bbcb2039e9a23fab5 P 6cf745d60d5445749567bc9afd503edb [term 3 FOLLOWER]: Committing config change with OpId 3.5: config changed from index 4 to 5, 6cf745d60d5445749567bc9afd503edb (127.5.240.193) changed from NON_VOTER to VOTER. New config: { opid_index: 5 OBSOLETE_local: false peers { permanent_uuid: "e52364e0246c4bb4852c27e967e2f4c8" member_type: VOTER last_known_addr { host: "127.5.240.195" port: 46355 } } peers { permanent_uuid: "38c3a80a7fa04fcebe7dea0e351bf9b2" member_type: VOTER last_known_addr { host: "127.5.240.196" port: 34814 } } peers { permanent_uuid: "6cf745d60d5445749567bc9afd503edb" member_type: VOTER last_known_addr { host: "127.5.240.193" port: 54395 } attrs { promote: false } } unsafe_config_change: true }
I0703 01:39:44.241592 9072 raft_consensus.cc:2684] T c6eb9324dee0414bbcb2039e9a23fab5 P e52364e0246c4bb4852c27e967e2f4c8 [term 3 FOLLOWER]: Committing config change with OpId 3.5: config changed from index 4 to 5, 6cf745d60d5445749567bc9afd503edb (127.5.240.193) changed from NON_VOTER to VOTER. New config: { opid_index: 5 OBSOLETE_local: false peers { permanent_uuid: "e52364e0246c4bb4852c27e967e2f4c8" member_type: VOTER last_known_addr { host: "127.5.240.195" port: 46355 } } peers { permanent_uuid: "38c3a80a7fa04fcebe7dea0e351bf9b2" member_type: VOTER last_known_addr { host: "127.5.240.196" port: 34814 } } peers { permanent_uuid: "6cf745d60d5445749567bc9afd503edb" member_type: VOTER last_known_addr { host: "127.5.240.193" port: 54395 } attrs { promote: false } } unsafe_config_change: true }
I0703 01:39:44.244451 9305 catalog_manager.cc:3798] T c6eb9324dee0414bbcb2039e9a23fab5 P 38c3a80a7fa04fcebe7dea0e351bf9b2 reported cstate change: config changed from index 4 to 5, 6cf745d60d5445749567bc9afd503edb (127.5.240.193) changed from NON_VOTER to VOTER. New cstate: current_term: 3 leader_uuid: "38c3a80a7fa04fcebe7dea0e351bf9b2" committed_config { opid_index: 5 OBSOLETE_local: false peers { permanent_uuid: "e52364e0246c4bb4852c27e967e2f4c8" member_type: VOTER last_known_addr { host: "127.5.240.195" port: 46355 } health_report { overall_health: HEALTHY } } peers { permanent_uuid: "38c3a80a7fa04fcebe7dea0e351bf9b2" member_type: VOTER last_known_addr { host: "127.5.240.196" port: 34814 } health_report { overall_health: HEALTHY } } peers { permanent_uuid: "6cf745d60d5445749567bc9afd503edb" member_type: VOTER last_known_addr { host: "127.5.240.193" port: 54395 } attrs { promote: false } health_report { overall_health: HEALTHY } } unsafe_config_change: true }
I0703 01:39:44.322428 6083 kudu-admin-test.cc:619] Waiting for Master to see new config...
I0703 01:39:44.327854 6083 kudu-admin-test.cc:624] Tablet locations: tablet_id: "c6eb9324dee0414bbcb2039e9a23fab5" replicas { ts_info { permanent_uuid: "e52364e0246c4bb4852c27e967e2f4c8" rpc_addresses { host: "127.5.240.195" port: 46355 } } role: FOLLOWER } replicas { ts_info { permanent_uuid: "38c3a80a7fa04fcebe7dea0e351bf9b2" rpc_addresses { host: "127.5.240.196" port: 34814 } } role: LEADER } replicas { ts_info { permanent_uuid: "6cf745d60d5445749567bc9afd503edb" rpc_addresses { host: "127.5.240.193" port: 54395 } } role: FOLLOWER } DEPRECATED_stale: false partition { partition_key_start: "" partition_key_end: "" }
I0703 01:39:44.328675 6083 external_mini_cluster.cc:1034] Attempting to check leaks for /data/somelongdirectorytoavoidrpathissues/src/kudu/build/asan/bin/kudu-tserver pid 8741
I0703 01:39:44.329603 8867 generic_service.cc:169] Checking for leaks (request via RPC)
I0703 01:39:44.375936 6083 external_mini_cluster.cc:993] Killing /data/somelongdirectorytoavoidrpathissues/src/kudu/build/asan/bin/kudu-tserver with pid 8741
W0703 01:39:44.384325 9128 connection.cc:512] client connection to 127.5.240.193:54395 recv error: Network error: failed to read from TLS socket (remote: 127.5.240.193:54395): Connection reset by peer (error 104)
W0703 01:39:44.384379 9127 connection.cc:512] server connection from 127.5.240.193:52566 recv error: Network error: failed to read from TLS socket (remote: 127.5.240.193:52566): Connection reset by peer (error 104)
W0703 01:39:44.384515 9288 connection.cc:512] server connection from 127.5.240.193:57351 recv error: Network error: failed to read from TLS socket (remote: 127.5.240.193:57351): Connection reset by peer (error 104)
I0703 01:39:44.384832 6083 external_mini_cluster.cc:1034] Attempting to check leaks for /data/somelongdirectorytoavoidrpathissues/src/kudu/build/asan/bin/kudu-tserver pid 8996
I0703 01:39:44.385634 9112 generic_service.cc:169] Checking for leaks (request via RPC)
I0703 01:39:44.429391 6083 external_mini_cluster.cc:993] Killing /data/somelongdirectorytoavoidrpathissues/src/kudu/build/asan/bin/kudu-tserver with pid 8996
W0703 01:39:44.437870 9128 connection.cc:512] server connection from 127.5.240.195:42119 recv error: Network error: failed to read from TLS socket (remote: 127.5.240.195:42119): Connection reset by peer (error 104)
I0703 01:39:44.437921 6083 external_mini_cluster.cc:1034] Attempting to check leaks for /data/somelongdirectorytoavoidrpathissues/src/kudu/build/asan/bin/kudu-tserver pid 9118
W0703 01:39:44.437929 9289 connection.cc:512] server connection from 127.5.240.195:55865 recv error: Network error: failed to read from TLS socket (remote: 127.5.240.195:55865): Connection reset by peer (error 104)
W0703 01:39:44.438030 9125 connection.cc:512] client connection to 127.5.240.195:46355 recv error: Network error: failed to read from TLS socket (remote: 127.5.240.195:46355): Connection reset by peer (error 104)
I0703 01:39:44.438827 9234 generic_service.cc:169] Checking for leaks (request via RPC)
I0703 01:39:44.484963 6083 external_mini_cluster.cc:993] Killing /data/somelongdirectorytoavoidrpathissues/src/kudu/build/asan/bin/kudu-tserver with pid 9118
W0703 01:39:44.493111 9286 connection.cc:512] server connection from 127.5.240.196:42025 recv error: Network error: failed to read from TLS socket (remote: 127.5.240.196:42025): Connection reset by peer (error 104)
I0703 01:39:44.493278 6083 external_mini_cluster.cc:1034] Attempting to check leaks for /data/somelongdirectorytoavoidrpathissues/src/kudu/build/asan/bin/kudu-master pid 9278
I0703 01:39:44.494033 9335 generic_service.cc:169] Checking for leaks (request via RPC)
I0703 01:39:44.555956 6083 external_mini_cluster.cc:993] Killing /data/somelongdirectorytoavoidrpathissues/src/kudu/build/asan/bin/kudu-master with pid 9278 [ OK ] AdminCliTest.TestUnsafeChangeConfigForConfigWithTwoNodes (6970 ms) [ RUN ] AdminCliTest.TestUnsafeChangeConfigWithFiveReplicaConfig
I0703 01:39:44.578727 6083 test_util.cc:208] Using random seed: 1099368603
I0703 01:39:44.580255 6083 ts_itest-base.cc:113] Starting cluster with:
I0703 01:39:44.580278 6083 ts_itest-base.cc:114] --------------
I0703 01:39:44.580296 6083 ts_itest-base.cc:115] 8 tablet servers
I0703 01:39:44.580308 6083 ts_itest-base.cc:116] 5 replicas per TS
I0703 01:39:44.580323 6083 ts_itest-base.cc:117] --------------
I0703 01:39:44.581408 6083 external_mini_cluster.cc:794] Running /data/somelongdirectorytoavoidrpathissues/src/kudu/build/asan/bin/kudu-master /data/somelongdirectorytoavoidrpathissues/src/kudu/build/asan/bin/kudu-master --fs_wal_dir=/data/somelongdirectorytoavoidrpathissues/src/kudutest/kudu-admin-test.0.AdminCliTest.TestUnsafeChangeConfigWithFiveReplicaConfig.1530607157582131-6083/raft_consensus-itest-cluster/master-0/wal --fs_data_dirs=/data/somelongdirectorytoavoidrpathissues/src/kudutest/kudu-admin-test.0.AdminCliTest.TestUnsafeChangeConfigWithFiveReplicaConfig.1530607157582131-6083/raft_consensus-itest-cluster/master-0/data --block_manager=log --webserver_interface=localhost --ipki_ca_key_size=1024 --tsk_num_rsa_bits=512 --rpc_bind_addresses=127.5.240.254:54359 --webserver_interface=127.5.240.254 --webserver_port=0 --never_fsync --ipki_server_key_size=1024 --enable_minidumps=false --redact=none --metrics_log_interval_ms=1000 --logtostderr --logbuflevel=-1 --log_dir=/data/somelongdirectorytoavoidrpathissues/src/kudutest/kudu-admin-test.0.AdminCliTest.TestUnsafeChangeConfigWithFiveReplicaConfig.1530607157582131-6083/raft_consensus-itest-cluster/master-0/logs --server_dump_info_path=/data/somelongdirectorytoavoidrpathissues/src/kudutest/kudu-admin-test.0.AdminCliTest.TestUnsafeChangeConfigWithFiveReplicaConfig.1530607157582131-6083/raft_consensus-itest-cluster/master-0/data/info.pb --server_dump_info_format=pb --rpc_server_allow_ephemeral_ports --unlock_experimental_flags --unlock_unsafe_flags --rpc_reuseport=true with env {} WARNING: Logging before InitGoogleLogging() is written to STDERR
W0703 01:39:44.760921 9420 flags.cc:406] Enabled unsafe flag: --rpc_server_allow_ephemeral_ports=true
W0703 01:39:44.761132 9420 flags.cc:406] Enabled unsafe flag: --never_fsync=true
W0703 01:39:44.763324 9420 flags.cc:406] Enabled experimental flag: --ipki_ca_key_size=1024
W0703 01:39:44.763360 9420 flags.cc:406] Enabled experimental flag: --ipki_server_key_size=1024
W0703 01:39:44.763391 9420 flags.cc:406] Enabled experimental flag: --tsk_num_rsa_bits=512
W0703 01:39:44.763415 9420 flags.cc:406] Enabled experimental flag: --rpc_reuseport=true
I0703 01:39:44.771165 9420 master_main.cc:73] Master server non-default flags: --fs_data_dirs=/data/somelongdirectorytoavoidrpathissues/src/kudutest/kudu-admin-test.0.AdminCliTest.TestUnsafeChangeConfigWithFiveReplicaConfig.1530607157582131-6083/raft_consensus-itest-cluster/master-0/data --fs_wal_dir=/data/somelongdirectorytoavoidrpathissues/src/kudutest/kudu-admin-test.0.AdminCliTest.TestUnsafeChangeConfigWithFiveReplicaConfig.1530607157582131-6083/raft_consensus-itest-cluster/master-0/wal --ipki_ca_key_size=1024 --ipki_server_key_size=1024 --tsk_num_rsa_bits=512 --rpc_bind_addresses=127.5.240.254:54359 --rpc_reuseport=true --rpc_server_allow_ephemeral_ports=true --metrics_log_interval_ms=1000 --server_dump_info_format=pb --server_dump_info_path=/data/somelongdirectorytoavoidrpathissues/src/kudutest/kudu-admin-test.0.AdminCliTest.TestUnsafeChangeConfigWithFiveReplicaConfig.1530607157582131-6083/raft_consensus-itest-cluster/master-0/data/info.pb --webserver_interface=127.5.240.254 --webserver_port=0 --never_fsync=true --redact=none --unlock_experimental_flags=true --unlock_unsafe_flags=true --enable_minidumps=false --log_dir=/data/somelongdirectorytoavoidrpathissues/src/kudutest/kudu-admin-test.0.AdminCliTest.TestUnsafeChangeConfigWithFiveReplicaConfig.1530607157582131-6083/raft_consensus-itest-cluster/master-0/logs --logbuflevel=-1 --logtostderr=true Master server version: kudu 1.8.0-SNAPSHOT revision 1ae050e4d57bc333de28bcbc62e072e8bafd04b3 build type FASTDEBUG built by jenkins at 03 Jul 2018 00:28:42 PST on quasar-kdakzq-1.vpc.cloudera.com build id 91347 ASAN enabled
I0703 01:39:44.776724 9420 master_main.cc:80] Initializing master server...
I0703 01:39:44.777778 9420 system_ntp.cc:199] NTP initialized. Skew: 500ppm Current error: 145708us
I0703 01:39:44.778846 9420 fs_manager.cc:261] Metadata directory not provided
I0703 01:39:44.778898 9420 fs_manager.cc:267] Using write-ahead log directory (fs_wal_dir) as metadata directory
I0703 01:39:44.779120 9420 server_base.cc:432] Could not load existing FS layout: Not found: could not find a healthy instance file
I0703 01:39:44.779177 9420 server_base.cc:433] Attempting to create new FS layout instead
I0703 01:39:44.783324 9420 fs_manager.cc:601] Generated new instance metadata in path /data/somelongdirectorytoavoidrpathissues/src/kudutest/kudu-admin-test.0.AdminCliTest.TestUnsafeChangeConfigWithFiveReplicaConfig.1530607157582131-6083/raft_consensus-itest-cluster/master-0/data/instance: uuid: "43575583f1234fdd9a8d9f6431ac9e65" format_stamp: "Formatted at 2018-07-03 08:39:44 on quasar-kdakzq-1.vpc.cloudera.com"
I0703 01:39:44.783857 9420 fs_manager.cc:601] Generated new instance metadata in path /data/somelongdirectorytoavoidrpathissues/src/kudutest/kudu-admin-test.0.AdminCliTest.TestUnsafeChangeConfigWithFiveReplicaConfig.1530607157582131-6083/raft_consensus-itest-cluster/master-0/wal/instance: uuid: "43575583f1234fdd9a8d9f6431ac9e65" format_stamp: "Formatted at 2018-07-03 08:39:44 on quasar-kdakzq-1.vpc.cloudera.com"
I0703 01:39:44.791885 9420 fs_manager.cc:501] Time spent creating directory manager: real 0.008s user 0.003s sys 0.004s
I0703 01:39:44.793074 9420 env_posix.cc:1674] Not raising this process' open files per process limit of 32768; it is already as high as it can go
I0703 01:39:44.793450 9420 file_cache.cc:470] Constructed file cache lbm with capacity 13107
I0703 01:39:44.796602 9420 fs_manager.cc:417] Time spent opening block manager: real 0.002s user 0.000s sys 0.001s
I0703 01:39:44.796653 9420 fs_manager.cc:434] Opened local filesystem: /data/somelongdirectorytoavoidrpathissues/src/kudutest/kudu-admin-test.0.AdminCliTest.TestUnsafeChangeConfigWithFiveReplicaConfig.1530607157582131-6083/raft_consensus-itest-cluster/master-0/data,/data/somelongdirectorytoavoidrpathissues/src/kudutest/kudu-admin-test.0.AdminCliTest.TestUnsafeChangeConfigWithFiveReplicaConfig.1530607157582131-6083/raft_consensus-itest-cluster/master-0/wal uuid: "43575583f1234fdd9a8d9f6431ac9e65" format_stamp: "Formatted at 2018-07-03 08:39:44 on quasar-kdakzq-1.vpc.cloudera.com"
I0703 01:39:44.796748 9420 fs_report.cc:352] FS layout report -------------------- wal directory: /data/somelongdirectorytoavoidrpathissues/src/kudutest/kudu-admin-test.0.AdminCliTest.TestUnsafeChangeConfigWithFiveReplicaConfig.1530607157582131-6083/raft_consensus-itest-cluster/master-0/wal metadata directory: /data/somelongdirectorytoavoidrpathissues/src/kudutest/kudu-admin-test.0.AdminCliTest.TestUnsafeChangeConfigWithFiveReplicaConfig.1530607157582131-6083/raft_consensus-itest-cluster/master-0/wal 1 data directories: /data/somelongdirectorytoavoidrpathissues/src/kudutest/kudu-admin-test.0.AdminCliTest.TestUnsafeChangeConfigWithFiveReplicaConfig.1530607157582131-6083/raft_consensus-itest-cluster/master-0/data/data Total live blocks: 0 Total live bytes: 0 Total live bytes (after alignment): 0 Total number of LBM containers: 0 (0 full) Did not check for missing blocks Did not check for orphaned blocks Total full LBM containers with extra space: 0 (0 repaired) Total full LBM container extra space in bytes: 0 (0 repaired) Total incomplete LBM containers: 0 (0 repaired) Total LBM partial records: 0 (0 repaired)
I0703 01:39:44.844244 9420 env_posix.cc:1669] Raising this process' running threads per effective uid limit from 32768 to 65536
I0703 01:39:44.845252 9420 master_main.cc:83] Starting Master server...
I0703 01:39:44.882839 9420 rpc_server.cc:205] RPC server started. Bound to: 127.5.240.254:54359
I0703 01:39:44.883298 9420 webserver.cc:175] Starting webserver on 127.5.240.254:0
I0703 01:39:44.883344 9420 webserver.cc:186] Document root disabled
I0703 01:39:44.884027 9420 webserver.cc:313] Webserver started. Bound to: http://127.5.240.254:34888/
I0703 01:39:44.884636 9420 server_base.cc:607] Dumped server information to /data/somelongdirectorytoavoidrpathissues/src/kudutest/kudu-admin-test.0.AdminCliTest.TestUnsafeChangeConfigWithFiveReplicaConfig.1530607157582131-6083/raft_consensus-itest-cluster/master-0/data/info.pb
I0703 01:39:44.888273 9479 data_dirs.cc:934] Could only allocate 1 dirs of requested 3 for tablet 00000000000000000000000000000000. 1 dirs total, 0 dirs full, 0 dirs failed
I0703 01:39:44.891934 6083 external_mini_cluster.cc:856] Started /data/somelongdirectorytoavoidrpathissues/src/kudu/build/asan/bin/kudu-master as pid 9420
I0703 01:39:44.892854 6083 external_mini_cluster.cc:794] Running /data/somelongdirectorytoavoidrpathissues/src/kudu/build/asan/bin/kudu-tserver /data/somelongdirectorytoavoidrpathissues/src/kudu/build/asan/bin/kudu-tserver --fs_wal_dir=/data/somelongdirectorytoavoidrpathissues/src/kudutest/kudu-admin-test.0.AdminCliTest.TestUnsafeChangeConfigWithFiveReplicaConfig.1530607157582131-6083/raft_consensus-itest-cluster/ts-0/wal --fs_data_dirs=/data/somelongdirectorytoavoidrpathissues/src/kudutest/kudu-admin-test.0.AdminCliTest.TestUnsafeChangeConfigWithFiveReplicaConfig.1530607157582131-6083/raft_consensus-itest-cluster/ts-0/data --block_manager=log --rpc_bind_addresses=127.5.240.193:0 --local_ip_for_outbound_sockets=127.5.240.193 --webserver_interface=127.5.240.193 --webserver_port=0 --tserver_master_addrs=127.5.240.254:54359 --never_fsync --ipki_server_key_size=1024 --enable_minidumps=false --redact=none --metrics_log_interval_ms=1000 --logtostderr --logbuflevel=-1 --log_dir=/data/somelongdirectorytoavoidrpathissues/src/kudutest/kudu-admin-test.0.AdminCliTest.TestUnsafeChangeConfigWithFiveReplicaConfig.1530607157582131-6083/raft_consensus-itest-cluster/ts-0/logs --server_dump_info_path=/data/somelongdirectorytoavoidrpathissues/src/kudutest/kudu-admin-test.0.AdminCliTest.TestUnsafeChangeConfigWithFiveReplicaConfig.1530607157582131-6083/raft_consensus-itest-cluster/ts-0/data/info.pb --server_dump_info_format=pb --rpc_server_allow_ephemeral_ports --unlock_experimental_flags --unlock_unsafe_flags --log_cache_size_limit_mb=10 --consensus_rpc_timeout_ms=30000 with env {}
I0703 01:39:44.901013 9479 tablet_bootstrap.cc:427] T 00000000000000000000000000000000 P 43575583f1234fdd9a8d9f6431ac9e65: Bootstrap starting.
I0703 01:39:44.903017 9479 tablet_bootstrap.cc:578] T 00000000000000000000000000000000 P 43575583f1234fdd9a8d9f6431ac9e65: No blocks or log segments found. Creating new log.
I0703 01:39:44.903782 9479 log.cc:525] T 00000000000000000000000000000000 P 43575583f1234fdd9a8d9f6431ac9e65: Log is configured to *not* fsync() on all Append() calls
I0703 01:39:44.906206 9479 tablet_bootstrap.cc:427] T 00000000000000000000000000000000 P 43575583f1234fdd9a8d9f6431ac9e65: No bootstrap required, opened a new log
I0703 01:39:44.912665 9479 raft_consensus.cc:325] T 00000000000000000000000000000000 P 43575583f1234fdd9a8d9f6431ac9e65 [term 0 FOLLOWER]: Replica starting. Triggering 0 pending transactions. Active config: opid_index: -1 OBSOLETE_local: true peers { permanent_uuid: "43575583f1234fdd9a8d9f6431ac9e65" member_type: VOTER }
I0703 01:39:44.912864 9479 raft_consensus.cc:351] T 00000000000000000000000000000000 P 43575583f1234fdd9a8d9f6431ac9e65 [term 0 FOLLOWER]: Consensus starting up: Expiring failure detector timer to make a prompt election more likely
I0703 01:39:44.912923 9479 raft_consensus.cc:628] T 00000000000000000000000000000000 P 43575583f1234fdd9a8d9f6431ac9e65 [term 0 FOLLOWER]: Becoming Follower/Learner. State: Replica: 43575583f1234fdd9a8d9f6431ac9e65, State: Initialized, Role: FOLLOWER
I0703 01:39:44.913416 9479 consensus_queue.cc:227] T 00000000000000000000000000000000 P 43575583f1234fdd9a8d9f6431ac9e65 [NON_LEADER]: Queue going to NON_LEADER mode. State: All replicated index: 0, Majority replicated index: 0, Committed index: 0, Last appended: 0.0, Last appended by leader: 0, Current term: 0, Majority size: -1, State: 0, Mode: NON_LEADER, active raft config: opid_index: -1 OBSOLETE_local: true peers { permanent_uuid: "43575583f1234fdd9a8d9f6431ac9e65" member_type: VOTER }
I0703 01:39:44.913569 9479 raft_consensus.cc:365] T 00000000000000000000000000000000 P 43575583f1234fdd9a8d9f6431ac9e65 [term 0 FOLLOWER]: Only one voter in the Raft config. Triggering election immediately
I0703 01:39:44.913663 9479 raft_consensus.cc:457] T 00000000000000000000000000000000 P 43575583f1234fdd9a8d9f6431ac9e65 [term 0 FOLLOWER]: Starting leader election (initial election of a single-replica configuration)
I0703 01:39:44.913743 9479 raft_consensus.cc:2730] T 00000000000000000000000000000000 P 43575583f1234fdd9a8d9f6431ac9e65: Snoozing failure detection for 1.629s (starting election)
I0703 01:39:44.913826 9479 raft_consensus.cc:2782] T 00000000000000000000000000000000 P 43575583f1234fdd9a8d9f6431ac9e65 [term 0 FOLLOWER]: Advancing to term 1
I0703 01:39:44.915223 9479 raft_consensus.cc:479] T 00000000000000000000000000000000 P 43575583f1234fdd9a8d9f6431ac9e65 [term 1 FOLLOWER]: Starting leader election with config: opid_index: -1 OBSOLETE_local: true peers { permanent_uuid: "43575583f1234fdd9a8d9f6431ac9e65" member_type: VOTER }
I0703 01:39:44.915592 9479 leader_election.cc:270] T 00000000000000000000000000000000 P 43575583f1234fdd9a8d9f6431ac9e65 [CANDIDATE]: Term 1 election: Election decided. Result: candidate won.
I0703 01:39:44.917127 9482 raft_consensus.cc:2730] T 00000000000000000000000000000000 P 43575583f1234fdd9a8d9f6431ac9e65: Snoozing failure detection for 2.185s (election complete)
I0703 01:39:44.917660 9482 raft_consensus.cc:2537] T 00000000000000000000000000000000 P 43575583f1234fdd9a8d9f6431ac9e65 [term 1 FOLLOWER]: Leader election won for term 1
I0703 01:39:44.919107 9482 raft_consensus.cc:593] T 00000000000000000000000000000000 P 43575583f1234fdd9a8d9f6431ac9e65 [term 1 LEADER]: Becoming Leader. State: Replica: 43575583f1234fdd9a8d9f6431ac9e65, State: Running, Role: LEADER
