I0703 01:40:16.414373 13234 consensus_queue.cc:204] T 00000000000000000000000000000000 P 333227bb32fd427eb883629eaf76fe88 [LEADER]: Queue going to LEADER mode. State: All replicated index: 0, Majority replicated index: 7, Committed index: 7, Last appended: 1.7, Last appended by leader: 7, Current term: 2, Majority size: 1, State: 0, Mode: LEADER, active raft config: opid_index: -1 OBSOLETE_local: true peers { permanent_uuid: "333227bb32fd427eb883629eaf76fe88" member_type: VOTER }
I0703 01:40:16.416513 13232 sys_catalog.cc:337] T 00000000000000000000000000000000 P 333227bb32fd427eb883629eaf76fe88 [sys.catalog]: SysCatalogTable state changed. Reason: Started TabletReplica. Latest consensus state: current_term: 2 leader_uuid: "333227bb32fd427eb883629eaf76fe88" committed_config { opid_index: -1 OBSOLETE_local: true peers { permanent_uuid: "333227bb32fd427eb883629eaf76fe88" member_type: VOTER } }
I0703 01:40:16.416987 13232 sys_catalog.cc:340] T 00000000000000000000000000000000 P 333227bb32fd427eb883629eaf76fe88 [sys.catalog]: This master's current role is: LEADER
I0703 01:40:16.416769 13236 sys_catalog.cc:337] T 00000000000000000000000000000000 P 333227bb32fd427eb883629eaf76fe88 [sys.catalog]: SysCatalogTable state changed. Reason: New leader 333227bb32fd427eb883629eaf76fe88. Latest consensus state: current_term: 2 leader_uuid: "333227bb32fd427eb883629eaf76fe88" committed_config { opid_index: -1 OBSOLETE_local: true peers { permanent_uuid: "333227bb32fd427eb883629eaf76fe88" member_type: VOTER } }
I0703 01:40:16.416771 13235 sys_catalog.cc:337] T 00000000000000000000000000000000 P 333227bb32fd427eb883629eaf76fe88 [sys.catalog]: SysCatalogTable state changed. Reason: RaftConsensus started. Latest consensus state: current_term: 2 leader_uuid: "333227bb32fd427eb883629eaf76fe88" committed_config { opid_index: -1 OBSOLETE_local: true peers { permanent_uuid: "333227bb32fd427eb883629eaf76fe88" member_type: VOTER } }
I0703 01:40:16.418406 13236 sys_catalog.cc:340] T 00000000000000000000000000000000 P 333227bb32fd427eb883629eaf76fe88 [sys.catalog]: This master's current role is: LEADER
I0703 01:40:16.418506 13235 sys_catalog.cc:340] T 00000000000000000000000000000000 P 333227bb32fd427eb883629eaf76fe88 [sys.catalog]: This master's current role is: LEADER
I0703 01:40:16.419242 13232 sys_catalog.cc:424] T 00000000000000000000000000000000 P 333227bb32fd427eb883629eaf76fe88 [sys.catalog]: configured and running, proceeding with master startup.
I0703 01:40:16.419473 13238 catalog_manager.cc:1006] Loading table and tablet metadata into memory...
I0703 01:40:16.420753 13172 master_main.cc:86] Master server successfully started.
I0703 01:40:16.425004 13238 catalog_manager.cc:323] Loaded metadata for table TestTable [id=f04bc5a48b834b74b717ad68380b6f1c]
I0703 01:40:16.426970 13238 catalog_manager.cc:377] Loaded metadata for tablet 5ce2098a78134ca29646d1cec9ed7c61 (table TestTable [id=f04bc5a48b834b74b717ad68380b6f1c])
I0703 01:40:16.427127 13238 catalog_manager.cc:1017] Initializing Kudu internal certificate authority...
I0703 01:40:16.430047 13238 catalog_manager.cc:1026] Loading token signing keys...
I0703 01:40:16.431149 13238 catalog_manager.cc:4113] T 00000000000000000000000000000000 P 333227bb32fd427eb883629eaf76fe88: Loaded TSK: 0
I0703 01:40:16.622869 13199 master_service.cc:205] Got heartbeat from unknown tserver (permanent_uuid: "4610b121814a4c109a1458de7333ab01" instance_seqno: 1530607212568120) as {username='jenkins'} at 127.5.240.196:58480; Asking this server to re-register.
I0703 01:40:16.624313 12984 heartbeater.cc:426] Registering TS with master...
I0703 01:40:16.624439 12984 heartbeater.cc:475] Master 127.5.240.254:33510 requested a full tablet report, sending...
I0703 01:40:16.625641 13199 ts_manager.cc:98] Registered new tserver with Master: 4610b121814a4c109a1458de7333ab01 (127.5.240.196:40959)
I0703 01:40:16.951769 13199 master_service.cc:205] Got heartbeat from unknown tserver (permanent_uuid: "654e91af3cb64033a64c989ab937d69e" instance_seqno: 1530607211543957) as {username='jenkins'} at 127.5.240.193:48419; Asking this server to re-register.
I0703 01:40:16.952316 12617 heartbeater.cc:426] Registering TS with master...
I0703 01:40:16.952435 12617 heartbeater.cc:475] Master 127.5.240.254:33510 requested a full tablet report, sending...
I0703 01:40:16.953320 13199 ts_manager.cc:98] Registered new tserver with Master: 654e91af3cb64033a64c989ab937d69e (127.5.240.193:52067)
I0703 01:40:17.280792 12862 heartbeater.cc:346] Connected to a master server at 127.5.240.254:33510
I0703 01:40:17.281519 13199 master_service.cc:205] Got heartbeat from unknown tserver (permanent_uuid: "e024b7ef889942f3b5c09f699d28f932" instance_seqno: 1530607212230886) as {username='jenkins'} at 127.5.240.195:38995; Asking this server to re-register.
I0703 01:40:17.282160 12862 heartbeater.cc:426] Registering TS with master...
I0703 01:40:17.282269 12862 heartbeater.cc:475] Master 127.5.240.254:33510 requested a full tablet report, sending...
I0703 01:40:17.282974 13199 ts_manager.cc:98] Registered new tserver with Master: e024b7ef889942f3b5c09f699d28f932 (127.5.240.195:49918)
I0703 01:40:17.445605 13247 raft_consensus.cc:457] T 5ce2098a78134ca29646d1cec9ed7c61 P 654e91af3cb64033a64c989ab937d69e [term 2 FOLLOWER]: Starting pre-election (detected failure of leader kudu-tools)
I0703 01:40:17.445675 13247 raft_consensus.cc:2730] T 5ce2098a78134ca29646d1cec9ed7c61 P 654e91af3cb64033a64c989ab937d69e: Snoozing failure detection for 1.594s (starting election)
I0703 01:40:17.445749 13247 raft_consensus.cc:479] T 5ce2098a78134ca29646d1cec9ed7c61 P 654e91af3cb64033a64c989ab937d69e [term 2 FOLLOWER]: Starting pre-election with config: opid_index: 3 OBSOLETE_local: false peers { permanent_uuid: "654e91af3cb64033a64c989ab937d69e" member_type: VOTER last_known_addr { host: "127.5.240.193" port: 52067 } } unsafe_config_change: true
I0703 01:40:17.445925 13247 leader_election.cc:270] T 5ce2098a78134ca29646d1cec9ed7c61 P 654e91af3cb64033a64c989ab937d69e [CANDIDATE]: Term 3 pre-election: Election decided. Result: candidate won.
I0703 01:40:17.446267 13247 raft_consensus.cc:2730] T 5ce2098a78134ca29646d1cec9ed7c61 P 654e91af3cb64033a64c989ab937d69e: Snoozing failure detection for 2.047s (election complete)
I0703 01:40:17.446318 13247 raft_consensus.cc:2537] T 5ce2098a78134ca29646d1cec9ed7c61 P 654e91af3cb64033a64c989ab937d69e [term 2 FOLLOWER]: Leader pre-election won for term 3
I0703 01:40:17.446359 13247 raft_consensus.cc:457] T 5ce2098a78134ca29646d1cec9ed7c61 P 654e91af3cb64033a64c989ab937d69e [term 2 FOLLOWER]: Starting leader election (detected failure of leader kudu-tools)
I0703 01:40:17.446396 13247 raft_consensus.cc:2730] T 5ce2098a78134ca29646d1cec9ed7c61 P 654e91af3cb64033a64c989ab937d69e: Snoozing failure detection for 1.996s (starting election)
I0703 01:40:17.446439 13247 raft_consensus.cc:2782] T 5ce2098a78134ca29646d1cec9ed7c61 P 654e91af3cb64033a64c989ab937d69e [term 2 FOLLOWER]: Advancing to term 3
W0703 01:40:17.446496 13247 fault_injection.cc:41] FAULT INJECTION ENABLED!
W0703 01:40:17.446529 13247 fault_injection.cc:42] THIS SERVER MAY CRASH!
E0703 01:40:17.446550 13247 fault_injection.cc:57] Injecting fault: FLAGS_fault_crash_before_cmeta_flush (process will exit)
W0703 01:40:17.455510 13182 connection.cc:512] server connection from 127.5.240.193:48419 recv error: Network error: failed to read from TLS socket (remote: 127.5.240.193:48419): Connection reset by peer (error 104)
I0703 01:40:17.572798 6083 external_mini_cluster.cc:794] Running /data/somelongdirectorytoavoidrpathissues/src/kudu/build/asan/bin/kudu-tserver /data/somelongdirectorytoavoidrpathissues/src/kudu/build/asan/bin/kudu-tserver --fs_wal_dir=/data/somelongdirectorytoavoidrpathissues/src/kudutest/kudu-admin-test.0.AdminCliTest.TestUnsafeChangeConfigWithPendingConfigsOnWAL.1530607157582131-6083/raft_consensus-itest-cluster/ts-0/wal --fs_data_dirs=/data/somelongdirectorytoavoidrpathissues/src/kudutest/kudu-admin-test.0.AdminCliTest.TestUnsafeChangeConfigWithPendingConfigsOnWAL.1530607157582131-6083/raft_consensus-itest-cluster/ts-0/data --block_manager=log --rpc_bind_addresses=127.5.240.193:52067 --local_ip_for_outbound_sockets=127.5.240.193 --webserver_port=55739 --webserver_interface=127.5.240.193 --tserver_master_addrs=127.5.240.254:33510 --never_fsync --ipki_server_key_size=1024 --enable_minidumps=false --redact=none --metrics_log_interval_ms=1000 --logtostderr --logbuflevel=-1 --log_dir=/data/somelongdirectorytoavoidrpathissues/src/kudutest/kudu-admin-test.0.AdminCliTest.TestUnsafeChangeConfigWithPendingConfigsOnWAL.1530607157582131-6083/raft_consensus-itest-cluster/ts-0/logs --server_dump_info_path=/data/somelongdirectorytoavoidrpathissues/src/kudutest/kudu-admin-test.0.AdminCliTest.TestUnsafeChangeConfigWithPendingConfigsOnWAL.1530607157582131-6083/raft_consensus-itest-cluster/ts-0/data/info.pb --server_dump_info_format=pb --rpc_server_allow_ephemeral_ports --unlock_experimental_flags --unlock_unsafe_flags --log_cache_size_limit_mb=10 --consensus_rpc_timeout_ms=30000 with env {} WARNING: Logging before InitGoogleLogging() is written to STDERR
W0703 01:40:17.729885 13249 flags.cc:406] Enabled unsafe flag: --rpc_server_allow_ephemeral_ports=true
W0703 01:40:17.730115 13249 flags.cc:406] Enabled unsafe flag: --never_fsync=true
W0703 01:40:17.732164 13249 flags.cc:406] Enabled experimental flag: --ipki_server_key_size=1024
W0703 01:40:17.732272 13249 flags.cc:406] Enabled experimental flag: --local_ip_for_outbound_sockets=127.5.240.193
I0703 01:40:17.738505 13249 tablet_server_main.cc:78] Tablet server non-default flags: --log_cache_size_limit_mb=10 --fs_data_dirs=/data/somelongdirectorytoavoidrpathissues/src/kudutest/kudu-admin-test.0.AdminCliTest.TestUnsafeChangeConfigWithPendingConfigsOnWAL.1530607157582131-6083/raft_consensus-itest-cluster/ts-0/data --fs_wal_dir=/data/somelongdirectorytoavoidrpathissues/src/kudutest/kudu-admin-test.0.AdminCliTest.TestUnsafeChangeConfigWithPendingConfigsOnWAL.1530607157582131-6083/raft_consensus-itest-cluster/ts-0/wal --ipki_server_key_size=1024 --rpc_bind_addresses=127.5.240.193:52067 --rpc_server_allow_ephemeral_ports=true --metrics_log_interval_ms=1000 --server_dump_info_format=pb --server_dump_info_path=/data/somelongdirectorytoavoidrpathissues/src/kudutest/kudu-admin-test.0.AdminCliTest.TestUnsafeChangeConfigWithPendingConfigsOnWAL.1530607157582131-6083/raft_consensus-itest-cluster/ts-0/data/info.pb --webserver_interface=127.5.240.193 --webserver_port=55739 --tserver_master_addrs=127.5.240.254:33510 --never_fsync=true --redact=none --unlock_experimental_flags=true --unlock_unsafe_flags=true --enable_minidumps=false --local_ip_for_outbound_sockets=127.5.240.193 --log_dir=/data/somelongdirectorytoavoidrpathissues/src/kudutest/kudu-admin-test.0.AdminCliTest.TestUnsafeChangeConfigWithPendingConfigsOnWAL.1530607157582131-6083/raft_consensus-itest-cluster/ts-0/logs --logbuflevel=-1 --logtostderr=true Tablet server version: kudu 1.8.0-SNAPSHOT revision 1ae050e4d57bc333de28bcbc62e072e8bafd04b3 build type FASTDEBUG built by jenkins at 03 Jul 2018 00:28:42 PST on quasar-kdakzq-1.vpc.cloudera.com build id 91347 ASAN enabled
I0703 01:40:17.745111 13249 tablet_server_main.cc:85] Initializing tablet server...
I0703 01:40:17.746251 13249 system_ntp.cc:199] NTP initialized. Skew: 500ppm Current error: 162208us
I0703 01:40:17.747215 13249 fs_manager.cc:261] Metadata directory not provided
I0703 01:40:17.747282 13249 fs_manager.cc:267] Using write-ahead log directory (fs_wal_dir) as metadata directory
I0703 01:40:17.753067 13249 fs_manager.cc:397] Time spent opening directory manager: real 0.004s user 0.001s sys 0.002s
I0703 01:40:17.753908 13249 env_posix.cc:1674] Not raising this process' open files per process limit of 32768; it is already as high as it can go
I0703 01:40:17.754281 13249 file_cache.cc:470] Constructed file cache lbm with capacity 13107
I0703 01:40:17.757768 13249 fs_manager.cc:417] Time spent opening block manager: real 0.002s user 0.001s sys 0.001s
I0703 01:40:17.757838 13249 fs_manager.cc:434] Opened local filesystem: /data/somelongdirectorytoavoidrpathissues/src/kudutest/kudu-admin-test.0.AdminCliTest.TestUnsafeChangeConfigWithPendingConfigsOnWAL.1530607157582131-6083/raft_consensus-itest-cluster/ts-0/data,/data/somelongdirectorytoavoidrpathissues/src/kudutest/kudu-admin-test.0.AdminCliTest.TestUnsafeChangeConfigWithPendingConfigsOnWAL.1530607157582131-6083/raft_consensus-itest-cluster/ts-0/wal uuid: "654e91af3cb64033a64c989ab937d69e" format_stamp: "Formatted at 2018-07-03 08:40:11 on quasar-kdakzq-1.vpc.cloudera.com"
I0703 01:40:17.759449 13249 fs_report.cc:352] FS layout report -------------------- wal directory: /data/somelongdirectorytoavoidrpathissues/src/kudutest/kudu-admin-test.0.AdminCliTest.TestUnsafeChangeConfigWithPendingConfigsOnWAL.1530607157582131-6083/raft_consensus-itest-cluster/ts-0/wal metadata directory: /data/somelongdirectorytoavoidrpathissues/src/kudutest/kudu-admin-test.0.AdminCliTest.TestUnsafeChangeConfigWithPendingConfigsOnWAL.1530607157582131-6083/raft_consensus-itest-cluster/ts-0/wal 1 data directories: /data/somelongdirectorytoavoidrpathissues/src/kudutest/kudu-admin-test.0.AdminCliTest.TestUnsafeChangeConfigWithPendingConfigsOnWAL.1530607157582131-6083/raft_consensus-itest-cluster/ts-0/data/data Total live blocks: 0 Total live bytes: 0 Total live bytes (after alignment): 0 Total number of LBM containers: 0 (0 full) Did not check for missing blocks Did not check for orphaned blocks Total full LBM containers with extra space: 0 (0 repaired) Total full LBM container extra space in bytes: 0 (0 repaired) Total incomplete LBM containers: 0 (0 repaired) Total LBM partial records: 0 (0 repaired)
I0703 01:40:17.794433 13249 env_posix.cc:1669] Raising this process' running threads per effective uid limit from 32768 to 65536
I0703 01:40:17.796351 13249 ts_tablet_manager.cc:344] Loading tablet metadata (0/1 complete)
I0703 01:40:17.796406 13249 ts_tablet_manager.cc:1005] T 5ce2098a78134ca29646d1cec9ed7c61 P 654e91af3cb64033a64c989ab937d69e: Loading tablet metadata
I0703 01:40:17.800825 13249 ts_tablet_manager.cc:356] Loaded tablet metadata (1 live tablets)
I0703 01:40:17.802789 13249 ts_tablet_manager.cc:1173] T 5ce2098a78134ca29646d1cec9ed7c61 P 654e91af3cb64033a64c989ab937d69e: Registered tablet (data state: TABLET_DATA_READY)
I0703 01:40:17.804138 13264 ts_tablet_manager.cc:1028] T 5ce2098a78134ca29646d1cec9ed7c61 P 654e91af3cb64033a64c989ab937d69e: Bootstrapping tablet
I0703 01:40:17.805094 13249 tablet_server_main.cc:90] Starting tablet server...
I0703 01:40:17.805290 13264 tablet_bootstrap.cc:427] T 5ce2098a78134ca29646d1cec9ed7c61 P 654e91af3cb64033a64c989ab937d69e: Bootstrap starting.
I0703 01:40:17.833222 13264 log.cc:525] T 5ce2098a78134ca29646d1cec9ed7c61 P 654e91af3cb64033a64c989ab937d69e: Log is configured to *not* fsync() on all Append() calls
I0703 01:40:17.838783 13264 tablet_bootstrap.cc:427] T 5ce2098a78134ca29646d1cec9ed7c61 P 654e91af3cb64033a64c989ab937d69e: Bootstrap replayed 1/1 log segments. Stats: ops{read=3 overwritten=0 applied=1 ignored=0} inserts{seen=0 ignored=0} mutations{seen=0 ignored=0} orphaned_commits=0. Pending: 2 replicates
I0703 01:40:17.840240 13264 tablet_bootstrap.cc:427] T 5ce2098a78134ca29646d1cec9ed7c61 P 654e91af3cb64033a64c989ab937d69e: Bootstrap complete.
I0703 01:40:17.841519 13264 ts_tablet_manager.cc:1045] T 5ce2098a78134ca29646d1cec9ed7c61 P 654e91af3cb64033a64c989ab937d69e: Time spent bootstrapping tablet: real 0.036s user 0.006s sys 0.021s
I0703 01:40:17.853492 13264 raft_consensus.cc:325] T 5ce2098a78134ca29646d1cec9ed7c61 P 654e91af3cb64033a64c989ab937d69e [term 2 FOLLOWER]: Replica starting. Triggering 2 pending transactions. Active config: opid_index: -1 OBSOLETE_local: false peers { permanent_uuid: "bd5b113b657d4bdab1691cfc27ee69b5" member_type: VOTER last_known_addr { host: "127.5.240.197" port: 58456 } } peers { permanent_uuid: "654e91af3cb64033a64c989ab937d69e" member_type: VOTER last_known_addr { host: "127.5.240.193" port: 52067 } } peers { permanent_uuid: "29af252f1f394c1a8da721d528c7e0d5" member_type: VOTER last_known_addr { host: "127.5.240.194" port: 56471 } }
I0703 01:40:17.859907 13264 raft_consensus.cc:2849] T 5ce2098a78134ca29646d1cec9ed7c61 P 654e91af3cb64033a64c989ab937d69e [term 2 FOLLOWER]: Allowing unsafe config change even though there is a pending config! Existing pending config: opid_index: 2 OBSOLETE_local: false peers { permanent_uuid: "bd5b113b657d4bdab1691cfc27ee69b5" member_type: VOTER last_known_addr { host: "127.5.240.197" port: 58456 } } peers { permanent_uuid: "654e91af3cb64033a64c989ab937d69e" member_type: VOTER last_known_addr { host: "127.5.240.193" port: 52067 } }; New pending config: opid_index: 3 OBSOLETE_local: false peers { permanent_uuid: "654e91af3cb64033a64c989ab937d69e" member_type: VOTER last_known_addr { host: "127.5.240.193" port: 52067 } } unsafe_config_change: true
I0703 01:40:17.861125 13264 raft_consensus.cc:628] T 5ce2098a78134ca29646d1cec9ed7c61 P 654e91af3cb64033a64c989ab937d69e [term 2 FOLLOWER]: Becoming Follower/Learner. State: Replica: 654e91af3cb64033a64c989ab937d69e, State: Initialized, Role: FOLLOWER
I0703 01:40:17.861886 13264 consensus_queue.cc:227] T 5ce2098a78134ca29646d1cec9ed7c61 P 654e91af3cb64033a64c989ab937d69e [NON_LEADER]: Queue going to NON_LEADER mode. State: All replicated index: 0, Majority replicated index: 0, Committed index: 1, Last appended: 2.3, Last appended by leader: 3, Current term: 0, Majority size: -1, State: 0, Mode: NON_LEADER, active raft config: opid_index: 3 OBSOLETE_local: false peers { permanent_uuid: "654e91af3cb64033a64c989ab937d69e" member_type: VOTER last_known_addr { host: "127.5.240.193" port: 52067 } } unsafe_config_change: true
I0703 01:40:17.866722 13264 ts_tablet_manager.cc:1073] T 5ce2098a78134ca29646d1cec9ed7c61 P 654e91af3cb64033a64c989ab937d69e: Time spent starting tablet: real 0.025s user 0.011s sys 0.010s
I0703 01:40:17.920040 13249 rpc_server.cc:205] RPC server started. Bound to: 127.5.240.193:52067
I0703 01:40:17.920440 13249 webserver.cc:175] Starting webserver on 127.5.240.193:55739
I0703 01:40:17.920485 13249 webserver.cc:186] Document root disabled
I0703 01:40:17.921653 13249 webserver.cc:313] Webserver started. Bound to: http://127.5.240.193:55739/
I0703 01:40:17.922214 13249 server_base.cc:607] Dumped server information to /data/somelongdirectorytoavoidrpathissues/src/kudutest/kudu-admin-test.0.AdminCliTest.TestUnsafeChangeConfigWithPendingConfigsOnWAL.1530607157582131-6083/raft_consensus-itest-cluster/ts-0/data/info.pb
I0703 01:40:17.924015 13249 tablet_server_main.cc:93] Tablet server successfully started.
W0703 01:40:17.924008 13372 tablet.cc:1678] T 5ce2098a78134ca29646d1cec9ed7c61 P 654e91af3cb64033a64c989ab937d69e: Can't schedule compaction. Clean time has not been advanced past its initial value.
I0703 01:40:17.924804 6083 external_mini_cluster.cc:856] Started /data/somelongdirectorytoavoidrpathissues/src/kudu/build/asan/bin/kudu-tserver as pid 13249
I0703 01:40:17.935906 13371 heartbeater.cc:346] Connected to a master server at 127.5.240.254:33510
I0703 01:40:17.936097 13371 heartbeater.cc:426] Registering TS with master...
I0703 01:40:17.936471 13371 heartbeater.cc:475] Master 127.5.240.254:33510 requested a full tablet report, sending...
I0703 01:40:17.938002 13199 ts_manager.cc:104] Re-registered known tserver with Master: 654e91af3cb64033a64c989ab937d69e (127.5.240.193:52067)
I0703 01:40:17.939370 13199 master_service.cc:249] Signed X509 certificate for tserver {username='jenkins'} at 127.5.240.193:47098
I0703 01:40:18.942240 13371 heartbeater.cc:467] Master 127.5.240.254:33510 was elected leader, sending a full tablet report...
I0703 01:40:19.014286 13378 raft_consensus.cc:457] T 5ce2098a78134ca29646d1cec9ed7c61 P 654e91af3cb64033a64c989ab937d69e [term 2 FOLLOWER]: Starting pre-election (no leader contacted us within the election timeout)
I0703 01:40:19.014418 13378 raft_consensus.cc:2730] T 5ce2098a78134ca29646d1cec9ed7c61 P 654e91af3cb64033a64c989ab937d69e: Snoozing failure detection for 2.045s (starting election)
I0703 01:40:19.014533 13378 raft_consensus.cc:479] T 5ce2098a78134ca29646d1cec9ed7c61 P 654e91af3cb64033a64c989ab937d69e [term 2 FOLLOWER]: Starting pre-election with config: opid_index: 3 OBSOLETE_local: false peers { permanent_uuid: "654e91af3cb64033a64c989ab937d69e" member_type: VOTER last_known_addr { host: "127.5.240.193" port: 52067 } } unsafe_config_change: true
I0703 01:40:19.014950 13378 leader_election.cc:270] T 5ce2098a78134ca29646d1cec9ed7c61 P 654e91af3cb64033a64c989ab937d69e [CANDIDATE]: Term 3 pre-election: Election decided. Result: candidate won.
I0703 01:40:19.015408 13379 raft_consensus.cc:2730] T 5ce2098a78134ca29646d1cec9ed7c61 P 654e91af3cb64033a64c989ab937d69e: Snoozing failure detection for 1.770s (election complete)
I0703 01:40:19.015470 13379 raft_consensus.cc:2537] T 5ce2098a78134ca29646d1cec9ed7c61 P 654e91af3cb64033a64c989ab937d69e [term 2 FOLLOWER]: Leader pre-election won for term 3
I0703 01:40:19.015548 13379 raft_consensus.cc:457] T 5ce2098a78134ca29646d1cec9ed7c61 P 654e91af3cb64033a64c989ab937d69e [term 2 FOLLOWER]: Starting leader election (no leader contacted us within the election timeout)
I0703 01:40:19.015604 13379 raft_consensus.cc:2730] T 5ce2098a78134ca29646d1cec9ed7c61 P 654e91af3cb64033a64c989ab937d69e: Snoozing failure detection for 2.041s (starting election)
I0703 01:40:19.015686 13379 raft_consensus.cc:2782] T 5ce2098a78134ca29646d1cec9ed7c61 P 654e91af3cb64033a64c989ab937d69e [term 2 FOLLOWER]: Advancing to term 3
I0703 01:40:19.018055 13379 raft_consensus.cc:479] T 5ce2098a78134ca29646d1cec9ed7c61 P 654e91af3cb64033a64c989ab937d69e [term 3 FOLLOWER]: Starting leader election with config: opid_index: 3 OBSOLETE_local: false peers { permanent_uuid: "654e91af3cb64033a64c989ab937d69e" member_type: VOTER last_known_addr { host: "127.5.240.193" port: 52067 } } unsafe_config_change: true
I0703 01:40:19.018218 13379 leader_election.cc:270] T 5ce2098a78134ca29646d1cec9ed7c61 P 654e91af3cb64033a64c989ab937d69e [CANDIDATE]: Term 3 election: Election decided. Result: candidate won.
I0703 01:40:19.018401 13378 raft_consensus.cc:2730] T 5ce2098a78134ca29646d1cec9ed7c61 P 654e91af3cb64033a64c989ab937d69e: Snoozing failure detection for 1.640s (election complete)
I0703 01:40:19.018461 13378 raft_consensus.cc:2537] T 5ce2098a78134ca29646d1cec9ed7c61 P 654e91af3cb64033a64c989ab937d69e [term 3 FOLLOWER]: Leader election won for term 3
I0703 01:40:19.018604 13378 raft_consensus.cc:593] T 5ce2098a78134ca29646d1cec9ed7c61 P 654e91af3cb64033a64c989ab937d69e [term 3 LEADER]: Becoming Leader. State: Replica: 654e91af3cb64033a64c989ab937d69e, State: Running, Role: LEADER
I0703 01:40:19.018942 13378 consensus_queue.cc:204] T 5ce2098a78134ca29646d1cec9ed7c61 P 654e91af3cb64033a64c989ab937d69e [LEADER]: Queue going to LEADER mode. State: All replicated index: 0, Majority replicated index: 1, Committed index: 1, Last appended: 2.3, Last appended by leader: 3, Current term: 3, Majority size: 1, State: 0, Mode: LEADER, active raft config: opid_index: 3 OBSOLETE_local: false peers { permanent_uuid: "654e91af3cb64033a64c989ab937d69e" member_type: VOTER last_known_addr { host: "127.5.240.193" port: 52067 } } unsafe_config_change: true
I0703 01:40:19.020767 13378 raft_consensus.cc:2684] T 5ce2098a78134ca29646d1cec9ed7c61 P 654e91af3cb64033a64c989ab937d69e [term 3 LEADER]: Committing config change with OpId 1.2: config changed from index -1 to 2, VOTER 29af252f1f394c1a8da721d528c7e0d5 (127.5.240.194) evicted. New config: { opid_index: 2 OBSOLETE_local: false peers { permanent_uuid: "bd5b113b657d4bdab1691cfc27ee69b5" member_type: VOTER last_known_addr { host: "127.5.240.197" port: 58456 } } peers { permanent_uuid: "654e91af3cb64033a64c989ab937d69e" member_type: VOTER last_known_addr { host: "127.5.240.193" port: 52067 } } }
I0703 01:40:19.021737 13199 catalog_manager.cc:3798] T 5ce2098a78134ca29646d1cec9ed7c61 P 654e91af3cb64033a64c989ab937d69e reported cstate change: term changed from 1 to 3, now has a pending config: VOTER 654e91af3cb64033a64c989ab937d69e (127.5.240.193). New cstate: current_term: 3 leader_uuid: "654e91af3cb64033a64c989ab937d69e" committed_config { opid_index: -1 OBSOLETE_local: false peers { permanent_uuid: "bd5b113b657d4bdab1691cfc27ee69b5" member_type: VOTER last_known_addr { host: "127.5.240.197" port: 58456 } } peers { permanent_uuid: "654e91af3cb64033a64c989ab937d69e" member_type: VOTER last_known_addr { host: "127.5.240.193" port: 52067 } health_report { overall_health: HEALTHY } } peers { permanent_uuid: "29af252f1f394c1a8da721d528c7e0d5" member_type: VOTER last_known_addr { host: "127.5.240.194" port: 56471 } } } pending_config { opid_index: 3 OBSOLETE_local: false peers { permanent_uuid: "654e91af3cb64033a64c989ab937d69e" member_type: VOTER last_known_addr { host: "127.5.240.193" port: 52067 } } unsafe_config_change: true }
I0703 01:40:19.022830 13378 raft_consensus.cc:2684] T 5ce2098a78134ca29646d1cec9ed7c61 P 654e91af3cb64033a64c989ab937d69e [term 3 LEADER]: Committing config change with OpId 2.3: config changed from index -1 to 3, VOTER 29af252f1f394c1a8da721d528c7e0d5 (127.5.240.194) evicted, VOTER bd5b113b657d4bdab1691cfc27ee69b5 (127.5.240.197) evicted. New config: { opid_index: 3 OBSOLETE_local: false peers { permanent_uuid: "654e91af3cb64033a64c989ab937d69e" member_type: VOTER last_known_addr { host: "127.5.240.193" port: 52067 } } unsafe_config_change: true }
I0703 01:40:19.030540 13199 catalog_manager.cc:3798] T 5ce2098a78134ca29646d1cec9ed7c61 P 654e91af3cb64033a64c989ab937d69e reported cstate change: config changed from index -1 to 3, VOTER 29af252f1f394c1a8da721d528c7e0d5 (127.5.240.194) evicted, VOTER bd5b113b657d4bdab1691cfc27ee69b5 (127.5.240.197) evicted, no longer has a pending config: VOTER 654e91af3cb64033a64c989ab937d69e (127.5.240.193). New cstate: current_term: 3 leader_uuid: "654e91af3cb64033a64c989ab937d69e" committed_config { opid_index: 3 OBSOLETE_local: false peers { permanent_uuid: "654e91af3cb64033a64c989ab937d69e" member_type: VOTER last_known_addr { host: "127.5.240.193" port: 52067 } health_report { overall_health: HEALTHY } } unsafe_config_change: true }
I0703 01:40:19.032589 13199 catalog_manager.cc:2903] Scheduling retry of 5ce2098a78134ca29646d1cec9ed7c61 Delete Tablet RPC for TS=bd5b113b657d4bdab1691cfc27ee69b5 with a delay of 26 ms (attempt = 1)
W0703 01:40:19.032681 13199 catalog_manager.cc:3957] Failed to send 5ce2098a78134ca29646d1cec9ed7c61 Delete Tablet RPC for TS=bd5b113b657d4bdab1691cfc27ee69b5: Not found: failed to reset TS proxy: Could not find TS for UUID bd5b113b657d4bdab1691cfc27ee69b5
I0703 01:40:19.032771 13199 catalog_manager.cc:2903] Scheduling retry of 5ce2098a78134ca29646d1cec9ed7c61 Delete Tablet RPC for TS=29af252f1f394c1a8da721d528c7e0d5 with a delay of 21 ms (attempt = 1)
W0703 01:40:19.032831 13199 catalog_manager.cc:3957] Failed to send 5ce2098a78134ca29646d1cec9ed7c61 Delete Tablet RPC for TS=29af252f1f394c1a8da721d528c7e0d5: Not found: failed to reset TS proxy: Could not find TS for UUID 29af252f1f394c1a8da721d528c7e0d5
I0703 01:40:19.033195 13199 catalog_manager.cc:3437] Sending ChangeConfig:ADD_PEER:NON_VOTER on tablet 5ce2098a78134ca29646d1cec9ed7c61 (attempt 1)
I0703 01:40:19.039615 13328 consensus_queue.cc:204] T 5ce2098a78134ca29646d1cec9ed7c61 P 654e91af3cb64033a64c989ab937d69e [LEADER]: Queue going to LEADER mode. State: All replicated index: 0, Majority replicated index: 4, Committed index: 4, Last appended: 3.4, Last appended by leader: 3, Current term: 3, Majority size: 1, State: 0, Mode: LEADER, active raft config: opid_index: 5 OBSOLETE_local: false peers { permanent_uuid: "654e91af3cb64033a64c989ab937d69e" member_type: VOTER last_known_addr { host: "127.5.240.193" port: 52067 } } peers { permanent_uuid: "e024b7ef889942f3b5c09f699d28f932" member_type: NON_VOTER last_known_addr { host: "127.5.240.195" port: 49918 } attrs { promote: true } } unsafe_config_change: true
I0703 01:40:19.040949 13378 raft_consensus.cc:2684] T 5ce2098a78134ca29646d1cec9ed7c61 P 654e91af3cb64033a64c989ab937d69e [term 3 LEADER]: Committing config change with OpId 3.5: config changed from index 3 to 5, NON_VOTER e024b7ef889942f3b5c09f699d28f932 (127.5.240.195) added. New config: { opid_index: 5 OBSOLETE_local: false peers { permanent_uuid: "654e91af3cb64033a64c989ab937d69e" member_type: VOTER last_known_addr { host: "127.5.240.193" port: 52067 } } peers { permanent_uuid: "e024b7ef889942f3b5c09f699d28f932" member_type: NON_VOTER last_known_addr { host: "127.5.240.195" port: 49918 } attrs { promote: true } } unsafe_config_change: true }
I0703 01:40:19.043716 13180 catalog_manager.cc:3352] ChangeConfig:ADD_PEER:NON_VOTER RPC for tablet 5ce2098a78134ca29646d1cec9ed7c61 with cas_config_opid_index 3: ChangeConfig:ADD_PEER:NON_VOTER succeeded (attempt 1)
I0703 01:40:19.044675 13199 catalog_manager.cc:3798] T 5ce2098a78134ca29646d1cec9ed7c61 P 654e91af3cb64033a64c989ab937d69e reported cstate change: config changed from index 3 to 5, NON_VOTER e024b7ef889942f3b5c09f699d28f932 (127.5.240.195) added. New cstate: current_term: 3 leader_uuid: "654e91af3cb64033a64c989ab937d69e" committed_config { opid_index: 5 OBSOLETE_local: false peers { permanent_uuid: "654e91af3cb64033a64c989ab937d69e" member_type: VOTER last_known_addr { host: "127.5.240.193" port: 52067 } health_report { overall_health: HEALTHY } } peers { permanent_uuid: "e024b7ef889942f3b5c09f699d28f932" member_type: NON_VOTER last_known_addr { host: "127.5.240.195" port: 49918 } attrs { promote: true } health_report { overall_health: UNKNOWN } } unsafe_config_change: true }
I0703 01:40:19.046792 13199 catalog_manager.cc:3437] Sending ChangeConfig:ADD_PEER:NON_VOTER on tablet 5ce2098a78134ca29646d1cec9ed7c61 (attempt 1)
I0703 01:40:19.047703 13328 consensus_peers.cc:455] T 5ce2098a78134ca29646d1cec9ed7c61 P 654e91af3cb64033a64c989ab937d69e -> Peer e024b7ef889942f3b5c09f699d28f932 (127.5.240.195:49918): Closing peer: e024b7ef889942f3b5c09f699d28f932
I0703 01:40:19.047888 13328 consensus_queue.cc:204] T 5ce2098a78134ca29646d1cec9ed7c61 P 654e91af3cb64033a64c989ab937d69e [LEADER]: Queue going to LEADER mode. State: All replicated index: 0, Majority replicated index: 5, Committed index: 5, Last appended: 3.5, Last appended by leader: 3, Current term: 3, Majority size: 1, State: 0, Mode: LEADER, active raft config: opid_index: 6 OBSOLETE_local: false peers { permanent_uuid: "654e91af3cb64033a64c989ab937d69e" member_type: VOTER last_known_addr { host: "127.5.240.193" port: 52067 } } peers { permanent_uuid: "e024b7ef889942f3b5c09f699d28f932" member_type: NON_VOTER last_known_addr { host: "127.5.240.195" port: 49918 } attrs { promote: true } } peers { permanent_uuid: "4610b121814a4c109a1458de7333ab01" member_type: NON_VOTER last_known_addr { host: "127.5.240.196" port: 40959 } attrs { promote: true } } unsafe_config_change: true
I0703 01:40:19.049538 13378 raft_consensus.cc:2684] T 5ce2098a78134ca29646d1cec9ed7c61 P 654e91af3cb64033a64c989ab937d69e [term 3 LEADER]: Committing config change with OpId 3.6: config changed from index 5 to 6, NON_VOTER 4610b121814a4c109a1458de7333ab01 (127.5.240.196) added. New config: { opid_index: 6 OBSOLETE_local: false peers { permanent_uuid: "654e91af3cb64033a64c989ab937d69e" member_type: VOTER last_known_addr { host: "127.5.240.193" port: 52067 } } peers { permanent_uuid: "e024b7ef889942f3b5c09f699d28f932" member_type: NON_VOTER last_known_addr { host: "127.5.240.195" port: 49918 } attrs { promote: true } } peers { permanent_uuid: "4610b121814a4c109a1458de7333ab01" member_type: NON_VOTER last_known_addr { host: "127.5.240.196" port: 40959 } attrs { promote: true } } unsafe_config_change: true }
W0703 01:40:19.050835 13257 consensus_peers.cc:433] T 5ce2098a78134ca29646d1cec9ed7c61 P 654e91af3cb64033a64c989ab937d69e -> Peer e024b7ef889942f3b5c09f699d28f932 (127.5.240.195:49918): Couldn't send request to peer e024b7ef889942f3b5c09f699d28f932 for tablet 5ce2098a78134ca29646d1cec9ed7c61. Error code: TABLET_NOT_FOUND (6). Status: Not found: Tablet not found: 5ce2098a78134ca29646d1cec9ed7c61. Retrying in the next heartbeat period. Already tried 1 times.
I0703 01:40:19.052186 13180 catalog_manager.cc:3352] ChangeConfig:ADD_PEER:NON_VOTER RPC for tablet 5ce2098a78134ca29646d1cec9ed7c61 with cas_config_opid_index 5: ChangeConfig:ADD_PEER:NON_VOTER succeeded (attempt 1)
I0703 01:40:19.053113 13199 catalog_manager.cc:3798] T 5ce2098a78134ca29646d1cec9ed7c61 P 654e91af3cb64033a64c989ab937d69e reported cstate change: config changed from index 5 to 6, NON_VOTER 4610b121814a4c109a1458de7333ab01 (127.5.240.196) added. New cstate: current_term: 3 leader_uuid: "654e91af3cb64033a64c989ab937d69e" committed_config { opid_index: 6 OBSOLETE_local: false peers { permanent_uuid: "654e91af3cb64033a64c989ab937d69e" member_type: VOTER last_known_addr { host: "127.5.240.193" port: 52067 } health_report { overall_health: HEALTHY } } peers { permanent_uuid: "e024b7ef889942f3b5c09f699d28f932" member_type: NON_VOTER last_known_addr { host: "127.5.240.195" port: 49918 } attrs { promote: true } health_report { overall_health: UNKNOWN } } peers { permanent_uuid: "4610b121814a4c109a1458de7333ab01" member_type: NON_VOTER last_known_addr { host: "127.5.240.196" port: 40959 } attrs { promote: true } health_report { overall_health: UNKNOWN } } unsafe_config_change: true }
I0703 01:40:19.054214 13182 catalog_manager.cc:2903] Scheduling retry of 5ce2098a78134ca29646d1cec9ed7c61 Delete Tablet RPC for TS=29af252f1f394c1a8da721d528c7e0d5 with a delay of 50 ms (attempt = 2)
W0703 01:40:19.054342 13182 catalog_manager.cc:2922] Async tablet task 5ce2098a78134ca29646d1cec9ed7c61 Delete Tablet RPC for TS=29af252f1f394c1a8da721d528c7e0d5 failed: Not found: failed to reset TS proxy: Could not find TS for UUID 29af252f1f394c1a8da721d528c7e0d5
W0703 01:40:19.057763 13256 consensus_peers.cc:433] T 5ce2098a78134ca29646d1cec9ed7c61 P 654e91af3cb64033a64c989ab937d69e -> Peer 4610b121814a4c109a1458de7333ab01 (127.5.240.196:40959): Couldn't send request to peer 4610b121814a4c109a1458de7333ab01 for tablet 5ce2098a78134ca29646d1cec9ed7c61. Error code: TABLET_NOT_FOUND (6). Status: Not found: Tablet not found: 5ce2098a78134ca29646d1cec9ed7c61. Retrying in the next heartbeat period. Already tried 1 times.
I0703 01:40:19.059490 13180 catalog_manager.cc:2903] Scheduling retry of 5ce2098a78134ca29646d1cec9ed7c61 Delete Tablet RPC for TS=bd5b113b657d4bdab1691cfc27ee69b5 with a delay of 43 ms (attempt = 2)
W0703 01:40:19.059558 13180 catalog_manager.cc:2922] Async tablet task 5ce2098a78134ca29646d1cec9ed7c61 Delete Tablet RPC for TS=bd5b113b657d4bdab1691cfc27ee69b5 failed: Not found: failed to reset TS proxy: Could not find TS for UUID bd5b113b657d4bdab1691cfc27ee69b5
I0703 01:40:19.103132 13180 catalog_manager.cc:2903] Scheduling retry of 5ce2098a78134ca29646d1cec9ed7c61 Delete Tablet RPC for TS=bd5b113b657d4bdab1691cfc27ee69b5 with a delay of 106 ms (attempt = 3)
W0703 01:40:19.103186 13180 catalog_manager.cc:2922] Async tablet task 5ce2098a78134ca29646d1cec9ed7c61 Delete Tablet RPC for TS=bd5b113b657d4bdab1691cfc27ee69b5 failed: Not found: failed to reset TS proxy: Could not find TS for UUID bd5b113b657d4bdab1691cfc27ee69b5
I0703 01:40:19.105006 13182 catalog_manager.cc:2903] Scheduling retry of 5ce2098a78134ca29646d1cec9ed7c61 Delete Tablet RPC for TS=29af252f1f394c1a8da721d528c7e0d5 with a delay of 96 ms (attempt = 3)
W0703 01:40:19.105072 13182 catalog_manager.cc:2922] Async tablet task 5ce2098a78134ca29646d1cec9ed7c61 Delete Tablet RPC for TS=29af252f1f394c1a8da721d528c7e0d5 failed: Not found: failed to reset TS proxy: Could not find TS for UUID 29af252f1f394c1a8da721d528c7e0d5
I0703 01:40:19.201761 13182 catalog_manager.cc:2903] Scheduling retry of 5ce2098a78134ca29646d1cec9ed7c61 Delete Tablet RPC for TS=29af252f1f394c1a8da721d528c7e0d5 with a delay of 174 ms (attempt = 4)
W0703 01:40:19.201827 13182 catalog_manager.cc:2922] Async tablet task 5ce2098a78134ca29646d1cec9ed7c61 Delete Tablet RPC for TS=29af252f1f394c1a8da721d528c7e0d5 failed: Not found: failed to reset TS proxy: Could not find TS for UUID 29af252f1f394c1a8da721d528c7e0d5
I0703 01:40:19.209879 13180 catalog_manager.cc:2903] Scheduling retry of 5ce2098a78134ca29646d1cec9ed7c61 Delete Tablet RPC for TS=bd5b113b657d4bdab1691cfc27ee69b5 with a delay of 157 ms (attempt = 4)
W0703 01:40:19.209935 13180 catalog_manager.cc:2922] Async tablet task 5ce2098a78134ca29646d1cec9ed7c61 Delete Tablet RPC for TS=bd5b113b657d4bdab1691cfc27ee69b5 failed: Not found: failed to reset TS proxy: Could not find TS for UUID bd5b113b657d4bdab1691cfc27ee69b5
I0703 01:40:19.367631 13180 catalog_manager.cc:2903] Scheduling retry of 5ce2098a78134ca29646d1cec9ed7c61 Delete Tablet RPC for TS=bd5b113b657d4bdab1691cfc27ee69b5 with a delay of 277 ms (attempt = 5)
W0703 01:40:19.367688 13180 catalog_manager.cc:2922] Async tablet task 5ce2098a78134ca29646d1cec9ed7c61 Delete Tablet RPC for TS=bd5b113b657d4bdab1691cfc27ee69b5 failed: Not found: failed to reset TS proxy: Could not find TS for UUID bd5b113b657d4bdab1691cfc27ee69b5
I0703 01:40:19.376415 13182 catalog_manager.cc:2903] Scheduling retry of 5ce2098a78134ca29646d1cec9ed7c61 Delete Tablet RPC for TS=29af252f1f394c1a8da721d528c7e0d5 with a delay of 276 ms (attempt = 5)
W0703 01:40:19.376471 13182 catalog_manager.cc:2922] Async tablet task 5ce2098a78134ca29646d1cec9ed7c61 Delete Tablet RPC for TS=29af252f1f394c1a8da721d528c7e0d5 failed: Not found: failed to reset TS proxy: Could not find TS for UUID 29af252f1f394c1a8da721d528c7e0d5
I0703 01:40:19.594889 13391 ts_tablet_manager.cc:669] T 5ce2098a78134ca29646d1cec9ed7c61 P e024b7ef889942f3b5c09f699d28f932: Initiating tablet copy from peer 654e91af3cb64033a64c989ab937d69e (127.5.240.193:52067)
I0703 01:40:19.595137 13391 tablet_copy_client.cc:239] T 5ce2098a78134ca29646d1cec9ed7c61 P e024b7ef889942f3b5c09f699d28f932: tablet copy: Beginning tablet copy session from remote peer at address 127.5.240.193:52067
I0703 01:40:19.600360 13348 tablet_copy_service.cc:135] P 654e91af3cb64033a64c989ab937d69e: Received BeginTabletCopySession request for tablet 5ce2098a78134ca29646d1cec9ed7c61 from peer e024b7ef889942f3b5c09f699d28f932 ({username='jenkins'} at 127.5.240.195:39399)
I0703 01:40:19.600507 13348 tablet_copy_service.cc:156] P 654e91af3cb64033a64c989ab937d69e: Beginning new tablet copy session on tablet 5ce2098a78134ca29646d1cec9ed7c61 from peer e024b7ef889942f3b5c09f699d28f932 at {username='jenkins'} at 127.5.240.195:39399: session id = e024b7ef889942f3b5c09f699d28f932-5ce2098a78134ca29646d1cec9ed7c61
I0703 01:40:19.602418 13348 tablet_copy_source_session.cc:202] T 5ce2098a78134ca29646d1cec9ed7c61 P 654e91af3cb64033a64c989ab937d69e: Tablet Copy: opened 0 blocks and 1 log segments
I0703 01:40:19.605232 13391 data_dirs.cc:934] Could only allocate 1 dirs of requested 3 for tablet 5ce2098a78134ca29646d1cec9ed7c61. 1 dirs total, 0 dirs full, 0 dirs failed
I0703 01:40:19.615515 13391 ts_tablet_manager.cc:1173] T 5ce2098a78134ca29646d1cec9ed7c61 P e024b7ef889942f3b5c09f699d28f932: Registered tablet (data state: TABLET_DATA_COPYING)
I0703 01:40:19.615759 13391 tablet_copy_client.cc:566] T 5ce2098a78134ca29646d1cec9ed7c61 P e024b7ef889942f3b5c09f699d28f932: tablet copy: Starting download of 0 data blocks...
I0703 01:40:19.615970 13391 tablet_copy_client.cc:529] T 5ce2098a78134ca29646d1cec9ed7c61 P e024b7ef889942f3b5c09f699d28f932: tablet copy: Starting download of 1 WAL segments...
I0703 01:40:19.617544 13391 tablet_copy_client.cc:405] T 5ce2098a78134ca29646d1cec9ed7c61 P e024b7ef889942f3b5c09f699d28f932: tablet copy: Tablet Copy complete. Replacing tablet superblock.
I0703 01:40:19.619220 13391 ts_tablet_manager.cc:1028] T 5ce2098a78134ca29646d1cec9ed7c61 P e024b7ef889942f3b5c09f699d28f932: Bootstrapping tablet
I0703 01:40:19.619437 13391 tablet_bootstrap.cc:427] T 5ce2098a78134ca29646d1cec9ed7c61 P e024b7ef889942f3b5c09f699d28f932: Bootstrap starting.
I0703 01:40:19.624140 13391 log.cc:525] T 5ce2098a78134ca29646d1cec9ed7c61 P e024b7ef889942f3b5c09f699d28f932: Log is configured to *not* fsync() on all Append() calls
I0703 01:40:19.628898 13391 tablet_bootstrap.cc:427] T 5ce2098a78134ca29646d1cec9ed7c61 P e024b7ef889942f3b5c09f699d28f932: Bootstrap replayed 1/1 log segments. Stats: ops{read=6 overwritten=0 applied=6 ignored=0} inserts{seen=0 ignored=0} mutations{seen=0 ignored=0} orphaned_commits=0. Pending: 0 replicates
I0703 01:40:19.629237 13391 tablet_bootstrap.cc:427] T 5ce2098a78134ca29646d1cec9ed7c61 P e024b7ef889942f3b5c09f699d28f932: Bootstrap complete.
I0703 01:40:19.629444 13391 ts_tablet_manager.cc:1045] T 5ce2098a78134ca29646d1cec9ed7c61 P e024b7ef889942f3b5c09f699d28f932: Time spent bootstrapping tablet: real 0.010s user 0.004s sys 0.005s
I0703 01:40:19.635184 13391 raft_consensus.cc:325] T 5ce2098a78134ca29646d1cec9ed7c61 P e024b7ef889942f3b5c09f699d28f932 [term 3 LEARNER]: Replica starting. Triggering 0 pending transactions. Active config: opid_index: 6 OBSOLETE_local: false peers { permanent_uuid: "654e91af3cb64033a64c989ab937d69e" member_type: VOTER last_known_addr { host: "127.5.240.193" port: 52067 } } peers { permanent_uuid: "e024b7ef889942f3b5c09f699d28f932" member_type: NON_VOTER last_known_addr { host: "127.5.240.195" port: 49918 } attrs { promote: true } } peers { permanent_uuid: "4610b121814a4c109a1458de7333ab01" member_type: NON_VOTER last_known_addr { host: "127.5.240.196" port: 40959 } attrs { promote: true } } unsafe_config_change: true
I0703 01:40:19.635470 13391 raft_consensus.cc:628] T 5ce2098a78134ca29646d1cec9ed7c61 P e024b7ef889942f3b5c09f699d28f932 [term 3 LEARNER]: Becoming Follower/Learner. State: Replica: e024b7ef889942f3b5c09f699d28f932, State: Initialized, Role: LEARNER
I0703 01:40:19.635735 13391 consensus_queue.cc:227] T 5ce2098a78134ca29646d1cec9ed7c61 P e024b7ef889942f3b5c09f699d28f932 [NON_LEADER]: Queue going to NON_LEADER mode. State: All replicated index: 0, Majority replicated index: 0, Committed index: 6, Last appended: 3.6, Last appended by leader: 6, Current term: 0, Majority size: -1, State: 0, Mode: NON_LEADER, active raft config: opid_index: 6 OBSOLETE_local: false peers { permanent_uuid: "654e91af3cb64033a64c989ab937d69e" member_type: VOTER last_known_addr { host: "127.5.240.193" port: 52067 } } peers { permanent_uuid: "e024b7ef889942f3b5c09f699d28f932" member_type: NON_VOTER last_known_addr { host: "127.5.240.195" port: 49918 } attrs { promote: true } } peers { permanent_uuid: "4610b121814a4c109a1458de7333ab01" member_type: NON_VOTER last_known_addr { host: "127.5.240.196" port: 40959 } attrs { promote: true } } unsafe_config_change: true
I0703 01:40:19.637470 13391 ts_tablet_manager.cc:1073] T 5ce2098a78134ca29646d1cec9ed7c61 P e024b7ef889942f3b5c09f699d28f932: Time spent starting tablet: real 0.008s user 0.004s sys 0.004s
I0703 01:40:19.638166 13348 tablet_copy_service.cc:325] P 654e91af3cb64033a64c989ab937d69e: Request end of tablet copy session e024b7ef889942f3b5c09f699d28f932-5ce2098a78134ca29646d1cec9ed7c61 received from {username='jenkins'} at 127.5.240.195:39399
I0703 01:40:19.638264 13348 tablet_copy_service.cc:413] P 654e91af3cb64033a64c989ab937d69e: ending tablet copy session e024b7ef889942f3b5c09f699d28f932-5ce2098a78134ca29646d1cec9ed7c61 on tablet 5ce2098a78134ca29646d1cec9ed7c61 with peer e024b7ef889942f3b5c09f699d28f932
I0703 01:40:19.645840 13180 catalog_manager.cc:2903] Scheduling retry of 5ce2098a78134ca29646d1cec9ed7c61 Delete Tablet RPC for TS=bd5b113b657d4bdab1691cfc27ee69b5 with a delay of 546 ms (attempt = 6)
W0703 01:40:19.645915 13180 catalog_manager.cc:2922] Async tablet task 5ce2098a78134ca29646d1cec9ed7c61 Delete Tablet RPC for TS=bd5b113b657d4bdab1691cfc27ee69b5 failed: Not found: failed to reset TS proxy: Could not find TS for UUID bd5b113b657d4bdab1691cfc27ee69b5
I0703 01:40:19.646417 13396 ts_tablet_manager.cc:669] T 5ce2098a78134ca29646d1cec9ed7c61 P 4610b121814a4c109a1458de7333ab01: Initiating tablet copy from peer 654e91af3cb64033a64c989ab937d69e (127.5.240.193:52067)
I0703 01:40:19.646670 13396 tablet_copy_client.cc:239] T 5ce2098a78134ca29646d1cec9ed7c61 P 4610b121814a4c109a1458de7333ab01: tablet copy: Beginning tablet copy session from remote peer at address 127.5.240.193:52067
I0703 01:40:19.650907 13348 tablet_copy_service.cc:135] P 654e91af3cb64033a64c989ab937d69e: Received BeginTabletCopySession request for tablet 5ce2098a78134ca29646d1cec9ed7c61 from peer 4610b121814a4c109a1458de7333ab01 ({username='jenkins'} at 127.5.240.196:51971)
I0703 01:40:19.650991 13348 tablet_copy_service.cc:156] P 654e91af3cb64033a64c989ab937d69e: Beginning new tablet copy session on tablet 5ce2098a78134ca29646d1cec9ed7c61 from peer 4610b121814a4c109a1458de7333ab01 at {username='jenkins'} at 127.5.240.196:51971: session id = 4610b121814a4c109a1458de7333ab01-5ce2098a78134ca29646d1cec9ed7c61
I0703 01:40:19.652534 13348 tablet_copy_source_session.cc:202] T 5ce2098a78134ca29646d1cec9ed7c61 P 654e91af3cb64033a64c989ab937d69e: Tablet Copy: opened 0 blocks and 1 log segments
I0703 01:40:19.653628 13182 catalog_manager.cc:2903] Scheduling retry of 5ce2098a78134ca29646d1cec9ed7c61 Delete Tablet RPC for TS=29af252f1f394c1a8da721d528c7e0d5 with a delay of 534 ms (attempt = 6)
W0703 01:40:19.653697 13182 catalog_manager.cc:2922] Async tablet task 5ce2098a78134ca29646d1cec9ed7c61 Delete Tablet RPC for TS=29af252f1f394c1a8da721d528c7e0d5 failed: Not found: failed to reset TS proxy: Could not find TS for UUID 29af252f1f394c1a8da721d528c7e0d5
I0703 01:40:19.655061 13396 data_dirs.cc:934] Could only allocate 1 dirs of requested 3 for tablet 5ce2098a78134ca29646d1cec9ed7c61. 1 dirs total, 0 dirs full, 0 dirs failed
I0703 01:40:19.665228 13396 ts_tablet_manager.cc:1173] T 5ce2098a78134ca29646d1cec9ed7c61 P 4610b121814a4c109a1458de7333ab01: Registered tablet (data state: TABLET_DATA_COPYING)
I0703 01:40:19.665488 13396 tablet_copy_client.cc:566] T 5ce2098a78134ca29646d1cec9ed7c61 P 4610b121814a4c109a1458de7333ab01: tablet copy: Starting download of 0 data blocks...
I0703 01:40:19.665756 13396 tablet_copy_client.cc:529] T 5ce2098a78134ca29646d1cec9ed7c61 P 4610b121814a4c109a1458de7333ab01: tablet copy: Starting download of 1 WAL segments...
I0703 01:40:19.667156 13396 tablet_copy_client.cc:405] T 5ce2098a78134ca29646d1cec9ed7c61 P 4610b121814a4c109a1458de7333ab01: tablet copy: Tablet Copy complete. Replacing tablet superblock.
I0703 01:40:19.668821 13396 ts_tablet_manager.cc:1028] T 5ce2098a78134ca29646d1cec9ed7c61 P 4610b121814a4c109a1458de7333ab01: Bootstrapping tablet
I0703 01:40:19.669034 13396 tablet_bootstrap.cc:427] T 5ce2098a78134ca29646d1cec9ed7c61 P 4610b121814a4c109a1458de7333ab01: Bootstrap starting.
I0703 01:40:19.673372 13396 log.cc:525] T 5ce2098a78134ca29646d1cec9ed7c61 P 4610b121814a4c109a1458de7333ab01: Log is configured to *not* fsync() on all Append() calls
I0703 01:40:19.677817 13396 tablet_bootstrap.cc:427] T 5ce2098a78134ca29646d1cec9ed7c61 P 4610b121814a4c109a1458de7333ab01: Bootstrap replayed 1/1 log segments. Stats: ops{read=6 overwritten=0 applied=6 ignored=0} inserts{seen=0 ignored=0} mutations{seen=0 ignored=0} orphaned_commits=0. Pending: 0 replicates
I0703 01:40:19.678531 13396 tablet_bootstrap.cc:427] T 5ce2098a78134ca29646d1cec9ed7c61 P 4610b121814a4c109a1458de7333ab01: Bootstrap complete.
I0703 01:40:19.678766 13396 ts_tablet_manager.cc:1045] T 5ce2098a78134ca29646d1cec9ed7c61 P 4610b121814a4c109a1458de7333ab01: Time spent bootstrapping tablet: real 0.010s user 0.006s sys 0.004s
I0703 01:40:19.683492 13396 raft_consensus.cc:325] T 5ce2098a78134ca29646d1cec9ed7c61 P 4610b121814a4c109a1458de7333ab01 [term 3 LEARNER]: Replica starting. Triggering 0 pending transactions. Active config: opid_index: 6 OBSOLETE_local: false peers { permanent_uuid: "654e91af3cb64033a64c989ab937d69e" member_type: VOTER last_known_addr { host: "127.5.240.193" port: 52067 } } peers { permanent_uuid: "e024b7ef889942f3b5c09f699d28f932" member_type: NON_VOTER last_known_addr { host: "127.5.240.195" port: 49918 } attrs { promote: true } } peers { permanent_uuid: "4610b121814a4c109a1458de7333ab01" member_type: NON_VOTER last_known_addr { host: "127.5.240.196" port: 40959 } attrs { promote: true } } unsafe_config_change: true
I0703 01:40:19.683805 13396 raft_consensus.cc:628] T 5ce2098a78134ca29646d1cec9ed7c61 P 4610b121814a4c109a1458de7333ab01 [term 3 LEARNER]: Becoming Follower/Learner. State: Replica: 4610b121814a4c109a1458de7333ab01, State: Initialized, Role: LEARNER
I0703 01:40:19.684051 13396 consensus_queue.cc:227] T 5ce2098a78134ca29646d1cec9ed7c61 P 4610b121814a4c109a1458de7333ab01 [NON_LEADER]: Queue going to NON_LEADER mode. State: All replicated index: 0, Majority replicated index: 0, Committed index: 6, Last appended: 3.6, Last appended by leader: 6, Current term: 0, Majority size: -1, State: 0, Mode: NON_LEADER, active raft config: opid_index: 6 OBSOLETE_local: false peers { permanent_uuid: "654e91af3cb64033a64c989ab937d69e" member_type: VOTER last_known_addr { host: "127.5.240.193" port: 52067 } } peers { permanent_uuid: "e024b7ef889942f3b5c09f699d28f932" member_type: NON_VOTER last_known_addr { host: "127.5.240.195" port: 49918 } attrs { promote: true } } peers { permanent_uuid: "4610b121814a4c109a1458de7333ab01" member_type: NON_VOTER last_known_addr { host: "127.5.240.196" port: 40959 } attrs { promote: true } } unsafe_config_change: true
I0703 01:40:19.685806 13396 ts_tablet_manager.cc:1073] T 5ce2098a78134ca29646d1cec9ed7c61 P 4610b121814a4c109a1458de7333ab01: Time spent starting tablet: real 0.007s user 0.006s sys 0.001s
