I0703 01:40:09.025009 11822 consensus_queue.cc:204] T aa3ae539f4c6418496bbb47ff00cb47e P ea5f6a64e88b44c58375146ddaaac0b5 [LEADER]: Queue going to LEADER mode. State: All replicated index: 0, Majority replicated index: 5, Committed index: 5, Last appended: 3.5, Last appended by leader: 0, Current term: 3, Majority size: 1, State: 0, Mode: LEADER, active raft config: opid_index: 6 OBSOLETE_local: false peers { permanent_uuid: "ea5f6a64e88b44c58375146ddaaac0b5" member_type: VOTER last_known_addr { host: "127.5.240.194" port: 37351 } } peers { permanent_uuid: "7e8e64942ea3471ab77a706b397f0c4f" member_type: NON_VOTER last_known_addr { host: "127.5.240.195" port: 41189 } attrs { promote: true } } peers { permanent_uuid: "ee1b80f8727c4321a63259acf818aff8" member_type: NON_VOTER last_known_addr { host: "127.5.240.193" port: 46472 } attrs { promote: true } } unsafe_config_change: true
I0703 01:40:09.026204 12384 raft_consensus.cc:2684] T aa3ae539f4c6418496bbb47ff00cb47e P ea5f6a64e88b44c58375146ddaaac0b5 [term 3 LEADER]: Committing config change with OpId 3.6: config changed from index 5 to 6, NON_VOTER ee1b80f8727c4321a63259acf818aff8 (127.5.240.193) added. New config: { opid_index: 6 OBSOLETE_local: false peers { permanent_uuid: "ea5f6a64e88b44c58375146ddaaac0b5" member_type: VOTER last_known_addr { host: "127.5.240.194" port: 37351 } } peers { permanent_uuid: "7e8e64942ea3471ab77a706b397f0c4f" member_type: NON_VOTER last_known_addr { host: "127.5.240.195" port: 41189 } attrs { promote: true } } peers { permanent_uuid: "ee1b80f8727c4321a63259acf818aff8" member_type: NON_VOTER last_known_addr { host: "127.5.240.193" port: 46472 } attrs { promote: true } } unsafe_config_change: true }
W0703 01:40:09.027638 11754 consensus_peers.cc:433] T aa3ae539f4c6418496bbb47ff00cb47e P ea5f6a64e88b44c58375146ddaaac0b5 -> Peer 7e8e64942ea3471ab77a706b397f0c4f (127.5.240.195:41189): Couldn't send request to peer 7e8e64942ea3471ab77a706b397f0c4f for tablet aa3ae539f4c6418496bbb47ff00cb47e. Error code: TABLET_NOT_FOUND (6). Status: Not found: Tablet not found: aa3ae539f4c6418496bbb47ff00cb47e. Retrying in the next heartbeat period. Already tried 1 times.
I0703 01:40:09.028645 12283 catalog_manager.cc:3352] ChangeConfig:ADD_PEER:NON_VOTER RPC for tablet aa3ae539f4c6418496bbb47ff00cb47e with cas_config_opid_index 5: ChangeConfig:ADD_PEER:NON_VOTER succeeded (attempt 1)
I0703 01:40:09.030750 12301 catalog_manager.cc:3798] T aa3ae539f4c6418496bbb47ff00cb47e P ea5f6a64e88b44c58375146ddaaac0b5 reported cstate change: config changed from index 5 to 6, NON_VOTER ee1b80f8727c4321a63259acf818aff8 (127.5.240.193) added. New cstate: current_term: 3 leader_uuid: "ea5f6a64e88b44c58375146ddaaac0b5" committed_config { opid_index: 6 OBSOLETE_local: false peers { permanent_uuid: "ea5f6a64e88b44c58375146ddaaac0b5" member_type: VOTER last_known_addr { host: "127.5.240.194" port: 37351 } health_report { overall_health: HEALTHY } } peers { permanent_uuid: "7e8e64942ea3471ab77a706b397f0c4f" member_type: NON_VOTER last_known_addr { host: "127.5.240.195" port: 41189 } attrs { promote: true } health_report { overall_health: UNKNOWN } } peers { permanent_uuid: "ee1b80f8727c4321a63259acf818aff8" member_type: NON_VOTER last_known_addr { host: "127.5.240.193" port: 46472 } attrs { promote: true } health_report { overall_health: UNKNOWN } } unsafe_config_change: true }
W0703 01:40:09.032871 11756 consensus_peers.cc:433] T aa3ae539f4c6418496bbb47ff00cb47e P ea5f6a64e88b44c58375146ddaaac0b5 -> Peer ee1b80f8727c4321a63259acf818aff8 (127.5.240.193:46472): Couldn't send request to peer ee1b80f8727c4321a63259acf818aff8 for tablet aa3ae539f4c6418496bbb47ff00cb47e. Error code: TABLET_NOT_FOUND (6). Status: Not found: Tablet not found: aa3ae539f4c6418496bbb47ff00cb47e. Retrying in the next heartbeat period. Already tried 1 times.
I0703 01:40:09.033140 12284 catalog_manager.cc:2903] Scheduling retry of aa3ae539f4c6418496bbb47ff00cb47e Delete Tablet RPC for TS=01a76da15ef14c80b66d2706c0978eb8 with a delay of 50 ms (attempt = 2)
W0703 01:40:09.033210 12284 catalog_manager.cc:2922] Async tablet task aa3ae539f4c6418496bbb47ff00cb47e Delete Tablet RPC for TS=01a76da15ef14c80b66d2706c0978eb8 failed: Not found: failed to reset TS proxy: Could not find TS for UUID 01a76da15ef14c80b66d2706c0978eb8
I0703 01:40:09.037905 12282 catalog_manager.cc:2903] Scheduling retry of aa3ae539f4c6418496bbb47ff00cb47e Delete Tablet RPC for TS=655d2894f7d14417bffae7af9cca3733 with a delay of 43 ms (attempt = 2)
W0703 01:40:09.037956 12282 catalog_manager.cc:2922] Async tablet task aa3ae539f4c6418496bbb47ff00cb47e Delete Tablet RPC for TS=655d2894f7d14417bffae7af9cca3733 failed: Not found: failed to reset TS proxy: Could not find TS for UUID 655d2894f7d14417bffae7af9cca3733
I0703 01:40:09.081552 12282 catalog_manager.cc:2903] Scheduling retry of aa3ae539f4c6418496bbb47ff00cb47e Delete Tablet RPC for TS=655d2894f7d14417bffae7af9cca3733 with a delay of 106 ms (attempt = 3)
W0703 01:40:09.081599 12282 catalog_manager.cc:2922] Async tablet task aa3ae539f4c6418496bbb47ff00cb47e Delete Tablet RPC for TS=655d2894f7d14417bffae7af9cca3733 failed: Not found: failed to reset TS proxy: Could not find TS for UUID 655d2894f7d14417bffae7af9cca3733
I0703 01:40:09.083729 12284 catalog_manager.cc:2903] Scheduling retry of aa3ae539f4c6418496bbb47ff00cb47e Delete Tablet RPC for TS=01a76da15ef14c80b66d2706c0978eb8 with a delay of 96 ms (attempt = 3)
W0703 01:40:09.083783 12284 catalog_manager.cc:2922] Async tablet task aa3ae539f4c6418496bbb47ff00cb47e Delete Tablet RPC for TS=01a76da15ef14c80b66d2706c0978eb8 failed: Not found: failed to reset TS proxy: Could not find TS for UUID 01a76da15ef14c80b66d2706c0978eb8
I0703 01:40:09.180379 12284 catalog_manager.cc:2903] Scheduling retry of aa3ae539f4c6418496bbb47ff00cb47e Delete Tablet RPC for TS=01a76da15ef14c80b66d2706c0978eb8 with a delay of 174 ms (attempt = 4)
W0703 01:40:09.180435 12284 catalog_manager.cc:2922] Async tablet task aa3ae539f4c6418496bbb47ff00cb47e Delete Tablet RPC for TS=01a76da15ef14c80b66d2706c0978eb8 failed: Not found: failed to reset TS proxy: Could not find TS for UUID 01a76da15ef14c80b66d2706c0978eb8
I0703 01:40:09.188210 12282 catalog_manager.cc:2903] Scheduling retry of aa3ae539f4c6418496bbb47ff00cb47e Delete Tablet RPC for TS=655d2894f7d14417bffae7af9cca3733 with a delay of 157 ms (attempt = 4)
W0703 01:40:09.188257 12282 catalog_manager.cc:2922] Async tablet task aa3ae539f4c6418496bbb47ff00cb47e Delete Tablet RPC for TS=655d2894f7d14417bffae7af9cca3733 failed: Not found: failed to reset TS proxy: Could not find TS for UUID 655d2894f7d14417bffae7af9cca3733
I0703 01:40:09.346237 12282 catalog_manager.cc:2903] Scheduling retry of aa3ae539f4c6418496bbb47ff00cb47e Delete Tablet RPC for TS=655d2894f7d14417bffae7af9cca3733 with a delay of 277 ms (attempt = 5)
W0703 01:40:09.346309 12282 catalog_manager.cc:2922] Async tablet task aa3ae539f4c6418496bbb47ff00cb47e Delete Tablet RPC for TS=655d2894f7d14417bffae7af9cca3733 failed: Not found: failed to reset TS proxy: Could not find TS for UUID 655d2894f7d14417bffae7af9cca3733
I0703 01:40:09.355401 12284 catalog_manager.cc:2903] Scheduling retry of aa3ae539f4c6418496bbb47ff00cb47e Delete Tablet RPC for TS=01a76da15ef14c80b66d2706c0978eb8 with a delay of 276 ms (attempt = 5)
W0703 01:40:09.355448 12284 catalog_manager.cc:2922] Async tablet task aa3ae539f4c6418496bbb47ff00cb47e Delete Tablet RPC for TS=01a76da15ef14c80b66d2706c0978eb8 failed: Not found: failed to reset TS proxy: Could not find TS for UUID 01a76da15ef14c80b66d2706c0978eb8
I0703 01:40:09.494684 12397 ts_tablet_manager.cc:669] T aa3ae539f4c6418496bbb47ff00cb47e P 7e8e64942ea3471ab77a706b397f0c4f: Initiating tablet copy from peer ea5f6a64e88b44c58375146ddaaac0b5 (127.5.240.194:37351)
I0703 01:40:09.494951 12397 tablet_copy_client.cc:239] T aa3ae539f4c6418496bbb47ff00cb47e P 7e8e64942ea3471ab77a706b397f0c4f: tablet copy: Beginning tablet copy session from remote peer at address 127.5.240.194:37351
I0703 01:40:09.500932 11842 tablet_copy_service.cc:135] P ea5f6a64e88b44c58375146ddaaac0b5: Received BeginTabletCopySession request for tablet aa3ae539f4c6418496bbb47ff00cb47e from peer 7e8e64942ea3471ab77a706b397f0c4f ({username='jenkins'} at 127.5.240.195:59298)
I0703 01:40:09.501078 11842 tablet_copy_service.cc:156] P ea5f6a64e88b44c58375146ddaaac0b5: Beginning new tablet copy session on tablet aa3ae539f4c6418496bbb47ff00cb47e from peer 7e8e64942ea3471ab77a706b397f0c4f at {username='jenkins'} at 127.5.240.195:59298: session id = 7e8e64942ea3471ab77a706b397f0c4f-aa3ae539f4c6418496bbb47ff00cb47e
I0703 01:40:09.503057 11842 tablet_copy_source_session.cc:202] T aa3ae539f4c6418496bbb47ff00cb47e P ea5f6a64e88b44c58375146ddaaac0b5: Tablet Copy: opened 0 blocks and 1 log segments
I0703 01:40:09.505761 12397 data_dirs.cc:934] Could only allocate 1 dirs of requested 3 for tablet aa3ae539f4c6418496bbb47ff00cb47e. 1 dirs total, 0 dirs full, 0 dirs failed
I0703 01:40:09.516404 12397 ts_tablet_manager.cc:1173] T aa3ae539f4c6418496bbb47ff00cb47e P 7e8e64942ea3471ab77a706b397f0c4f: Registered tablet (data state: TABLET_DATA_COPYING)
I0703 01:40:09.516688 12397 tablet_copy_client.cc:566] T aa3ae539f4c6418496bbb47ff00cb47e P 7e8e64942ea3471ab77a706b397f0c4f: tablet copy: Starting download of 0 data blocks...
I0703 01:40:09.516875 12397 tablet_copy_client.cc:529] T aa3ae539f4c6418496bbb47ff00cb47e P 7e8e64942ea3471ab77a706b397f0c4f: tablet copy: Starting download of 1 WAL segments...
I0703 01:40:09.518937 12397 tablet_copy_client.cc:405] T aa3ae539f4c6418496bbb47ff00cb47e P 7e8e64942ea3471ab77a706b397f0c4f: tablet copy: Tablet Copy complete. Replacing tablet superblock.
I0703 01:40:09.520606 12397 ts_tablet_manager.cc:1028] T aa3ae539f4c6418496bbb47ff00cb47e P 7e8e64942ea3471ab77a706b397f0c4f: Bootstrapping tablet
I0703 01:40:09.520826 12397 tablet_bootstrap.cc:427] T aa3ae539f4c6418496bbb47ff00cb47e P 7e8e64942ea3471ab77a706b397f0c4f: Bootstrap starting.
I0703 01:40:09.526629 12397 log.cc:525] T aa3ae539f4c6418496bbb47ff00cb47e P 7e8e64942ea3471ab77a706b397f0c4f: Log is configured to *not* fsync() on all Append() calls
I0703 01:40:09.530829 12397 tablet_bootstrap.cc:427] T aa3ae539f4c6418496bbb47ff00cb47e P 7e8e64942ea3471ab77a706b397f0c4f: Bootstrap replayed 1/1 log segments. Stats: ops{read=6 overwritten=0 applied=6 ignored=0} inserts{seen=0 ignored=0} mutations{seen=0 ignored=0} orphaned_commits=0. Pending: 0 replicates
I0703 01:40:09.531141 12397 tablet_bootstrap.cc:427] T aa3ae539f4c6418496bbb47ff00cb47e P 7e8e64942ea3471ab77a706b397f0c4f: Bootstrap complete.
I0703 01:40:09.531350 12397 ts_tablet_manager.cc:1045] T aa3ae539f4c6418496bbb47ff00cb47e P 7e8e64942ea3471ab77a706b397f0c4f: Time spent bootstrapping tablet: real 0.011s user 0.004s sys 0.005s
I0703 01:40:09.536298 12397 raft_consensus.cc:325] T aa3ae539f4c6418496bbb47ff00cb47e P 7e8e64942ea3471ab77a706b397f0c4f [term 3 LEARNER]: Replica starting. Triggering 0 pending transactions. Active config: opid_index: 6 OBSOLETE_local: false peers { permanent_uuid: "ea5f6a64e88b44c58375146ddaaac0b5" member_type: VOTER last_known_addr { host: "127.5.240.194" port: 37351 } } peers { permanent_uuid: "7e8e64942ea3471ab77a706b397f0c4f" member_type: NON_VOTER last_known_addr { host: "127.5.240.195" port: 41189 } attrs { promote: true } } peers { permanent_uuid: "ee1b80f8727c4321a63259acf818aff8" member_type: NON_VOTER last_known_addr { host: "127.5.240.193" port: 46472 } attrs { promote: true } } unsafe_config_change: true
I0703 01:40:09.536639 12397 raft_consensus.cc:628] T aa3ae539f4c6418496bbb47ff00cb47e P 7e8e64942ea3471ab77a706b397f0c4f [term 3 LEARNER]: Becoming Follower/Learner. State: Replica: 7e8e64942ea3471ab77a706b397f0c4f, State: Initialized, Role: LEARNER
I0703 01:40:09.536881 12397 consensus_queue.cc:227] T aa3ae539f4c6418496bbb47ff00cb47e P 7e8e64942ea3471ab77a706b397f0c4f [NON_LEADER]: Queue going to NON_LEADER mode. State: All replicated index: 0, Majority replicated index: 0, Committed index: 6, Last appended: 3.6, Last appended by leader: 6, Current term: 0, Majority size: -1, State: 0, Mode: NON_LEADER, active raft config: opid_index: 6 OBSOLETE_local: false peers { permanent_uuid: "ea5f6a64e88b44c58375146ddaaac0b5" member_type: VOTER last_known_addr { host: "127.5.240.194" port: 37351 } } peers { permanent_uuid: "7e8e64942ea3471ab77a706b397f0c4f" member_type: NON_VOTER last_known_addr { host: "127.5.240.195" port: 41189 } attrs { promote: true } } peers { permanent_uuid: "ee1b80f8727c4321a63259acf818aff8" member_type: NON_VOTER last_known_addr { host: "127.5.240.193" port: 46472 } attrs { promote: true } } unsafe_config_change: true
I0703 01:40:09.538275 12397 ts_tablet_manager.cc:1073] T aa3ae539f4c6418496bbb47ff00cb47e P 7e8e64942ea3471ab77a706b397f0c4f: Time spent starting tablet: real 0.007s user 0.004s sys 0.003s
I0703 01:40:09.538918 11842 tablet_copy_service.cc:325] P ea5f6a64e88b44c58375146ddaaac0b5: Request end of tablet copy session 7e8e64942ea3471ab77a706b397f0c4f-aa3ae539f4c6418496bbb47ff00cb47e received from {username='jenkins'} at 127.5.240.195:59298
I0703 01:40:09.539001 11842 tablet_copy_service.cc:413] P ea5f6a64e88b44c58375146ddaaac0b5: ending tablet copy session 7e8e64942ea3471ab77a706b397f0c4f-aa3ae539f4c6418496bbb47ff00cb47e on tablet aa3ae539f4c6418496bbb47ff00cb47e with peer 7e8e64942ea3471ab77a706b397f0c4f
I0703 01:40:09.624275 12282 catalog_manager.cc:2903] Scheduling retry of aa3ae539f4c6418496bbb47ff00cb47e Delete Tablet RPC for TS=655d2894f7d14417bffae7af9cca3733 with a delay of 546 ms (attempt = 6)
W0703 01:40:09.624336 12282 catalog_manager.cc:2922] Async tablet task aa3ae539f4c6418496bbb47ff00cb47e Delete Tablet RPC for TS=655d2894f7d14417bffae7af9cca3733 failed: Not found: failed to reset TS proxy: Could not find TS for UUID 655d2894f7d14417bffae7af9cca3733
I0703 01:40:09.632522 12284 catalog_manager.cc:2903] Scheduling retry of aa3ae539f4c6418496bbb47ff00cb47e Delete Tablet RPC for TS=01a76da15ef14c80b66d2706c0978eb8 with a delay of 534 ms (attempt = 6)
W0703 01:40:09.632570 12284 catalog_manager.cc:2922] Async tablet task aa3ae539f4c6418496bbb47ff00cb47e Delete Tablet RPC for TS=01a76da15ef14c80b66d2706c0978eb8 failed: Not found: failed to reset TS proxy: Could not find TS for UUID 01a76da15ef14c80b66d2706c0978eb8
I0703 01:40:09.651365 12401 ts_tablet_manager.cc:669] T aa3ae539f4c6418496bbb47ff00cb47e P ee1b80f8727c4321a63259acf818aff8: Initiating tablet copy from peer ea5f6a64e88b44c58375146ddaaac0b5 (127.5.240.194:37351)
I0703 01:40:09.651636 12401 tablet_copy_client.cc:239] T aa3ae539f4c6418496bbb47ff00cb47e P ee1b80f8727c4321a63259acf818aff8: tablet copy: Beginning tablet copy session from remote peer at address 127.5.240.194:37351
I0703 01:40:09.656419 11842 tablet_copy_service.cc:135] P ea5f6a64e88b44c58375146ddaaac0b5: Received BeginTabletCopySession request for tablet aa3ae539f4c6418496bbb47ff00cb47e from peer ee1b80f8727c4321a63259acf818aff8 ({username='jenkins'} at 127.5.240.193:54630)
I0703 01:40:09.656533 11842 tablet_copy_service.cc:156] P ea5f6a64e88b44c58375146ddaaac0b5: Beginning new tablet copy session on tablet aa3ae539f4c6418496bbb47ff00cb47e from peer ee1b80f8727c4321a63259acf818aff8 at {username='jenkins'} at 127.5.240.193:54630: session id = ee1b80f8727c4321a63259acf818aff8-aa3ae539f4c6418496bbb47ff00cb47e
I0703 01:40:09.658083 11842 tablet_copy_source_session.cc:202] T aa3ae539f4c6418496bbb47ff00cb47e P ea5f6a64e88b44c58375146ddaaac0b5: Tablet Copy: opened 0 blocks and 1 log segments
I0703 01:40:09.660564 12401 data_dirs.cc:934] Could only allocate 1 dirs of requested 3 for tablet aa3ae539f4c6418496bbb47ff00cb47e. 1 dirs total, 0 dirs full, 0 dirs failed
I0703 01:40:09.670922 12401 ts_tablet_manager.cc:1173] T aa3ae539f4c6418496bbb47ff00cb47e P ee1b80f8727c4321a63259acf818aff8: Registered tablet (data state: TABLET_DATA_COPYING)
I0703 01:40:09.671169 12401 tablet_copy_client.cc:566] T aa3ae539f4c6418496bbb47ff00cb47e P ee1b80f8727c4321a63259acf818aff8: tablet copy: Starting download of 0 data blocks...
I0703 01:40:09.671329 12401 tablet_copy_client.cc:529] T aa3ae539f4c6418496bbb47ff00cb47e P ee1b80f8727c4321a63259acf818aff8: tablet copy: Starting download of 1 WAL segments...
I0703 01:40:09.672772 12401 tablet_copy_client.cc:405] T aa3ae539f4c6418496bbb47ff00cb47e P ee1b80f8727c4321a63259acf818aff8: tablet copy: Tablet Copy complete. Replacing tablet superblock.
I0703 01:40:09.674463 12401 ts_tablet_manager.cc:1028] T aa3ae539f4c6418496bbb47ff00cb47e P ee1b80f8727c4321a63259acf818aff8: Bootstrapping tablet
I0703 01:40:09.674701 12401 tablet_bootstrap.cc:427] T aa3ae539f4c6418496bbb47ff00cb47e P ee1b80f8727c4321a63259acf818aff8: Bootstrap starting.
I0703 01:40:09.679258 12401 log.cc:525] T aa3ae539f4c6418496bbb47ff00cb47e P ee1b80f8727c4321a63259acf818aff8: Log is configured to *not* fsync() on all Append() calls
I0703 01:40:09.684012 12401 tablet_bootstrap.cc:427] T aa3ae539f4c6418496bbb47ff00cb47e P ee1b80f8727c4321a63259acf818aff8: Bootstrap replayed 1/1 log segments. Stats: ops{read=6 overwritten=0 applied=6 ignored=0} inserts{seen=0 ignored=0} mutations{seen=0 ignored=0} orphaned_commits=0. Pending: 0 replicates
I0703 01:40:09.684325 12401 tablet_bootstrap.cc:427] T aa3ae539f4c6418496bbb47ff00cb47e P ee1b80f8727c4321a63259acf818aff8: Bootstrap complete.
I0703 01:40:09.684553 12401 ts_tablet_manager.cc:1045] T aa3ae539f4c6418496bbb47ff00cb47e P ee1b80f8727c4321a63259acf818aff8: Time spent bootstrapping tablet: real 0.010s user 0.007s sys 0.003s
I0703 01:40:09.689380 12401 raft_consensus.cc:325] T aa3ae539f4c6418496bbb47ff00cb47e P ee1b80f8727c4321a63259acf818aff8 [term 3 LEARNER]: Replica starting. Triggering 0 pending transactions. Active config: opid_index: 6 OBSOLETE_local: false peers { permanent_uuid: "ea5f6a64e88b44c58375146ddaaac0b5" member_type: VOTER last_known_addr { host: "127.5.240.194" port: 37351 } } peers { permanent_uuid: "7e8e64942ea3471ab77a706b397f0c4f" member_type: NON_VOTER last_known_addr { host: "127.5.240.195" port: 41189 } attrs { promote: true } } peers { permanent_uuid: "ee1b80f8727c4321a63259acf818aff8" member_type: NON_VOTER last_known_addr { host: "127.5.240.193" port: 46472 } attrs { promote: true } } unsafe_config_change: true
I0703 01:40:09.689683 12401 raft_consensus.cc:628] T aa3ae539f4c6418496bbb47ff00cb47e P ee1b80f8727c4321a63259acf818aff8 [term 3 LEARNER]: Becoming Follower/Learner. State: Replica: ee1b80f8727c4321a63259acf818aff8, State: Initialized, Role: LEARNER
I0703 01:40:09.689929 12401 consensus_queue.cc:227] T aa3ae539f4c6418496bbb47ff00cb47e P ee1b80f8727c4321a63259acf818aff8 [NON_LEADER]: Queue going to NON_LEADER mode. State: All replicated index: 0, Majority replicated index: 0, Committed index: 6, Last appended: 3.6, Last appended by leader: 6, Current term: 0, Majority size: -1, State: 0, Mode: NON_LEADER, active raft config: opid_index: 6 OBSOLETE_local: false peers { permanent_uuid: "ea5f6a64e88b44c58375146ddaaac0b5" member_type: VOTER last_known_addr { host: "127.5.240.194" port: 37351 } } peers { permanent_uuid: "7e8e64942ea3471ab77a706b397f0c4f" member_type: NON_VOTER last_known_addr { host: "127.5.240.195" port: 41189 } attrs { promote: true } } peers { permanent_uuid: "ee1b80f8727c4321a63259acf818aff8" member_type: NON_VOTER last_known_addr { host: "127.5.240.193" port: 46472 } attrs { promote: true } } unsafe_config_change: true
I0703 01:40:09.691643 12401 ts_tablet_manager.cc:1073] T aa3ae539f4c6418496bbb47ff00cb47e P ee1b80f8727c4321a63259acf818aff8: Time spent starting tablet: real 0.007s user 0.004s sys 0.003s
I0703 01:40:09.692322 11842 tablet_copy_service.cc:325] P ea5f6a64e88b44c58375146ddaaac0b5: Request end of tablet copy session ee1b80f8727c4321a63259acf818aff8-aa3ae539f4c6418496bbb47ff00cb47e received from {username='jenkins'} at 127.5.240.193:54630
I0703 01:40:09.692389 11842 tablet_copy_service.cc:413] P ea5f6a64e88b44c58375146ddaaac0b5: ending tablet copy session ee1b80f8727c4321a63259acf818aff8-aa3ae539f4c6418496bbb47ff00cb47e on tablet aa3ae539f4c6418496bbb47ff00cb47e with peer ee1b80f8727c4321a63259acf818aff8
W0703 01:40:09.714495 11988 tablet.cc:1678] T aa3ae539f4c6418496bbb47ff00cb47e P 7e8e64942ea3471ab77a706b397f0c4f: Can't schedule compaction. Clean time has not been advanced past its initial value.
W0703 01:40:09.937085 11743 tablet.cc:1678] T aa3ae539f4c6418496bbb47ff00cb47e P ee1b80f8727c4321a63259acf818aff8: Can't schedule compaction. Clean time has not been advanced past its initial value.
I0703 01:40:10.008782 11944 raft_consensus.cc:1026] T aa3ae539f4c6418496bbb47ff00cb47e P 7e8e64942ea3471ab77a706b397f0c4f [term 3 LEARNER]: Deduplicated request from leader. Original: 3.5->[3.6-3.6] Dedup: 3.6->[]
I0703 01:40:10.167779 12284 catalog_manager.cc:2903] Scheduling retry of aa3ae539f4c6418496bbb47ff00cb47e Delete Tablet RPC for TS=01a76da15ef14c80b66d2706c0978eb8 with a delay of 1051 ms (attempt = 7)
W0703 01:40:10.167850 12284 catalog_manager.cc:2922] Async tablet task aa3ae539f4c6418496bbb47ff00cb47e Delete Tablet RPC for TS=01a76da15ef14c80b66d2706c0978eb8 failed: Not found: failed to reset TS proxy: Could not find TS for UUID 01a76da15ef14c80b66d2706c0978eb8
I0703 01:40:10.171444 12282 catalog_manager.cc:2903] Scheduling retry of aa3ae539f4c6418496bbb47ff00cb47e Delete Tablet RPC for TS=655d2894f7d14417bffae7af9cca3733 with a delay of 1058 ms (attempt = 7)
W0703 01:40:10.171489 12282 catalog_manager.cc:2922] Async tablet task aa3ae539f4c6418496bbb47ff00cb47e Delete Tablet RPC for TS=655d2894f7d14417bffae7af9cca3733 failed: Not found: failed to reset TS proxy: Could not find TS for UUID 655d2894f7d14417bffae7af9cca3733
I0703 01:40:10.256876 11699 raft_consensus.cc:1026] T aa3ae539f4c6418496bbb47ff00cb47e P ee1b80f8727c4321a63259acf818aff8 [term 3 LEARNER]: Deduplicated request from leader. Original: 3.5->[3.6-3.6] Dedup: 3.6->[]
I0703 01:40:10.557382 12406 raft_consensus.cc:890] T aa3ae539f4c6418496bbb47ff00cb47e P ea5f6a64e88b44c58375146ddaaac0b5: attempting to promote NON_VOTER 7e8e64942ea3471ab77a706b397f0c4f to VOTER
I0703 01:40:10.557694 12406 consensus_peers.cc:455] T aa3ae539f4c6418496bbb47ff00cb47e P ea5f6a64e88b44c58375146ddaaac0b5 -> Peer ee1b80f8727c4321a63259acf818aff8 (127.5.240.193:46472): Closing peer: ee1b80f8727c4321a63259acf818aff8
I0703 01:40:10.557754 12406 consensus_peers.cc:455] T aa3ae539f4c6418496bbb47ff00cb47e P ea5f6a64e88b44c58375146ddaaac0b5 -> Peer 7e8e64942ea3471ab77a706b397f0c4f (127.5.240.195:41189): Closing peer: 7e8e64942ea3471ab77a706b397f0c4f
I0703 01:40:10.557953 12406 consensus_queue.cc:204] T aa3ae539f4c6418496bbb47ff00cb47e P ea5f6a64e88b44c58375146ddaaac0b5 [LEADER]: Queue going to LEADER mode. State: All replicated index: 0, Majority replicated index: 6, Committed index: 6, Last appended: 3.6, Last appended by leader: 0, Current term: 3, Majority size: 2, State: 0, Mode: LEADER, active raft config: opid_index: 7 OBSOLETE_local: false peers { permanent_uuid: "ea5f6a64e88b44c58375146ddaaac0b5" member_type: VOTER last_known_addr { host: "127.5.240.194" port: 37351 } } peers { permanent_uuid: "7e8e64942ea3471ab77a706b397f0c4f" member_type: VOTER last_known_addr { host: "127.5.240.195" port: 41189 } attrs { promote: false } } peers { permanent_uuid: "ee1b80f8727c4321a63259acf818aff8" member_type: NON_VOTER last_known_addr { host: "127.5.240.193" port: 46472 } attrs { promote: true } } unsafe_config_change: true
I0703 01:40:10.560001 11944 raft_consensus.cc:1081] T aa3ae539f4c6418496bbb47ff00cb47e P 7e8e64942ea3471ab77a706b397f0c4f [term 3 LEARNER]: Refusing update from remote peer ea5f6a64e88b44c58375146ddaaac0b5: Log matching property violated. Preceding OpId in replica: term: 3 index: 6. Preceding OpId from leader: term: 3 index: 7. (index mismatch)
I0703 01:40:10.560020 11699 raft_consensus.cc:1081] T aa3ae539f4c6418496bbb47ff00cb47e P ee1b80f8727c4321a63259acf818aff8 [term 3 LEARNER]: Refusing update from remote peer ea5f6a64e88b44c58375146ddaaac0b5: Log matching property violated. Preceding OpId in replica: term: 3 index: 6. Preceding OpId from leader: term: 3 index: 7. (index mismatch)
I0703 01:40:10.560590 12405 consensus_queue.cc:962] T aa3ae539f4c6418496bbb47ff00cb47e P ea5f6a64e88b44c58375146ddaaac0b5 [LEADER]: Connected to new peer: Peer: permanent_uuid: "7e8e64942ea3471ab77a706b397f0c4f" member_type: VOTER last_known_addr { host: "127.5.240.195" port: 41189 } attrs { promote: false }, Status: LMP_MISMATCH, Last received: 0.0, Next index: 7, Last known committed idx: 6, Time since last communication: 0.000s
I0703 01:40:10.560827 12396 consensus_queue.cc:962] T aa3ae539f4c6418496bbb47ff00cb47e P ea5f6a64e88b44c58375146ddaaac0b5 [LEADER]: Connected to new peer: Peer: permanent_uuid: "ee1b80f8727c4321a63259acf818aff8" member_type: NON_VOTER last_known_addr { host: "127.5.240.193" port: 46472 } attrs { promote: true }, Status: LMP_MISMATCH, Last received: 0.0, Next index: 7, Last known committed idx: 6, Time since last communication: 0.000s
I0703 01:40:10.563797 12406 raft_consensus.cc:2684] T aa3ae539f4c6418496bbb47ff00cb47e P ea5f6a64e88b44c58375146ddaaac0b5 [term 3 LEADER]: Committing config change with OpId 3.7: config changed from index 6 to 7, 7e8e64942ea3471ab77a706b397f0c4f (127.5.240.195) changed from NON_VOTER to VOTER. New config: { opid_index: 7 OBSOLETE_local: false peers { permanent_uuid: "ea5f6a64e88b44c58375146ddaaac0b5" member_type: VOTER last_known_addr { host: "127.5.240.194" port: 37351 } } peers { permanent_uuid: "7e8e64942ea3471ab77a706b397f0c4f" member_type: VOTER last_known_addr { host: "127.5.240.195" port: 41189 } attrs { promote: false } } peers { permanent_uuid: "ee1b80f8727c4321a63259acf818aff8" member_type: NON_VOTER last_known_addr { host: "127.5.240.193" port: 46472 } attrs { promote: true } } unsafe_config_change: true }
I0703 01:40:10.564474 11699 raft_consensus.cc:2684] T aa3ae539f4c6418496bbb47ff00cb47e P ee1b80f8727c4321a63259acf818aff8 [term 3 LEARNER]: Committing config change with OpId 3.7: config changed from index 6 to 7, 7e8e64942ea3471ab77a706b397f0c4f (127.5.240.195) changed from NON_VOTER to VOTER. New config: { opid_index: 7 OBSOLETE_local: false peers { permanent_uuid: "ea5f6a64e88b44c58375146ddaaac0b5" member_type: VOTER last_known_addr { host: "127.5.240.194" port: 37351 } } peers { permanent_uuid: "7e8e64942ea3471ab77a706b397f0c4f" member_type: VOTER last_known_addr { host: "127.5.240.195" port: 41189 } attrs { promote: false } } peers { permanent_uuid: "ee1b80f8727c4321a63259acf818aff8" member_type: NON_VOTER last_known_addr { host: "127.5.240.193" port: 46472 } attrs { promote: true } } unsafe_config_change: true }
I0703 01:40:10.564507 11944 raft_consensus.cc:2684] T aa3ae539f4c6418496bbb47ff00cb47e P 7e8e64942ea3471ab77a706b397f0c4f [term 3 FOLLOWER]: Committing config change with OpId 3.7: config changed from index 6 to 7, 7e8e64942ea3471ab77a706b397f0c4f (127.5.240.195) changed from NON_VOTER to VOTER. New config: { opid_index: 7 OBSOLETE_local: false peers { permanent_uuid: "ea5f6a64e88b44c58375146ddaaac0b5" member_type: VOTER last_known_addr { host: "127.5.240.194" port: 37351 } } peers { permanent_uuid: "7e8e64942ea3471ab77a706b397f0c4f" member_type: VOTER last_known_addr { host: "127.5.240.195" port: 41189 } attrs { promote: false } } peers { permanent_uuid: "ee1b80f8727c4321a63259acf818aff8" member_type: NON_VOTER last_known_addr { host: "127.5.240.193" port: 46472 } attrs { promote: true } } unsafe_config_change: true }
I0703 01:40:10.567469 12406 raft_consensus.cc:890] T aa3ae539f4c6418496bbb47ff00cb47e P ea5f6a64e88b44c58375146ddaaac0b5: attempting to promote NON_VOTER ee1b80f8727c4321a63259acf818aff8 to VOTER
I0703 01:40:10.568210 12301 catalog_manager.cc:3798] T aa3ae539f4c6418496bbb47ff00cb47e P ee1b80f8727c4321a63259acf818aff8 reported cstate change: config changed from index 6 to 7, 7e8e64942ea3471ab77a706b397f0c4f (127.5.240.195) changed from NON_VOTER to VOTER. New cstate: current_term: 3 leader_uuid: "ea5f6a64e88b44c58375146ddaaac0b5" committed_config { opid_index: 7 OBSOLETE_local: false peers { permanent_uuid: "ea5f6a64e88b44c58375146ddaaac0b5" member_type: VOTER last_known_addr { host: "127.5.240.194" port: 37351 } } peers { permanent_uuid: "7e8e64942ea3471ab77a706b397f0c4f" member_type: VOTER last_known_addr { host: "127.5.240.195" port: 41189 } attrs { promote: false } } peers { permanent_uuid: "ee1b80f8727c4321a63259acf818aff8" member_type: NON_VOTER last_known_addr { host: "127.5.240.193" port: 46472 } attrs { promote: true } } unsafe_config_change: true }
I0703 01:40:10.572296 12406 consensus_peers.cc:455] T aa3ae539f4c6418496bbb47ff00cb47e P ea5f6a64e88b44c58375146ddaaac0b5 -> Peer ee1b80f8727c4321a63259acf818aff8 (127.5.240.193:46472): Closing peer: ee1b80f8727c4321a63259acf818aff8
I0703 01:40:10.572382 12406 consensus_peers.cc:455] T aa3ae539f4c6418496bbb47ff00cb47e P ea5f6a64e88b44c58375146ddaaac0b5 -> Peer 7e8e64942ea3471ab77a706b397f0c4f (127.5.240.195:41189): Closing peer: 7e8e64942ea3471ab77a706b397f0c4f
I0703 01:40:10.572686 12406 consensus_queue.cc:204] T aa3ae539f4c6418496bbb47ff00cb47e P ea5f6a64e88b44c58375146ddaaac0b5 [LEADER]: Queue going to LEADER mode. State: All replicated index: 0, Majority replicated index: 7, Committed index: 7, Last appended: 3.7, Last appended by leader: 0, Current term: 3, Majority size: 2, State: 0, Mode: LEADER, active raft config: opid_index: 8 OBSOLETE_local: false peers { permanent_uuid: "ea5f6a64e88b44c58375146ddaaac0b5" member_type: VOTER last_known_addr { host: "127.5.240.194" port: 37351 } } peers { permanent_uuid: "7e8e64942ea3471ab77a706b397f0c4f" member_type: VOTER last_known_addr { host: "127.5.240.195" port: 41189 } attrs { promote: false } } peers { permanent_uuid: "ee1b80f8727c4321a63259acf818aff8" member_type: VOTER last_known_addr { host: "127.5.240.193" port: 46472 } attrs { promote: false } } unsafe_config_change: true
I0703 01:40:10.573843 12405 raft_consensus.cc:853] T aa3ae539f4c6418496bbb47ff00cb47e P ea5f6a64e88b44c58375146ddaaac0b5 [term 3 LEADER]: attempt to promote peer ee1b80f8727c4321a63259acf818aff8: there is already a config change operation in progress. Unable to promote follower until it completes. Doing nothing.
I0703 01:40:10.574942 11944 raft_consensus.cc:1081] T aa3ae539f4c6418496bbb47ff00cb47e P 7e8e64942ea3471ab77a706b397f0c4f [term 3 FOLLOWER]: Refusing update from remote peer ea5f6a64e88b44c58375146ddaaac0b5: Log matching property violated. Preceding OpId in replica: term: 3 index: 7. Preceding OpId from leader: term: 3 index: 8. (index mismatch)
I0703 01:40:10.575362 11699 raft_consensus.cc:1081] T aa3ae539f4c6418496bbb47ff00cb47e P ee1b80f8727c4321a63259acf818aff8 [term 3 LEARNER]: Refusing update from remote peer ea5f6a64e88b44c58375146ddaaac0b5: Log matching property violated. Preceding OpId in replica: term: 3 index: 7. Preceding OpId from leader: term: 3 index: 8. (index mismatch)
I0703 01:40:10.575917 12412 consensus_queue.cc:962] T aa3ae539f4c6418496bbb47ff00cb47e P ea5f6a64e88b44c58375146ddaaac0b5 [LEADER]: Connected to new peer: Peer: permanent_uuid: "7e8e64942ea3471ab77a706b397f0c4f" member_type: VOTER last_known_addr { host: "127.5.240.195" port: 41189 } attrs { promote: false }, Status: LMP_MISMATCH, Last received: 0.0, Next index: 8, Last known committed idx: 7, Time since last communication: 0.000s
I0703 01:40:10.576294 12406 consensus_queue.cc:962] T aa3ae539f4c6418496bbb47ff00cb47e P ea5f6a64e88b44c58375146ddaaac0b5 [LEADER]: Connected to new peer: Peer: permanent_uuid: "ee1b80f8727c4321a63259acf818aff8" member_type: VOTER last_known_addr { host: "127.5.240.193" port: 46472 } attrs { promote: false }, Status: LMP_MISMATCH, Last received: 0.0, Next index: 8, Last known committed idx: 7, Time since last communication: 0.000s
I0703 01:40:10.578313 12406 raft_consensus.cc:2684] T aa3ae539f4c6418496bbb47ff00cb47e P ea5f6a64e88b44c58375146ddaaac0b5 [term 3 LEADER]: Committing config change with OpId 3.8: config changed from index 7 to 8, ee1b80f8727c4321a63259acf818aff8 (127.5.240.193) changed from NON_VOTER to VOTER. New config: { opid_index: 8 OBSOLETE_local: false peers { permanent_uuid: "ea5f6a64e88b44c58375146ddaaac0b5" member_type: VOTER last_known_addr { host: "127.5.240.194" port: 37351 } } peers { permanent_uuid: "7e8e64942ea3471ab77a706b397f0c4f" member_type: VOTER last_known_addr { host: "127.5.240.195" port: 41189 } attrs { promote: false } } peers { permanent_uuid: "ee1b80f8727c4321a63259acf818aff8" member_type: VOTER last_known_addr { host: "127.5.240.193" port: 46472 } attrs { promote: false } } unsafe_config_change: true }
I0703 01:40:10.579787 11699 raft_consensus.cc:2684] T aa3ae539f4c6418496bbb47ff00cb47e P ee1b80f8727c4321a63259acf818aff8 [term 3 FOLLOWER]: Committing config change with OpId 3.8: config changed from index 7 to 8, ee1b80f8727c4321a63259acf818aff8 (127.5.240.193) changed from NON_VOTER to VOTER. New config: { opid_index: 8 OBSOLETE_local: false peers { permanent_uuid: "ea5f6a64e88b44c58375146ddaaac0b5" member_type: VOTER last_known_addr { host: "127.5.240.194" port: 37351 } } peers { permanent_uuid: "7e8e64942ea3471ab77a706b397f0c4f" member_type: VOTER last_known_addr { host: "127.5.240.195" port: 41189 } attrs { promote: false } } peers { permanent_uuid: "ee1b80f8727c4321a63259acf818aff8" member_type: VOTER last_known_addr { host: "127.5.240.193" port: 46472 } attrs { promote: false } } unsafe_config_change: true }
I0703 01:40:10.579087 11944 raft_consensus.cc:2684] T aa3ae539f4c6418496bbb47ff00cb47e P 7e8e64942ea3471ab77a706b397f0c4f [term 3 FOLLOWER]: Committing config change with OpId 3.8: config changed from index 7 to 8, ee1b80f8727c4321a63259acf818aff8 (127.5.240.193) changed from NON_VOTER to VOTER. New config: { opid_index: 8 OBSOLETE_local: false peers { permanent_uuid: "ea5f6a64e88b44c58375146ddaaac0b5" member_type: VOTER last_known_addr { host: "127.5.240.194" port: 37351 } } peers { permanent_uuid: "7e8e64942ea3471ab77a706b397f0c4f" member_type: VOTER last_known_addr { host: "127.5.240.195" port: 41189 } attrs { promote: false } } peers { permanent_uuid: "ee1b80f8727c4321a63259acf818aff8" member_type: VOTER last_known_addr { host: "127.5.240.193" port: 46472 } attrs { promote: false } } unsafe_config_change: true }
I0703 01:40:10.581511 12301 catalog_manager.cc:3798] T aa3ae539f4c6418496bbb47ff00cb47e P ea5f6a64e88b44c58375146ddaaac0b5 reported cstate change: config changed from index 7 to 8, ee1b80f8727c4321a63259acf818aff8 (127.5.240.193) changed from NON_VOTER to VOTER. New cstate: current_term: 3 leader_uuid: "ea5f6a64e88b44c58375146ddaaac0b5" committed_config { opid_index: 8 OBSOLETE_local: false peers { permanent_uuid: "ea5f6a64e88b44c58375146ddaaac0b5" member_type: VOTER last_known_addr { host: "127.5.240.194" port: 37351 } health_report { overall_health: HEALTHY } } peers { permanent_uuid: "7e8e64942ea3471ab77a706b397f0c4f" member_type: VOTER last_known_addr { host: "127.5.240.195" port: 41189 } attrs { promote: false } health_report { overall_health: HEALTHY } } peers { permanent_uuid: "ee1b80f8727c4321a63259acf818aff8" member_type: VOTER last_known_addr { host: "127.5.240.193" port: 46472 } attrs { promote: false } health_report { overall_health: HEALTHY } } unsafe_config_change: true }
I0703 01:40:10.644755 6083 kudu-admin-test.cc:912] Waiting for Master to see new config...
I0703 01:40:10.649055 6083 kudu-admin-test.cc:917] Tablet locations: tablet_id: "aa3ae539f4c6418496bbb47ff00cb47e" replicas { ts_info { permanent_uuid: "ea5f6a64e88b44c58375146ddaaac0b5" rpc_addresses { host: "127.5.240.194" port: 37351 } } role: LEADER } replicas { ts_info { permanent_uuid: "7e8e64942ea3471ab77a706b397f0c4f" rpc_addresses { host: "127.5.240.195" port: 41189 } } role: FOLLOWER } replicas { ts_info { permanent_uuid: "ee1b80f8727c4321a63259acf818aff8" rpc_addresses { host: "127.5.240.193" port: 46472 } } role: FOLLOWER } DEPRECATED_stale: false partition { partition_key_start: "" partition_key_end: "" }
I0703 01:40:10.649920 6083 external_mini_cluster.cc:1034] Attempting to check leaks for /data/somelongdirectorytoavoidrpathissues/src/kudu/build/asan/bin/kudu-tserver pid 11610
I0703 01:40:10.651615 11739 generic_service.cc:169] Checking for leaks (request via RPC)
I0703 01:40:10.694890 6083 external_mini_cluster.cc:993] Killing /data/somelongdirectorytoavoidrpathissues/src/kudu/build/asan/bin/kudu-tserver with pid 11610
W0703 01:40:10.703197 11753 connection.cc:512] server connection from 127.5.240.193:54630 recv error: Network error: failed to read from TLS socket (remote: 127.5.240.193:54630): Connection reset by peer (error 104)
W0703 01:40:10.703205 12284 connection.cc:512] server connection from 127.5.240.193:34169 recv error: Network error: failed to read from TLS socket (remote: 127.5.240.193:34169): Connection reset by peer (error 104)
W0703 01:40:10.703331 11756 connection.cc:512] client connection to 127.5.240.193:46472 recv error: Network error: failed to read from TLS socket (remote: 127.5.240.193:46472): Connection reset by peer (error 104)
I0703 01:40:10.703701 6083 external_mini_cluster.cc:1034] Attempting to check leaks for /data/somelongdirectorytoavoidrpathissues/src/kudu/build/asan/bin/kudu-tserver pid 11746
I0703 01:40:10.704367 11862 generic_service.cc:169] Checking for leaks (request via RPC)
I0703 01:40:10.751778 6083 external_mini_cluster.cc:993] Killing /data/somelongdirectorytoavoidrpathissues/src/kudu/build/asan/bin/kudu-tserver with pid 11746
W0703 01:40:10.760394 12283 connection.cc:512] server connection from 127.5.240.194:33054 recv error: Network error: failed to read from TLS socket (remote: 127.5.240.194:33054): Connection reset by peer (error 104)
W0703 01:40:10.760632 11876 connection.cc:512] client connection to 127.5.240.194:37351 recv error: Network error: failed to read from TLS socket (remote: 127.5.240.194:37351): Connection reset by peer (error 104)
W0703 01:40:10.760740 11878 connection.cc:512] server connection from 127.5.240.194:32929 recv error: Network error: failed to read from TLS socket (remote: 127.5.240.194:32929): Connection reset by peer (error 104)
I0703 01:40:10.760990 6083 external_mini_cluster.cc:1034] Attempting to check leaks for /data/somelongdirectorytoavoidrpathissues/src/kudu/build/asan/bin/kudu-tserver pid 11868
I0703 01:40:10.761759 11984 generic_service.cc:169] Checking for leaks (request via RPC)
I0703 01:40:10.805634 6083 external_mini_cluster.cc:993] Killing /data/somelongdirectorytoavoidrpathissues/src/kudu/build/asan/bin/kudu-tserver with pid 11868
W0703 01:40:10.814339 12285 connection.cc:512] server connection from 127.5.240.195:53825 recv error: Network error: failed to read from TLS socket (remote: 127.5.240.195:53825): Connection reset by peer (error 104)
I0703 01:40:10.814465 6083 external_mini_cluster.cc:1034] Attempting to check leaks for /data/somelongdirectorytoavoidrpathissues/src/kudu/build/asan/bin/kudu-master pid 12274
I0703 01:40:10.815240 12331 generic_service.cc:169] Checking for leaks (request via RPC)
I0703 01:40:10.879186 6083 external_mini_cluster.cc:993] Killing /data/somelongdirectorytoavoidrpathissues/src/kudu/build/asan/bin/kudu-master with pid 12274 [ OK ] AdminCliTest.TestUnsafeChangeConfigFollowerWithPendingConfig (9664 ms) [ RUN ] AdminCliTest.TestUnsafeChangeConfigWithPendingConfigsOnWAL
I0703 01:40:10.902070 6083 test_util.cc:208] Using random seed: 1125691939
I0703 01:40:10.903785 6083 ts_itest-base.cc:113] Starting cluster with:
I0703 01:40:10.903826 6083 ts_itest-base.cc:114] --------------
I0703 01:40:10.903864 6083 ts_itest-base.cc:115] 5 tablet servers
I0703 01:40:10.903894 6083 ts_itest-base.cc:116] 3 replicas per TS
I0703 01:40:10.903921 6083 ts_itest-base.cc:117] --------------
I0703 01:40:10.905058 6083 external_mini_cluster.cc:794] Running /data/somelongdirectorytoavoidrpathissues/src/kudu/build/asan/bin/kudu-master /data/somelongdirectorytoavoidrpathissues/src/kudu/build/asan/bin/kudu-master --fs_wal_dir=/data/somelongdirectorytoavoidrpathissues/src/kudutest/kudu-admin-test.0.AdminCliTest.TestUnsafeChangeConfigWithPendingConfigsOnWAL.1530607157582131-6083/raft_consensus-itest-cluster/master-0/wal --fs_data_dirs=/data/somelongdirectorytoavoidrpathissues/src/kudutest/kudu-admin-test.0.AdminCliTest.TestUnsafeChangeConfigWithPendingConfigsOnWAL.1530607157582131-6083/raft_consensus-itest-cluster/master-0/data --block_manager=log --webserver_interface=localhost --ipki_ca_key_size=1024 --tsk_num_rsa_bits=512 --rpc_bind_addresses=127.5.240.254:33510 --webserver_interface=127.5.240.254 --webserver_port=0 --never_fsync --ipki_server_key_size=1024 --enable_minidumps=false --redact=none --metrics_log_interval_ms=1000 --logtostderr --logbuflevel=-1 --log_dir=/data/somelongdirectorytoavoidrpathissues/src/kudutest/kudu-admin-test.0.AdminCliTest.TestUnsafeChangeConfigWithPendingConfigsOnWAL.1530607157582131-6083/raft_consensus-itest-cluster/master-0/logs --server_dump_info_path=/data/somelongdirectorytoavoidrpathissues/src/kudutest/kudu-admin-test.0.AdminCliTest.TestUnsafeChangeConfigWithPendingConfigsOnWAL.1530607157582131-6083/raft_consensus-itest-cluster/master-0/data/info.pb --server_dump_info_format=pb --rpc_server_allow_ephemeral_ports --unlock_experimental_flags --unlock_unsafe_flags --rpc_reuseport=true with env {} WARNING: Logging before InitGoogleLogging() is written to STDERR
W0703 01:40:11.086601 12428 flags.cc:406] Enabled unsafe flag: --rpc_server_allow_ephemeral_ports=true
W0703 01:40:11.086848 12428 flags.cc:406] Enabled unsafe flag: --never_fsync=true
W0703 01:40:11.089093 12428 flags.cc:406] Enabled experimental flag: --ipki_ca_key_size=1024
W0703 01:40:11.089140 12428 flags.cc:406] Enabled experimental flag: --ipki_server_key_size=1024
W0703 01:40:11.089210 12428 flags.cc:406] Enabled experimental flag: --tsk_num_rsa_bits=512
W0703 01:40:11.089258 12428 flags.cc:406] Enabled experimental flag: --rpc_reuseport=true
I0703 01:40:11.097306 12428 master_main.cc:73] Master server non-default flags: --fs_data_dirs=/data/somelongdirectorytoavoidrpathissues/src/kudutest/kudu-admin-test.0.AdminCliTest.TestUnsafeChangeConfigWithPendingConfigsOnWAL.1530607157582131-6083/raft_consensus-itest-cluster/master-0/data --fs_wal_dir=/data/somelongdirectorytoavoidrpathissues/src/kudutest/kudu-admin-test.0.AdminCliTest.TestUnsafeChangeConfigWithPendingConfigsOnWAL.1530607157582131-6083/raft_consensus-itest-cluster/master-0/wal --ipki_ca_key_size=1024 --ipki_server_key_size=1024 --tsk_num_rsa_bits=512 --rpc_bind_addresses=127.5.240.254:33510 --rpc_reuseport=true --rpc_server_allow_ephemeral_ports=true --metrics_log_interval_ms=1000 --server_dump_info_format=pb --server_dump_info_path=/data/somelongdirectorytoavoidrpathissues/src/kudutest/kudu-admin-test.0.AdminCliTest.TestUnsafeChangeConfigWithPendingConfigsOnWAL.1530607157582131-6083/raft_consensus-itest-cluster/master-0/data/info.pb --webserver_interface=127.5.240.254 --webserver_port=0 --never_fsync=true --redact=none --unlock_experimental_flags=true --unlock_unsafe_flags=true --enable_minidumps=false --log_dir=/data/somelongdirectorytoavoidrpathissues/src/kudutest/kudu-admin-test.0.AdminCliTest.TestUnsafeChangeConfigWithPendingConfigsOnWAL.1530607157582131-6083/raft_consensus-itest-cluster/master-0/logs --logbuflevel=-1 --logtostderr=true Master server version: kudu 1.8.0-SNAPSHOT revision 1ae050e4d57bc333de28bcbc62e072e8bafd04b3 build type FASTDEBUG built by jenkins at 03 Jul 2018 00:28:42 PST on quasar-kdakzq-1.vpc.cloudera.com build id 91347 ASAN enabled
I0703 01:40:11.103018 12428 master_main.cc:80] Initializing master server...
I0703 01:40:11.104127 12428 system_ntp.cc:199] NTP initialized. Skew: 500ppm Current error: 159208us
I0703 01:40:11.105199 12428 fs_manager.cc:261] Metadata directory not provided
I0703 01:40:11.105263 12428 fs_manager.cc:267] Using write-ahead log directory (fs_wal_dir) as metadata directory
I0703 01:40:11.105504 12428 server_base.cc:432] Could not load existing FS layout: Not found: could not find a healthy instance file
I0703 01:40:11.105576 12428 server_base.cc:433] Attempting to create new FS layout instead
I0703 01:40:11.109732 12428 fs_manager.cc:601] Generated new instance metadata in path /data/somelongdirectorytoavoidrpathissues/src/kudutest/kudu-admin-test.0.AdminCliTest.TestUnsafeChangeConfigWithPendingConfigsOnWAL.1530607157582131-6083/raft_consensus-itest-cluster/master-0/data/instance: uuid: "333227bb32fd427eb883629eaf76fe88" format_stamp: "Formatted at 2018-07-03 08:40:11 on quasar-kdakzq-1.vpc.cloudera.com"
I0703 01:40:11.110262 12428 fs_manager.cc:601] Generated new instance metadata in path /data/somelongdirectorytoavoidrpathissues/src/kudutest/kudu-admin-test.0.AdminCliTest.TestUnsafeChangeConfigWithPendingConfigsOnWAL.1530607157582131-6083/raft_consensus-itest-cluster/master-0/wal/instance: uuid: "333227bb32fd427eb883629eaf76fe88" format_stamp: "Formatted at 2018-07-03 08:40:11 on quasar-kdakzq-1.vpc.cloudera.com"
I0703 01:40:11.118482 12428 fs_manager.cc:501] Time spent creating directory manager: real 0.008s user 0.002s sys 0.005s
I0703 01:40:11.119709 12428 env_posix.cc:1674] Not raising this process' open files per process limit of 32768; it is already as high as it can go
I0703 01:40:11.120102 12428 file_cache.cc:470] Constructed file cache lbm with capacity 13107
I0703 01:40:11.123733 12428 fs_manager.cc:417] Time spent opening block manager: real 0.002s user 0.001s sys 0.000s
I0703 01:40:11.123792 12428 fs_manager.cc:434] Opened local filesystem: /data/somelongdirectorytoavoidrpathissues/src/kudutest/kudu-admin-test.0.AdminCliTest.TestUnsafeChangeConfigWithPendingConfigsOnWAL.1530607157582131-6083/raft_consensus-itest-cluster/master-0/data,/data/somelongdirectorytoavoidrpathissues/src/kudutest/kudu-admin-test.0.AdminCliTest.TestUnsafeChangeConfigWithPendingConfigsOnWAL.1530607157582131-6083/raft_consensus-itest-cluster/master-0/wal uuid: "333227bb32fd427eb883629eaf76fe88" format_stamp: "Formatted at 2018-07-03 08:40:11 on quasar-kdakzq-1.vpc.cloudera.com"
I0703 01:40:11.123955 12428 fs_report.cc:352] FS layout report -------------------- wal directory: /data/somelongdirectorytoavoidrpathissues/src/kudutest/kudu-admin-test.0.AdminCliTest.TestUnsafeChangeConfigWithPendingConfigsOnWAL.1530607157582131-6083/raft_consensus-itest-cluster/master-0/wal metadata directory: /data/somelongdirectorytoavoidrpathissues/src/kudutest/kudu-admin-test.0.AdminCliTest.TestUnsafeChangeConfigWithPendingConfigsOnWAL.1530607157582131-6083/raft_consensus-itest-cluster/master-0/wal 1 data directories: /data/somelongdirectorytoavoidrpathissues/src/kudutest/kudu-admin-test.0.AdminCliTest.TestUnsafeChangeConfigWithPendingConfigsOnWAL.1530607157582131-6083/raft_consensus-itest-cluster/master-0/data/data Total live blocks: 0 Total live bytes: 0 Total live bytes (after alignment): 0 Total number of LBM containers: 0 (0 full) Did not check for missing blocks Did not check for orphaned blocks Total full LBM containers with extra space: 0 (0 repaired) Total full LBM container extra space in bytes: 0 (0 repaired) Total incomplete LBM containers: 0 (0 repaired) Total LBM partial records: 0 (0 repaired)
I0703 01:40:11.176848 12428 env_posix.cc:1669] Raising this process' running threads per effective uid limit from 32768 to 65536
I0703 01:40:11.178272 12428 master_main.cc:83] Starting Master server...
I0703 01:40:11.214752 12428 rpc_server.cc:205] RPC server started. Bound to: 127.5.240.254:33510
I0703 01:40:11.215203 12428 webserver.cc:175] Starting webserver on 127.5.240.254:0
I0703 01:40:11.215247 12428 webserver.cc:186] Document root disabled
I0703 01:40:11.215986 12428 webserver.cc:313] Webserver started. Bound to: http://127.5.240.254:48462/
I0703 01:40:11.216565 12428 server_base.cc:607] Dumped server information to /data/somelongdirectorytoavoidrpathissues/src/kudutest/kudu-admin-test.0.AdminCliTest.TestUnsafeChangeConfigWithPendingConfigsOnWAL.1530607157582131-6083/raft_consensus-itest-cluster/master-0/data/info.pb
I0703 01:40:11.219694 12487 data_dirs.cc:934] Could only allocate 1 dirs of requested 3 for tablet 00000000000000000000000000000000. 1 dirs total, 0 dirs full, 0 dirs failed
I0703 01:40:11.225816 6083 external_mini_cluster.cc:856] Started /data/somelongdirectorytoavoidrpathissues/src/kudu/build/asan/bin/kudu-master as pid 12428
I0703 01:40:11.226428 6083 external_mini_cluster.cc:794] Running /data/somelongdirectorytoavoidrpathissues/src/kudu/build/asan/bin/kudu-tserver /data/somelongdirectorytoavoidrpathissues/src/kudu/build/asan/bin/kudu-tserver --fs_wal_dir=/data/somelongdirectorytoavoidrpathissues/src/kudutest/kudu-admin-test.0.AdminCliTest.TestUnsafeChangeConfigWithPendingConfigsOnWAL.1530607157582131-6083/raft_consensus-itest-cluster/ts-0/wal --fs_data_dirs=/data/somelongdirectorytoavoidrpathissues/src/kudutest/kudu-admin-test.0.AdminCliTest.TestUnsafeChangeConfigWithPendingConfigsOnWAL.1530607157582131-6083/raft_consensus-itest-cluster/ts-0/data --block_manager=log --rpc_bind_addresses=127.5.240.193:0 --local_ip_for_outbound_sockets=127.5.240.193 --webserver_interface=127.5.240.193 --webserver_port=0 --tserver_master_addrs=127.5.240.254:33510 --never_fsync --ipki_server_key_size=1024 --enable_minidumps=false --redact=none --metrics_log_interval_ms=1000 --logtostderr --logbuflevel=-1 --log_dir=/data/somelongdirectorytoavoidrpathissues/src/kudutest/kudu-admin-test.0.AdminCliTest.TestUnsafeChangeConfigWithPendingConfigsOnWAL.1530607157582131-6083/raft_consensus-itest-cluster/ts-0/logs --server_dump_info_path=/data/somelongdirectorytoavoidrpathissues/src/kudutest/kudu-admin-test.0.AdminCliTest.TestUnsafeChangeConfigWithPendingConfigsOnWAL.1530607157582131-6083/raft_consensus-itest-cluster/ts-0/data/info.pb --server_dump_info_format=pb --rpc_server_allow_ephemeral_ports --unlock_experimental_flags --unlock_unsafe_flags --log_cache_size_limit_mb=10 --consensus_rpc_timeout_ms=30000 with env {}
