I0703 01:39:39.334537 9052 ts_tablet_manager.cc:1173] T c6eb9324dee0414bbcb2039e9a23fab5 P e52364e0246c4bb4852c27e967e2f4c8: Registered tablet (data state: TABLET_DATA_READY)
I0703 01:39:39.335373 9258 ts_tablet_manager.cc:1028] T c6eb9324dee0414bbcb2039e9a23fab5 P 27562c9910fa4819a8ecf91dafbf7ce1: Bootstrapping tablet
I0703 01:39:39.335808 9257 tablet_bootstrap.cc:578] T c6eb9324dee0414bbcb2039e9a23fab5 P 38c3a80a7fa04fcebe7dea0e351bf9b2: No blocks or log segments found. Creating new log.
I0703 01:39:39.335959 9258 tablet_bootstrap.cc:427] T c6eb9324dee0414bbcb2039e9a23fab5 P 27562c9910fa4819a8ecf91dafbf7ce1: Bootstrap starting.
I0703 01:39:39.336963 9259 ts_tablet_manager.cc:1028] T c6eb9324dee0414bbcb2039e9a23fab5 P e52364e0246c4bb4852c27e967e2f4c8: Bootstrapping tablet
I0703 01:39:39.337471 9259 tablet_bootstrap.cc:427] T c6eb9324dee0414bbcb2039e9a23fab5 P e52364e0246c4bb4852c27e967e2f4c8: Bootstrap starting.
I0703 01:39:39.338086 9257 log.cc:525] T c6eb9324dee0414bbcb2039e9a23fab5 P 38c3a80a7fa04fcebe7dea0e351bf9b2: Log is configured to *not* fsync() on all Append() calls
I0703 01:39:39.339092 9258 tablet_bootstrap.cc:578] T c6eb9324dee0414bbcb2039e9a23fab5 P 27562c9910fa4819a8ecf91dafbf7ce1: No blocks or log segments found. Creating new log.
I0703 01:39:39.339970 9258 log.cc:525] T c6eb9324dee0414bbcb2039e9a23fab5 P 27562c9910fa4819a8ecf91dafbf7ce1: Log is configured to *not* fsync() on all Append() calls
I0703 01:39:39.340024 9259 tablet_bootstrap.cc:578] T c6eb9324dee0414bbcb2039e9a23fab5 P e52364e0246c4bb4852c27e967e2f4c8: No blocks or log segments found. Creating new log.
I0703 01:39:39.340180 9257 tablet_bootstrap.cc:427] T c6eb9324dee0414bbcb2039e9a23fab5 P 38c3a80a7fa04fcebe7dea0e351bf9b2: No bootstrap required, opened a new log
I0703 01:39:39.340382 9257 ts_tablet_manager.cc:1045] T c6eb9324dee0414bbcb2039e9a23fab5 P 38c3a80a7fa04fcebe7dea0e351bf9b2: Time spent bootstrapping tablet: real 0.008s user 0.004s sys 0.001s
I0703 01:39:39.341019 9259 log.cc:525] T c6eb9324dee0414bbcb2039e9a23fab5 P e52364e0246c4bb4852c27e967e2f4c8: Log is configured to *not* fsync() on all Append() calls
I0703 01:39:39.342175 9258 tablet_bootstrap.cc:427] T c6eb9324dee0414bbcb2039e9a23fab5 P 27562c9910fa4819a8ecf91dafbf7ce1: No bootstrap required, opened a new log
I0703 01:39:39.342332 9258 ts_tablet_manager.cc:1045] T c6eb9324dee0414bbcb2039e9a23fab5 P 27562c9910fa4819a8ecf91dafbf7ce1: Time spent bootstrapping tablet: real 0.007s user 0.001s sys 0.005s
I0703 01:39:39.347323 9257 raft_consensus.cc:325] T c6eb9324dee0414bbcb2039e9a23fab5 P 38c3a80a7fa04fcebe7dea0e351bf9b2 [term 0 FOLLOWER]: Replica starting. Triggering 0 pending transactions. Active config: opid_index: -1 OBSOLETE_local: false peers { permanent_uuid: "27562c9910fa4819a8ecf91dafbf7ce1" member_type: VOTER last_known_addr { host: "127.5.240.194" port: 38901 } } peers { permanent_uuid: "e52364e0246c4bb4852c27e967e2f4c8" member_type: VOTER last_known_addr { host: "127.5.240.195" port: 46355 } } peers { permanent_uuid: "38c3a80a7fa04fcebe7dea0e351bf9b2" member_type: VOTER last_known_addr { host: "127.5.240.196" port: 34814 } }
I0703 01:39:39.347666 9257 raft_consensus.cc:351] T c6eb9324dee0414bbcb2039e9a23fab5 P 38c3a80a7fa04fcebe7dea0e351bf9b2 [term 0 FOLLOWER]: Consensus starting up: Expiring failure detector timer to make a prompt election more likely
I0703 01:39:39.347735 9257 raft_consensus.cc:628] T c6eb9324dee0414bbcb2039e9a23fab5 P 38c3a80a7fa04fcebe7dea0e351bf9b2 [term 0 FOLLOWER]: Becoming Follower/Learner. State: Replica: 38c3a80a7fa04fcebe7dea0e351bf9b2, State: Initialized, Role: FOLLOWER
I0703 01:39:39.348155 9257 consensus_queue.cc:227] T c6eb9324dee0414bbcb2039e9a23fab5 P 38c3a80a7fa04fcebe7dea0e351bf9b2 [NON_LEADER]: Queue going to NON_LEADER mode. State: All replicated index: 0, Majority replicated index: 0, Committed index: 0, Last appended: 0.0, Last appended by leader: 0, Current term: 0, Majority size: -1, State: 0, Mode: NON_LEADER, active raft config: opid_index: -1 OBSOLETE_local: false peers { permanent_uuid: "27562c9910fa4819a8ecf91dafbf7ce1" member_type: VOTER last_known_addr { host: "127.5.240.194" port: 38901 } } peers { permanent_uuid: "e52364e0246c4bb4852c27e967e2f4c8" member_type: VOTER last_known_addr { host: "127.5.240.195" port: 46355 } } peers { permanent_uuid: "38c3a80a7fa04fcebe7dea0e351bf9b2" member_type: VOTER last_known_addr { host: "127.5.240.196" port: 34814 } }
I0703 01:39:39.348409 9259 tablet_bootstrap.cc:427] T c6eb9324dee0414bbcb2039e9a23fab5 P e52364e0246c4bb4852c27e967e2f4c8: No bootstrap required, opened a new log
I0703 01:39:39.348181 9258 raft_consensus.cc:325] T c6eb9324dee0414bbcb2039e9a23fab5 P 27562c9910fa4819a8ecf91dafbf7ce1 [term 0 FOLLOWER]: Replica starting. Triggering 0 pending transactions. Active config: opid_index: -1 OBSOLETE_local: false peers { permanent_uuid: "27562c9910fa4819a8ecf91dafbf7ce1" member_type: VOTER last_known_addr { host: "127.5.240.194" port: 38901 } } peers { permanent_uuid: "e52364e0246c4bb4852c27e967e2f4c8" member_type: VOTER last_known_addr { host: "127.5.240.195" port: 46355 } } peers { permanent_uuid: "38c3a80a7fa04fcebe7dea0e351bf9b2" member_type: VOTER last_known_addr { host: "127.5.240.196" port: 34814 } }
I0703 01:39:39.348613 9258 raft_consensus.cc:351] T c6eb9324dee0414bbcb2039e9a23fab5 P 27562c9910fa4819a8ecf91dafbf7ce1 [term 0 FOLLOWER]: Consensus starting up: Expiring failure detector timer to make a prompt election more likely
I0703 01:39:39.348656 9259 ts_tablet_manager.cc:1045] T c6eb9324dee0414bbcb2039e9a23fab5 P e52364e0246c4bb4852c27e967e2f4c8: Time spent bootstrapping tablet: real 0.012s user 0.003s sys 0.002s
I0703 01:39:39.348716 9258 raft_consensus.cc:628] T c6eb9324dee0414bbcb2039e9a23fab5 P 27562c9910fa4819a8ecf91dafbf7ce1 [term 0 FOLLOWER]: Becoming Follower/Learner. State: Replica: 27562c9910fa4819a8ecf91dafbf7ce1, State: Initialized, Role: FOLLOWER
I0703 01:39:39.349587 9237 heartbeater.cc:467] Master 127.5.240.254:38609 was elected leader, sending a full tablet report...
I0703 01:39:39.349994 9257 ts_tablet_manager.cc:1073] T c6eb9324dee0414bbcb2039e9a23fab5 P 38c3a80a7fa04fcebe7dea0e351bf9b2: Time spent starting tablet: real 0.010s user 0.006s sys 0.003s
I0703 01:39:39.349311 9258 consensus_queue.cc:227] T c6eb9324dee0414bbcb2039e9a23fab5 P 27562c9910fa4819a8ecf91dafbf7ce1 [NON_LEADER]: Queue going to NON_LEADER mode. State: All replicated index: 0, Majority replicated index: 0, Committed index: 0, Last appended: 0.0, Last appended by leader: 0, Current term: 0, Majority size: -1, State: 0, Mode: NON_LEADER, active raft config: opid_index: -1 OBSOLETE_local: false peers { permanent_uuid: "27562c9910fa4819a8ecf91dafbf7ce1" member_type: VOTER last_known_addr { host: "127.5.240.194" port: 38901 } } peers { permanent_uuid: "e52364e0246c4bb4852c27e967e2f4c8" member_type: VOTER last_known_addr { host: "127.5.240.195" port: 46355 } } peers { permanent_uuid: "38c3a80a7fa04fcebe7dea0e351bf9b2" member_type: VOTER last_known_addr { host: "127.5.240.196" port: 34814 } }
I0703 01:39:39.350978 8993 heartbeater.cc:467] Master 127.5.240.254:38609 was elected leader, sending a full tablet report...
I0703 01:39:39.351893 9258 ts_tablet_manager.cc:1073] T c6eb9324dee0414bbcb2039e9a23fab5 P 27562c9910fa4819a8ecf91dafbf7ce1: Time spent starting tablet: real 0.009s user 0.004s sys 0.004s
I0703 01:39:39.356729 9259 raft_consensus.cc:325] T c6eb9324dee0414bbcb2039e9a23fab5 P e52364e0246c4bb4852c27e967e2f4c8 [term 0 FOLLOWER]: Replica starting. Triggering 0 pending transactions. Active config: opid_index: -1 OBSOLETE_local: false peers { permanent_uuid: "27562c9910fa4819a8ecf91dafbf7ce1" member_type: VOTER last_known_addr { host: "127.5.240.194" port: 38901 } } peers { permanent_uuid: "e52364e0246c4bb4852c27e967e2f4c8" member_type: VOTER last_known_addr { host: "127.5.240.195" port: 46355 } } peers { permanent_uuid: "38c3a80a7fa04fcebe7dea0e351bf9b2" member_type: VOTER last_known_addr { host: "127.5.240.196" port: 34814 } }
I0703 01:39:39.357023 9259 raft_consensus.cc:351] T c6eb9324dee0414bbcb2039e9a23fab5 P e52364e0246c4bb4852c27e967e2f4c8 [term 0 FOLLOWER]: Consensus starting up: Expiring failure detector timer to make a prompt election more likely
I0703 01:39:39.357085 9259 raft_consensus.cc:628] T c6eb9324dee0414bbcb2039e9a23fab5 P e52364e0246c4bb4852c27e967e2f4c8 [term 0 FOLLOWER]: Becoming Follower/Learner. State: Replica: e52364e0246c4bb4852c27e967e2f4c8, State: Initialized, Role: FOLLOWER
I0703 01:39:39.357447 9259 consensus_queue.cc:227] T c6eb9324dee0414bbcb2039e9a23fab5 P e52364e0246c4bb4852c27e967e2f4c8 [NON_LEADER]: Queue going to NON_LEADER mode. State: All replicated index: 0, Majority replicated index: 0, Committed index: 0, Last appended: 0.0, Last appended by leader: 0, Current term: 0, Majority size: -1, State: 0, Mode: NON_LEADER, active raft config: opid_index: -1 OBSOLETE_local: false peers { permanent_uuid: "27562c9910fa4819a8ecf91dafbf7ce1" member_type: VOTER last_known_addr { host: "127.5.240.194" port: 38901 } } peers { permanent_uuid: "e52364e0246c4bb4852c27e967e2f4c8" member_type: VOTER last_known_addr { host: "127.5.240.195" port: 46355 } } peers { permanent_uuid: "38c3a80a7fa04fcebe7dea0e351bf9b2" member_type: VOTER last_known_addr { host: "127.5.240.196" port: 34814 } }
I0703 01:39:39.358683 9115 heartbeater.cc:467] Master 127.5.240.254:38609 was elected leader, sending a full tablet report...
I0703 01:39:39.359220 9259 ts_tablet_manager.cc:1073] T c6eb9324dee0414bbcb2039e9a23fab5 P e52364e0246c4bb4852c27e967e2f4c8: Time spent starting tablet: real 0.010s user 0.008s sys 0.001s
W0703 01:39:39.440006 9116 tablet.cc:1678] T c6eb9324dee0414bbcb2039e9a23fab5 P e52364e0246c4bb4852c27e967e2f4c8: Can't schedule compaction. Clean time has not been advanced past its initial value.
W0703 01:39:39.516679 9238 tablet.cc:1678] T c6eb9324dee0414bbcb2039e9a23fab5 P 38c3a80a7fa04fcebe7dea0e351bf9b2: Can't schedule compaction. Clean time has not been advanced past its initial value.
I0703 01:39:39.521168 9264 raft_consensus.cc:457] T c6eb9324dee0414bbcb2039e9a23fab5 P 27562c9910fa4819a8ecf91dafbf7ce1 [term 0 FOLLOWER]: Starting pre-election (no leader contacted us within the election timeout)
I0703 01:39:39.521268 9264 raft_consensus.cc:2730] T c6eb9324dee0414bbcb2039e9a23fab5 P 27562c9910fa4819a8ecf91dafbf7ce1: Snoozing failure detection for 1.867s (starting election)
I0703 01:39:39.521363 9264 raft_consensus.cc:479] T c6eb9324dee0414bbcb2039e9a23fab5 P 27562c9910fa4819a8ecf91dafbf7ce1 [term 0 FOLLOWER]: Starting pre-election with config: opid_index: -1 OBSOLETE_local: false peers { permanent_uuid: "27562c9910fa4819a8ecf91dafbf7ce1" member_type: VOTER last_known_addr { host: "127.5.240.194" port: 38901 } } peers { permanent_uuid: "e52364e0246c4bb4852c27e967e2f4c8" member_type: VOTER last_known_addr { host: "127.5.240.195" port: 46355 } } peers { permanent_uuid: "38c3a80a7fa04fcebe7dea0e351bf9b2" member_type: VOTER last_known_addr { host: "127.5.240.196" port: 34814 } }
I0703 01:39:39.522521 9264 leader_election.cc:243] T c6eb9324dee0414bbcb2039e9a23fab5 P 27562c9910fa4819a8ecf91dafbf7ce1 [CANDIDATE]: Term 1 pre-election: Requesting pre-vote from peer e52364e0246c4bb4852c27e967e2f4c8 (127.5.240.195:46355)
I0703 01:39:39.522836 9264 leader_election.cc:243] T c6eb9324dee0414bbcb2039e9a23fab5 P 27562c9910fa4819a8ecf91dafbf7ce1 [CANDIDATE]: Term 1 pre-election: Requesting pre-vote from peer 38c3a80a7fa04fcebe7dea0e351bf9b2 (127.5.240.196:34814)
I0703 01:39:39.531950 9072 tablet_service.cc:995] Received RequestConsensusVote() RPC: tablet_id: "c6eb9324dee0414bbcb2039e9a23fab5" candidate_uuid: "27562c9910fa4819a8ecf91dafbf7ce1" candidate_term: 1 candidate_status { last_received { term: 0 index: 0 } } ignore_live_leader: false dest_uuid: "e52364e0246c4bb4852c27e967e2f4c8" is_pre_election: true
I0703 01:39:39.532325 9072 raft_consensus.cc:2730] T c6eb9324dee0414bbcb2039e9a23fab5 P e52364e0246c4bb4852c27e967e2f4c8: Snoozing failure detection for 1.852s (vote granted)
I0703 01:39:39.532449 9072 raft_consensus.cc:2243] T c6eb9324dee0414bbcb2039e9a23fab5 P e52364e0246c4bb4852c27e967e2f4c8 [term 0 FOLLOWER]: Leader pre-election vote request: Granting yes vote for candidate 27562c9910fa4819a8ecf91dafbf7ce1 in term 0.
I0703 01:39:39.532488 9194 tablet_service.cc:995] Received RequestConsensusVote() RPC: tablet_id: "c6eb9324dee0414bbcb2039e9a23fab5" candidate_uuid: "27562c9910fa4819a8ecf91dafbf7ce1" candidate_term: 1 candidate_status { last_received { term: 0 index: 0 } } ignore_live_leader: false dest_uuid: "38c3a80a7fa04fcebe7dea0e351bf9b2" is_pre_election: true
I0703 01:39:39.533215 8881 leader_election.cc:379] T c6eb9324dee0414bbcb2039e9a23fab5 P 27562c9910fa4819a8ecf91dafbf7ce1 [CANDIDATE]: Term 1 pre-election: Vote granted by peer e52364e0246c4bb4852c27e967e2f4c8 (127.5.240.195:46355)
I0703 01:39:39.533325 8881 leader_election.cc:270] T c6eb9324dee0414bbcb2039e9a23fab5 P 27562c9910fa4819a8ecf91dafbf7ce1 [CANDIDATE]: Term 1 pre-election: Election decided. Result: candidate won.
I0703 01:39:39.533207 9194 raft_consensus.cc:2730] T c6eb9324dee0414bbcb2039e9a23fab5 P 38c3a80a7fa04fcebe7dea0e351bf9b2: Snoozing failure detection for 1.625s (vote granted)
I0703 01:39:39.533735 9194 raft_consensus.cc:2243] T c6eb9324dee0414bbcb2039e9a23fab5 P 38c3a80a7fa04fcebe7dea0e351bf9b2 [term 0 FOLLOWER]: Leader pre-election vote request: Granting yes vote for candidate 27562c9910fa4819a8ecf91dafbf7ce1 in term 0.
I0703 01:39:39.533774 9264 raft_consensus.cc:2730] T c6eb9324dee0414bbcb2039e9a23fab5 P 27562c9910fa4819a8ecf91dafbf7ce1: Snoozing failure detection for 2.137s (election complete)
I0703 01:39:39.533857 9264 raft_consensus.cc:2537] T c6eb9324dee0414bbcb2039e9a23fab5 P 27562c9910fa4819a8ecf91dafbf7ce1 [term 0 FOLLOWER]: Leader pre-election won for term 1
I0703 01:39:39.533936 9264 raft_consensus.cc:457] T c6eb9324dee0414bbcb2039e9a23fab5 P 27562c9910fa4819a8ecf91dafbf7ce1 [term 0 FOLLOWER]: Starting leader election (no leader contacted us within the election timeout)
I0703 01:39:39.534021 9264 raft_consensus.cc:2730] T c6eb9324dee0414bbcb2039e9a23fab5 P 27562c9910fa4819a8ecf91dafbf7ce1: Snoozing failure detection for 1.933s (starting election)
I0703 01:39:39.534088 9264 raft_consensus.cc:2782] T c6eb9324dee0414bbcb2039e9a23fab5 P 27562c9910fa4819a8ecf91dafbf7ce1 [term 0 FOLLOWER]: Advancing to term 1
I0703 01:39:39.534345 8882 leader_election.cc:379] T c6eb9324dee0414bbcb2039e9a23fab5 P 27562c9910fa4819a8ecf91dafbf7ce1 [CANDIDATE]: Term 1 pre-election: Vote granted by peer 38c3a80a7fa04fcebe7dea0e351bf9b2 (127.5.240.196:34814)
I0703 01:39:39.535859 9264 raft_consensus.cc:479] T c6eb9324dee0414bbcb2039e9a23fab5 P 27562c9910fa4819a8ecf91dafbf7ce1 [term 1 FOLLOWER]: Starting leader election with config: opid_index: -1 OBSOLETE_local: false peers { permanent_uuid: "27562c9910fa4819a8ecf91dafbf7ce1" member_type: VOTER last_known_addr { host: "127.5.240.194" port: 38901 } } peers { permanent_uuid: "e52364e0246c4bb4852c27e967e2f4c8" member_type: VOTER last_known_addr { host: "127.5.240.195" port: 46355 } } peers { permanent_uuid: "38c3a80a7fa04fcebe7dea0e351bf9b2" member_type: VOTER last_known_addr { host: "127.5.240.196" port: 34814 } }
I0703 01:39:39.536240 9264 leader_election.cc:243] T c6eb9324dee0414bbcb2039e9a23fab5 P 27562c9910fa4819a8ecf91dafbf7ce1 [CANDIDATE]: Term 1 election: Requesting vote from peer e52364e0246c4bb4852c27e967e2f4c8 (127.5.240.195:46355)
I0703 01:39:39.536408 9264 leader_election.cc:243] T c6eb9324dee0414bbcb2039e9a23fab5 P 27562c9910fa4819a8ecf91dafbf7ce1 [CANDIDATE]: Term 1 election: Requesting vote from peer 38c3a80a7fa04fcebe7dea0e351bf9b2 (127.5.240.196:34814)
I0703 01:39:39.536962 9072 tablet_service.cc:995] Received RequestConsensusVote() RPC: tablet_id: "c6eb9324dee0414bbcb2039e9a23fab5" candidate_uuid: "27562c9910fa4819a8ecf91dafbf7ce1" candidate_term: 1 candidate_status { last_received { term: 0 index: 0 } } ignore_live_leader: false dest_uuid: "e52364e0246c4bb4852c27e967e2f4c8"
I0703 01:39:39.537107 9072 raft_consensus.cc:2782] T c6eb9324dee0414bbcb2039e9a23fab5 P e52364e0246c4bb4852c27e967e2f4c8 [term 0 FOLLOWER]: Advancing to term 1
I0703 01:39:39.537111 9194 tablet_service.cc:995] Received RequestConsensusVote() RPC: tablet_id: "c6eb9324dee0414bbcb2039e9a23fab5" candidate_uuid: "27562c9910fa4819a8ecf91dafbf7ce1" candidate_term: 1 candidate_status { last_received { term: 0 index: 0 } } ignore_live_leader: false dest_uuid: "38c3a80a7fa04fcebe7dea0e351bf9b2"
I0703 01:39:39.537206 9072 raft_consensus.cc:2730] T c6eb9324dee0414bbcb2039e9a23fab5 P e52364e0246c4bb4852c27e967e2f4c8: Snoozing failure detection for 1.936s (vote granted)
I0703 01:39:39.537250 9194 raft_consensus.cc:2782] T c6eb9324dee0414bbcb2039e9a23fab5 P 38c3a80a7fa04fcebe7dea0e351bf9b2 [term 0 FOLLOWER]: Advancing to term 1
I0703 01:39:39.537351 9194 raft_consensus.cc:2730] T c6eb9324dee0414bbcb2039e9a23fab5 P 38c3a80a7fa04fcebe7dea0e351bf9b2: Snoozing failure detection for 1.819s (vote granted)
I0703 01:39:39.539319 9072 raft_consensus.cc:2243] T c6eb9324dee0414bbcb2039e9a23fab5 P e52364e0246c4bb4852c27e967e2f4c8 [term 1 FOLLOWER]: Leader election vote request: Granting yes vote for candidate 27562c9910fa4819a8ecf91dafbf7ce1 in term 1.
I0703 01:39:39.539388 9194 raft_consensus.cc:2243] T c6eb9324dee0414bbcb2039e9a23fab5 P 38c3a80a7fa04fcebe7dea0e351bf9b2 [term 1 FOLLOWER]: Leader election vote request: Granting yes vote for candidate 27562c9910fa4819a8ecf91dafbf7ce1 in term 1.
I0703 01:39:39.539866 8881 leader_election.cc:379] T c6eb9324dee0414bbcb2039e9a23fab5 P 27562c9910fa4819a8ecf91dafbf7ce1 [CANDIDATE]: Term 1 election: Vote granted by peer e52364e0246c4bb4852c27e967e2f4c8 (127.5.240.195:46355)
I0703 01:39:39.539960 8881 leader_election.cc:270] T c6eb9324dee0414bbcb2039e9a23fab5 P 27562c9910fa4819a8ecf91dafbf7ce1 [CANDIDATE]: Term 1 election: Election decided. Result: candidate won.
I0703 01:39:39.540060 8882 leader_election.cc:379] T c6eb9324dee0414bbcb2039e9a23fab5 P 27562c9910fa4819a8ecf91dafbf7ce1 [CANDIDATE]: Term 1 election: Vote granted by peer 38c3a80a7fa04fcebe7dea0e351bf9b2 (127.5.240.196:34814)
I0703 01:39:39.540242 9264 raft_consensus.cc:2730] T c6eb9324dee0414bbcb2039e9a23fab5 P 27562c9910fa4819a8ecf91dafbf7ce1: Snoozing failure detection for 2.246s (election complete)
I0703 01:39:39.540320 9264 raft_consensus.cc:2537] T c6eb9324dee0414bbcb2039e9a23fab5 P 27562c9910fa4819a8ecf91dafbf7ce1 [term 1 FOLLOWER]: Leader election won for term 1
I0703 01:39:39.540850 9264 raft_consensus.cc:593] T c6eb9324dee0414bbcb2039e9a23fab5 P 27562c9910fa4819a8ecf91dafbf7ce1 [term 1 LEADER]: Becoming Leader. State: Replica: 27562c9910fa4819a8ecf91dafbf7ce1, State: Running, Role: LEADER
I0703 01:39:39.541221 9264 consensus_queue.cc:204] T c6eb9324dee0414bbcb2039e9a23fab5 P 27562c9910fa4819a8ecf91dafbf7ce1 [LEADER]: Queue going to LEADER mode. State: All replicated index: 0, Majority replicated index: 0, Committed index: 0, Last appended: 0.0, Last appended by leader: 0, Current term: 1, Majority size: 2, State: 0, Mode: LEADER, active raft config: opid_index: -1 OBSOLETE_local: false peers { permanent_uuid: "27562c9910fa4819a8ecf91dafbf7ce1" member_type: VOTER last_known_addr { host: "127.5.240.194" port: 38901 } } peers { permanent_uuid: "e52364e0246c4bb4852c27e967e2f4c8" member_type: VOTER last_known_addr { host: "127.5.240.195" port: 46355 } } peers { permanent_uuid: "38c3a80a7fa04fcebe7dea0e351bf9b2" member_type: VOTER last_known_addr { host: "127.5.240.196" port: 34814 } }
I0703 01:39:39.545650 8706 catalog_manager.cc:3798] T c6eb9324dee0414bbcb2039e9a23fab5 P 27562c9910fa4819a8ecf91dafbf7ce1 reported cstate change: term changed from 0 to 1, leader changed from to 27562c9910fa4819a8ecf91dafbf7ce1 (127.5.240.194). New cstate: current_term: 1 leader_uuid: "27562c9910fa4819a8ecf91dafbf7ce1" committed_config { opid_index: -1 OBSOLETE_local: false peers { permanent_uuid: "27562c9910fa4819a8ecf91dafbf7ce1" member_type: VOTER last_known_addr { host: "127.5.240.194" port: 38901 } health_report { overall_health: HEALTHY } } peers { permanent_uuid: "e52364e0246c4bb4852c27e967e2f4c8" member_type: VOTER last_known_addr { host: "127.5.240.195" port: 46355 } health_report { overall_health: UNKNOWN } } peers { permanent_uuid: "38c3a80a7fa04fcebe7dea0e351bf9b2" member_type: VOTER last_known_addr { host: "127.5.240.196" port: 34814 } health_report { overall_health: UNKNOWN } } }
W0703 01:39:39.573906 8994 tablet.cc:1678] T c6eb9324dee0414bbcb2039e9a23fab5 P 27562c9910fa4819a8ecf91dafbf7ce1: Can't schedule compaction. Clean time has not been advanced past its initial value.
I0703 01:39:39.599485 6083 external_mini_cluster.cc:490] 4 TS(s) registered with all masters
I0703 01:39:39.600598 6083 ts_itest-base.cc:233] Waiting for 0 tablets on tserver 6cf745d60d5445749567bc9afd503edb to finish bootstrapping
I0703 01:39:39.607097 6083 ts_itest-base.cc:233] Waiting for 1 tablets on tserver 27562c9910fa4819a8ecf91dafbf7ce1 to finish bootstrapping
I0703 01:39:39.611457 6083 ts_itest-base.cc:233] Waiting for 1 tablets on tserver e52364e0246c4bb4852c27e967e2f4c8 to finish bootstrapping
I0703 01:39:39.616127 6083 ts_itest-base.cc:233] Waiting for 1 tablets on tserver 38c3a80a7fa04fcebe7dea0e351bf9b2 to finish bootstrapping
I0703 01:39:39.620383 6083 kudu-admin-test.cc:570] Waiting for Master to see the current replicas...
I0703 01:39:39.621399 6083 kudu-admin-test.cc:577] Tablet locations: tablet_id: "c6eb9324dee0414bbcb2039e9a23fab5" replicas { ts_info { permanent_uuid: "27562c9910fa4819a8ecf91dafbf7ce1" rpc_addresses { host: "127.5.240.194" port: 38901 } } role: LEADER } replicas { ts_info { permanent_uuid: "e52364e0246c4bb4852c27e967e2f4c8" rpc_addresses { host: "127.5.240.195" port: 46355 } } role: FOLLOWER } replicas { ts_info { permanent_uuid: "38c3a80a7fa04fcebe7dea0e351bf9b2" rpc_addresses { host: "127.5.240.196" port: 34814 } } role: FOLLOWER } DEPRECATED_stale: false partition { partition_key_start: "" partition_key_end: "" }
I0703 01:39:39.936940 9072 raft_consensus.cc:1081] T c6eb9324dee0414bbcb2039e9a23fab5 P e52364e0246c4bb4852c27e967e2f4c8 [term 1 FOLLOWER]: Refusing update from remote peer 27562c9910fa4819a8ecf91dafbf7ce1: Log matching property violated. Preceding OpId in replica: term: 0 index: 0. Preceding OpId from leader: term: 1 index: 1. (index mismatch)
I0703 01:39:39.937801 9264 consensus_queue.cc:962] T c6eb9324dee0414bbcb2039e9a23fab5 P 27562c9910fa4819a8ecf91dafbf7ce1 [LEADER]: Connected to new peer: Peer: permanent_uuid: "e52364e0246c4bb4852c27e967e2f4c8" member_type: VOTER last_known_addr { host: "127.5.240.195" port: 46355 }, Status: LMP_MISMATCH, Last received: 0.0, Next index: 1, Last known committed idx: 0, Time since last communication: 0.000s
I0703 01:39:39.943429 9194 raft_consensus.cc:1081] T c6eb9324dee0414bbcb2039e9a23fab5 P 38c3a80a7fa04fcebe7dea0e351bf9b2 [term 1 FOLLOWER]: Refusing update from remote peer 27562c9910fa4819a8ecf91dafbf7ce1: Log matching property violated. Preceding OpId in replica: term: 0 index: 0. Preceding OpId from leader: term: 1 index: 1. (index mismatch)
I0703 01:39:39.944728 9268 consensus_queue.cc:962] T c6eb9324dee0414bbcb2039e9a23fab5 P 27562c9910fa4819a8ecf91dafbf7ce1 [LEADER]: Connected to new peer: Peer: permanent_uuid: "38c3a80a7fa04fcebe7dea0e351bf9b2" member_type: VOTER last_known_addr { host: "127.5.240.196" port: 34814 }, Status: LMP_MISMATCH, Last received: 0.0, Next index: 1, Last known committed idx: 0, Time since last communication: 0.000s
I0703 01:39:39.950268 6083 external_mini_cluster.cc:1034] Attempting to check leaks for /data/somelongdirectorytoavoidrpathissues/src/kudu/build/asan/bin/kudu-tserver pid 8874
I0703 01:39:39.950862 8990 generic_service.cc:169] Checking for leaks (request via RPC)
I0703 01:39:39.995318 6083 external_mini_cluster.cc:993] Killing /data/somelongdirectorytoavoidrpathissues/src/kudu/build/asan/bin/kudu-tserver with pid 8874
W0703 01:39:40.003346 8690 connection.cc:512] server connection from 127.5.240.194:48290 recv error: Network error: failed to read from TLS socket (remote: 127.5.240.194:48290): Connection reset by peer (error 104)
W0703 01:39:40.003396 9006 connection.cc:512] server connection from 127.5.240.194:49492 recv error: Network error: failed to read from TLS socket (remote: 127.5.240.194:49492): Connection reset by peer (error 104)
W0703 01:39:40.004017 9126 connection.cc:512] server connection from 127.5.240.194:54561 recv error: Network error: failed to read from TLS socket (remote: 127.5.240.194:54561): Connection reset by peer (error 104)
I0703 01:39:40.004122 6083 external_mini_cluster.cc:1034] Attempting to check leaks for /data/somelongdirectorytoavoidrpathissues/src/kudu/build/asan/bin/kudu-master pid 8681
I0703 01:39:40.004920 8737 generic_service.cc:169] Checking for leaks (request via RPC)
I0703 01:39:40.073510 6083 external_mini_cluster.cc:993] Killing /data/somelongdirectorytoavoidrpathissues/src/kudu/build/asan/bin/kudu-master with pid 8681
W0703 01:39:40.086329 9125 connection.cc:512] client connection to 127.5.240.254:38609 recv error: Network error: failed to read from TLS socket (remote: 127.5.240.254:38609): Connection reset by peer (error 104)
W0703 01:39:40.086329 8758 connection.cc:512] client connection to 127.5.240.254:38609 recv error: Network error: failed to read from TLS socket (remote: 127.5.240.254:38609): Connection reset by peer (error 104)
W0703 01:39:40.086743 9003 connection.cc:512] client connection to 127.5.240.254:38609 recv error: Network error: failed to read from TLS socket (remote: 127.5.240.254:38609): Connection reset by peer (error 104)
I0703 01:39:40.087345 6083 external_mini_cluster.cc:794] Running /data/somelongdirectorytoavoidrpathissues/src/kudu/build/asan/bin/kudu-master /data/somelongdirectorytoavoidrpathissues/src/kudu/build/asan/bin/kudu-master --fs_wal_dir=/data/somelongdirectorytoavoidrpathissues/src/kudutest/kudu-admin-test.0.AdminCliTest.TestUnsafeChangeConfigForConfigWithTwoNodes.1530607157582131-6083/raft_consensus-itest-cluster/master-0/wal --fs_data_dirs=/data/somelongdirectorytoavoidrpathissues/src/kudutest/kudu-admin-test.0.AdminCliTest.TestUnsafeChangeConfigForConfigWithTwoNodes.1530607157582131-6083/raft_consensus-itest-cluster/master-0/data --block_manager=log --webserver_interface=localhost --ipki_ca_key_size=1024 --tsk_num_rsa_bits=512 --rpc_bind_addresses=127.5.240.254:38609 --webserver_interface=127.5.240.254 --webserver_port=47735 --never_fsync --ipki_server_key_size=1024 --enable_minidumps=false --redact=none --metrics_log_interval_ms=1000 --logtostderr --logbuflevel=-1 --log_dir=/data/somelongdirectorytoavoidrpathissues/src/kudutest/kudu-admin-test.0.AdminCliTest.TestUnsafeChangeConfigForConfigWithTwoNodes.1530607157582131-6083/raft_consensus-itest-cluster/master-0/logs --server_dump_info_path=/data/somelongdirectorytoavoidrpathissues/src/kudutest/kudu-admin-test.0.AdminCliTest.TestUnsafeChangeConfigForConfigWithTwoNodes.1530607157582131-6083/raft_consensus-itest-cluster/master-0/data/info.pb --server_dump_info_format=pb --rpc_server_allow_ephemeral_ports --unlock_experimental_flags --unlock_unsafe_flags --rpc_reuseport=true with env {} WARNING: Logging before InitGoogleLogging() is written to STDERR
W0703 01:39:40.267472 9278 flags.cc:406] Enabled unsafe flag: --rpc_server_allow_ephemeral_ports=true
W0703 01:39:40.267901 9278 flags.cc:406] Enabled unsafe flag: --never_fsync=true
W0703 01:39:40.270133 9278 flags.cc:406] Enabled experimental flag: --ipki_ca_key_size=1024
W0703 01:39:40.270179 9278 flags.cc:406] Enabled experimental flag: --ipki_server_key_size=1024
W0703 01:39:40.270237 9278 flags.cc:406] Enabled experimental flag: --tsk_num_rsa_bits=512
W0703 01:39:40.270283 9278 flags.cc:406] Enabled experimental flag: --rpc_reuseport=true
I0703 01:39:40.278007 9278 master_main.cc:73] Master server non-default flags: --fs_data_dirs=/data/somelongdirectorytoavoidrpathissues/src/kudutest/kudu-admin-test.0.AdminCliTest.TestUnsafeChangeConfigForConfigWithTwoNodes.1530607157582131-6083/raft_consensus-itest-cluster/master-0/data --fs_wal_dir=/data/somelongdirectorytoavoidrpathissues/src/kudutest/kudu-admin-test.0.AdminCliTest.TestUnsafeChangeConfigForConfigWithTwoNodes.1530607157582131-6083/raft_consensus-itest-cluster/master-0/wal --ipki_ca_key_size=1024 --ipki_server_key_size=1024 --tsk_num_rsa_bits=512 --rpc_bind_addresses=127.5.240.254:38609 --rpc_reuseport=true --rpc_server_allow_ephemeral_ports=true --metrics_log_interval_ms=1000 --server_dump_info_format=pb --server_dump_info_path=/data/somelongdirectorytoavoidrpathissues/src/kudutest/kudu-admin-test.0.AdminCliTest.TestUnsafeChangeConfigForConfigWithTwoNodes.1530607157582131-6083/raft_consensus-itest-cluster/master-0/data/info.pb --webserver_interface=127.5.240.254 --webserver_port=47735 --never_fsync=true --redact=none --unlock_experimental_flags=true --unlock_unsafe_flags=true --enable_minidumps=false --log_dir=/data/somelongdirectorytoavoidrpathissues/src/kudutest/kudu-admin-test.0.AdminCliTest.TestUnsafeChangeConfigForConfigWithTwoNodes.1530607157582131-6083/raft_consensus-itest-cluster/master-0/logs --logbuflevel=-1 --logtostderr=true Master server version: kudu 1.8.0-SNAPSHOT revision 1ae050e4d57bc333de28bcbc62e072e8bafd04b3 build type FASTDEBUG built by jenkins at 03 Jul 2018 00:28:42 PST on quasar-kdakzq-1.vpc.cloudera.com build id 91347 ASAN enabled
I0703 01:39:40.283701 9278 master_main.cc:80] Initializing master server...
I0703 01:39:40.284797 9278 system_ntp.cc:199] NTP initialized. Skew: 500ppm Current error: 143708us
W0703 01:39:40.285430 8870 heartbeater.cc:587] Failed to heartbeat to 127.5.240.254:38609: Network error: Failed to send heartbeat to master: Client connection negotiation failed: client connection to 127.5.240.254:38609: connect: Connection refused (error 111)
I0703 01:39:40.285933 9278 fs_manager.cc:261] Metadata directory not provided
I0703 01:39:40.286002 9278 fs_manager.cc:267] Using write-ahead log directory (fs_wal_dir) as metadata directory
I0703 01:39:40.293350 9278 fs_manager.cc:397] Time spent opening directory manager: real 0.005s user 0.002s sys 0.002s
I0703 01:39:40.294198 9278 env_posix.cc:1674] Not raising this process' open files per process limit of 32768; it is already as high as it can go
I0703 01:39:40.294631 9278 file_cache.cc:470] Constructed file cache lbm with capacity 13107
I0703 01:39:40.298210 9278 fs_manager.cc:417] Time spent opening block manager: real 0.002s user 0.000s sys 0.002s
I0703 01:39:40.298285 9278 fs_manager.cc:434] Opened local filesystem: /data/somelongdirectorytoavoidrpathissues/src/kudutest/kudu-admin-test.0.AdminCliTest.TestUnsafeChangeConfigForConfigWithTwoNodes.1530607157582131-6083/raft_consensus-itest-cluster/master-0/data,/data/somelongdirectorytoavoidrpathissues/src/kudutest/kudu-admin-test.0.AdminCliTest.TestUnsafeChangeConfigForConfigWithTwoNodes.1530607157582131-6083/raft_consensus-itest-cluster/master-0/wal uuid: "47e88b229dc046b1ac2d0417718d1d24" format_stamp: "Formatted at 2018-07-03 08:39:37 on quasar-kdakzq-1.vpc.cloudera.com"
I0703 01:39:40.299156 9278 fs_report.cc:352] FS layout report -------------------- wal directory: /data/somelongdirectorytoavoidrpathissues/src/kudutest/kudu-admin-test.0.AdminCliTest.TestUnsafeChangeConfigForConfigWithTwoNodes.1530607157582131-6083/raft_consensus-itest-cluster/master-0/wal metadata directory: /data/somelongdirectorytoavoidrpathissues/src/kudutest/kudu-admin-test.0.AdminCliTest.TestUnsafeChangeConfigForConfigWithTwoNodes.1530607157582131-6083/raft_consensus-itest-cluster/master-0/wal 1 data directories: /data/somelongdirectorytoavoidrpathissues/src/kudutest/kudu-admin-test.0.AdminCliTest.TestUnsafeChangeConfigForConfigWithTwoNodes.1530607157582131-6083/raft_consensus-itest-cluster/master-0/data/data Total live blocks: 0 Total live bytes: 0 Total live bytes (after alignment): 0 Total number of LBM containers: 0 (0 full) Did not check for missing blocks Did not check for orphaned blocks Total full LBM containers with extra space: 0 (0 repaired) Total full LBM container extra space in bytes: 0 (0 repaired) Total incomplete LBM containers: 0 (0 repaired) Total LBM partial records: 0 (0 repaired)
I0703 01:39:40.332175 9278 env_posix.cc:1669] Raising this process' running threads per effective uid limit from 32768 to 65536
I0703 01:39:40.333626 9278 master_main.cc:83] Starting Master server...
I0703 01:39:40.370268 9278 rpc_server.cc:205] RPC server started. Bound to: 127.5.240.254:38609
I0703 01:39:40.370751 9278 webserver.cc:175] Starting webserver on 127.5.240.254:47735
I0703 01:39:40.370798 9278 webserver.cc:186] Document root disabled
I0703 01:39:40.371510 9278 webserver.cc:313] Webserver started. Bound to: http://127.5.240.254:47735/
I0703 01:39:40.372195 9278 server_base.cc:607] Dumped server information to /data/somelongdirectorytoavoidrpathissues/src/kudutest/kudu-admin-test.0.AdminCliTest.TestUnsafeChangeConfigForConfigWithTwoNodes.1530607157582131-6083/raft_consensus-itest-cluster/master-0/data/info.pb
I0703 01:39:40.377939 6083 external_mini_cluster.cc:856] Started /data/somelongdirectorytoavoidrpathissues/src/kudu/build/asan/bin/kudu-master as pid 9278
I0703 01:39:40.378069 6083 kudu-admin-test.cc:594] Forcing unsafe config change on tserver 38c3a80a7fa04fcebe7dea0e351bf9b2
I0703 01:39:40.380508 9338 tablet_bootstrap.cc:427] T 00000000000000000000000000000000 P 47e88b229dc046b1ac2d0417718d1d24: Bootstrap starting.
I0703 01:39:40.392496 9338 log.cc:525] T 00000000000000000000000000000000 P 47e88b229dc046b1ac2d0417718d1d24: Log is configured to *not* fsync() on all Append() calls
I0703 01:39:40.401682 9338 tablet_bootstrap.cc:427] T 00000000000000000000000000000000 P 47e88b229dc046b1ac2d0417718d1d24: Bootstrap replayed 1/1 log segments. Stats: ops{read=7 overwritten=0 applied=7 ignored=1} inserts{seen=4 ignored=0} mutations{seen=2 ignored=0} orphaned_commits=0. Pending: 0 replicates
I0703 01:39:40.402091 9338 tablet_bootstrap.cc:427] T 00000000000000000000000000000000 P 47e88b229dc046b1ac2d0417718d1d24: Bootstrap complete.
I0703 01:39:40.411803 9338 raft_consensus.cc:325] T 00000000000000000000000000000000 P 47e88b229dc046b1ac2d0417718d1d24 [term 1 FOLLOWER]: Replica starting. Triggering 0 pending transactions. Active config: opid_index: -1 OBSOLETE_local: true peers { permanent_uuid: "47e88b229dc046b1ac2d0417718d1d24" member_type: VOTER }
I0703 01:39:40.412530 9338 raft_consensus.cc:628] T 00000000000000000000000000000000 P 47e88b229dc046b1ac2d0417718d1d24 [term 1 FOLLOWER]: Becoming Follower/Learner. State: Replica: 47e88b229dc046b1ac2d0417718d1d24, State: Initialized, Role: FOLLOWER
I0703 01:39:40.412986 9338 consensus_queue.cc:227] T 00000000000000000000000000000000 P 47e88b229dc046b1ac2d0417718d1d24 [NON_LEADER]: Queue going to NON_LEADER mode. State: All replicated index: 0, Majority replicated index: 0, Committed index: 7, Last appended: 1.7, Last appended by leader: 7, Current term: 0, Majority size: -1, State: 0, Mode: NON_LEADER, active raft config: opid_index: -1 OBSOLETE_local: true peers { permanent_uuid: "47e88b229dc046b1ac2d0417718d1d24" member_type: VOTER }
I0703 01:39:40.413127 9338 raft_consensus.cc:365] T 00000000000000000000000000000000 P 47e88b229dc046b1ac2d0417718d1d24 [term 1 FOLLOWER]: Only one voter in the Raft config. Triggering election immediately
I0703 01:39:40.413211 9338 raft_consensus.cc:457] T 00000000000000000000000000000000 P 47e88b229dc046b1ac2d0417718d1d24 [term 1 FOLLOWER]: Starting leader election (initial election of a single-replica configuration)
I0703 01:39:40.413293 9338 raft_consensus.cc:2730] T 00000000000000000000000000000000 P 47e88b229dc046b1ac2d0417718d1d24: Snoozing failure detection for 1.705s (starting election)
I0703 01:39:40.413383 9338 raft_consensus.cc:2782] T 00000000000000000000000000000000 P 47e88b229dc046b1ac2d0417718d1d24 [term 1 FOLLOWER]: Advancing to term 2
I0703 01:39:40.416918 9338 raft_consensus.cc:479] T 00000000000000000000000000000000 P 47e88b229dc046b1ac2d0417718d1d24 [term 2 FOLLOWER]: Starting leader election with config: opid_index: -1 OBSOLETE_local: true peers { permanent_uuid: "47e88b229dc046b1ac2d0417718d1d24" member_type: VOTER }
I0703 01:39:40.417279 9338 leader_election.cc:270] T 00000000000000000000000000000000 P 47e88b229dc046b1ac2d0417718d1d24 [CANDIDATE]: Term 2 election: Election decided. Result: candidate won.
I0703 01:39:40.418876 9341 raft_consensus.cc:2730] T 00000000000000000000000000000000 P 47e88b229dc046b1ac2d0417718d1d24: Snoozing failure detection for 2.087s (election complete)
I0703 01:39:40.419180 9341 raft_consensus.cc:2537] T 00000000000000000000000000000000 P 47e88b229dc046b1ac2d0417718d1d24 [term 2 FOLLOWER]: Leader election won for term 2
I0703 01:39:40.420708 9341 raft_consensus.cc:593] T 00000000000000000000000000000000 P 47e88b229dc046b1ac2d0417718d1d24 [term 2 LEADER]: Becoming Leader. State: Replica: 47e88b229dc046b1ac2d0417718d1d24, State: Running, Role: LEADER
I0703 01:39:40.421170 9341 consensus_queue.cc:204] T 00000000000000000000000000000000 P 47e88b229dc046b1ac2d0417718d1d24 [LEADER]: Queue going to LEADER mode. State: All replicated index: 0, Majority replicated index: 7, Committed index: 7, Last appended: 1.7, Last appended by leader: 7, Current term: 2, Majority size: 1, State: 0, Mode: LEADER, active raft config: opid_index: -1 OBSOLETE_local: true peers { permanent_uuid: "47e88b229dc046b1ac2d0417718d1d24" member_type: VOTER }
I0703 01:39:40.423454 9338 sys_catalog.cc:337] T 00000000000000000000000000000000 P 47e88b229dc046b1ac2d0417718d1d24 [sys.catalog]: SysCatalogTable state changed. Reason: Started TabletReplica. Latest consensus state: current_term: 2 leader_uuid: "47e88b229dc046b1ac2d0417718d1d24" committed_config { opid_index: -1 OBSOLETE_local: true peers { permanent_uuid: "47e88b229dc046b1ac2d0417718d1d24" member_type: VOTER } }
I0703 01:39:40.423866 9338 sys_catalog.cc:340] T 00000000000000000000000000000000 P 47e88b229dc046b1ac2d0417718d1d24 [sys.catalog]: This master's current role is: LEADER
I0703 01:39:40.423347 9342 sys_catalog.cc:337] T 00000000000000000000000000000000 P 47e88b229dc046b1ac2d0417718d1d24 [sys.catalog]: SysCatalogTable state changed. Reason: RaftConsensus started. Latest consensus state: current_term: 2 leader_uuid: "47e88b229dc046b1ac2d0417718d1d24" committed_config { opid_index: -1 OBSOLETE_local: true peers { permanent_uuid: "47e88b229dc046b1ac2d0417718d1d24" member_type: VOTER } }
I0703 01:39:40.424291 9343 sys_catalog.cc:337] T 00000000000000000000000000000000 P 47e88b229dc046b1ac2d0417718d1d24 [sys.catalog]: SysCatalogTable state changed. Reason: New leader 47e88b229dc046b1ac2d0417718d1d24. Latest consensus state: current_term: 2 leader_uuid: "47e88b229dc046b1ac2d0417718d1d24" committed_config { opid_index: -1 OBSOLETE_local: true peers { permanent_uuid: "47e88b229dc046b1ac2d0417718d1d24" member_type: VOTER } }
I0703 01:39:40.424886 9342 sys_catalog.cc:340] T 00000000000000000000000000000000 P 47e88b229dc046b1ac2d0417718d1d24 [sys.catalog]: This master's current role is: LEADER
I0703 01:39:40.425333 9343 sys_catalog.cc:340] T 00000000000000000000000000000000 P 47e88b229dc046b1ac2d0417718d1d24 [sys.catalog]: This master's current role is: LEADER
I0703 01:39:40.426429 9338 sys_catalog.cc:424] T 00000000000000000000000000000000 P 47e88b229dc046b1ac2d0417718d1d24 [sys.catalog]: configured and running, proceeding with master startup.
I0703 01:39:40.426779 9345 catalog_manager.cc:1006] Loading table and tablet metadata into memory...
I0703 01:39:40.436661 9346 catalog_manager.cc:505] Waiting for catalog manager background task thread to start: Service unavailable: Catalog manager is not initialized. State: Starting
I0703 01:39:40.437072 9278 master_main.cc:86] Master server successfully started.
I0703 01:39:40.443389 9345 catalog_manager.cc:323] Loaded metadata for table TestTable [id=3f0cae68e9f5467da8f010c417d00d44]
I0703 01:39:40.445688 9345 catalog_manager.cc:377] Loaded metadata for tablet c6eb9324dee0414bbcb2039e9a23fab5 (table TestTable [id=3f0cae68e9f5467da8f010c417d00d44])
I0703 01:39:40.445932 9345 catalog_manager.cc:1017] Initializing Kudu internal certificate authority...
I0703 01:39:40.450687 9345 catalog_manager.cc:1026] Loading token signing keys...
I0703 01:39:40.452121 9345 catalog_manager.cc:4113] T 00000000000000000000000000000000 P 47e88b229dc046b1ac2d0417718d1d24: Loaded TSK: 0
W0703 01:39:40.599056 9339 flags.cc:406] Enabled unsafe flag: --never_fsync=true
I0703 01:39:40.649766 9194 tablet_service.cc:1077] Received UnsafeChangeConfig RPC: dest_uuid: "38c3a80a7fa04fcebe7dea0e351bf9b2" tablet_id: "c6eb9324dee0414bbcb2039e9a23fab5" caller_id: "kudu-tools" new_config { peers { permanent_uuid: "e52364e0246c4bb4852c27e967e2f4c8" } peers { permanent_uuid: "38c3a80a7fa04fcebe7dea0e351bf9b2" } } from {username='jenkins'} at 127.5.240.196:54175
W0703 01:39:40.650202 9194 raft_consensus.cc:2017] T c6eb9324dee0414bbcb2039e9a23fab5 P 38c3a80a7fa04fcebe7dea0e351bf9b2 [term 1 FOLLOWER]: PROCEEDING WITH UNSAFE CONFIG CHANGE ON THIS SERVER, COMMITTED CONFIG: opid_index: -1 OBSOLETE_local: false peers { permanent_uuid: "27562c9910fa4819a8ecf91dafbf7ce1" member_type: VOTER last_known_addr { host: "127.5.240.194" port: 38901 } } peers { permanent_uuid: "e52364e0246c4bb4852c27e967e2f4c8" member_type: VOTER last_known_addr { host: "127.5.240.195" port: 46355 } } peers { permanent_uuid: "38c3a80a7fa04fcebe7dea0e351bf9b2" member_type: VOTER last_known_addr { host: "127.5.240.196" port: 34814 } }NEW CONFIG: opid_index: 2 OBSOLETE_local: false peers { permanent_uuid: "e52364e0246c4bb4852c27e967e2f4c8" member_type: VOTER last_known_addr { host: "127.5.240.195" port: 46355 } } peers { permanent_uuid: "38c3a80a7fa04fcebe7dea0e351bf9b2" member_type: VOTER last_known_addr { host: "127.5.240.196" port: 34814 } } unsafe_config_change: true
I0703 01:39:40.650465 9194 raft_consensus.cc:2782] T c6eb9324dee0414bbcb2039e9a23fab5 P 38c3a80a7fa04fcebe7dea0e351bf9b2 [term 1 FOLLOWER]: Advancing to term 2
I0703 01:39:40.667018 9305 master_service.cc:205] Got heartbeat from unknown tserver (permanent_uuid: "38c3a80a7fa04fcebe7dea0e351bf9b2" instance_seqno: 1530607179245222) as {username='jenkins'} at 127.5.240.196:42025; Asking this server to re-register.
I0703 01:39:40.668272 9237 heartbeater.cc:426] Registering TS with master...
I0703 01:39:40.668419 9237 heartbeater.cc:475] Master 127.5.240.254:38609 requested a full tablet report, sending...
I0703 01:39:40.669658 9305 ts_manager.cc:98] Registered new tserver with Master: 38c3a80a7fa04fcebe7dea0e351bf9b2 (127.5.240.196:34814)
I0703 01:39:40.949275 9305 master_service.cc:205] Got heartbeat from unknown tserver (permanent_uuid: "e52364e0246c4bb4852c27e967e2f4c8" instance_seqno: 1530607178919291) as {username='jenkins'} at 127.5.240.195:55865; Asking this server to re-register.
I0703 01:39:40.949880 9115 heartbeater.cc:426] Registering TS with master...
I0703 01:39:40.950014 9115 heartbeater.cc:475] Master 127.5.240.254:38609 requested a full tablet report, sending...
I0703 01:39:40.950824 9305 ts_manager.cc:98] Registered new tserver with Master: e52364e0246c4bb4852c27e967e2f4c8 (127.5.240.195:46355)
I0703 01:39:41.290618 8870 heartbeater.cc:346] Connected to a master server at 127.5.240.254:38609
I0703 01:39:41.291342 9305 master_service.cc:205] Got heartbeat from unknown tserver (permanent_uuid: "6cf745d60d5445749567bc9afd503edb" instance_seqno: 1530607178231533) as {username='jenkins'} at 127.5.240.193:57351; Asking this server to re-register.
I0703 01:39:41.291883 8870 heartbeater.cc:426] Registering TS with master...
I0703 01:39:41.292002 8870 heartbeater.cc:475] Master 127.5.240.254:38609 requested a full tablet report, sending...
I0703 01:39:41.292762 9305 ts_manager.cc:98] Registered new tserver with Master: 6cf745d60d5445749567bc9afd503edb (127.5.240.193:54395)
I0703 01:39:41.444200 9370 raft_consensus.cc:457] T c6eb9324dee0414bbcb2039e9a23fab5 P e52364e0246c4bb4852c27e967e2f4c8 [term 1 FOLLOWER]: Starting pre-election (detected failure of leader 27562c9910fa4819a8ecf91dafbf7ce1)
I0703 01:39:41.444283 9370 raft_consensus.cc:2730] T c6eb9324dee0414bbcb2039e9a23fab5 P e52364e0246c4bb4852c27e967e2f4c8: Snoozing failure detection for 1.765s (starting election)
I0703 01:39:41.444375 9370 raft_consensus.cc:479] T c6eb9324dee0414bbcb2039e9a23fab5 P e52364e0246c4bb4852c27e967e2f4c8 [term 1 FOLLOWER]: Starting pre-election with config: opid_index: -1 OBSOLETE_local: false peers { permanent_uuid: "27562c9910fa4819a8ecf91dafbf7ce1" member_type: VOTER last_known_addr { host: "127.5.240.194" port: 38901 } } peers { permanent_uuid: "e52364e0246c4bb4852c27e967e2f4c8" member_type: VOTER last_known_addr { host: "127.5.240.195" port: 46355 } } peers { permanent_uuid: "38c3a80a7fa04fcebe7dea0e351bf9b2" member_type: VOTER last_known_addr { host: "127.5.240.196" port: 34814 } }
I0703 01:39:41.445122 9370 leader_election.cc:243] T c6eb9324dee0414bbcb2039e9a23fab5 P e52364e0246c4bb4852c27e967e2f4c8 [CANDIDATE]: Term 2 pre-election: Requesting pre-vote from peer 27562c9910fa4819a8ecf91dafbf7ce1 (127.5.240.194:38901)
I0703 01:39:41.445462 9370 leader_election.cc:243] T c6eb9324dee0414bbcb2039e9a23fab5 P e52364e0246c4bb4852c27e967e2f4c8 [CANDIDATE]: Term 2 pre-election: Requesting pre-vote from peer 38c3a80a7fa04fcebe7dea0e351bf9b2 (127.5.240.196:34814)
W0703 01:39:41.446131 9003 leader_election.cc:299] T c6eb9324dee0414bbcb2039e9a23fab5 P e52364e0246c4bb4852c27e967e2f4c8 [CANDIDATE]: Term 2 pre-election: RPC error from VoteRequest() call to peer 27562c9910fa4819a8ecf91dafbf7ce1 (127.5.240.194:38901): Network error: Client connection negotiation failed: client connection to 127.5.240.194:38901: connect: Connection refused (error 111)
I0703 01:39:41.450213 9194 tablet_service.cc:995] Received RequestConsensusVote() RPC: tablet_id: "c6eb9324dee0414bbcb2039e9a23fab5" candidate_uuid: "e52364e0246c4bb4852c27e967e2f4c8" candidate_term: 2 candidate_status { last_received { term: 1 index: 1 } } ignore_live_leader: false dest_uuid: "38c3a80a7fa04fcebe7dea0e351bf9b2" is_pre_election: true
I0703 01:39:41.450392 9194 raft_consensus.cc:2204] T c6eb9324dee0414bbcb2039e9a23fab5 P 38c3a80a7fa04fcebe7dea0e351bf9b2 [term 2 FOLLOWER]: Leader pre-election vote request: Denying vote to candidate e52364e0246c4bb4852c27e967e2f4c8 for term 2 because replica is either leader or believes a valid leader to be alive.
I0703 01:39:41.451283 9004 leader_election.cc:393] T c6eb9324dee0414bbcb2039e9a23fab5 P e52364e0246c4bb4852c27e967e2f4c8 [CANDIDATE]: Term 2 pre-election: Vote denied by peer 38c3a80a7fa04fcebe7dea0e351bf9b2 (127.5.240.196:34814). Message: Invalid argument: T c6eb9324dee0414bbcb2039e9a23fab5 P 38c3a80a7fa04fcebe7dea0e351bf9b2 [term 2 FOLLOWER]: Leader pre-election vote request: Denying vote to candidate e52364e0246c4bb4852c27e967e2f4c8 for term 2 because replica is either leader or believes a valid leader to be alive.
I0703 01:39:41.451370 9004 leader_election.cc:270] T c6eb9324dee0414bbcb2039e9a23fab5 P e52364e0246c4bb4852c27e967e2f4c8 [CANDIDATE]: Term 2 pre-election: Election decided. Result: candidate lost.
I0703 01:39:41.451653 9370 raft_consensus.cc:2730] T c6eb9324dee0414bbcb2039e9a23fab5 P e52364e0246c4bb4852c27e967e2f4c8: Snoozing failure detection for 1.671s (election complete)
I0703 01:39:41.451792 9370 raft_consensus.cc:2782] T c6eb9324dee0414bbcb2039e9a23fab5 P e52364e0246c4bb4852c27e967e2f4c8 [term 1 FOLLOWER]: Advancing to term 2
I0703 01:39:41.453127 9370 raft_consensus.cc:2485] T c6eb9324dee0414bbcb2039e9a23fab5 P e52364e0246c4bb4852c27e967e2f4c8 [term 2 FOLLOWER]: Leader pre-election lost for term 2. Reason: could not achieve majority
I0703 01:39:42.153513 9372 raft_consensus.cc:457] T c6eb9324dee0414bbcb2039e9a23fab5 P 38c3a80a7fa04fcebe7dea0e351bf9b2 [term 2 FOLLOWER]: Starting pre-election (detected failure of leader kudu-tools)
I0703 01:39:42.153612 9372 raft_consensus.cc:2730] T c6eb9324dee0414bbcb2039e9a23fab5 P 38c3a80a7fa04fcebe7dea0e351bf9b2: Snoozing failure detection for 1.554s (starting election)
I0703 01:39:42.153705 9372 raft_consensus.cc:479] T c6eb9324dee0414bbcb2039e9a23fab5 P 38c3a80a7fa04fcebe7dea0e351bf9b2 [term 2 FOLLOWER]: Starting pre-election with config: opid_index: 2 OBSOLETE_local: false peers { permanent_uuid: "e52364e0246c4bb4852c27e967e2f4c8" member_type: VOTER last_known_addr { host: "127.5.240.195" port: 46355 } } peers { permanent_uuid: "38c3a80a7fa04fcebe7dea0e351bf9b2" member_type: VOTER last_known_addr { host: "127.5.240.196" port: 34814 } } unsafe_config_change: true
I0703 01:39:42.154325 9372 leader_election.cc:243] T c6eb9324dee0414bbcb2039e9a23fab5 P 38c3a80a7fa04fcebe7dea0e351bf9b2 [CANDIDATE]: Term 3 pre-election: Requesting pre-vote from peer e52364e0246c4bb4852c27e967e2f4c8 (127.5.240.195:46355)
I0703 01:39:42.158730 9072 tablet_service.cc:995] Received RequestConsensusVote() RPC: tablet_id: "c6eb9324dee0414bbcb2039e9a23fab5" candidate_uuid: "38c3a80a7fa04fcebe7dea0e351bf9b2" candidate_term: 3 candidate_status { last_received { term: 2 index: 2 } } ignore_live_leader: false dest_uuid: "e52364e0246c4bb4852c27e967e2f4c8" is_pre_election: true
I0703 01:39:42.158869 9072 raft_consensus.cc:2730] T c6eb9324dee0414bbcb2039e9a23fab5 P e52364e0246c4bb4852c27e967e2f4c8: Snoozing failure detection for 3.170s (vote granted)
I0703 01:39:42.158936 9072 raft_consensus.cc:2243] T c6eb9324dee0414bbcb2039e9a23fab5 P e52364e0246c4bb4852c27e967e2f4c8 [term 2 FOLLOWER]: Leader pre-election vote request: Granting yes vote for candidate 38c3a80a7fa04fcebe7dea0e351bf9b2 in term 2.
I0703 01:39:42.159385 9125 leader_election.cc:379] T c6eb9324dee0414bbcb2039e9a23fab5 P 38c3a80a7fa04fcebe7dea0e351bf9b2 [CANDIDATE]: Term 3 pre-election: Vote granted by peer e52364e0246c4bb4852c27e967e2f4c8 (127.5.240.195:46355)
