I0703 01:39:27.496233 7505 raft_consensus.cc:457] T 00000000000000000000000000000000 P 95bbdac381bb4ab690642dd43f1992e6 [term 1 FOLLOWER]: Starting leader election (initial election of a single-replica configuration)
I0703 01:39:27.496301 7505 raft_consensus.cc:2730] T 00000000000000000000000000000000 P 95bbdac381bb4ab690642dd43f1992e6: Snoozing failure detection for 1.964s (starting election)
I0703 01:39:27.496373 7505 raft_consensus.cc:2782] T 00000000000000000000000000000000 P 95bbdac381bb4ab690642dd43f1992e6 [term 1 FOLLOWER]: Advancing to term 2
I0703 01:39:27.500147 7505 raft_consensus.cc:479] T 00000000000000000000000000000000 P 95bbdac381bb4ab690642dd43f1992e6 [term 2 FOLLOWER]: Starting leader election with config: opid_index: -1 OBSOLETE_local: true peers { permanent_uuid: "95bbdac381bb4ab690642dd43f1992e6" member_type: VOTER }
I0703 01:39:27.500485 7505 leader_election.cc:270] T 00000000000000000000000000000000 P 95bbdac381bb4ab690642dd43f1992e6 [CANDIDATE]: Term 2 election: Election decided. Result: candidate won.
I0703 01:39:27.501807 7507 raft_consensus.cc:2730] T 00000000000000000000000000000000 P 95bbdac381bb4ab690642dd43f1992e6: Snoozing failure detection for 2.063s (election complete)
I0703 01:39:27.502257 7507 raft_consensus.cc:2537] T 00000000000000000000000000000000 P 95bbdac381bb4ab690642dd43f1992e6 [term 2 FOLLOWER]: Leader election won for term 2
I0703 01:39:27.503603 7507 raft_consensus.cc:593] T 00000000000000000000000000000000 P 95bbdac381bb4ab690642dd43f1992e6 [term 2 LEADER]: Becoming Leader. State: Replica: 95bbdac381bb4ab690642dd43f1992e6, State: Running, Role: LEADER
I0703 01:39:27.503985 7507 consensus_queue.cc:204] T 00000000000000000000000000000000 P 95bbdac381bb4ab690642dd43f1992e6 [LEADER]: Queue going to LEADER mode. State: All replicated index: 0, Majority replicated index: 7, Committed index: 7, Last appended: 1.7, Last appended by leader: 7, Current term: 2, Majority size: 1, State: 0, Mode: LEADER, active raft config: opid_index: -1 OBSOLETE_local: true peers { permanent_uuid: "95bbdac381bb4ab690642dd43f1992e6" member_type: VOTER }
I0703 01:39:27.505493 7509 sys_catalog.cc:337] T 00000000000000000000000000000000 P 95bbdac381bb4ab690642dd43f1992e6 [sys.catalog]: SysCatalogTable state changed. Reason: New leader 95bbdac381bb4ab690642dd43f1992e6. Latest consensus state: current_term: 2 leader_uuid: "95bbdac381bb4ab690642dd43f1992e6" committed_config { opid_index: -1 OBSOLETE_local: true peers { permanent_uuid: "95bbdac381bb4ab690642dd43f1992e6" member_type: VOTER } }
I0703 01:39:27.506284 7509 sys_catalog.cc:340] T 00000000000000000000000000000000 P 95bbdac381bb4ab690642dd43f1992e6 [sys.catalog]: This master's current role is: LEADER
I0703 01:39:27.506901 7505 sys_catalog.cc:337] T 00000000000000000000000000000000 P 95bbdac381bb4ab690642dd43f1992e6 [sys.catalog]: SysCatalogTable state changed. Reason: Started TabletReplica. Latest consensus state: current_term: 2 leader_uuid: "95bbdac381bb4ab690642dd43f1992e6" committed_config { opid_index: -1 OBSOLETE_local: true peers { permanent_uuid: "95bbdac381bb4ab690642dd43f1992e6" member_type: VOTER } }
I0703 01:39:27.507776 7505 sys_catalog.cc:340] T 00000000000000000000000000000000 P 95bbdac381bb4ab690642dd43f1992e6 [sys.catalog]: This master's current role is: LEADER
I0703 01:39:27.506893 7508 sys_catalog.cc:337] T 00000000000000000000000000000000 P 95bbdac381bb4ab690642dd43f1992e6 [sys.catalog]: SysCatalogTable state changed. Reason: RaftConsensus started. Latest consensus state: current_term: 2 leader_uuid: "95bbdac381bb4ab690642dd43f1992e6" committed_config { opid_index: -1 OBSOLETE_local: true peers { permanent_uuid: "95bbdac381bb4ab690642dd43f1992e6" member_type: VOTER } }
I0703 01:39:27.507931 7508 sys_catalog.cc:340] T 00000000000000000000000000000000 P 95bbdac381bb4ab690642dd43f1992e6 [sys.catalog]: This master's current role is: LEADER
I0703 01:39:27.508790 7505 sys_catalog.cc:424] T 00000000000000000000000000000000 P 95bbdac381bb4ab690642dd43f1992e6 [sys.catalog]: configured and running, proceeding with master startup.
I0703 01:39:27.508946 7511 catalog_manager.cc:1006] Loading table and tablet metadata into memory...
I0703 01:39:27.510277 7445 master_main.cc:86] Master server successfully started.
I0703 01:39:27.514683 7511 catalog_manager.cc:323] Loaded metadata for table TestTable [id=24e11f69554b41ef994802e369af7c41]
I0703 01:39:27.516253 7511 catalog_manager.cc:377] Loaded metadata for tablet a61eb64bf7cc417684a8446570d07208 (table TestTable [id=24e11f69554b41ef994802e369af7c41])
I0703 01:39:27.516454 7511 catalog_manager.cc:1017] Initializing Kudu internal certificate authority...
I0703 01:39:27.519407 7511 catalog_manager.cc:1026] Loading token signing keys...
I0703 01:39:27.520478 7511 catalog_manager.cc:4113] T 00000000000000000000000000000000 P 95bbdac381bb4ab690642dd43f1992e6: Loaded TSK: 0
I0703 01:39:27.857759 7135 heartbeater.cc:346] Connected to a master server at 127.5.240.254:54399
I0703 01:39:27.858685 7472 master_service.cc:205] Got heartbeat from unknown tserver (permanent_uuid: "d45639fe421a4c0c81abaf8a04d04fa9" instance_seqno: 1530607163804367) as {username='jenkins'} at 127.5.240.195:34511; Asking this server to re-register.
I0703 01:39:27.859236 7135 heartbeater.cc:426] Registering TS with master...
I0703 01:39:27.859364 7135 heartbeater.cc:475] Master 127.5.240.254:54399 requested a full tablet report, sending...
I0703 01:39:27.860276 7472 ts_manager.cc:98] Registered new tserver with Master: d45639fe421a4c0c81abaf8a04d04fa9 (127.5.240.195:33176)
I0703 01:39:28.050185 7379 heartbeater.cc:346] Connected to a master server at 127.5.240.254:54399
I0703 01:39:28.051300 7472 master_service.cc:205] Got heartbeat from unknown tserver (permanent_uuid: "a5fbe0bff97843f89529ce5722817fad" instance_seqno: 1530607164467064) as {username='jenkins'} at 127.5.240.197:49117; Asking this server to re-register.
I0703 01:39:28.051869 7379 heartbeater.cc:426] Registering TS with master...
I0703 01:39:28.051976 7379 heartbeater.cc:475] Master 127.5.240.254:54399 requested a full tablet report, sending...
I0703 01:39:28.052717 7472 ts_manager.cc:98] Registered new tserver with Master: a5fbe0bff97843f89529ce5722817fad (127.5.240.197:60719)
I0703 01:39:28.053169 7472 catalog_manager.cc:3798] T a61eb64bf7cc417684a8446570d07208 P a5fbe0bff97843f89529ce5722817fad reported cstate change: config changed from index -1 to 2, term changed from 1 to 3, leader changed from 29c07deff3f54b10b7ad9a60bc14edeb (127.5.240.194) to a5fbe0bff97843f89529ce5722817fad (127.5.240.197), VOTER 29c07deff3f54b10b7ad9a60bc14edeb (127.5.240.194) evicted, VOTER d7071ff1216d42808d7cfb3ba8e4ee0b (127.5.240.193) evicted. New cstate: current_term: 3 leader_uuid: "a5fbe0bff97843f89529ce5722817fad" committed_config { opid_index: 2 OBSOLETE_local: false peers { permanent_uuid: "a5fbe0bff97843f89529ce5722817fad" member_type: VOTER last_known_addr { host: "127.5.240.197" port: 60719 } health_report { overall_health: HEALTHY } } unsafe_config_change: true }
I0703 01:39:28.060657 7472 catalog_manager.cc:2903] Scheduling retry of a61eb64bf7cc417684a8446570d07208 Delete Tablet RPC for TS=29c07deff3f54b10b7ad9a60bc14edeb with a delay of 26 ms (attempt = 1)
W0703 01:39:28.060783 7472 catalog_manager.cc:3957] Failed to send a61eb64bf7cc417684a8446570d07208 Delete Tablet RPC for TS=29c07deff3f54b10b7ad9a60bc14edeb: Not found: failed to reset TS proxy: Could not find TS for UUID 29c07deff3f54b10b7ad9a60bc14edeb
I0703 01:39:28.060904 7472 catalog_manager.cc:2903] Scheduling retry of a61eb64bf7cc417684a8446570d07208 Delete Tablet RPC for TS=d7071ff1216d42808d7cfb3ba8e4ee0b with a delay of 21 ms (attempt = 1)
W0703 01:39:28.060989 7472 catalog_manager.cc:3957] Failed to send a61eb64bf7cc417684a8446570d07208 Delete Tablet RPC for TS=d7071ff1216d42808d7cfb3ba8e4ee0b: Not found: failed to reset TS proxy: Could not find TS for UUID d7071ff1216d42808d7cfb3ba8e4ee0b
I0703 01:39:28.061352 7472 catalog_manager.cc:3437] Sending ChangeConfig:ADD_PEER:NON_VOTER on tablet a61eb64bf7cc417684a8446570d07208 (attempt 1)
I0703 01:39:28.067270 7336 consensus_queue.cc:204] T a61eb64bf7cc417684a8446570d07208 P a5fbe0bff97843f89529ce5722817fad [LEADER]: Queue going to LEADER mode. State: All replicated index: 0, Majority replicated index: 3, Committed index: 3, Last appended: 3.3, Last appended by leader: 0, Current term: 3, Majority size: 1, State: 0, Mode: LEADER, active raft config: opid_index: 4 OBSOLETE_local: false peers { permanent_uuid: "a5fbe0bff97843f89529ce5722817fad" member_type: VOTER last_known_addr { host: "127.5.240.197" port: 60719 } } peers { permanent_uuid: "d45639fe421a4c0c81abaf8a04d04fa9" member_type: NON_VOTER last_known_addr { host: "127.5.240.195" port: 33176 } attrs { promote: true } } unsafe_config_change: true
I0703 01:39:28.069409 7525 raft_consensus.cc:2684] T a61eb64bf7cc417684a8446570d07208 P a5fbe0bff97843f89529ce5722817fad [term 3 LEADER]: Committing config change with OpId 3.4: config changed from index 2 to 4, NON_VOTER d45639fe421a4c0c81abaf8a04d04fa9 (127.5.240.195) added. New config: { opid_index: 4 OBSOLETE_local: false peers { permanent_uuid: "a5fbe0bff97843f89529ce5722817fad" member_type: VOTER last_known_addr { host: "127.5.240.197" port: 60719 } } peers { permanent_uuid: "d45639fe421a4c0c81abaf8a04d04fa9" member_type: NON_VOTER last_known_addr { host: "127.5.240.195" port: 33176 } attrs { promote: true } } unsafe_config_change: true }
I0703 01:39:28.072342 7455 catalog_manager.cc:3352] ChangeConfig:ADD_PEER:NON_VOTER RPC for tablet a61eb64bf7cc417684a8446570d07208 with cas_config_opid_index 2: ChangeConfig:ADD_PEER:NON_VOTER succeeded (attempt 1)
I0703 01:39:28.073161 7472 catalog_manager.cc:3798] T a61eb64bf7cc417684a8446570d07208 P a5fbe0bff97843f89529ce5722817fad reported cstate change: config changed from index 2 to 4, NON_VOTER d45639fe421a4c0c81abaf8a04d04fa9 (127.5.240.195) added. New cstate: current_term: 3 leader_uuid: "a5fbe0bff97843f89529ce5722817fad" committed_config { opid_index: 4 OBSOLETE_local: false peers { permanent_uuid: "a5fbe0bff97843f89529ce5722817fad" member_type: VOTER last_known_addr { host: "127.5.240.197" port: 60719 } health_report { overall_health: HEALTHY } } peers { permanent_uuid: "d45639fe421a4c0c81abaf8a04d04fa9" member_type: NON_VOTER last_known_addr { host: "127.5.240.195" port: 33176 } attrs { promote: true } health_report { overall_health: UNKNOWN } } unsafe_config_change: true }
I0703 01:39:28.075434 7472 catalog_manager.cc:3437] Sending ChangeConfig:ADD_PEER:NON_VOTER on tablet a61eb64bf7cc417684a8446570d07208 (attempt 1)
W0703 01:39:28.075639 7472 catalog_manager.cc:3486] ChangeConfig:ADD_PEER:NON_VOTER RPC for tablet a61eb64bf7cc417684a8446570d07208 with cas_config_opid_index 4: no candidate replacement replica found for tablet a61eb64bf7cc417684a8446570d07208 (table TestTable [id=24e11f69554b41ef994802e369af7c41]); the total number of registered tablet servers (2) does not allow for replacement of the failed replica: at least 4 tablet servers are required
I0703 01:39:28.075700 7472 catalog_manager.cc:2903] Scheduling retry of ChangeConfig:ADD_PEER:NON_VOTER RPC for tablet a61eb64bf7cc417684a8446570d07208 with cas_config_opid_index 4 with a delay of 34 ms (attempt = 1)
W0703 01:39:28.077025 7267 consensus_peers.cc:433] T a61eb64bf7cc417684a8446570d07208 P a5fbe0bff97843f89529ce5722817fad -> Peer d45639fe421a4c0c81abaf8a04d04fa9 (127.5.240.195:33176): Couldn't send request to peer d45639fe421a4c0c81abaf8a04d04fa9 for tablet a61eb64bf7cc417684a8446570d07208. Error code: TABLET_NOT_FOUND (6). Status: Not found: Tablet not found: a61eb64bf7cc417684a8446570d07208. Retrying in the next heartbeat period. Already tried 1 times.
I0703 01:39:28.082792 7455 catalog_manager.cc:2903] Scheduling retry of a61eb64bf7cc417684a8446570d07208 Delete Tablet RPC for TS=d7071ff1216d42808d7cfb3ba8e4ee0b with a delay of 74 ms (attempt = 2)
W0703 01:39:28.082854 7455 catalog_manager.cc:2922] Async tablet task a61eb64bf7cc417684a8446570d07208 Delete Tablet RPC for TS=d7071ff1216d42808d7cfb3ba8e4ee0b failed: Not found: failed to reset TS proxy: Could not find TS for UUID d7071ff1216d42808d7cfb3ba8e4ee0b
I0703 01:39:28.087124 7453 catalog_manager.cc:2903] Scheduling retry of a61eb64bf7cc417684a8446570d07208 Delete Tablet RPC for TS=29c07deff3f54b10b7ad9a60bc14edeb with a delay of 64 ms (attempt = 2)
W0703 01:39:28.087184 7453 catalog_manager.cc:2922] Async tablet task a61eb64bf7cc417684a8446570d07208 Delete Tablet RPC for TS=29c07deff3f54b10b7ad9a60bc14edeb failed: Not found: failed to reset TS proxy: Could not find TS for UUID 29c07deff3f54b10b7ad9a60bc14edeb
I0703 01:39:28.110461 7456 catalog_manager.cc:3437] Sending ChangeConfig:ADD_PEER:NON_VOTER on tablet a61eb64bf7cc417684a8446570d07208 (attempt 2)
I0703 01:39:28.110630 7456 catalog_manager.cc:2903] Scheduling retry of ChangeConfig:ADD_PEER:NON_VOTER RPC for tablet a61eb64bf7cc417684a8446570d07208 with cas_config_opid_index 4 with a delay of 78 ms (attempt = 2)
I0703 01:39:28.151582 7453 catalog_manager.cc:2903] Scheduling retry of a61eb64bf7cc417684a8446570d07208 Delete Tablet RPC for TS=29c07deff3f54b10b7ad9a60bc14edeb with a delay of 93 ms (attempt = 3)
W0703 01:39:28.151662 7453 catalog_manager.cc:2922] Async tablet task a61eb64bf7cc417684a8446570d07208 Delete Tablet RPC for TS=29c07deff3f54b10b7ad9a60bc14edeb failed: Not found: failed to reset TS proxy: Could not find TS for UUID 29c07deff3f54b10b7ad9a60bc14edeb
I0703 01:39:28.157248 7455 catalog_manager.cc:2903] Scheduling retry of a61eb64bf7cc417684a8446570d07208 Delete Tablet RPC for TS=d7071ff1216d42808d7cfb3ba8e4ee0b with a delay of 85 ms (attempt = 3)
W0703 01:39:28.157301 7455 catalog_manager.cc:2922] Async tablet task a61eb64bf7cc417684a8446570d07208 Delete Tablet RPC for TS=d7071ff1216d42808d7cfb3ba8e4ee0b failed: Not found: failed to reset TS proxy: Could not find TS for UUID d7071ff1216d42808d7cfb3ba8e4ee0b
I0703 01:39:28.189303 7456 catalog_manager.cc:3437] Sending ChangeConfig:ADD_PEER:NON_VOTER on tablet a61eb64bf7cc417684a8446570d07208 (attempt 3)
I0703 01:39:28.189427 7456 catalog_manager.cc:2903] Scheduling retry of ChangeConfig:ADD_PEER:NON_VOTER RPC for tablet a61eb64bf7cc417684a8446570d07208 with cas_config_opid_index 4 with a delay of 84 ms (attempt = 3)
I0703 01:39:28.197126 7257 heartbeater.cc:346] Connected to a master server at 127.5.240.254:54399
I0703 01:39:28.197233 7257 heartbeater.cc:467] Master 127.5.240.254:54399 was elected leader, sending a full tablet report...
I0703 01:39:28.197957 7472 master_service.cc:205] Got heartbeat from unknown tserver (permanent_uuid: "50f7f59cd4bf4ccdbb7fef595e615f5c" instance_seqno: 1530607164149160) as {username='jenkins'} at 127.5.240.196:33426; Asking this server to re-register.
I0703 01:39:28.198501 7257 heartbeater.cc:426] Registering TS with master...
I0703 01:39:28.198631 7257 heartbeater.cc:475] Master 127.5.240.254:54399 requested a full tablet report, sending...
I0703 01:39:28.199298 7472 ts_manager.cc:98] Registered new tserver with Master: 50f7f59cd4bf4ccdbb7fef595e615f5c (127.5.240.196:59711)
I0703 01:39:28.242986 7455 catalog_manager.cc:2903] Scheduling retry of a61eb64bf7cc417684a8446570d07208 Delete Tablet RPC for TS=d7071ff1216d42808d7cfb3ba8e4ee0b with a delay of 162 ms (attempt = 4)
W0703 01:39:28.243046 7455 catalog_manager.cc:2922] Async tablet task a61eb64bf7cc417684a8446570d07208 Delete Tablet RPC for TS=d7071ff1216d42808d7cfb3ba8e4ee0b failed: Not found: failed to reset TS proxy: Could not find TS for UUID d7071ff1216d42808d7cfb3ba8e4ee0b
I0703 01:39:28.245349 7453 catalog_manager.cc:2903] Scheduling retry of a61eb64bf7cc417684a8446570d07208 Delete Tablet RPC for TS=29c07deff3f54b10b7ad9a60bc14edeb with a delay of 150 ms (attempt = 4)
W0703 01:39:28.245396 7453 catalog_manager.cc:2922] Async tablet task a61eb64bf7cc417684a8446570d07208 Delete Tablet RPC for TS=29c07deff3f54b10b7ad9a60bc14edeb failed: Not found: failed to reset TS proxy: Could not find TS for UUID 29c07deff3f54b10b7ad9a60bc14edeb
I0703 01:39:28.274008 7456 catalog_manager.cc:3437] Sending ChangeConfig:ADD_PEER:NON_VOTER on tablet a61eb64bf7cc417684a8446570d07208 (attempt 4)
I0703 01:39:28.274855 7336 consensus_peers.cc:455] T a61eb64bf7cc417684a8446570d07208 P a5fbe0bff97843f89529ce5722817fad -> Peer d45639fe421a4c0c81abaf8a04d04fa9 (127.5.240.195:33176): Closing peer: d45639fe421a4c0c81abaf8a04d04fa9
I0703 01:39:28.275118 7336 consensus_queue.cc:204] T a61eb64bf7cc417684a8446570d07208 P a5fbe0bff97843f89529ce5722817fad [LEADER]: Queue going to LEADER mode. State: All replicated index: 0, Majority replicated index: 4, Committed index: 4, Last appended: 3.4, Last appended by leader: 0, Current term: 3, Majority size: 1, State: 0, Mode: LEADER, active raft config: opid_index: 5 OBSOLETE_local: false peers { permanent_uuid: "a5fbe0bff97843f89529ce5722817fad" member_type: VOTER last_known_addr { host: "127.5.240.197" port: 60719 } } peers { permanent_uuid: "d45639fe421a4c0c81abaf8a04d04fa9" member_type: NON_VOTER last_known_addr { host: "127.5.240.195" port: 33176 } attrs { promote: true } } peers { permanent_uuid: "50f7f59cd4bf4ccdbb7fef595e615f5c" member_type: NON_VOTER last_known_addr { host: "127.5.240.196" port: 59711 } attrs { promote: true } } unsafe_config_change: true
W0703 01:39:28.278313 7267 consensus_peers.cc:433] T a61eb64bf7cc417684a8446570d07208 P a5fbe0bff97843f89529ce5722817fad -> Peer d45639fe421a4c0c81abaf8a04d04fa9 (127.5.240.195:33176): Couldn't send request to peer d45639fe421a4c0c81abaf8a04d04fa9 for tablet a61eb64bf7cc417684a8446570d07208. Error code: TABLET_NOT_FOUND (6). Status: Not found: Tablet not found: a61eb64bf7cc417684a8446570d07208. Retrying in the next heartbeat period. Already tried 1 times.
I0703 01:39:28.277485 7525 raft_consensus.cc:2684] T a61eb64bf7cc417684a8446570d07208 P a5fbe0bff97843f89529ce5722817fad [term 3 LEADER]: Committing config change with OpId 3.5: config changed from index 4 to 5, NON_VOTER 50f7f59cd4bf4ccdbb7fef595e615f5c (127.5.240.196) added. New config: { opid_index: 5 OBSOLETE_local: false peers { permanent_uuid: "a5fbe0bff97843f89529ce5722817fad" member_type: VOTER last_known_addr { host: "127.5.240.197" port: 60719 } } peers { permanent_uuid: "d45639fe421a4c0c81abaf8a04d04fa9" member_type: NON_VOTER last_known_addr { host: "127.5.240.195" port: 33176 } attrs { promote: true } } peers { permanent_uuid: "50f7f59cd4bf4ccdbb7fef595e615f5c" member_type: NON_VOTER last_known_addr { host: "127.5.240.196" port: 59711 } attrs { promote: true } } unsafe_config_change: true }
I0703 01:39:28.280478 7455 catalog_manager.cc:3352] ChangeConfig:ADD_PEER:NON_VOTER RPC for tablet a61eb64bf7cc417684a8446570d07208 with cas_config_opid_index 4: ChangeConfig:ADD_PEER:NON_VOTER succeeded (attempt 4)
I0703 01:39:28.281435 7472 catalog_manager.cc:3798] T a61eb64bf7cc417684a8446570d07208 P a5fbe0bff97843f89529ce5722817fad reported cstate change: config changed from index 4 to 5, NON_VOTER 50f7f59cd4bf4ccdbb7fef595e615f5c (127.5.240.196) added. New cstate: current_term: 3 leader_uuid: "a5fbe0bff97843f89529ce5722817fad" committed_config { opid_index: 5 OBSOLETE_local: false peers { permanent_uuid: "a5fbe0bff97843f89529ce5722817fad" member_type: VOTER last_known_addr { host: "127.5.240.197" port: 60719 } health_report { overall_health: HEALTHY } } peers { permanent_uuid: "d45639fe421a4c0c81abaf8a04d04fa9" member_type: NON_VOTER last_known_addr { host: "127.5.240.195" port: 33176 } attrs { promote: true } health_report { overall_health: UNKNOWN } } peers { permanent_uuid: "50f7f59cd4bf4ccdbb7fef595e615f5c" member_type: NON_VOTER last_known_addr { host: "127.5.240.196" port: 59711 } attrs { promote: true } health_report { overall_health: UNKNOWN } } unsafe_config_change: true }
W0703 01:39:28.284034 7270 consensus_peers.cc:433] T a61eb64bf7cc417684a8446570d07208 P a5fbe0bff97843f89529ce5722817fad -> Peer 50f7f59cd4bf4ccdbb7fef595e615f5c (127.5.240.196:59711): Couldn't send request to peer 50f7f59cd4bf4ccdbb7fef595e615f5c for tablet a61eb64bf7cc417684a8446570d07208. Error code: TABLET_NOT_FOUND (6). Status: Not found: Tablet not found: a61eb64bf7cc417684a8446570d07208. Retrying in the next heartbeat period. Already tried 1 times.
I0703 01:39:28.396353 7453 catalog_manager.cc:2903] Scheduling retry of a61eb64bf7cc417684a8446570d07208 Delete Tablet RPC for TS=29c07deff3f54b10b7ad9a60bc14edeb with a delay of 283 ms (attempt = 5)
W0703 01:39:28.396422 7453 catalog_manager.cc:2922] Async tablet task a61eb64bf7cc417684a8446570d07208 Delete Tablet RPC for TS=29c07deff3f54b10b7ad9a60bc14edeb failed: Not found: failed to reset TS proxy: Could not find TS for UUID 29c07deff3f54b10b7ad9a60bc14edeb
I0703 01:39:28.406204 7455 catalog_manager.cc:2903] Scheduling retry of a61eb64bf7cc417684a8446570d07208 Delete Tablet RPC for TS=d7071ff1216d42808d7cfb3ba8e4ee0b with a delay of 290 ms (attempt = 5)
W0703 01:39:28.406257 7455 catalog_manager.cc:2922] Async tablet task a61eb64bf7cc417684a8446570d07208 Delete Tablet RPC for TS=d7071ff1216d42808d7cfb3ba8e4ee0b failed: Not found: failed to reset TS proxy: Could not find TS for UUID d7071ff1216d42808d7cfb3ba8e4ee0b
I0703 01:39:28.680670 7453 catalog_manager.cc:2903] Scheduling retry of a61eb64bf7cc417684a8446570d07208 Delete Tablet RPC for TS=29c07deff3f54b10b7ad9a60bc14edeb with a delay of 552 ms (attempt = 6)
W0703 01:39:28.680740 7453 catalog_manager.cc:2922] Async tablet task a61eb64bf7cc417684a8446570d07208 Delete Tablet RPC for TS=29c07deff3f54b10b7ad9a60bc14edeb failed: Not found: failed to reset TS proxy: Could not find TS for UUID 29c07deff3f54b10b7ad9a60bc14edeb
I0703 01:39:28.683854 7531 ts_tablet_manager.cc:669] T a61eb64bf7cc417684a8446570d07208 P 50f7f59cd4bf4ccdbb7fef595e615f5c: Initiating tablet copy from peer a5fbe0bff97843f89529ce5722817fad (127.5.240.197:60719)
I0703 01:39:28.684105 7531 tablet_copy_client.cc:239] T a61eb64bf7cc417684a8446570d07208 P 50f7f59cd4bf4ccdbb7fef595e615f5c: tablet copy: Beginning tablet copy session from remote peer at address 127.5.240.197:60719
I0703 01:39:28.688690 7356 tablet_copy_service.cc:135] P a5fbe0bff97843f89529ce5722817fad: Received BeginTabletCopySession request for tablet a61eb64bf7cc417684a8446570d07208 from peer 50f7f59cd4bf4ccdbb7fef595e615f5c ({username='jenkins'} at 127.5.240.196:51256)
I0703 01:39:28.688827 7356 tablet_copy_service.cc:156] P a5fbe0bff97843f89529ce5722817fad: Beginning new tablet copy session on tablet a61eb64bf7cc417684a8446570d07208 from peer 50f7f59cd4bf4ccdbb7fef595e615f5c at {username='jenkins'} at 127.5.240.196:51256: session id = 50f7f59cd4bf4ccdbb7fef595e615f5c-a61eb64bf7cc417684a8446570d07208
I0703 01:39:28.691239 7356 tablet_copy_source_session.cc:202] T a61eb64bf7cc417684a8446570d07208 P a5fbe0bff97843f89529ce5722817fad: Tablet Copy: opened 0 blocks and 1 log segments
I0703 01:39:28.694036 7531 data_dirs.cc:934] Could only allocate 1 dirs of requested 3 for tablet a61eb64bf7cc417684a8446570d07208. 1 dirs total, 0 dirs full, 0 dirs failed
I0703 01:39:28.697597 7455 catalog_manager.cc:2903] Scheduling retry of a61eb64bf7cc417684a8446570d07208 Delete Tablet RPC for TS=d7071ff1216d42808d7cfb3ba8e4ee0b with a delay of 545 ms (attempt = 6)
W0703 01:39:28.697679 7455 catalog_manager.cc:2922] Async tablet task a61eb64bf7cc417684a8446570d07208 Delete Tablet RPC for TS=d7071ff1216d42808d7cfb3ba8e4ee0b failed: Not found: failed to reset TS proxy: Could not find TS for UUID d7071ff1216d42808d7cfb3ba8e4ee0b
I0703 01:39:28.704208 7531 ts_tablet_manager.cc:1173] T a61eb64bf7cc417684a8446570d07208 P 50f7f59cd4bf4ccdbb7fef595e615f5c: Registered tablet (data state: TABLET_DATA_COPYING)
I0703 01:39:28.704469 7531 tablet_copy_client.cc:566] T a61eb64bf7cc417684a8446570d07208 P 50f7f59cd4bf4ccdbb7fef595e615f5c: tablet copy: Starting download of 0 data blocks...
I0703 01:39:28.704627 7531 tablet_copy_client.cc:529] T a61eb64bf7cc417684a8446570d07208 P 50f7f59cd4bf4ccdbb7fef595e615f5c: tablet copy: Starting download of 1 WAL segments...
I0703 01:39:28.706279 7531 tablet_copy_client.cc:405] T a61eb64bf7cc417684a8446570d07208 P 50f7f59cd4bf4ccdbb7fef595e615f5c: tablet copy: Tablet Copy complete. Replacing tablet superblock.
I0703 01:39:28.707985 7531 ts_tablet_manager.cc:1028] T a61eb64bf7cc417684a8446570d07208 P 50f7f59cd4bf4ccdbb7fef595e615f5c: Bootstrapping tablet
I0703 01:39:28.708202 7531 tablet_bootstrap.cc:427] T a61eb64bf7cc417684a8446570d07208 P 50f7f59cd4bf4ccdbb7fef595e615f5c: Bootstrap starting.
I0703 01:39:28.712996 7531 log.cc:525] T a61eb64bf7cc417684a8446570d07208 P 50f7f59cd4bf4ccdbb7fef595e615f5c: Log is configured to *not* fsync() on all Append() calls
I0703 01:39:28.717267 7531 tablet_bootstrap.cc:427] T a61eb64bf7cc417684a8446570d07208 P 50f7f59cd4bf4ccdbb7fef595e615f5c: Bootstrap replayed 1/1 log segments. Stats: ops{read=5 overwritten=0 applied=5 ignored=0} inserts{seen=0 ignored=0} mutations{seen=0 ignored=0} orphaned_commits=0. Pending: 0 replicates
I0703 01:39:28.717595 7531 tablet_bootstrap.cc:427] T a61eb64bf7cc417684a8446570d07208 P 50f7f59cd4bf4ccdbb7fef595e615f5c: Bootstrap complete.
I0703 01:39:28.717830 7531 ts_tablet_manager.cc:1045] T a61eb64bf7cc417684a8446570d07208 P 50f7f59cd4bf4ccdbb7fef595e615f5c: Time spent bootstrapping tablet: real 0.010s user 0.006s sys 0.004s
I0703 01:39:28.722533 7531 raft_consensus.cc:325] T a61eb64bf7cc417684a8446570d07208 P 50f7f59cd4bf4ccdbb7fef595e615f5c [term 3 LEARNER]: Replica starting. Triggering 0 pending transactions. Active config: opid_index: 5 OBSOLETE_local: false peers { permanent_uuid: "a5fbe0bff97843f89529ce5722817fad" member_type: VOTER last_known_addr { host: "127.5.240.197" port: 60719 } } peers { permanent_uuid: "d45639fe421a4c0c81abaf8a04d04fa9" member_type: NON_VOTER last_known_addr { host: "127.5.240.195" port: 33176 } attrs { promote: true } } peers { permanent_uuid: "50f7f59cd4bf4ccdbb7fef595e615f5c" member_type: NON_VOTER last_known_addr { host: "127.5.240.196" port: 59711 } attrs { promote: true } } unsafe_config_change: true
I0703 01:39:28.722836 7531 raft_consensus.cc:628] T a61eb64bf7cc417684a8446570d07208 P 50f7f59cd4bf4ccdbb7fef595e615f5c [term 3 LEARNER]: Becoming Follower/Learner. State: Replica: 50f7f59cd4bf4ccdbb7fef595e615f5c, State: Initialized, Role: LEARNER
I0703 01:39:28.723083 7531 consensus_queue.cc:227] T a61eb64bf7cc417684a8446570d07208 P 50f7f59cd4bf4ccdbb7fef595e615f5c [NON_LEADER]: Queue going to NON_LEADER mode. State: All replicated index: 0, Majority replicated index: 0, Committed index: 5, Last appended: 3.5, Last appended by leader: 5, Current term: 0, Majority size: -1, State: 0, Mode: NON_LEADER, active raft config: opid_index: 5 OBSOLETE_local: false peers { permanent_uuid: "a5fbe0bff97843f89529ce5722817fad" member_type: VOTER last_known_addr { host: "127.5.240.197" port: 60719 } } peers { permanent_uuid: "d45639fe421a4c0c81abaf8a04d04fa9" member_type: NON_VOTER last_known_addr { host: "127.5.240.195" port: 33176 } attrs { promote: true } } peers { permanent_uuid: "50f7f59cd4bf4ccdbb7fef595e615f5c" member_type: NON_VOTER last_known_addr { host: "127.5.240.196" port: 59711 } attrs { promote: true } } unsafe_config_change: true
I0703 01:39:28.724970 7531 ts_tablet_manager.cc:1073] T a61eb64bf7cc417684a8446570d07208 P 50f7f59cd4bf4ccdbb7fef595e615f5c: Time spent starting tablet: real 0.007s user 0.004s sys 0.003s
I0703 01:39:28.726022 7356 tablet_copy_service.cc:325] P a5fbe0bff97843f89529ce5722817fad: Request end of tablet copy session 50f7f59cd4bf4ccdbb7fef595e615f5c-a61eb64bf7cc417684a8446570d07208 received from {username='jenkins'} at 127.5.240.196:51256
I0703 01:39:28.726095 7356 tablet_copy_service.cc:413] P a5fbe0bff97843f89529ce5722817fad: ending tablet copy session 50f7f59cd4bf4ccdbb7fef595e615f5c-a61eb64bf7cc417684a8446570d07208 on tablet a61eb64bf7cc417684a8446570d07208 with peer 50f7f59cd4bf4ccdbb7fef595e615f5c
I0703 01:39:28.843660 7535 ts_tablet_manager.cc:669] T a61eb64bf7cc417684a8446570d07208 P d45639fe421a4c0c81abaf8a04d04fa9: Initiating tablet copy from peer a5fbe0bff97843f89529ce5722817fad (127.5.240.197:60719)
I0703 01:39:28.843937 7535 tablet_copy_client.cc:239] T a61eb64bf7cc417684a8446570d07208 P d45639fe421a4c0c81abaf8a04d04fa9: tablet copy: Beginning tablet copy session from remote peer at address 127.5.240.197:60719
I0703 01:39:28.848161 7356 tablet_copy_service.cc:135] P a5fbe0bff97843f89529ce5722817fad: Received BeginTabletCopySession request for tablet a61eb64bf7cc417684a8446570d07208 from peer d45639fe421a4c0c81abaf8a04d04fa9 ({username='jenkins'} at 127.5.240.195:53995)
I0703 01:39:28.848268 7356 tablet_copy_service.cc:156] P a5fbe0bff97843f89529ce5722817fad: Beginning new tablet copy session on tablet a61eb64bf7cc417684a8446570d07208 from peer d45639fe421a4c0c81abaf8a04d04fa9 at {username='jenkins'} at 127.5.240.195:53995: session id = d45639fe421a4c0c81abaf8a04d04fa9-a61eb64bf7cc417684a8446570d07208
I0703 01:39:28.849946 7356 tablet_copy_source_session.cc:202] T a61eb64bf7cc417684a8446570d07208 P a5fbe0bff97843f89529ce5722817fad: Tablet Copy: opened 0 blocks and 1 log segments
I0703 01:39:28.852422 7535 data_dirs.cc:934] Could only allocate 1 dirs of requested 3 for tablet a61eb64bf7cc417684a8446570d07208. 1 dirs total, 0 dirs full, 0 dirs failed
I0703 01:39:28.861810 7535 ts_tablet_manager.cc:1173] T a61eb64bf7cc417684a8446570d07208 P d45639fe421a4c0c81abaf8a04d04fa9: Registered tablet (data state: TABLET_DATA_COPYING)
I0703 01:39:28.862078 7535 tablet_copy_client.cc:566] T a61eb64bf7cc417684a8446570d07208 P d45639fe421a4c0c81abaf8a04d04fa9: tablet copy: Starting download of 0 data blocks...
I0703 01:39:28.862287 7535 tablet_copy_client.cc:529] T a61eb64bf7cc417684a8446570d07208 P d45639fe421a4c0c81abaf8a04d04fa9: tablet copy: Starting download of 1 WAL segments...
I0703 01:39:28.864253 7535 tablet_copy_client.cc:405] T a61eb64bf7cc417684a8446570d07208 P d45639fe421a4c0c81abaf8a04d04fa9: tablet copy: Tablet Copy complete. Replacing tablet superblock.
I0703 01:39:28.865905 7535 ts_tablet_manager.cc:1028] T a61eb64bf7cc417684a8446570d07208 P d45639fe421a4c0c81abaf8a04d04fa9: Bootstrapping tablet
I0703 01:39:28.866122 7535 tablet_bootstrap.cc:427] T a61eb64bf7cc417684a8446570d07208 P d45639fe421a4c0c81abaf8a04d04fa9: Bootstrap starting.
I0703 01:39:28.870048 7535 log.cc:525] T a61eb64bf7cc417684a8446570d07208 P d45639fe421a4c0c81abaf8a04d04fa9: Log is configured to *not* fsync() on all Append() calls
I0703 01:39:28.873836 7535 tablet_bootstrap.cc:427] T a61eb64bf7cc417684a8446570d07208 P d45639fe421a4c0c81abaf8a04d04fa9: Bootstrap replayed 1/1 log segments. Stats: ops{read=5 overwritten=0 applied=5 ignored=0} inserts{seen=0 ignored=0} mutations{seen=0 ignored=0} orphaned_commits=0. Pending: 0 replicates
I0703 01:39:28.874158 7535 tablet_bootstrap.cc:427] T a61eb64bf7cc417684a8446570d07208 P d45639fe421a4c0c81abaf8a04d04fa9: Bootstrap complete.
I0703 01:39:28.874378 7535 ts_tablet_manager.cc:1045] T a61eb64bf7cc417684a8446570d07208 P d45639fe421a4c0c81abaf8a04d04fa9: Time spent bootstrapping tablet: real 0.008s user 0.008s sys 0.000s
I0703 01:39:28.879411 7535 raft_consensus.cc:325] T a61eb64bf7cc417684a8446570d07208 P d45639fe421a4c0c81abaf8a04d04fa9 [term 3 LEARNER]: Replica starting. Triggering 0 pending transactions. Active config: opid_index: 5 OBSOLETE_local: false peers { permanent_uuid: "a5fbe0bff97843f89529ce5722817fad" member_type: VOTER last_known_addr { host: "127.5.240.197" port: 60719 } } peers { permanent_uuid: "d45639fe421a4c0c81abaf8a04d04fa9" member_type: NON_VOTER last_known_addr { host: "127.5.240.195" port: 33176 } attrs { promote: true } } peers { permanent_uuid: "50f7f59cd4bf4ccdbb7fef595e615f5c" member_type: NON_VOTER last_known_addr { host: "127.5.240.196" port: 59711 } attrs { promote: true } } unsafe_config_change: true
I0703 01:39:28.879751 7535 raft_consensus.cc:628] T a61eb64bf7cc417684a8446570d07208 P d45639fe421a4c0c81abaf8a04d04fa9 [term 3 LEARNER]: Becoming Follower/Learner. State: Replica: d45639fe421a4c0c81abaf8a04d04fa9, State: Initialized, Role: LEARNER
I0703 01:39:28.880004 7535 consensus_queue.cc:227] T a61eb64bf7cc417684a8446570d07208 P d45639fe421a4c0c81abaf8a04d04fa9 [NON_LEADER]: Queue going to NON_LEADER mode. State: All replicated index: 0, Majority replicated index: 0, Committed index: 5, Last appended: 3.5, Last appended by leader: 5, Current term: 0, Majority size: -1, State: 0, Mode: NON_LEADER, active raft config: opid_index: 5 OBSOLETE_local: false peers { permanent_uuid: "a5fbe0bff97843f89529ce5722817fad" member_type: VOTER last_known_addr { host: "127.5.240.197" port: 60719 } } peers { permanent_uuid: "d45639fe421a4c0c81abaf8a04d04fa9" member_type: NON_VOTER last_known_addr { host: "127.5.240.195" port: 33176 } attrs { promote: true } } peers { permanent_uuid: "50f7f59cd4bf4ccdbb7fef595e615f5c" member_type: NON_VOTER last_known_addr { host: "127.5.240.196" port: 59711 } attrs { promote: true } } unsafe_config_change: true
I0703 01:39:28.881916 7535 ts_tablet_manager.cc:1073] T a61eb64bf7cc417684a8446570d07208 P d45639fe421a4c0c81abaf8a04d04fa9: Time spent starting tablet: real 0.007s user 0.005s sys 0.003s
I0703 01:39:28.882580 7356 tablet_copy_service.cc:325] P a5fbe0bff97843f89529ce5722817fad: Request end of tablet copy session d45639fe421a4c0c81abaf8a04d04fa9-a61eb64bf7cc417684a8446570d07208 received from {username='jenkins'} at 127.5.240.195:53995
I0703 01:39:28.882664 7356 tablet_copy_service.cc:413] P a5fbe0bff97843f89529ce5722817fad: ending tablet copy session d45639fe421a4c0c81abaf8a04d04fa9-a61eb64bf7cc417684a8446570d07208 on tablet a61eb64bf7cc417684a8446570d07208 with peer d45639fe421a4c0c81abaf8a04d04fa9
W0703 01:39:28.923945 7258 tablet.cc:1678] T a61eb64bf7cc417684a8446570d07208 P 50f7f59cd4bf4ccdbb7fef595e615f5c: Can't schedule compaction. Clean time has not been advanced past its initial value.
W0703 01:39:29.078598 7136 tablet.cc:1678] T a61eb64bf7cc417684a8446570d07208 P d45639fe421a4c0c81abaf8a04d04fa9: Can't schedule compaction. Clean time has not been advanced past its initial value.
I0703 01:39:29.218006 7214 raft_consensus.cc:1026] T a61eb64bf7cc417684a8446570d07208 P 50f7f59cd4bf4ccdbb7fef595e615f5c [term 3 LEARNER]: Deduplicated request from leader. Original: 3.4->[3.5-3.5] Dedup: 3.5->[]
I0703 01:39:29.233639 7453 catalog_manager.cc:2903] Scheduling retry of a61eb64bf7cc417684a8446570d07208 Delete Tablet RPC for TS=29c07deff3f54b10b7ad9a60bc14edeb with a delay of 1046 ms (attempt = 7)
W0703 01:39:29.233706 7453 catalog_manager.cc:2922] Async tablet task a61eb64bf7cc417684a8446570d07208 Delete Tablet RPC for TS=29c07deff3f54b10b7ad9a60bc14edeb failed: Not found: failed to reset TS proxy: Could not find TS for UUID 29c07deff3f54b10b7ad9a60bc14edeb
I0703 01:39:29.243530 7455 catalog_manager.cc:2903] Scheduling retry of a61eb64bf7cc417684a8446570d07208 Delete Tablet RPC for TS=d7071ff1216d42808d7cfb3ba8e4ee0b with a delay of 1072 ms (attempt = 7)
W0703 01:39:29.243590 7455 catalog_manager.cc:2922] Async tablet task a61eb64bf7cc417684a8446570d07208 Delete Tablet RPC for TS=d7071ff1216d42808d7cfb3ba8e4ee0b failed: Not found: failed to reset TS proxy: Could not find TS for UUID d7071ff1216d42808d7cfb3ba8e4ee0b
I0703 01:39:29.260854 7092 raft_consensus.cc:1026] T a61eb64bf7cc417684a8446570d07208 P d45639fe421a4c0c81abaf8a04d04fa9 [term 3 LEARNER]: Deduplicated request from leader. Original: 3.4->[3.5-3.5] Dedup: 3.5->[]
I0703 01:39:29.607287 7540 raft_consensus.cc:890] T a61eb64bf7cc417684a8446570d07208 P a5fbe0bff97843f89529ce5722817fad: attempting to promote NON_VOTER 50f7f59cd4bf4ccdbb7fef595e615f5c to VOTER
I0703 01:39:29.607600 7540 consensus_peers.cc:455] T a61eb64bf7cc417684a8446570d07208 P a5fbe0bff97843f89529ce5722817fad -> Peer 50f7f59cd4bf4ccdbb7fef595e615f5c (127.5.240.196:59711): Closing peer: 50f7f59cd4bf4ccdbb7fef595e615f5c
I0703 01:39:29.607666 7540 consensus_peers.cc:455] T a61eb64bf7cc417684a8446570d07208 P a5fbe0bff97843f89529ce5722817fad -> Peer d45639fe421a4c0c81abaf8a04d04fa9 (127.5.240.195:33176): Closing peer: d45639fe421a4c0c81abaf8a04d04fa9
I0703 01:39:29.607866 7540 consensus_queue.cc:204] T a61eb64bf7cc417684a8446570d07208 P a5fbe0bff97843f89529ce5722817fad [LEADER]: Queue going to LEADER mode. State: All replicated index: 0, Majority replicated index: 5, Committed index: 5, Last appended: 3.5, Last appended by leader: 0, Current term: 3, Majority size: 2, State: 0, Mode: LEADER, active raft config: opid_index: 6 OBSOLETE_local: false peers { permanent_uuid: "a5fbe0bff97843f89529ce5722817fad" member_type: VOTER last_known_addr { host: "127.5.240.197" port: 60719 } } peers { permanent_uuid: "d45639fe421a4c0c81abaf8a04d04fa9" member_type: NON_VOTER last_known_addr { host: "127.5.240.195" port: 33176 } attrs { promote: true } } peers { permanent_uuid: "50f7f59cd4bf4ccdbb7fef595e615f5c" member_type: VOTER last_known_addr { host: "127.5.240.196" port: 59711 } attrs { promote: false } } unsafe_config_change: true
I0703 01:39:29.609915 7214 raft_consensus.cc:1081] T a61eb64bf7cc417684a8446570d07208 P 50f7f59cd4bf4ccdbb7fef595e615f5c [term 3 LEARNER]: Refusing update from remote peer a5fbe0bff97843f89529ce5722817fad: Log matching property violated. Preceding OpId in replica: term: 3 index: 5. Preceding OpId from leader: term: 3 index: 6. (index mismatch)
I0703 01:39:29.610072 7092 raft_consensus.cc:1081] T a61eb64bf7cc417684a8446570d07208 P d45639fe421a4c0c81abaf8a04d04fa9 [term 3 LEARNER]: Refusing update from remote peer a5fbe0bff97843f89529ce5722817fad: Log matching property violated. Preceding OpId in replica: term: 3 index: 5. Preceding OpId from leader: term: 3 index: 6. (index mismatch)
I0703 01:39:29.610530 7539 consensus_queue.cc:962] T a61eb64bf7cc417684a8446570d07208 P a5fbe0bff97843f89529ce5722817fad [LEADER]: Connected to new peer: Peer: permanent_uuid: "50f7f59cd4bf4ccdbb7fef595e615f5c" member_type: VOTER last_known_addr { host: "127.5.240.196" port: 59711 } attrs { promote: false }, Status: LMP_MISMATCH, Last received: 0.0, Next index: 6, Last known committed idx: 5, Time since last communication: 0.000s
I0703 01:39:29.610855 7530 consensus_queue.cc:962] T a61eb64bf7cc417684a8446570d07208 P a5fbe0bff97843f89529ce5722817fad [LEADER]: Connected to new peer: Peer: permanent_uuid: "d45639fe421a4c0c81abaf8a04d04fa9" member_type: NON_VOTER last_known_addr { host: "127.5.240.195" port: 33176 } attrs { promote: true }, Status: LMP_MISMATCH, Last received: 0.0, Next index: 6, Last known committed idx: 5, Time since last communication: 0.000s
I0703 01:39:29.613909 7530 raft_consensus.cc:853] T a61eb64bf7cc417684a8446570d07208 P a5fbe0bff97843f89529ce5722817fad [term 3 LEADER]: attempt to promote peer d45639fe421a4c0c81abaf8a04d04fa9: there is already a config change operation in progress. Unable to promote follower until it completes. Doing nothing.
I0703 01:39:29.614070 7530 raft_consensus.cc:2684] T a61eb64bf7cc417684a8446570d07208 P a5fbe0bff97843f89529ce5722817fad [term 3 LEADER]: Committing config change with OpId 3.6: config changed from index 5 to 6, 50f7f59cd4bf4ccdbb7fef595e615f5c (127.5.240.196) changed from NON_VOTER to VOTER. New config: { opid_index: 6 OBSOLETE_local: false peers { permanent_uuid: "a5fbe0bff97843f89529ce5722817fad" member_type: VOTER last_known_addr { host: "127.5.240.197" port: 60719 } } peers { permanent_uuid: "d45639fe421a4c0c81abaf8a04d04fa9" member_type: NON_VOTER last_known_addr { host: "127.5.240.195" port: 33176 } attrs { promote: true } } peers { permanent_uuid: "50f7f59cd4bf4ccdbb7fef595e615f5c" member_type: VOTER last_known_addr { host: "127.5.240.196" port: 59711 } attrs { promote: false } } unsafe_config_change: true }
I0703 01:39:29.614883 7214 raft_consensus.cc:2684] T a61eb64bf7cc417684a8446570d07208 P 50f7f59cd4bf4ccdbb7fef595e615f5c [term 3 FOLLOWER]: Committing config change with OpId 3.6: config changed from index 5 to 6, 50f7f59cd4bf4ccdbb7fef595e615f5c (127.5.240.196) changed from NON_VOTER to VOTER. New config: { opid_index: 6 OBSOLETE_local: false peers { permanent_uuid: "a5fbe0bff97843f89529ce5722817fad" member_type: VOTER last_known_addr { host: "127.5.240.197" port: 60719 } } peers { permanent_uuid: "d45639fe421a4c0c81abaf8a04d04fa9" member_type: NON_VOTER last_known_addr { host: "127.5.240.195" port: 33176 } attrs { promote: true } } peers { permanent_uuid: "50f7f59cd4bf4ccdbb7fef595e615f5c" member_type: VOTER last_known_addr { host: "127.5.240.196" port: 59711 } attrs { promote: false } } unsafe_config_change: true }
I0703 01:39:29.618176 7092 raft_consensus.cc:2684] T a61eb64bf7cc417684a8446570d07208 P d45639fe421a4c0c81abaf8a04d04fa9 [term 3 LEARNER]: Committing config change with OpId 3.6: config changed from index 5 to 6, 50f7f59cd4bf4ccdbb7fef595e615f5c (127.5.240.196) changed from NON_VOTER to VOTER. New config: { opid_index: 6 OBSOLETE_local: false peers { permanent_uuid: "a5fbe0bff97843f89529ce5722817fad" member_type: VOTER last_known_addr { host: "127.5.240.197" port: 60719 } } peers { permanent_uuid: "d45639fe421a4c0c81abaf8a04d04fa9" member_type: NON_VOTER last_known_addr { host: "127.5.240.195" port: 33176 } attrs { promote: true } } peers { permanent_uuid: "50f7f59cd4bf4ccdbb7fef595e615f5c" member_type: VOTER last_known_addr { host: "127.5.240.196" port: 59711 } attrs { promote: false } } unsafe_config_change: true }
I0703 01:39:29.618715 7472 catalog_manager.cc:3798] T a61eb64bf7cc417684a8446570d07208 P a5fbe0bff97843f89529ce5722817fad reported cstate change: config changed from index 5 to 6, 50f7f59cd4bf4ccdbb7fef595e615f5c (127.5.240.196) changed from NON_VOTER to VOTER. New cstate: current_term: 3 leader_uuid: "a5fbe0bff97843f89529ce5722817fad" committed_config { opid_index: 6 OBSOLETE_local: false peers { permanent_uuid: "a5fbe0bff97843f89529ce5722817fad" member_type: VOTER last_known_addr { host: "127.5.240.197" port: 60719 } health_report { overall_health: HEALTHY } } peers { permanent_uuid: "d45639fe421a4c0c81abaf8a04d04fa9" member_type: NON_VOTER last_known_addr { host: "127.5.240.195" port: 33176 } attrs { promote: true } health_report { overall_health: HEALTHY } } peers { permanent_uuid: "50f7f59cd4bf4ccdbb7fef595e615f5c" member_type: VOTER last_known_addr { host: "127.5.240.196" port: 59711 } attrs { promote: false } health_report { overall_health: HEALTHY } } unsafe_config_change: true }
I0703 01:39:29.621367 7539 raft_consensus.cc:890] T a61eb64bf7cc417684a8446570d07208 P a5fbe0bff97843f89529ce5722817fad: attempting to promote NON_VOTER d45639fe421a4c0c81abaf8a04d04fa9 to VOTER
I0703 01:39:29.621703 7539 consensus_peers.cc:455] T a61eb64bf7cc417684a8446570d07208 P a5fbe0bff97843f89529ce5722817fad -> Peer 50f7f59cd4bf4ccdbb7fef595e615f5c (127.5.240.196:59711): Closing peer: 50f7f59cd4bf4ccdbb7fef595e615f5c
I0703 01:39:29.621759 7539 consensus_peers.cc:455] T a61eb64bf7cc417684a8446570d07208 P a5fbe0bff97843f89529ce5722817fad -> Peer d45639fe421a4c0c81abaf8a04d04fa9 (127.5.240.195:33176): Closing peer: d45639fe421a4c0c81abaf8a04d04fa9
I0703 01:39:29.621995 7539 consensus_queue.cc:204] T a61eb64bf7cc417684a8446570d07208 P a5fbe0bff97843f89529ce5722817fad [LEADER]: Queue going to LEADER mode. State: All replicated index: 0, Majority replicated index: 6, Committed index: 6, Last appended: 3.6, Last appended by leader: 0, Current term: 3, Majority size: 2, State: 0, Mode: LEADER, active raft config: opid_index: 7 OBSOLETE_local: false peers { permanent_uuid: "a5fbe0bff97843f89529ce5722817fad" member_type: VOTER last_known_addr { host: "127.5.240.197" port: 60719 } } peers { permanent_uuid: "d45639fe421a4c0c81abaf8a04d04fa9" member_type: VOTER last_known_addr { host: "127.5.240.195" port: 33176 } attrs { promote: false } } peers { permanent_uuid: "50f7f59cd4bf4ccdbb7fef595e615f5c" member_type: VOTER last_known_addr { host: "127.5.240.196" port: 59711 } attrs { promote: false } } unsafe_config_change: true
I0703 01:39:29.623960 7214 raft_consensus.cc:1081] T a61eb64bf7cc417684a8446570d07208 P 50f7f59cd4bf4ccdbb7fef595e615f5c [term 3 FOLLOWER]: Refusing update from remote peer a5fbe0bff97843f89529ce5722817fad: Log matching property violated. Preceding OpId in replica: term: 3 index: 6. Preceding OpId from leader: term: 3 index: 7. (index mismatch)
I0703 01:39:29.624168 7092 raft_consensus.cc:1081] T a61eb64bf7cc417684a8446570d07208 P d45639fe421a4c0c81abaf8a04d04fa9 [term 3 LEARNER]: Refusing update from remote peer a5fbe0bff97843f89529ce5722817fad: Log matching property violated. Preceding OpId in replica: term: 3 index: 6. Preceding OpId from leader: term: 3 index: 7. (index mismatch)
I0703 01:39:29.624775 7530 consensus_queue.cc:962] T a61eb64bf7cc417684a8446570d07208 P a5fbe0bff97843f89529ce5722817fad [LEADER]: Connected to new peer: Peer: permanent_uuid: "50f7f59cd4bf4ccdbb7fef595e615f5c" member_type: VOTER last_known_addr { host: "127.5.240.196" port: 59711 } attrs { promote: false }, Status: LMP_MISMATCH, Last received: 0.0, Next index: 7, Last known committed idx: 6, Time since last communication: 0.000s
I0703 01:39:29.625085 7540 consensus_queue.cc:962] T a61eb64bf7cc417684a8446570d07208 P a5fbe0bff97843f89529ce5722817fad [LEADER]: Connected to new peer: Peer: permanent_uuid: "d45639fe421a4c0c81abaf8a04d04fa9" member_type: VOTER last_known_addr { host: "127.5.240.195" port: 33176 } attrs { promote: false }, Status: LMP_MISMATCH, Last received: 0.0, Next index: 7, Last known committed idx: 6, Time since last communication: 0.000s
I0703 01:39:29.626983 7530 raft_consensus.cc:2684] T a61eb64bf7cc417684a8446570d07208 P a5fbe0bff97843f89529ce5722817fad [term 3 LEADER]: Committing config change with OpId 3.7: config changed from index 6 to 7, d45639fe421a4c0c81abaf8a04d04fa9 (127.5.240.195) changed from NON_VOTER to VOTER. New config: { opid_index: 7 OBSOLETE_local: false peers { permanent_uuid: "a5fbe0bff97843f89529ce5722817fad" member_type: VOTER last_known_addr { host: "127.5.240.197" port: 60719 } } peers { permanent_uuid: "d45639fe421a4c0c81abaf8a04d04fa9" member_type: VOTER last_known_addr { host: "127.5.240.195" port: 33176 } attrs { promote: false } } peers { permanent_uuid: "50f7f59cd4bf4ccdbb7fef595e615f5c" member_type: VOTER last_known_addr { host: "127.5.240.196" port: 59711 } attrs { promote: false } } unsafe_config_change: true }
I0703 01:39:29.627939 7092 raft_consensus.cc:2684] T a61eb64bf7cc417684a8446570d07208 P d45639fe421a4c0c81abaf8a04d04fa9 [term 3 FOLLOWER]: Committing config change with OpId 3.7: config changed from index 6 to 7, d45639fe421a4c0c81abaf8a04d04fa9 (127.5.240.195) changed from NON_VOTER to VOTER. New config: { opid_index: 7 OBSOLETE_local: false peers { permanent_uuid: "a5fbe0bff97843f89529ce5722817fad" member_type: VOTER last_known_addr { host: "127.5.240.197" port: 60719 } } peers { permanent_uuid: "d45639fe421a4c0c81abaf8a04d04fa9" member_type: VOTER last_known_addr { host: "127.5.240.195" port: 33176 } attrs { promote: false } } peers { permanent_uuid: "50f7f59cd4bf4ccdbb7fef595e615f5c" member_type: VOTER last_known_addr { host: "127.5.240.196" port: 59711 } attrs { promote: false } } unsafe_config_change: true }
I0703 01:39:29.627907 7214 raft_consensus.cc:2684] T a61eb64bf7cc417684a8446570d07208 P 50f7f59cd4bf4ccdbb7fef595e615f5c [term 3 FOLLOWER]: Committing config change with OpId 3.7: config changed from index 6 to 7, d45639fe421a4c0c81abaf8a04d04fa9 (127.5.240.195) changed from NON_VOTER to VOTER. New config: { opid_index: 7 OBSOLETE_local: false peers { permanent_uuid: "a5fbe0bff97843f89529ce5722817fad" member_type: VOTER last_known_addr { host: "127.5.240.197" port: 60719 } } peers { permanent_uuid: "d45639fe421a4c0c81abaf8a04d04fa9" member_type: VOTER last_known_addr { host: "127.5.240.195" port: 33176 } attrs { promote: false } } peers { permanent_uuid: "50f7f59cd4bf4ccdbb7fef595e615f5c" member_type: VOTER last_known_addr { host: "127.5.240.196" port: 59711 } attrs { promote: false } } unsafe_config_change: true }
I0703 01:39:29.631268 7470 catalog_manager.cc:3798] T a61eb64bf7cc417684a8446570d07208 P d45639fe421a4c0c81abaf8a04d04fa9 reported cstate change: config changed from index 6 to 7, d45639fe421a4c0c81abaf8a04d04fa9 (127.5.240.195) changed from NON_VOTER to VOTER. New cstate: current_term: 3 leader_uuid: "a5fbe0bff97843f89529ce5722817fad" committed_config { opid_index: 7 OBSOLETE_local: false peers { permanent_uuid: "a5fbe0bff97843f89529ce5722817fad" member_type: VOTER last_known_addr { host: "127.5.240.197" port: 60719 } } peers { permanent_uuid: "d45639fe421a4c0c81abaf8a04d04fa9" member_type: VOTER last_known_addr { host: "127.5.240.195" port: 33176 } attrs { promote: false } } peers { permanent_uuid: "50f7f59cd4bf4ccdbb7fef595e615f5c" member_type: VOTER last_known_addr { host: "127.5.240.196" port: 59711 } attrs { promote: false } } unsafe_config_change: true }
