I0703 01:40:03.965204 12066 raft_consensus.cc:2243] T aa3ae539f4c6418496bbb47ff00cb47e P 655d2894f7d14417bffae7af9cca3733 [term 0 FOLLOWER]: Leader pre-election vote request: Granting yes vote for candidate ea5f6a64e88b44c58375146ddaaac0b5 in term 0.
I0703 01:40:03.965237 12188 raft_consensus.cc:2730] T aa3ae539f4c6418496bbb47ff00cb47e P 01a76da15ef14c80b66d2706c0978eb8: Snoozing failure detection for 1.806s (vote granted)
I0703 01:40:03.965329 12188 raft_consensus.cc:2243] T aa3ae539f4c6418496bbb47ff00cb47e P 01a76da15ef14c80b66d2706c0978eb8 [term 0 FOLLOWER]: Leader pre-election vote request: Granting yes vote for candidate ea5f6a64e88b44c58375146ddaaac0b5 in term 0.
I0703 01:40:03.965842 11755 leader_election.cc:379] T aa3ae539f4c6418496bbb47ff00cb47e P ea5f6a64e88b44c58375146ddaaac0b5 [CANDIDATE]: Term 1 pre-election: Vote granted by peer 655d2894f7d14417bffae7af9cca3733 (127.5.240.196:50417)
I0703 01:40:03.965947 11755 leader_election.cc:270] T aa3ae539f4c6418496bbb47ff00cb47e P ea5f6a64e88b44c58375146ddaaac0b5 [CANDIDATE]: Term 1 pre-election: Election decided. Result: candidate won.
I0703 01:40:03.966087 11756 leader_election.cc:379] T aa3ae539f4c6418496bbb47ff00cb47e P ea5f6a64e88b44c58375146ddaaac0b5 [CANDIDATE]: Term 1 pre-election: Vote granted by peer 01a76da15ef14c80b66d2706c0978eb8 (127.5.240.197:43693)
I0703 01:40:03.966269 12257 raft_consensus.cc:2730] T aa3ae539f4c6418496bbb47ff00cb47e P ea5f6a64e88b44c58375146ddaaac0b5: Snoozing failure detection for 1.773s (election complete)
I0703 01:40:03.966373 12257 raft_consensus.cc:2537] T aa3ae539f4c6418496bbb47ff00cb47e P ea5f6a64e88b44c58375146ddaaac0b5 [term 0 FOLLOWER]: Leader pre-election won for term 1
I0703 01:40:03.966434 12257 raft_consensus.cc:457] T aa3ae539f4c6418496bbb47ff00cb47e P ea5f6a64e88b44c58375146ddaaac0b5 [term 0 FOLLOWER]: Starting leader election (no leader contacted us within the election timeout)
I0703 01:40:03.966491 12257 raft_consensus.cc:2730] T aa3ae539f4c6418496bbb47ff00cb47e P ea5f6a64e88b44c58375146ddaaac0b5: Snoozing failure detection for 2.162s (starting election)
I0703 01:40:03.966548 12257 raft_consensus.cc:2782] T aa3ae539f4c6418496bbb47ff00cb47e P ea5f6a64e88b44c58375146ddaaac0b5 [term 0 FOLLOWER]: Advancing to term 1
I0703 01:40:03.968083 12257 raft_consensus.cc:479] T aa3ae539f4c6418496bbb47ff00cb47e P ea5f6a64e88b44c58375146ddaaac0b5 [term 1 FOLLOWER]: Starting leader election with config: opid_index: -1 OBSOLETE_local: false peers { permanent_uuid: "655d2894f7d14417bffae7af9cca3733" member_type: VOTER last_known_addr { host: "127.5.240.196" port: 50417 } } peers { permanent_uuid: "ea5f6a64e88b44c58375146ddaaac0b5" member_type: VOTER last_known_addr { host: "127.5.240.194" port: 37351 } } peers { permanent_uuid: "01a76da15ef14c80b66d2706c0978eb8" member_type: VOTER last_known_addr { host: "127.5.240.197" port: 43693 } }
I0703 01:40:03.968412 12257 leader_election.cc:243] T aa3ae539f4c6418496bbb47ff00cb47e P ea5f6a64e88b44c58375146ddaaac0b5 [CANDIDATE]: Term 1 election: Requesting vote from peer 655d2894f7d14417bffae7af9cca3733 (127.5.240.196:50417)
I0703 01:40:03.968554 12257 leader_election.cc:243] T aa3ae539f4c6418496bbb47ff00cb47e P ea5f6a64e88b44c58375146ddaaac0b5 [CANDIDATE]: Term 1 election: Requesting vote from peer 01a76da15ef14c80b66d2706c0978eb8 (127.5.240.197:43693)
I0703 01:40:03.969130 12066 tablet_service.cc:995] Received RequestConsensusVote() RPC: tablet_id: "aa3ae539f4c6418496bbb47ff00cb47e" candidate_uuid: "ea5f6a64e88b44c58375146ddaaac0b5" candidate_term: 1 candidate_status { last_received { term: 0 index: 0 } } ignore_live_leader: false dest_uuid: "655d2894f7d14417bffae7af9cca3733"
I0703 01:40:03.969240 12066 raft_consensus.cc:2782] T aa3ae539f4c6418496bbb47ff00cb47e P 655d2894f7d14417bffae7af9cca3733 [term 0 FOLLOWER]: Advancing to term 1
I0703 01:40:03.969249 12188 tablet_service.cc:995] Received RequestConsensusVote() RPC: tablet_id: "aa3ae539f4c6418496bbb47ff00cb47e" candidate_uuid: "ea5f6a64e88b44c58375146ddaaac0b5" candidate_term: 1 candidate_status { last_received { term: 0 index: 0 } } ignore_live_leader: false dest_uuid: "01a76da15ef14c80b66d2706c0978eb8"
I0703 01:40:03.969316 12066 raft_consensus.cc:2730] T aa3ae539f4c6418496bbb47ff00cb47e P 655d2894f7d14417bffae7af9cca3733: Snoozing failure detection for 1.750s (vote granted)
I0703 01:40:03.969369 12188 raft_consensus.cc:2782] T aa3ae539f4c6418496bbb47ff00cb47e P 01a76da15ef14c80b66d2706c0978eb8 [term 0 FOLLOWER]: Advancing to term 1
I0703 01:40:03.969457 12188 raft_consensus.cc:2730] T aa3ae539f4c6418496bbb47ff00cb47e P 01a76da15ef14c80b66d2706c0978eb8: Snoozing failure detection for 1.800s (vote granted)
I0703 01:40:03.970652 12066 raft_consensus.cc:2243] T aa3ae539f4c6418496bbb47ff00cb47e P 655d2894f7d14417bffae7af9cca3733 [term 1 FOLLOWER]: Leader election vote request: Granting yes vote for candidate ea5f6a64e88b44c58375146ddaaac0b5 in term 1.
I0703 01:40:03.970757 12188 raft_consensus.cc:2243] T aa3ae539f4c6418496bbb47ff00cb47e P 01a76da15ef14c80b66d2706c0978eb8 [term 1 FOLLOWER]: Leader election vote request: Granting yes vote for candidate ea5f6a64e88b44c58375146ddaaac0b5 in term 1.
I0703 01:40:03.971089 11755 leader_election.cc:379] T aa3ae539f4c6418496bbb47ff00cb47e P ea5f6a64e88b44c58375146ddaaac0b5 [CANDIDATE]: Term 1 election: Vote granted by peer 655d2894f7d14417bffae7af9cca3733 (127.5.240.196:50417)
I0703 01:40:03.971186 11755 leader_election.cc:270] T aa3ae539f4c6418496bbb47ff00cb47e P ea5f6a64e88b44c58375146ddaaac0b5 [CANDIDATE]: Term 1 election: Election decided. Result: candidate won.
I0703 01:40:03.971297 11756 leader_election.cc:379] T aa3ae539f4c6418496bbb47ff00cb47e P ea5f6a64e88b44c58375146ddaaac0b5 [CANDIDATE]: Term 1 election: Vote granted by peer 01a76da15ef14c80b66d2706c0978eb8 (127.5.240.197:43693)
I0703 01:40:03.971398 12257 raft_consensus.cc:2730] T aa3ae539f4c6418496bbb47ff00cb47e P ea5f6a64e88b44c58375146ddaaac0b5: Snoozing failure detection for 1.844s (election complete)
I0703 01:40:03.971493 12257 raft_consensus.cc:2537] T aa3ae539f4c6418496bbb47ff00cb47e P ea5f6a64e88b44c58375146ddaaac0b5 [term 1 FOLLOWER]: Leader election won for term 1
I0703 01:40:03.972342 12257 raft_consensus.cc:593] T aa3ae539f4c6418496bbb47ff00cb47e P ea5f6a64e88b44c58375146ddaaac0b5 [term 1 LEADER]: Becoming Leader. State: Replica: ea5f6a64e88b44c58375146ddaaac0b5, State: Running, Role: LEADER
I0703 01:40:03.972745 12257 consensus_queue.cc:204] T aa3ae539f4c6418496bbb47ff00cb47e P ea5f6a64e88b44c58375146ddaaac0b5 [LEADER]: Queue going to LEADER mode. State: All replicated index: 0, Majority replicated index: 0, Committed index: 0, Last appended: 0.0, Last appended by leader: 0, Current term: 1, Majority size: 2, State: 0, Mode: LEADER, active raft config: opid_index: -1 OBSOLETE_local: false peers { permanent_uuid: "655d2894f7d14417bffae7af9cca3733" member_type: VOTER last_known_addr { host: "127.5.240.196" port: 50417 } } peers { permanent_uuid: "ea5f6a64e88b44c58375146ddaaac0b5" member_type: VOTER last_known_addr { host: "127.5.240.194" port: 37351 } } peers { permanent_uuid: "01a76da15ef14c80b66d2706c0978eb8" member_type: VOTER last_known_addr { host: "127.5.240.197" port: 43693 } }
I0703 01:40:03.976830 11574 catalog_manager.cc:3798] T aa3ae539f4c6418496bbb47ff00cb47e P ea5f6a64e88b44c58375146ddaaac0b5 reported cstate change: term changed from 0 to 1, leader changed from to ea5f6a64e88b44c58375146ddaaac0b5 (127.5.240.194). New cstate: current_term: 1 leader_uuid: "ea5f6a64e88b44c58375146ddaaac0b5" committed_config { opid_index: -1 OBSOLETE_local: false peers { permanent_uuid: "655d2894f7d14417bffae7af9cca3733" member_type: VOTER last_known_addr { host: "127.5.240.196" port: 50417 } health_report { overall_health: UNKNOWN } } peers { permanent_uuid: "ea5f6a64e88b44c58375146ddaaac0b5" member_type: VOTER last_known_addr { host: "127.5.240.194" port: 37351 } health_report { overall_health: HEALTHY } } peers { permanent_uuid: "01a76da15ef14c80b66d2706c0978eb8" member_type: VOTER last_known_addr { host: "127.5.240.197" port: 43693 } health_report { overall_health: UNKNOWN } } }
W0703 01:40:04.024621 11866 tablet.cc:1678] T aa3ae539f4c6418496bbb47ff00cb47e P ea5f6a64e88b44c58375146ddaaac0b5: Can't schedule compaction. Clean time has not been advanced past its initial value.
I0703 01:40:04.063885 6083 external_mini_cluster.cc:490] 5 TS(s) registered with all masters
I0703 01:40:04.064992 6083 ts_itest-base.cc:233] Waiting for 0 tablets on tserver ee1b80f8727c4321a63259acf818aff8 to finish bootstrapping
I0703 01:40:04.071712 6083 ts_itest-base.cc:233] Waiting for 1 tablets on tserver ea5f6a64e88b44c58375146ddaaac0b5 to finish bootstrapping
I0703 01:40:04.076242 6083 ts_itest-base.cc:233] Waiting for 0 tablets on tserver 7e8e64942ea3471ab77a706b397f0c4f to finish bootstrapping
I0703 01:40:04.082296 6083 ts_itest-base.cc:233] Waiting for 1 tablets on tserver 655d2894f7d14417bffae7af9cca3733 to finish bootstrapping
I0703 01:40:04.087340 6083 ts_itest-base.cc:233] Waiting for 1 tablets on tserver 01a76da15ef14c80b66d2706c0978eb8 to finish bootstrapping
I0703 01:40:04.092084 6083 kudu-admin-test.cc:842] Waiting for Master to see the current replicas...
I0703 01:40:04.093287 6083 kudu-admin-test.cc:849] Tablet locations: tablet_id: "aa3ae539f4c6418496bbb47ff00cb47e" replicas { ts_info { permanent_uuid: "655d2894f7d14417bffae7af9cca3733" rpc_addresses { host: "127.5.240.196" port: 50417 } } role: FOLLOWER } replicas { ts_info { permanent_uuid: "ea5f6a64e88b44c58375146ddaaac0b5" rpc_addresses { host: "127.5.240.194" port: 37351 } } role: LEADER } replicas { ts_info { permanent_uuid: "01a76da15ef14c80b66d2706c0978eb8" rpc_addresses { host: "127.5.240.197" port: 43693 } } role: FOLLOWER } DEPRECATED_stale: false partition { partition_key_start: "" partition_key_end: "" }
I0703 01:40:04.426681 12066 raft_consensus.cc:1081] T aa3ae539f4c6418496bbb47ff00cb47e P 655d2894f7d14417bffae7af9cca3733 [term 1 FOLLOWER]: Refusing update from remote peer ea5f6a64e88b44c58375146ddaaac0b5: Log matching property violated. Preceding OpId in replica: term: 0 index: 0. Preceding OpId from leader: term: 1 index: 1. (index mismatch)
I0703 01:40:04.427472 12257 consensus_queue.cc:962] T aa3ae539f4c6418496bbb47ff00cb47e P ea5f6a64e88b44c58375146ddaaac0b5 [LEADER]: Connected to new peer: Peer: permanent_uuid: "655d2894f7d14417bffae7af9cca3733" member_type: VOTER last_known_addr { host: "127.5.240.196" port: 50417 }, Status: LMP_MISMATCH, Last received: 0.0, Next index: 1, Last known committed idx: 0, Time since last communication: 0.000s
I0703 01:40:04.434700 12188 raft_consensus.cc:1081] T aa3ae539f4c6418496bbb47ff00cb47e P 01a76da15ef14c80b66d2706c0978eb8 [term 1 FOLLOWER]: Refusing update from remote peer ea5f6a64e88b44c58375146ddaaac0b5: Log matching property violated. Preceding OpId in replica: term: 0 index: 0. Preceding OpId from leader: term: 1 index: 1. (index mismatch)
I0703 01:40:04.436440 6083 external_mini_cluster.cc:1034] Attempting to check leaks for /data/somelongdirectorytoavoidrpathissues/src/kudu/build/asan/bin/kudu-tserver pid 11990
I0703 01:40:04.436792 12257 consensus_queue.cc:962] T aa3ae539f4c6418496bbb47ff00cb47e P ea5f6a64e88b44c58375146ddaaac0b5 [LEADER]: Connected to new peer: Peer: permanent_uuid: "01a76da15ef14c80b66d2706c0978eb8" member_type: VOTER last_known_addr { host: "127.5.240.197" port: 43693 }, Status: LMP_MISMATCH, Last received: 0.0, Next index: 1, Last known committed idx: 0, Time since last communication: 0.000s
I0703 01:40:04.437134 12106 generic_service.cc:169] Checking for leaks (request via RPC)
I0703 01:40:04.482031 6083 external_mini_cluster.cc:993] Killing /data/somelongdirectorytoavoidrpathissues/src/kudu/build/asan/bin/kudu-tserver with pid 11990
W0703 01:40:04.489403 11556 connection.cc:512] server connection from 127.5.240.196:50595 recv error: Network error: failed to read from TLS socket (remote: 127.5.240.196:50595): Connection reset by peer (error 104)
I0703 01:40:04.489595 6083 external_mini_cluster.cc:1034] Attempting to check leaks for /data/somelongdirectorytoavoidrpathissues/src/kudu/build/asan/bin/kudu-tserver pid 12112
W0703 01:40:04.489773 11755 connection.cc:512] client connection to 127.5.240.196:50417 recv error: Network error: failed to read from TLS socket (remote: 127.5.240.196:50417): Connection reset by peer (error 104)
I0703 01:40:04.490411 12228 generic_service.cc:169] Checking for leaks (request via RPC)
I0703 01:40:04.533599 6083 external_mini_cluster.cc:993] Killing /data/somelongdirectorytoavoidrpathissues/src/kudu/build/asan/bin/kudu-tserver with pid 12112
W0703 01:40:04.541095 11756 connection.cc:512] client connection to 127.5.240.197:43693 recv error: Network error: failed to read from TLS socket (remote: 127.5.240.197:43693): Connection reset by peer (error 104)
W0703 01:40:04.541213 11557 connection.cc:512] server connection from 127.5.240.197:36749 recv error: Network error: failed to read from TLS socket (remote: 127.5.240.197:36749): Connection reset by peer (error 104)
I0703 01:40:04.541689 6083 external_mini_cluster.cc:1034] Attempting to check leaks for /data/somelongdirectorytoavoidrpathissues/src/kudu/build/asan/bin/kudu-master pid 11549
I0703 01:40:04.542398 11605 generic_service.cc:169] Checking for leaks (request via RPC)
I0703 01:40:04.611344 6083 external_mini_cluster.cc:993] Killing /data/somelongdirectorytoavoidrpathissues/src/kudu/build/asan/bin/kudu-master with pid 11549
W0703 01:40:04.624240 11878 connection.cc:512] client connection to 127.5.240.254:45595 recv error: Network error: failed to read from TLS socket (remote: 127.5.240.254:45595): Connection reset by peer (error 104)
W0703 01:40:04.624243 11633 connection.cc:512] client connection to 127.5.240.254:45595 recv error: Network error: failed to read from TLS socket (remote: 127.5.240.254:45595): Connection reset by peer (error 104)
W0703 01:40:04.624828 11756 connection.cc:512] client connection to 127.5.240.254:45595 recv error: Network error: failed to read from TLS socket (remote: 127.5.240.254:45595): Connection reset by peer (error 104)
I0703 01:40:04.624843 6083 external_mini_cluster.cc:794] Running /data/somelongdirectorytoavoidrpathissues/src/kudu/build/asan/bin/kudu-master /data/somelongdirectorytoavoidrpathissues/src/kudu/build/asan/bin/kudu-master --fs_wal_dir=/data/somelongdirectorytoavoidrpathissues/src/kudutest/kudu-admin-test.0.AdminCliTest.TestUnsafeChangeConfigFollowerWithPendingConfig.1530607157582131-6083/raft_consensus-itest-cluster/master-0/wal --fs_data_dirs=/data/somelongdirectorytoavoidrpathissues/src/kudutest/kudu-admin-test.0.AdminCliTest.TestUnsafeChangeConfigFollowerWithPendingConfig.1530607157582131-6083/raft_consensus-itest-cluster/master-0/data --block_manager=log --webserver_interface=localhost --ipki_ca_key_size=1024 --tsk_num_rsa_bits=512 --rpc_bind_addresses=127.5.240.254:45595 --webserver_interface=127.5.240.254 --webserver_port=41699 --never_fsync --ipki_server_key_size=1024 --enable_minidumps=false --redact=none --metrics_log_interval_ms=1000 --logtostderr --logbuflevel=-1 --log_dir=/data/somelongdirectorytoavoidrpathissues/src/kudutest/kudu-admin-test.0.AdminCliTest.TestUnsafeChangeConfigFollowerWithPendingConfig.1530607157582131-6083/raft_consensus-itest-cluster/master-0/logs --server_dump_info_path=/data/somelongdirectorytoavoidrpathissues/src/kudutest/kudu-admin-test.0.AdminCliTest.TestUnsafeChangeConfigFollowerWithPendingConfig.1530607157582131-6083/raft_consensus-itest-cluster/master-0/data/info.pb --server_dump_info_format=pb --rpc_server_allow_ephemeral_ports --unlock_experimental_flags --unlock_unsafe_flags --rpc_reuseport=true with env {}
W0703 01:40:04.731763 11987 heartbeater.cc:587] Failed to heartbeat to 127.5.240.254:45595: Network error: Failed to send heartbeat to master: Client connection negotiation failed: client connection to 127.5.240.254:45595: connect: Connection refused (error 111) WARNING: Logging before InitGoogleLogging() is written to STDERR
W0703 01:40:04.804572 12274 flags.cc:406] Enabled unsafe flag: --rpc_server_allow_ephemeral_ports=true
W0703 01:40:04.804800 12274 flags.cc:406] Enabled unsafe flag: --never_fsync=true
W0703 01:40:04.806988 12274 flags.cc:406] Enabled experimental flag: --ipki_ca_key_size=1024
W0703 01:40:04.807029 12274 flags.cc:406] Enabled experimental flag: --ipki_server_key_size=1024
W0703 01:40:04.807061 12274 flags.cc:406] Enabled experimental flag: --tsk_num_rsa_bits=512
W0703 01:40:04.807093 12274 flags.cc:406] Enabled experimental flag: --rpc_reuseport=true
I0703 01:40:04.815130 12274 master_main.cc:73] Master server non-default flags: --fs_data_dirs=/data/somelongdirectorytoavoidrpathissues/src/kudutest/kudu-admin-test.0.AdminCliTest.TestUnsafeChangeConfigFollowerWithPendingConfig.1530607157582131-6083/raft_consensus-itest-cluster/master-0/data --fs_wal_dir=/data/somelongdirectorytoavoidrpathissues/src/kudutest/kudu-admin-test.0.AdminCliTest.TestUnsafeChangeConfigFollowerWithPendingConfig.1530607157582131-6083/raft_consensus-itest-cluster/master-0/wal --ipki_ca_key_size=1024 --ipki_server_key_size=1024 --tsk_num_rsa_bits=512 --rpc_bind_addresses=127.5.240.254:45595 --rpc_reuseport=true --rpc_server_allow_ephemeral_ports=true --metrics_log_interval_ms=1000 --server_dump_info_format=pb --server_dump_info_path=/data/somelongdirectorytoavoidrpathissues/src/kudutest/kudu-admin-test.0.AdminCliTest.TestUnsafeChangeConfigFollowerWithPendingConfig.1530607157582131-6083/raft_consensus-itest-cluster/master-0/data/info.pb --webserver_interface=127.5.240.254 --webserver_port=41699 --never_fsync=true --redact=none --unlock_experimental_flags=true --unlock_unsafe_flags=true --enable_minidumps=false --log_dir=/data/somelongdirectorytoavoidrpathissues/src/kudutest/kudu-admin-test.0.AdminCliTest.TestUnsafeChangeConfigFollowerWithPendingConfig.1530607157582131-6083/raft_consensus-itest-cluster/master-0/logs --logbuflevel=-1 --logtostderr=true Master server version: kudu 1.8.0-SNAPSHOT revision 1ae050e4d57bc333de28bcbc62e072e8bafd04b3 build type FASTDEBUG built by jenkins at 03 Jul 2018 00:28:42 PST on quasar-kdakzq-1.vpc.cloudera.com build id 91347 ASAN enabled
I0703 01:40:04.820802 12274 master_main.cc:80] Initializing master server...
I0703 01:40:04.821868 12274 system_ntp.cc:199] NTP initialized. Skew: 500ppm Current error: 155708us
I0703 01:40:04.822921 12274 fs_manager.cc:261] Metadata directory not provided
I0703 01:40:04.822978 12274 fs_manager.cc:267] Using write-ahead log directory (fs_wal_dir) as metadata directory
I0703 01:40:04.830612 12274 fs_manager.cc:397] Time spent opening directory manager: real 0.005s user 0.002s sys 0.002s
I0703 01:40:04.831451 12274 env_posix.cc:1674] Not raising this process' open files per process limit of 32768; it is already as high as it can go
I0703 01:40:04.831893 12274 file_cache.cc:470] Constructed file cache lbm with capacity 13107
I0703 01:40:04.835618 12274 fs_manager.cc:417] Time spent opening block manager: real 0.002s user 0.000s sys 0.002s
I0703 01:40:04.835692 12274 fs_manager.cc:434] Opened local filesystem: /data/somelongdirectorytoavoidrpathissues/src/kudutest/kudu-admin-test.0.AdminCliTest.TestUnsafeChangeConfigFollowerWithPendingConfig.1530607157582131-6083/raft_consensus-itest-cluster/master-0/data,/data/somelongdirectorytoavoidrpathissues/src/kudutest/kudu-admin-test.0.AdminCliTest.TestUnsafeChangeConfigFollowerWithPendingConfig.1530607157582131-6083/raft_consensus-itest-cluster/master-0/wal uuid: "a5ace5d56f5f4273b353e57fa3bfaa3e" format_stamp: "Formatted at 2018-07-03 08:40:01 on quasar-kdakzq-1.vpc.cloudera.com"
I0703 01:40:04.836555 12274 fs_report.cc:352] FS layout report -------------------- wal directory: /data/somelongdirectorytoavoidrpathissues/src/kudutest/kudu-admin-test.0.AdminCliTest.TestUnsafeChangeConfigFollowerWithPendingConfig.1530607157582131-6083/raft_consensus-itest-cluster/master-0/wal metadata directory: /data/somelongdirectorytoavoidrpathissues/src/kudutest/kudu-admin-test.0.AdminCliTest.TestUnsafeChangeConfigFollowerWithPendingConfig.1530607157582131-6083/raft_consensus-itest-cluster/master-0/wal 1 data directories: /data/somelongdirectorytoavoidrpathissues/src/kudutest/kudu-admin-test.0.AdminCliTest.TestUnsafeChangeConfigFollowerWithPendingConfig.1530607157582131-6083/raft_consensus-itest-cluster/master-0/data/data Total live blocks: 0 Total live bytes: 0 Total live bytes (after alignment): 0 Total number of LBM containers: 0 (0 full) Did not check for missing blocks Did not check for orphaned blocks Total full LBM containers with extra space: 0 (0 repaired) Total full LBM container extra space in bytes: 0 (0 repaired) Total incomplete LBM containers: 0 (0 repaired) Total LBM partial records: 0 (0 repaired)
I0703 01:40:04.870230 12274 env_posix.cc:1669] Raising this process' running threads per effective uid limit from 32768 to 65536
I0703 01:40:04.871664 12274 master_main.cc:83] Starting Master server...
I0703 01:40:04.908630 12274 rpc_server.cc:205] RPC server started. Bound to: 127.5.240.254:45595
I0703 01:40:04.909088 12274 webserver.cc:175] Starting webserver on 127.5.240.254:41699
I0703 01:40:04.909133 12274 webserver.cc:186] Document root disabled
I0703 01:40:04.909826 12274 webserver.cc:313] Webserver started. Bound to: http://127.5.240.254:41699/
I0703 01:40:04.910490 12274 server_base.cc:607] Dumped server information to /data/somelongdirectorytoavoidrpathissues/src/kudutest/kudu-admin-test.0.AdminCliTest.TestUnsafeChangeConfigFollowerWithPendingConfig.1530607157582131-6083/raft_consensus-itest-cluster/master-0/data/info.pb
I0703 01:40:04.915551 6083 external_mini_cluster.cc:856] Started /data/somelongdirectorytoavoidrpathissues/src/kudu/build/asan/bin/kudu-master as pid 12274
I0703 01:40:04.917091 11822 consensus_peers.cc:455] T aa3ae539f4c6418496bbb47ff00cb47e P ea5f6a64e88b44c58375146ddaaac0b5 -> Peer 01a76da15ef14c80b66d2706c0978eb8 (127.5.240.197:43693): Closing peer: 01a76da15ef14c80b66d2706c0978eb8
I0703 01:40:04.917174 11822 consensus_peers.cc:455] T aa3ae539f4c6418496bbb47ff00cb47e P ea5f6a64e88b44c58375146ddaaac0b5 -> Peer 655d2894f7d14417bffae7af9cca3733 (127.5.240.196:50417): Closing peer: 655d2894f7d14417bffae7af9cca3733
I0703 01:40:04.917449 11822 consensus_queue.cc:204] T aa3ae539f4c6418496bbb47ff00cb47e P ea5f6a64e88b44c58375146ddaaac0b5 [LEADER]: Queue going to LEADER mode. State: All replicated index: 0, Majority replicated index: 1, Committed index: 1, Last appended: 1.1, Last appended by leader: 0, Current term: 1, Majority size: 2, State: 0, Mode: LEADER, active raft config: opid_index: 2 OBSOLETE_local: false peers { permanent_uuid: "655d2894f7d14417bffae7af9cca3733" member_type: VOTER last_known_addr { host: "127.5.240.196" port: 50417 } } peers { permanent_uuid: "ea5f6a64e88b44c58375146ddaaac0b5" member_type: VOTER last_known_addr { host: "127.5.240.194" port: 37351 } }
W0703 01:40:04.919242 11755 consensus_peers.cc:433] T aa3ae539f4c6418496bbb47ff00cb47e P ea5f6a64e88b44c58375146ddaaac0b5 -> Peer 655d2894f7d14417bffae7af9cca3733 (127.5.240.196:50417): Couldn't send request to peer 655d2894f7d14417bffae7af9cca3733 for tablet aa3ae539f4c6418496bbb47ff00cb47e. Status: Network error: Client connection negotiation failed: client connection to 127.5.240.196:50417: connect: Connection refused (error 111). Retrying in the next heartbeat period. Already tried 1 times.
I0703 01:40:04.920568 12334 tablet_bootstrap.cc:427] T 00000000000000000000000000000000 P a5ace5d56f5f4273b353e57fa3bfaa3e: Bootstrap starting.
I0703 01:40:04.932605 12334 log.cc:525] T 00000000000000000000000000000000 P a5ace5d56f5f4273b353e57fa3bfaa3e: Log is configured to *not* fsync() on all Append() calls
I0703 01:40:04.941689 12334 tablet_bootstrap.cc:427] T 00000000000000000000000000000000 P a5ace5d56f5f4273b353e57fa3bfaa3e: Bootstrap replayed 1/1 log segments. Stats: ops{read=7 overwritten=0 applied=7 ignored=1} inserts{seen=4 ignored=0} mutations{seen=2 ignored=0} orphaned_commits=0. Pending: 0 replicates
I0703 01:40:04.942100 12334 tablet_bootstrap.cc:427] T 00000000000000000000000000000000 P a5ace5d56f5f4273b353e57fa3bfaa3e: Bootstrap complete.
I0703 01:40:04.951514 12334 raft_consensus.cc:325] T 00000000000000000000000000000000 P a5ace5d56f5f4273b353e57fa3bfaa3e [term 1 FOLLOWER]: Replica starting. Triggering 0 pending transactions. Active config: opid_index: -1 OBSOLETE_local: true peers { permanent_uuid: "a5ace5d56f5f4273b353e57fa3bfaa3e" member_type: VOTER }
I0703 01:40:04.952242 12334 raft_consensus.cc:628] T 00000000000000000000000000000000 P a5ace5d56f5f4273b353e57fa3bfaa3e [term 1 FOLLOWER]: Becoming Follower/Learner. State: Replica: a5ace5d56f5f4273b353e57fa3bfaa3e, State: Initialized, Role: FOLLOWER
I0703 01:40:04.952754 12334 consensus_queue.cc:227] T 00000000000000000000000000000000 P a5ace5d56f5f4273b353e57fa3bfaa3e [NON_LEADER]: Queue going to NON_LEADER mode. State: All replicated index: 0, Majority replicated index: 0, Committed index: 7, Last appended: 1.7, Last appended by leader: 7, Current term: 0, Majority size: -1, State: 0, Mode: NON_LEADER, active raft config: opid_index: -1 OBSOLETE_local: true peers { permanent_uuid: "a5ace5d56f5f4273b353e57fa3bfaa3e" member_type: VOTER }
I0703 01:40:04.952888 12334 raft_consensus.cc:365] T 00000000000000000000000000000000 P a5ace5d56f5f4273b353e57fa3bfaa3e [term 1 FOLLOWER]: Only one voter in the Raft config. Triggering election immediately
I0703 01:40:04.952962 12334 raft_consensus.cc:457] T 00000000000000000000000000000000 P a5ace5d56f5f4273b353e57fa3bfaa3e [term 1 FOLLOWER]: Starting leader election (initial election of a single-replica configuration)
I0703 01:40:04.953038 12334 raft_consensus.cc:2730] T 00000000000000000000000000000000 P a5ace5d56f5f4273b353e57fa3bfaa3e: Snoozing failure detection for 1.967s (starting election)
I0703 01:40:04.953119 12334 raft_consensus.cc:2782] T 00000000000000000000000000000000 P a5ace5d56f5f4273b353e57fa3bfaa3e [term 1 FOLLOWER]: Advancing to term 2
I0703 01:40:04.956490 12334 raft_consensus.cc:479] T 00000000000000000000000000000000 P a5ace5d56f5f4273b353e57fa3bfaa3e [term 2 FOLLOWER]: Starting leader election with config: opid_index: -1 OBSOLETE_local: true peers { permanent_uuid: "a5ace5d56f5f4273b353e57fa3bfaa3e" member_type: VOTER }
I0703 01:40:04.956852 12334 leader_election.cc:270] T 00000000000000000000000000000000 P a5ace5d56f5f4273b353e57fa3bfaa3e [CANDIDATE]: Term 2 election: Election decided. Result: candidate won.
I0703 01:40:04.957657 12337 raft_consensus.cc:2730] T 00000000000000000000000000000000 P a5ace5d56f5f4273b353e57fa3bfaa3e: Snoozing failure detection for 2.102s (election complete)
I0703 01:40:04.957846 12337 raft_consensus.cc:2537] T 00000000000000000000000000000000 P a5ace5d56f5f4273b353e57fa3bfaa3e [term 2 FOLLOWER]: Leader election won for term 2
I0703 01:40:04.960717 12337 raft_consensus.cc:593] T 00000000000000000000000000000000 P a5ace5d56f5f4273b353e57fa3bfaa3e [term 2 LEADER]: Becoming Leader. State: Replica: a5ace5d56f5f4273b353e57fa3bfaa3e, State: Running, Role: LEADER
I0703 01:40:04.961561 12337 consensus_queue.cc:204] T 00000000000000000000000000000000 P a5ace5d56f5f4273b353e57fa3bfaa3e [LEADER]: Queue going to LEADER mode. State: All replicated index: 0, Majority replicated index: 7, Committed index: 7, Last appended: 1.7, Last appended by leader: 7, Current term: 2, Majority size: 1, State: 0, Mode: LEADER, active raft config: opid_index: -1 OBSOLETE_local: true peers { permanent_uuid: "a5ace5d56f5f4273b353e57fa3bfaa3e" member_type: VOTER }
I0703 01:40:04.964689 12334 sys_catalog.cc:337] T 00000000000000000000000000000000 P a5ace5d56f5f4273b353e57fa3bfaa3e [sys.catalog]: SysCatalogTable state changed. Reason: Started TabletReplica. Latest consensus state: current_term: 2 leader_uuid: "a5ace5d56f5f4273b353e57fa3bfaa3e" committed_config { opid_index: -1 OBSOLETE_local: true peers { permanent_uuid: "a5ace5d56f5f4273b353e57fa3bfaa3e" member_type: VOTER } }
I0703 01:40:04.965042 12334 sys_catalog.cc:340] T 00000000000000000000000000000000 P a5ace5d56f5f4273b353e57fa3bfaa3e [sys.catalog]: This master's current role is: LEADER
I0703 01:40:04.964582 12338 sys_catalog.cc:337] T 00000000000000000000000000000000 P a5ace5d56f5f4273b353e57fa3bfaa3e [sys.catalog]: SysCatalogTable state changed. Reason: RaftConsensus started. Latest consensus state: current_term: 2 leader_uuid: "a5ace5d56f5f4273b353e57fa3bfaa3e" committed_config { opid_index: -1 OBSOLETE_local: true peers { permanent_uuid: "a5ace5d56f5f4273b353e57fa3bfaa3e" member_type: VOTER } }
I0703 01:40:04.965771 12338 sys_catalog.cc:340] T 00000000000000000000000000000000 P a5ace5d56f5f4273b353e57fa3bfaa3e [sys.catalog]: This master's current role is: LEADER
I0703 01:40:04.965981 12340 sys_catalog.cc:337] T 00000000000000000000000000000000 P a5ace5d56f5f4273b353e57fa3bfaa3e [sys.catalog]: SysCatalogTable state changed. Reason: New leader a5ace5d56f5f4273b353e57fa3bfaa3e. Latest consensus state: current_term: 2 leader_uuid: "a5ace5d56f5f4273b353e57fa3bfaa3e" committed_config { opid_index: -1 OBSOLETE_local: true peers { permanent_uuid: "a5ace5d56f5f4273b353e57fa3bfaa3e" member_type: VOTER } }
I0703 01:40:04.968739 12334 sys_catalog.cc:424] T 00000000000000000000000000000000 P a5ace5d56f5f4273b353e57fa3bfaa3e [sys.catalog]: configured and running, proceeding with master startup.
I0703 01:40:04.968943 12340 sys_catalog.cc:340] T 00000000000000000000000000000000 P a5ace5d56f5f4273b353e57fa3bfaa3e [sys.catalog]: This master's current role is: LEADER
I0703 01:40:04.969152 12343 catalog_manager.cc:1006] Loading table and tablet metadata into memory...
I0703 01:40:04.970985 12274 master_main.cc:86] Master server successfully started.
I0703 01:40:04.976804 12343 catalog_manager.cc:323] Loaded metadata for table TestTable [id=eade82a1ab6a4ddbb599737edcdea82f]
I0703 01:40:04.980062 12301 master_service.cc:205] Got heartbeat from unknown tserver (permanent_uuid: "ee1b80f8727c4321a63259acf818aff8" instance_seqno: 1530607201908992) as {username='jenkins'} at 127.5.240.193:34169; Asking this server to re-register.
I0703 01:40:04.980572 12343 catalog_manager.cc:377] Loaded metadata for tablet aa3ae539f4c6418496bbb47ff00cb47e (table TestTable [id=eade82a1ab6a4ddbb599737edcdea82f])
I0703 01:40:04.980828 12343 catalog_manager.cc:1017] Initializing Kudu internal certificate authority...
I0703 01:40:04.981163 11742 heartbeater.cc:426] Registering TS with master...
I0703 01:40:04.982373 12301 ts_manager.cc:98] Registered new tserver with Master: ee1b80f8727c4321a63259acf818aff8 (127.5.240.193:46472)
I0703 01:40:04.986021 12343 catalog_manager.cc:1026] Loading token signing keys...
I0703 01:40:04.987540 12343 catalog_manager.cc:4113] T 00000000000000000000000000000000 P a5ace5d56f5f4273b353e57fa3bfaa3e: Loaded TSK: 0
W0703 01:40:05.328781 11755 consensus_peers.cc:433] T aa3ae539f4c6418496bbb47ff00cb47e P ea5f6a64e88b44c58375146ddaaac0b5 -> Peer 655d2894f7d14417bffae7af9cca3733 (127.5.240.196:50417): Couldn't send request to peer 655d2894f7d14417bffae7af9cca3733 for tablet aa3ae539f4c6418496bbb47ff00cb47e. Status: Network error: Client connection negotiation failed: client connection to 127.5.240.196:50417: connect: Connection refused (error 111). Retrying in the next heartbeat period. Already tried 2 times.
I0703 01:40:05.441164 12301 master_service.cc:205] Got heartbeat from unknown tserver (permanent_uuid: "ea5f6a64e88b44c58375146ddaaac0b5" instance_seqno: 1530607202251974) as {username='jenkins'} at 127.5.240.194:33054; Asking this server to re-register.
I0703 01:40:05.441675 11865 heartbeater.cc:426] Registering TS with master...
I0703 01:40:05.441790 11865 heartbeater.cc:475] Master 127.5.240.254:45595 requested a full tablet report, sending...
I0703 01:40:05.442749 12301 ts_manager.cc:98] Registered new tserver with Master: ea5f6a64e88b44c58375146ddaaac0b5 (127.5.240.194:37351)
I0703 01:40:05.736788 11987 heartbeater.cc:346] Connected to a master server at 127.5.240.254:45595
I0703 01:40:05.737486 12301 master_service.cc:205] Got heartbeat from unknown tserver (permanent_uuid: "7e8e64942ea3471ab77a706b397f0c4f" instance_seqno: 1530607202689327) as {username='jenkins'} at 127.5.240.195:53825; Asking this server to re-register.
I0703 01:40:05.738152 11987 heartbeater.cc:426] Registering TS with master...
I0703 01:40:05.738270 11987 heartbeater.cc:475] Master 127.5.240.254:45595 requested a full tablet report, sending...
I0703 01:40:05.738984 12301 ts_manager.cc:98] Registered new tserver with Master: 7e8e64942ea3471ab77a706b397f0c4f (127.5.240.195:41189)
W0703 01:40:05.937243 11755 consensus_peers.cc:433] T aa3ae539f4c6418496bbb47ff00cb47e P ea5f6a64e88b44c58375146ddaaac0b5 -> Peer 655d2894f7d14417bffae7af9cca3733 (127.5.240.196:50417): Couldn't send request to peer 655d2894f7d14417bffae7af9cca3733 for tablet aa3ae539f4c6418496bbb47ff00cb47e. Status: Network error: Client connection negotiation failed: client connection to 127.5.240.196:50417: connect: Connection refused (error 111). Retrying in the next heartbeat period. Already tried 3 times.
W0703 01:40:06.378104 11755 consensus_peers.cc:433] T aa3ae539f4c6418496bbb47ff00cb47e P ea5f6a64e88b44c58375146ddaaac0b5 -> Peer 655d2894f7d14417bffae7af9cca3733 (127.5.240.196:50417): Couldn't send request to peer 655d2894f7d14417bffae7af9cca3733 for tablet aa3ae539f4c6418496bbb47ff00cb47e. Status: Network error: Client connection negotiation failed: client connection to 127.5.240.196:50417: connect: Connection refused (error 111). Retrying in the next heartbeat period. Already tried 4 times.
W0703 01:40:06.933826 11755 consensus_peers.cc:433] T aa3ae539f4c6418496bbb47ff00cb47e P ea5f6a64e88b44c58375146ddaaac0b5 -> Peer 655d2894f7d14417bffae7af9cca3733 (127.5.240.196:50417): Couldn't send request to peer 655d2894f7d14417bffae7af9cca3733 for tablet aa3ae539f4c6418496bbb47ff00cb47e. Status: Network error: Client connection negotiation failed: client connection to 127.5.240.196:50417: connect: Connection refused (error 111). Retrying in the next heartbeat period. Already tried 5 times.
I0703 01:40:06.984833 11742 heartbeater.cc:467] Master 127.5.240.254:45595 was elected leader, sending a full tablet report...
I0703 01:40:07.186273 11822 tablet_service.cc:1140] Received LeaderStepDown RPC: tablet_id: "aa3ae539f4c6418496bbb47ff00cb47e" dest_uuid: "ea5f6a64e88b44c58375146ddaaac0b5" from {username='jenkins'} at 127.5.240.194:53267
I0703 01:40:07.186455 11822 raft_consensus.cc:552] T aa3ae539f4c6418496bbb47ff00cb47e P ea5f6a64e88b44c58375146ddaaac0b5 [term 1 LEADER]: Received request to step down
I0703 01:40:07.186511 11822 raft_consensus.cc:628] T aa3ae539f4c6418496bbb47ff00cb47e P ea5f6a64e88b44c58375146ddaaac0b5 [term 1 LEADER]: Becoming Follower/Learner. State: Replica: ea5f6a64e88b44c58375146ddaaac0b5, State: Running, Role: LEADER
I0703 01:40:07.186764 11822 consensus_queue.cc:227] T aa3ae539f4c6418496bbb47ff00cb47e P ea5f6a64e88b44c58375146ddaaac0b5 [NON_LEADER]: Queue going to NON_LEADER mode. State: All replicated index: 0, Majority replicated index: 1, Committed index: 1, Last appended: 1.2, Last appended by leader: 2, Current term: 1, Majority size: -1, State: 0, Mode: NON_LEADER, active raft config: opid_index: 2 OBSOLETE_local: false peers { permanent_uuid: "655d2894f7d14417bffae7af9cca3733" member_type: VOTER last_known_addr { host: "127.5.240.196" port: 50417 } } peers { permanent_uuid: "ea5f6a64e88b44c58375146ddaaac0b5" member_type: VOTER last_known_addr { host: "127.5.240.194" port: 37351 } }
I0703 01:40:07.186882 11822 consensus_peers.cc:455] T aa3ae539f4c6418496bbb47ff00cb47e P ea5f6a64e88b44c58375146ddaaac0b5 -> Peer 655d2894f7d14417bffae7af9cca3733 (127.5.240.196:50417): Closing peer: 655d2894f7d14417bffae7af9cca3733
I0703 01:40:07.186975 11822 raft_consensus.cc:2730] T aa3ae539f4c6418496bbb47ff00cb47e P ea5f6a64e88b44c58375146ddaaac0b5: Snoozing failure detection for 3.000s (explicit stepdown request)
I0703 01:40:07.231736 6083 kudu-admin-test.cc:887] Change Config Op timed out, Sending a Replace config command when change config op is pending on the leader.
W0703 01:40:07.443881 12367 flags.cc:406] Enabled unsafe flag: --never_fsync=true
I0703 01:40:07.492658 11822 tablet_service.cc:1077] Received UnsafeChangeConfig RPC: dest_uuid: "ea5f6a64e88b44c58375146ddaaac0b5" tablet_id: "aa3ae539f4c6418496bbb47ff00cb47e" caller_id: "kudu-tools" new_config { peers { permanent_uuid: "ea5f6a64e88b44c58375146ddaaac0b5" } } from {username='jenkins'} at 127.5.240.194:53269
W0703 01:40:07.492888 11822 raft_consensus.cc:1918] T aa3ae539f4c6418496bbb47ff00cb47e P ea5f6a64e88b44c58375146ddaaac0b5 [term 1 FOLLOWER]: Replica has a pending config, but the new config will be unsafely changed anyway. Currently pending config on the node: opid_index: 2 OBSOLETE_local: false peers { permanent_uuid: "655d2894f7d14417bffae7af9cca3733" member_type: VOTER last_known_addr { host: "127.5.240.196" port: 50417 } } peers { permanent_uuid: "ea5f6a64e88b44c58375146ddaaac0b5" member_type: VOTER last_known_addr { host: "127.5.240.194" port: 37351 } }
W0703 01:40:07.493212 11822 raft_consensus.cc:2017] T aa3ae539f4c6418496bbb47ff00cb47e P ea5f6a64e88b44c58375146ddaaac0b5 [term 1 FOLLOWER]: PROCEEDING WITH UNSAFE CONFIG CHANGE ON THIS SERVER, COMMITTED CONFIG: opid_index: -1 OBSOLETE_local: false peers { permanent_uuid: "655d2894f7d14417bffae7af9cca3733" member_type: VOTER last_known_addr { host: "127.5.240.196" port: 50417 } } peers { permanent_uuid: "ea5f6a64e88b44c58375146ddaaac0b5" member_type: VOTER last_known_addr { host: "127.5.240.194" port: 37351 } } peers { permanent_uuid: "01a76da15ef14c80b66d2706c0978eb8" member_type: VOTER last_known_addr { host: "127.5.240.197" port: 43693 } }NEW CONFIG: opid_index: 3 OBSOLETE_local: false peers { permanent_uuid: "ea5f6a64e88b44c58375146ddaaac0b5" member_type: VOTER last_known_addr { host: "127.5.240.194" port: 37351 } } unsafe_config_change: true
I0703 01:40:07.493568 11822 raft_consensus.cc:2782] T aa3ae539f4c6418496bbb47ff00cb47e P ea5f6a64e88b44c58375146ddaaac0b5 [term 1 FOLLOWER]: Advancing to term 2
I0703 01:40:07.495733 11822 raft_consensus.cc:2849] T aa3ae539f4c6418496bbb47ff00cb47e P ea5f6a64e88b44c58375146ddaaac0b5 [term 2 FOLLOWER]: Allowing unsafe config change even though there is a pending config! Existing pending config: opid_index: 2 OBSOLETE_local: false peers { permanent_uuid: "655d2894f7d14417bffae7af9cca3733" member_type: VOTER last_known_addr { host: "127.5.240.196" port: 50417 } } peers { permanent_uuid: "ea5f6a64e88b44c58375146ddaaac0b5" member_type: VOTER last_known_addr { host: "127.5.240.194" port: 37351 } }; New pending config: opid_index: 3 OBSOLETE_local: false peers { permanent_uuid: "ea5f6a64e88b44c58375146ddaaac0b5" member_type: VOTER last_known_addr { host: "127.5.240.194" port: 37351 } } unsafe_config_change: true
I0703 01:40:08.996093 12384 raft_consensus.cc:457] T aa3ae539f4c6418496bbb47ff00cb47e P ea5f6a64e88b44c58375146ddaaac0b5 [term 2 FOLLOWER]: Starting pre-election (detected failure of leader kudu-tools)
I0703 01:40:08.996179 12384 raft_consensus.cc:2730] T aa3ae539f4c6418496bbb47ff00cb47e P ea5f6a64e88b44c58375146ddaaac0b5: Snoozing failure detection for 2.096s (starting election)
I0703 01:40:08.996281 12384 raft_consensus.cc:479] T aa3ae539f4c6418496bbb47ff00cb47e P ea5f6a64e88b44c58375146ddaaac0b5 [term 2 FOLLOWER]: Starting pre-election with config: opid_index: 3 OBSOLETE_local: false peers { permanent_uuid: "ea5f6a64e88b44c58375146ddaaac0b5" member_type: VOTER last_known_addr { host: "127.5.240.194" port: 37351 } } unsafe_config_change: true
I0703 01:40:08.996486 12384 leader_election.cc:270] T aa3ae539f4c6418496bbb47ff00cb47e P ea5f6a64e88b44c58375146ddaaac0b5 [CANDIDATE]: Term 3 pre-election: Election decided. Result: candidate won.
I0703 01:40:08.996863 12384 raft_consensus.cc:2730] T aa3ae539f4c6418496bbb47ff00cb47e P ea5f6a64e88b44c58375146ddaaac0b5: Snoozing failure detection for 2.221s (election complete)
I0703 01:40:08.996922 12384 raft_consensus.cc:2537] T aa3ae539f4c6418496bbb47ff00cb47e P ea5f6a64e88b44c58375146ddaaac0b5 [term 2 FOLLOWER]: Leader pre-election won for term 3
I0703 01:40:08.996976 12384 raft_consensus.cc:457] T aa3ae539f4c6418496bbb47ff00cb47e P ea5f6a64e88b44c58375146ddaaac0b5 [term 2 FOLLOWER]: Starting leader election (detected failure of leader kudu-tools)
I0703 01:40:08.997025 12384 raft_consensus.cc:2730] T aa3ae539f4c6418496bbb47ff00cb47e P ea5f6a64e88b44c58375146ddaaac0b5: Snoozing failure detection for 1.928s (starting election)
I0703 01:40:08.997105 12384 raft_consensus.cc:2782] T aa3ae539f4c6418496bbb47ff00cb47e P ea5f6a64e88b44c58375146ddaaac0b5 [term 2 FOLLOWER]: Advancing to term 3
I0703 01:40:08.998450 12384 raft_consensus.cc:479] T aa3ae539f4c6418496bbb47ff00cb47e P ea5f6a64e88b44c58375146ddaaac0b5 [term 3 FOLLOWER]: Starting leader election with config: opid_index: 3 OBSOLETE_local: false peers { permanent_uuid: "ea5f6a64e88b44c58375146ddaaac0b5" member_type: VOTER last_known_addr { host: "127.5.240.194" port: 37351 } } unsafe_config_change: true
I0703 01:40:08.998616 12384 leader_election.cc:270] T aa3ae539f4c6418496bbb47ff00cb47e P ea5f6a64e88b44c58375146ddaaac0b5 [CANDIDATE]: Term 3 election: Election decided. Result: candidate won.
I0703 01:40:08.998803 12385 raft_consensus.cc:2730] T aa3ae539f4c6418496bbb47ff00cb47e P ea5f6a64e88b44c58375146ddaaac0b5: Snoozing failure detection for 1.700s (election complete)
I0703 01:40:08.998867 12385 raft_consensus.cc:2537] T aa3ae539f4c6418496bbb47ff00cb47e P ea5f6a64e88b44c58375146ddaaac0b5 [term 3 FOLLOWER]: Leader election won for term 3
I0703 01:40:08.998944 12385 raft_consensus.cc:593] T aa3ae539f4c6418496bbb47ff00cb47e P ea5f6a64e88b44c58375146ddaaac0b5 [term 3 LEADER]: Becoming Leader. State: Replica: ea5f6a64e88b44c58375146ddaaac0b5, State: Running, Role: LEADER
I0703 01:40:08.999205 12385 consensus_queue.cc:204] T aa3ae539f4c6418496bbb47ff00cb47e P ea5f6a64e88b44c58375146ddaaac0b5 [LEADER]: Queue going to LEADER mode. State: All replicated index: 0, Majority replicated index: 1, Committed index: 1, Last appended: 2.3, Last appended by leader: 0, Current term: 3, Majority size: 1, State: 0, Mode: LEADER, active raft config: opid_index: 3 OBSOLETE_local: false peers { permanent_uuid: "ea5f6a64e88b44c58375146ddaaac0b5" member_type: VOTER last_known_addr { host: "127.5.240.194" port: 37351 } } unsafe_config_change: true
I0703 01:40:09.000326 12385 raft_consensus.cc:2684] T aa3ae539f4c6418496bbb47ff00cb47e P ea5f6a64e88b44c58375146ddaaac0b5 [term 3 LEADER]: Committing config change with OpId 1.2: config changed from index -1 to 2, VOTER 01a76da15ef14c80b66d2706c0978eb8 (127.5.240.197) evicted. New config: { opid_index: 2 OBSOLETE_local: false peers { permanent_uuid: "655d2894f7d14417bffae7af9cca3733" member_type: VOTER last_known_addr { host: "127.5.240.196" port: 50417 } } peers { permanent_uuid: "ea5f6a64e88b44c58375146ddaaac0b5" member_type: VOTER last_known_addr { host: "127.5.240.194" port: 37351 } } }
I0703 01:40:09.000710 12301 catalog_manager.cc:3798] T aa3ae539f4c6418496bbb47ff00cb47e P ea5f6a64e88b44c58375146ddaaac0b5 reported cstate change: term changed from 1 to 3, now has a pending config: VOTER ea5f6a64e88b44c58375146ddaaac0b5 (127.5.240.194). New cstate: current_term: 3 leader_uuid: "ea5f6a64e88b44c58375146ddaaac0b5" committed_config { opid_index: -1 OBSOLETE_local: false peers { permanent_uuid: "655d2894f7d14417bffae7af9cca3733" member_type: VOTER last_known_addr { host: "127.5.240.196" port: 50417 } } peers { permanent_uuid: "ea5f6a64e88b44c58375146ddaaac0b5" member_type: VOTER last_known_addr { host: "127.5.240.194" port: 37351 } health_report { overall_health: HEALTHY } } peers { permanent_uuid: "01a76da15ef14c80b66d2706c0978eb8" member_type: VOTER last_known_addr { host: "127.5.240.197" port: 43693 } } } pending_config { opid_index: 3 OBSOLETE_local: false peers { permanent_uuid: "ea5f6a64e88b44c58375146ddaaac0b5" member_type: VOTER last_known_addr { host: "127.5.240.194" port: 37351 } } unsafe_config_change: true }
W0703 01:40:09.002589 12385 rpcz_store.cc:251] Call kudu.consensus.ConsensusService.ChangeConfig from 127.5.240.194:53265 (request call id 35) took 4086ms (client timeout 2000).
W0703 01:40:09.003171 12385 rpcz_store.cc:255] Trace: 0703 01:40:04.916338 (+ 0us) service_pool.cc:162] Inserting onto call queue 0703 01:40:04.916394 (+ 56us) service_pool.cc:221] Handling call 0703 01:40:04.918006 (+ 1612us) log.cc:587] Serialized 379 byte log entry 0703 01:40:09.002509 (+4084503us) inbound_call.cc:162] Queueing success response Metrics: {"dns_us":61,"raft.queue_time_us":58,"raft.run_cpu_time_us":146,"raft.run_wall_time_us":146}
I0703 01:40:09.003438 12385 raft_consensus.cc:2684] T aa3ae539f4c6418496bbb47ff00cb47e P ea5f6a64e88b44c58375146ddaaac0b5 [term 3 LEADER]: Committing config change with OpId 2.3: config changed from index -1 to 3, VOTER 01a76da15ef14c80b66d2706c0978eb8 (127.5.240.197) evicted, VOTER 655d2894f7d14417bffae7af9cca3733 (127.5.240.196) evicted. New config: { opid_index: 3 OBSOLETE_local: false peers { permanent_uuid: "ea5f6a64e88b44c58375146ddaaac0b5" member_type: VOTER last_known_addr { host: "127.5.240.194" port: 37351 } } unsafe_config_change: true }
I0703 01:40:09.009483 12301 catalog_manager.cc:3798] T aa3ae539f4c6418496bbb47ff00cb47e P ea5f6a64e88b44c58375146ddaaac0b5 reported cstate change: config changed from index -1 to 3, VOTER 01a76da15ef14c80b66d2706c0978eb8 (127.5.240.197) evicted, VOTER 655d2894f7d14417bffae7af9cca3733 (127.5.240.196) evicted, no longer has a pending config: VOTER ea5f6a64e88b44c58375146ddaaac0b5 (127.5.240.194). New cstate: current_term: 3 leader_uuid: "ea5f6a64e88b44c58375146ddaaac0b5" committed_config { opid_index: 3 OBSOLETE_local: false peers { permanent_uuid: "ea5f6a64e88b44c58375146ddaaac0b5" member_type: VOTER last_known_addr { host: "127.5.240.194" port: 37351 } health_report { overall_health: HEALTHY } } unsafe_config_change: true }
I0703 01:40:09.011432 12301 catalog_manager.cc:2903] Scheduling retry of aa3ae539f4c6418496bbb47ff00cb47e Delete Tablet RPC for TS=655d2894f7d14417bffae7af9cca3733 with a delay of 26 ms (attempt = 1)
W0703 01:40:09.011535 12301 catalog_manager.cc:3957] Failed to send aa3ae539f4c6418496bbb47ff00cb47e Delete Tablet RPC for TS=655d2894f7d14417bffae7af9cca3733: Not found: failed to reset TS proxy: Could not find TS for UUID 655d2894f7d14417bffae7af9cca3733
I0703 01:40:09.011662 12301 catalog_manager.cc:2903] Scheduling retry of aa3ae539f4c6418496bbb47ff00cb47e Delete Tablet RPC for TS=01a76da15ef14c80b66d2706c0978eb8 with a delay of 21 ms (attempt = 1)
W0703 01:40:09.011718 12301 catalog_manager.cc:3957] Failed to send aa3ae539f4c6418496bbb47ff00cb47e Delete Tablet RPC for TS=01a76da15ef14c80b66d2706c0978eb8: Not found: failed to reset TS proxy: Could not find TS for UUID 01a76da15ef14c80b66d2706c0978eb8
I0703 01:40:09.012073 12301 catalog_manager.cc:3437] Sending ChangeConfig:ADD_PEER:NON_VOTER on tablet aa3ae539f4c6418496bbb47ff00cb47e (attempt 1)
I0703 01:40:09.017705 11822 consensus_queue.cc:204] T aa3ae539f4c6418496bbb47ff00cb47e P ea5f6a64e88b44c58375146ddaaac0b5 [LEADER]: Queue going to LEADER mode. State: All replicated index: 0, Majority replicated index: 4, Committed index: 4, Last appended: 3.4, Last appended by leader: 0, Current term: 3, Majority size: 1, State: 0, Mode: LEADER, active raft config: opid_index: 5 OBSOLETE_local: false peers { permanent_uuid: "ea5f6a64e88b44c58375146ddaaac0b5" member_type: VOTER last_known_addr { host: "127.5.240.194" port: 37351 } } peers { permanent_uuid: "7e8e64942ea3471ab77a706b397f0c4f" member_type: NON_VOTER last_known_addr { host: "127.5.240.195" port: 41189 } attrs { promote: true } } unsafe_config_change: true
I0703 01:40:09.018522 12384 raft_consensus.cc:2684] T aa3ae539f4c6418496bbb47ff00cb47e P ea5f6a64e88b44c58375146ddaaac0b5 [term 3 LEADER]: Committing config change with OpId 3.5: config changed from index 3 to 5, NON_VOTER 7e8e64942ea3471ab77a706b397f0c4f (127.5.240.195) added. New config: { opid_index: 5 OBSOLETE_local: false peers { permanent_uuid: "ea5f6a64e88b44c58375146ddaaac0b5" member_type: VOTER last_known_addr { host: "127.5.240.194" port: 37351 } } peers { permanent_uuid: "7e8e64942ea3471ab77a706b397f0c4f" member_type: NON_VOTER last_known_addr { host: "127.5.240.195" port: 41189 } attrs { promote: true } } unsafe_config_change: true }
I0703 01:40:09.021234 12283 catalog_manager.cc:3352] ChangeConfig:ADD_PEER:NON_VOTER RPC for tablet aa3ae539f4c6418496bbb47ff00cb47e with cas_config_opid_index 3: ChangeConfig:ADD_PEER:NON_VOTER succeeded (attempt 1)
I0703 01:40:09.021977 12301 catalog_manager.cc:3798] T aa3ae539f4c6418496bbb47ff00cb47e P ea5f6a64e88b44c58375146ddaaac0b5 reported cstate change: config changed from index 3 to 5, NON_VOTER 7e8e64942ea3471ab77a706b397f0c4f (127.5.240.195) added. New cstate: current_term: 3 leader_uuid: "ea5f6a64e88b44c58375146ddaaac0b5" committed_config { opid_index: 5 OBSOLETE_local: false peers { permanent_uuid: "ea5f6a64e88b44c58375146ddaaac0b5" member_type: VOTER last_known_addr { host: "127.5.240.194" port: 37351 } health_report { overall_health: HEALTHY } } peers { permanent_uuid: "7e8e64942ea3471ab77a706b397f0c4f" member_type: NON_VOTER last_known_addr { host: "127.5.240.195" port: 41189 } attrs { promote: true } health_report { overall_health: UNKNOWN } } unsafe_config_change: true }
I0703 01:40:09.024096 12301 catalog_manager.cc:3437] Sending ChangeConfig:ADD_PEER:NON_VOTER on tablet aa3ae539f4c6418496bbb47ff00cb47e (attempt 1)
I0703 01:40:09.024888 11822 consensus_peers.cc:455] T aa3ae539f4c6418496bbb47ff00cb47e P ea5f6a64e88b44c58375146ddaaac0b5 -> Peer 7e8e64942ea3471ab77a706b397f0c4f (127.5.240.195:41189): Closing peer: 7e8e64942ea3471ab77a706b397f0c4f
