I0703 01:40:32.235374 15134 tablet_service.cc:995] Received RequestConsensusVote() RPC: tablet_id: "0774fd0e7d654eacb8328db7fb72970e" candidate_uuid: "218e9285385744f780c07feed8487b2c" candidate_term: 1 candidate_status { last_received { term: 0 index: 0 } } ignore_live_leader: false dest_uuid: "b67d8eb488ac4415a88e177011adb79c" is_pre_election: true
I0703 01:40:32.236085 15134 raft_consensus.cc:2730] T 0774fd0e7d654eacb8328db7fb72970e P b67d8eb488ac4415a88e177011adb79c: Snoozing failure detection for 2.025s (vote granted)
I0703 01:40:32.236183 15134 raft_consensus.cc:2243] T 0774fd0e7d654eacb8328db7fb72970e P b67d8eb488ac4415a88e177011adb79c [term 0 FOLLOWER]: Leader pre-election vote request: Granting yes vote for candidate 218e9285385744f780c07feed8487b2c in term 0.
I0703 01:40:32.236779 15188 leader_election.cc:379] T 0774fd0e7d654eacb8328db7fb72970e P 218e9285385744f780c07feed8487b2c [CANDIDATE]: Term 1 pre-election: Vote granted by peer b67d8eb488ac4415a88e177011adb79c (127.5.240.194:60801)
I0703 01:40:32.237134 15324 raft_consensus.cc:479] T 0774fd0e7d654eacb8328db7fb72970e P 218e9285385744f780c07feed8487b2c [term 1 FOLLOWER]: Starting leader election with config: opid_index: -1 OBSOLETE_local: false peers { permanent_uuid: "b67d8eb488ac4415a88e177011adb79c" member_type: VOTER last_known_addr { host: "127.5.240.194" port: 60801 } } peers { permanent_uuid: "218e9285385744f780c07feed8487b2c" member_type: VOTER last_known_addr { host: "127.5.240.195" port: 54289 } } peers { permanent_uuid: "4cbf0a90d2564e67bcd791d9791ca759" member_type: VOTER last_known_addr { host: "127.5.240.193" port: 41919 } }
I0703 01:40:32.237537 15324 leader_election.cc:243] T 0774fd0e7d654eacb8328db7fb72970e P 218e9285385744f780c07feed8487b2c [CANDIDATE]: Term 1 election: Requesting vote from peer b67d8eb488ac4415a88e177011adb79c (127.5.240.194:60801)
I0703 01:40:32.237720 15324 leader_election.cc:243] T 0774fd0e7d654eacb8328db7fb72970e P 218e9285385744f780c07feed8487b2c [CANDIDATE]: Term 1 election: Requesting vote from peer 4cbf0a90d2564e67bcd791d9791ca759 (127.5.240.193:41919)
I0703 01:40:32.238245 15134 tablet_service.cc:995] Received RequestConsensusVote() RPC: tablet_id: "0774fd0e7d654eacb8328db7fb72970e" candidate_uuid: "218e9285385744f780c07feed8487b2c" candidate_term: 1 candidate_status { last_received { term: 0 index: 0 } } ignore_live_leader: false dest_uuid: "b67d8eb488ac4415a88e177011adb79c"
I0703 01:40:32.238354 15134 raft_consensus.cc:2782] T 0774fd0e7d654eacb8328db7fb72970e P b67d8eb488ac4415a88e177011adb79c [term 0 FOLLOWER]: Advancing to term 1
I0703 01:40:32.238392 15011 tablet_service.cc:995] Received RequestConsensusVote() RPC: tablet_id: "0774fd0e7d654eacb8328db7fb72970e" candidate_uuid: "218e9285385744f780c07feed8487b2c" candidate_term: 1 candidate_status { last_received { term: 0 index: 0 } } ignore_live_leader: false dest_uuid: "4cbf0a90d2564e67bcd791d9791ca759"
I0703 01:40:32.238442 15134 raft_consensus.cc:2730] T 0774fd0e7d654eacb8328db7fb72970e P b67d8eb488ac4415a88e177011adb79c: Snoozing failure detection for 1.810s (vote granted)
I0703 01:40:32.238515 15011 raft_consensus.cc:2782] T 0774fd0e7d654eacb8328db7fb72970e P 4cbf0a90d2564e67bcd791d9791ca759 [term 0 FOLLOWER]: Advancing to term 1
I0703 01:40:32.238610 15011 raft_consensus.cc:2730] T 0774fd0e7d654eacb8328db7fb72970e P 4cbf0a90d2564e67bcd791d9791ca759: Snoozing failure detection for 1.693s (vote granted)
I0703 01:40:32.239812 15134 raft_consensus.cc:2243] T 0774fd0e7d654eacb8328db7fb72970e P b67d8eb488ac4415a88e177011adb79c [term 1 FOLLOWER]: Leader election vote request: Granting yes vote for candidate 218e9285385744f780c07feed8487b2c in term 1.
I0703 01:40:32.239964 15011 raft_consensus.cc:2243] T 0774fd0e7d654eacb8328db7fb72970e P 4cbf0a90d2564e67bcd791d9791ca759 [term 1 FOLLOWER]: Leader election vote request: Granting yes vote for candidate 218e9285385744f780c07feed8487b2c in term 1.
I0703 01:40:32.240226 15188 leader_election.cc:379] T 0774fd0e7d654eacb8328db7fb72970e P 218e9285385744f780c07feed8487b2c [CANDIDATE]: Term 1 election: Vote granted by peer b67d8eb488ac4415a88e177011adb79c (127.5.240.194:60801)
I0703 01:40:32.240326 15188 leader_election.cc:270] T 0774fd0e7d654eacb8328db7fb72970e P 218e9285385744f780c07feed8487b2c [CANDIDATE]: Term 1 election: Election decided. Result: candidate won.
I0703 01:40:32.240425 15190 leader_election.cc:379] T 0774fd0e7d654eacb8328db7fb72970e P 218e9285385744f780c07feed8487b2c [CANDIDATE]: Term 1 election: Vote granted by peer 4cbf0a90d2564e67bcd791d9791ca759 (127.5.240.193:41919)
I0703 01:40:32.240531 15324 raft_consensus.cc:2730] T 0774fd0e7d654eacb8328db7fb72970e P 218e9285385744f780c07feed8487b2c: Snoozing failure detection for 1.680s (election complete)
I0703 01:40:32.240634 15324 raft_consensus.cc:2537] T 0774fd0e7d654eacb8328db7fb72970e P 218e9285385744f780c07feed8487b2c [term 1 FOLLOWER]: Leader election won for term 1
I0703 01:40:32.241528 15324 raft_consensus.cc:593] T 0774fd0e7d654eacb8328db7fb72970e P 218e9285385744f780c07feed8487b2c [term 1 LEADER]: Becoming Leader. State: Replica: 218e9285385744f780c07feed8487b2c, State: Running, Role: LEADER
I0703 01:40:32.241997 15324 consensus_queue.cc:204] T 0774fd0e7d654eacb8328db7fb72970e P 218e9285385744f780c07feed8487b2c [LEADER]: Queue going to LEADER mode. State: All replicated index: 0, Majority replicated index: 0, Committed index: 0, Last appended: 0.0, Last appended by leader: 0, Current term: 1, Majority size: 2, State: 0, Mode: LEADER, active raft config: opid_index: -1 OBSOLETE_local: false peers { permanent_uuid: "b67d8eb488ac4415a88e177011adb79c" member_type: VOTER last_known_addr { host: "127.5.240.194" port: 60801 } } peers { permanent_uuid: "218e9285385744f780c07feed8487b2c" member_type: VOTER last_known_addr { host: "127.5.240.195" port: 54289 } } peers { permanent_uuid: "4cbf0a90d2564e67bcd791d9791ca759" member_type: VOTER last_known_addr { host: "127.5.240.193" port: 41919 } }
I0703 01:40:32.245771 14891 catalog_manager.cc:3798] T 0774fd0e7d654eacb8328db7fb72970e P 218e9285385744f780c07feed8487b2c reported cstate change: term changed from 0 to 1, leader changed from to 218e9285385744f780c07feed8487b2c (127.5.240.195). New cstate: current_term: 1 leader_uuid: "218e9285385744f780c07feed8487b2c" committed_config { opid_index: -1 OBSOLETE_local: false peers { permanent_uuid: "b67d8eb488ac4415a88e177011adb79c" member_type: VOTER last_known_addr { host: "127.5.240.194" port: 60801 } health_report { overall_health: UNKNOWN } } peers { permanent_uuid: "218e9285385744f780c07feed8487b2c" member_type: VOTER last_known_addr { host: "127.5.240.195" port: 54289 } health_report { overall_health: HEALTHY } } peers { permanent_uuid: "4cbf0a90d2564e67bcd791d9791ca759" member_type: VOTER last_known_addr { host: "127.5.240.193" port: 41919 } health_report { overall_health: UNKNOWN } } }
I0703 01:40:32.258565 6083 external_mini_cluster.cc:490] 3 TS(s) registered with all masters
I0703 01:40:32.259632 6083 ts_itest-base.cc:233] Waiting for 1 tablets on tserver 4cbf0a90d2564e67bcd791d9791ca759 to finish bootstrapping
I0703 01:40:32.264075 6083 ts_itest-base.cc:233] Waiting for 1 tablets on tserver b67d8eb488ac4415a88e177011adb79c to finish bootstrapping
I0703 01:40:32.269183 6083 ts_itest-base.cc:233] Waiting for 1 tablets on tserver 218e9285385744f780c07feed8487b2c to finish bootstrapping
W0703 01:40:32.288578 15178 tablet.cc:1678] T 0774fd0e7d654eacb8328db7fb72970e P b67d8eb488ac4415a88e177011adb79c: Can't schedule compaction. Clean time has not been advanced past its initial value.
W0703 01:40:32.358160 15300 tablet.cc:1678] T 0774fd0e7d654eacb8328db7fb72970e P 218e9285385744f780c07feed8487b2c: Can't schedule compaction. Clean time has not been advanced past its initial value.
I0703 01:40:32.553088 15256 tablet_service.cc:1140] Received LeaderStepDown RPC: tablet_id: "0774fd0e7d654eacb8328db7fb72970e" dest_uuid: "218e9285385744f780c07feed8487b2c" from {username='jenkins'} at 127.5.240.195:58495
I0703 01:40:32.553298 15256 raft_consensus.cc:552] T 0774fd0e7d654eacb8328db7fb72970e P 218e9285385744f780c07feed8487b2c [term 1 LEADER]: Received request to step down
I0703 01:40:32.553354 15256 raft_consensus.cc:628] T 0774fd0e7d654eacb8328db7fb72970e P 218e9285385744f780c07feed8487b2c [term 1 LEADER]: Becoming Follower/Learner. State: Replica: 218e9285385744f780c07feed8487b2c, State: Running, Role: LEADER
I0703 01:40:32.553603 15256 consensus_queue.cc:227] T 0774fd0e7d654eacb8328db7fb72970e P 218e9285385744f780c07feed8487b2c [NON_LEADER]: Queue going to NON_LEADER mode. State: All replicated index: 0, Majority replicated index: 0, Committed index: 0, Last appended: 1.1, Last appended by leader: 1, Current term: 1, Majority size: -1, State: 0, Mode: NON_LEADER, active raft config: opid_index: -1 OBSOLETE_local: false peers { permanent_uuid: "b67d8eb488ac4415a88e177011adb79c" member_type: VOTER last_known_addr { host: "127.5.240.194" port: 60801 } } peers { permanent_uuid: "218e9285385744f780c07feed8487b2c" member_type: VOTER last_known_addr { host: "127.5.240.195" port: 54289 } } peers { permanent_uuid: "4cbf0a90d2564e67bcd791d9791ca759" member_type: VOTER last_known_addr { host: "127.5.240.193" port: 41919 } }
I0703 01:40:32.553782 15256 consensus_peers.cc:455] T 0774fd0e7d654eacb8328db7fb72970e P 218e9285385744f780c07feed8487b2c -> Peer 4cbf0a90d2564e67bcd791d9791ca759 (127.5.240.193:41919): Closing peer: 4cbf0a90d2564e67bcd791d9791ca759
I0703 01:40:32.553853 15256 consensus_peers.cc:455] T 0774fd0e7d654eacb8328db7fb72970e P 218e9285385744f780c07feed8487b2c -> Peer b67d8eb488ac4415a88e177011adb79c (127.5.240.194:60801): Closing peer: b67d8eb488ac4415a88e177011adb79c
I0703 01:40:32.554028 15256 raft_consensus.cc:2730] T 0774fd0e7d654eacb8328db7fb72970e P 218e9285385744f780c07feed8487b2c: Snoozing failure detection for 3.000s (explicit stepdown request)
I0703 01:40:33.933750 15344 raft_consensus.cc:457] T 0774fd0e7d654eacb8328db7fb72970e P 4cbf0a90d2564e67bcd791d9791ca759 [term 1 FOLLOWER]: Starting pre-election (no leader contacted us within the election timeout)
I0703 01:40:33.933828 15344 raft_consensus.cc:2730] T 0774fd0e7d654eacb8328db7fb72970e P 4cbf0a90d2564e67bcd791d9791ca759: Snoozing failure detection for 1.751s (starting election)
I0703 01:40:33.933904 15344 raft_consensus.cc:479] T 0774fd0e7d654eacb8328db7fb72970e P 4cbf0a90d2564e67bcd791d9791ca759 [term 1 FOLLOWER]: Starting pre-election with config: opid_index: -1 OBSOLETE_local: false peers { permanent_uuid: "b67d8eb488ac4415a88e177011adb79c" member_type: VOTER last_known_addr { host: "127.5.240.194" port: 60801 } } peers { permanent_uuid: "218e9285385744f780c07feed8487b2c" member_type: VOTER last_known_addr { host: "127.5.240.195" port: 54289 } } peers { permanent_uuid: "4cbf0a90d2564e67bcd791d9791ca759" member_type: VOTER last_known_addr { host: "127.5.240.193" port: 41919 } }
I0703 01:40:33.934605 15344 leader_election.cc:243] T 0774fd0e7d654eacb8328db7fb72970e P 4cbf0a90d2564e67bcd791d9791ca759 [CANDIDATE]: Term 2 pre-election: Requesting pre-vote from peer b67d8eb488ac4415a88e177011adb79c (127.5.240.194:60801)
I0703 01:40:33.934897 15344 leader_election.cc:243] T 0774fd0e7d654eacb8328db7fb72970e P 4cbf0a90d2564e67bcd791d9791ca759 [CANDIDATE]: Term 2 pre-election: Requesting pre-vote from peer 218e9285385744f780c07feed8487b2c (127.5.240.195:54289)
I0703 01:40:33.940758 15134 tablet_service.cc:995] Received RequestConsensusVote() RPC: tablet_id: "0774fd0e7d654eacb8328db7fb72970e" candidate_uuid: "4cbf0a90d2564e67bcd791d9791ca759" candidate_term: 2 candidate_status { last_received { term: 0 index: 0 } } ignore_live_leader: false dest_uuid: "b67d8eb488ac4415a88e177011adb79c" is_pre_election: true
I0703 01:40:33.940943 15134 raft_consensus.cc:2730] T 0774fd0e7d654eacb8328db7fb72970e P b67d8eb488ac4415a88e177011adb79c: Snoozing failure detection for 1.760s (vote granted)
I0703 01:40:33.941002 15134 raft_consensus.cc:2243] T 0774fd0e7d654eacb8328db7fb72970e P b67d8eb488ac4415a88e177011adb79c [term 1 FOLLOWER]: Leader pre-election vote request: Granting yes vote for candidate 4cbf0a90d2564e67bcd791d9791ca759 in term 1.
I0703 01:40:33.941305 15256 tablet_service.cc:995] Received RequestConsensusVote() RPC: tablet_id: "0774fd0e7d654eacb8328db7fb72970e" candidate_uuid: "4cbf0a90d2564e67bcd791d9791ca759" candidate_term: 2 candidate_status { last_received { term: 0 index: 0 } } ignore_live_leader: false dest_uuid: "218e9285385744f780c07feed8487b2c" is_pre_election: true
I0703 01:40:33.941537 14943 leader_election.cc:379] T 0774fd0e7d654eacb8328db7fb72970e P 4cbf0a90d2564e67bcd791d9791ca759 [CANDIDATE]: Term 2 pre-election: Vote granted by peer b67d8eb488ac4415a88e177011adb79c (127.5.240.194:60801)
I0703 01:40:33.941622 15256 raft_consensus.cc:2190] T 0774fd0e7d654eacb8328db7fb72970e P 218e9285385744f780c07feed8487b2c [term 1 FOLLOWER]: Leader pre-election vote request: Denying vote to candidate 4cbf0a90d2564e67bcd791d9791ca759 for term 2 because replica has last-logged OpId of term: 1 index: 1, which is greater than that of the candidate, which has last-logged OpId of term: 0 index: 0.
I0703 01:40:33.941639 14943 leader_election.cc:270] T 0774fd0e7d654eacb8328db7fb72970e P 4cbf0a90d2564e67bcd791d9791ca759 [CANDIDATE]: Term 2 pre-election: Election decided. Result: candidate won.
I0703 01:40:33.941910 15344 raft_consensus.cc:2730] T 0774fd0e7d654eacb8328db7fb72970e P 4cbf0a90d2564e67bcd791d9791ca759: Snoozing failure detection for 1.862s (election complete)
I0703 01:40:33.941967 15344 raft_consensus.cc:2537] T 0774fd0e7d654eacb8328db7fb72970e P 4cbf0a90d2564e67bcd791d9791ca759 [term 1 FOLLOWER]: Leader pre-election won for term 2
I0703 01:40:33.942018 15344 raft_consensus.cc:457] T 0774fd0e7d654eacb8328db7fb72970e P 4cbf0a90d2564e67bcd791d9791ca759 [term 1 FOLLOWER]: Starting leader election (no leader contacted us within the election timeout)
I0703 01:40:33.942080 15344 raft_consensus.cc:2730] T 0774fd0e7d654eacb8328db7fb72970e P 4cbf0a90d2564e67bcd791d9791ca759: Snoozing failure detection for 1.717s (starting election)
I0703 01:40:33.942196 15344 raft_consensus.cc:2782] T 0774fd0e7d654eacb8328db7fb72970e P 4cbf0a90d2564e67bcd791d9791ca759 [term 1 FOLLOWER]: Advancing to term 2
I0703 01:40:33.942481 14944 leader_election.cc:393] T 0774fd0e7d654eacb8328db7fb72970e P 4cbf0a90d2564e67bcd791d9791ca759 [CANDIDATE]: Term 2 pre-election: Vote denied by peer 218e9285385744f780c07feed8487b2c (127.5.240.195:54289). Message: Invalid argument: T 0774fd0e7d654eacb8328db7fb72970e P 218e9285385744f780c07feed8487b2c [term 1 FOLLOWER]: Leader pre-election vote request: Denying vote to candidate 4cbf0a90d2564e67bcd791d9791ca759 for term 2 because replica has last-logged OpId of term: 1 index: 1, which is greater than that of the candidate, which has last-logged OpId of term: 0 index: 0.
I0703 01:40:33.943929 15344 raft_consensus.cc:479] T 0774fd0e7d654eacb8328db7fb72970e P 4cbf0a90d2564e67bcd791d9791ca759 [term 2 FOLLOWER]: Starting leader election with config: opid_index: -1 OBSOLETE_local: false peers { permanent_uuid: "b67d8eb488ac4415a88e177011adb79c" member_type: VOTER last_known_addr { host: "127.5.240.194" port: 60801 } } peers { permanent_uuid: "218e9285385744f780c07feed8487b2c" member_type: VOTER last_known_addr { host: "127.5.240.195" port: 54289 } } peers { permanent_uuid: "4cbf0a90d2564e67bcd791d9791ca759" member_type: VOTER last_known_addr { host: "127.5.240.193" port: 41919 } }
I0703 01:40:33.944267 15344 leader_election.cc:243] T 0774fd0e7d654eacb8328db7fb72970e P 4cbf0a90d2564e67bcd791d9791ca759 [CANDIDATE]: Term 2 election: Requesting vote from peer b67d8eb488ac4415a88e177011adb79c (127.5.240.194:60801)
I0703 01:40:33.944425 15344 leader_election.cc:243] T 0774fd0e7d654eacb8328db7fb72970e P 4cbf0a90d2564e67bcd791d9791ca759 [CANDIDATE]: Term 2 election: Requesting vote from peer 218e9285385744f780c07feed8487b2c (127.5.240.195:54289)
I0703 01:40:33.944916 15134 tablet_service.cc:995] Received RequestConsensusVote() RPC: tablet_id: "0774fd0e7d654eacb8328db7fb72970e" candidate_uuid: "4cbf0a90d2564e67bcd791d9791ca759" candidate_term: 2 candidate_status { last_received { term: 0 index: 0 } } ignore_live_leader: false dest_uuid: "b67d8eb488ac4415a88e177011adb79c"
I0703 01:40:33.945030 15134 raft_consensus.cc:2782] T 0774fd0e7d654eacb8328db7fb72970e P b67d8eb488ac4415a88e177011adb79c [term 1 FOLLOWER]: Advancing to term 2
I0703 01:40:33.945047 15256 tablet_service.cc:995] Received RequestConsensusVote() RPC: tablet_id: "0774fd0e7d654eacb8328db7fb72970e" candidate_uuid: "4cbf0a90d2564e67bcd791d9791ca759" candidate_term: 2 candidate_status { last_received { term: 0 index: 0 } } ignore_live_leader: false dest_uuid: "218e9285385744f780c07feed8487b2c"
I0703 01:40:33.945134 15134 raft_consensus.cc:2730] T 0774fd0e7d654eacb8328db7fb72970e P b67d8eb488ac4415a88e177011adb79c: Snoozing failure detection for 1.984s (vote granted)
I0703 01:40:33.945152 15256 raft_consensus.cc:2782] T 0774fd0e7d654eacb8328db7fb72970e P 218e9285385744f780c07feed8487b2c [term 1 FOLLOWER]: Advancing to term 2
I0703 01:40:33.946419 15134 raft_consensus.cc:2243] T 0774fd0e7d654eacb8328db7fb72970e P b67d8eb488ac4415a88e177011adb79c [term 2 FOLLOWER]: Leader election vote request: Granting yes vote for candidate 4cbf0a90d2564e67bcd791d9791ca759 in term 2.
I0703 01:40:33.946501 15256 raft_consensus.cc:2190] T 0774fd0e7d654eacb8328db7fb72970e P 218e9285385744f780c07feed8487b2c [term 2 FOLLOWER]: Leader election vote request: Denying vote to candidate 4cbf0a90d2564e67bcd791d9791ca759 for term 2 because replica has last-logged OpId of term: 1 index: 1, which is greater than that of the candidate, which has last-logged OpId of term: 0 index: 0.
I0703 01:40:33.946894 14943 leader_election.cc:379] T 0774fd0e7d654eacb8328db7fb72970e P 4cbf0a90d2564e67bcd791d9791ca759 [CANDIDATE]: Term 2 election: Vote granted by peer b67d8eb488ac4415a88e177011adb79c (127.5.240.194:60801)
I0703 01:40:33.946975 14944 leader_election.cc:393] T 0774fd0e7d654eacb8328db7fb72970e P 4cbf0a90d2564e67bcd791d9791ca759 [CANDIDATE]: Term 2 election: Vote denied by peer 218e9285385744f780c07feed8487b2c (127.5.240.195:54289). Message: Invalid argument: T 0774fd0e7d654eacb8328db7fb72970e P 218e9285385744f780c07feed8487b2c [term 2 FOLLOWER]: Leader election vote request: Denying vote to candidate 4cbf0a90d2564e67bcd791d9791ca759 for term 2 because replica has last-logged OpId of term: 1 index: 1, which is greater than that of the candidate, which has last-logged OpId of term: 0 index: 0.
I0703 01:40:33.947046 14944 leader_election.cc:270] T 0774fd0e7d654eacb8328db7fb72970e P 4cbf0a90d2564e67bcd791d9791ca759 [CANDIDATE]: Term 2 election: Election decided. Result: candidate won.
I0703 01:40:33.947229 15344 raft_consensus.cc:2730] T 0774fd0e7d654eacb8328db7fb72970e P 4cbf0a90d2564e67bcd791d9791ca759: Snoozing failure detection for 1.798s (election complete)
I0703 01:40:33.947316 15344 raft_consensus.cc:2537] T 0774fd0e7d654eacb8328db7fb72970e P 4cbf0a90d2564e67bcd791d9791ca759 [term 2 FOLLOWER]: Leader election won for term 2
I0703 01:40:33.947731 15344 raft_consensus.cc:593] T 0774fd0e7d654eacb8328db7fb72970e P 4cbf0a90d2564e67bcd791d9791ca759 [term 2 LEADER]: Becoming Leader. State: Replica: 4cbf0a90d2564e67bcd791d9791ca759, State: Running, Role: LEADER
I0703 01:40:33.948107 15344 consensus_queue.cc:204] T 0774fd0e7d654eacb8328db7fb72970e P 4cbf0a90d2564e67bcd791d9791ca759 [LEADER]: Queue going to LEADER mode. State: All replicated index: 0, Majority replicated index: 0, Committed index: 0, Last appended: 0.0, Last appended by leader: 0, Current term: 2, Majority size: 2, State: 0, Mode: LEADER, active raft config: opid_index: -1 OBSOLETE_local: false peers { permanent_uuid: "b67d8eb488ac4415a88e177011adb79c" member_type: VOTER last_known_addr { host: "127.5.240.194" port: 60801 } } peers { permanent_uuid: "218e9285385744f780c07feed8487b2c" member_type: VOTER last_known_addr { host: "127.5.240.195" port: 54289 } } peers { permanent_uuid: "4cbf0a90d2564e67bcd791d9791ca759" member_type: VOTER last_known_addr { host: "127.5.240.193" port: 41919 } }
I0703 01:40:33.951865 14891 catalog_manager.cc:3798] T 0774fd0e7d654eacb8328db7fb72970e P 4cbf0a90d2564e67bcd791d9791ca759 reported cstate change: term changed from 1 to 2, leader changed from 218e9285385744f780c07feed8487b2c (127.5.240.195) to 4cbf0a90d2564e67bcd791d9791ca759 (127.5.240.193). New cstate: current_term: 2 leader_uuid: "4cbf0a90d2564e67bcd791d9791ca759" committed_config { opid_index: -1 OBSOLETE_local: false peers { permanent_uuid: "b67d8eb488ac4415a88e177011adb79c" member_type: VOTER last_known_addr { host: "127.5.240.194" port: 60801 } health_report { overall_health: UNKNOWN } } peers { permanent_uuid: "218e9285385744f780c07feed8487b2c" member_type: VOTER last_known_addr { host: "127.5.240.195" port: 54289 } health_report { overall_health: UNKNOWN } } peers { permanent_uuid: "4cbf0a90d2564e67bcd791d9791ca759" member_type: VOTER last_known_addr { host: "127.5.240.193" port: 41919 } health_report { overall_health: HEALTHY } } }
I0703 01:40:34.418674 15134 raft_consensus.cc:1081] T 0774fd0e7d654eacb8328db7fb72970e P b67d8eb488ac4415a88e177011adb79c [term 2 FOLLOWER]: Refusing update from remote peer 4cbf0a90d2564e67bcd791d9791ca759: Log matching property violated. Preceding OpId in replica: term: 0 index: 0. Preceding OpId from leader: term: 2 index: 1. (index mismatch)
I0703 01:40:34.419435 15344 consensus_queue.cc:962] T 0774fd0e7d654eacb8328db7fb72970e P 4cbf0a90d2564e67bcd791d9791ca759 [LEADER]: Connected to new peer: Peer: permanent_uuid: "b67d8eb488ac4415a88e177011adb79c" member_type: VOTER last_known_addr { host: "127.5.240.194" port: 60801 }, Status: LMP_MISMATCH, Last received: 0.0, Next index: 1, Last known committed idx: 0, Time since last communication: 0.000s
I0703 01:40:34.425896 15256 raft_consensus.cc:1081] T 0774fd0e7d654eacb8328db7fb72970e P 218e9285385744f780c07feed8487b2c [term 2 FOLLOWER]: Refusing update from remote peer 4cbf0a90d2564e67bcd791d9791ca759: Log matching property violated. Preceding OpId in replica: term: 1 index: 1. Preceding OpId from leader: term: 2 index: 1. (term mismatch)
I0703 01:40:34.425953 15256 pending_rounds.cc:76] T 0774fd0e7d654eacb8328db7fb72970e P 218e9285385744f780c07feed8487b2c: Aborting all transactions after (but not including) 0
I0703 01:40:34.426000 15256 pending_rounds.cc:97] T 0774fd0e7d654eacb8328db7fb72970e P 218e9285385744f780c07feed8487b2c: Aborting uncommitted NO_OP operation due to leader change: 1.1
I0703 01:40:34.426095 15256 raft_consensus.cc:2620] T 0774fd0e7d654eacb8328db7fb72970e P 218e9285385744f780c07feed8487b2c [term 2 FOLLOWER]: NO_OP replication failed: Aborted: Transaction aborted by new leader
I0703 01:40:34.427502 15344 consensus_queue.cc:962] T 0774fd0e7d654eacb8328db7fb72970e P 4cbf0a90d2564e67bcd791d9791ca759 [LEADER]: Connected to new peer: Peer: permanent_uuid: "218e9285385744f780c07feed8487b2c" member_type: VOTER last_known_addr { host: "127.5.240.195" port: 54289 }, Status: LMP_MISMATCH, Last received: 0.0, Next index: 1, Last known committed idx: 0, Time since last communication: 0.000s
I0703 01:40:34.650079 6083 external_mini_cluster.cc:1034] Attempting to check leaks for /data/somelongdirectorytoavoidrpathissues/src/kudu/build/asan/bin/kudu-tserver pid 14925
I0703 01:40:34.653257 15051 generic_service.cc:169] Checking for leaks (request via RPC)
I0703 01:40:34.698300 6083 external_mini_cluster.cc:993] Killing /data/somelongdirectorytoavoidrpathissues/src/kudu/build/asan/bin/kudu-tserver with pid 14925
W0703 01:40:34.707075 15190 connection.cc:512] client connection to 127.5.240.193:41919 recv error: Network error: failed to read from TLS socket (remote: 127.5.240.193:41919): Connection reset by peer (error 104)
W0703 01:40:34.707094 15066 connection.cc:512] server connection from 127.5.240.193:46371 recv error: Network error: failed to read from TLS socket (remote: 127.5.240.193:46371): Connection reset by peer (error 104)
W0703 01:40:34.707113 14872 connection.cc:512] server connection from 127.5.240.193:33804 recv error: Network error: failed to read from TLS socket (remote: 127.5.240.193:33804): Connection reset by peer (error 104)
W0703 01:40:34.707682 15188 connection.cc:512] server connection from 127.5.240.193:43979 recv error: Network error: failed to read from TLS socket (remote: 127.5.240.193:43979): Connection reset by peer (error 104)
I0703 01:40:34.707765 6083 external_mini_cluster.cc:1034] Attempting to check leaks for /data/somelongdirectorytoavoidrpathissues/src/kudu/build/asan/bin/kudu-tserver pid 15056
I0703 01:40:34.708504 15174 generic_service.cc:169] Checking for leaks (request via RPC)
I0703 01:40:34.751313 6083 external_mini_cluster.cc:993] Killing /data/somelongdirectorytoavoidrpathissues/src/kudu/build/asan/bin/kudu-tserver with pid 15056
W0703 01:40:34.759296 14872 connection.cc:512] server connection from 127.5.240.194:40689 recv error: Network error: failed to read from TLS socket (remote: 127.5.240.194:40689): Connection reset by peer (error 104)
W0703 01:40:34.759317 15188 connection.cc:512] client connection to 127.5.240.194:60801 recv error: Network error: failed to read from TLS socket (remote: 127.5.240.194:60801): Connection reset by peer (error 104)
I0703 01:40:34.759624 6083 external_mini_cluster.cc:1034] Attempting to check leaks for /data/somelongdirectorytoavoidrpathissues/src/kudu/build/asan/bin/kudu-tserver pid 15180
I0703 01:40:34.760359 15296 generic_service.cc:169] Checking for leaks (request via RPC)
I0703 01:40:34.803669 6083 external_mini_cluster.cc:993] Killing /data/somelongdirectorytoavoidrpathissues/src/kudu/build/asan/bin/kudu-tserver with pid 15180
W0703 01:40:34.811777 14874 connection.cc:512] server connection from 127.5.240.195:50879 recv error: Network error: failed to read from TLS socket (remote: 127.5.240.195:50879): Connection reset by peer (error 104)
I0703 01:40:34.811914 6083 external_mini_cluster.cc:1034] Attempting to check leaks for /data/somelongdirectorytoavoidrpathissues/src/kudu/build/asan/bin/kudu-master pid 14865
I0703 01:40:34.812647 14921 generic_service.cc:169] Checking for leaks (request via RPC)
I0703 01:40:34.875178 6083 external_mini_cluster.cc:993] Killing /data/somelongdirectorytoavoidrpathissues/src/kudu/build/asan/bin/kudu-master with pid 14865 [ OK ] AdminCliTest.TestLeaderStepDown (4094 ms) [ RUN ] AdminCliTest.TestLeaderStepDownWhenNotPresent
I0703 01:40:34.896065 6083 test_util.cc:208] Using random seed: 1149685940
I0703 01:40:34.897891 6083 ts_itest-base.cc:113] Starting cluster with:
I0703 01:40:34.897946 6083 ts_itest-base.cc:114] --------------
I0703 01:40:34.898000 6083 ts_itest-base.cc:115] 3 tablet servers
I0703 01:40:34.898025 6083 ts_itest-base.cc:116] 3 replicas per TS
I0703 01:40:34.898064 6083 ts_itest-base.cc:117] --------------
I0703 01:40:34.899233 6083 external_mini_cluster.cc:794] Running /data/somelongdirectorytoavoidrpathissues/src/kudu/build/asan/bin/kudu-master /data/somelongdirectorytoavoidrpathissues/src/kudu/build/asan/bin/kudu-master --fs_wal_dir=/data/somelongdirectorytoavoidrpathissues/src/kudutest/kudu-admin-test.0.AdminCliTest.TestLeaderStepDownWhenNotPresent.1530607157582131-6083/raft_consensus-itest-cluster/master-0/wal --fs_data_dirs=/data/somelongdirectorytoavoidrpathissues/src/kudutest/kudu-admin-test.0.AdminCliTest.TestLeaderStepDownWhenNotPresent.1530607157582131-6083/raft_consensus-itest-cluster/master-0/data --block_manager=log --webserver_interface=localhost --ipki_ca_key_size=1024 --tsk_num_rsa_bits=512 --rpc_bind_addresses=127.5.240.254:39327 --webserver_interface=127.5.240.254 --webserver_port=0 --never_fsync --ipki_server_key_size=1024 --enable_minidumps=false --redact=none --metrics_log_interval_ms=1000 --logtostderr --logbuflevel=-1 --log_dir=/data/somelongdirectorytoavoidrpathissues/src/kudutest/kudu-admin-test.0.AdminCliTest.TestLeaderStepDownWhenNotPresent.1530607157582131-6083/raft_consensus-itest-cluster/master-0/logs --server_dump_info_path=/data/somelongdirectorytoavoidrpathissues/src/kudutest/kudu-admin-test.0.AdminCliTest.TestLeaderStepDownWhenNotPresent.1530607157582131-6083/raft_consensus-itest-cluster/master-0/data/info.pb --server_dump_info_format=pb --rpc_server_allow_ephemeral_ports --unlock_experimental_flags --unlock_unsafe_flags --catalog_manager_wait_for_new_tablets_to_elect_leader=false --rpc_reuseport=true with env {} WARNING: Logging before InitGoogleLogging() is written to STDERR
W0703 01:40:35.080183 15369 flags.cc:406] Enabled unsafe flag: --rpc_server_allow_ephemeral_ports=true
W0703 01:40:35.080411 15369 flags.cc:406] Enabled unsafe flag: --never_fsync=true
W0703 01:40:35.082667 15369 flags.cc:406] Enabled experimental flag: --ipki_ca_key_size=1024
W0703 01:40:35.082712 15369 flags.cc:406] Enabled experimental flag: --ipki_server_key_size=1024
W0703 01:40:35.082770 15369 flags.cc:406] Enabled experimental flag: --tsk_num_rsa_bits=512
W0703 01:40:35.082818 15369 flags.cc:406] Enabled experimental flag: --rpc_reuseport=true
I0703 01:40:35.090420 15369 master_main.cc:73] Master server non-default flags: --fs_data_dirs=/data/somelongdirectorytoavoidrpathissues/src/kudutest/kudu-admin-test.0.AdminCliTest.TestLeaderStepDownWhenNotPresent.1530607157582131-6083/raft_consensus-itest-cluster/master-0/data --fs_wal_dir=/data/somelongdirectorytoavoidrpathissues/src/kudutest/kudu-admin-test.0.AdminCliTest.TestLeaderStepDownWhenNotPresent.1530607157582131-6083/raft_consensus-itest-cluster/master-0/wal --catalog_manager_wait_for_new_tablets_to_elect_leader=false --ipki_ca_key_size=1024 --ipki_server_key_size=1024 --tsk_num_rsa_bits=512 --rpc_bind_addresses=127.5.240.254:39327 --rpc_reuseport=true --rpc_server_allow_ephemeral_ports=true --metrics_log_interval_ms=1000 --server_dump_info_format=pb --server_dump_info_path=/data/somelongdirectorytoavoidrpathissues/src/kudutest/kudu-admin-test.0.AdminCliTest.TestLeaderStepDownWhenNotPresent.1530607157582131-6083/raft_consensus-itest-cluster/master-0/data/info.pb --webserver_interface=127.5.240.254 --webserver_port=0 --never_fsync=true --redact=none --unlock_experimental_flags=true --unlock_unsafe_flags=true --enable_minidumps=false --log_dir=/data/somelongdirectorytoavoidrpathissues/src/kudutest/kudu-admin-test.0.AdminCliTest.TestLeaderStepDownWhenNotPresent.1530607157582131-6083/raft_consensus-itest-cluster/master-0/logs --logbuflevel=-1 --logtostderr=true Master server version: kudu 1.8.0-SNAPSHOT revision 1ae050e4d57bc333de28bcbc62e072e8bafd04b3 build type FASTDEBUG built by jenkins at 03 Jul 2018 00:28:42 PST on quasar-kdakzq-1.vpc.cloudera.com build id 91347 ASAN enabled
I0703 01:40:35.096053 15369 master_main.cc:80] Initializing master server...
I0703 01:40:35.097141 15369 system_ntp.cc:199] NTP initialized. Skew: 500ppm Current error: 171208us
I0703 01:40:35.098208 15369 fs_manager.cc:261] Metadata directory not provided
I0703 01:40:35.098273 15369 fs_manager.cc:267] Using write-ahead log directory (fs_wal_dir) as metadata directory
I0703 01:40:35.098512 15369 server_base.cc:432] Could not load existing FS layout: Not found: could not find a healthy instance file
I0703 01:40:35.098616 15369 server_base.cc:433] Attempting to create new FS layout instead
I0703 01:40:35.102774 15369 fs_manager.cc:601] Generated new instance metadata in path /data/somelongdirectorytoavoidrpathissues/src/kudutest/kudu-admin-test.0.AdminCliTest.TestLeaderStepDownWhenNotPresent.1530607157582131-6083/raft_consensus-itest-cluster/master-0/data/instance: uuid: "2aa149bd0dec4ae3a5c3087c0c7f9f2e" format_stamp: "Formatted at 2018-07-03 08:40:35 on quasar-kdakzq-1.vpc.cloudera.com"
I0703 01:40:35.103282 15369 fs_manager.cc:601] Generated new instance metadata in path /data/somelongdirectorytoavoidrpathissues/src/kudutest/kudu-admin-test.0.AdminCliTest.TestLeaderStepDownWhenNotPresent.1530607157582131-6083/raft_consensus-itest-cluster/master-0/wal/instance: uuid: "2aa149bd0dec4ae3a5c3087c0c7f9f2e" format_stamp: "Formatted at 2018-07-03 08:40:35 on quasar-kdakzq-1.vpc.cloudera.com"
I0703 01:40:35.111428 15369 fs_manager.cc:501] Time spent creating directory manager: real 0.007s user 0.001s sys 0.005s
I0703 01:40:35.112632 15369 env_posix.cc:1674] Not raising this process' open files per process limit of 32768; it is already as high as it can go
I0703 01:40:35.113016 15369 file_cache.cc:470] Constructed file cache lbm with capacity 13107
I0703 01:40:35.116649 15369 fs_manager.cc:417] Time spent opening block manager: real 0.002s user 0.001s sys 0.001s
I0703 01:40:35.116708 15369 fs_manager.cc:434] Opened local filesystem: /data/somelongdirectorytoavoidrpathissues/src/kudutest/kudu-admin-test.0.AdminCliTest.TestLeaderStepDownWhenNotPresent.1530607157582131-6083/raft_consensus-itest-cluster/master-0/data,/data/somelongdirectorytoavoidrpathissues/src/kudutest/kudu-admin-test.0.AdminCliTest.TestLeaderStepDownWhenNotPresent.1530607157582131-6083/raft_consensus-itest-cluster/master-0/wal uuid: "2aa149bd0dec4ae3a5c3087c0c7f9f2e" format_stamp: "Formatted at 2018-07-03 08:40:35 on quasar-kdakzq-1.vpc.cloudera.com"
I0703 01:40:35.116817 15369 fs_report.cc:352] FS layout report -------------------- wal directory: /data/somelongdirectorytoavoidrpathissues/src/kudutest/kudu-admin-test.0.AdminCliTest.TestLeaderStepDownWhenNotPresent.1530607157582131-6083/raft_consensus-itest-cluster/master-0/wal metadata directory: /data/somelongdirectorytoavoidrpathissues/src/kudutest/kudu-admin-test.0.AdminCliTest.TestLeaderStepDownWhenNotPresent.1530607157582131-6083/raft_consensus-itest-cluster/master-0/wal 1 data directories: /data/somelongdirectorytoavoidrpathissues/src/kudutest/kudu-admin-test.0.AdminCliTest.TestLeaderStepDownWhenNotPresent.1530607157582131-6083/raft_consensus-itest-cluster/master-0/data/data Total live blocks: 0 Total live bytes: 0 Total live bytes (after alignment): 0 Total number of LBM containers: 0 (0 full) Did not check for missing blocks Did not check for orphaned blocks Total full LBM containers with extra space: 0 (0 repaired) Total full LBM container extra space in bytes: 0 (0 repaired) Total incomplete LBM containers: 0 (0 repaired) Total LBM partial records: 0 (0 repaired)
I0703 01:40:35.138238 15369 env_posix.cc:1669] Raising this process' running threads per effective uid limit from 32768 to 65536
I0703 01:40:35.139698 15369 master_main.cc:83] Starting Master server...
I0703 01:40:35.175954 15369 rpc_server.cc:205] RPC server started. Bound to: 127.5.240.254:39327
I0703 01:40:35.176409 15369 webserver.cc:175] Starting webserver on 127.5.240.254:0
I0703 01:40:35.176456 15369 webserver.cc:186] Document root disabled
I0703 01:40:35.177667 15369 webserver.cc:313] Webserver started. Bound to: http://127.5.240.254:38111/
I0703 01:40:35.178266 15369 server_base.cc:607] Dumped server information to /data/somelongdirectorytoavoidrpathissues/src/kudutest/kudu-admin-test.0.AdminCliTest.TestLeaderStepDownWhenNotPresent.1530607157582131-6083/raft_consensus-itest-cluster/master-0/data/info.pb
I0703 01:40:35.179392 6083 external_mini_cluster.cc:856] Started /data/somelongdirectorytoavoidrpathissues/src/kudu/build/asan/bin/kudu-master as pid 15369
I0703 01:40:35.180030 6083 external_mini_cluster.cc:794] Running /data/somelongdirectorytoavoidrpathissues/src/kudu/build/asan/bin/kudu-tserver /data/somelongdirectorytoavoidrpathissues/src/kudu/build/asan/bin/kudu-tserver --fs_wal_dir=/data/somelongdirectorytoavoidrpathissues/src/kudutest/kudu-admin-test.0.AdminCliTest.TestLeaderStepDownWhenNotPresent.1530607157582131-6083/raft_consensus-itest-cluster/ts-0/wal --fs_data_dirs=/data/somelongdirectorytoavoidrpathissues/src/kudutest/kudu-admin-test.0.AdminCliTest.TestLeaderStepDownWhenNotPresent.1530607157582131-6083/raft_consensus-itest-cluster/ts-0/data --block_manager=log --rpc_bind_addresses=127.5.240.193:0 --local_ip_for_outbound_sockets=127.5.240.193 --webserver_interface=127.5.240.193 --webserver_port=0 --tserver_master_addrs=127.5.240.254:39327 --never_fsync --ipki_server_key_size=1024 --enable_minidumps=false --redact=none --metrics_log_interval_ms=1000 --logtostderr --logbuflevel=-1 --log_dir=/data/somelongdirectorytoavoidrpathissues/src/kudutest/kudu-admin-test.0.AdminCliTest.TestLeaderStepDownWhenNotPresent.1530607157582131-6083/raft_consensus-itest-cluster/ts-0/logs --server_dump_info_path=/data/somelongdirectorytoavoidrpathissues/src/kudutest/kudu-admin-test.0.AdminCliTest.TestLeaderStepDownWhenNotPresent.1530607157582131-6083/raft_consensus-itest-cluster/ts-0/data/info.pb --server_dump_info_format=pb --rpc_server_allow_ephemeral_ports --unlock_experimental_flags --unlock_unsafe_flags --enable_leader_failure_detection=false with env {}
I0703 01:40:35.181924 15428 data_dirs.cc:934] Could only allocate 1 dirs of requested 3 for tablet 00000000000000000000000000000000. 1 dirs total, 0 dirs full, 0 dirs failed
I0703 01:40:35.193595 15428 tablet_bootstrap.cc:427] T 00000000000000000000000000000000 P 2aa149bd0dec4ae3a5c3087c0c7f9f2e: Bootstrap starting.
I0703 01:40:35.195586 15428 tablet_bootstrap.cc:578] T 00000000000000000000000000000000 P 2aa149bd0dec4ae3a5c3087c0c7f9f2e: No blocks or log segments found. Creating new log.
I0703 01:40:35.196363 15428 log.cc:525] T 00000000000000000000000000000000 P 2aa149bd0dec4ae3a5c3087c0c7f9f2e: Log is configured to *not* fsync() on all Append() calls
I0703 01:40:35.198123 15428 tablet_bootstrap.cc:427] T 00000000000000000000000000000000 P 2aa149bd0dec4ae3a5c3087c0c7f9f2e: No bootstrap required, opened a new log
I0703 01:40:35.204300 15428 raft_consensus.cc:325] T 00000000000000000000000000000000 P 2aa149bd0dec4ae3a5c3087c0c7f9f2e [term 0 FOLLOWER]: Replica starting. Triggering 0 pending transactions. Active config: opid_index: -1 OBSOLETE_local: true peers { permanent_uuid: "2aa149bd0dec4ae3a5c3087c0c7f9f2e" member_type: VOTER }
I0703 01:40:35.204501 15428 raft_consensus.cc:351] T 00000000000000000000000000000000 P 2aa149bd0dec4ae3a5c3087c0c7f9f2e [term 0 FOLLOWER]: Consensus starting up: Expiring failure detector timer to make a prompt election more likely
I0703 01:40:35.204566 15428 raft_consensus.cc:628] T 00000000000000000000000000000000 P 2aa149bd0dec4ae3a5c3087c0c7f9f2e [term 0 FOLLOWER]: Becoming Follower/Learner. State: Replica: 2aa149bd0dec4ae3a5c3087c0c7f9f2e, State: Initialized, Role: FOLLOWER
I0703 01:40:35.205042 15428 consensus_queue.cc:227] T 00000000000000000000000000000000 P 2aa149bd0dec4ae3a5c3087c0c7f9f2e [NON_LEADER]: Queue going to NON_LEADER mode. State: All replicated index: 0, Majority replicated index: 0, Committed index: 0, Last appended: 0.0, Last appended by leader: 0, Current term: 0, Majority size: -1, State: 0, Mode: NON_LEADER, active raft config: opid_index: -1 OBSOLETE_local: true peers { permanent_uuid: "2aa149bd0dec4ae3a5c3087c0c7f9f2e" member_type: VOTER }
I0703 01:40:35.205190 15428 raft_consensus.cc:365] T 00000000000000000000000000000000 P 2aa149bd0dec4ae3a5c3087c0c7f9f2e [term 0 FOLLOWER]: Only one voter in the Raft config. Triggering election immediately
I0703 01:40:35.205279 15428 raft_consensus.cc:457] T 00000000000000000000000000000000 P 2aa149bd0dec4ae3a5c3087c0c7f9f2e [term 0 FOLLOWER]: Starting leader election (initial election of a single-replica configuration)
I0703 01:40:35.205366 15428 raft_consensus.cc:2730] T 00000000000000000000000000000000 P 2aa149bd0dec4ae3a5c3087c0c7f9f2e: Snoozing failure detection for 1.933s (starting election)
I0703 01:40:35.205457 15428 raft_consensus.cc:2782] T 00000000000000000000000000000000 P 2aa149bd0dec4ae3a5c3087c0c7f9f2e [term 0 FOLLOWER]: Advancing to term 1
I0703 01:40:35.206859 15428 raft_consensus.cc:479] T 00000000000000000000000000000000 P 2aa149bd0dec4ae3a5c3087c0c7f9f2e [term 1 FOLLOWER]: Starting leader election with config: opid_index: -1 OBSOLETE_local: true peers { permanent_uuid: "2aa149bd0dec4ae3a5c3087c0c7f9f2e" member_type: VOTER }
I0703 01:40:35.207239 15428 leader_election.cc:270] T 00000000000000000000000000000000 P 2aa149bd0dec4ae3a5c3087c0c7f9f2e [CANDIDATE]: Term 1 election: Election decided. Result: candidate won.
I0703 01:40:35.208803 15431 raft_consensus.cc:2730] T 00000000000000000000000000000000 P 2aa149bd0dec4ae3a5c3087c0c7f9f2e: Snoozing failure detection for 1.698s (election complete)
I0703 01:40:35.209051 15431 raft_consensus.cc:2537] T 00000000000000000000000000000000 P 2aa149bd0dec4ae3a5c3087c0c7f9f2e [term 1 FOLLOWER]: Leader election won for term 1
I0703 01:40:35.214781 15431 raft_consensus.cc:593] T 00000000000000000000000000000000 P 2aa149bd0dec4ae3a5c3087c0c7f9f2e [term 1 LEADER]: Becoming Leader. State: Replica: 2aa149bd0dec4ae3a5c3087c0c7f9f2e, State: Running, Role: LEADER
I0703 01:40:35.215116 15431 consensus_queue.cc:204] T 00000000000000000000000000000000 P 2aa149bd0dec4ae3a5c3087c0c7f9f2e [LEADER]: Queue going to LEADER mode. State: All replicated index: 0, Majority replicated index: 0, Committed index: 0, Last appended: 0.0, Last appended by leader: 0, Current term: 1, Majority size: 1, State: 0, Mode: LEADER, active raft config: opid_index: -1 OBSOLETE_local: true peers { permanent_uuid: "2aa149bd0dec4ae3a5c3087c0c7f9f2e" member_type: VOTER }
I0703 01:40:35.217736 15428 sys_catalog.cc:337] T 00000000000000000000000000000000 P 2aa149bd0dec4ae3a5c3087c0c7f9f2e [sys.catalog]: SysCatalogTable state changed. Reason: Started TabletReplica. Latest consensus state: current_term: 1 leader_uuid: "2aa149bd0dec4ae3a5c3087c0c7f9f2e" committed_config { opid_index: -1 OBSOLETE_local: true peers { permanent_uuid: "2aa149bd0dec4ae3a5c3087c0c7f9f2e" member_type: VOTER } }
I0703 01:40:35.218497 15428 sys_catalog.cc:340] T 00000000000000000000000000000000 P 2aa149bd0dec4ae3a5c3087c0c7f9f2e [sys.catalog]: This master's current role is: LEADER
I0703 01:40:35.217634 15432 sys_catalog.cc:337] T 00000000000000000000000000000000 P 2aa149bd0dec4ae3a5c3087c0c7f9f2e [sys.catalog]: SysCatalogTable state changed. Reason: RaftConsensus started. Latest consensus state: current_term: 1 leader_uuid: "2aa149bd0dec4ae3a5c3087c0c7f9f2e" committed_config { opid_index: -1 OBSOLETE_local: true peers { permanent_uuid: "2aa149bd0dec4ae3a5c3087c0c7f9f2e" member_type: VOTER } }
I0703 01:40:35.218878 15432 sys_catalog.cc:340] T 00000000000000000000000000000000 P 2aa149bd0dec4ae3a5c3087c0c7f9f2e [sys.catalog]: This master's current role is: LEADER
I0703 01:40:35.218413 15433 sys_catalog.cc:337] T 00000000000000000000000000000000 P 2aa149bd0dec4ae3a5c3087c0c7f9f2e [sys.catalog]: SysCatalogTable state changed. Reason: New leader 2aa149bd0dec4ae3a5c3087c0c7f9f2e. Latest consensus state: current_term: 1 leader_uuid: "2aa149bd0dec4ae3a5c3087c0c7f9f2e" committed_config { opid_index: -1 OBSOLETE_local: true peers { permanent_uuid: "2aa149bd0dec4ae3a5c3087c0c7f9f2e" member_type: VOTER } }
I0703 01:40:35.219915 15433 sys_catalog.cc:340] T 00000000000000000000000000000000 P 2aa149bd0dec4ae3a5c3087c0c7f9f2e [sys.catalog]: This master's current role is: LEADER
I0703 01:40:35.221246 15428 sys_catalog.cc:424] T 00000000000000000000000000000000 P 2aa149bd0dec4ae3a5c3087c0c7f9f2e [sys.catalog]: configured and running, proceeding with master startup.
I0703 01:40:35.221480 15435 catalog_manager.cc:1006] Loading table and tablet metadata into memory...
I0703 01:40:35.222954 15369 master_main.cc:86] Master server successfully started.
I0703 01:40:35.228077 15435 catalog_manager.cc:1017] Initializing Kudu internal certificate authority...
I0703 01:40:35.255815 15435 catalog_manager.cc:904] Generated new certificate authority record
I0703 01:40:35.257882 15435 catalog_manager.cc:1026] Loading token signing keys...
I0703 01:40:35.265719 15435 catalog_manager.cc:4102] T 00000000000000000000000000000000 P 2aa149bd0dec4ae3a5c3087c0c7f9f2e: Generated new TSK 0 WARNING: Logging before InitGoogleLogging() is written to STDERR
W0703 01:40:35.346786 15429 flags.cc:406] Enabled unsafe flag: --enable_leader_failure_detection=false
W0703 01:40:35.347810 15429 flags.cc:406] Enabled unsafe flag: --rpc_server_allow_ephemeral_ports=true
W0703 01:40:35.347904 15429 flags.cc:406] Enabled unsafe flag: --never_fsync=true
W0703 01:40:35.349952 15429 flags.cc:406] Enabled experimental flag: --ipki_server_key_size=1024
W0703 01:40:35.350061 15429 flags.cc:406] Enabled experimental flag: --local_ip_for_outbound_sockets=127.5.240.193
I0703 01:40:35.356602 15429 tablet_server_main.cc:78] Tablet server non-default flags: --enable_leader_failure_detection=false --fs_data_dirs=/data/somelongdirectorytoavoidrpathissues/src/kudutest/kudu-admin-test.0.AdminCliTest.TestLeaderStepDownWhenNotPresent.1530607157582131-6083/raft_consensus-itest-cluster/ts-0/data --fs_wal_dir=/data/somelongdirectorytoavoidrpathissues/src/kudutest/kudu-admin-test.0.AdminCliTest.TestLeaderStepDownWhenNotPresent.1530607157582131-6083/raft_consensus-itest-cluster/ts-0/wal --ipki_server_key_size=1024 --rpc_bind_addresses=127.5.240.193:0 --rpc_server_allow_ephemeral_ports=true --metrics_log_interval_ms=1000 --server_dump_info_format=pb --server_dump_info_path=/data/somelongdirectorytoavoidrpathissues/src/kudutest/kudu-admin-test.0.AdminCliTest.TestLeaderStepDownWhenNotPresent.1530607157582131-6083/raft_consensus-itest-cluster/ts-0/data/info.pb --webserver_interface=127.5.240.193 --webserver_port=0 --tserver_master_addrs=127.5.240.254:39327 --never_fsync=true --redact=none --unlock_experimental_flags=true --unlock_unsafe_flags=true --enable_minidumps=false --local_ip_for_outbound_sockets=127.5.240.193 --log_dir=/data/somelongdirectorytoavoidrpathissues/src/kudutest/kudu-admin-test.0.AdminCliTest.TestLeaderStepDownWhenNotPresent.1530607157582131-6083/raft_consensus-itest-cluster/ts-0/logs --logbuflevel=-1 --logtostderr=true Tablet server version: kudu 1.8.0-SNAPSHOT revision 1ae050e4d57bc333de28bcbc62e072e8bafd04b3 build type FASTDEBUG built by jenkins at 03 Jul 2018 00:28:42 PST on quasar-kdakzq-1.vpc.cloudera.com build id 91347 ASAN enabled
I0703 01:40:35.363142 15429 tablet_server_main.cc:85] Initializing tablet server...
I0703 01:40:35.364677 15429 system_ntp.cc:199] NTP initialized. Skew: 500ppm Current error: 171208us
I0703 01:40:35.365237 15429 fs_manager.cc:261] Metadata directory not provided
I0703 01:40:35.365305 15429 fs_manager.cc:267] Using write-ahead log directory (fs_wal_dir) as metadata directory
I0703 01:40:35.365936 15429 server_base.cc:432] Could not load existing FS layout: Not found: could not find a healthy instance file
I0703 01:40:35.366005 15429 server_base.cc:433] Attempting to create new FS layout instead
I0703 01:40:35.370146 15429 fs_manager.cc:601] Generated new instance metadata in path /data/somelongdirectorytoavoidrpathissues/src/kudutest/kudu-admin-test.0.AdminCliTest.TestLeaderStepDownWhenNotPresent.1530607157582131-6083/raft_consensus-itest-cluster/ts-0/data/instance: uuid: "293b31d65e404f96baa9f3501ea3746e" format_stamp: "Formatted at 2018-07-03 08:40:35 on quasar-kdakzq-1.vpc.cloudera.com"
I0703 01:40:35.370648 15429 fs_manager.cc:601] Generated new instance metadata in path /data/somelongdirectorytoavoidrpathissues/src/kudutest/kudu-admin-test.0.AdminCliTest.TestLeaderStepDownWhenNotPresent.1530607157582131-6083/raft_consensus-itest-cluster/ts-0/wal/instance: uuid: "293b31d65e404f96baa9f3501ea3746e" format_stamp: "Formatted at 2018-07-03 08:40:35 on quasar-kdakzq-1.vpc.cloudera.com"
I0703 01:40:35.378412 15429 fs_manager.cc:501] Time spent creating directory manager: real 0.007s user 0.002s sys 0.004s
I0703 01:40:35.379643 15429 env_posix.cc:1674] Not raising this process' open files per process limit of 32768; it is already as high as it can go
I0703 01:40:35.380020 15429 file_cache.cc:470] Constructed file cache lbm with capacity 13107
I0703 01:40:35.384028 15429 fs_manager.cc:417] Time spent opening block manager: real 0.003s user 0.002s sys 0.000s
I0703 01:40:35.384079 15429 fs_manager.cc:434] Opened local filesystem: /data/somelongdirectorytoavoidrpathissues/src/kudutest/kudu-admin-test.0.AdminCliTest.TestLeaderStepDownWhenNotPresent.1530607157582131-6083/raft_consensus-itest-cluster/ts-0/data,/data/somelongdirectorytoavoidrpathissues/src/kudutest/kudu-admin-test.0.AdminCliTest.TestLeaderStepDownWhenNotPresent.1530607157582131-6083/raft_consensus-itest-cluster/ts-0/wal uuid: "293b31d65e404f96baa9f3501ea3746e" format_stamp: "Formatted at 2018-07-03 08:40:35 on quasar-kdakzq-1.vpc.cloudera.com"
I0703 01:40:35.384204 15429 fs_report.cc:352] FS layout report -------------------- wal directory: /data/somelongdirectorytoavoidrpathissues/src/kudutest/kudu-admin-test.0.AdminCliTest.TestLeaderStepDownWhenNotPresent.1530607157582131-6083/raft_consensus-itest-cluster/ts-0/wal metadata directory: /data/somelongdirectorytoavoidrpathissues/src/kudutest/kudu-admin-test.0.AdminCliTest.TestLeaderStepDownWhenNotPresent.1530607157582131-6083/raft_consensus-itest-cluster/ts-0/wal 1 data directories: /data/somelongdirectorytoavoidrpathissues/src/kudutest/kudu-admin-test.0.AdminCliTest.TestLeaderStepDownWhenNotPresent.1530607157582131-6083/raft_consensus-itest-cluster/ts-0/data/data Total live blocks: 0 Total live bytes: 0 Total live bytes (after alignment): 0 Total number of LBM containers: 0 (0 full) Did not check for missing blocks Did not check for orphaned blocks Total full LBM containers with extra space: 0 (0 repaired) Total full LBM container extra space in bytes: 0 (0 repaired) Total incomplete LBM containers: 0 (0 repaired) Total LBM partial records: 0 (0 repaired)
I0703 01:40:35.418160 15429 env_posix.cc:1669] Raising this process' running threads per effective uid limit from 32768 to 65536
I0703 01:40:35.420364 15429 ts_tablet_manager.cc:356] Loaded tablet metadata (0 live tablets)
I0703 01:40:35.420775 15429 tablet_server_main.cc:90] Starting tablet server...
I0703 01:40:35.518471 15429 rpc_server.cc:205] RPC server started. Bound to: 127.5.240.193:57702
