I0703 01:39:24.368679 7260 fs_report.cc:352] FS layout report -------------------- wal directory: /data/somelongdirectorytoavoidrpathissues/src/kudutest/kudu-admin-test.0.AdminCliTest.TestUnsafeChangeConfigOnSingleFollower.1530607157582131-6083/raft_consensus-itest-cluster/ts-4/wal metadata directory: /data/somelongdirectorytoavoidrpathissues/src/kudutest/kudu-admin-test.0.AdminCliTest.TestUnsafeChangeConfigOnSingleFollower.1530607157582131-6083/raft_consensus-itest-cluster/ts-4/wal 1 data directories: /data/somelongdirectorytoavoidrpathissues/src/kudutest/kudu-admin-test.0.AdminCliTest.TestUnsafeChangeConfigOnSingleFollower.1530607157582131-6083/raft_consensus-itest-cluster/ts-4/data/data Total live blocks: 0 Total live bytes: 0 Total live bytes (after alignment): 0 Total number of LBM containers: 0 (0 full) Did not check for missing blocks Did not check for orphaned blocks Total full LBM containers with extra space: 0 (0 repaired) Total full LBM container extra space in bytes: 0 (0 repaired) Total incomplete LBM containers: 0 (0 repaired) Total LBM partial records: 0 (0 repaired)
I0703 01:39:24.398167 7260 env_posix.cc:1669] Raising this process' running threads per effective uid limit from 32768 to 65536
I0703 01:39:24.400413 7260 ts_tablet_manager.cc:356] Loaded tablet metadata (0 live tablets)
I0703 01:39:24.400789 7260 tablet_server_main.cc:90] Starting tablet server...
I0703 01:39:24.457809 7013 heartbeater.cc:467] Master 127.5.240.254:54399 was elected leader, sending a full tablet report...
I0703 01:39:24.484164 7260 rpc_server.cc:205] RPC server started. Bound to: 127.5.240.197:60719
I0703 01:39:24.484671 7260 webserver.cc:175] Starting webserver on 127.5.240.197:0
I0703 01:39:24.484709 7260 webserver.cc:186] Document root disabled
I0703 01:39:24.485877 7260 webserver.cc:313] Webserver started. Bound to: http://127.5.240.197:32905/
I0703 01:39:24.486399 7260 server_base.cc:607] Dumped server information to /data/somelongdirectorytoavoidrpathissues/src/kudutest/kudu-admin-test.0.AdminCliTest.TestUnsafeChangeConfigOnSingleFollower.1530607157582131-6083/raft_consensus-itest-cluster/ts-4/data/info.pb
I0703 01:39:24.488123 7260 tablet_server_main.cc:93] Tablet server successfully started.
I0703 01:39:24.494753 6083 external_mini_cluster.cc:856] Started /data/somelongdirectorytoavoidrpathissues/src/kudu/build/asan/bin/kudu-tserver as pid 7260
I0703 01:39:24.501294 7379 heartbeater.cc:346] Connected to a master server at 127.5.240.254:54399
I0703 01:39:24.501426 7379 heartbeater.cc:426] Registering TS with master...
I0703 01:39:24.502259 7379 heartbeater.cc:475] Master 127.5.240.254:54399 requested a full tablet report, sending...
I0703 01:39:24.503238 6727 ts_manager.cc:98] Registered new tserver with Master: a5fbe0bff97843f89529ce5722817fad (127.5.240.197:60719)
I0703 01:39:24.504101 6083 external_mini_cluster.cc:490] 5 TS(s) registered with all masters
I0703 01:39:24.504400 6727 master_service.cc:249] Signed X509 certificate for tserver {username='jenkins'} at 127.5.240.197:56268
I0703 01:39:24.513365 6726 catalog_manager.cc:1339] Servicing CreateTable request from {username='jenkins'} at 127.5.240.254:51180: name: "TestTable" schema { columns { name: "key" type: INT32 is_key: true is_nullable: false encoding: AUTO_ENCODING compression: DEFAULT_COMPRESSION cfile_block_size: 0 } columns { name: "int_val" type: INT32 is_key: false is_nullable: false encoding: AUTO_ENCODING compression: DEFAULT_COMPRESSION cfile_block_size: 0 } columns { name: "string_val" type: STRING is_key: false is_nullable: true encoding: AUTO_ENCODING compression: DEFAULT_COMPRESSION cfile_block_size: 0 } } num_replicas: 3 split_rows_range_bounds { } partition_schema { range_schema { columns { name: "key" } } }
I0703 01:39:24.542752 6827 tablet_service.cc:759] Processing CreateTablet for tablet a61eb64bf7cc417684a8446570d07208 (table=TestTable [id=24e11f69554b41ef994802e369af7c41]), partition=RANGE (key) PARTITION UNBOUNDED
I0703 01:39:24.543036 7316 tablet_service.cc:759] Processing CreateTablet for tablet a61eb64bf7cc417684a8446570d07208 (table=TestTable [id=24e11f69554b41ef994802e369af7c41]), partition=RANGE (key) PARTITION UNBOUNDED
I0703 01:39:24.543673 6827 data_dirs.cc:934] Could only allocate 1 dirs of requested 3 for tablet a61eb64bf7cc417684a8446570d07208. 1 dirs total, 0 dirs full, 0 dirs failed
I0703 01:39:24.543763 7316 data_dirs.cc:934] Could only allocate 1 dirs of requested 3 for tablet a61eb64bf7cc417684a8446570d07208. 1 dirs total, 0 dirs full, 0 dirs failed
I0703 01:39:24.543720 6950 tablet_service.cc:759] Processing CreateTablet for tablet a61eb64bf7cc417684a8446570d07208 (table=TestTable [id=24e11f69554b41ef994802e369af7c41]), partition=RANGE (key) PARTITION UNBOUNDED
I0703 01:39:24.544293 6950 data_dirs.cc:934] Could only allocate 1 dirs of requested 3 for tablet a61eb64bf7cc417684a8446570d07208. 1 dirs total, 0 dirs full, 0 dirs failed
I0703 01:39:24.554097 6950 ts_tablet_manager.cc:1173] T a61eb64bf7cc417684a8446570d07208 P 29c07deff3f54b10b7ad9a60bc14edeb: Registered tablet (data state: TABLET_DATA_READY)
I0703 01:39:24.554879 7399 ts_tablet_manager.cc:1028] T a61eb64bf7cc417684a8446570d07208 P 29c07deff3f54b10b7ad9a60bc14edeb: Bootstrapping tablet
I0703 01:39:24.555444 7399 tablet_bootstrap.cc:427] T a61eb64bf7cc417684a8446570d07208 P 29c07deff3f54b10b7ad9a60bc14edeb: Bootstrap starting.
I0703 01:39:24.557639 7399 tablet_bootstrap.cc:578] T a61eb64bf7cc417684a8446570d07208 P 29c07deff3f54b10b7ad9a60bc14edeb: No blocks or log segments found. Creating new log.
I0703 01:39:24.558354 7399 log.cc:525] T a61eb64bf7cc417684a8446570d07208 P 29c07deff3f54b10b7ad9a60bc14edeb: Log is configured to *not* fsync() on all Append() calls
I0703 01:39:24.558732 6827 ts_tablet_manager.cc:1173] T a61eb64bf7cc417684a8446570d07208 P d7071ff1216d42808d7cfb3ba8e4ee0b: Registered tablet (data state: TABLET_DATA_READY)
I0703 01:39:24.559011 7316 ts_tablet_manager.cc:1173] T a61eb64bf7cc417684a8446570d07208 P a5fbe0bff97843f89529ce5722817fad: Registered tablet (data state: TABLET_DATA_READY)
I0703 01:39:24.561219 7399 tablet_bootstrap.cc:427] T a61eb64bf7cc417684a8446570d07208 P 29c07deff3f54b10b7ad9a60bc14edeb: No bootstrap required, opened a new log
I0703 01:39:24.561393 7399 ts_tablet_manager.cc:1045] T a61eb64bf7cc417684a8446570d07208 P 29c07deff3f54b10b7ad9a60bc14edeb: Time spent bootstrapping tablet: real 0.006s user 0.003s sys 0.002s
I0703 01:39:24.562415 7402 ts_tablet_manager.cc:1028] T a61eb64bf7cc417684a8446570d07208 P a5fbe0bff97843f89529ce5722817fad: Bootstrapping tablet
I0703 01:39:24.562436 7401 ts_tablet_manager.cc:1028] T a61eb64bf7cc417684a8446570d07208 P d7071ff1216d42808d7cfb3ba8e4ee0b: Bootstrapping tablet
I0703 01:39:24.562903 7402 tablet_bootstrap.cc:427] T a61eb64bf7cc417684a8446570d07208 P a5fbe0bff97843f89529ce5722817fad: Bootstrap starting.
I0703 01:39:24.562976 7401 tablet_bootstrap.cc:427] T a61eb64bf7cc417684a8446570d07208 P d7071ff1216d42808d7cfb3ba8e4ee0b: Bootstrap starting.
I0703 01:39:24.565013 7401 tablet_bootstrap.cc:578] T a61eb64bf7cc417684a8446570d07208 P d7071ff1216d42808d7cfb3ba8e4ee0b: No blocks or log segments found. Creating new log.
I0703 01:39:24.565743 7401 log.cc:525] T a61eb64bf7cc417684a8446570d07208 P d7071ff1216d42808d7cfb3ba8e4ee0b: Log is configured to *not* fsync() on all Append() calls
I0703 01:39:24.565927 7402 tablet_bootstrap.cc:578] T a61eb64bf7cc417684a8446570d07208 P a5fbe0bff97843f89529ce5722817fad: No blocks or log segments found. Creating new log.
I0703 01:39:24.566838 7402 log.cc:525] T a61eb64bf7cc417684a8446570d07208 P a5fbe0bff97843f89529ce5722817fad: Log is configured to *not* fsync() on all Append() calls
I0703 01:39:24.567862 7401 tablet_bootstrap.cc:427] T a61eb64bf7cc417684a8446570d07208 P d7071ff1216d42808d7cfb3ba8e4ee0b: No bootstrap required, opened a new log
I0703 01:39:24.568033 7401 ts_tablet_manager.cc:1045] T a61eb64bf7cc417684a8446570d07208 P d7071ff1216d42808d7cfb3ba8e4ee0b: Time spent bootstrapping tablet: real 0.005s user 0.003s sys 0.001s
I0703 01:39:24.570106 7399 raft_consensus.cc:325] T a61eb64bf7cc417684a8446570d07208 P 29c07deff3f54b10b7ad9a60bc14edeb [term 0 FOLLOWER]: Replica starting. Triggering 0 pending transactions. Active config: opid_index: -1 OBSOLETE_local: false peers { permanent_uuid: "a5fbe0bff97843f89529ce5722817fad" member_type: VOTER last_known_addr { host: "127.5.240.197" port: 60719 } } peers { permanent_uuid: "29c07deff3f54b10b7ad9a60bc14edeb" member_type: VOTER last_known_addr { host: "127.5.240.194" port: 48424 } } peers { permanent_uuid: "d7071ff1216d42808d7cfb3ba8e4ee0b" member_type: VOTER last_known_addr { host: "127.5.240.193" port: 42085 } }
I0703 01:39:24.570469 7399 raft_consensus.cc:351] T a61eb64bf7cc417684a8446570d07208 P 29c07deff3f54b10b7ad9a60bc14edeb [term 0 FOLLOWER]: Consensus starting up: Expiring failure detector timer to make a prompt election more likely
I0703 01:39:24.570549 7399 raft_consensus.cc:628] T a61eb64bf7cc417684a8446570d07208 P 29c07deff3f54b10b7ad9a60bc14edeb [term 0 FOLLOWER]: Becoming Follower/Learner. State: Replica: 29c07deff3f54b10b7ad9a60bc14edeb, State: Initialized, Role: FOLLOWER
I0703 01:39:24.571074 7399 consensus_queue.cc:227] T a61eb64bf7cc417684a8446570d07208 P 29c07deff3f54b10b7ad9a60bc14edeb [NON_LEADER]: Queue going to NON_LEADER mode. State: All replicated index: 0, Majority replicated index: 0, Committed index: 0, Last appended: 0.0, Last appended by leader: 0, Current term: 0, Majority size: -1, State: 0, Mode: NON_LEADER, active raft config: opid_index: -1 OBSOLETE_local: false peers { permanent_uuid: "a5fbe0bff97843f89529ce5722817fad" member_type: VOTER last_known_addr { host: "127.5.240.197" port: 60719 } } peers { permanent_uuid: "29c07deff3f54b10b7ad9a60bc14edeb" member_type: VOTER last_known_addr { host: "127.5.240.194" port: 48424 } } peers { permanent_uuid: "d7071ff1216d42808d7cfb3ba8e4ee0b" member_type: VOTER last_known_addr { host: "127.5.240.193" port: 42085 } }
I0703 01:39:24.574173 7402 tablet_bootstrap.cc:427] T a61eb64bf7cc417684a8446570d07208 P a5fbe0bff97843f89529ce5722817fad: No bootstrap required, opened a new log
I0703 01:39:24.574362 7402 ts_tablet_manager.cc:1045] T a61eb64bf7cc417684a8446570d07208 P a5fbe0bff97843f89529ce5722817fad: Time spent bootstrapping tablet: real 0.012s user 0.005s sys 0.006s
I0703 01:39:24.574718 7399 ts_tablet_manager.cc:1073] T a61eb64bf7cc417684a8446570d07208 P 29c07deff3f54b10b7ad9a60bc14edeb: Time spent starting tablet: real 0.013s user 0.009s sys 0.004s
I0703 01:39:24.576539 7401 raft_consensus.cc:325] T a61eb64bf7cc417684a8446570d07208 P d7071ff1216d42808d7cfb3ba8e4ee0b [term 0 FOLLOWER]: Replica starting. Triggering 0 pending transactions. Active config: opid_index: -1 OBSOLETE_local: false peers { permanent_uuid: "a5fbe0bff97843f89529ce5722817fad" member_type: VOTER last_known_addr { host: "127.5.240.197" port: 60719 } } peers { permanent_uuid: "29c07deff3f54b10b7ad9a60bc14edeb" member_type: VOTER last_known_addr { host: "127.5.240.194" port: 48424 } } peers { permanent_uuid: "d7071ff1216d42808d7cfb3ba8e4ee0b" member_type: VOTER last_known_addr { host: "127.5.240.193" port: 42085 } }
I0703 01:39:24.576966 7401 raft_consensus.cc:351] T a61eb64bf7cc417684a8446570d07208 P d7071ff1216d42808d7cfb3ba8e4ee0b [term 0 FOLLOWER]: Consensus starting up: Expiring failure detector timer to make a prompt election more likely
I0703 01:39:24.577052 7401 raft_consensus.cc:628] T a61eb64bf7cc417684a8446570d07208 P d7071ff1216d42808d7cfb3ba8e4ee0b [term 0 FOLLOWER]: Becoming Follower/Learner. State: Replica: d7071ff1216d42808d7cfb3ba8e4ee0b, State: Initialized, Role: FOLLOWER
I0703 01:39:24.577430 7401 consensus_queue.cc:227] T a61eb64bf7cc417684a8446570d07208 P d7071ff1216d42808d7cfb3ba8e4ee0b [NON_LEADER]: Queue going to NON_LEADER mode. State: All replicated index: 0, Majority replicated index: 0, Committed index: 0, Last appended: 0.0, Last appended by leader: 0, Current term: 0, Majority size: -1, State: 0, Mode: NON_LEADER, active raft config: opid_index: -1 OBSOLETE_local: false peers { permanent_uuid: "a5fbe0bff97843f89529ce5722817fad" member_type: VOTER last_known_addr { host: "127.5.240.197" port: 60719 } } peers { permanent_uuid: "29c07deff3f54b10b7ad9a60bc14edeb" member_type: VOTER last_known_addr { host: "127.5.240.194" port: 48424 } } peers { permanent_uuid: "d7071ff1216d42808d7cfb3ba8e4ee0b" member_type: VOTER last_known_addr { host: "127.5.240.193" port: 42085 } }
I0703 01:39:24.578649 7401 ts_tablet_manager.cc:1073] T a61eb64bf7cc417684a8446570d07208 P d7071ff1216d42808d7cfb3ba8e4ee0b: Time spent starting tablet: real 0.011s user 0.007s sys 0.003s
I0703 01:39:24.581719 7402 raft_consensus.cc:325] T a61eb64bf7cc417684a8446570d07208 P a5fbe0bff97843f89529ce5722817fad [term 0 FOLLOWER]: Replica starting. Triggering 0 pending transactions. Active config: opid_index: -1 OBSOLETE_local: false peers { permanent_uuid: "a5fbe0bff97843f89529ce5722817fad" member_type: VOTER last_known_addr { host: "127.5.240.197" port: 60719 } } peers { permanent_uuid: "29c07deff3f54b10b7ad9a60bc14edeb" member_type: VOTER last_known_addr { host: "127.5.240.194" port: 48424 } } peers { permanent_uuid: "d7071ff1216d42808d7cfb3ba8e4ee0b" member_type: VOTER last_known_addr { host: "127.5.240.193" port: 42085 } }
I0703 01:39:24.581989 7402 raft_consensus.cc:351] T a61eb64bf7cc417684a8446570d07208 P a5fbe0bff97843f89529ce5722817fad [term 0 FOLLOWER]: Consensus starting up: Expiring failure detector timer to make a prompt election more likely
I0703 01:39:24.582037 7402 raft_consensus.cc:628] T a61eb64bf7cc417684a8446570d07208 P a5fbe0bff97843f89529ce5722817fad [term 0 FOLLOWER]: Becoming Follower/Learner. State: Replica: a5fbe0bff97843f89529ce5722817fad, State: Initialized, Role: FOLLOWER
I0703 01:39:24.582399 7402 consensus_queue.cc:227] T a61eb64bf7cc417684a8446570d07208 P a5fbe0bff97843f89529ce5722817fad [NON_LEADER]: Queue going to NON_LEADER mode. State: All replicated index: 0, Majority replicated index: 0, Committed index: 0, Last appended: 0.0, Last appended by leader: 0, Current term: 0, Majority size: -1, State: 0, Mode: NON_LEADER, active raft config: opid_index: -1 OBSOLETE_local: false peers { permanent_uuid: "a5fbe0bff97843f89529ce5722817fad" member_type: VOTER last_known_addr { host: "127.5.240.197" port: 60719 } } peers { permanent_uuid: "29c07deff3f54b10b7ad9a60bc14edeb" member_type: VOTER last_known_addr { host: "127.5.240.194" port: 48424 } } peers { permanent_uuid: "d7071ff1216d42808d7cfb3ba8e4ee0b" member_type: VOTER last_known_addr { host: "127.5.240.193" port: 42085 } }
I0703 01:39:24.583114 7379 heartbeater.cc:467] Master 127.5.240.254:54399 was elected leader, sending a full tablet report...
I0703 01:39:24.583423 7402 ts_tablet_manager.cc:1073] T a61eb64bf7cc417684a8446570d07208 P a5fbe0bff97843f89529ce5722817fad: Time spent starting tablet: real 0.009s user 0.007s sys 0.002s
I0703 01:39:24.600389 7405 raft_consensus.cc:457] T a61eb64bf7cc417684a8446570d07208 P 29c07deff3f54b10b7ad9a60bc14edeb [term 0 FOLLOWER]: Starting pre-election (no leader contacted us within the election timeout)
I0703 01:39:24.600505 7405 raft_consensus.cc:2730] T a61eb64bf7cc417684a8446570d07208 P 29c07deff3f54b10b7ad9a60bc14edeb: Snoozing failure detection for 2.165s (starting election)
I0703 01:39:24.600633 7405 raft_consensus.cc:479] T a61eb64bf7cc417684a8446570d07208 P 29c07deff3f54b10b7ad9a60bc14edeb [term 0 FOLLOWER]: Starting pre-election with config: opid_index: -1 OBSOLETE_local: false peers { permanent_uuid: "a5fbe0bff97843f89529ce5722817fad" member_type: VOTER last_known_addr { host: "127.5.240.197" port: 60719 } } peers { permanent_uuid: "29c07deff3f54b10b7ad9a60bc14edeb" member_type: VOTER last_known_addr { host: "127.5.240.194" port: 48424 } } peers { permanent_uuid: "d7071ff1216d42808d7cfb3ba8e4ee0b" member_type: VOTER last_known_addr { host: "127.5.240.193" port: 42085 } }
I0703 01:39:24.601778 7405 leader_election.cc:243] T a61eb64bf7cc417684a8446570d07208 P 29c07deff3f54b10b7ad9a60bc14edeb [CANDIDATE]: Term 1 pre-election: Requesting pre-vote from peer a5fbe0bff97843f89529ce5722817fad (127.5.240.197:60719)
I0703 01:39:24.602092 7405 leader_election.cc:243] T a61eb64bf7cc417684a8446570d07208 P 29c07deff3f54b10b7ad9a60bc14edeb [CANDIDATE]: Term 1 pre-election: Requesting pre-vote from peer d7071ff1216d42808d7cfb3ba8e4ee0b (127.5.240.193:42085)
I0703 01:39:24.611013 6847 tablet_service.cc:995] Received RequestConsensusVote() RPC: tablet_id: "a61eb64bf7cc417684a8446570d07208" candidate_uuid: "29c07deff3f54b10b7ad9a60bc14edeb" candidate_term: 1 candidate_status { last_received { term: 0 index: 0 } } ignore_live_leader: false dest_uuid: "d7071ff1216d42808d7cfb3ba8e4ee0b" is_pre_election: true
I0703 01:39:24.611948 6847 raft_consensus.cc:2730] T a61eb64bf7cc417684a8446570d07208 P d7071ff1216d42808d7cfb3ba8e4ee0b: Snoozing failure detection for 1.883s (vote granted)
I0703 01:39:24.612083 6847 raft_consensus.cc:2243] T a61eb64bf7cc417684a8446570d07208 P d7071ff1216d42808d7cfb3ba8e4ee0b [term 0 FOLLOWER]: Leader pre-election vote request: Granting yes vote for candidate 29c07deff3f54b10b7ad9a60bc14edeb in term 0.
I0703 01:39:24.611865 7336 tablet_service.cc:995] Received RequestConsensusVote() RPC: tablet_id: "a61eb64bf7cc417684a8446570d07208" candidate_uuid: "29c07deff3f54b10b7ad9a60bc14edeb" candidate_term: 1 candidate_status { last_received { term: 0 index: 0 } } ignore_live_leader: false dest_uuid: "a5fbe0bff97843f89529ce5722817fad" is_pre_election: true
I0703 01:39:24.612563 7336 raft_consensus.cc:2730] T a61eb64bf7cc417684a8446570d07208 P a5fbe0bff97843f89529ce5722817fad: Snoozing failure detection for 1.981s (vote granted)
I0703 01:39:24.612696 7336 raft_consensus.cc:2243] T a61eb64bf7cc417684a8446570d07208 P a5fbe0bff97843f89529ce5722817fad [term 0 FOLLOWER]: Leader pre-election vote request: Granting yes vote for candidate 29c07deff3f54b10b7ad9a60bc14edeb in term 0.
I0703 01:39:24.612975 6903 leader_election.cc:379] T a61eb64bf7cc417684a8446570d07208 P 29c07deff3f54b10b7ad9a60bc14edeb [CANDIDATE]: Term 1 pre-election: Vote granted by peer d7071ff1216d42808d7cfb3ba8e4ee0b (127.5.240.193:42085)
I0703 01:39:24.613056 6903 leader_election.cc:270] T a61eb64bf7cc417684a8446570d07208 P 29c07deff3f54b10b7ad9a60bc14edeb [CANDIDATE]: Term 1 pre-election: Election decided. Result: candidate won.
I0703 01:39:24.613351 7405 raft_consensus.cc:2730] T a61eb64bf7cc417684a8446570d07208 P 29c07deff3f54b10b7ad9a60bc14edeb: Snoozing failure detection for 1.878s (election complete)
I0703 01:39:24.613461 7405 raft_consensus.cc:2537] T a61eb64bf7cc417684a8446570d07208 P 29c07deff3f54b10b7ad9a60bc14edeb [term 0 FOLLOWER]: Leader pre-election won for term 1
I0703 01:39:24.613572 6903 leader_election.cc:379] T a61eb64bf7cc417684a8446570d07208 P 29c07deff3f54b10b7ad9a60bc14edeb [CANDIDATE]: Term 1 pre-election: Vote granted by peer a5fbe0bff97843f89529ce5722817fad (127.5.240.197:60719)
I0703 01:39:24.613574 7405 raft_consensus.cc:457] T a61eb64bf7cc417684a8446570d07208 P 29c07deff3f54b10b7ad9a60bc14edeb [term 0 FOLLOWER]: Starting leader election (no leader contacted us within the election timeout)
I0703 01:39:24.613698 7405 raft_consensus.cc:2730] T a61eb64bf7cc417684a8446570d07208 P 29c07deff3f54b10b7ad9a60bc14edeb: Snoozing failure detection for 1.833s (starting election)
I0703 01:39:24.613790 7405 raft_consensus.cc:2782] T a61eb64bf7cc417684a8446570d07208 P 29c07deff3f54b10b7ad9a60bc14edeb [term 0 FOLLOWER]: Advancing to term 1
I0703 01:39:24.615296 7405 raft_consensus.cc:479] T a61eb64bf7cc417684a8446570d07208 P 29c07deff3f54b10b7ad9a60bc14edeb [term 1 FOLLOWER]: Starting leader election with config: opid_index: -1 OBSOLETE_local: false peers { permanent_uuid: "a5fbe0bff97843f89529ce5722817fad" member_type: VOTER last_known_addr { host: "127.5.240.197" port: 60719 } } peers { permanent_uuid: "29c07deff3f54b10b7ad9a60bc14edeb" member_type: VOTER last_known_addr { host: "127.5.240.194" port: 48424 } } peers { permanent_uuid: "d7071ff1216d42808d7cfb3ba8e4ee0b" member_type: VOTER last_known_addr { host: "127.5.240.193" port: 42085 } }
I0703 01:39:24.615670 7405 leader_election.cc:243] T a61eb64bf7cc417684a8446570d07208 P 29c07deff3f54b10b7ad9a60bc14edeb [CANDIDATE]: Term 1 election: Requesting vote from peer a5fbe0bff97843f89529ce5722817fad (127.5.240.197:60719)
I0703 01:39:24.615830 7405 leader_election.cc:243] T a61eb64bf7cc417684a8446570d07208 P 29c07deff3f54b10b7ad9a60bc14edeb [CANDIDATE]: Term 1 election: Requesting vote from peer d7071ff1216d42808d7cfb3ba8e4ee0b (127.5.240.193:42085)
I0703 01:39:24.616336 7336 tablet_service.cc:995] Received RequestConsensusVote() RPC: tablet_id: "a61eb64bf7cc417684a8446570d07208" candidate_uuid: "29c07deff3f54b10b7ad9a60bc14edeb" candidate_term: 1 candidate_status { last_received { term: 0 index: 0 } } ignore_live_leader: false dest_uuid: "a5fbe0bff97843f89529ce5722817fad"
I0703 01:39:24.616453 7336 raft_consensus.cc:2782] T a61eb64bf7cc417684a8446570d07208 P a5fbe0bff97843f89529ce5722817fad [term 0 FOLLOWER]: Advancing to term 1
I0703 01:39:24.616467 6847 tablet_service.cc:995] Received RequestConsensusVote() RPC: tablet_id: "a61eb64bf7cc417684a8446570d07208" candidate_uuid: "29c07deff3f54b10b7ad9a60bc14edeb" candidate_term: 1 candidate_status { last_received { term: 0 index: 0 } } ignore_live_leader: false dest_uuid: "d7071ff1216d42808d7cfb3ba8e4ee0b"
I0703 01:39:24.616546 7336 raft_consensus.cc:2730] T a61eb64bf7cc417684a8446570d07208 P a5fbe0bff97843f89529ce5722817fad: Snoozing failure detection for 1.629s (vote granted)
I0703 01:39:24.616611 6847 raft_consensus.cc:2782] T a61eb64bf7cc417684a8446570d07208 P d7071ff1216d42808d7cfb3ba8e4ee0b [term 0 FOLLOWER]: Advancing to term 1
I0703 01:39:24.616699 6847 raft_consensus.cc:2730] T a61eb64bf7cc417684a8446570d07208 P d7071ff1216d42808d7cfb3ba8e4ee0b: Snoozing failure detection for 1.693s (vote granted)
I0703 01:39:24.617894 7336 raft_consensus.cc:2243] T a61eb64bf7cc417684a8446570d07208 P a5fbe0bff97843f89529ce5722817fad [term 1 FOLLOWER]: Leader election vote request: Granting yes vote for candidate 29c07deff3f54b10b7ad9a60bc14edeb in term 1.
I0703 01:39:24.618067 6847 raft_consensus.cc:2243] T a61eb64bf7cc417684a8446570d07208 P d7071ff1216d42808d7cfb3ba8e4ee0b [term 1 FOLLOWER]: Leader election vote request: Granting yes vote for candidate 29c07deff3f54b10b7ad9a60bc14edeb in term 1.
I0703 01:39:24.618268 6903 leader_election.cc:379] T a61eb64bf7cc417684a8446570d07208 P 29c07deff3f54b10b7ad9a60bc14edeb [CANDIDATE]: Term 1 election: Vote granted by peer a5fbe0bff97843f89529ce5722817fad (127.5.240.197:60719)
I0703 01:39:24.618329 6903 leader_election.cc:270] T a61eb64bf7cc417684a8446570d07208 P 29c07deff3f54b10b7ad9a60bc14edeb [CANDIDATE]: Term 1 election: Election decided. Result: candidate won.
I0703 01:39:24.618479 7405 raft_consensus.cc:2730] T a61eb64bf7cc417684a8446570d07208 P 29c07deff3f54b10b7ad9a60bc14edeb: Snoozing failure detection for 2.165s (election complete)
I0703 01:39:24.618599 7405 raft_consensus.cc:2537] T a61eb64bf7cc417684a8446570d07208 P 29c07deff3f54b10b7ad9a60bc14edeb [term 1 FOLLOWER]: Leader election won for term 1
I0703 01:39:24.618602 6903 leader_election.cc:379] T a61eb64bf7cc417684a8446570d07208 P 29c07deff3f54b10b7ad9a60bc14edeb [CANDIDATE]: Term 1 election: Vote granted by peer d7071ff1216d42808d7cfb3ba8e4ee0b (127.5.240.193:42085)
I0703 01:39:24.619457 7405 raft_consensus.cc:593] T a61eb64bf7cc417684a8446570d07208 P 29c07deff3f54b10b7ad9a60bc14edeb [term 1 LEADER]: Becoming Leader. State: Replica: 29c07deff3f54b10b7ad9a60bc14edeb, State: Running, Role: LEADER
I0703 01:39:24.619928 7405 consensus_queue.cc:204] T a61eb64bf7cc417684a8446570d07208 P 29c07deff3f54b10b7ad9a60bc14edeb [LEADER]: Queue going to LEADER mode. State: All replicated index: 0, Majority replicated index: 0, Committed index: 0, Last appended: 0.0, Last appended by leader: 0, Current term: 1, Majority size: 2, State: 0, Mode: LEADER, active raft config: opid_index: -1 OBSOLETE_local: false peers { permanent_uuid: "a5fbe0bff97843f89529ce5722817fad" member_type: VOTER last_known_addr { host: "127.5.240.197" port: 60719 } } peers { permanent_uuid: "29c07deff3f54b10b7ad9a60bc14edeb" member_type: VOTER last_known_addr { host: "127.5.240.194" port: 48424 } } peers { permanent_uuid: "d7071ff1216d42808d7cfb3ba8e4ee0b" member_type: VOTER last_known_addr { host: "127.5.240.193" port: 42085 } }
W0703 01:39:24.623479 6891 tablet.cc:1678] T a61eb64bf7cc417684a8446570d07208 P d7071ff1216d42808d7cfb3ba8e4ee0b: Can't schedule compaction. Clean time has not been advanced past its initial value.
I0703 01:39:24.623638 6727 catalog_manager.cc:3798] T a61eb64bf7cc417684a8446570d07208 P 29c07deff3f54b10b7ad9a60bc14edeb reported cstate change: term changed from 0 to 1, leader changed from to 29c07deff3f54b10b7ad9a60bc14edeb (127.5.240.194). New cstate: current_term: 1 leader_uuid: "29c07deff3f54b10b7ad9a60bc14edeb" committed_config { opid_index: -1 OBSOLETE_local: false peers { permanent_uuid: "a5fbe0bff97843f89529ce5722817fad" member_type: VOTER last_known_addr { host: "127.5.240.197" port: 60719 } health_report { overall_health: UNKNOWN } } peers { permanent_uuid: "29c07deff3f54b10b7ad9a60bc14edeb" member_type: VOTER last_known_addr { host: "127.5.240.194" port: 48424 } health_report { overall_health: HEALTHY } } peers { permanent_uuid: "d7071ff1216d42808d7cfb3ba8e4ee0b" member_type: VOTER last_known_addr { host: "127.5.240.193" port: 42085 } health_report { overall_health: UNKNOWN } } }
I0703 01:39:24.629549 6083 external_mini_cluster.cc:490] 5 TS(s) registered with all masters
I0703 01:39:24.630592 6083 ts_itest-base.cc:233] Waiting for 1 tablets on tserver d7071ff1216d42808d7cfb3ba8e4ee0b to finish bootstrapping
I0703 01:39:24.636104 6083 ts_itest-base.cc:233] Waiting for 1 tablets on tserver 29c07deff3f54b10b7ad9a60bc14edeb to finish bootstrapping
I0703 01:39:24.640205 6083 ts_itest-base.cc:233] Waiting for 0 tablets on tserver d45639fe421a4c0c81abaf8a04d04fa9 to finish bootstrapping
I0703 01:39:24.646205 6083 ts_itest-base.cc:233] Waiting for 0 tablets on tserver 50f7f59cd4bf4ccdbb7fef595e615f5c to finish bootstrapping
I0703 01:39:24.651876 6083 ts_itest-base.cc:233] Waiting for 1 tablets on tserver a5fbe0bff97843f89529ce5722817fad to finish bootstrapping
I0703 01:39:24.656749 6083 kudu-admin-test.cc:386] Finding tablet leader and waiting for things to start...
I0703 01:39:24.656803 6083 kudu-admin-test.cc:397] Waiting for Master to see the current replicas...
I0703 01:39:24.658077 6083 kudu-admin-test.cc:405] Tablet locations: tablet_id: "a61eb64bf7cc417684a8446570d07208" replicas { ts_info { permanent_uuid: "a5fbe0bff97843f89529ce5722817fad" rpc_addresses { host: "127.5.240.197" port: 60719 } } role: FOLLOWER } replicas { ts_info { permanent_uuid: "29c07deff3f54b10b7ad9a60bc14edeb" rpc_addresses { host: "127.5.240.194" port: 48424 } } role: LEADER } replicas { ts_info { permanent_uuid: "d7071ff1216d42808d7cfb3ba8e4ee0b" rpc_addresses { host: "127.5.240.193" port: 42085 } } role: FOLLOWER } DEPRECATED_stale: false partition { partition_key_start: "" partition_key_end: "" }
W0703 01:39:24.686646 7014 tablet.cc:1678] T a61eb64bf7cc417684a8446570d07208 P 29c07deff3f54b10b7ad9a60bc14edeb: Can't schedule compaction. Clean time has not been advanced past its initial value.
W0703 01:39:24.738281 7380 tablet.cc:1678] T a61eb64bf7cc417684a8446570d07208 P a5fbe0bff97843f89529ce5722817fad: Can't schedule compaction. Clean time has not been advanced past its initial value.
I0703 01:39:24.844347 7135 heartbeater.cc:467] Master 127.5.240.254:54399 was elected leader, sending a full tablet report...
I0703 01:39:25.066840 6847 raft_consensus.cc:1081] T a61eb64bf7cc417684a8446570d07208 P d7071ff1216d42808d7cfb3ba8e4ee0b [term 1 FOLLOWER]: Refusing update from remote peer 29c07deff3f54b10b7ad9a60bc14edeb: Log matching property violated. Preceding OpId in replica: term: 0 index: 0. Preceding OpId from leader: term: 1 index: 1. (index mismatch)
I0703 01:39:25.068112 7405 consensus_queue.cc:962] T a61eb64bf7cc417684a8446570d07208 P 29c07deff3f54b10b7ad9a60bc14edeb [LEADER]: Connected to new peer: Peer: permanent_uuid: "d7071ff1216d42808d7cfb3ba8e4ee0b" member_type: VOTER last_known_addr { host: "127.5.240.193" port: 42085 }, Status: LMP_MISMATCH, Last received: 0.0, Next index: 1, Last known committed idx: 0, Time since last communication: 0.000s
I0703 01:39:25.073930 7336 raft_consensus.cc:1081] T a61eb64bf7cc417684a8446570d07208 P a5fbe0bff97843f89529ce5722817fad [term 1 FOLLOWER]: Refusing update from remote peer 29c07deff3f54b10b7ad9a60bc14edeb: Log matching property violated. Preceding OpId in replica: term: 0 index: 0. Preceding OpId from leader: term: 1 index: 1. (index mismatch)
I0703 01:39:25.075723 7405 consensus_queue.cc:962] T a61eb64bf7cc417684a8446570d07208 P 29c07deff3f54b10b7ad9a60bc14edeb [LEADER]: Connected to new peer: Peer: permanent_uuid: "a5fbe0bff97843f89529ce5722817fad" member_type: VOTER last_known_addr { host: "127.5.240.197" port: 60719 }, Status: LMP_MISMATCH, Last received: 0.0, Next index: 1, Last known committed idx: 0, Time since last communication: 0.000s
I0703 01:39:25.077278 6083 external_mini_cluster.cc:1034] Attempting to check leaks for /data/somelongdirectorytoavoidrpathissues/src/kudu/build/asan/bin/kudu-master pid 6701
I0703 01:39:25.077895 6757 generic_service.cc:169] Checking for leaks (request via RPC)
I0703 01:39:25.145140 6083 external_mini_cluster.cc:993] Killing /data/somelongdirectorytoavoidrpathissues/src/kudu/build/asan/bin/kudu-master with pid 6701
W0703 01:39:25.157835 6904 connection.cc:512] client connection to 127.5.240.254:54399 recv error: Network error: failed to read from TLS socket (remote: 127.5.240.254:54399): Connection reset by peer (error 104)
W0703 01:39:25.157835 6781 connection.cc:512] client connection to 127.5.240.254:54399 recv error: Network error: failed to read from TLS socket (remote: 127.5.240.254:54399): Connection reset by peer (error 104)
W0703 01:39:25.158565 7026 connection.cc:512] client connection to 127.5.240.254:54399 recv error: Network error: failed to read from TLS socket (remote: 127.5.240.254:54399): Connection reset by peer (error 104)
W0703 01:39:25.159090 7148 connection.cc:512] client connection to 127.5.240.254:54399 recv error: Network error: failed to read from TLS socket (remote: 127.5.240.254:54399): Connection reset by peer (error 104)
W0703 01:39:25.159096 7270 connection.cc:512] client connection to 127.5.240.254:54399 recv error: Network error: failed to read from TLS socket (remote: 0.0.0.0:0): Connection reset by peer (error 104)
W0703 01:39:25.159384 7379 heartbeater.cc:587] Failed to heartbeat to 127.5.240.254:54399: Network error: Failed to send heartbeat to master: failed to read from TLS socket (remote: 0.0.0.0:0): Connection reset by peer (error 104)
W0703 01:39:25.159493 7270 connection.cc:185] Error closing socket: Network error: TlsSocket::Close: Broken pipe
I0703 01:39:25.159552 6083 external_mini_cluster.cc:1034] Attempting to check leaks for /data/somelongdirectorytoavoidrpathissues/src/kudu/build/asan/bin/kudu-tserver pid 6893
I0703 01:39:25.160328 7010 generic_service.cc:169] Checking for leaks (request via RPC)
I0703 01:39:25.187999 7257 heartbeater.cc:467] Master 127.5.240.254:54399 was elected leader, sending a full tablet report...
W0703 01:39:25.189256 7257 heartbeater.cc:587] Failed to heartbeat to 127.5.240.254:54399: Network error: Failed to send heartbeat to master: Client connection negotiation failed: client connection to 127.5.240.254:54399: connect: Connection refused (error 111)
I0703 01:39:25.204661 6083 external_mini_cluster.cc:993] Killing /data/somelongdirectorytoavoidrpathissues/src/kudu/build/asan/bin/kudu-tserver with pid 6893
W0703 01:39:25.213152 7269 connection.cc:512] server connection from 127.5.240.194:57090 recv error: Network error: failed to read from TLS socket (remote: 127.5.240.194:57090): Connection reset by peer (error 104)
W0703 01:39:25.213155 6781 connection.cc:512] server connection from 127.5.240.194:43701 recv error: Network error: failed to read from TLS socket (remote: 127.5.240.194:43701): Connection reset by peer (error 104)
I0703 01:39:25.213732 6083 external_mini_cluster.cc:1034] Attempting to check leaks for /data/somelongdirectorytoavoidrpathissues/src/kudu/build/asan/bin/kudu-tserver pid 6761
I0703 01:39:25.214494 6887 generic_service.cc:169] Checking for leaks (request via RPC)
I0703 01:39:25.256563 6083 external_mini_cluster.cc:993] Killing /data/somelongdirectorytoavoidrpathissues/src/kudu/build/asan/bin/kudu-tserver with pid 6761
I0703 01:39:25.264916 6083 kudu-admin-test.cc:423] Forcing unsafe config change on remaining follower a5fbe0bff97843f89529ce5722817fad
W0703 01:39:25.485536 7422 flags.cc:406] Enabled unsafe flag: --never_fsync=true
I0703 01:39:25.533838 7336 tablet_service.cc:1077] Received UnsafeChangeConfig RPC: dest_uuid: "a5fbe0bff97843f89529ce5722817fad" tablet_id: "a61eb64bf7cc417684a8446570d07208" caller_id: "kudu-tools" new_config { peers { permanent_uuid: "a5fbe0bff97843f89529ce5722817fad" } } from {username='jenkins'} at 127.5.240.197:45180
W0703 01:39:25.534229 7336 raft_consensus.cc:2017] T a61eb64bf7cc417684a8446570d07208 P a5fbe0bff97843f89529ce5722817fad [term 1 FOLLOWER]: PROCEEDING WITH UNSAFE CONFIG CHANGE ON THIS SERVER, COMMITTED CONFIG: opid_index: -1 OBSOLETE_local: false peers { permanent_uuid: "a5fbe0bff97843f89529ce5722817fad" member_type: VOTER last_known_addr { host: "127.5.240.197" port: 60719 } } peers { permanent_uuid: "29c07deff3f54b10b7ad9a60bc14edeb" member_type: VOTER last_known_addr { host: "127.5.240.194" port: 48424 } } peers { permanent_uuid: "d7071ff1216d42808d7cfb3ba8e4ee0b" member_type: VOTER last_known_addr { host: "127.5.240.193" port: 42085 } }NEW CONFIG: opid_index: 2 OBSOLETE_local: false peers { permanent_uuid: "a5fbe0bff97843f89529ce5722817fad" member_type: VOTER last_known_addr { host: "127.5.240.197" port: 60719 } } unsafe_config_change: true
I0703 01:39:25.534466 7336 raft_consensus.cc:2782] T a61eb64bf7cc417684a8446570d07208 P a5fbe0bff97843f89529ce5722817fad [term 1 FOLLOWER]: Advancing to term 2
W0703 01:39:25.537663 7379 heartbeater.cc:587] Failed to heartbeat to 127.5.240.254:54399: Network error: Failed to ping master at 127.5.240.254:54399: Client connection negotiation failed: client connection to 127.5.240.254:54399: connect: Connection refused (error 111)
W0703 01:39:25.847239 7135 heartbeater.cc:587] Failed to heartbeat to 127.5.240.254:54399: Network error: Failed to send heartbeat to master: Client connection negotiation failed: client connection to 127.5.240.254:54399: connect: Connection refused (error 111)
W0703 01:39:26.190598 7257 heartbeater.cc:587] Failed to heartbeat to 127.5.240.254:54399: Network error: Failed to ping master at 127.5.240.254:54399: Client connection negotiation failed: client connection to 127.5.240.254:54399: connect: Connection refused (error 111)
W0703 01:39:26.538889 7379 heartbeater.cc:587] Failed to heartbeat to 127.5.240.254:54399: Network error: Failed to ping master at 127.5.240.254:54399: Client connection negotiation failed: client connection to 127.5.240.254:54399: connect: Connection refused (error 111)
W0703 01:39:26.848533 7135 heartbeater.cc:587] Failed to heartbeat to 127.5.240.254:54399: Network error: Failed to ping master at 127.5.240.254:54399: Client connection negotiation failed: client connection to 127.5.240.254:54399: connect: Connection refused (error 111)
I0703 01:39:27.037371 7441 raft_consensus.cc:457] T a61eb64bf7cc417684a8446570d07208 P a5fbe0bff97843f89529ce5722817fad [term 2 FOLLOWER]: Starting pre-election (detected failure of leader kudu-tools)
I0703 01:39:27.037457 7441 raft_consensus.cc:2730] T a61eb64bf7cc417684a8446570d07208 P a5fbe0bff97843f89529ce5722817fad: Snoozing failure detection for 2.114s (starting election)
I0703 01:39:27.037560 7441 raft_consensus.cc:479] T a61eb64bf7cc417684a8446570d07208 P a5fbe0bff97843f89529ce5722817fad [term 2 FOLLOWER]: Starting pre-election with config: opid_index: 2 OBSOLETE_local: false peers { permanent_uuid: "a5fbe0bff97843f89529ce5722817fad" member_type: VOTER last_known_addr { host: "127.5.240.197" port: 60719 } } unsafe_config_change: true
I0703 01:39:27.037953 7441 leader_election.cc:270] T a61eb64bf7cc417684a8446570d07208 P a5fbe0bff97843f89529ce5722817fad [CANDIDATE]: Term 3 pre-election: Election decided. Result: candidate won.
I0703 01:39:27.038415 7442 raft_consensus.cc:2730] T a61eb64bf7cc417684a8446570d07208 P a5fbe0bff97843f89529ce5722817fad: Snoozing failure detection for 1.526s (election complete)
I0703 01:39:27.038480 7442 raft_consensus.cc:2537] T a61eb64bf7cc417684a8446570d07208 P a5fbe0bff97843f89529ce5722817fad [term 2 FOLLOWER]: Leader pre-election won for term 3
I0703 01:39:27.038525 7442 raft_consensus.cc:457] T a61eb64bf7cc417684a8446570d07208 P a5fbe0bff97843f89529ce5722817fad [term 2 FOLLOWER]: Starting leader election (detected failure of leader kudu-tools)
I0703 01:39:27.038563 7442 raft_consensus.cc:2730] T a61eb64bf7cc417684a8446570d07208 P a5fbe0bff97843f89529ce5722817fad: Snoozing failure detection for 1.882s (starting election)
I0703 01:39:27.038609 7442 raft_consensus.cc:2782] T a61eb64bf7cc417684a8446570d07208 P a5fbe0bff97843f89529ce5722817fad [term 2 FOLLOWER]: Advancing to term 3
I0703 01:39:27.040278 7442 raft_consensus.cc:479] T a61eb64bf7cc417684a8446570d07208 P a5fbe0bff97843f89529ce5722817fad [term 3 FOLLOWER]: Starting leader election with config: opid_index: 2 OBSOLETE_local: false peers { permanent_uuid: "a5fbe0bff97843f89529ce5722817fad" member_type: VOTER last_known_addr { host: "127.5.240.197" port: 60719 } } unsafe_config_change: true
I0703 01:39:27.040426 7442 leader_election.cc:270] T a61eb64bf7cc417684a8446570d07208 P a5fbe0bff97843f89529ce5722817fad [CANDIDATE]: Term 3 election: Election decided. Result: candidate won.
I0703 01:39:27.040602 7441 raft_consensus.cc:2730] T a61eb64bf7cc417684a8446570d07208 P a5fbe0bff97843f89529ce5722817fad: Snoozing failure detection for 2.207s (election complete)
I0703 01:39:27.040663 7441 raft_consensus.cc:2537] T a61eb64bf7cc417684a8446570d07208 P a5fbe0bff97843f89529ce5722817fad [term 3 FOLLOWER]: Leader election won for term 3
I0703 01:39:27.040787 7441 raft_consensus.cc:593] T a61eb64bf7cc417684a8446570d07208 P a5fbe0bff97843f89529ce5722817fad [term 3 LEADER]: Becoming Leader. State: Replica: a5fbe0bff97843f89529ce5722817fad, State: Running, Role: LEADER
I0703 01:39:27.041118 7441 consensus_queue.cc:204] T a61eb64bf7cc417684a8446570d07208 P a5fbe0bff97843f89529ce5722817fad [LEADER]: Queue going to LEADER mode. State: All replicated index: 0, Majority replicated index: 1, Committed index: 1, Last appended: 2.2, Last appended by leader: 0, Current term: 3, Majority size: 1, State: 0, Mode: LEADER, active raft config: opid_index: 2 OBSOLETE_local: false peers { permanent_uuid: "a5fbe0bff97843f89529ce5722817fad" member_type: VOTER last_known_addr { host: "127.5.240.197" port: 60719 } } unsafe_config_change: true
W0703 01:39:27.042093 7379 heartbeater.cc:587] Failed to heartbeat to 127.5.240.254:54399: Network error: Failed to ping master at 127.5.240.254:54399: Client connection negotiation failed: client connection to 127.5.240.254:54399: connect: Connection refused (error 111)
I0703 01:39:27.042711 7441 raft_consensus.cc:2684] T a61eb64bf7cc417684a8446570d07208 P a5fbe0bff97843f89529ce5722817fad [term 3 LEADER]: Committing config change with OpId 2.2: config changed from index -1 to 2, VOTER 29c07deff3f54b10b7ad9a60bc14edeb (127.5.240.194) evicted, VOTER d7071ff1216d42808d7cfb3ba8e4ee0b (127.5.240.193) evicted. New config: { opid_index: 2 OBSOLETE_local: false peers { permanent_uuid: "a5fbe0bff97843f89529ce5722817fad" member_type: VOTER last_known_addr { host: "127.5.240.197" port: 60719 } } unsafe_config_change: true }
W0703 01:39:27.045028 7379 heartbeater.cc:587] Failed to heartbeat to 127.5.240.254:54399: Network error: Failed to ping master at 127.5.240.254:54399: Client connection negotiation failed: client connection to 127.5.240.254:54399: connect: Connection refused (error 111)
I0703 01:39:27.138739 6083 kudu-admin-test.cc:430] Restarting master...
I0703 01:39:27.139135 6083 external_mini_cluster.cc:794] Running /data/somelongdirectorytoavoidrpathissues/src/kudu/build/asan/bin/kudu-master /data/somelongdirectorytoavoidrpathissues/src/kudu/build/asan/bin/kudu-master --fs_wal_dir=/data/somelongdirectorytoavoidrpathissues/src/kudutest/kudu-admin-test.0.AdminCliTest.TestUnsafeChangeConfigOnSingleFollower.1530607157582131-6083/raft_consensus-itest-cluster/master-0/wal --fs_data_dirs=/data/somelongdirectorytoavoidrpathissues/src/kudutest/kudu-admin-test.0.AdminCliTest.TestUnsafeChangeConfigOnSingleFollower.1530607157582131-6083/raft_consensus-itest-cluster/master-0/data --block_manager=log --webserver_interface=localhost --ipki_ca_key_size=1024 --tsk_num_rsa_bits=512 --rpc_bind_addresses=127.5.240.254:54399 --webserver_interface=127.5.240.254 --webserver_port=45037 --never_fsync --ipki_server_key_size=1024 --enable_minidumps=false --redact=none --metrics_log_interval_ms=1000 --logtostderr --logbuflevel=-1 --log_dir=/data/somelongdirectorytoavoidrpathissues/src/kudutest/kudu-admin-test.0.AdminCliTest.TestUnsafeChangeConfigOnSingleFollower.1530607157582131-6083/raft_consensus-itest-cluster/master-0/logs --server_dump_info_path=/data/somelongdirectorytoavoidrpathissues/src/kudutest/kudu-admin-test.0.AdminCliTest.TestUnsafeChangeConfigOnSingleFollower.1530607157582131-6083/raft_consensus-itest-cluster/master-0/data/info.pb --server_dump_info_format=pb --rpc_server_allow_ephemeral_ports --unlock_experimental_flags --unlock_unsafe_flags --rpc_reuseport=true with env {}
W0703 01:39:27.191996 7257 heartbeater.cc:587] Failed to heartbeat to 127.5.240.254:54399: Network error: Failed to ping master at 127.5.240.254:54399: Client connection negotiation failed: client connection to 127.5.240.254:54399: connect: Connection refused (error 111) WARNING: Logging before InitGoogleLogging() is written to STDERR
W0703 01:39:27.319838 7445 flags.cc:406] Enabled unsafe flag: --rpc_server_allow_ephemeral_ports=true
W0703 01:39:27.320071 7445 flags.cc:406] Enabled unsafe flag: --never_fsync=true
W0703 01:39:27.322290 7445 flags.cc:406] Enabled experimental flag: --ipki_ca_key_size=1024
W0703 01:39:27.322336 7445 flags.cc:406] Enabled experimental flag: --ipki_server_key_size=1024
W0703 01:39:27.322394 7445 flags.cc:406] Enabled experimental flag: --tsk_num_rsa_bits=512
W0703 01:39:27.322446 7445 flags.cc:406] Enabled experimental flag: --rpc_reuseport=true
I0703 01:39:27.330564 7445 master_main.cc:73] Master server non-default flags: --fs_data_dirs=/data/somelongdirectorytoavoidrpathissues/src/kudutest/kudu-admin-test.0.AdminCliTest.TestUnsafeChangeConfigOnSingleFollower.1530607157582131-6083/raft_consensus-itest-cluster/master-0/data --fs_wal_dir=/data/somelongdirectorytoavoidrpathissues/src/kudutest/kudu-admin-test.0.AdminCliTest.TestUnsafeChangeConfigOnSingleFollower.1530607157582131-6083/raft_consensus-itest-cluster/master-0/wal --ipki_ca_key_size=1024 --ipki_server_key_size=1024 --tsk_num_rsa_bits=512 --rpc_bind_addresses=127.5.240.254:54399 --rpc_reuseport=true --rpc_server_allow_ephemeral_ports=true --metrics_log_interval_ms=1000 --server_dump_info_format=pb --server_dump_info_path=/data/somelongdirectorytoavoidrpathissues/src/kudutest/kudu-admin-test.0.AdminCliTest.TestUnsafeChangeConfigOnSingleFollower.1530607157582131-6083/raft_consensus-itest-cluster/master-0/data/info.pb --webserver_interface=127.5.240.254 --webserver_port=45037 --never_fsync=true --redact=none --unlock_experimental_flags=true --unlock_unsafe_flags=true --enable_minidumps=false --log_dir=/data/somelongdirectorytoavoidrpathissues/src/kudutest/kudu-admin-test.0.AdminCliTest.TestUnsafeChangeConfigOnSingleFollower.1530607157582131-6083/raft_consensus-itest-cluster/master-0/logs --logbuflevel=-1 --logtostderr=true Master server version: kudu 1.8.0-SNAPSHOT revision 1ae050e4d57bc333de28bcbc62e072e8bafd04b3 build type FASTDEBUG built by jenkins at 03 Jul 2018 00:28:42 PST on quasar-kdakzq-1.vpc.cloudera.com build id 91347 ASAN enabled
I0703 01:39:27.336401 7445 master_main.cc:80] Initializing master server...
I0703 01:39:27.337497 7445 system_ntp.cc:199] NTP initialized. Skew: 500ppm Current error: 137208us
I0703 01:39:27.338625 7445 fs_manager.cc:261] Metadata directory not provided
I0703 01:39:27.338692 7445 fs_manager.cc:267] Using write-ahead log directory (fs_wal_dir) as metadata directory
I0703 01:39:27.346078 7445 fs_manager.cc:397] Time spent opening directory manager: real 0.005s user 0.003s sys 0.002s
I0703 01:39:27.346920 7445 env_posix.cc:1674] Not raising this process' open files per process limit of 32768; it is already as high as it can go
I0703 01:39:27.347347 7445 file_cache.cc:470] Constructed file cache lbm with capacity 13107
I0703 01:39:27.351007 7445 fs_manager.cc:417] Time spent opening block manager: real 0.002s user 0.000s sys 0.001s
I0703 01:39:27.351081 7445 fs_manager.cc:434] Opened local filesystem: /data/somelongdirectorytoavoidrpathissues/src/kudutest/kudu-admin-test.0.AdminCliTest.TestUnsafeChangeConfigOnSingleFollower.1530607157582131-6083/raft_consensus-itest-cluster/master-0/data,/data/somelongdirectorytoavoidrpathissues/src/kudutest/kudu-admin-test.0.AdminCliTest.TestUnsafeChangeConfigOnSingleFollower.1530607157582131-6083/raft_consensus-itest-cluster/master-0/wal uuid: "95bbdac381bb4ab690642dd43f1992e6" format_stamp: "Formatted at 2018-07-03 08:39:22 on quasar-kdakzq-1.vpc.cloudera.com"
I0703 01:39:27.351959 7445 fs_report.cc:352] FS layout report -------------------- wal directory: /data/somelongdirectorytoavoidrpathissues/src/kudutest/kudu-admin-test.0.AdminCliTest.TestUnsafeChangeConfigOnSingleFollower.1530607157582131-6083/raft_consensus-itest-cluster/master-0/wal metadata directory: /data/somelongdirectorytoavoidrpathissues/src/kudutest/kudu-admin-test.0.AdminCliTest.TestUnsafeChangeConfigOnSingleFollower.1530607157582131-6083/raft_consensus-itest-cluster/master-0/wal 1 data directories: /data/somelongdirectorytoavoidrpathissues/src/kudutest/kudu-admin-test.0.AdminCliTest.TestUnsafeChangeConfigOnSingleFollower.1530607157582131-6083/raft_consensus-itest-cluster/master-0/data/data Total live blocks: 0 Total live bytes: 0 Total live bytes (after alignment): 0 Total number of LBM containers: 0 (0 full) Did not check for missing blocks Did not check for orphaned blocks Total full LBM containers with extra space: 0 (0 repaired) Total full LBM container extra space in bytes: 0 (0 repaired) Total incomplete LBM containers: 0 (0 repaired) Total LBM partial records: 0 (0 repaired)
I0703 01:39:27.411818 7445 env_posix.cc:1669] Raising this process' running threads per effective uid limit from 32768 to 65536
I0703 01:39:27.413246 7445 master_main.cc:83] Starting Master server...
I0703 01:39:27.450932 7445 rpc_server.cc:205] RPC server started. Bound to: 127.5.240.254:54399
I0703 01:39:27.451385 7445 webserver.cc:175] Starting webserver on 127.5.240.254:45037
I0703 01:39:27.451431 7445 webserver.cc:186] Document root disabled
I0703 01:39:27.452157 7445 webserver.cc:313] Webserver started. Bound to: http://127.5.240.254:45037/
I0703 01:39:27.452847 7445 server_base.cc:607] Dumped server information to /data/somelongdirectorytoavoidrpathissues/src/kudutest/kudu-admin-test.0.AdminCliTest.TestUnsafeChangeConfigOnSingleFollower.1530607157582131-6083/raft_consensus-itest-cluster/master-0/data/info.pb
I0703 01:39:27.460274 6083 external_mini_cluster.cc:856] Started /data/somelongdirectorytoavoidrpathissues/src/kudu/build/asan/bin/kudu-master as pid 7445
I0703 01:39:27.462059 7505 tablet_bootstrap.cc:427] T 00000000000000000000000000000000 P 95bbdac381bb4ab690642dd43f1992e6: Bootstrap starting.
I0703 01:39:27.475497 7505 log.cc:525] T 00000000000000000000000000000000 P 95bbdac381bb4ab690642dd43f1992e6: Log is configured to *not* fsync() on all Append() calls
I0703 01:39:27.484859 7505 tablet_bootstrap.cc:427] T 00000000000000000000000000000000 P 95bbdac381bb4ab690642dd43f1992e6: Bootstrap replayed 1/1 log segments. Stats: ops{read=7 overwritten=0 applied=7 ignored=1} inserts{seen=4 ignored=0} mutations{seen=2 ignored=0} orphaned_commits=0. Pending: 0 replicates
I0703 01:39:27.485266 7505 tablet_bootstrap.cc:427] T 00000000000000000000000000000000 P 95bbdac381bb4ab690642dd43f1992e6: Bootstrap complete.
I0703 01:39:27.494884 7505 raft_consensus.cc:325] T 00000000000000000000000000000000 P 95bbdac381bb4ab690642dd43f1992e6 [term 1 FOLLOWER]: Replica starting. Triggering 0 pending transactions. Active config: opid_index: -1 OBSOLETE_local: true peers { permanent_uuid: "95bbdac381bb4ab690642dd43f1992e6" member_type: VOTER }
I0703 01:39:27.495597 7505 raft_consensus.cc:628] T 00000000000000000000000000000000 P 95bbdac381bb4ab690642dd43f1992e6 [term 1 FOLLOWER]: Becoming Follower/Learner. State: Replica: 95bbdac381bb4ab690642dd43f1992e6, State: Initialized, Role: FOLLOWER
I0703 01:39:27.496047 7505 consensus_queue.cc:227] T 00000000000000000000000000000000 P 95bbdac381bb4ab690642dd43f1992e6 [NON_LEADER]: Queue going to NON_LEADER mode. State: All replicated index: 0, Majority replicated index: 0, Committed index: 7, Last appended: 1.7, Last appended by leader: 7, Current term: 0, Majority size: -1, State: 0, Mode: NON_LEADER, active raft config: opid_index: -1 OBSOLETE_local: true peers { permanent_uuid: "95bbdac381bb4ab690642dd43f1992e6" member_type: VOTER }
I0703 01:39:27.496170 7505 raft_consensus.cc:365] T 00000000000000000000000000000000 P 95bbdac381bb4ab690642dd43f1992e6 [term 1 FOLLOWER]: Only one voter in the Raft config. Triggering election immediately
