I0703 01:39:35.702311 8637 raft_consensus.cc:2684] T 0b854d2292eb45f7b09f7279fcd23a62 P eb53f28829e04691a2601f44b09fbbe0 [term 3 LEADER]: Committing config change with OpId 2.2: config changed from index -1 to 2, VOTER 4028d6eb9da140bfb94a7fc80bc102c0 (127.5.240.197) evicted, VOTER 8e286bd098564982987f97b2de7590c8 (127.5.240.196) evicted. New config: { opid_index: 2 OBSOLETE_local: false peers { permanent_uuid: "eb53f28829e04691a2601f44b09fbbe0" member_type: VOTER last_known_addr { host: "127.5.240.194" port: 39440 } } unsafe_config_change: true }
I0703 01:39:35.703125 8569 catalog_manager.cc:3798] T 0b854d2292eb45f7b09f7279fcd23a62 P eb53f28829e04691a2601f44b09fbbe0 reported cstate change: term changed from 1 to 3, now has a pending config: VOTER eb53f28829e04691a2601f44b09fbbe0 (127.5.240.194). New cstate: current_term: 3 leader_uuid: "eb53f28829e04691a2601f44b09fbbe0" committed_config { opid_index: -1 OBSOLETE_local: false peers { permanent_uuid: "4028d6eb9da140bfb94a7fc80bc102c0" member_type: VOTER last_known_addr { host: "127.5.240.197" port: 36566 } } peers { permanent_uuid: "8e286bd098564982987f97b2de7590c8" member_type: VOTER last_known_addr { host: "127.5.240.196" port: 49273 } } peers { permanent_uuid: "eb53f28829e04691a2601f44b09fbbe0" member_type: VOTER last_known_addr { host: "127.5.240.194" port: 39440 } health_report { overall_health: HEALTHY } } } pending_config { opid_index: 2 OBSOLETE_local: false peers { permanent_uuid: "eb53f28829e04691a2601f44b09fbbe0" member_type: VOTER last_known_addr { host: "127.5.240.194" port: 39440 } } unsafe_config_change: true }
I0703 01:39:35.712800 8569 catalog_manager.cc:3798] T 0b854d2292eb45f7b09f7279fcd23a62 P eb53f28829e04691a2601f44b09fbbe0 reported cstate change: config changed from index -1 to 2, VOTER 4028d6eb9da140bfb94a7fc80bc102c0 (127.5.240.197) evicted, VOTER 8e286bd098564982987f97b2de7590c8 (127.5.240.196) evicted, no longer has a pending config: VOTER eb53f28829e04691a2601f44b09fbbe0 (127.5.240.194). New cstate: current_term: 3 leader_uuid: "eb53f28829e04691a2601f44b09fbbe0" committed_config { opid_index: 2 OBSOLETE_local: false peers { permanent_uuid: "eb53f28829e04691a2601f44b09fbbe0" member_type: VOTER last_known_addr { host: "127.5.240.194" port: 39440 } health_report { overall_health: HEALTHY } } unsafe_config_change: true }
I0703 01:39:35.714784 8569 catalog_manager.cc:2903] Scheduling retry of 0b854d2292eb45f7b09f7279fcd23a62 Delete Tablet RPC for TS=4028d6eb9da140bfb94a7fc80bc102c0 with a delay of 26 ms (attempt = 1)
W0703 01:39:35.714882 8569 catalog_manager.cc:3957] Failed to send 0b854d2292eb45f7b09f7279fcd23a62 Delete Tablet RPC for TS=4028d6eb9da140bfb94a7fc80bc102c0: Not found: failed to reset TS proxy: Could not find TS for UUID 4028d6eb9da140bfb94a7fc80bc102c0
I0703 01:39:35.714994 8569 catalog_manager.cc:2903] Scheduling retry of 0b854d2292eb45f7b09f7279fcd23a62 Delete Tablet RPC for TS=8e286bd098564982987f97b2de7590c8 with a delay of 21 ms (attempt = 1)
W0703 01:39:35.715054 8569 catalog_manager.cc:3957] Failed to send 0b854d2292eb45f7b09f7279fcd23a62 Delete Tablet RPC for TS=8e286bd098564982987f97b2de7590c8: Not found: failed to reset TS proxy: Could not find TS for UUID 8e286bd098564982987f97b2de7590c8
I0703 01:39:35.715417 8569 catalog_manager.cc:3437] Sending ChangeConfig:ADD_PEER:NON_VOTER on tablet 0b854d2292eb45f7b09f7279fcd23a62 (attempt 1)
I0703 01:39:35.721354 8092 consensus_queue.cc:204] T 0b854d2292eb45f7b09f7279fcd23a62 P eb53f28829e04691a2601f44b09fbbe0 [LEADER]: Queue going to LEADER mode. State: All replicated index: 0, Majority replicated index: 3, Committed index: 3, Last appended: 3.3, Last appended by leader: 0, Current term: 3, Majority size: 1, State: 0, Mode: LEADER, active raft config: opid_index: 4 OBSOLETE_local: false peers { permanent_uuid: "eb53f28829e04691a2601f44b09fbbe0" member_type: VOTER last_known_addr { host: "127.5.240.194" port: 39440 } } peers { permanent_uuid: "8ca84f980eb34212944aaf54d04fd950" member_type: NON_VOTER last_known_addr { host: "127.5.240.193" port: 42094 } attrs { promote: true } } unsafe_config_change: true
I0703 01:39:35.722193 8637 raft_consensus.cc:2684] T 0b854d2292eb45f7b09f7279fcd23a62 P eb53f28829e04691a2601f44b09fbbe0 [term 3 LEADER]: Committing config change with OpId 3.4: config changed from index 2 to 4, NON_VOTER 8ca84f980eb34212944aaf54d04fd950 (127.5.240.193) added. New config: { opid_index: 4 OBSOLETE_local: false peers { permanent_uuid: "eb53f28829e04691a2601f44b09fbbe0" member_type: VOTER last_known_addr { host: "127.5.240.194" port: 39440 } } peers { permanent_uuid: "8ca84f980eb34212944aaf54d04fd950" member_type: NON_VOTER last_known_addr { host: "127.5.240.193" port: 42094 } attrs { promote: true } } unsafe_config_change: true }
I0703 01:39:35.724849 8552 catalog_manager.cc:3352] ChangeConfig:ADD_PEER:NON_VOTER RPC for tablet 0b854d2292eb45f7b09f7279fcd23a62 with cas_config_opid_index 2: ChangeConfig:ADD_PEER:NON_VOTER succeeded (attempt 1)
I0703 01:39:35.725631 8569 catalog_manager.cc:3798] T 0b854d2292eb45f7b09f7279fcd23a62 P eb53f28829e04691a2601f44b09fbbe0 reported cstate change: config changed from index 2 to 4, NON_VOTER 8ca84f980eb34212944aaf54d04fd950 (127.5.240.193) added. New cstate: current_term: 3 leader_uuid: "eb53f28829e04691a2601f44b09fbbe0" committed_config { opid_index: 4 OBSOLETE_local: false peers { permanent_uuid: "eb53f28829e04691a2601f44b09fbbe0" member_type: VOTER last_known_addr { host: "127.5.240.194" port: 39440 } health_report { overall_health: HEALTHY } } peers { permanent_uuid: "8ca84f980eb34212944aaf54d04fd950" member_type: NON_VOTER last_known_addr { host: "127.5.240.193" port: 42094 } attrs { promote: true } health_report { overall_health: UNKNOWN } } unsafe_config_change: true }
I0703 01:39:35.727453 8569 catalog_manager.cc:3437] Sending ChangeConfig:ADD_PEER:NON_VOTER on tablet 0b854d2292eb45f7b09f7279fcd23a62 (attempt 1)
I0703 01:39:35.728392 8092 consensus_peers.cc:455] T 0b854d2292eb45f7b09f7279fcd23a62 P eb53f28829e04691a2601f44b09fbbe0 -> Peer 8ca84f980eb34212944aaf54d04fd950 (127.5.240.193:42094): Closing peer: 8ca84f980eb34212944aaf54d04fd950
I0703 01:39:35.728587 8092 consensus_queue.cc:204] T 0b854d2292eb45f7b09f7279fcd23a62 P eb53f28829e04691a2601f44b09fbbe0 [LEADER]: Queue going to LEADER mode. State: All replicated index: 0, Majority replicated index: 4, Committed index: 4, Last appended: 3.4, Last appended by leader: 0, Current term: 3, Majority size: 1, State: 0, Mode: LEADER, active raft config: opid_index: 5 OBSOLETE_local: false peers { permanent_uuid: "eb53f28829e04691a2601f44b09fbbe0" member_type: VOTER last_known_addr { host: "127.5.240.194" port: 39440 } } peers { permanent_uuid: "8ca84f980eb34212944aaf54d04fd950" member_type: NON_VOTER last_known_addr { host: "127.5.240.193" port: 42094 } attrs { promote: true } } peers { permanent_uuid: "576ad88f26964932bee2e504cb16970b" member_type: NON_VOTER last_known_addr { host: "127.5.240.195" port: 48979 } attrs { promote: true } } unsafe_config_change: true
I0703 01:39:35.730067 8637 raft_consensus.cc:2684] T 0b854d2292eb45f7b09f7279fcd23a62 P eb53f28829e04691a2601f44b09fbbe0 [term 3 LEADER]: Committing config change with OpId 3.5: config changed from index 4 to 5, NON_VOTER 576ad88f26964932bee2e504cb16970b (127.5.240.195) added. New config: { opid_index: 5 OBSOLETE_local: false peers { permanent_uuid: "eb53f28829e04691a2601f44b09fbbe0" member_type: VOTER last_known_addr { host: "127.5.240.194" port: 39440 } } peers { permanent_uuid: "8ca84f980eb34212944aaf54d04fd950" member_type: NON_VOTER last_known_addr { host: "127.5.240.193" port: 42094 } attrs { promote: true } } peers { permanent_uuid: "576ad88f26964932bee2e504cb16970b" member_type: NON_VOTER last_known_addr { host: "127.5.240.195" port: 48979 } attrs { promote: true } } unsafe_config_change: true }
W0703 01:39:35.731178 8024 consensus_peers.cc:433] T 0b854d2292eb45f7b09f7279fcd23a62 P eb53f28829e04691a2601f44b09fbbe0 -> Peer 8ca84f980eb34212944aaf54d04fd950 (127.5.240.193:42094): Couldn't send request to peer 8ca84f980eb34212944aaf54d04fd950 for tablet 0b854d2292eb45f7b09f7279fcd23a62. Error code: TABLET_NOT_FOUND (6). Status: Not found: Tablet not found: 0b854d2292eb45f7b09f7279fcd23a62. Retrying in the next heartbeat period. Already tried 1 times.
I0703 01:39:35.732616 8552 catalog_manager.cc:3352] ChangeConfig:ADD_PEER:NON_VOTER RPC for tablet 0b854d2292eb45f7b09f7279fcd23a62 with cas_config_opid_index 4: ChangeConfig:ADD_PEER:NON_VOTER succeeded (attempt 1)
I0703 01:39:35.733269 8569 catalog_manager.cc:3798] T 0b854d2292eb45f7b09f7279fcd23a62 P eb53f28829e04691a2601f44b09fbbe0 reported cstate change: config changed from index 4 to 5, NON_VOTER 576ad88f26964932bee2e504cb16970b (127.5.240.195) added. New cstate: current_term: 3 leader_uuid: "eb53f28829e04691a2601f44b09fbbe0" committed_config { opid_index: 5 OBSOLETE_local: false peers { permanent_uuid: "eb53f28829e04691a2601f44b09fbbe0" member_type: VOTER last_known_addr { host: "127.5.240.194" port: 39440 } health_report { overall_health: HEALTHY } } peers { permanent_uuid: "8ca84f980eb34212944aaf54d04fd950" member_type: NON_VOTER last_known_addr { host: "127.5.240.193" port: 42094 } attrs { promote: true } health_report { overall_health: UNKNOWN } } peers { permanent_uuid: "576ad88f26964932bee2e504cb16970b" member_type: NON_VOTER last_known_addr { host: "127.5.240.195" port: 48979 } attrs { promote: true } health_report { overall_health: UNKNOWN } } unsafe_config_change: true }
I0703 01:39:35.737080 8552 catalog_manager.cc:2903] Scheduling retry of 0b854d2292eb45f7b09f7279fcd23a62 Delete Tablet RPC for TS=8e286bd098564982987f97b2de7590c8 with a delay of 50 ms (attempt = 2)
W0703 01:39:35.737146 8552 catalog_manager.cc:2922] Async tablet task 0b854d2292eb45f7b09f7279fcd23a62 Delete Tablet RPC for TS=8e286bd098564982987f97b2de7590c8 failed: Not found: failed to reset TS proxy: Could not find TS for UUID 8e286bd098564982987f97b2de7590c8
W0703 01:39:35.737759 8026 consensus_peers.cc:433] T 0b854d2292eb45f7b09f7279fcd23a62 P eb53f28829e04691a2601f44b09fbbe0 -> Peer 576ad88f26964932bee2e504cb16970b (127.5.240.195:48979): Couldn't send request to peer 576ad88f26964932bee2e504cb16970b for tablet 0b854d2292eb45f7b09f7279fcd23a62. Error code: TABLET_NOT_FOUND (6). Status: Not found: Tablet not found: 0b854d2292eb45f7b09f7279fcd23a62. Retrying in the next heartbeat period. Already tried 1 times.
I0703 01:39:35.741215 8550 catalog_manager.cc:2903] Scheduling retry of 0b854d2292eb45f7b09f7279fcd23a62 Delete Tablet RPC for TS=4028d6eb9da140bfb94a7fc80bc102c0 with a delay of 43 ms (attempt = 2)
W0703 01:39:35.741276 8550 catalog_manager.cc:2922] Async tablet task 0b854d2292eb45f7b09f7279fcd23a62 Delete Tablet RPC for TS=4028d6eb9da140bfb94a7fc80bc102c0 failed: Not found: failed to reset TS proxy: Could not find TS for UUID 4028d6eb9da140bfb94a7fc80bc102c0
I0703 01:39:35.784855 8550 catalog_manager.cc:2903] Scheduling retry of 0b854d2292eb45f7b09f7279fcd23a62 Delete Tablet RPC for TS=4028d6eb9da140bfb94a7fc80bc102c0 with a delay of 106 ms (attempt = 3)
W0703 01:39:35.784914 8550 catalog_manager.cc:2922] Async tablet task 0b854d2292eb45f7b09f7279fcd23a62 Delete Tablet RPC for TS=4028d6eb9da140bfb94a7fc80bc102c0 failed: Not found: failed to reset TS proxy: Could not find TS for UUID 4028d6eb9da140bfb94a7fc80bc102c0
I0703 01:39:35.787642 8552 catalog_manager.cc:2903] Scheduling retry of 0b854d2292eb45f7b09f7279fcd23a62 Delete Tablet RPC for TS=8e286bd098564982987f97b2de7590c8 with a delay of 96 ms (attempt = 3)
W0703 01:39:35.787703 8552 catalog_manager.cc:2922] Async tablet task 0b854d2292eb45f7b09f7279fcd23a62 Delete Tablet RPC for TS=8e286bd098564982987f97b2de7590c8 failed: Not found: failed to reset TS proxy: Could not find TS for UUID 8e286bd098564982987f97b2de7590c8
I0703 01:39:35.884378 8552 catalog_manager.cc:2903] Scheduling retry of 0b854d2292eb45f7b09f7279fcd23a62 Delete Tablet RPC for TS=8e286bd098564982987f97b2de7590c8 with a delay of 174 ms (attempt = 4)
W0703 01:39:35.884441 8552 catalog_manager.cc:2922] Async tablet task 0b854d2292eb45f7b09f7279fcd23a62 Delete Tablet RPC for TS=8e286bd098564982987f97b2de7590c8 failed: Not found: failed to reset TS proxy: Could not find TS for UUID 8e286bd098564982987f97b2de7590c8
I0703 01:39:35.891548 8550 catalog_manager.cc:2903] Scheduling retry of 0b854d2292eb45f7b09f7279fcd23a62 Delete Tablet RPC for TS=4028d6eb9da140bfb94a7fc80bc102c0 with a delay of 157 ms (attempt = 4)
W0703 01:39:35.891603 8550 catalog_manager.cc:2922] Async tablet task 0b854d2292eb45f7b09f7279fcd23a62 Delete Tablet RPC for TS=4028d6eb9da140bfb94a7fc80bc102c0 failed: Not found: failed to reset TS proxy: Could not find TS for UUID 4028d6eb9da140bfb94a7fc80bc102c0
I0703 01:39:36.049636 8550 catalog_manager.cc:2903] Scheduling retry of 0b854d2292eb45f7b09f7279fcd23a62 Delete Tablet RPC for TS=4028d6eb9da140bfb94a7fc80bc102c0 with a delay of 277 ms (attempt = 5)
W0703 01:39:36.049713 8550 catalog_manager.cc:2922] Async tablet task 0b854d2292eb45f7b09f7279fcd23a62 Delete Tablet RPC for TS=4028d6eb9da140bfb94a7fc80bc102c0 failed: Not found: failed to reset TS proxy: Could not find TS for UUID 4028d6eb9da140bfb94a7fc80bc102c0
I0703 01:39:36.059417 8552 catalog_manager.cc:2903] Scheduling retry of 0b854d2292eb45f7b09f7279fcd23a62 Delete Tablet RPC for TS=8e286bd098564982987f97b2de7590c8 with a delay of 276 ms (attempt = 5)
W0703 01:39:36.059475 8552 catalog_manager.cc:2922] Async tablet task 0b854d2292eb45f7b09f7279fcd23a62 Delete Tablet RPC for TS=8e286bd098564982987f97b2de7590c8 failed: Not found: failed to reset TS proxy: Could not find TS for UUID 8e286bd098564982987f97b2de7590c8
I0703 01:39:36.222609 8649 ts_tablet_manager.cc:669] T 0b854d2292eb45f7b09f7279fcd23a62 P 8ca84f980eb34212944aaf54d04fd950: Initiating tablet copy from peer eb53f28829e04691a2601f44b09fbbe0 (127.5.240.194:39440)
I0703 01:39:36.222869 8649 tablet_copy_client.cc:239] T 0b854d2292eb45f7b09f7279fcd23a62 P 8ca84f980eb34212944aaf54d04fd950: tablet copy: Beginning tablet copy session from remote peer at address 127.5.240.194:39440
I0703 01:39:36.228559 8112 tablet_copy_service.cc:135] P eb53f28829e04691a2601f44b09fbbe0: Received BeginTabletCopySession request for tablet 0b854d2292eb45f7b09f7279fcd23a62 from peer 8ca84f980eb34212944aaf54d04fd950 ({username='jenkins'} at 127.5.240.193:48685)
I0703 01:39:36.228714 8112 tablet_copy_service.cc:156] P eb53f28829e04691a2601f44b09fbbe0: Beginning new tablet copy session on tablet 0b854d2292eb45f7b09f7279fcd23a62 from peer 8ca84f980eb34212944aaf54d04fd950 at {username='jenkins'} at 127.5.240.193:48685: session id = 8ca84f980eb34212944aaf54d04fd950-0b854d2292eb45f7b09f7279fcd23a62
I0703 01:39:36.230721 8112 tablet_copy_source_session.cc:202] T 0b854d2292eb45f7b09f7279fcd23a62 P eb53f28829e04691a2601f44b09fbbe0: Tablet Copy: opened 0 blocks and 1 log segments
I0703 01:39:36.233369 8649 data_dirs.cc:934] Could only allocate 1 dirs of requested 3 for tablet 0b854d2292eb45f7b09f7279fcd23a62. 1 dirs total, 0 dirs full, 0 dirs failed
I0703 01:39:36.242825 8649 ts_tablet_manager.cc:1173] T 0b854d2292eb45f7b09f7279fcd23a62 P 8ca84f980eb34212944aaf54d04fd950: Registered tablet (data state: TABLET_DATA_COPYING)
I0703 01:39:36.243054 8649 tablet_copy_client.cc:566] T 0b854d2292eb45f7b09f7279fcd23a62 P 8ca84f980eb34212944aaf54d04fd950: tablet copy: Starting download of 0 data blocks...
I0703 01:39:36.243221 8649 tablet_copy_client.cc:529] T 0b854d2292eb45f7b09f7279fcd23a62 P 8ca84f980eb34212944aaf54d04fd950: tablet copy: Starting download of 1 WAL segments...
I0703 01:39:36.244771 8649 tablet_copy_client.cc:405] T 0b854d2292eb45f7b09f7279fcd23a62 P 8ca84f980eb34212944aaf54d04fd950: tablet copy: Tablet Copy complete. Replacing tablet superblock.
I0703 01:39:36.246387 8649 ts_tablet_manager.cc:1028] T 0b854d2292eb45f7b09f7279fcd23a62 P 8ca84f980eb34212944aaf54d04fd950: Bootstrapping tablet
I0703 01:39:36.246628 8649 tablet_bootstrap.cc:427] T 0b854d2292eb45f7b09f7279fcd23a62 P 8ca84f980eb34212944aaf54d04fd950: Bootstrap starting.
I0703 01:39:36.250474 8649 log.cc:525] T 0b854d2292eb45f7b09f7279fcd23a62 P 8ca84f980eb34212944aaf54d04fd950: Log is configured to *not* fsync() on all Append() calls
I0703 01:39:36.254240 8649 tablet_bootstrap.cc:427] T 0b854d2292eb45f7b09f7279fcd23a62 P 8ca84f980eb34212944aaf54d04fd950: Bootstrap replayed 1/1 log segments. Stats: ops{read=5 overwritten=0 applied=5 ignored=0} inserts{seen=0 ignored=0} mutations{seen=0 ignored=0} orphaned_commits=0. Pending: 0 replicates
I0703 01:39:36.254567 8649 tablet_bootstrap.cc:427] T 0b854d2292eb45f7b09f7279fcd23a62 P 8ca84f980eb34212944aaf54d04fd950: Bootstrap complete.
I0703 01:39:36.254807 8649 ts_tablet_manager.cc:1045] T 0b854d2292eb45f7b09f7279fcd23a62 P 8ca84f980eb34212944aaf54d04fd950: Time spent bootstrapping tablet: real 0.008s user 0.006s sys 0.002s
I0703 01:39:36.259673 8649 raft_consensus.cc:325] T 0b854d2292eb45f7b09f7279fcd23a62 P 8ca84f980eb34212944aaf54d04fd950 [term 3 LEARNER]: Replica starting. Triggering 0 pending transactions. Active config: opid_index: 5 OBSOLETE_local: false peers { permanent_uuid: "eb53f28829e04691a2601f44b09fbbe0" member_type: VOTER last_known_addr { host: "127.5.240.194" port: 39440 } } peers { permanent_uuid: "8ca84f980eb34212944aaf54d04fd950" member_type: NON_VOTER last_known_addr { host: "127.5.240.193" port: 42094 } attrs { promote: true } } peers { permanent_uuid: "576ad88f26964932bee2e504cb16970b" member_type: NON_VOTER last_known_addr { host: "127.5.240.195" port: 48979 } attrs { promote: true } } unsafe_config_change: true
I0703 01:39:36.259969 8649 raft_consensus.cc:628] T 0b854d2292eb45f7b09f7279fcd23a62 P 8ca84f980eb34212944aaf54d04fd950 [term 3 LEARNER]: Becoming Follower/Learner. State: Replica: 8ca84f980eb34212944aaf54d04fd950, State: Initialized, Role: LEARNER
I0703 01:39:36.260234 8649 consensus_queue.cc:227] T 0b854d2292eb45f7b09f7279fcd23a62 P 8ca84f980eb34212944aaf54d04fd950 [NON_LEADER]: Queue going to NON_LEADER mode. State: All replicated index: 0, Majority replicated index: 0, Committed index: 5, Last appended: 3.5, Last appended by leader: 5, Current term: 0, Majority size: -1, State: 0, Mode: NON_LEADER, active raft config: opid_index: 5 OBSOLETE_local: false peers { permanent_uuid: "eb53f28829e04691a2601f44b09fbbe0" member_type: VOTER last_known_addr { host: "127.5.240.194" port: 39440 } } peers { permanent_uuid: "8ca84f980eb34212944aaf54d04fd950" member_type: NON_VOTER last_known_addr { host: "127.5.240.193" port: 42094 } attrs { promote: true } } peers { permanent_uuid: "576ad88f26964932bee2e504cb16970b" member_type: NON_VOTER last_known_addr { host: "127.5.240.195" port: 48979 } attrs { promote: true } } unsafe_config_change: true
I0703 01:39:36.262159 8649 ts_tablet_manager.cc:1073] T 0b854d2292eb45f7b09f7279fcd23a62 P 8ca84f980eb34212944aaf54d04fd950: Time spent starting tablet: real 0.007s user 0.005s sys 0.002s
I0703 01:39:36.263032 8112 tablet_copy_service.cc:325] P eb53f28829e04691a2601f44b09fbbe0: Request end of tablet copy session 8ca84f980eb34212944aaf54d04fd950-0b854d2292eb45f7b09f7279fcd23a62 received from {username='jenkins'} at 127.5.240.193:48685
I0703 01:39:36.263115 8112 tablet_copy_service.cc:413] P eb53f28829e04691a2601f44b09fbbe0: ending tablet copy session 8ca84f980eb34212944aaf54d04fd950-0b854d2292eb45f7b09f7279fcd23a62 on tablet 0b854d2292eb45f7b09f7279fcd23a62 with peer 8ca84f980eb34212944aaf54d04fd950
W0703 01:39:36.273754 8013 tablet.cc:1678] T 0b854d2292eb45f7b09f7279fcd23a62 P 8ca84f980eb34212944aaf54d04fd950: Can't schedule compaction. Clean time has not been advanced past its initial value.
I0703 01:39:36.327164 8550 catalog_manager.cc:2903] Scheduling retry of 0b854d2292eb45f7b09f7279fcd23a62 Delete Tablet RPC for TS=4028d6eb9da140bfb94a7fc80bc102c0 with a delay of 546 ms (attempt = 6)
W0703 01:39:36.327230 8550 catalog_manager.cc:2922] Async tablet task 0b854d2292eb45f7b09f7279fcd23a62 Delete Tablet RPC for TS=4028d6eb9da140bfb94a7fc80bc102c0 failed: Not found: failed to reset TS proxy: Could not find TS for UUID 4028d6eb9da140bfb94a7fc80bc102c0
I0703 01:39:36.328922 8654 ts_tablet_manager.cc:669] T 0b854d2292eb45f7b09f7279fcd23a62 P 576ad88f26964932bee2e504cb16970b: Initiating tablet copy from peer eb53f28829e04691a2601f44b09fbbe0 (127.5.240.194:39440)
I0703 01:39:36.329207 8654 tablet_copy_client.cc:239] T 0b854d2292eb45f7b09f7279fcd23a62 P 576ad88f26964932bee2e504cb16970b: tablet copy: Beginning tablet copy session from remote peer at address 127.5.240.194:39440
I0703 01:39:36.333835 8112 tablet_copy_service.cc:135] P eb53f28829e04691a2601f44b09fbbe0: Received BeginTabletCopySession request for tablet 0b854d2292eb45f7b09f7279fcd23a62 from peer 576ad88f26964932bee2e504cb16970b ({username='jenkins'} at 127.5.240.195:35086)
I0703 01:39:36.333961 8112 tablet_copy_service.cc:156] P eb53f28829e04691a2601f44b09fbbe0: Beginning new tablet copy session on tablet 0b854d2292eb45f7b09f7279fcd23a62 from peer 576ad88f26964932bee2e504cb16970b at {username='jenkins'} at 127.5.240.195:35086: session id = 576ad88f26964932bee2e504cb16970b-0b854d2292eb45f7b09f7279fcd23a62
I0703 01:39:36.335640 8112 tablet_copy_source_session.cc:202] T 0b854d2292eb45f7b09f7279fcd23a62 P eb53f28829e04691a2601f44b09fbbe0: Tablet Copy: opened 0 blocks and 1 log segments
I0703 01:39:36.336493 8552 catalog_manager.cc:2903] Scheduling retry of 0b854d2292eb45f7b09f7279fcd23a62 Delete Tablet RPC for TS=8e286bd098564982987f97b2de7590c8 with a delay of 534 ms (attempt = 6)
W0703 01:39:36.336563 8552 catalog_manager.cc:2922] Async tablet task 0b854d2292eb45f7b09f7279fcd23a62 Delete Tablet RPC for TS=8e286bd098564982987f97b2de7590c8 failed: Not found: failed to reset TS proxy: Could not find TS for UUID 8e286bd098564982987f97b2de7590c8
I0703 01:39:36.338165 8654 data_dirs.cc:934] Could only allocate 1 dirs of requested 3 for tablet 0b854d2292eb45f7b09f7279fcd23a62. 1 dirs total, 0 dirs full, 0 dirs failed
I0703 01:39:36.348556 8654 ts_tablet_manager.cc:1173] T 0b854d2292eb45f7b09f7279fcd23a62 P 576ad88f26964932bee2e504cb16970b: Registered tablet (data state: TABLET_DATA_COPYING)
I0703 01:39:36.348848 8654 tablet_copy_client.cc:566] T 0b854d2292eb45f7b09f7279fcd23a62 P 576ad88f26964932bee2e504cb16970b: tablet copy: Starting download of 0 data blocks...
I0703 01:39:36.349007 8654 tablet_copy_client.cc:529] T 0b854d2292eb45f7b09f7279fcd23a62 P 576ad88f26964932bee2e504cb16970b: tablet copy: Starting download of 1 WAL segments...
I0703 01:39:36.350404 8654 tablet_copy_client.cc:405] T 0b854d2292eb45f7b09f7279fcd23a62 P 576ad88f26964932bee2e504cb16970b: tablet copy: Tablet Copy complete. Replacing tablet superblock.
I0703 01:39:36.352134 8654 ts_tablet_manager.cc:1028] T 0b854d2292eb45f7b09f7279fcd23a62 P 576ad88f26964932bee2e504cb16970b: Bootstrapping tablet
I0703 01:39:36.352351 8654 tablet_bootstrap.cc:427] T 0b854d2292eb45f7b09f7279fcd23a62 P 576ad88f26964932bee2e504cb16970b: Bootstrap starting.
I0703 01:39:36.356315 8654 log.cc:525] T 0b854d2292eb45f7b09f7279fcd23a62 P 576ad88f26964932bee2e504cb16970b: Log is configured to *not* fsync() on all Append() calls
I0703 01:39:36.360220 8654 tablet_bootstrap.cc:427] T 0b854d2292eb45f7b09f7279fcd23a62 P 576ad88f26964932bee2e504cb16970b: Bootstrap replayed 1/1 log segments. Stats: ops{read=5 overwritten=0 applied=5 ignored=0} inserts{seen=0 ignored=0} mutations{seen=0 ignored=0} orphaned_commits=0. Pending: 0 replicates
I0703 01:39:36.360958 8654 tablet_bootstrap.cc:427] T 0b854d2292eb45f7b09f7279fcd23a62 P 576ad88f26964932bee2e504cb16970b: Bootstrap complete.
I0703 01:39:36.361207 8654 ts_tablet_manager.cc:1045] T 0b854d2292eb45f7b09f7279fcd23a62 P 576ad88f26964932bee2e504cb16970b: Time spent bootstrapping tablet: real 0.009s user 0.005s sys 0.004s
I0703 01:39:36.366242 8654 raft_consensus.cc:325] T 0b854d2292eb45f7b09f7279fcd23a62 P 576ad88f26964932bee2e504cb16970b [term 3 LEARNER]: Replica starting. Triggering 0 pending transactions. Active config: opid_index: 5 OBSOLETE_local: false peers { permanent_uuid: "eb53f28829e04691a2601f44b09fbbe0" member_type: VOTER last_known_addr { host: "127.5.240.194" port: 39440 } } peers { permanent_uuid: "8ca84f980eb34212944aaf54d04fd950" member_type: NON_VOTER last_known_addr { host: "127.5.240.193" port: 42094 } attrs { promote: true } } peers { permanent_uuid: "576ad88f26964932bee2e504cb16970b" member_type: NON_VOTER last_known_addr { host: "127.5.240.195" port: 48979 } attrs { promote: true } } unsafe_config_change: true
I0703 01:39:36.366535 8654 raft_consensus.cc:628] T 0b854d2292eb45f7b09f7279fcd23a62 P 576ad88f26964932bee2e504cb16970b [term 3 LEARNER]: Becoming Follower/Learner. State: Replica: 576ad88f26964932bee2e504cb16970b, State: Initialized, Role: LEARNER
I0703 01:39:36.366804 8654 consensus_queue.cc:227] T 0b854d2292eb45f7b09f7279fcd23a62 P 576ad88f26964932bee2e504cb16970b [NON_LEADER]: Queue going to NON_LEADER mode. State: All replicated index: 0, Majority replicated index: 0, Committed index: 5, Last appended: 3.5, Last appended by leader: 5, Current term: 0, Majority size: -1, State: 0, Mode: NON_LEADER, active raft config: opid_index: 5 OBSOLETE_local: false peers { permanent_uuid: "eb53f28829e04691a2601f44b09fbbe0" member_type: VOTER last_known_addr { host: "127.5.240.194" port: 39440 } } peers { permanent_uuid: "8ca84f980eb34212944aaf54d04fd950" member_type: NON_VOTER last_known_addr { host: "127.5.240.193" port: 42094 } attrs { promote: true } } peers { permanent_uuid: "576ad88f26964932bee2e504cb16970b" member_type: NON_VOTER last_known_addr { host: "127.5.240.195" port: 48979 } attrs { promote: true } } unsafe_config_change: true
I0703 01:39:36.368263 8654 ts_tablet_manager.cc:1073] T 0b854d2292eb45f7b09f7279fcd23a62 P 576ad88f26964932bee2e504cb16970b: Time spent starting tablet: real 0.007s user 0.007s sys 0.000s
I0703 01:39:36.369180 8112 tablet_copy_service.cc:325] P eb53f28829e04691a2601f44b09fbbe0: Request end of tablet copy session 576ad88f26964932bee2e504cb16970b-0b854d2292eb45f7b09f7279fcd23a62 received from {username='jenkins'} at 127.5.240.195:35086
I0703 01:39:36.369252 8112 tablet_copy_service.cc:413] P eb53f28829e04691a2601f44b09fbbe0: ending tablet copy session 576ad88f26964932bee2e504cb16970b-0b854d2292eb45f7b09f7279fcd23a62 on tablet 0b854d2292eb45f7b09f7279fcd23a62 with peer 576ad88f26964932bee2e504cb16970b
W0703 01:39:36.440201 8258 tablet.cc:1678] T 0b854d2292eb45f7b09f7279fcd23a62 P 576ad88f26964932bee2e504cb16970b: Can't schedule compaction. Clean time has not been advanced past its initial value.
I0703 01:39:36.746564 7969 raft_consensus.cc:1026] T 0b854d2292eb45f7b09f7279fcd23a62 P 8ca84f980eb34212944aaf54d04fd950 [term 3 LEARNER]: Deduplicated request from leader. Original: 3.4->[3.5-3.5] Dedup: 3.5->[]
I0703 01:39:36.871636 8552 catalog_manager.cc:2903] Scheduling retry of 0b854d2292eb45f7b09f7279fcd23a62 Delete Tablet RPC for TS=8e286bd098564982987f97b2de7590c8 with a delay of 1051 ms (attempt = 7)
W0703 01:39:36.871711 8552 catalog_manager.cc:2922] Async tablet task 0b854d2292eb45f7b09f7279fcd23a62 Delete Tablet RPC for TS=8e286bd098564982987f97b2de7590c8 failed: Not found: failed to reset TS proxy: Could not find TS for UUID 8e286bd098564982987f97b2de7590c8
I0703 01:39:36.873950 8214 raft_consensus.cc:1026] T 0b854d2292eb45f7b09f7279fcd23a62 P 576ad88f26964932bee2e504cb16970b [term 3 LEARNER]: Deduplicated request from leader. Original: 3.4->[3.5-3.5] Dedup: 3.5->[]
I0703 01:39:36.874092 8550 catalog_manager.cc:2903] Scheduling retry of 0b854d2292eb45f7b09f7279fcd23a62 Delete Tablet RPC for TS=4028d6eb9da140bfb94a7fc80bc102c0 with a delay of 1058 ms (attempt = 7)
W0703 01:39:36.874177 8550 catalog_manager.cc:2922] Async tablet task 0b854d2292eb45f7b09f7279fcd23a62 Delete Tablet RPC for TS=4028d6eb9da140bfb94a7fc80bc102c0 failed: Not found: failed to reset TS proxy: Could not find TS for UUID 4028d6eb9da140bfb94a7fc80bc102c0
I0703 01:39:37.239085 8659 raft_consensus.cc:890] T 0b854d2292eb45f7b09f7279fcd23a62 P eb53f28829e04691a2601f44b09fbbe0: attempting to promote NON_VOTER 8ca84f980eb34212944aaf54d04fd950 to VOTER
I0703 01:39:37.239401 8659 consensus_peers.cc:455] T 0b854d2292eb45f7b09f7279fcd23a62 P eb53f28829e04691a2601f44b09fbbe0 -> Peer 576ad88f26964932bee2e504cb16970b (127.5.240.195:48979): Closing peer: 576ad88f26964932bee2e504cb16970b
I0703 01:39:37.239470 8659 consensus_peers.cc:455] T 0b854d2292eb45f7b09f7279fcd23a62 P eb53f28829e04691a2601f44b09fbbe0 -> Peer 8ca84f980eb34212944aaf54d04fd950 (127.5.240.193:42094): Closing peer: 8ca84f980eb34212944aaf54d04fd950
I0703 01:39:37.239715 8659 consensus_queue.cc:204] T 0b854d2292eb45f7b09f7279fcd23a62 P eb53f28829e04691a2601f44b09fbbe0 [LEADER]: Queue going to LEADER mode. State: All replicated index: 0, Majority replicated index: 5, Committed index: 5, Last appended: 3.5, Last appended by leader: 0, Current term: 3, Majority size: 2, State: 0, Mode: LEADER, active raft config: opid_index: 6 OBSOLETE_local: false peers { permanent_uuid: "eb53f28829e04691a2601f44b09fbbe0" member_type: VOTER last_known_addr { host: "127.5.240.194" port: 39440 } } peers { permanent_uuid: "8ca84f980eb34212944aaf54d04fd950" member_type: VOTER last_known_addr { host: "127.5.240.193" port: 42094 } attrs { promote: false } } peers { permanent_uuid: "576ad88f26964932bee2e504cb16970b" member_type: NON_VOTER last_known_addr { host: "127.5.240.195" port: 48979 } attrs { promote: true } } unsafe_config_change: true
I0703 01:39:37.241788 7969 raft_consensus.cc:1081] T 0b854d2292eb45f7b09f7279fcd23a62 P 8ca84f980eb34212944aaf54d04fd950 [term 3 LEARNER]: Refusing update from remote peer eb53f28829e04691a2601f44b09fbbe0: Log matching property violated. Preceding OpId in replica: term: 3 index: 5. Preceding OpId from leader: term: 3 index: 6. (index mismatch)
I0703 01:39:37.241788 8214 raft_consensus.cc:1081] T 0b854d2292eb45f7b09f7279fcd23a62 P 576ad88f26964932bee2e504cb16970b [term 3 LEARNER]: Refusing update from remote peer eb53f28829e04691a2601f44b09fbbe0: Log matching property violated. Preceding OpId in replica: term: 3 index: 5. Preceding OpId from leader: term: 3 index: 6. (index mismatch)
I0703 01:39:37.242455 8647 consensus_queue.cc:962] T 0b854d2292eb45f7b09f7279fcd23a62 P eb53f28829e04691a2601f44b09fbbe0 [LEADER]: Connected to new peer: Peer: permanent_uuid: "8ca84f980eb34212944aaf54d04fd950" member_type: VOTER last_known_addr { host: "127.5.240.193" port: 42094 } attrs { promote: false }, Status: LMP_MISMATCH, Last received: 0.0, Next index: 6, Last known committed idx: 5, Time since last communication: 0.000s
I0703 01:39:37.242702 8658 consensus_queue.cc:962] T 0b854d2292eb45f7b09f7279fcd23a62 P eb53f28829e04691a2601f44b09fbbe0 [LEADER]: Connected to new peer: Peer: permanent_uuid: "576ad88f26964932bee2e504cb16970b" member_type: NON_VOTER last_known_addr { host: "127.5.240.195" port: 48979 } attrs { promote: true }, Status: LMP_MISMATCH, Last received: 0.0, Next index: 6, Last known committed idx: 5, Time since last communication: 0.000s
I0703 01:39:37.246534 7969 raft_consensus.cc:2684] T 0b854d2292eb45f7b09f7279fcd23a62 P 8ca84f980eb34212944aaf54d04fd950 [term 3 FOLLOWER]: Committing config change with OpId 3.6: config changed from index 5 to 6, 8ca84f980eb34212944aaf54d04fd950 (127.5.240.193) changed from NON_VOTER to VOTER. New config: { opid_index: 6 OBSOLETE_local: false peers { permanent_uuid: "eb53f28829e04691a2601f44b09fbbe0" member_type: VOTER last_known_addr { host: "127.5.240.194" port: 39440 } } peers { permanent_uuid: "8ca84f980eb34212944aaf54d04fd950" member_type: VOTER last_known_addr { host: "127.5.240.193" port: 42094 } attrs { promote: false } } peers { permanent_uuid: "576ad88f26964932bee2e504cb16970b" member_type: NON_VOTER last_known_addr { host: "127.5.240.195" port: 48979 } attrs { promote: true } } unsafe_config_change: true }
I0703 01:39:37.246598 8214 raft_consensus.cc:2684] T 0b854d2292eb45f7b09f7279fcd23a62 P 576ad88f26964932bee2e504cb16970b [term 3 LEARNER]: Committing config change with OpId 3.6: config changed from index 5 to 6, 8ca84f980eb34212944aaf54d04fd950 (127.5.240.193) changed from NON_VOTER to VOTER. New config: { opid_index: 6 OBSOLETE_local: false peers { permanent_uuid: "eb53f28829e04691a2601f44b09fbbe0" member_type: VOTER last_known_addr { host: "127.5.240.194" port: 39440 } } peers { permanent_uuid: "8ca84f980eb34212944aaf54d04fd950" member_type: VOTER last_known_addr { host: "127.5.240.193" port: 42094 } attrs { promote: false } } peers { permanent_uuid: "576ad88f26964932bee2e504cb16970b" member_type: NON_VOTER last_known_addr { host: "127.5.240.195" port: 48979 } attrs { promote: true } } unsafe_config_change: true }
I0703 01:39:37.246186 8659 raft_consensus.cc:2684] T 0b854d2292eb45f7b09f7279fcd23a62 P eb53f28829e04691a2601f44b09fbbe0 [term 3 LEADER]: Committing config change with OpId 3.6: config changed from index 5 to 6, 8ca84f980eb34212944aaf54d04fd950 (127.5.240.193) changed from NON_VOTER to VOTER. New config: { opid_index: 6 OBSOLETE_local: false peers { permanent_uuid: "eb53f28829e04691a2601f44b09fbbe0" member_type: VOTER last_known_addr { host: "127.5.240.194" port: 39440 } } peers { permanent_uuid: "8ca84f980eb34212944aaf54d04fd950" member_type: VOTER last_known_addr { host: "127.5.240.193" port: 42094 } attrs { promote: false } } peers { permanent_uuid: "576ad88f26964932bee2e504cb16970b" member_type: NON_VOTER last_known_addr { host: "127.5.240.195" port: 48979 } attrs { promote: true } } unsafe_config_change: true }
I0703 01:39:37.250391 8569 catalog_manager.cc:3798] T 0b854d2292eb45f7b09f7279fcd23a62 P 576ad88f26964932bee2e504cb16970b reported cstate change: config changed from index 5 to 6, 8ca84f980eb34212944aaf54d04fd950 (127.5.240.193) changed from NON_VOTER to VOTER. New cstate: current_term: 3 leader_uuid: "eb53f28829e04691a2601f44b09fbbe0" committed_config { opid_index: 6 OBSOLETE_local: false peers { permanent_uuid: "eb53f28829e04691a2601f44b09fbbe0" member_type: VOTER last_known_addr { host: "127.5.240.194" port: 39440 } } peers { permanent_uuid: "8ca84f980eb34212944aaf54d04fd950" member_type: VOTER last_known_addr { host: "127.5.240.193" port: 42094 } attrs { promote: false } } peers { permanent_uuid: "576ad88f26964932bee2e504cb16970b" member_type: NON_VOTER last_known_addr { host: "127.5.240.195" port: 48979 } attrs { promote: true } } unsafe_config_change: true }
I0703 01:39:37.251093 8658 raft_consensus.cc:890] T 0b854d2292eb45f7b09f7279fcd23a62 P eb53f28829e04691a2601f44b09fbbe0: attempting to promote NON_VOTER 576ad88f26964932bee2e504cb16970b to VOTER
I0703 01:39:37.251334 8658 consensus_peers.cc:455] T 0b854d2292eb45f7b09f7279fcd23a62 P eb53f28829e04691a2601f44b09fbbe0 -> Peer 576ad88f26964932bee2e504cb16970b (127.5.240.195:48979): Closing peer: 576ad88f26964932bee2e504cb16970b
I0703 01:39:37.251422 8658 consensus_peers.cc:455] T 0b854d2292eb45f7b09f7279fcd23a62 P eb53f28829e04691a2601f44b09fbbe0 -> Peer 8ca84f980eb34212944aaf54d04fd950 (127.5.240.193:42094): Closing peer: 8ca84f980eb34212944aaf54d04fd950
I0703 01:39:37.251704 8658 consensus_queue.cc:204] T 0b854d2292eb45f7b09f7279fcd23a62 P eb53f28829e04691a2601f44b09fbbe0 [LEADER]: Queue going to LEADER mode. State: All replicated index: 0, Majority replicated index: 6, Committed index: 6, Last appended: 3.6, Last appended by leader: 0, Current term: 3, Majority size: 2, State: 0, Mode: LEADER, active raft config: opid_index: 7 OBSOLETE_local: false peers { permanent_uuid: "eb53f28829e04691a2601f44b09fbbe0" member_type: VOTER last_known_addr { host: "127.5.240.194" port: 39440 } } peers { permanent_uuid: "8ca84f980eb34212944aaf54d04fd950" member_type: VOTER last_known_addr { host: "127.5.240.193" port: 42094 } attrs { promote: false } } peers { permanent_uuid: "576ad88f26964932bee2e504cb16970b" member_type: VOTER last_known_addr { host: "127.5.240.195" port: 48979 } attrs { promote: false } } unsafe_config_change: true
I0703 01:39:37.252578 8647 raft_consensus.cc:853] T 0b854d2292eb45f7b09f7279fcd23a62 P eb53f28829e04691a2601f44b09fbbe0 [term 3 LEADER]: attempt to promote peer 576ad88f26964932bee2e504cb16970b: there is already a config change operation in progress. Unable to promote follower until it completes. Doing nothing.
I0703 01:39:37.253628 8214 raft_consensus.cc:1081] T 0b854d2292eb45f7b09f7279fcd23a62 P 576ad88f26964932bee2e504cb16970b [term 3 LEARNER]: Refusing update from remote peer eb53f28829e04691a2601f44b09fbbe0: Log matching property violated. Preceding OpId in replica: term: 3 index: 6. Preceding OpId from leader: term: 3 index: 7. (index mismatch)
I0703 01:39:37.253700 7969 raft_consensus.cc:1081] T 0b854d2292eb45f7b09f7279fcd23a62 P 8ca84f980eb34212944aaf54d04fd950 [term 3 FOLLOWER]: Refusing update from remote peer eb53f28829e04691a2601f44b09fbbe0: Log matching property violated. Preceding OpId in replica: term: 3 index: 6. Preceding OpId from leader: term: 3 index: 7. (index mismatch)
I0703 01:39:37.254259 8659 consensus_queue.cc:962] T 0b854d2292eb45f7b09f7279fcd23a62 P eb53f28829e04691a2601f44b09fbbe0 [LEADER]: Connected to new peer: Peer: permanent_uuid: "576ad88f26964932bee2e504cb16970b" member_type: VOTER last_known_addr { host: "127.5.240.195" port: 48979 } attrs { promote: false }, Status: LMP_MISMATCH, Last received: 0.0, Next index: 7, Last known committed idx: 6, Time since last communication: 0.000s
I0703 01:39:37.254503 8667 consensus_queue.cc:962] T 0b854d2292eb45f7b09f7279fcd23a62 P eb53f28829e04691a2601f44b09fbbe0 [LEADER]: Connected to new peer: Peer: permanent_uuid: "8ca84f980eb34212944aaf54d04fd950" member_type: VOTER last_known_addr { host: "127.5.240.193" port: 42094 } attrs { promote: false }, Status: LMP_MISMATCH, Last received: 0.0, Next index: 7, Last known committed idx: 6, Time since last communication: 0.000s
I0703 01:39:37.257048 8667 raft_consensus.cc:2684] T 0b854d2292eb45f7b09f7279fcd23a62 P eb53f28829e04691a2601f44b09fbbe0 [term 3 LEADER]: Committing config change with OpId 3.7: config changed from index 6 to 7, 576ad88f26964932bee2e504cb16970b (127.5.240.195) changed from NON_VOTER to VOTER. New config: { opid_index: 7 OBSOLETE_local: false peers { permanent_uuid: "eb53f28829e04691a2601f44b09fbbe0" member_type: VOTER last_known_addr { host: "127.5.240.194" port: 39440 } } peers { permanent_uuid: "8ca84f980eb34212944aaf54d04fd950" member_type: VOTER last_known_addr { host: "127.5.240.193" port: 42094 } attrs { promote: false } } peers { permanent_uuid: "576ad88f26964932bee2e504cb16970b" member_type: VOTER last_known_addr { host: "127.5.240.195" port: 48979 } attrs { promote: false } } unsafe_config_change: true }
I0703 01:39:37.258200 8214 raft_consensus.cc:2684] T 0b854d2292eb45f7b09f7279fcd23a62 P 576ad88f26964932bee2e504cb16970b [term 3 FOLLOWER]: Committing config change with OpId 3.7: config changed from index 6 to 7, 576ad88f26964932bee2e504cb16970b (127.5.240.195) changed from NON_VOTER to VOTER. New config: { opid_index: 7 OBSOLETE_local: false peers { permanent_uuid: "eb53f28829e04691a2601f44b09fbbe0" member_type: VOTER last_known_addr { host: "127.5.240.194" port: 39440 } } peers { permanent_uuid: "8ca84f980eb34212944aaf54d04fd950" member_type: VOTER last_known_addr { host: "127.5.240.193" port: 42094 } attrs { promote: false } } peers { permanent_uuid: "576ad88f26964932bee2e504cb16970b" member_type: VOTER last_known_addr { host: "127.5.240.195" port: 48979 } attrs { promote: false } } unsafe_config_change: true }
I0703 01:39:37.259188 7969 raft_consensus.cc:2684] T 0b854d2292eb45f7b09f7279fcd23a62 P 8ca84f980eb34212944aaf54d04fd950 [term 3 FOLLOWER]: Committing config change with OpId 3.7: config changed from index 6 to 7, 576ad88f26964932bee2e504cb16970b (127.5.240.195) changed from NON_VOTER to VOTER. New config: { opid_index: 7 OBSOLETE_local: false peers { permanent_uuid: "eb53f28829e04691a2601f44b09fbbe0" member_type: VOTER last_known_addr { host: "127.5.240.194" port: 39440 } } peers { permanent_uuid: "8ca84f980eb34212944aaf54d04fd950" member_type: VOTER last_known_addr { host: "127.5.240.193" port: 42094 } attrs { promote: false } } peers { permanent_uuid: "576ad88f26964932bee2e504cb16970b" member_type: VOTER last_known_addr { host: "127.5.240.195" port: 48979 } attrs { promote: false } } unsafe_config_change: true }
I0703 01:39:37.260952 8567 catalog_manager.cc:3798] T 0b854d2292eb45f7b09f7279fcd23a62 P 576ad88f26964932bee2e504cb16970b reported cstate change: config changed from index 6 to 7, 576ad88f26964932bee2e504cb16970b (127.5.240.195) changed from NON_VOTER to VOTER. New cstate: current_term: 3 leader_uuid: "eb53f28829e04691a2601f44b09fbbe0" committed_config { opid_index: 7 OBSOLETE_local: false peers { permanent_uuid: "eb53f28829e04691a2601f44b09fbbe0" member_type: VOTER last_known_addr { host: "127.5.240.194" port: 39440 } } peers { permanent_uuid: "8ca84f980eb34212944aaf54d04fd950" member_type: VOTER last_known_addr { host: "127.5.240.193" port: 42094 } attrs { promote: false } } peers { permanent_uuid: "576ad88f26964932bee2e504cb16970b" member_type: VOTER last_known_addr { host: "127.5.240.195" port: 48979 } attrs { promote: false } } unsafe_config_change: true }
I0703 01:39:37.352926 6083 kudu-admin-test.cc:537] Waiting for Master to see new config...
I0703 01:39:37.357539 6083 kudu-admin-test.cc:542] Tablet locations: tablet_id: "0b854d2292eb45f7b09f7279fcd23a62" replicas { ts_info { permanent_uuid: "eb53f28829e04691a2601f44b09fbbe0" rpc_addresses { host: "127.5.240.194" port: 39440 } } role: LEADER } replicas { ts_info { permanent_uuid: "8ca84f980eb34212944aaf54d04fd950" rpc_addresses { host: "127.5.240.193" port: 42094 } } role: FOLLOWER } replicas { ts_info { permanent_uuid: "576ad88f26964932bee2e504cb16970b" rpc_addresses { host: "127.5.240.195" port: 48979 } } role: FOLLOWER } DEPRECATED_stale: false partition { partition_key_start: "" partition_key_end: "" }
I0703 01:39:37.358629 6083 external_mini_cluster.cc:1034] Attempting to check leaks for /data/somelongdirectorytoavoidrpathissues/src/kudu/build/asan/bin/kudu-tserver pid 7883
I0703 01:39:37.359573 8009 generic_service.cc:169] Checking for leaks (request via RPC)
I0703 01:39:37.403165 6083 external_mini_cluster.cc:993] Killing /data/somelongdirectorytoavoidrpathissues/src/kudu/build/asan/bin/kudu-tserver with pid 7883
W0703 01:39:37.411849 8024 connection.cc:512] client connection to 127.5.240.193:42094 recv error: Network error: failed to read from TLS socket (remote: 127.5.240.193:42094): Connection reset by peer (error 104)
W0703 01:39:37.412197 8024 connection.cc:512] server connection from 127.5.240.193:48685 recv error: Network error: failed to read from TLS socket (remote: 127.5.240.193:48685): Connection reset by peer (error 104)
W0703 01:39:37.412314 8550 connection.cc:512] server connection from 127.5.240.193:42231 recv error: Network error: failed to read from TLS socket (remote: 127.5.240.193:42231): Connection reset by peer (error 104)
I0703 01:39:37.412672 6083 external_mini_cluster.cc:1034] Attempting to check leaks for /data/somelongdirectorytoavoidrpathissues/src/kudu/build/asan/bin/kudu-tserver pid 8016
I0703 01:39:37.413394 8132 generic_service.cc:169] Checking for leaks (request via RPC)
I0703 01:39:37.461000 6083 external_mini_cluster.cc:993] Killing /data/somelongdirectorytoavoidrpathissues/src/kudu/build/asan/bin/kudu-tserver with pid 8016
W0703 01:39:37.469759 8553 connection.cc:512] server connection from 127.5.240.194:41798 recv error: Network error: failed to read from TLS socket (remote: 127.5.240.194:41798): Connection reset by peer (error 104)
W0703 01:39:37.470093 8146 connection.cc:512] server connection from 127.5.240.194:53440 recv error: Network error: failed to read from TLS socket (remote: 127.5.240.194:53440): Connection reset by peer (error 104)
I0703 01:39:37.470544 6083 external_mini_cluster.cc:1034] Attempting to check leaks for /data/somelongdirectorytoavoidrpathissues/src/kudu/build/asan/bin/kudu-tserver pid 8138
W0703 01:39:37.470526 8147 connection.cc:512] client connection to 127.5.240.194:39440 recv error: Network error: failed to read from TLS socket (remote: 127.5.240.194:39440): Connection reset by peer (error 104)
I0703 01:39:37.471343 8254 generic_service.cc:169] Checking for leaks (request via RPC)
I0703 01:39:37.514031 6083 external_mini_cluster.cc:993] Killing /data/somelongdirectorytoavoidrpathissues/src/kudu/build/asan/bin/kudu-tserver with pid 8138
W0703 01:39:37.522229 8551 connection.cc:512] server connection from 127.5.240.195:39668 recv error: Network error: failed to read from TLS socket (remote: 127.5.240.195:39668): Connection reset by peer (error 104)
I0703 01:39:37.522320 6083 external_mini_cluster.cc:1034] Attempting to check leaks for /data/somelongdirectorytoavoidrpathissues/src/kudu/build/asan/bin/kudu-master pid 8543
I0703 01:39:37.523072 8599 generic_service.cc:169] Checking for leaks (request via RPC)
I0703 01:39:37.585047 6083 external_mini_cluster.cc:993] Killing /data/somelongdirectorytoavoidrpathissues/src/kudu/build/asan/bin/kudu-master with pid 8543 [ OK ] AdminCliTest.TestUnsafeChangeConfigOnSingleLeader (6808 ms) [ RUN ] AdminCliTest.TestUnsafeChangeConfigForConfigWithTwoNodes
I0703 01:39:37.608916 6083 test_util.cc:208] Using random seed: 1092398785
I0703 01:39:37.610433 6083 ts_itest-base.cc:113] Starting cluster with:
I0703 01:39:37.610462 6083 ts_itest-base.cc:114] --------------
I0703 01:39:37.610479 6083 ts_itest-base.cc:115] 4 tablet servers
I0703 01:39:37.610496 6083 ts_itest-base.cc:116] 3 replicas per TS
I0703 01:39:37.610509 6083 ts_itest-base.cc:117] --------------
I0703 01:39:37.611711 6083 external_mini_cluster.cc:794] Running /data/somelongdirectorytoavoidrpathissues/src/kudu/build/asan/bin/kudu-master /data/somelongdirectorytoavoidrpathissues/src/kudu/build/asan/bin/kudu-master --fs_wal_dir=/data/somelongdirectorytoavoidrpathissues/src/kudutest/kudu-admin-test.0.AdminCliTest.TestUnsafeChangeConfigForConfigWithTwoNodes.1530607157582131-6083/raft_consensus-itest-cluster/master-0/wal --fs_data_dirs=/data/somelongdirectorytoavoidrpathissues/src/kudutest/kudu-admin-test.0.AdminCliTest.TestUnsafeChangeConfigForConfigWithTwoNodes.1530607157582131-6083/raft_consensus-itest-cluster/master-0/data --block_manager=log --webserver_interface=localhost --ipki_ca_key_size=1024 --tsk_num_rsa_bits=512 --rpc_bind_addresses=127.5.240.254:38609 --webserver_interface=127.5.240.254 --webserver_port=0 --never_fsync --ipki_server_key_size=1024 --enable_minidumps=false --redact=none --metrics_log_interval_ms=1000 --logtostderr --logbuflevel=-1 --log_dir=/data/somelongdirectorytoavoidrpathissues/src/kudutest/kudu-admin-test.0.AdminCliTest.TestUnsafeChangeConfigForConfigWithTwoNodes.1530607157582131-6083/raft_consensus-itest-cluster/master-0/logs --server_dump_info_path=/data/somelongdirectorytoavoidrpathissues/src/kudutest/kudu-admin-test.0.AdminCliTest.TestUnsafeChangeConfigForConfigWithTwoNodes.1530607157582131-6083/raft_consensus-itest-cluster/master-0/data/info.pb --server_dump_info_format=pb --rpc_server_allow_ephemeral_ports --unlock_experimental_flags --unlock_unsafe_flags --rpc_reuseport=true with env {} WARNING: Logging before InitGoogleLogging() is written to STDERR
W0703 01:39:37.791194 8681 flags.cc:406] Enabled unsafe flag: --rpc_server_allow_ephemeral_ports=true
W0703 01:39:37.791402 8681 flags.cc:406] Enabled unsafe flag: --never_fsync=true
W0703 01:39:37.793591 8681 flags.cc:406] Enabled experimental flag: --ipki_ca_key_size=1024
W0703 01:39:37.793649 8681 flags.cc:406] Enabled experimental flag: --ipki_server_key_size=1024
W0703 01:39:37.793684 8681 flags.cc:406] Enabled experimental flag: --tsk_num_rsa_bits=512
W0703 01:39:37.793711 8681 flags.cc:406] Enabled experimental flag: --rpc_reuseport=true
I0703 01:39:37.801731 8681 master_main.cc:73] Master server non-default flags: --fs_data_dirs=/data/somelongdirectorytoavoidrpathissues/src/kudutest/kudu-admin-test.0.AdminCliTest.TestUnsafeChangeConfigForConfigWithTwoNodes.1530607157582131-6083/raft_consensus-itest-cluster/master-0/data --fs_wal_dir=/data/somelongdirectorytoavoidrpathissues/src/kudutest/kudu-admin-test.0.AdminCliTest.TestUnsafeChangeConfigForConfigWithTwoNodes.1530607157582131-6083/raft_consensus-itest-cluster/master-0/wal --ipki_ca_key_size=1024 --ipki_server_key_size=1024 --tsk_num_rsa_bits=512 --rpc_bind_addresses=127.5.240.254:38609 --rpc_reuseport=true --rpc_server_allow_ephemeral_ports=true --metrics_log_interval_ms=1000 --server_dump_info_format=pb --server_dump_info_path=/data/somelongdirectorytoavoidrpathissues/src/kudutest/kudu-admin-test.0.AdminCliTest.TestUnsafeChangeConfigForConfigWithTwoNodes.1530607157582131-6083/raft_consensus-itest-cluster/master-0/data/info.pb --webserver_interface=127.5.240.254 --webserver_port=0 --never_fsync=true --redact=none --unlock_experimental_flags=true --unlock_unsafe_flags=true --enable_minidumps=false --log_dir=/data/somelongdirectorytoavoidrpathissues/src/kudutest/kudu-admin-test.0.AdminCliTest.TestUnsafeChangeConfigForConfigWithTwoNodes.1530607157582131-6083/raft_consensus-itest-cluster/master-0/logs --logbuflevel=-1 --logtostderr=true Master server version: kudu 1.8.0-SNAPSHOT revision 1ae050e4d57bc333de28bcbc62e072e8bafd04b3 build type FASTDEBUG built by jenkins at 03 Jul 2018 00:28:42 PST on quasar-kdakzq-1.vpc.cloudera.com build id 91347 ASAN enabled
I0703 01:39:37.807287 8681 master_main.cc:80] Initializing master server...
I0703 01:39:37.808342 8681 system_ntp.cc:199] NTP initialized. Skew: 500ppm Current error: 142208us
I0703 01:39:37.809389 8681 fs_manager.cc:261] Metadata directory not provided
I0703 01:39:37.809444 8681 fs_manager.cc:267] Using write-ahead log directory (fs_wal_dir) as metadata directory
I0703 01:39:37.809711 8681 server_base.cc:432] Could not load existing FS layout: Not found: could not find a healthy instance file
