I0703 01:39:32.925508 8524 ts_tablet_manager.cc:1028] T 0b854d2292eb45f7b09f7279fcd23a62 P 4028d6eb9da140bfb94a7fc80bc102c0: Bootstrapping tablet
I0703 01:39:32.925839 8523 tablet_bootstrap.cc:578] T 0b854d2292eb45f7b09f7279fcd23a62 P 8e286bd098564982987f97b2de7590c8: No blocks or log segments found. Creating new log.
I0703 01:39:32.926131 8524 tablet_bootstrap.cc:427] T 0b854d2292eb45f7b09f7279fcd23a62 P 4028d6eb9da140bfb94a7fc80bc102c0: Bootstrap starting.
I0703 01:39:32.926698 8523 log.cc:525] T 0b854d2292eb45f7b09f7279fcd23a62 P 8e286bd098564982987f97b2de7590c8: Log is configured to *not* fsync() on all Append() calls
I0703 01:39:32.929065 8524 tablet_bootstrap.cc:578] T 0b854d2292eb45f7b09f7279fcd23a62 P 4028d6eb9da140bfb94a7fc80bc102c0: No blocks or log segments found. Creating new log.
I0703 01:39:32.929877 8523 tablet_bootstrap.cc:427] T 0b854d2292eb45f7b09f7279fcd23a62 P 8e286bd098564982987f97b2de7590c8: No bootstrap required, opened a new log
I0703 01:39:32.929982 8524 log.cc:525] T 0b854d2292eb45f7b09f7279fcd23a62 P 4028d6eb9da140bfb94a7fc80bc102c0: Log is configured to *not* fsync() on all Append() calls
I0703 01:39:32.930057 8523 ts_tablet_manager.cc:1045] T 0b854d2292eb45f7b09f7279fcd23a62 P 8e286bd098564982987f97b2de7590c8: Time spent bootstrapping tablet: real 0.009s user 0.003s sys 0.003s
I0703 01:39:32.929818 8521 raft_consensus.cc:325] T 0b854d2292eb45f7b09f7279fcd23a62 P eb53f28829e04691a2601f44b09fbbe0 [term 0 FOLLOWER]: Replica starting. Triggering 0 pending transactions. Active config: opid_index: -1 OBSOLETE_local: false peers { permanent_uuid: "4028d6eb9da140bfb94a7fc80bc102c0" member_type: VOTER last_known_addr { host: "127.5.240.197" port: 36566 } } peers { permanent_uuid: "8e286bd098564982987f97b2de7590c8" member_type: VOTER last_known_addr { host: "127.5.240.196" port: 49273 } } peers { permanent_uuid: "eb53f28829e04691a2601f44b09fbbe0" member_type: VOTER last_known_addr { host: "127.5.240.194" port: 39440 } }
I0703 01:39:32.930235 8521 raft_consensus.cc:351] T 0b854d2292eb45f7b09f7279fcd23a62 P eb53f28829e04691a2601f44b09fbbe0 [term 0 FOLLOWER]: Consensus starting up: Expiring failure detector timer to make a prompt election more likely
I0703 01:39:32.930320 8521 raft_consensus.cc:628] T 0b854d2292eb45f7b09f7279fcd23a62 P eb53f28829e04691a2601f44b09fbbe0 [term 0 FOLLOWER]: Becoming Follower/Learner. State: Replica: eb53f28829e04691a2601f44b09fbbe0, State: Initialized, Role: FOLLOWER
I0703 01:39:32.930830 8521 consensus_queue.cc:227] T 0b854d2292eb45f7b09f7279fcd23a62 P eb53f28829e04691a2601f44b09fbbe0 [NON_LEADER]: Queue going to NON_LEADER mode. State: All replicated index: 0, Majority replicated index: 0, Committed index: 0, Last appended: 0.0, Last appended by leader: 0, Current term: 0, Majority size: -1, State: 0, Mode: NON_LEADER, active raft config: opid_index: -1 OBSOLETE_local: false peers { permanent_uuid: "4028d6eb9da140bfb94a7fc80bc102c0" member_type: VOTER last_known_addr { host: "127.5.240.197" port: 36566 } } peers { permanent_uuid: "8e286bd098564982987f97b2de7590c8" member_type: VOTER last_known_addr { host: "127.5.240.196" port: 49273 } } peers { permanent_uuid: "eb53f28829e04691a2601f44b09fbbe0" member_type: VOTER last_known_addr { host: "127.5.240.194" port: 39440 } }
I0703 01:39:32.933286 8521 ts_tablet_manager.cc:1073] T 0b854d2292eb45f7b09f7279fcd23a62 P eb53f28829e04691a2601f44b09fbbe0: Time spent starting tablet: real 0.012s user 0.008s sys 0.004s
I0703 01:39:32.935174 8524 tablet_bootstrap.cc:427] T 0b854d2292eb45f7b09f7279fcd23a62 P 4028d6eb9da140bfb94a7fc80bc102c0: No bootstrap required, opened a new log
I0703 01:39:32.935403 8524 ts_tablet_manager.cc:1045] T 0b854d2292eb45f7b09f7279fcd23a62 P 4028d6eb9da140bfb94a7fc80bc102c0: Time spent bootstrapping tablet: real 0.010s user 0.002s sys 0.006s
I0703 01:39:32.939287 8523 raft_consensus.cc:325] T 0b854d2292eb45f7b09f7279fcd23a62 P 8e286bd098564982987f97b2de7590c8 [term 0 FOLLOWER]: Replica starting. Triggering 0 pending transactions. Active config: opid_index: -1 OBSOLETE_local: false peers { permanent_uuid: "4028d6eb9da140bfb94a7fc80bc102c0" member_type: VOTER last_known_addr { host: "127.5.240.197" port: 36566 } } peers { permanent_uuid: "8e286bd098564982987f97b2de7590c8" member_type: VOTER last_known_addr { host: "127.5.240.196" port: 49273 } } peers { permanent_uuid: "eb53f28829e04691a2601f44b09fbbe0" member_type: VOTER last_known_addr { host: "127.5.240.194" port: 39440 } }
I0703 01:39:32.939741 8523 raft_consensus.cc:351] T 0b854d2292eb45f7b09f7279fcd23a62 P 8e286bd098564982987f97b2de7590c8 [term 0 FOLLOWER]: Consensus starting up: Expiring failure detector timer to make a prompt election more likely
I0703 01:39:32.939838 8523 raft_consensus.cc:628] T 0b854d2292eb45f7b09f7279fcd23a62 P 8e286bd098564982987f97b2de7590c8 [term 0 FOLLOWER]: Becoming Follower/Learner. State: Replica: 8e286bd098564982987f97b2de7590c8, State: Initialized, Role: FOLLOWER
I0703 01:39:32.940327 8523 consensus_queue.cc:227] T 0b854d2292eb45f7b09f7279fcd23a62 P 8e286bd098564982987f97b2de7590c8 [NON_LEADER]: Queue going to NON_LEADER mode. State: All replicated index: 0, Majority replicated index: 0, Committed index: 0, Last appended: 0.0, Last appended by leader: 0, Current term: 0, Majority size: -1, State: 0, Mode: NON_LEADER, active raft config: opid_index: -1 OBSOLETE_local: false peers { permanent_uuid: "4028d6eb9da140bfb94a7fc80bc102c0" member_type: VOTER last_known_addr { host: "127.5.240.197" port: 36566 } } peers { permanent_uuid: "8e286bd098564982987f97b2de7590c8" member_type: VOTER last_known_addr { host: "127.5.240.196" port: 49273 } } peers { permanent_uuid: "eb53f28829e04691a2601f44b09fbbe0" member_type: VOTER last_known_addr { host: "127.5.240.194" port: 39440 } }
I0703 01:39:32.941210 8379 heartbeater.cc:467] Master 127.5.240.254:50537 was elected leader, sending a full tablet report...
I0703 01:39:32.942230 8523 ts_tablet_manager.cc:1073] T 0b854d2292eb45f7b09f7279fcd23a62 P 8e286bd098564982987f97b2de7590c8: Time spent starting tablet: real 0.012s user 0.008s sys 0.003s
I0703 01:39:32.943321 8524 raft_consensus.cc:325] T 0b854d2292eb45f7b09f7279fcd23a62 P 4028d6eb9da140bfb94a7fc80bc102c0 [term 0 FOLLOWER]: Replica starting. Triggering 0 pending transactions. Active config: opid_index: -1 OBSOLETE_local: false peers { permanent_uuid: "4028d6eb9da140bfb94a7fc80bc102c0" member_type: VOTER last_known_addr { host: "127.5.240.197" port: 36566 } } peers { permanent_uuid: "8e286bd098564982987f97b2de7590c8" member_type: VOTER last_known_addr { host: "127.5.240.196" port: 49273 } } peers { permanent_uuid: "eb53f28829e04691a2601f44b09fbbe0" member_type: VOTER last_known_addr { host: "127.5.240.194" port: 39440 } }
I0703 01:39:32.943608 8524 raft_consensus.cc:351] T 0b854d2292eb45f7b09f7279fcd23a62 P 4028d6eb9da140bfb94a7fc80bc102c0 [term 0 FOLLOWER]: Consensus starting up: Expiring failure detector timer to make a prompt election more likely
I0703 01:39:32.943677 8524 raft_consensus.cc:628] T 0b854d2292eb45f7b09f7279fcd23a62 P 4028d6eb9da140bfb94a7fc80bc102c0 [term 0 FOLLOWER]: Becoming Follower/Learner. State: Replica: 4028d6eb9da140bfb94a7fc80bc102c0, State: Initialized, Role: FOLLOWER
I0703 01:39:32.944022 8524 consensus_queue.cc:227] T 0b854d2292eb45f7b09f7279fcd23a62 P 4028d6eb9da140bfb94a7fc80bc102c0 [NON_LEADER]: Queue going to NON_LEADER mode. State: All replicated index: 0, Majority replicated index: 0, Committed index: 0, Last appended: 0.0, Last appended by leader: 0, Current term: 0, Majority size: -1, State: 0, Mode: NON_LEADER, active raft config: opid_index: -1 OBSOLETE_local: false peers { permanent_uuid: "4028d6eb9da140bfb94a7fc80bc102c0" member_type: VOTER last_known_addr { host: "127.5.240.197" port: 36566 } } peers { permanent_uuid: "8e286bd098564982987f97b2de7590c8" member_type: VOTER last_known_addr { host: "127.5.240.196" port: 49273 } } peers { permanent_uuid: "eb53f28829e04691a2601f44b09fbbe0" member_type: VOTER last_known_addr { host: "127.5.240.194" port: 39440 } }
I0703 01:39:32.946058 8501 heartbeater.cc:467] Master 127.5.240.254:50537 was elected leader, sending a full tablet report...
I0703 01:39:32.946604 8524 ts_tablet_manager.cc:1073] T 0b854d2292eb45f7b09f7279fcd23a62 P 4028d6eb9da140bfb94a7fc80bc102c0: Time spent starting tablet: real 0.011s user 0.006s sys 0.004s
I0703 01:39:32.959578 8527 raft_consensus.cc:457] T 0b854d2292eb45f7b09f7279fcd23a62 P eb53f28829e04691a2601f44b09fbbe0 [term 0 FOLLOWER]: Starting pre-election (no leader contacted us within the election timeout)
I0703 01:39:32.959679 8527 raft_consensus.cc:2730] T 0b854d2292eb45f7b09f7279fcd23a62 P eb53f28829e04691a2601f44b09fbbe0: Snoozing failure detection for 1.745s (starting election)
I0703 01:39:32.959770 8527 raft_consensus.cc:479] T 0b854d2292eb45f7b09f7279fcd23a62 P eb53f28829e04691a2601f44b09fbbe0 [term 0 FOLLOWER]: Starting pre-election with config: opid_index: -1 OBSOLETE_local: false peers { permanent_uuid: "4028d6eb9da140bfb94a7fc80bc102c0" member_type: VOTER last_known_addr { host: "127.5.240.197" port: 36566 } } peers { permanent_uuid: "8e286bd098564982987f97b2de7590c8" member_type: VOTER last_known_addr { host: "127.5.240.196" port: 49273 } } peers { permanent_uuid: "eb53f28829e04691a2601f44b09fbbe0" member_type: VOTER last_known_addr { host: "127.5.240.194" port: 39440 } }
I0703 01:39:32.960885 8527 leader_election.cc:243] T 0b854d2292eb45f7b09f7279fcd23a62 P eb53f28829e04691a2601f44b09fbbe0 [CANDIDATE]: Term 1 pre-election: Requesting pre-vote from peer 4028d6eb9da140bfb94a7fc80bc102c0 (127.5.240.197:36566)
I0703 01:39:32.961207 8527 leader_election.cc:243] T 0b854d2292eb45f7b09f7279fcd23a62 P eb53f28829e04691a2601f44b09fbbe0 [CANDIDATE]: Term 1 pre-election: Requesting pre-vote from peer 8e286bd098564982987f97b2de7590c8 (127.5.240.196:49273)
I0703 01:39:32.970793 8336 tablet_service.cc:995] Received RequestConsensusVote() RPC: tablet_id: "0b854d2292eb45f7b09f7279fcd23a62" candidate_uuid: "eb53f28829e04691a2601f44b09fbbe0" candidate_term: 1 candidate_status { last_received { term: 0 index: 0 } } ignore_live_leader: false dest_uuid: "8e286bd098564982987f97b2de7590c8" is_pre_election: true
I0703 01:39:32.971410 8336 raft_consensus.cc:2730] T 0b854d2292eb45f7b09f7279fcd23a62 P 8e286bd098564982987f97b2de7590c8: Snoozing failure detection for 1.530s (vote granted)
I0703 01:39:32.971500 8336 raft_consensus.cc:2243] T 0b854d2292eb45f7b09f7279fcd23a62 P 8e286bd098564982987f97b2de7590c8 [term 0 FOLLOWER]: Leader pre-election vote request: Granting yes vote for candidate eb53f28829e04691a2601f44b09fbbe0 in term 0.
I0703 01:39:32.971186 8458 tablet_service.cc:995] Received RequestConsensusVote() RPC: tablet_id: "0b854d2292eb45f7b09f7279fcd23a62" candidate_uuid: "eb53f28829e04691a2601f44b09fbbe0" candidate_term: 1 candidate_status { last_received { term: 0 index: 0 } } ignore_live_leader: false dest_uuid: "4028d6eb9da140bfb94a7fc80bc102c0" is_pre_election: true
I0703 01:39:32.971823 8458 raft_consensus.cc:2730] T 0b854d2292eb45f7b09f7279fcd23a62 P 4028d6eb9da140bfb94a7fc80bc102c0: Snoozing failure detection for 1.923s (vote granted)
I0703 01:39:32.971905 8458 raft_consensus.cc:2243] T 0b854d2292eb45f7b09f7279fcd23a62 P 4028d6eb9da140bfb94a7fc80bc102c0 [term 0 FOLLOWER]: Leader pre-election vote request: Granting yes vote for candidate eb53f28829e04691a2601f44b09fbbe0 in term 0.
I0703 01:39:32.972100 8026 leader_election.cc:379] T 0b854d2292eb45f7b09f7279fcd23a62 P eb53f28829e04691a2601f44b09fbbe0 [CANDIDATE]: Term 1 pre-election: Vote granted by peer 8e286bd098564982987f97b2de7590c8 (127.5.240.196:49273)
I0703 01:39:32.972173 8026 leader_election.cc:270] T 0b854d2292eb45f7b09f7279fcd23a62 P eb53f28829e04691a2601f44b09fbbe0 [CANDIDATE]: Term 1 pre-election: Election decided. Result: candidate won.
I0703 01:39:32.972553 8024 leader_election.cc:379] T 0b854d2292eb45f7b09f7279fcd23a62 P eb53f28829e04691a2601f44b09fbbe0 [CANDIDATE]: Term 1 pre-election: Vote granted by peer 4028d6eb9da140bfb94a7fc80bc102c0 (127.5.240.197:36566)
I0703 01:39:32.972555 8527 raft_consensus.cc:2730] T 0b854d2292eb45f7b09f7279fcd23a62 P eb53f28829e04691a2601f44b09fbbe0: Snoozing failure detection for 2.173s (election complete)
I0703 01:39:32.972679 8527 raft_consensus.cc:2537] T 0b854d2292eb45f7b09f7279fcd23a62 P eb53f28829e04691a2601f44b09fbbe0 [term 0 FOLLOWER]: Leader pre-election won for term 1
I0703 01:39:32.972797 8527 raft_consensus.cc:457] T 0b854d2292eb45f7b09f7279fcd23a62 P eb53f28829e04691a2601f44b09fbbe0 [term 0 FOLLOWER]: Starting leader election (no leader contacted us within the election timeout)
I0703 01:39:32.972854 8527 raft_consensus.cc:2730] T 0b854d2292eb45f7b09f7279fcd23a62 P eb53f28829e04691a2601f44b09fbbe0: Snoozing failure detection for 1.955s (starting election)
I0703 01:39:32.972911 8527 raft_consensus.cc:2782] T 0b854d2292eb45f7b09f7279fcd23a62 P eb53f28829e04691a2601f44b09fbbe0 [term 0 FOLLOWER]: Advancing to term 1
I0703 01:39:32.974660 8527 raft_consensus.cc:479] T 0b854d2292eb45f7b09f7279fcd23a62 P eb53f28829e04691a2601f44b09fbbe0 [term 1 FOLLOWER]: Starting leader election with config: opid_index: -1 OBSOLETE_local: false peers { permanent_uuid: "4028d6eb9da140bfb94a7fc80bc102c0" member_type: VOTER last_known_addr { host: "127.5.240.197" port: 36566 } } peers { permanent_uuid: "8e286bd098564982987f97b2de7590c8" member_type: VOTER last_known_addr { host: "127.5.240.196" port: 49273 } } peers { permanent_uuid: "eb53f28829e04691a2601f44b09fbbe0" member_type: VOTER last_known_addr { host: "127.5.240.194" port: 39440 } }
I0703 01:39:32.975001 8527 leader_election.cc:243] T 0b854d2292eb45f7b09f7279fcd23a62 P eb53f28829e04691a2601f44b09fbbe0 [CANDIDATE]: Term 1 election: Requesting vote from peer 4028d6eb9da140bfb94a7fc80bc102c0 (127.5.240.197:36566)
I0703 01:39:32.975170 8527 leader_election.cc:243] T 0b854d2292eb45f7b09f7279fcd23a62 P eb53f28829e04691a2601f44b09fbbe0 [CANDIDATE]: Term 1 election: Requesting vote from peer 8e286bd098564982987f97b2de7590c8 (127.5.240.196:49273)
I0703 01:39:32.975729 8458 tablet_service.cc:995] Received RequestConsensusVote() RPC: tablet_id: "0b854d2292eb45f7b09f7279fcd23a62" candidate_uuid: "eb53f28829e04691a2601f44b09fbbe0" candidate_term: 1 candidate_status { last_received { term: 0 index: 0 } } ignore_live_leader: false dest_uuid: "4028d6eb9da140bfb94a7fc80bc102c0"
I0703 01:39:32.975834 8458 raft_consensus.cc:2782] T 0b854d2292eb45f7b09f7279fcd23a62 P 4028d6eb9da140bfb94a7fc80bc102c0 [term 0 FOLLOWER]: Advancing to term 1
I0703 01:39:32.975925 8458 raft_consensus.cc:2730] T 0b854d2292eb45f7b09f7279fcd23a62 P 4028d6eb9da140bfb94a7fc80bc102c0: Snoozing failure detection for 1.783s (vote granted)
I0703 01:39:32.975898 8336 tablet_service.cc:995] Received RequestConsensusVote() RPC: tablet_id: "0b854d2292eb45f7b09f7279fcd23a62" candidate_uuid: "eb53f28829e04691a2601f44b09fbbe0" candidate_term: 1 candidate_status { last_received { term: 0 index: 0 } } ignore_live_leader: false dest_uuid: "8e286bd098564982987f97b2de7590c8"
I0703 01:39:32.976006 8336 raft_consensus.cc:2782] T 0b854d2292eb45f7b09f7279fcd23a62 P 8e286bd098564982987f97b2de7590c8 [term 0 FOLLOWER]: Advancing to term 1
I0703 01:39:32.976094 8336 raft_consensus.cc:2730] T 0b854d2292eb45f7b09f7279fcd23a62 P 8e286bd098564982987f97b2de7590c8: Snoozing failure detection for 2.141s (vote granted)
I0703 01:39:32.977216 8458 raft_consensus.cc:2243] T 0b854d2292eb45f7b09f7279fcd23a62 P 4028d6eb9da140bfb94a7fc80bc102c0 [term 1 FOLLOWER]: Leader election vote request: Granting yes vote for candidate eb53f28829e04691a2601f44b09fbbe0 in term 1.
I0703 01:39:32.977445 8336 raft_consensus.cc:2243] T 0b854d2292eb45f7b09f7279fcd23a62 P 8e286bd098564982987f97b2de7590c8 [term 1 FOLLOWER]: Leader election vote request: Granting yes vote for candidate eb53f28829e04691a2601f44b09fbbe0 in term 1.
I0703 01:39:32.977744 8024 leader_election.cc:379] T 0b854d2292eb45f7b09f7279fcd23a62 P eb53f28829e04691a2601f44b09fbbe0 [CANDIDATE]: Term 1 election: Vote granted by peer 4028d6eb9da140bfb94a7fc80bc102c0 (127.5.240.197:36566)
I0703 01:39:32.977843 8024 leader_election.cc:270] T 0b854d2292eb45f7b09f7279fcd23a62 P eb53f28829e04691a2601f44b09fbbe0 [CANDIDATE]: Term 1 election: Election decided. Result: candidate won.
I0703 01:39:32.977939 8026 leader_election.cc:379] T 0b854d2292eb45f7b09f7279fcd23a62 P eb53f28829e04691a2601f44b09fbbe0 [CANDIDATE]: Term 1 election: Vote granted by peer 8e286bd098564982987f97b2de7590c8 (127.5.240.196:49273)
I0703 01:39:32.978083 8527 raft_consensus.cc:2730] T 0b854d2292eb45f7b09f7279fcd23a62 P eb53f28829e04691a2601f44b09fbbe0: Snoozing failure detection for 1.869s (election complete)
I0703 01:39:32.978150 8527 raft_consensus.cc:2537] T 0b854d2292eb45f7b09f7279fcd23a62 P eb53f28829e04691a2601f44b09fbbe0 [term 1 FOLLOWER]: Leader election won for term 1
I0703 01:39:32.978984 8527 raft_consensus.cc:593] T 0b854d2292eb45f7b09f7279fcd23a62 P eb53f28829e04691a2601f44b09fbbe0 [term 1 LEADER]: Becoming Leader. State: Replica: eb53f28829e04691a2601f44b09fbbe0, State: Running, Role: LEADER
I0703 01:39:32.979372 8527 consensus_queue.cc:204] T 0b854d2292eb45f7b09f7279fcd23a62 P eb53f28829e04691a2601f44b09fbbe0 [LEADER]: Queue going to LEADER mode. State: All replicated index: 0, Majority replicated index: 0, Committed index: 0, Last appended: 0.0, Last appended by leader: 0, Current term: 1, Majority size: 2, State: 0, Mode: LEADER, active raft config: opid_index: -1 OBSOLETE_local: false peers { permanent_uuid: "4028d6eb9da140bfb94a7fc80bc102c0" member_type: VOTER last_known_addr { host: "127.5.240.197" port: 36566 } } peers { permanent_uuid: "8e286bd098564982987f97b2de7590c8" member_type: VOTER last_known_addr { host: "127.5.240.196" port: 49273 } } peers { permanent_uuid: "eb53f28829e04691a2601f44b09fbbe0" member_type: VOTER last_known_addr { host: "127.5.240.194" port: 39440 } }
I0703 01:39:32.983175 7849 catalog_manager.cc:3798] T 0b854d2292eb45f7b09f7279fcd23a62 P eb53f28829e04691a2601f44b09fbbe0 reported cstate change: term changed from 0 to 1, leader changed from to eb53f28829e04691a2601f44b09fbbe0 (127.5.240.194). New cstate: current_term: 1 leader_uuid: "eb53f28829e04691a2601f44b09fbbe0" committed_config { opid_index: -1 OBSOLETE_local: false peers { permanent_uuid: "4028d6eb9da140bfb94a7fc80bc102c0" member_type: VOTER last_known_addr { host: "127.5.240.197" port: 36566 } health_report { overall_health: UNKNOWN } } peers { permanent_uuid: "8e286bd098564982987f97b2de7590c8" member_type: VOTER last_known_addr { host: "127.5.240.196" port: 49273 } health_report { overall_health: UNKNOWN } } peers { permanent_uuid: "eb53f28829e04691a2601f44b09fbbe0" member_type: VOTER last_known_addr { host: "127.5.240.194" port: 39440 } health_report { overall_health: HEALTHY } } }
I0703 01:39:32.995748 6083 external_mini_cluster.cc:490] 5 TS(s) registered with all masters
I0703 01:39:32.996842 6083 ts_itest-base.cc:233] Waiting for 0 tablets on tserver 8ca84f980eb34212944aaf54d04fd950 to finish bootstrapping
I0703 01:39:33.003401 6083 ts_itest-base.cc:233] Waiting for 1 tablets on tserver eb53f28829e04691a2601f44b09fbbe0 to finish bootstrapping
I0703 01:39:33.007817 6083 ts_itest-base.cc:233] Waiting for 0 tablets on tserver 576ad88f26964932bee2e504cb16970b to finish bootstrapping
W0703 01:39:33.011771 8380 tablet.cc:1678] T 0b854d2292eb45f7b09f7279fcd23a62 P 8e286bd098564982987f97b2de7590c8: Can't schedule compaction. Clean time has not been advanced past its initial value.
I0703 01:39:33.014101 6083 ts_itest-base.cc:233] Waiting for 1 tablets on tserver 8e286bd098564982987f97b2de7590c8 to finish bootstrapping
I0703 01:39:33.019374 6083 ts_itest-base.cc:233] Waiting for 1 tablets on tserver 4028d6eb9da140bfb94a7fc80bc102c0 to finish bootstrapping
I0703 01:39:33.024256 6083 kudu-admin-test.cc:487] Waiting for Master to see the current replicas...
I0703 01:39:33.025492 6083 kudu-admin-test.cc:494] Tablet locations: tablet_id: "0b854d2292eb45f7b09f7279fcd23a62" replicas { ts_info { permanent_uuid: "4028d6eb9da140bfb94a7fc80bc102c0" rpc_addresses { host: "127.5.240.197" port: 36566 } } role: FOLLOWER } replicas { ts_info { permanent_uuid: "8e286bd098564982987f97b2de7590c8" rpc_addresses { host: "127.5.240.196" port: 49273 } } role: FOLLOWER } replicas { ts_info { permanent_uuid: "eb53f28829e04691a2601f44b09fbbe0" rpc_addresses { host: "127.5.240.194" port: 39440 } } role: LEADER } DEPRECATED_stale: false partition { partition_key_start: "" partition_key_end: "" }
W0703 01:39:33.099112 8502 tablet.cc:1678] T 0b854d2292eb45f7b09f7279fcd23a62 P 4028d6eb9da140bfb94a7fc80bc102c0: Can't schedule compaction. Clean time has not been advanced past its initial value.
W0703 01:39:33.105149 8136 tablet.cc:1678] T 0b854d2292eb45f7b09f7279fcd23a62 P eb53f28829e04691a2601f44b09fbbe0: Can't schedule compaction. Clean time has not been advanced past its initial value.
I0703 01:39:33.204341 8257 heartbeater.cc:467] Master 127.5.240.254:50537 was elected leader, sending a full tablet report...
I0703 01:39:33.427286 8458 raft_consensus.cc:1081] T 0b854d2292eb45f7b09f7279fcd23a62 P 4028d6eb9da140bfb94a7fc80bc102c0 [term 1 FOLLOWER]: Refusing update from remote peer eb53f28829e04691a2601f44b09fbbe0: Log matching property violated. Preceding OpId in replica: term: 0 index: 0. Preceding OpId from leader: term: 1 index: 1. (index mismatch)
I0703 01:39:33.428436 8527 consensus_queue.cc:962] T 0b854d2292eb45f7b09f7279fcd23a62 P eb53f28829e04691a2601f44b09fbbe0 [LEADER]: Connected to new peer: Peer: permanent_uuid: "4028d6eb9da140bfb94a7fc80bc102c0" member_type: VOTER last_known_addr { host: "127.5.240.197" port: 36566 }, Status: LMP_MISMATCH, Last received: 0.0, Next index: 1, Last known committed idx: 0, Time since last communication: 0.000s
I0703 01:39:33.434573 8336 raft_consensus.cc:1081] T 0b854d2292eb45f7b09f7279fcd23a62 P 8e286bd098564982987f97b2de7590c8 [term 1 FOLLOWER]: Refusing update from remote peer eb53f28829e04691a2601f44b09fbbe0: Log matching property violated. Preceding OpId in replica: term: 0 index: 0. Preceding OpId from leader: term: 1 index: 1. (index mismatch)
I0703 01:39:33.435431 8538 consensus_queue.cc:962] T 0b854d2292eb45f7b09f7279fcd23a62 P eb53f28829e04691a2601f44b09fbbe0 [LEADER]: Connected to new peer: Peer: permanent_uuid: "8e286bd098564982987f97b2de7590c8" member_type: VOTER last_known_addr { host: "127.5.240.196" port: 49273 }, Status: LMP_MISMATCH, Last received: 0.0, Next index: 1, Last known committed idx: 0, Time since last communication: 0.000s
I0703 01:39:33.439653 6083 external_mini_cluster.cc:1034] Attempting to check leaks for /data/somelongdirectorytoavoidrpathissues/src/kudu/build/asan/bin/kudu-tserver pid 8382
I0703 01:39:33.440593 8498 generic_service.cc:169] Checking for leaks (request via RPC)
I0703 01:39:33.484063 6083 external_mini_cluster.cc:993] Killing /data/somelongdirectorytoavoidrpathissues/src/kudu/build/asan/bin/kudu-tserver with pid 8382
W0703 01:39:33.492280 7832 connection.cc:512] server connection from 127.5.240.197:41525 recv error: Network error: failed to read from TLS socket (remote: 127.5.240.197:41525): Connection reset by peer (error 104)
W0703 01:39:33.492302 8024 connection.cc:512] client connection to 127.5.240.197:36566 recv error: Network error: failed to read from TLS socket (remote: 127.5.240.197:36566): Connection reset by peer (error 104)
I0703 01:39:33.493016 6083 external_mini_cluster.cc:1034] Attempting to check leaks for /data/somelongdirectorytoavoidrpathissues/src/kudu/build/asan/bin/kudu-tserver pid 8260
I0703 01:39:33.493764 8376 generic_service.cc:169] Checking for leaks (request via RPC)
I0703 01:39:33.536973 6083 external_mini_cluster.cc:993] Killing /data/somelongdirectorytoavoidrpathissues/src/kudu/build/asan/bin/kudu-tserver with pid 8260
W0703 01:39:33.544534 8026 connection.cc:512] client connection to 127.5.240.196:49273 recv error: Network error: failed to read from TLS socket (remote: 127.5.240.196:49273): Connection reset by peer (error 104)
W0703 01:39:33.544750 7831 connection.cc:512] server connection from 127.5.240.196:36671 recv error: Network error: failed to read from TLS socket (remote: 127.5.240.196:36671): Connection reset by peer (error 104)
I0703 01:39:33.544888 6083 external_mini_cluster.cc:1034] Attempting to check leaks for /data/somelongdirectorytoavoidrpathissues/src/kudu/build/asan/bin/kudu-master pid 7823
I0703 01:39:33.545658 7879 generic_service.cc:169] Checking for leaks (request via RPC)
I0703 01:39:33.608454 6083 external_mini_cluster.cc:993] Killing /data/somelongdirectorytoavoidrpathissues/src/kudu/build/asan/bin/kudu-master with pid 7823
W0703 01:39:33.621160 8025 connection.cc:512] client connection to 127.5.240.254:50537 recv error: Network error: failed to read from TLS socket (remote: 127.5.240.254:50537): Connection reset by peer (error 104)
W0703 01:39:33.621139 7902 connection.cc:512] client connection to 127.5.240.254:50537 recv error: Network error: failed to read from TLS socket (remote: 127.5.240.254:50537): Connection reset by peer (error 104)
W0703 01:39:33.621165 8147 connection.cc:512] client connection to 127.5.240.254:50537 recv error: Network error: failed to read from TLS socket (remote: 127.5.240.254:50537): Connection reset by peer (error 104)
W0703 01:39:33.621739 8012 heartbeater.cc:587] Failed to heartbeat to 127.5.240.254:50537: Network error: Failed to send heartbeat to master: failed to read from TLS socket (remote: 127.5.240.254:50537): Connection reset by peer (error 104)
I0703 01:39:33.621819 6083 external_mini_cluster.cc:794] Running /data/somelongdirectorytoavoidrpathissues/src/kudu/build/asan/bin/kudu-master /data/somelongdirectorytoavoidrpathissues/src/kudu/build/asan/bin/kudu-master --fs_wal_dir=/data/somelongdirectorytoavoidrpathissues/src/kudutest/kudu-admin-test.0.AdminCliTest.TestUnsafeChangeConfigOnSingleLeader.1530607157582131-6083/raft_consensus-itest-cluster/master-0/wal --fs_data_dirs=/data/somelongdirectorytoavoidrpathissues/src/kudutest/kudu-admin-test.0.AdminCliTest.TestUnsafeChangeConfigOnSingleLeader.1530607157582131-6083/raft_consensus-itest-cluster/master-0/data --block_manager=log --webserver_interface=localhost --ipki_ca_key_size=1024 --tsk_num_rsa_bits=512 --rpc_bind_addresses=127.5.240.254:50537 --webserver_interface=127.5.240.254 --webserver_port=53890 --never_fsync --ipki_server_key_size=1024 --enable_minidumps=false --redact=none --metrics_log_interval_ms=1000 --logtostderr --logbuflevel=-1 --log_dir=/data/somelongdirectorytoavoidrpathissues/src/kudutest/kudu-admin-test.0.AdminCliTest.TestUnsafeChangeConfigOnSingleLeader.1530607157582131-6083/raft_consensus-itest-cluster/master-0/logs --server_dump_info_path=/data/somelongdirectorytoavoidrpathissues/src/kudutest/kudu-admin-test.0.AdminCliTest.TestUnsafeChangeConfigOnSingleLeader.1530607157582131-6083/raft_consensus-itest-cluster/master-0/data/info.pb --server_dump_info_format=pb --rpc_server_allow_ephemeral_ports --unlock_experimental_flags --unlock_unsafe_flags --rpc_reuseport=true with env {} WARNING: Logging before InitGoogleLogging() is written to STDERR
W0703 01:39:33.805371 8543 flags.cc:406] Enabled unsafe flag: --rpc_server_allow_ephemeral_ports=true
W0703 01:39:33.805596 8543 flags.cc:406] Enabled unsafe flag: --never_fsync=true
W0703 01:39:33.807904 8543 flags.cc:406] Enabled experimental flag: --ipki_ca_key_size=1024
W0703 01:39:33.807940 8543 flags.cc:406] Enabled experimental flag: --ipki_server_key_size=1024
W0703 01:39:33.807966 8543 flags.cc:406] Enabled experimental flag: --tsk_num_rsa_bits=512
W0703 01:39:33.807997 8543 flags.cc:406] Enabled experimental flag: --rpc_reuseport=true
I0703 01:39:33.815495 8543 master_main.cc:73] Master server non-default flags: --fs_data_dirs=/data/somelongdirectorytoavoidrpathissues/src/kudutest/kudu-admin-test.0.AdminCliTest.TestUnsafeChangeConfigOnSingleLeader.1530607157582131-6083/raft_consensus-itest-cluster/master-0/data --fs_wal_dir=/data/somelongdirectorytoavoidrpathissues/src/kudutest/kudu-admin-test.0.AdminCliTest.TestUnsafeChangeConfigOnSingleLeader.1530607157582131-6083/raft_consensus-itest-cluster/master-0/wal --ipki_ca_key_size=1024 --ipki_server_key_size=1024 --tsk_num_rsa_bits=512 --rpc_bind_addresses=127.5.240.254:50537 --rpc_reuseport=true --rpc_server_allow_ephemeral_ports=true --metrics_log_interval_ms=1000 --server_dump_info_format=pb --server_dump_info_path=/data/somelongdirectorytoavoidrpathissues/src/kudutest/kudu-admin-test.0.AdminCliTest.TestUnsafeChangeConfigOnSingleLeader.1530607157582131-6083/raft_consensus-itest-cluster/master-0/data/info.pb --webserver_interface=127.5.240.254 --webserver_port=53890 --never_fsync=true --redact=none --unlock_experimental_flags=true --unlock_unsafe_flags=true --enable_minidumps=false --log_dir=/data/somelongdirectorytoavoidrpathissues/src/kudutest/kudu-admin-test.0.AdminCliTest.TestUnsafeChangeConfigOnSingleLeader.1530607157582131-6083/raft_consensus-itest-cluster/master-0/logs --logbuflevel=-1 --logtostderr=true Master server version: kudu 1.8.0-SNAPSHOT revision 1ae050e4d57bc333de28bcbc62e072e8bafd04b3 build type FASTDEBUG built by jenkins at 03 Jul 2018 00:28:42 PST on quasar-kdakzq-1.vpc.cloudera.com build id 91347 ASAN enabled
I0703 01:39:33.820698 8543 master_main.cc:80] Initializing master server...
I0703 01:39:33.821744 8543 system_ntp.cc:199] NTP initialized. Skew: 500ppm Current error: 140208us
I0703 01:39:33.822818 8543 fs_manager.cc:261] Metadata directory not provided
I0703 01:39:33.822875 8543 fs_manager.cc:267] Using write-ahead log directory (fs_wal_dir) as metadata directory
I0703 01:39:33.830279 8543 fs_manager.cc:397] Time spent opening directory manager: real 0.005s user 0.001s sys 0.003s
I0703 01:39:33.831111 8543 env_posix.cc:1674] Not raising this process' open files per process limit of 32768; it is already as high as it can go
I0703 01:39:33.831508 8543 file_cache.cc:470] Constructed file cache lbm with capacity 13107
I0703 01:39:33.835079 8543 fs_manager.cc:417] Time spent opening block manager: real 0.002s user 0.001s sys 0.001s
I0703 01:39:33.835145 8543 fs_manager.cc:434] Opened local filesystem: /data/somelongdirectorytoavoidrpathissues/src/kudutest/kudu-admin-test.0.AdminCliTest.TestUnsafeChangeConfigOnSingleLeader.1530607157582131-6083/raft_consensus-itest-cluster/master-0/data,/data/somelongdirectorytoavoidrpathissues/src/kudutest/kudu-admin-test.0.AdminCliTest.TestUnsafeChangeConfigOnSingleLeader.1530607157582131-6083/raft_consensus-itest-cluster/master-0/wal uuid: "f23c54bf26ca4ea4a4d3f921196318d6" format_stamp: "Formatted at 2018-07-03 08:39:31 on quasar-kdakzq-1.vpc.cloudera.com"
I0703 01:39:33.836014 8543 fs_report.cc:352] FS layout report -------------------- wal directory: /data/somelongdirectorytoavoidrpathissues/src/kudutest/kudu-admin-test.0.AdminCliTest.TestUnsafeChangeConfigOnSingleLeader.1530607157582131-6083/raft_consensus-itest-cluster/master-0/wal metadata directory: /data/somelongdirectorytoavoidrpathissues/src/kudutest/kudu-admin-test.0.AdminCliTest.TestUnsafeChangeConfigOnSingleLeader.1530607157582131-6083/raft_consensus-itest-cluster/master-0/wal 1 data directories: /data/somelongdirectorytoavoidrpathissues/src/kudutest/kudu-admin-test.0.AdminCliTest.TestUnsafeChangeConfigOnSingleLeader.1530607157582131-6083/raft_consensus-itest-cluster/master-0/data/data Total live blocks: 0 Total live bytes: 0 Total live bytes (after alignment): 0 Total number of LBM containers: 0 (0 full) Did not check for missing blocks Did not check for orphaned blocks Total full LBM containers with extra space: 0 (0 repaired) Total full LBM container extra space in bytes: 0 (0 repaired) Total incomplete LBM containers: 0 (0 repaired) Total LBM partial records: 0 (0 repaired)
I0703 01:39:33.865397 8543 env_posix.cc:1669] Raising this process' running threads per effective uid limit from 32768 to 65536
I0703 01:39:33.866823 8543 master_main.cc:83] Starting Master server...
I0703 01:39:33.905169 8543 rpc_server.cc:205] RPC server started. Bound to: 127.5.240.254:50537
I0703 01:39:33.905593 8543 webserver.cc:175] Starting webserver on 127.5.240.254:53890
I0703 01:39:33.905647 8543 webserver.cc:186] Document root disabled
I0703 01:39:33.906798 8543 webserver.cc:313] Webserver started. Bound to: http://127.5.240.254:53890/
I0703 01:39:33.907460 8543 server_base.cc:607] Dumped server information to /data/somelongdirectorytoavoidrpathissues/src/kudutest/kudu-admin-test.0.AdminCliTest.TestUnsafeChangeConfigOnSingleLeader.1530607157582131-6083/raft_consensus-itest-cluster/master-0/data/info.pb
I0703 01:39:33.914253 6083 external_mini_cluster.cc:856] Started /data/somelongdirectorytoavoidrpathissues/src/kudu/build/asan/bin/kudu-master as pid 8543
I0703 01:39:33.914357 6083 kudu-admin-test.cc:513] Forcing unsafe config change on tserver eb53f28829e04691a2601f44b09fbbe0
I0703 01:39:33.915879 8602 tablet_bootstrap.cc:427] T 00000000000000000000000000000000 P f23c54bf26ca4ea4a4d3f921196318d6: Bootstrap starting.
I0703 01:39:33.928156 8602 log.cc:525] T 00000000000000000000000000000000 P f23c54bf26ca4ea4a4d3f921196318d6: Log is configured to *not* fsync() on all Append() calls
W0703 01:39:33.935608 8024 consensus_peers.cc:433] T 0b854d2292eb45f7b09f7279fcd23a62 P eb53f28829e04691a2601f44b09fbbe0 -> Peer 4028d6eb9da140bfb94a7fc80bc102c0 (127.5.240.197:36566): Couldn't send request to peer 4028d6eb9da140bfb94a7fc80bc102c0 for tablet 0b854d2292eb45f7b09f7279fcd23a62. Status: Network error: Client connection negotiation failed: client connection to 127.5.240.197:36566: connect: Connection refused (error 111). Retrying in the next heartbeat period. Already tried 1 times.
I0703 01:39:33.938146 8602 tablet_bootstrap.cc:427] T 00000000000000000000000000000000 P f23c54bf26ca4ea4a4d3f921196318d6: Bootstrap replayed 1/1 log segments. Stats: ops{read=7 overwritten=0 applied=7 ignored=1} inserts{seen=4 ignored=0} mutations{seen=2 ignored=0} orphaned_commits=0. Pending: 0 replicates
I0703 01:39:33.938639 8602 tablet_bootstrap.cc:427] T 00000000000000000000000000000000 P f23c54bf26ca4ea4a4d3f921196318d6: Bootstrap complete.
W0703 01:39:33.949057 8026 consensus_peers.cc:433] T 0b854d2292eb45f7b09f7279fcd23a62 P eb53f28829e04691a2601f44b09fbbe0 -> Peer 8e286bd098564982987f97b2de7590c8 (127.5.240.196:49273): Couldn't send request to peer 8e286bd098564982987f97b2de7590c8 for tablet 0b854d2292eb45f7b09f7279fcd23a62. Status: Network error: Client connection negotiation failed: client connection to 127.5.240.196:49273: connect: Connection refused (error 111). Retrying in the next heartbeat period. Already tried 1 times.
I0703 01:39:33.949139 8602 raft_consensus.cc:325] T 00000000000000000000000000000000 P f23c54bf26ca4ea4a4d3f921196318d6 [term 1 FOLLOWER]: Replica starting. Triggering 0 pending transactions. Active config: opid_index: -1 OBSOLETE_local: true peers { permanent_uuid: "f23c54bf26ca4ea4a4d3f921196318d6" member_type: VOTER }
I0703 01:39:33.950887 8602 raft_consensus.cc:628] T 00000000000000000000000000000000 P f23c54bf26ca4ea4a4d3f921196318d6 [term 1 FOLLOWER]: Becoming Follower/Learner. State: Replica: f23c54bf26ca4ea4a4d3f921196318d6, State: Initialized, Role: FOLLOWER
I0703 01:39:33.955310 8602 consensus_queue.cc:227] T 00000000000000000000000000000000 P f23c54bf26ca4ea4a4d3f921196318d6 [NON_LEADER]: Queue going to NON_LEADER mode. State: All replicated index: 0, Majority replicated index: 0, Committed index: 7, Last appended: 1.7, Last appended by leader: 7, Current term: 0, Majority size: -1, State: 0, Mode: NON_LEADER, active raft config: opid_index: -1 OBSOLETE_local: true peers { permanent_uuid: "f23c54bf26ca4ea4a4d3f921196318d6" member_type: VOTER }
I0703 01:39:33.955608 8602 raft_consensus.cc:365] T 00000000000000000000000000000000 P f23c54bf26ca4ea4a4d3f921196318d6 [term 1 FOLLOWER]: Only one voter in the Raft config. Triggering election immediately
I0703 01:39:33.955844 8602 raft_consensus.cc:457] T 00000000000000000000000000000000 P f23c54bf26ca4ea4a4d3f921196318d6 [term 1 FOLLOWER]: Starting leader election (initial election of a single-replica configuration)
I0703 01:39:33.956008 8602 raft_consensus.cc:2730] T 00000000000000000000000000000000 P f23c54bf26ca4ea4a4d3f921196318d6: Snoozing failure detection for 1.831s (starting election)
I0703 01:39:33.956171 8602 raft_consensus.cc:2782] T 00000000000000000000000000000000 P f23c54bf26ca4ea4a4d3f921196318d6 [term 1 FOLLOWER]: Advancing to term 2
I0703 01:39:33.963976 8602 raft_consensus.cc:479] T 00000000000000000000000000000000 P f23c54bf26ca4ea4a4d3f921196318d6 [term 2 FOLLOWER]: Starting leader election with config: opid_index: -1 OBSOLETE_local: true peers { permanent_uuid: "f23c54bf26ca4ea4a4d3f921196318d6" member_type: VOTER }
I0703 01:39:33.964474 8602 leader_election.cc:270] T 00000000000000000000000000000000 P f23c54bf26ca4ea4a4d3f921196318d6 [CANDIDATE]: Term 2 election: Election decided. Result: candidate won.
I0703 01:39:33.966372 8610 raft_consensus.cc:2730] T 00000000000000000000000000000000 P f23c54bf26ca4ea4a4d3f921196318d6: Snoozing failure detection for 1.748s (election complete)
I0703 01:39:33.966560 8610 raft_consensus.cc:2537] T 00000000000000000000000000000000 P f23c54bf26ca4ea4a4d3f921196318d6 [term 2 FOLLOWER]: Leader election won for term 2
I0703 01:39:33.970140 8610 raft_consensus.cc:593] T 00000000000000000000000000000000 P f23c54bf26ca4ea4a4d3f921196318d6 [term 2 LEADER]: Becoming Leader. State: Replica: f23c54bf26ca4ea4a4d3f921196318d6, State: Running, Role: LEADER
I0703 01:39:33.970731 8610 consensus_queue.cc:204] T 00000000000000000000000000000000 P f23c54bf26ca4ea4a4d3f921196318d6 [LEADER]: Queue going to LEADER mode. State: All replicated index: 0, Majority replicated index: 7, Committed index: 7, Last appended: 1.7, Last appended by leader: 7, Current term: 2, Majority size: 1, State: 0, Mode: LEADER, active raft config: opid_index: -1 OBSOLETE_local: true peers { permanent_uuid: "f23c54bf26ca4ea4a4d3f921196318d6" member_type: VOTER }
W0703 01:39:33.971843 8135 heartbeater.cc:587] Failed to heartbeat to 127.5.240.254:50537: Service unavailable: Catalog manager is not initialized. State: Starting
I0703 01:39:33.973806 8602 sys_catalog.cc:337] T 00000000000000000000000000000000 P f23c54bf26ca4ea4a4d3f921196318d6 [sys.catalog]: SysCatalogTable state changed. Reason: Started TabletReplica. Latest consensus state: current_term: 2 leader_uuid: "f23c54bf26ca4ea4a4d3f921196318d6" committed_config { opid_index: -1 OBSOLETE_local: true peers { permanent_uuid: "f23c54bf26ca4ea4a4d3f921196318d6" member_type: VOTER } }
I0703 01:39:33.973603 8611 sys_catalog.cc:337] T 00000000000000000000000000000000 P f23c54bf26ca4ea4a4d3f921196318d6 [sys.catalog]: SysCatalogTable state changed. Reason: RaftConsensus started. Latest consensus state: current_term: 2 leader_uuid: "f23c54bf26ca4ea4a4d3f921196318d6" committed_config { opid_index: -1 OBSOLETE_local: true peers { permanent_uuid: "f23c54bf26ca4ea4a4d3f921196318d6" member_type: VOTER } }
I0703 01:39:33.974319 8602 sys_catalog.cc:340] T 00000000000000000000000000000000 P f23c54bf26ca4ea4a4d3f921196318d6 [sys.catalog]: This master's current role is: LEADER
I0703 01:39:33.973803 8612 sys_catalog.cc:337] T 00000000000000000000000000000000 P f23c54bf26ca4ea4a4d3f921196318d6 [sys.catalog]: SysCatalogTable state changed. Reason: New leader f23c54bf26ca4ea4a4d3f921196318d6. Latest consensus state: current_term: 2 leader_uuid: "f23c54bf26ca4ea4a4d3f921196318d6" committed_config { opid_index: -1 OBSOLETE_local: true peers { permanent_uuid: "f23c54bf26ca4ea4a4d3f921196318d6" member_type: VOTER } }
I0703 01:39:33.974462 8611 sys_catalog.cc:340] T 00000000000000000000000000000000 P f23c54bf26ca4ea4a4d3f921196318d6 [sys.catalog]: This master's current role is: LEADER
I0703 01:39:33.974704 8612 sys_catalog.cc:340] T 00000000000000000000000000000000 P f23c54bf26ca4ea4a4d3f921196318d6 [sys.catalog]: This master's current role is: LEADER
I0703 01:39:33.976382 8602 sys_catalog.cc:424] T 00000000000000000000000000000000 P f23c54bf26ca4ea4a4d3f921196318d6 [sys.catalog]: configured and running, proceeding with master startup.
I0703 01:39:33.976644 8614 catalog_manager.cc:1006] Loading table and tablet metadata into memory...
I0703 01:39:33.977999 8543 master_main.cc:86] Master server successfully started.
I0703 01:39:33.982606 8614 catalog_manager.cc:323] Loaded metadata for table TestTable [id=3578883b7bc34387a7c9a55537c46eed]
I0703 01:39:33.984692 8614 catalog_manager.cc:377] Loaded metadata for tablet 0b854d2292eb45f7b09f7279fcd23a62 (table TestTable [id=3578883b7bc34387a7c9a55537c46eed])
I0703 01:39:33.984885 8614 catalog_manager.cc:1017] Initializing Kudu internal certificate authority...
I0703 01:39:33.990716 8614 catalog_manager.cc:1026] Loading token signing keys...
I0703 01:39:33.992249 8614 catalog_manager.cc:4113] T 00000000000000000000000000000000 P f23c54bf26ca4ea4a4d3f921196318d6: Loaded TSK: 0
W0703 01:39:34.140872 8603 flags.cc:406] Enabled unsafe flag: --never_fsync=true
I0703 01:39:34.192358 8092 tablet_service.cc:1077] Received UnsafeChangeConfig RPC: dest_uuid: "eb53f28829e04691a2601f44b09fbbe0" tablet_id: "0b854d2292eb45f7b09f7279fcd23a62" caller_id: "kudu-tools" new_config { peers { permanent_uuid: "eb53f28829e04691a2601f44b09fbbe0" } } from {username='jenkins'} at 127.5.240.194:42962
W0703 01:39:34.192916 8092 raft_consensus.cc:2017] T 0b854d2292eb45f7b09f7279fcd23a62 P eb53f28829e04691a2601f44b09fbbe0 [term 1 LEADER]: PROCEEDING WITH UNSAFE CONFIG CHANGE ON THIS SERVER, COMMITTED CONFIG: opid_index: -1 OBSOLETE_local: false peers { permanent_uuid: "4028d6eb9da140bfb94a7fc80bc102c0" member_type: VOTER last_known_addr { host: "127.5.240.197" port: 36566 } } peers { permanent_uuid: "8e286bd098564982987f97b2de7590c8" member_type: VOTER last_known_addr { host: "127.5.240.196" port: 49273 } } peers { permanent_uuid: "eb53f28829e04691a2601f44b09fbbe0" member_type: VOTER last_known_addr { host: "127.5.240.194" port: 39440 } }NEW CONFIG: opid_index: 2 OBSOLETE_local: false peers { permanent_uuid: "eb53f28829e04691a2601f44b09fbbe0" member_type: VOTER last_known_addr { host: "127.5.240.194" port: 39440 } } unsafe_config_change: true
I0703 01:39:34.193400 8092 raft_consensus.cc:2777] T 0b854d2292eb45f7b09f7279fcd23a62 P eb53f28829e04691a2601f44b09fbbe0 [term 1 LEADER]: Stepping down as leader of term 1
I0703 01:39:34.193449 8092 raft_consensus.cc:628] T 0b854d2292eb45f7b09f7279fcd23a62 P eb53f28829e04691a2601f44b09fbbe0 [term 1 LEADER]: Becoming Follower/Learner. State: Replica: eb53f28829e04691a2601f44b09fbbe0, State: Running, Role: LEADER
I0703 01:39:34.193744 8092 consensus_queue.cc:227] T 0b854d2292eb45f7b09f7279fcd23a62 P eb53f28829e04691a2601f44b09fbbe0 [NON_LEADER]: Queue going to NON_LEADER mode. State: All replicated index: 0, Majority replicated index: 1, Committed index: 1, Last appended: 1.1, Last appended by leader: 1, Current term: 1, Majority size: -1, State: 0, Mode: NON_LEADER, active raft config: opid_index: -1 OBSOLETE_local: false peers { permanent_uuid: "4028d6eb9da140bfb94a7fc80bc102c0" member_type: VOTER last_known_addr { host: "127.5.240.197" port: 36566 } } peers { permanent_uuid: "8e286bd098564982987f97b2de7590c8" member_type: VOTER last_known_addr { host: "127.5.240.196" port: 49273 } } peers { permanent_uuid: "eb53f28829e04691a2601f44b09fbbe0" member_type: VOTER last_known_addr { host: "127.5.240.194" port: 39440 } }
I0703 01:39:34.193950 8092 consensus_peers.cc:455] T 0b854d2292eb45f7b09f7279fcd23a62 P eb53f28829e04691a2601f44b09fbbe0 -> Peer 8e286bd098564982987f97b2de7590c8 (127.5.240.196:49273): Closing peer: 8e286bd098564982987f97b2de7590c8
I0703 01:39:34.194016 8092 consensus_peers.cc:455] T 0b854d2292eb45f7b09f7279fcd23a62 P eb53f28829e04691a2601f44b09fbbe0 -> Peer 4028d6eb9da140bfb94a7fc80bc102c0 (127.5.240.197:36566): Closing peer: 4028d6eb9da140bfb94a7fc80bc102c0
I0703 01:39:34.194258 8092 raft_consensus.cc:2782] T 0b854d2292eb45f7b09f7279fcd23a62 P eb53f28829e04691a2601f44b09fbbe0 [term 1 FOLLOWER]: Advancing to term 2
I0703 01:39:34.199509 8569 master_service.cc:205] Got heartbeat from unknown tserver (permanent_uuid: "eb53f28829e04691a2601f44b09fbbe0" instance_seqno: 1530607171833546) as {username='jenkins'} at 127.5.240.194:41798; Asking this server to re-register.
I0703 01:39:34.200270 8135 heartbeater.cc:426] Registering TS with master...
I0703 01:39:34.200412 8135 heartbeater.cc:475] Master 127.5.240.254:50537 requested a full tablet report, sending...
I0703 01:39:34.201885 8569 ts_manager.cc:98] Registered new tserver with Master: eb53f28829e04691a2601f44b09fbbe0 (127.5.240.194:39440)
I0703 01:39:34.211539 8569 master_service.cc:205] Got heartbeat from unknown tserver (permanent_uuid: "576ad88f26964932bee2e504cb16970b" instance_seqno: 1530607172166945) as {username='jenkins'} at 127.5.240.195:39668; Asking this server to re-register.
I0703 01:39:34.212255 8257 heartbeater.cc:426] Registering TS with master...
I0703 01:39:34.212411 8257 heartbeater.cc:475] Master 127.5.240.254:50537 requested a full tablet report, sending...
I0703 01:39:34.213387 8569 ts_manager.cc:98] Registered new tserver with Master: 576ad88f26964932bee2e504cb16970b (127.5.240.195:48979)
I0703 01:39:34.628490 8012 heartbeater.cc:346] Connected to a master server at 127.5.240.254:50537
I0703 01:39:34.629278 8569 master_service.cc:205] Got heartbeat from unknown tserver (permanent_uuid: "8ca84f980eb34212944aaf54d04fd950" instance_seqno: 1530607171495946) as {username='jenkins'} at 127.5.240.193:42231; Asking this server to re-register.
I0703 01:39:34.629904 8012 heartbeater.cc:426] Registering TS with master...
I0703 01:39:34.630028 8012 heartbeater.cc:475] Master 127.5.240.254:50537 requested a full tablet report, sending...
I0703 01:39:34.630731 8569 ts_manager.cc:98] Registered new tserver with Master: 8ca84f980eb34212944aaf54d04fd950 (127.5.240.193:42094)
I0703 01:39:35.698127 8636 raft_consensus.cc:457] T 0b854d2292eb45f7b09f7279fcd23a62 P eb53f28829e04691a2601f44b09fbbe0 [term 2 FOLLOWER]: Starting pre-election (detected failure of leader kudu-tools)
I0703 01:39:35.698215 8636 raft_consensus.cc:2730] T 0b854d2292eb45f7b09f7279fcd23a62 P eb53f28829e04691a2601f44b09fbbe0: Snoozing failure detection for 2.036s (starting election)
I0703 01:39:35.698320 8636 raft_consensus.cc:479] T 0b854d2292eb45f7b09f7279fcd23a62 P eb53f28829e04691a2601f44b09fbbe0 [term 2 FOLLOWER]: Starting pre-election with config: opid_index: 2 OBSOLETE_local: false peers { permanent_uuid: "eb53f28829e04691a2601f44b09fbbe0" member_type: VOTER last_known_addr { host: "127.5.240.194" port: 39440 } } unsafe_config_change: true
I0703 01:39:35.698523 8636 leader_election.cc:270] T 0b854d2292eb45f7b09f7279fcd23a62 P eb53f28829e04691a2601f44b09fbbe0 [CANDIDATE]: Term 3 pre-election: Election decided. Result: candidate won.
I0703 01:39:35.698891 8636 raft_consensus.cc:2730] T 0b854d2292eb45f7b09f7279fcd23a62 P eb53f28829e04691a2601f44b09fbbe0: Snoozing failure detection for 2.056s (election complete)
I0703 01:39:35.698951 8636 raft_consensus.cc:2537] T 0b854d2292eb45f7b09f7279fcd23a62 P eb53f28829e04691a2601f44b09fbbe0 [term 2 FOLLOWER]: Leader pre-election won for term 3
I0703 01:39:35.699012 8636 raft_consensus.cc:457] T 0b854d2292eb45f7b09f7279fcd23a62 P eb53f28829e04691a2601f44b09fbbe0 [term 2 FOLLOWER]: Starting leader election (detected failure of leader kudu-tools)
I0703 01:39:35.699067 8636 raft_consensus.cc:2730] T 0b854d2292eb45f7b09f7279fcd23a62 P eb53f28829e04691a2601f44b09fbbe0: Snoozing failure detection for 1.843s (starting election)
I0703 01:39:35.699132 8636 raft_consensus.cc:2782] T 0b854d2292eb45f7b09f7279fcd23a62 P eb53f28829e04691a2601f44b09fbbe0 [term 2 FOLLOWER]: Advancing to term 3
I0703 01:39:35.700508 8636 raft_consensus.cc:479] T 0b854d2292eb45f7b09f7279fcd23a62 P eb53f28829e04691a2601f44b09fbbe0 [term 3 FOLLOWER]: Starting leader election with config: opid_index: 2 OBSOLETE_local: false peers { permanent_uuid: "eb53f28829e04691a2601f44b09fbbe0" member_type: VOTER last_known_addr { host: "127.5.240.194" port: 39440 } } unsafe_config_change: true
I0703 01:39:35.700667 8636 leader_election.cc:270] T 0b854d2292eb45f7b09f7279fcd23a62 P eb53f28829e04691a2601f44b09fbbe0 [CANDIDATE]: Term 3 election: Election decided. Result: candidate won.
I0703 01:39:35.700847 8637 raft_consensus.cc:2730] T 0b854d2292eb45f7b09f7279fcd23a62 P eb53f28829e04691a2601f44b09fbbe0: Snoozing failure detection for 2.174s (election complete)
I0703 01:39:35.700912 8637 raft_consensus.cc:2537] T 0b854d2292eb45f7b09f7279fcd23a62 P eb53f28829e04691a2601f44b09fbbe0 [term 3 FOLLOWER]: Leader election won for term 3
I0703 01:39:35.701019 8637 raft_consensus.cc:593] T 0b854d2292eb45f7b09f7279fcd23a62 P eb53f28829e04691a2601f44b09fbbe0 [term 3 LEADER]: Becoming Leader. State: Replica: eb53f28829e04691a2601f44b09fbbe0, State: Running, Role: LEADER
I0703 01:39:35.701262 8637 consensus_queue.cc:204] T 0b854d2292eb45f7b09f7279fcd23a62 P eb53f28829e04691a2601f44b09fbbe0 [LEADER]: Queue going to LEADER mode. State: All replicated index: 0, Majority replicated index: 1, Committed index: 1, Last appended: 2.2, Last appended by leader: 0, Current term: 3, Majority size: 1, State: 0, Mode: LEADER, active raft config: opid_index: 2 OBSOLETE_local: false peers { permanent_uuid: "eb53f28829e04691a2601f44b09fbbe0" member_type: VOTER last_known_addr { host: "127.5.240.194" port: 39440 } } unsafe_config_change: true
