I0703 01:40:40.684823 16550 ts_tablet_manager.cc:1173] T 945875de50a24af89a08d08b4354e1f4 P 719afe22f6f64605919e0814444300c8: Registered tablet (data state: TABLET_DATA_READY)
I0703 01:40:40.684960 16754 ts_tablet_manager.cc:1045] T 945875de50a24af89a08d08b4354e1f4 P c446c114fd3c4c29b178ea4d2423b26b: Time spent bootstrapping tablet: real 0.006s user 0.002s sys 0.004s
I0703 01:40:40.685992 16757 ts_tablet_manager.cc:1028] T 945875de50a24af89a08d08b4354e1f4 P 719afe22f6f64605919e0814444300c8: Bootstrapping tablet
I0703 01:40:40.686508 16757 tablet_bootstrap.cc:427] T 945875de50a24af89a08d08b4354e1f4 P 719afe22f6f64605919e0814444300c8: Bootstrap starting.
I0703 01:40:40.687616 16756 tablet_bootstrap.cc:578] T 945875de50a24af89a08d08b4354e1f4 P 2c88231a2ae44434927855d7fd17e8e9: No blocks or log segments found. Creating new log.
I0703 01:40:40.688581 16756 log.cc:525] T 945875de50a24af89a08d08b4354e1f4 P 2c88231a2ae44434927855d7fd17e8e9: Log is configured to *not* fsync() on all Append() calls
I0703 01:40:40.688797 16757 tablet_bootstrap.cc:578] T 945875de50a24af89a08d08b4354e1f4 P 719afe22f6f64605919e0814444300c8: No blocks or log segments found. Creating new log.
I0703 01:40:40.689863 16757 log.cc:525] T 945875de50a24af89a08d08b4354e1f4 P 719afe22f6f64605919e0814444300c8: Log is configured to *not* fsync() on all Append() calls
I0703 01:40:40.691146 16756 tablet_bootstrap.cc:427] T 945875de50a24af89a08d08b4354e1f4 P 2c88231a2ae44434927855d7fd17e8e9: No bootstrap required, opened a new log
I0703 01:40:40.691351 16756 ts_tablet_manager.cc:1045] T 945875de50a24af89a08d08b4354e1f4 P 2c88231a2ae44434927855d7fd17e8e9: Time spent bootstrapping tablet: real 0.007s user 0.004s sys 0.002s
I0703 01:40:40.693555 16754 raft_consensus.cc:325] T 945875de50a24af89a08d08b4354e1f4 P c446c114fd3c4c29b178ea4d2423b26b [term 0 FOLLOWER]: Replica starting. Triggering 0 pending transactions. Active config: opid_index: -1 OBSOLETE_local: false peers { permanent_uuid: "c446c114fd3c4c29b178ea4d2423b26b" member_type: VOTER last_known_addr { host: "127.5.240.195" port: 34006 } } peers { permanent_uuid: "719afe22f6f64605919e0814444300c8" member_type: VOTER last_known_addr { host: "127.5.240.194" port: 45951 } } peers { permanent_uuid: "2c88231a2ae44434927855d7fd17e8e9" member_type: VOTER last_known_addr { host: "127.5.240.193" port: 60206 } }
I0703 01:40:40.693958 16754 raft_consensus.cc:351] T 945875de50a24af89a08d08b4354e1f4 P c446c114fd3c4c29b178ea4d2423b26b [term 0 FOLLOWER]: Consensus starting up: Expiring failure detector timer to make a prompt election more likely
I0703 01:40:40.694028 16754 raft_consensus.cc:628] T 945875de50a24af89a08d08b4354e1f4 P c446c114fd3c4c29b178ea4d2423b26b [term 0 FOLLOWER]: Becoming Follower/Learner. State: Replica: c446c114fd3c4c29b178ea4d2423b26b, State: Initialized, Role: FOLLOWER
I0703 01:40:40.694675 16754 consensus_queue.cc:227] T 945875de50a24af89a08d08b4354e1f4 P c446c114fd3c4c29b178ea4d2423b26b [NON_LEADER]: Queue going to NON_LEADER mode. State: All replicated index: 0, Majority replicated index: 0, Committed index: 0, Last appended: 0.0, Last appended by leader: 0, Current term: 0, Majority size: -1, State: 0, Mode: NON_LEADER, active raft config: opid_index: -1 OBSOLETE_local: false peers { permanent_uuid: "c446c114fd3c4c29b178ea4d2423b26b" member_type: VOTER last_known_addr { host: "127.5.240.195" port: 34006 } } peers { permanent_uuid: "719afe22f6f64605919e0814444300c8" member_type: VOTER last_known_addr { host: "127.5.240.194" port: 45951 } } peers { permanent_uuid: "2c88231a2ae44434927855d7fd17e8e9" member_type: VOTER last_known_addr { host: "127.5.240.193" port: 60206 } }
I0703 01:40:40.696161 16735 heartbeater.cc:467] Master 127.5.240.254:60310 was elected leader, sending a full tablet report...
I0703 01:40:40.696743 16754 ts_tablet_manager.cc:1073] T 945875de50a24af89a08d08b4354e1f4 P c446c114fd3c4c29b178ea4d2423b26b: Time spent starting tablet: real 0.012s user 0.008s sys 0.003s
I0703 01:40:40.699172 16756 raft_consensus.cc:325] T 945875de50a24af89a08d08b4354e1f4 P 2c88231a2ae44434927855d7fd17e8e9 [term 0 FOLLOWER]: Replica starting. Triggering 0 pending transactions. Active config: opid_index: -1 OBSOLETE_local: false peers { permanent_uuid: "c446c114fd3c4c29b178ea4d2423b26b" member_type: VOTER last_known_addr { host: "127.5.240.195" port: 34006 } } peers { permanent_uuid: "719afe22f6f64605919e0814444300c8" member_type: VOTER last_known_addr { host: "127.5.240.194" port: 45951 } } peers { permanent_uuid: "2c88231a2ae44434927855d7fd17e8e9" member_type: VOTER last_known_addr { host: "127.5.240.193" port: 60206 } }
I0703 01:40:40.699450 16756 raft_consensus.cc:351] T 945875de50a24af89a08d08b4354e1f4 P 2c88231a2ae44434927855d7fd17e8e9 [term 0 FOLLOWER]: Consensus starting up: Expiring failure detector timer to make a prompt election more likely
I0703 01:40:40.699517 16756 raft_consensus.cc:628] T 945875de50a24af89a08d08b4354e1f4 P 2c88231a2ae44434927855d7fd17e8e9 [term 0 FOLLOWER]: Becoming Follower/Learner. State: Replica: 2c88231a2ae44434927855d7fd17e8e9, State: Initialized, Role: FOLLOWER
I0703 01:40:40.699797 16757 tablet_bootstrap.cc:427] T 945875de50a24af89a08d08b4354e1f4 P 719afe22f6f64605919e0814444300c8: No bootstrap required, opened a new log
I0703 01:40:40.700034 16757 ts_tablet_manager.cc:1045] T 945875de50a24af89a08d08b4354e1f4 P 719afe22f6f64605919e0814444300c8: Time spent bootstrapping tablet: real 0.014s user 0.004s sys 0.007s
I0703 01:40:40.699967 16756 consensus_queue.cc:227] T 945875de50a24af89a08d08b4354e1f4 P 2c88231a2ae44434927855d7fd17e8e9 [NON_LEADER]: Queue going to NON_LEADER mode. State: All replicated index: 0, Majority replicated index: 0, Committed index: 0, Last appended: 0.0, Last appended by leader: 0, Current term: 0, Majority size: -1, State: 0, Mode: NON_LEADER, active raft config: opid_index: -1 OBSOLETE_local: false peers { permanent_uuid: "c446c114fd3c4c29b178ea4d2423b26b" member_type: VOTER last_known_addr { host: "127.5.240.195" port: 34006 } } peers { permanent_uuid: "719afe22f6f64605919e0814444300c8" member_type: VOTER last_known_addr { host: "127.5.240.194" port: 45951 } } peers { permanent_uuid: "2c88231a2ae44434927855d7fd17e8e9" member_type: VOTER last_known_addr { host: "127.5.240.193" port: 60206 } }
I0703 01:40:40.700860 16490 heartbeater.cc:467] Master 127.5.240.254:60310 was elected leader, sending a full tablet report...
I0703 01:40:40.701979 16756 ts_tablet_manager.cc:1073] T 945875de50a24af89a08d08b4354e1f4 P 2c88231a2ae44434927855d7fd17e8e9: Time spent starting tablet: real 0.011s user 0.009s sys 0.001s
I0703 01:40:40.706564 16757 raft_consensus.cc:325] T 945875de50a24af89a08d08b4354e1f4 P 719afe22f6f64605919e0814444300c8 [term 0 FOLLOWER]: Replica starting. Triggering 0 pending transactions. Active config: opid_index: -1 OBSOLETE_local: false peers { permanent_uuid: "c446c114fd3c4c29b178ea4d2423b26b" member_type: VOTER last_known_addr { host: "127.5.240.195" port: 34006 } } peers { permanent_uuid: "719afe22f6f64605919e0814444300c8" member_type: VOTER last_known_addr { host: "127.5.240.194" port: 45951 } } peers { permanent_uuid: "2c88231a2ae44434927855d7fd17e8e9" member_type: VOTER last_known_addr { host: "127.5.240.193" port: 60206 } }
I0703 01:40:40.706836 16757 raft_consensus.cc:351] T 945875de50a24af89a08d08b4354e1f4 P 719afe22f6f64605919e0814444300c8 [term 0 FOLLOWER]: Consensus starting up: Expiring failure detector timer to make a prompt election more likely
I0703 01:40:40.706887 16757 raft_consensus.cc:628] T 945875de50a24af89a08d08b4354e1f4 P 719afe22f6f64605919e0814444300c8 [term 0 FOLLOWER]: Becoming Follower/Learner. State: Replica: 719afe22f6f64605919e0814444300c8, State: Initialized, Role: FOLLOWER
I0703 01:40:40.707262 16757 consensus_queue.cc:227] T 945875de50a24af89a08d08b4354e1f4 P 719afe22f6f64605919e0814444300c8 [NON_LEADER]: Queue going to NON_LEADER mode. State: All replicated index: 0, Majority replicated index: 0, Committed index: 0, Last appended: 0.0, Last appended by leader: 0, Current term: 0, Majority size: -1, State: 0, Mode: NON_LEADER, active raft config: opid_index: -1 OBSOLETE_local: false peers { permanent_uuid: "c446c114fd3c4c29b178ea4d2423b26b" member_type: VOTER last_known_addr { host: "127.5.240.195" port: 34006 } } peers { permanent_uuid: "719afe22f6f64605919e0814444300c8" member_type: VOTER last_known_addr { host: "127.5.240.194" port: 45951 } } peers { permanent_uuid: "2c88231a2ae44434927855d7fd17e8e9" member_type: VOTER last_known_addr { host: "127.5.240.193" port: 60206 } }
I0703 01:40:40.707970 16613 heartbeater.cc:467] Master 127.5.240.254:60310 was elected leader, sending a full tablet report...
I0703 01:40:40.708268 16757 ts_tablet_manager.cc:1073] T 945875de50a24af89a08d08b4354e1f4 P 719afe22f6f64605919e0814444300c8: Time spent starting tablet: real 0.008s user 0.006s sys 0.002s
W0703 01:40:40.782801 16614 tablet.cc:1678] T 945875de50a24af89a08d08b4354e1f4 P 719afe22f6f64605919e0814444300c8: Can't schedule compaction. Clean time has not been advanced past its initial value.
W0703 01:40:40.865002 16736 tablet.cc:1678] T 945875de50a24af89a08d08b4354e1f4 P c446c114fd3c4c29b178ea4d2423b26b: Can't schedule compaction. Clean time has not been advanced past its initial value.
I0703 01:40:40.912608 16760 raft_consensus.cc:457] T 945875de50a24af89a08d08b4354e1f4 P c446c114fd3c4c29b178ea4d2423b26b [term 0 FOLLOWER]: Starting pre-election (no leader contacted us within the election timeout)
I0703 01:40:40.913085 16760 raft_consensus.cc:2730] T 945875de50a24af89a08d08b4354e1f4 P c446c114fd3c4c29b178ea4d2423b26b: Snoozing failure detection for 2.051s (starting election)
I0703 01:40:40.913180 16760 raft_consensus.cc:479] T 945875de50a24af89a08d08b4354e1f4 P c446c114fd3c4c29b178ea4d2423b26b [term 0 FOLLOWER]: Starting pre-election with config: opid_index: -1 OBSOLETE_local: false peers { permanent_uuid: "c446c114fd3c4c29b178ea4d2423b26b" member_type: VOTER last_known_addr { host: "127.5.240.195" port: 34006 } } peers { permanent_uuid: "719afe22f6f64605919e0814444300c8" member_type: VOTER last_known_addr { host: "127.5.240.194" port: 45951 } } peers { permanent_uuid: "2c88231a2ae44434927855d7fd17e8e9" member_type: VOTER last_known_addr { host: "127.5.240.193" port: 60206 } }
I0703 01:40:40.914321 16760 leader_election.cc:243] T 945875de50a24af89a08d08b4354e1f4 P c446c114fd3c4c29b178ea4d2423b26b [CANDIDATE]: Term 1 pre-election: Requesting pre-vote from peer 719afe22f6f64605919e0814444300c8 (127.5.240.194:45951)
I0703 01:40:40.914638 16760 leader_election.cc:243] T 945875de50a24af89a08d08b4354e1f4 P c446c114fd3c4c29b178ea4d2423b26b [CANDIDATE]: Term 1 pre-election: Requesting pre-vote from peer 2c88231a2ae44434927855d7fd17e8e9 (127.5.240.193:60206)
I0703 01:40:40.921667 16570 tablet_service.cc:995] Received RequestConsensusVote() RPC: tablet_id: "945875de50a24af89a08d08b4354e1f4" candidate_uuid: "c446c114fd3c4c29b178ea4d2423b26b" candidate_term: 1 candidate_status { last_received { term: 0 index: 0 } } ignore_live_leader: false dest_uuid: "719afe22f6f64605919e0814444300c8" is_pre_election: true
I0703 01:40:40.921371 16447 tablet_service.cc:995] Received RequestConsensusVote() RPC: tablet_id: "945875de50a24af89a08d08b4354e1f4" candidate_uuid: "c446c114fd3c4c29b178ea4d2423b26b" candidate_term: 1 candidate_status { last_received { term: 0 index: 0 } } ignore_live_leader: false dest_uuid: "2c88231a2ae44434927855d7fd17e8e9" is_pre_election: true
I0703 01:40:40.921965 16570 raft_consensus.cc:2730] T 945875de50a24af89a08d08b4354e1f4 P 719afe22f6f64605919e0814444300c8: Snoozing failure detection for 2.236s (vote granted)
I0703 01:40:40.922081 16570 raft_consensus.cc:2243] T 945875de50a24af89a08d08b4354e1f4 P 719afe22f6f64605919e0814444300c8 [term 0 FOLLOWER]: Leader pre-election vote request: Granting yes vote for candidate c446c114fd3c4c29b178ea4d2423b26b in term 0.
I0703 01:40:40.922097 16447 raft_consensus.cc:2730] T 945875de50a24af89a08d08b4354e1f4 P 2c88231a2ae44434927855d7fd17e8e9: Snoozing failure detection for 1.868s (vote granted)
I0703 01:40:40.922199 16447 raft_consensus.cc:2243] T 945875de50a24af89a08d08b4354e1f4 P 2c88231a2ae44434927855d7fd17e8e9 [term 0 FOLLOWER]: Leader pre-election vote request: Granting yes vote for candidate c446c114fd3c4c29b178ea4d2423b26b in term 0.
I0703 01:40:40.922760 16626 leader_election.cc:379] T 945875de50a24af89a08d08b4354e1f4 P c446c114fd3c4c29b178ea4d2423b26b [CANDIDATE]: Term 1 pre-election: Vote granted by peer 719afe22f6f64605919e0814444300c8 (127.5.240.194:45951)
I0703 01:40:40.922868 16626 leader_election.cc:270] T 945875de50a24af89a08d08b4354e1f4 P c446c114fd3c4c29b178ea4d2423b26b [CANDIDATE]: Term 1 pre-election: Election decided. Result: candidate won.
I0703 01:40:40.922982 16623 leader_election.cc:379] T 945875de50a24af89a08d08b4354e1f4 P c446c114fd3c4c29b178ea4d2423b26b [CANDIDATE]: Term 1 pre-election: Vote granted by peer 2c88231a2ae44434927855d7fd17e8e9 (127.5.240.193:60206)
I0703 01:40:40.923168 16760 raft_consensus.cc:2730] T 945875de50a24af89a08d08b4354e1f4 P c446c114fd3c4c29b178ea4d2423b26b: Snoozing failure detection for 1.665s (election complete)
I0703 01:40:40.923244 16760 raft_consensus.cc:2537] T 945875de50a24af89a08d08b4354e1f4 P c446c114fd3c4c29b178ea4d2423b26b [term 0 FOLLOWER]: Leader pre-election won for term 1
I0703 01:40:40.923296 16760 raft_consensus.cc:457] T 945875de50a24af89a08d08b4354e1f4 P c446c114fd3c4c29b178ea4d2423b26b [term 0 FOLLOWER]: Starting leader election (no leader contacted us within the election timeout)
I0703 01:40:40.923339 16760 raft_consensus.cc:2730] T 945875de50a24af89a08d08b4354e1f4 P c446c114fd3c4c29b178ea4d2423b26b: Snoozing failure detection for 1.708s (starting election)
I0703 01:40:40.923382 16760 raft_consensus.cc:2782] T 945875de50a24af89a08d08b4354e1f4 P c446c114fd3c4c29b178ea4d2423b26b [term 0 FOLLOWER]: Advancing to term 1
I0703 01:40:40.924774 16760 raft_consensus.cc:479] T 945875de50a24af89a08d08b4354e1f4 P c446c114fd3c4c29b178ea4d2423b26b [term 1 FOLLOWER]: Starting leader election with config: opid_index: -1 OBSOLETE_local: false peers { permanent_uuid: "c446c114fd3c4c29b178ea4d2423b26b" member_type: VOTER last_known_addr { host: "127.5.240.195" port: 34006 } } peers { permanent_uuid: "719afe22f6f64605919e0814444300c8" member_type: VOTER last_known_addr { host: "127.5.240.194" port: 45951 } } peers { permanent_uuid: "2c88231a2ae44434927855d7fd17e8e9" member_type: VOTER last_known_addr { host: "127.5.240.193" port: 60206 } }
I0703 01:40:40.925076 16760 leader_election.cc:243] T 945875de50a24af89a08d08b4354e1f4 P c446c114fd3c4c29b178ea4d2423b26b [CANDIDATE]: Term 1 election: Requesting vote from peer 719afe22f6f64605919e0814444300c8 (127.5.240.194:45951)
I0703 01:40:40.925220 16760 leader_election.cc:243] T 945875de50a24af89a08d08b4354e1f4 P c446c114fd3c4c29b178ea4d2423b26b [CANDIDATE]: Term 1 election: Requesting vote from peer 2c88231a2ae44434927855d7fd17e8e9 (127.5.240.193:60206)
I0703 01:40:40.925762 16570 tablet_service.cc:995] Received RequestConsensusVote() RPC: tablet_id: "945875de50a24af89a08d08b4354e1f4" candidate_uuid: "c446c114fd3c4c29b178ea4d2423b26b" candidate_term: 1 candidate_status { last_received { term: 0 index: 0 } } ignore_live_leader: false dest_uuid: "719afe22f6f64605919e0814444300c8"
I0703 01:40:40.925859 16447 tablet_service.cc:995] Received RequestConsensusVote() RPC: tablet_id: "945875de50a24af89a08d08b4354e1f4" candidate_uuid: "c446c114fd3c4c29b178ea4d2423b26b" candidate_term: 1 candidate_status { last_received { term: 0 index: 0 } } ignore_live_leader: false dest_uuid: "2c88231a2ae44434927855d7fd17e8e9"
I0703 01:40:40.925887 16570 raft_consensus.cc:2782] T 945875de50a24af89a08d08b4354e1f4 P 719afe22f6f64605919e0814444300c8 [term 0 FOLLOWER]: Advancing to term 1
I0703 01:40:40.925966 16570 raft_consensus.cc:2730] T 945875de50a24af89a08d08b4354e1f4 P 719afe22f6f64605919e0814444300c8: Snoozing failure detection for 1.869s (vote granted)
I0703 01:40:40.925964 16447 raft_consensus.cc:2782] T 945875de50a24af89a08d08b4354e1f4 P 2c88231a2ae44434927855d7fd17e8e9 [term 0 FOLLOWER]: Advancing to term 1
I0703 01:40:40.926030 16447 raft_consensus.cc:2730] T 945875de50a24af89a08d08b4354e1f4 P 2c88231a2ae44434927855d7fd17e8e9: Snoozing failure detection for 2.194s (vote granted)
I0703 01:40:40.927311 16570 raft_consensus.cc:2243] T 945875de50a24af89a08d08b4354e1f4 P 719afe22f6f64605919e0814444300c8 [term 1 FOLLOWER]: Leader election vote request: Granting yes vote for candidate c446c114fd3c4c29b178ea4d2423b26b in term 1.
I0703 01:40:40.927711 16626 leader_election.cc:379] T 945875de50a24af89a08d08b4354e1f4 P c446c114fd3c4c29b178ea4d2423b26b [CANDIDATE]: Term 1 election: Vote granted by peer 719afe22f6f64605919e0814444300c8 (127.5.240.194:45951)
I0703 01:40:40.927747 16447 raft_consensus.cc:2243] T 945875de50a24af89a08d08b4354e1f4 P 2c88231a2ae44434927855d7fd17e8e9 [term 1 FOLLOWER]: Leader election vote request: Granting yes vote for candidate c446c114fd3c4c29b178ea4d2423b26b in term 1.
I0703 01:40:40.927768 16626 leader_election.cc:270] T 945875de50a24af89a08d08b4354e1f4 P c446c114fd3c4c29b178ea4d2423b26b [CANDIDATE]: Term 1 election: Election decided. Result: candidate won.
I0703 01:40:40.927953 16760 raft_consensus.cc:2730] T 945875de50a24af89a08d08b4354e1f4 P c446c114fd3c4c29b178ea4d2423b26b: Snoozing failure detection for 2.100s (election complete)
I0703 01:40:40.928084 16760 raft_consensus.cc:2537] T 945875de50a24af89a08d08b4354e1f4 P c446c114fd3c4c29b178ea4d2423b26b [term 1 FOLLOWER]: Leader election won for term 1
I0703 01:40:40.928203 16623 leader_election.cc:379] T 945875de50a24af89a08d08b4354e1f4 P c446c114fd3c4c29b178ea4d2423b26b [CANDIDATE]: Term 1 election: Vote granted by peer 2c88231a2ae44434927855d7fd17e8e9 (127.5.240.193:60206)
I0703 01:40:40.929141 16760 raft_consensus.cc:593] T 945875de50a24af89a08d08b4354e1f4 P c446c114fd3c4c29b178ea4d2423b26b [term 1 LEADER]: Becoming Leader. State: Replica: c446c114fd3c4c29b178ea4d2423b26b, State: Running, Role: LEADER
I0703 01:40:40.929574 16760 consensus_queue.cc:204] T 945875de50a24af89a08d08b4354e1f4 P c446c114fd3c4c29b178ea4d2423b26b [LEADER]: Queue going to LEADER mode. State: All replicated index: 0, Majority replicated index: 0, Committed index: 0, Last appended: 0.0, Last appended by leader: 0, Current term: 1, Majority size: 2, State: 0, Mode: LEADER, active raft config: opid_index: -1 OBSOLETE_local: false peers { permanent_uuid: "c446c114fd3c4c29b178ea4d2423b26b" member_type: VOTER last_known_addr { host: "127.5.240.195" port: 34006 } } peers { permanent_uuid: "719afe22f6f64605919e0814444300c8" member_type: VOTER last_known_addr { host: "127.5.240.194" port: 45951 } } peers { permanent_uuid: "2c88231a2ae44434927855d7fd17e8e9" member_type: VOTER last_known_addr { host: "127.5.240.193" port: 60206 } }
I0703 01:40:40.933709 16327 catalog_manager.cc:3798] T 945875de50a24af89a08d08b4354e1f4 P c446c114fd3c4c29b178ea4d2423b26b reported cstate change: term changed from 0 to 1, leader changed from to c446c114fd3c4c29b178ea4d2423b26b (127.5.240.195). New cstate: current_term: 1 leader_uuid: "c446c114fd3c4c29b178ea4d2423b26b" committed_config { opid_index: -1 OBSOLETE_local: false peers { permanent_uuid: "c446c114fd3c4c29b178ea4d2423b26b" member_type: VOTER last_known_addr { host: "127.5.240.195" port: 34006 } health_report { overall_health: HEALTHY } } peers { permanent_uuid: "719afe22f6f64605919e0814444300c8" member_type: VOTER last_known_addr { host: "127.5.240.194" port: 45951 } health_report { overall_health: UNKNOWN } } peers { permanent_uuid: "2c88231a2ae44434927855d7fd17e8e9" member_type: VOTER last_known_addr { host: "127.5.240.193" port: 60206 } health_report { overall_health: UNKNOWN } } }
W0703 01:40:40.944564 16491 tablet.cc:1678] T 945875de50a24af89a08d08b4354e1f4 P 2c88231a2ae44434927855d7fd17e8e9: Can't schedule compaction. Clean time has not been advanced past its initial value.
I0703 01:40:40.950598 6083 external_mini_cluster.cc:490] 3 TS(s) registered with all masters
I0703 01:40:40.951763 6083 ts_itest-base.cc:233] Waiting for 1 tablets on tserver 2c88231a2ae44434927855d7fd17e8e9 to finish bootstrapping
I0703 01:40:40.957267 6083 ts_itest-base.cc:233] Waiting for 1 tablets on tserver 719afe22f6f64605919e0814444300c8 to finish bootstrapping
I0703 01:40:40.962095 6083 ts_itest-base.cc:233] Waiting for 1 tablets on tserver c446c114fd3c4c29b178ea4d2423b26b to finish bootstrapping
I0703 01:40:40.967048 16327 catalog_manager.cc:1339] Servicing CreateTable request from {username='jenkins'} at 127.5.240.254:43854: name: "TestAnotherTable" schema { columns { name: "key" type: INT32 is_key: true is_nullable: false encoding: AUTO_ENCODING compression: DEFAULT_COMPRESSION cfile_block_size: 0 } columns { name: "int_val" type: INT32 is_key: false is_nullable: false encoding: AUTO_ENCODING compression: DEFAULT_COMPRESSION cfile_block_size: 0 } columns { name: "string_val" type: STRING is_key: false is_nullable: true encoding: AUTO_ENCODING compression: DEFAULT_COMPRESSION cfile_block_size: 0 } } num_replicas: 3 split_rows_range_bounds { } partition_schema { range_schema { columns { name: "key" } } }
W0703 01:40:40.967578 16327 catalog_manager.cc:1488] The number of live tablet servers is not enough to re-replicate a tablet replica of the newly created table TestAnotherTable in case of a replica failure: 4 tablet servers are needed, 3 are alive. Consider bringing up additional tablet server(s) or running both the masters and all tablet servers with --raft_prepare_replacement_before_eviction=false flag (not recommended).
I0703 01:40:40.972137 16427 tablet_service.cc:759] Processing CreateTablet for tablet 9809ab0e16b24dbcae587c5bfd1425d0 (table=TestAnotherTable [id=c43d2c61ec174dac98543232351639b4]), partition=RANGE (key) PARTITION UNBOUNDED
I0703 01:40:40.972352 16672 tablet_service.cc:759] Processing CreateTablet for tablet 9809ab0e16b24dbcae587c5bfd1425d0 (table=TestAnotherTable [id=c43d2c61ec174dac98543232351639b4]), partition=RANGE (key) PARTITION UNBOUNDED
I0703 01:40:40.972415 16427 data_dirs.cc:934] Could only allocate 1 dirs of requested 3 for tablet 9809ab0e16b24dbcae587c5bfd1425d0. 1 dirs total, 0 dirs full, 0 dirs failed
I0703 01:40:40.972645 16672 data_dirs.cc:934] Could only allocate 1 dirs of requested 3 for tablet 9809ab0e16b24dbcae587c5bfd1425d0. 1 dirs total, 0 dirs full, 0 dirs failed
I0703 01:40:40.975256 16427 ts_tablet_manager.cc:1173] T 9809ab0e16b24dbcae587c5bfd1425d0 P 2c88231a2ae44434927855d7fd17e8e9: Registered tablet (data state: TABLET_DATA_READY)
I0703 01:40:40.975461 16756 ts_tablet_manager.cc:1028] T 9809ab0e16b24dbcae587c5bfd1425d0 P 2c88231a2ae44434927855d7fd17e8e9: Bootstrapping tablet
I0703 01:40:40.975662 16756 tablet_bootstrap.cc:427] T 9809ab0e16b24dbcae587c5bfd1425d0 P 2c88231a2ae44434927855d7fd17e8e9: Bootstrap starting.
I0703 01:40:40.975788 16550 tablet_service.cc:759] Processing CreateTablet for tablet 9809ab0e16b24dbcae587c5bfd1425d0 (table=TestAnotherTable [id=c43d2c61ec174dac98543232351639b4]), partition=RANGE (key) PARTITION UNBOUNDED
I0703 01:40:40.976028 16550 data_dirs.cc:934] Could only allocate 1 dirs of requested 3 for tablet 9809ab0e16b24dbcae587c5bfd1425d0. 1 dirs total, 0 dirs full, 0 dirs failed
I0703 01:40:40.976707 16756 tablet_bootstrap.cc:578] T 9809ab0e16b24dbcae587c5bfd1425d0 P 2c88231a2ae44434927855d7fd17e8e9: No blocks or log segments found. Creating new log.
I0703 01:40:40.977605 16672 ts_tablet_manager.cc:1173] T 9809ab0e16b24dbcae587c5bfd1425d0 P c446c114fd3c4c29b178ea4d2423b26b: Registered tablet (data state: TABLET_DATA_READY)
I0703 01:40:40.977771 16754 ts_tablet_manager.cc:1028] T 9809ab0e16b24dbcae587c5bfd1425d0 P c446c114fd3c4c29b178ea4d2423b26b: Bootstrapping tablet
I0703 01:40:40.977934 16754 tablet_bootstrap.cc:427] T 9809ab0e16b24dbcae587c5bfd1425d0 P c446c114fd3c4c29b178ea4d2423b26b: Bootstrap starting.
I0703 01:40:40.979089 16754 tablet_bootstrap.cc:578] T 9809ab0e16b24dbcae587c5bfd1425d0 P c446c114fd3c4c29b178ea4d2423b26b: No blocks or log segments found. Creating new log.
I0703 01:40:40.979112 16550 ts_tablet_manager.cc:1173] T 9809ab0e16b24dbcae587c5bfd1425d0 P 719afe22f6f64605919e0814444300c8: Registered tablet (data state: TABLET_DATA_READY)
I0703 01:40:40.979270 16757 ts_tablet_manager.cc:1028] T 9809ab0e16b24dbcae587c5bfd1425d0 P 719afe22f6f64605919e0814444300c8: Bootstrapping tablet
I0703 01:40:40.979395 16757 tablet_bootstrap.cc:427] T 9809ab0e16b24dbcae587c5bfd1425d0 P 719afe22f6f64605919e0814444300c8: Bootstrap starting.
I0703 01:40:40.979996 16756 tablet_bootstrap.cc:427] T 9809ab0e16b24dbcae587c5bfd1425d0 P 2c88231a2ae44434927855d7fd17e8e9: No bootstrap required, opened a new log
I0703 01:40:40.980094 16756 ts_tablet_manager.cc:1045] T 9809ab0e16b24dbcae587c5bfd1425d0 P 2c88231a2ae44434927855d7fd17e8e9: Time spent bootstrapping tablet: real 0.005s user 0.001s sys 0.001s
I0703 01:40:40.980691 16757 tablet_bootstrap.cc:578] T 9809ab0e16b24dbcae587c5bfd1425d0 P 719afe22f6f64605919e0814444300c8: No blocks or log segments found. Creating new log.
I0703 01:40:40.980814 16756 raft_consensus.cc:325] T 9809ab0e16b24dbcae587c5bfd1425d0 P 2c88231a2ae44434927855d7fd17e8e9 [term 0 FOLLOWER]: Replica starting. Triggering 0 pending transactions. Active config: opid_index: -1 OBSOLETE_local: false peers { permanent_uuid: "2c88231a2ae44434927855d7fd17e8e9" member_type: VOTER last_known_addr { host: "127.5.240.193" port: 60206 } } peers { permanent_uuid: "719afe22f6f64605919e0814444300c8" member_type: VOTER last_known_addr { host: "127.5.240.194" port: 45951 } } peers { permanent_uuid: "c446c114fd3c4c29b178ea4d2423b26b" member_type: VOTER last_known_addr { host: "127.5.240.195" port: 34006 } }
I0703 01:40:40.980955 16756 raft_consensus.cc:351] T 9809ab0e16b24dbcae587c5bfd1425d0 P 2c88231a2ae44434927855d7fd17e8e9 [term 0 FOLLOWER]: Consensus starting up: Expiring failure detector timer to make a prompt election more likely
I0703 01:40:40.981006 16756 raft_consensus.cc:628] T 9809ab0e16b24dbcae587c5bfd1425d0 P 2c88231a2ae44434927855d7fd17e8e9 [term 0 FOLLOWER]: Becoming Follower/Learner. State: Replica: 2c88231a2ae44434927855d7fd17e8e9, State: Initialized, Role: FOLLOWER
I0703 01:40:40.981202 16756 consensus_queue.cc:227] T 9809ab0e16b24dbcae587c5bfd1425d0 P 2c88231a2ae44434927855d7fd17e8e9 [NON_LEADER]: Queue going to NON_LEADER mode. State: All replicated index: 0, Majority replicated index: 0, Committed index: 0, Last appended: 0.0, Last appended by leader: 0, Current term: 0, Majority size: -1, State: 0, Mode: NON_LEADER, active raft config: opid_index: -1 OBSOLETE_local: false peers { permanent_uuid: "2c88231a2ae44434927855d7fd17e8e9" member_type: VOTER last_known_addr { host: "127.5.240.193" port: 60206 } } peers { permanent_uuid: "719afe22f6f64605919e0814444300c8" member_type: VOTER last_known_addr { host: "127.5.240.194" port: 45951 } } peers { permanent_uuid: "c446c114fd3c4c29b178ea4d2423b26b" member_type: VOTER last_known_addr { host: "127.5.240.195" port: 34006 } }
I0703 01:40:40.981389 16754 tablet_bootstrap.cc:427] T 9809ab0e16b24dbcae587c5bfd1425d0 P c446c114fd3c4c29b178ea4d2423b26b: No bootstrap required, opened a new log
I0703 01:40:40.981482 16754 ts_tablet_manager.cc:1045] T 9809ab0e16b24dbcae587c5bfd1425d0 P c446c114fd3c4c29b178ea4d2423b26b: Time spent bootstrapping tablet: real 0.004s user 0.001s sys 0.002s
I0703 01:40:40.982589 16757 tablet_bootstrap.cc:427] T 9809ab0e16b24dbcae587c5bfd1425d0 P 719afe22f6f64605919e0814444300c8: No bootstrap required, opened a new log
I0703 01:40:40.982641 16756 ts_tablet_manager.cc:1073] T 9809ab0e16b24dbcae587c5bfd1425d0 P 2c88231a2ae44434927855d7fd17e8e9: Time spent starting tablet: real 0.002s user 0.001s sys 0.001s
I0703 01:40:40.982704 16757 ts_tablet_manager.cc:1045] T 9809ab0e16b24dbcae587c5bfd1425d0 P 719afe22f6f64605919e0814444300c8: Time spent bootstrapping tablet: real 0.003s user 0.001s sys 0.002s
I0703 01:40:40.982905 16754 raft_consensus.cc:325] T 9809ab0e16b24dbcae587c5bfd1425d0 P c446c114fd3c4c29b178ea4d2423b26b [term 0 FOLLOWER]: Replica starting. Triggering 0 pending transactions. Active config: opid_index: -1 OBSOLETE_local: false peers { permanent_uuid: "2c88231a2ae44434927855d7fd17e8e9" member_type: VOTER last_known_addr { host: "127.5.240.193" port: 60206 } } peers { permanent_uuid: "719afe22f6f64605919e0814444300c8" member_type: VOTER last_known_addr { host: "127.5.240.194" port: 45951 } } peers { permanent_uuid: "c446c114fd3c4c29b178ea4d2423b26b" member_type: VOTER last_known_addr { host: "127.5.240.195" port: 34006 } }
I0703 01:40:40.983083 16754 raft_consensus.cc:351] T 9809ab0e16b24dbcae587c5bfd1425d0 P c446c114fd3c4c29b178ea4d2423b26b [term 0 FOLLOWER]: Consensus starting up: Expiring failure detector timer to make a prompt election more likely
I0703 01:40:40.983144 16754 raft_consensus.cc:628] T 9809ab0e16b24dbcae587c5bfd1425d0 P c446c114fd3c4c29b178ea4d2423b26b [term 0 FOLLOWER]: Becoming Follower/Learner. State: Replica: c446c114fd3c4c29b178ea4d2423b26b, State: Initialized, Role: FOLLOWER
I0703 01:40:40.983284 16757 raft_consensus.cc:325] T 9809ab0e16b24dbcae587c5bfd1425d0 P 719afe22f6f64605919e0814444300c8 [term 0 FOLLOWER]: Replica starting. Triggering 0 pending transactions. Active config: opid_index: -1 OBSOLETE_local: false peers { permanent_uuid: "2c88231a2ae44434927855d7fd17e8e9" member_type: VOTER last_known_addr { host: "127.5.240.193" port: 60206 } } peers { permanent_uuid: "719afe22f6f64605919e0814444300c8" member_type: VOTER last_known_addr { host: "127.5.240.194" port: 45951 } } peers { permanent_uuid: "c446c114fd3c4c29b178ea4d2423b26b" member_type: VOTER last_known_addr { host: "127.5.240.195" port: 34006 } }
I0703 01:40:40.983418 16757 raft_consensus.cc:351] T 9809ab0e16b24dbcae587c5bfd1425d0 P 719afe22f6f64605919e0814444300c8 [term 0 FOLLOWER]: Consensus starting up: Expiring failure detector timer to make a prompt election more likely
I0703 01:40:40.983299 16754 consensus_queue.cc:227] T 9809ab0e16b24dbcae587c5bfd1425d0 P c446c114fd3c4c29b178ea4d2423b26b [NON_LEADER]: Queue going to NON_LEADER mode. State: All replicated index: 0, Majority replicated index: 0, Committed index: 0, Last appended: 0.0, Last appended by leader: 0, Current term: 0, Majority size: -1, State: 0, Mode: NON_LEADER, active raft config: opid_index: -1 OBSOLETE_local: false peers { permanent_uuid: "2c88231a2ae44434927855d7fd17e8e9" member_type: VOTER last_known_addr { host: "127.5.240.193" port: 60206 } } peers { permanent_uuid: "719afe22f6f64605919e0814444300c8" member_type: VOTER last_known_addr { host: "127.5.240.194" port: 45951 } } peers { permanent_uuid: "c446c114fd3c4c29b178ea4d2423b26b" member_type: VOTER last_known_addr { host: "127.5.240.195" port: 34006 } }
I0703 01:40:40.983470 16757 raft_consensus.cc:628] T 9809ab0e16b24dbcae587c5bfd1425d0 P 719afe22f6f64605919e0814444300c8 [term 0 FOLLOWER]: Becoming Follower/Learner. State: Replica: 719afe22f6f64605919e0814444300c8, State: Initialized, Role: FOLLOWER
I0703 01:40:40.983925 16754 ts_tablet_manager.cc:1073] T 9809ab0e16b24dbcae587c5bfd1425d0 P c446c114fd3c4c29b178ea4d2423b26b: Time spent starting tablet: real 0.002s user 0.001s sys 0.001s
I0703 01:40:40.984084 16757 consensus_queue.cc:227] T 9809ab0e16b24dbcae587c5bfd1425d0 P 719afe22f6f64605919e0814444300c8 [NON_LEADER]: Queue going to NON_LEADER mode. State: All replicated index: 0, Majority replicated index: 0, Committed index: 0, Last appended: 0.0, Last appended by leader: 0, Current term: 0, Majority size: -1, State: 0, Mode: NON_LEADER, active raft config: opid_index: -1 OBSOLETE_local: false peers { permanent_uuid: "2c88231a2ae44434927855d7fd17e8e9" member_type: VOTER last_known_addr { host: "127.5.240.193" port: 60206 } } peers { permanent_uuid: "719afe22f6f64605919e0814444300c8" member_type: VOTER last_known_addr { host: "127.5.240.194" port: 45951 } } peers { permanent_uuid: "c446c114fd3c4c29b178ea4d2423b26b" member_type: VOTER last_known_addr { host: "127.5.240.195" port: 34006 } }
I0703 01:40:40.984725 16757 ts_tablet_manager.cc:1073] T 9809ab0e16b24dbcae587c5bfd1425d0 P 719afe22f6f64605919e0814444300c8: Time spent starting tablet: real 0.002s user 0.001s sys 0.000s
I0703 01:40:41.106843 16762 raft_consensus.cc:457] T 9809ab0e16b24dbcae587c5bfd1425d0 P 719afe22f6f64605919e0814444300c8 [term 0 FOLLOWER]: Starting pre-election (no leader contacted us within the election timeout)
I0703 01:40:41.106952 16762 raft_consensus.cc:2730] T 9809ab0e16b24dbcae587c5bfd1425d0 P 719afe22f6f64605919e0814444300c8: Snoozing failure detection for 2.158s (starting election)
I0703 01:40:41.107065 16762 raft_consensus.cc:479] T 9809ab0e16b24dbcae587c5bfd1425d0 P 719afe22f6f64605919e0814444300c8 [term 0 FOLLOWER]: Starting pre-election with config: opid_index: -1 OBSOLETE_local: false peers { permanent_uuid: "2c88231a2ae44434927855d7fd17e8e9" member_type: VOTER last_known_addr { host: "127.5.240.193" port: 60206 } } peers { permanent_uuid: "719afe22f6f64605919e0814444300c8" member_type: VOTER last_known_addr { host: "127.5.240.194" port: 45951 } } peers { permanent_uuid: "c446c114fd3c4c29b178ea4d2423b26b" member_type: VOTER last_known_addr { host: "127.5.240.195" port: 34006 } }
I0703 01:40:41.107853 16762 leader_election.cc:243] T 9809ab0e16b24dbcae587c5bfd1425d0 P 719afe22f6f64605919e0814444300c8 [CANDIDATE]: Term 1 pre-election: Requesting pre-vote from peer 2c88231a2ae44434927855d7fd17e8e9 (127.5.240.193:60206)
I0703 01:40:41.108176 16762 leader_election.cc:243] T 9809ab0e16b24dbcae587c5bfd1425d0 P 719afe22f6f64605919e0814444300c8 [CANDIDATE]: Term 1 pre-election: Requesting pre-vote from peer c446c114fd3c4c29b178ea4d2423b26b (127.5.240.195:34006)
I0703 01:40:41.116448 16447 tablet_service.cc:995] Received RequestConsensusVote() RPC: tablet_id: "9809ab0e16b24dbcae587c5bfd1425d0" candidate_uuid: "719afe22f6f64605919e0814444300c8" candidate_term: 1 candidate_status { last_received { term: 0 index: 0 } } ignore_live_leader: false dest_uuid: "2c88231a2ae44434927855d7fd17e8e9" is_pre_election: true
I0703 01:40:41.116612 16447 raft_consensus.cc:2730] T 9809ab0e16b24dbcae587c5bfd1425d0 P 2c88231a2ae44434927855d7fd17e8e9: Snoozing failure detection for 1.661s (vote granted)
I0703 01:40:41.116677 16447 raft_consensus.cc:2243] T 9809ab0e16b24dbcae587c5bfd1425d0 P 2c88231a2ae44434927855d7fd17e8e9 [term 0 FOLLOWER]: Leader pre-election vote request: Granting yes vote for candidate 719afe22f6f64605919e0814444300c8 in term 0.
I0703 01:40:41.116858 16692 tablet_service.cc:995] Received RequestConsensusVote() RPC: tablet_id: "9809ab0e16b24dbcae587c5bfd1425d0" candidate_uuid: "719afe22f6f64605919e0814444300c8" candidate_term: 1 candidate_status { last_received { term: 0 index: 0 } } ignore_live_leader: false dest_uuid: "c446c114fd3c4c29b178ea4d2423b26b" is_pre_election: true
I0703 01:40:41.117115 16692 raft_consensus.cc:2730] T 9809ab0e16b24dbcae587c5bfd1425d0 P c446c114fd3c4c29b178ea4d2423b26b: Snoozing failure detection for 1.519s (vote granted)
I0703 01:40:41.117146 16501 leader_election.cc:379] T 9809ab0e16b24dbcae587c5bfd1425d0 P 719afe22f6f64605919e0814444300c8 [CANDIDATE]: Term 1 pre-election: Vote granted by peer 2c88231a2ae44434927855d7fd17e8e9 (127.5.240.193:60206)
I0703 01:40:41.117224 16501 leader_election.cc:270] T 9809ab0e16b24dbcae587c5bfd1425d0 P 719afe22f6f64605919e0814444300c8 [CANDIDATE]: Term 1 pre-election: Election decided. Result: candidate won.
I0703 01:40:41.117204 16692 raft_consensus.cc:2243] T 9809ab0e16b24dbcae587c5bfd1425d0 P c446c114fd3c4c29b178ea4d2423b26b [term 0 FOLLOWER]: Leader pre-election vote request: Granting yes vote for candidate 719afe22f6f64605919e0814444300c8 in term 0.
I0703 01:40:41.117671 16762 raft_consensus.cc:2730] T 9809ab0e16b24dbcae587c5bfd1425d0 P 719afe22f6f64605919e0814444300c8: Snoozing failure detection for 1.869s (election complete)
I0703 01:40:41.117813 16762 raft_consensus.cc:2537] T 9809ab0e16b24dbcae587c5bfd1425d0 P 719afe22f6f64605919e0814444300c8 [term 0 FOLLOWER]: Leader pre-election won for term 1
I0703 01:40:41.117815 16501 leader_election.cc:379] T 9809ab0e16b24dbcae587c5bfd1425d0 P 719afe22f6f64605919e0814444300c8 [CANDIDATE]: Term 1 pre-election: Vote granted by peer c446c114fd3c4c29b178ea4d2423b26b (127.5.240.195:34006)
I0703 01:40:41.117892 16762 raft_consensus.cc:457] T 9809ab0e16b24dbcae587c5bfd1425d0 P 719afe22f6f64605919e0814444300c8 [term 0 FOLLOWER]: Starting leader election (no leader contacted us within the election timeout)
I0703 01:40:41.117980 16762 raft_consensus.cc:2730] T 9809ab0e16b24dbcae587c5bfd1425d0 P 719afe22f6f64605919e0814444300c8: Snoozing failure detection for 1.685s (starting election)
I0703 01:40:41.118062 16762 raft_consensus.cc:2782] T 9809ab0e16b24dbcae587c5bfd1425d0 P 719afe22f6f64605919e0814444300c8 [term 0 FOLLOWER]: Advancing to term 1
I0703 01:40:41.120182 16762 raft_consensus.cc:479] T 9809ab0e16b24dbcae587c5bfd1425d0 P 719afe22f6f64605919e0814444300c8 [term 1 FOLLOWER]: Starting leader election with config: opid_index: -1 OBSOLETE_local: false peers { permanent_uuid: "2c88231a2ae44434927855d7fd17e8e9" member_type: VOTER last_known_addr { host: "127.5.240.193" port: 60206 } } peers { permanent_uuid: "719afe22f6f64605919e0814444300c8" member_type: VOTER last_known_addr { host: "127.5.240.194" port: 45951 } } peers { permanent_uuid: "c446c114fd3c4c29b178ea4d2423b26b" member_type: VOTER last_known_addr { host: "127.5.240.195" port: 34006 } }
I0703 01:40:41.120506 16762 leader_election.cc:243] T 9809ab0e16b24dbcae587c5bfd1425d0 P 719afe22f6f64605919e0814444300c8 [CANDIDATE]: Term 1 election: Requesting vote from peer 2c88231a2ae44434927855d7fd17e8e9 (127.5.240.193:60206)
I0703 01:40:41.120714 16762 leader_election.cc:243] T 9809ab0e16b24dbcae587c5bfd1425d0 P 719afe22f6f64605919e0814444300c8 [CANDIDATE]: Term 1 election: Requesting vote from peer c446c114fd3c4c29b178ea4d2423b26b (127.5.240.195:34006)
I0703 01:40:41.121201 16447 tablet_service.cc:995] Received RequestConsensusVote() RPC: tablet_id: "9809ab0e16b24dbcae587c5bfd1425d0" candidate_uuid: "719afe22f6f64605919e0814444300c8" candidate_term: 1 candidate_status { last_received { term: 0 index: 0 } } ignore_live_leader: false dest_uuid: "2c88231a2ae44434927855d7fd17e8e9"
I0703 01:40:41.121330 16447 raft_consensus.cc:2782] T 9809ab0e16b24dbcae587c5bfd1425d0 P 2c88231a2ae44434927855d7fd17e8e9 [term 0 FOLLOWER]: Advancing to term 1
I0703 01:40:41.121402 16447 raft_consensus.cc:2730] T 9809ab0e16b24dbcae587c5bfd1425d0 P 2c88231a2ae44434927855d7fd17e8e9: Snoozing failure detection for 1.746s (vote granted)
I0703 01:40:41.121439 16692 tablet_service.cc:995] Received RequestConsensusVote() RPC: tablet_id: "9809ab0e16b24dbcae587c5bfd1425d0" candidate_uuid: "719afe22f6f64605919e0814444300c8" candidate_term: 1 candidate_status { last_received { term: 0 index: 0 } } ignore_live_leader: false dest_uuid: "c446c114fd3c4c29b178ea4d2423b26b"
I0703 01:40:41.121539 16692 raft_consensus.cc:2782] T 9809ab0e16b24dbcae587c5bfd1425d0 P c446c114fd3c4c29b178ea4d2423b26b [term 0 FOLLOWER]: Advancing to term 1
I0703 01:40:41.121608 16692 raft_consensus.cc:2730] T 9809ab0e16b24dbcae587c5bfd1425d0 P c446c114fd3c4c29b178ea4d2423b26b: Snoozing failure detection for 2.199s (vote granted)
I0703 01:40:41.122675 16447 raft_consensus.cc:2243] T 9809ab0e16b24dbcae587c5bfd1425d0 P 2c88231a2ae44434927855d7fd17e8e9 [term 1 FOLLOWER]: Leader election vote request: Granting yes vote for candidate 719afe22f6f64605919e0814444300c8 in term 1.
I0703 01:40:41.122891 16692 raft_consensus.cc:2243] T 9809ab0e16b24dbcae587c5bfd1425d0 P c446c114fd3c4c29b178ea4d2423b26b [term 1 FOLLOWER]: Leader election vote request: Granting yes vote for candidate 719afe22f6f64605919e0814444300c8 in term 1.
I0703 01:40:41.123281 16501 leader_election.cc:379] T 9809ab0e16b24dbcae587c5bfd1425d0 P 719afe22f6f64605919e0814444300c8 [CANDIDATE]: Term 1 election: Vote granted by peer 2c88231a2ae44434927855d7fd17e8e9 (127.5.240.193:60206)
I0703 01:40:41.123344 16501 leader_election.cc:270] T 9809ab0e16b24dbcae587c5bfd1425d0 P 719afe22f6f64605919e0814444300c8 [CANDIDATE]: Term 1 election: Election decided. Result: candidate won.
I0703 01:40:41.123499 16762 raft_consensus.cc:2730] T 9809ab0e16b24dbcae587c5bfd1425d0 P 719afe22f6f64605919e0814444300c8: Snoozing failure detection for 2.115s (election complete)
I0703 01:40:41.123631 16501 leader_election.cc:379] T 9809ab0e16b24dbcae587c5bfd1425d0 P 719afe22f6f64605919e0814444300c8 [CANDIDATE]: Term 1 election: Vote granted by peer c446c114fd3c4c29b178ea4d2423b26b (127.5.240.195:34006)
I0703 01:40:41.123634 16762 raft_consensus.cc:2537] T 9809ab0e16b24dbcae587c5bfd1425d0 P 719afe22f6f64605919e0814444300c8 [term 1 FOLLOWER]: Leader election won for term 1
I0703 01:40:41.123993 16762 raft_consensus.cc:593] T 9809ab0e16b24dbcae587c5bfd1425d0 P 719afe22f6f64605919e0814444300c8 [term 1 LEADER]: Becoming Leader. State: Replica: 719afe22f6f64605919e0814444300c8, State: Running, Role: LEADER
I0703 01:40:41.124364 16762 consensus_queue.cc:204] T 9809ab0e16b24dbcae587c5bfd1425d0 P 719afe22f6f64605919e0814444300c8 [LEADER]: Queue going to LEADER mode. State: All replicated index: 0, Majority replicated index: 0, Committed index: 0, Last appended: 0.0, Last appended by leader: 0, Current term: 1, Majority size: 2, State: 0, Mode: LEADER, active raft config: opid_index: -1 OBSOLETE_local: false peers { permanent_uuid: "2c88231a2ae44434927855d7fd17e8e9" member_type: VOTER last_known_addr { host: "127.5.240.193" port: 60206 } } peers { permanent_uuid: "719afe22f6f64605919e0814444300c8" member_type: VOTER last_known_addr { host: "127.5.240.194" port: 45951 } } peers { permanent_uuid: "c446c114fd3c4c29b178ea4d2423b26b" member_type: VOTER last_known_addr { host: "127.5.240.195" port: 34006 } }
I0703 01:40:41.128396 16326 catalog_manager.cc:3798] T 9809ab0e16b24dbcae587c5bfd1425d0 P 719afe22f6f64605919e0814444300c8 reported cstate change: term changed from 0 to 1, leader changed from to 719afe22f6f64605919e0814444300c8 (127.5.240.194). New cstate: current_term: 1 leader_uuid: "719afe22f6f64605919e0814444300c8" committed_config { opid_index: -1 OBSOLETE_local: false peers { permanent_uuid: "2c88231a2ae44434927855d7fd17e8e9" member_type: VOTER last_known_addr { host: "127.5.240.193" port: 60206 } health_report { overall_health: UNKNOWN } } peers { permanent_uuid: "719afe22f6f64605919e0814444300c8" member_type: VOTER last_known_addr { host: "127.5.240.194" port: 45951 } health_report { overall_health: HEALTHY } } peers { permanent_uuid: "c446c114fd3c4c29b178ea4d2423b26b" member_type: VOTER last_known_addr { host: "127.5.240.195" port: 34006 } health_report { overall_health: UNKNOWN } } }
I0703 01:40:41.346137 16447 raft_consensus.cc:1081] T 945875de50a24af89a08d08b4354e1f4 P 2c88231a2ae44434927855d7fd17e8e9 [term 1 FOLLOWER]: Refusing update from remote peer c446c114fd3c4c29b178ea4d2423b26b: Log matching property violated. Preceding OpId in replica: term: 0 index: 0. Preceding OpId from leader: term: 1 index: 1. (index mismatch)
I0703 01:40:41.347205 16760 consensus_queue.cc:962] T 945875de50a24af89a08d08b4354e1f4 P c446c114fd3c4c29b178ea4d2423b26b [LEADER]: Connected to new peer: Peer: permanent_uuid: "2c88231a2ae44434927855d7fd17e8e9" member_type: VOTER last_known_addr { host: "127.5.240.193" port: 60206 }, Status: LMP_MISMATCH, Last received: 0.0, Next index: 1, Last known committed idx: 0, Time since last communication: 0.000s
I0703 01:40:41.354596 16570 raft_consensus.cc:1081] T 945875de50a24af89a08d08b4354e1f4 P 719afe22f6f64605919e0814444300c8 [term 1 FOLLOWER]: Refusing update from remote peer c446c114fd3c4c29b178ea4d2423b26b: Log matching property violated. Preceding OpId in replica: term: 0 index: 0. Preceding OpId from leader: term: 1 index: 1. (index mismatch)
I0703 01:40:41.356703 16760 consensus_queue.cc:962] T 945875de50a24af89a08d08b4354e1f4 P c446c114fd3c4c29b178ea4d2423b26b [LEADER]: Connected to new peer: Peer: permanent_uuid: "719afe22f6f64605919e0814444300c8" member_type: VOTER last_known_addr { host: "127.5.240.194" port: 45951 }, Status: LMP_MISMATCH, Last received: 0.0, Next index: 1, Last known committed idx: 0, Time since last communication: 0.000s
W0703 01:40:41.376574 16774 flags.cc:406] Enabled unsafe flag: --never_fsync=true
I0703 01:40:41.472266 6083 external_mini_cluster.cc:1034] Attempting to check leaks for /data/somelongdirectorytoavoidrpathissues/src/kudu/build/asan/bin/kudu-tserver pid 16361
I0703 01:40:41.475062 16487 generic_service.cc:169] Checking for leaks (request via RPC)
I0703 01:40:41.523602 6083 external_mini_cluster.cc:993] Killing /data/somelongdirectorytoavoidrpathissues/src/kudu/build/asan/bin/kudu-tserver with pid 16361
W0703 01:40:41.533341 16310 connection.cc:512] server connection from 127.5.240.193:44201 recv error: Network error: failed to read from TLS socket (remote: 127.5.240.193:44201): Connection reset by peer (error 104)
W0703 01:40:41.533555 16623 connection.cc:512] client connection to 127.5.240.193:60206 recv error: Network error: failed to read from TLS socket (remote: 127.5.240.193:60206): Connection reset by peer (error 104)
W0703 01:40:41.533589 16501 connection.cc:512] client connection to 127.5.240.193:60206 recv error: Network error: failed to read from TLS socket (remote: 127.5.240.193:60206): Connection reset by peer (error 104)
I0703 01:40:41.534431 6083 external_mini_cluster.cc:1034] Attempting to check leaks for /data/somelongdirectorytoavoidrpathissues/src/kudu/build/asan/bin/kudu-tserver pid 16492
I0703 01:40:41.535140 16610 generic_service.cc:169] Checking for leaks (request via RPC)
I0703 01:40:41.579890 6083 external_mini_cluster.cc:993] Killing /data/somelongdirectorytoavoidrpathissues/src/kudu/build/asan/bin/kudu-tserver with pid 16492
I0703 01:40:41.580727 16692 raft_consensus.cc:1081] T 9809ab0e16b24dbcae587c5bfd1425d0 P c446c114fd3c4c29b178ea4d2423b26b [term 1 FOLLOWER]: Refusing update from remote peer 719afe22f6f64605919e0814444300c8: Log matching property violated. Preceding OpId in replica: term: 0 index: 0. Preceding OpId from leader: term: 1 index: 1. (index mismatch)
W0703 01:40:41.588922 16626 connection.cc:512] client connection to 127.5.240.194:45951 recv error: Network error: failed to read from TLS socket (remote: 127.5.240.194:45951): Connection reset by peer (error 104)
I0703 01:40:41.589066 6083 external_mini_cluster.cc:1034] Attempting to check leaks for /data/somelongdirectorytoavoidrpathissues/src/kudu/build/asan/bin/kudu-tserver pid 16616
W0703 01:40:41.589040 16311 connection.cc:512] server connection from 127.5.240.194:54832 recv error: Network error: failed to read from TLS socket (remote: 127.5.240.194:54832): Connection reset by peer (error 104)
W0703 01:40:41.589295 16625 connection.cc:512] server connection from 127.5.240.194:44901 recv error: Network error: failed to read from TLS socket (remote: 0.0.0.0:0): Connection reset by peer (error 104)
W0703 01:40:41.589556 16625 connection.cc:185] Error closing socket: Network error: TlsSocket::Close: Broken pipe
I0703 01:40:41.590011 16732 generic_service.cc:169] Checking for leaks (request via RPC)
I0703 01:40:41.635615 6083 external_mini_cluster.cc:993] Killing /data/somelongdirectorytoavoidrpathissues/src/kudu/build/asan/bin/kudu-tserver with pid 16616
I0703 01:40:41.644070 6083 external_mini_cluster.cc:1034] Attempting to check leaks for /data/somelongdirectorytoavoidrpathissues/src/kudu/build/asan/bin/kudu-master pid 16301
W0703 01:40:41.644021 16308 connection.cc:512] server connection from 127.5.240.195:50286 recv error: Network error: failed to read from TLS socket (remote: 127.5.240.195:50286): Connection reset by peer (error 104)
I0703 01:40:41.644824 16357 generic_service.cc:169] Checking for leaks (request via RPC)
I0703 01:40:41.706707 6083 external_mini_cluster.cc:993] Killing /data/somelongdirectorytoavoidrpathissues/src/kudu/build/asan/bin/kudu-master with pid 16301 [ OK ] AdminCliTest.TestListTablesDetail (2444 ms) [----------] 14 tests from AdminCliTest (84101 ms total) [----------] 6 tests from EnableKudu1097AndDownTS/MoveTabletParamTest [ RUN ] EnableKudu1097AndDownTS/MoveTabletParamTest.Test/0
I0703 01:40:41.729144 6083 test_util.cc:208] Using random seed: 1156519019
I0703 01:40:41.730935 6083 ts_itest-base.cc:113] Starting cluster with:
I0703 01:40:41.730958 6083 ts_itest-base.cc:114] --------------
I0703 01:40:41.730975 6083 ts_itest-base.cc:115] 5 tablet servers
I0703 01:40:41.730986 6083 ts_itest-base.cc:116] 3 replicas per TS
I0703 01:40:41.731003 6083 ts_itest-base.cc:117] --------------
