W0703 01:39:47.786168 9977 tablet.cc:1678] T a87a2a21d927456d930023d9775aec80 P 37b8cbcdace54a91a27cd7bbb1eefe17: Can't schedule compaction. Clean time has not been advanced past its initial value.
I0703 01:39:47.788178 9811 tablet_service.cc:995] Received RequestConsensusVote() RPC: tablet_id: "a87a2a21d927456d930023d9775aec80" candidate_uuid: "a382b1ef929b411b825a324ad47ecaa9" candidate_term: 1 candidate_status { last_received { term: 0 index: 0 } } ignore_live_leader: false dest_uuid: "937ef3ea804c4775a2a090e89e55f0fd" is_pre_election: true
I0703 01:39:47.788921 9811 raft_consensus.cc:2730] T a87a2a21d927456d930023d9775aec80 P 937ef3ea804c4775a2a090e89e55f0fd: Snoozing failure detection for 1.621s (vote granted)
I0703 01:39:47.789028 9811 raft_consensus.cc:2243] T a87a2a21d927456d930023d9775aec80 P 937ef3ea804c4775a2a090e89e55f0fd [term 0 FOLLOWER]: Leader pre-election vote request: Granting yes vote for candidate a382b1ef929b411b825a324ad47ecaa9 in term 0.
I0703 01:39:47.789778 9498 leader_election.cc:379] T a87a2a21d927456d930023d9775aec80 P a382b1ef929b411b825a324ad47ecaa9 [CANDIDATE]: Term 1 pre-election: Vote granted by peer 937ef3ea804c4775a2a090e89e55f0fd (127.5.240.195:47698)
I0703 01:39:47.789330 9933 tablet_service.cc:995] Received RequestConsensusVote() RPC: tablet_id: "a87a2a21d927456d930023d9775aec80" candidate_uuid: "a382b1ef929b411b825a324ad47ecaa9" candidate_term: 1 candidate_status { last_received { term: 0 index: 0 } } ignore_live_leader: false dest_uuid: "37b8cbcdace54a91a27cd7bbb1eefe17" is_pre_election: true
I0703 01:39:47.789791 10177 tablet_service.cc:995] Received RequestConsensusVote() RPC: tablet_id: "a87a2a21d927456d930023d9775aec80" candidate_uuid: "a382b1ef929b411b825a324ad47ecaa9" candidate_term: 1 candidate_status { last_received { term: 0 index: 0 } } ignore_live_leader: false dest_uuid: "7bb94c92677448c39c50efc79e39459a" is_pre_election: true
I0703 01:39:47.790014 9933 raft_consensus.cc:2730] T a87a2a21d927456d930023d9775aec80 P 37b8cbcdace54a91a27cd7bbb1eefe17: Snoozing failure detection for 1.738s (vote granted)
I0703 01:39:47.790077 10177 raft_consensus.cc:2730] T a87a2a21d927456d930023d9775aec80 P 7bb94c92677448c39c50efc79e39459a: Snoozing failure detection for 1.577s (vote granted)
I0703 01:39:47.790086 9933 raft_consensus.cc:2243] T a87a2a21d927456d930023d9775aec80 P 37b8cbcdace54a91a27cd7bbb1eefe17 [term 0 FOLLOWER]: Leader pre-election vote request: Granting yes vote for candidate a382b1ef929b411b825a324ad47ecaa9 in term 0.
I0703 01:39:47.790171 10177 raft_consensus.cc:2243] T a87a2a21d927456d930023d9775aec80 P 7bb94c92677448c39c50efc79e39459a [term 0 FOLLOWER]: Leader pre-election vote request: Granting yes vote for candidate a382b1ef929b411b825a324ad47ecaa9 in term 0.
I0703 01:39:47.790727 9497 leader_election.cc:379] T a87a2a21d927456d930023d9775aec80 P a382b1ef929b411b825a324ad47ecaa9 [CANDIDATE]: Term 1 pre-election: Vote granted by peer 37b8cbcdace54a91a27cd7bbb1eefe17 (127.5.240.196:47502)
I0703 01:39:47.790835 9499 leader_election.cc:379] T a87a2a21d927456d930023d9775aec80 P a382b1ef929b411b825a324ad47ecaa9 [CANDIDATE]: Term 1 pre-election: Vote granted by peer 7bb94c92677448c39c50efc79e39459a (127.5.240.198:39947)
I0703 01:39:47.790911 9499 leader_election.cc:270] T a87a2a21d927456d930023d9775aec80 P a382b1ef929b411b825a324ad47ecaa9 [CANDIDATE]: Term 1 pre-election: Election decided. Result: candidate won.
I0703 01:39:47.791260 10493 raft_consensus.cc:2730] T a87a2a21d927456d930023d9775aec80 P a382b1ef929b411b825a324ad47ecaa9: Snoozing failure detection for 1.641s (election complete)
I0703 01:39:47.791402 10493 raft_consensus.cc:2537] T a87a2a21d927456d930023d9775aec80 P a382b1ef929b411b825a324ad47ecaa9 [term 0 FOLLOWER]: Leader pre-election won for term 1
I0703 01:39:47.791517 10493 raft_consensus.cc:457] T a87a2a21d927456d930023d9775aec80 P a382b1ef929b411b825a324ad47ecaa9 [term 0 FOLLOWER]: Starting leader election (no leader contacted us within the election timeout)
I0703 01:39:47.791602 10493 raft_consensus.cc:2730] T a87a2a21d927456d930023d9775aec80 P a382b1ef929b411b825a324ad47ecaa9: Snoozing failure detection for 1.659s (starting election)
I0703 01:39:47.791666 10493 raft_consensus.cc:2782] T a87a2a21d927456d930023d9775aec80 P a382b1ef929b411b825a324ad47ecaa9 [term 0 FOLLOWER]: Advancing to term 1
I0703 01:39:47.792698 9689 tablet_service.cc:995] Received RequestConsensusVote() RPC: tablet_id: "a87a2a21d927456d930023d9775aec80" candidate_uuid: "a382b1ef929b411b825a324ad47ecaa9" candidate_term: 1 candidate_status { last_received { term: 0 index: 0 } } ignore_live_leader: false dest_uuid: "08ad9c3e352f492f9acb05219b72d0e0" is_pre_election: true
I0703 01:39:47.793306 9689 raft_consensus.cc:2730] T a87a2a21d927456d930023d9775aec80 P 08ad9c3e352f492f9acb05219b72d0e0: Snoozing failure detection for 2.062s (vote granted)
I0703 01:39:47.793397 9689 raft_consensus.cc:2243] T a87a2a21d927456d930023d9775aec80 P 08ad9c3e352f492f9acb05219b72d0e0 [term 0 FOLLOWER]: Leader pre-election vote request: Granting yes vote for candidate a382b1ef929b411b825a324ad47ecaa9 in term 0.
I0703 01:39:47.794062 9499 leader_election.cc:379] T a87a2a21d927456d930023d9775aec80 P a382b1ef929b411b825a324ad47ecaa9 [CANDIDATE]: Term 1 pre-election: Vote granted by peer 08ad9c3e352f492f9acb05219b72d0e0 (127.5.240.194:42244)
I0703 01:39:47.793959 10493 raft_consensus.cc:479] T a87a2a21d927456d930023d9775aec80 P a382b1ef929b411b825a324ad47ecaa9 [term 1 FOLLOWER]: Starting leader election with config: opid_index: -1 OBSOLETE_local: false peers { permanent_uuid: "7bb94c92677448c39c50efc79e39459a" member_type: VOTER last_known_addr { host: "127.5.240.198" port: 39947 } } peers { permanent_uuid: "a382b1ef929b411b825a324ad47ecaa9" member_type: VOTER last_known_addr { host: "127.5.240.193" port: 48335 } } peers { permanent_uuid: "08ad9c3e352f492f9acb05219b72d0e0" member_type: VOTER last_known_addr { host: "127.5.240.194" port: 42244 } } peers { permanent_uuid: "37b8cbcdace54a91a27cd7bbb1eefe17" member_type: VOTER last_known_addr { host: "127.5.240.196" port: 47502 } } peers { permanent_uuid: "937ef3ea804c4775a2a090e89e55f0fd" member_type: VOTER last_known_addr { host: "127.5.240.195" port: 47698 } }
I0703 01:39:47.794528 10493 leader_election.cc:243] T a87a2a21d927456d930023d9775aec80 P a382b1ef929b411b825a324ad47ecaa9 [CANDIDATE]: Term 1 election: Requesting vote from peer 7bb94c92677448c39c50efc79e39459a (127.5.240.198:39947)
I0703 01:39:47.794699 10493 leader_election.cc:243] T a87a2a21d927456d930023d9775aec80 P a382b1ef929b411b825a324ad47ecaa9 [CANDIDATE]: Term 1 election: Requesting vote from peer 08ad9c3e352f492f9acb05219b72d0e0 (127.5.240.194:42244)
I0703 01:39:47.794823 10493 leader_election.cc:243] T a87a2a21d927456d930023d9775aec80 P a382b1ef929b411b825a324ad47ecaa9 [CANDIDATE]: Term 1 election: Requesting vote from peer 37b8cbcdace54a91a27cd7bbb1eefe17 (127.5.240.196:47502)
I0703 01:39:47.795022 10493 leader_election.cc:243] T a87a2a21d927456d930023d9775aec80 P a382b1ef929b411b825a324ad47ecaa9 [CANDIDATE]: Term 1 election: Requesting vote from peer 937ef3ea804c4775a2a090e89e55f0fd (127.5.240.195:47698)
I0703 01:39:47.795344 10177 tablet_service.cc:995] Received RequestConsensusVote() RPC: tablet_id: "a87a2a21d927456d930023d9775aec80" candidate_uuid: "a382b1ef929b411b825a324ad47ecaa9" candidate_term: 1 candidate_status { last_received { term: 0 index: 0 } } ignore_live_leader: false dest_uuid: "7bb94c92677448c39c50efc79e39459a"
I0703 01:39:47.795487 10177 raft_consensus.cc:2782] T a87a2a21d927456d930023d9775aec80 P 7bb94c92677448c39c50efc79e39459a [term 0 FOLLOWER]: Advancing to term 1
I0703 01:39:47.795619 10177 raft_consensus.cc:2730] T a87a2a21d927456d930023d9775aec80 P 7bb94c92677448c39c50efc79e39459a: Snoozing failure detection for 1.874s (vote granted)
I0703 01:39:47.795588 9689 tablet_service.cc:995] Received RequestConsensusVote() RPC: tablet_id: "a87a2a21d927456d930023d9775aec80" candidate_uuid: "a382b1ef929b411b825a324ad47ecaa9" candidate_term: 1 candidate_status { last_received { term: 0 index: 0 } } ignore_live_leader: false dest_uuid: "08ad9c3e352f492f9acb05219b72d0e0"
I0703 01:39:47.795596 9933 tablet_service.cc:995] Received RequestConsensusVote() RPC: tablet_id: "a87a2a21d927456d930023d9775aec80" candidate_uuid: "a382b1ef929b411b825a324ad47ecaa9" candidate_term: 1 candidate_status { last_received { term: 0 index: 0 } } ignore_live_leader: false dest_uuid: "37b8cbcdace54a91a27cd7bbb1eefe17"
I0703 01:39:47.795722 9689 raft_consensus.cc:2782] T a87a2a21d927456d930023d9775aec80 P 08ad9c3e352f492f9acb05219b72d0e0 [term 0 FOLLOWER]: Advancing to term 1
I0703 01:39:47.795753 9933 raft_consensus.cc:2782] T a87a2a21d927456d930023d9775aec80 P 37b8cbcdace54a91a27cd7bbb1eefe17 [term 0 FOLLOWER]: Advancing to term 1
I0703 01:39:47.795826 9689 raft_consensus.cc:2730] T a87a2a21d927456d930023d9775aec80 P 08ad9c3e352f492f9acb05219b72d0e0: Snoozing failure detection for 1.695s (vote granted)
I0703 01:39:47.795841 9933 raft_consensus.cc:2730] T a87a2a21d927456d930023d9775aec80 P 37b8cbcdace54a91a27cd7bbb1eefe17: Snoozing failure detection for 2.068s (vote granted)
I0703 01:39:47.795903 9811 tablet_service.cc:995] Received RequestConsensusVote() RPC: tablet_id: "a87a2a21d927456d930023d9775aec80" candidate_uuid: "a382b1ef929b411b825a324ad47ecaa9" candidate_term: 1 candidate_status { last_received { term: 0 index: 0 } } ignore_live_leader: false dest_uuid: "937ef3ea804c4775a2a090e89e55f0fd"
I0703 01:39:47.796036 9811 raft_consensus.cc:2782] T a87a2a21d927456d930023d9775aec80 P 937ef3ea804c4775a2a090e89e55f0fd [term 0 FOLLOWER]: Advancing to term 1
I0703 01:39:47.796130 9811 raft_consensus.cc:2730] T a87a2a21d927456d930023d9775aec80 P 937ef3ea804c4775a2a090e89e55f0fd: Snoozing failure detection for 2.033s (vote granted)
I0703 01:39:47.797682 10177 raft_consensus.cc:2243] T a87a2a21d927456d930023d9775aec80 P 7bb94c92677448c39c50efc79e39459a [term 1 FOLLOWER]: Leader election vote request: Granting yes vote for candidate a382b1ef929b411b825a324ad47ecaa9 in term 1.
I0703 01:39:47.798430 9933 raft_consensus.cc:2243] T a87a2a21d927456d930023d9775aec80 P 37b8cbcdace54a91a27cd7bbb1eefe17 [term 1 FOLLOWER]: Leader election vote request: Granting yes vote for candidate a382b1ef929b411b825a324ad47ecaa9 in term 1.
I0703 01:39:47.798494 9811 raft_consensus.cc:2243] T a87a2a21d927456d930023d9775aec80 P 937ef3ea804c4775a2a090e89e55f0fd [term 1 FOLLOWER]: Leader election vote request: Granting yes vote for candidate a382b1ef929b411b825a324ad47ecaa9 in term 1.
I0703 01:39:47.798629 9689 raft_consensus.cc:2243] T a87a2a21d927456d930023d9775aec80 P 08ad9c3e352f492f9acb05219b72d0e0 [term 1 FOLLOWER]: Leader election vote request: Granting yes vote for candidate a382b1ef929b411b825a324ad47ecaa9 in term 1.
I0703 01:39:47.798971 9497 leader_election.cc:379] T a87a2a21d927456d930023d9775aec80 P a382b1ef929b411b825a324ad47ecaa9 [CANDIDATE]: Term 1 election: Vote granted by peer 37b8cbcdace54a91a27cd7bbb1eefe17 (127.5.240.196:47502)
I0703 01:39:47.799085 9498 leader_election.cc:379] T a87a2a21d927456d930023d9775aec80 P a382b1ef929b411b825a324ad47ecaa9 [CANDIDATE]: Term 1 election: Vote granted by peer 937ef3ea804c4775a2a090e89e55f0fd (127.5.240.195:47698)
I0703 01:39:47.799178 9498 leader_election.cc:270] T a87a2a21d927456d930023d9775aec80 P a382b1ef929b411b825a324ad47ecaa9 [CANDIDATE]: Term 1 election: Election decided. Result: candidate won.
I0703 01:39:47.799293 9499 leader_election.cc:379] T a87a2a21d927456d930023d9775aec80 P a382b1ef929b411b825a324ad47ecaa9 [CANDIDATE]: Term 1 election: Vote granted by peer 7bb94c92677448c39c50efc79e39459a (127.5.240.198:39947)
I0703 01:39:47.799381 10493 raft_consensus.cc:2730] T a87a2a21d927456d930023d9775aec80 P a382b1ef929b411b825a324ad47ecaa9: Snoozing failure detection for 1.512s (election complete)
I0703 01:39:47.799511 10493 raft_consensus.cc:2537] T a87a2a21d927456d930023d9775aec80 P a382b1ef929b411b825a324ad47ecaa9 [term 1 FOLLOWER]: Leader election won for term 1
I0703 01:39:47.799515 9499 leader_election.cc:379] T a87a2a21d927456d930023d9775aec80 P a382b1ef929b411b825a324ad47ecaa9 [CANDIDATE]: Term 1 election: Vote granted by peer 08ad9c3e352f492f9acb05219b72d0e0 (127.5.240.194:42244)
I0703 01:39:47.799978 10493 raft_consensus.cc:593] T a87a2a21d927456d930023d9775aec80 P a382b1ef929b411b825a324ad47ecaa9 [term 1 LEADER]: Becoming Leader. State: Replica: a382b1ef929b411b825a324ad47ecaa9, State: Running, Role: LEADER
I0703 01:39:47.800384 10493 consensus_queue.cc:204] T a87a2a21d927456d930023d9775aec80 P a382b1ef929b411b825a324ad47ecaa9 [LEADER]: Queue going to LEADER mode. State: All replicated index: 0, Majority replicated index: 0, Committed index: 0, Last appended: 0.0, Last appended by leader: 0, Current term: 1, Majority size: 3, State: 0, Mode: LEADER, active raft config: opid_index: -1 OBSOLETE_local: false peers { permanent_uuid: "7bb94c92677448c39c50efc79e39459a" member_type: VOTER last_known_addr { host: "127.5.240.198" port: 39947 } } peers { permanent_uuid: "a382b1ef929b411b825a324ad47ecaa9" member_type: VOTER last_known_addr { host: "127.5.240.193" port: 48335 } } peers { permanent_uuid: "08ad9c3e352f492f9acb05219b72d0e0" member_type: VOTER last_known_addr { host: "127.5.240.194" port: 42244 } } peers { permanent_uuid: "37b8cbcdace54a91a27cd7bbb1eefe17" member_type: VOTER last_known_addr { host: "127.5.240.196" port: 47502 } } peers { permanent_uuid: "937ef3ea804c4775a2a090e89e55f0fd" member_type: VOTER last_known_addr { host: "127.5.240.195" port: 47698 } }
I0703 01:39:47.805413 9446 catalog_manager.cc:3798] T a87a2a21d927456d930023d9775aec80 P a382b1ef929b411b825a324ad47ecaa9 reported cstate change: term changed from 0 to 1, leader changed from to a382b1ef929b411b825a324ad47ecaa9 (127.5.240.193). New cstate: current_term: 1 leader_uuid: "a382b1ef929b411b825a324ad47ecaa9" committed_config { opid_index: -1 OBSOLETE_local: false peers { permanent_uuid: "7bb94c92677448c39c50efc79e39459a" member_type: VOTER last_known_addr { host: "127.5.240.198" port: 39947 } health_report { overall_health: UNKNOWN } } peers { permanent_uuid: "a382b1ef929b411b825a324ad47ecaa9" member_type: VOTER last_known_addr { host: "127.5.240.193" port: 48335 } health_report { overall_health: HEALTHY } } peers { permanent_uuid: "08ad9c3e352f492f9acb05219b72d0e0" member_type: VOTER last_known_addr { host: "127.5.240.194" port: 42244 } health_report { overall_health: UNKNOWN } } peers { permanent_uuid: "37b8cbcdace54a91a27cd7bbb1eefe17" member_type: VOTER last_known_addr { host: "127.5.240.196" port: 47502 } health_report { overall_health: UNKNOWN } } peers { permanent_uuid: "937ef3ea804c4775a2a090e89e55f0fd" member_type: VOTER last_known_addr { host: "127.5.240.195" port: 47698 } health_report { overall_health: UNKNOWN } } }
I0703 01:39:47.836869 6083 external_mini_cluster.cc:490] 8 TS(s) registered with all masters
I0703 01:39:47.838068 6083 ts_itest-base.cc:233] Waiting for 1 tablets on tserver a382b1ef929b411b825a324ad47ecaa9 to finish bootstrapping
I0703 01:39:47.842634 6083 ts_itest-base.cc:233] Waiting for 1 tablets on tserver 08ad9c3e352f492f9acb05219b72d0e0 to finish bootstrapping
I0703 01:39:47.848179 6083 ts_itest-base.cc:233] Waiting for 1 tablets on tserver 937ef3ea804c4775a2a090e89e55f0fd to finish bootstrapping
W0703 01:39:47.851418 9733 tablet.cc:1678] T a87a2a21d927456d930023d9775aec80 P 08ad9c3e352f492f9acb05219b72d0e0: Can't schedule compaction. Clean time has not been advanced past its initial value.
I0703 01:39:47.853827 6083 ts_itest-base.cc:233] Waiting for 1 tablets on tserver 37b8cbcdace54a91a27cd7bbb1eefe17 to finish bootstrapping
I0703 01:39:47.858633 6083 ts_itest-base.cc:233] Waiting for 0 tablets on tserver 3254ace7bc954d2ab9972a2723f45b0c to finish bootstrapping
I0703 01:39:47.865057 6083 ts_itest-base.cc:233] Waiting for 1 tablets on tserver 7bb94c92677448c39c50efc79e39459a to finish bootstrapping
I0703 01:39:47.871070 6083 ts_itest-base.cc:233] Waiting for 0 tablets on tserver add911cdebcf44b8a64256c228929d30 to finish bootstrapping
I0703 01:39:47.877769 6083 ts_itest-base.cc:233] Waiting for 0 tablets on tserver d33993c1f2c148d9ae2504a60ed04173 to finish bootstrapping
I0703 01:39:47.885272 6083 kudu-admin-test.cc:661] Waiting for Master to see the current replicas...
I0703 01:39:47.886624 6083 kudu-admin-test.cc:668] Tablet locations: tablet_id: "a87a2a21d927456d930023d9775aec80" replicas { ts_info { permanent_uuid: "7bb94c92677448c39c50efc79e39459a" rpc_addresses { host: "127.5.240.198" port: 39947 } } role: FOLLOWER } replicas { ts_info { permanent_uuid: "a382b1ef929b411b825a324ad47ecaa9" rpc_addresses { host: "127.5.240.193" port: 48335 } } role: LEADER } replicas { ts_info { permanent_uuid: "08ad9c3e352f492f9acb05219b72d0e0" rpc_addresses { host: "127.5.240.194" port: 42244 } } role: FOLLOWER } replicas { ts_info { permanent_uuid: "37b8cbcdace54a91a27cd7bbb1eefe17" rpc_addresses { host: "127.5.240.196" port: 47502 } } role: FOLLOWER } replicas { ts_info { permanent_uuid: "937ef3ea804c4775a2a090e89e55f0fd" rpc_addresses { host: "127.5.240.195" port: 47698 } } role: FOLLOWER } DEPRECATED_stale: false partition { partition_key_start: "" partition_key_end: "" }
W0703 01:39:47.954794 9855 tablet.cc:1678] T a87a2a21d927456d930023d9775aec80 P 937ef3ea804c4775a2a090e89e55f0fd: Can't schedule compaction. Clean time has not been advanced past its initial value.
W0703 01:39:47.959291 10221 tablet.cc:1678] T a87a2a21d927456d930023d9775aec80 P 7bb94c92677448c39c50efc79e39459a: Can't schedule compaction. Clean time has not been advanced past its initial value.
I0703 01:39:48.185015 9689 raft_consensus.cc:1081] T a87a2a21d927456d930023d9775aec80 P 08ad9c3e352f492f9acb05219b72d0e0 [term 1 FOLLOWER]: Refusing update from remote peer a382b1ef929b411b825a324ad47ecaa9: Log matching property violated. Preceding OpId in replica: term: 0 index: 0. Preceding OpId from leader: term: 1 index: 1. (index mismatch)
I0703 01:39:48.185860 10493 consensus_queue.cc:962] T a87a2a21d927456d930023d9775aec80 P a382b1ef929b411b825a324ad47ecaa9 [LEADER]: Connected to new peer: Peer: permanent_uuid: "08ad9c3e352f492f9acb05219b72d0e0" member_type: VOTER last_known_addr { host: "127.5.240.194" port: 42244 }, Status: LMP_MISMATCH, Last received: 0.0, Next index: 1, Last known committed idx: 0, Time since last communication: 0.000s
I0703 01:39:48.206043 10177 raft_consensus.cc:1081] T a87a2a21d927456d930023d9775aec80 P 7bb94c92677448c39c50efc79e39459a [term 1 FOLLOWER]: Refusing update from remote peer a382b1ef929b411b825a324ad47ecaa9: Log matching property violated. Preceding OpId in replica: term: 0 index: 0. Preceding OpId from leader: term: 1 index: 1. (index mismatch)
I0703 01:39:48.206732 10493 consensus_queue.cc:962] T a87a2a21d927456d930023d9775aec80 P a382b1ef929b411b825a324ad47ecaa9 [LEADER]: Connected to new peer: Peer: permanent_uuid: "7bb94c92677448c39c50efc79e39459a" member_type: VOTER last_known_addr { host: "127.5.240.198" port: 39947 }, Status: LMP_MISMATCH, Last received: 0.0, Next index: 1, Last known committed idx: 0, Time since last communication: 0.000s
I0703 01:39:48.212550 9811 raft_consensus.cc:1081] T a87a2a21d927456d930023d9775aec80 P 937ef3ea804c4775a2a090e89e55f0fd [term 1 FOLLOWER]: Refusing update from remote peer a382b1ef929b411b825a324ad47ecaa9: Log matching property violated. Preceding OpId in replica: term: 0 index: 0. Preceding OpId from leader: term: 1 index: 1. (index mismatch)
I0703 01:39:48.216153 10516 consensus_queue.cc:962] T a87a2a21d927456d930023d9775aec80 P a382b1ef929b411b825a324ad47ecaa9 [LEADER]: Connected to new peer: Peer: permanent_uuid: "937ef3ea804c4775a2a090e89e55f0fd" member_type: VOTER last_known_addr { host: "127.5.240.195" port: 47698 }, Status: LMP_MISMATCH, Last received: 0.0, Next index: 1, Last known committed idx: 0, Time since last communication: 0.001s
I0703 01:39:48.219435 9933 raft_consensus.cc:1081] T a87a2a21d927456d930023d9775aec80 P 37b8cbcdace54a91a27cd7bbb1eefe17 [term 1 FOLLOWER]: Refusing update from remote peer a382b1ef929b411b825a324ad47ecaa9: Log matching property violated. Preceding OpId in replica: term: 0 index: 0. Preceding OpId from leader: term: 1 index: 1. (index mismatch)
I0703 01:39:48.221127 6083 external_mini_cluster.cc:1034] Attempting to check leaks for /data/somelongdirectorytoavoidrpathissues/src/kudu/build/asan/bin/kudu-tserver pid 9857
I0703 01:39:48.220924 10517 consensus_queue.cc:962] T a87a2a21d927456d930023d9775aec80 P a382b1ef929b411b825a324ad47ecaa9 [LEADER]: Connected to new peer: Peer: permanent_uuid: "37b8cbcdace54a91a27cd7bbb1eefe17" member_type: VOTER last_known_addr { host: "127.5.240.196" port: 47502 }, Status: LMP_MISMATCH, Last received: 0.0, Next index: 1, Last known committed idx: 0, Time since last communication: 0.000s
I0703 01:39:48.221801 9973 generic_service.cc:169] Checking for leaks (request via RPC)
I0703 01:39:48.268707 6083 external_mini_cluster.cc:993] Killing /data/somelongdirectorytoavoidrpathissues/src/kudu/build/asan/bin/kudu-tserver with pid 9857
W0703 01:39:48.276398 9497 connection.cc:512] client connection to 127.5.240.196:47502 recv error: Network error: failed to read from TLS socket (remote: 127.5.240.196:47502): Connection reset by peer (error 104)
W0703 01:39:48.276408 9429 connection.cc:512] server connection from 127.5.240.196:37344 recv error: Network error: failed to read from TLS socket (remote: 127.5.240.196:37344): Connection reset by peer (error 104)
I0703 01:39:48.276657 6083 external_mini_cluster.cc:1034] Attempting to check leaks for /data/somelongdirectorytoavoidrpathissues/src/kudu/build/asan/bin/kudu-tserver pid 9735
W0703 01:39:48.276588 9497 consensus_peers.cc:433] T a87a2a21d927456d930023d9775aec80 P a382b1ef929b411b825a324ad47ecaa9 -> Peer 37b8cbcdace54a91a27cd7bbb1eefe17 (127.5.240.196:47502): Couldn't send request to peer 37b8cbcdace54a91a27cd7bbb1eefe17 for tablet a87a2a21d927456d930023d9775aec80. Status: Network error: failed to read from TLS socket (remote: 127.5.240.196:47502): Connection reset by peer (error 104). Retrying in the next heartbeat period. Already tried 1 times.
I0703 01:39:48.277401 9851 generic_service.cc:169] Checking for leaks (request via RPC)
I0703 01:39:48.320879 6083 external_mini_cluster.cc:993] Killing /data/somelongdirectorytoavoidrpathissues/src/kudu/build/asan/bin/kudu-tserver with pid 9735
I0703 01:39:48.322150 10342 heartbeater.cc:467] Master 127.5.240.254:54359 was elected leader, sending a full tablet report...
W0703 01:39:48.329097 9427 connection.cc:512] server connection from 127.5.240.195:34496 recv error: Network error: failed to read from TLS socket (remote: 127.5.240.195:34496): Connection reset by peer (error 104)
W0703 01:39:48.329090 9498 connection.cc:512] client connection to 127.5.240.195:47698 recv error: Network error: failed to read from TLS socket (remote: 127.5.240.195:47698): Connection reset by peer (error 104)
I0703 01:39:48.329381 6083 external_mini_cluster.cc:1034] Attempting to check leaks for /data/somelongdirectorytoavoidrpathissues/src/kudu/build/asan/bin/kudu-tserver pid 9480
I0703 01:39:48.330063 9606 generic_service.cc:169] Checking for leaks (request via RPC)
I0703 01:39:48.375351 6083 external_mini_cluster.cc:993] Killing /data/somelongdirectorytoavoidrpathissues/src/kudu/build/asan/bin/kudu-tserver with pid 9480
W0703 01:39:48.383903 9429 connection.cc:512] server connection from 127.5.240.193:49586 recv error: Network error: failed to read from TLS socket (remote: 127.5.240.193:49586): Connection reset by peer (error 104)
W0703 01:39:48.383965 10111 connection.cc:512] server connection from 127.5.240.193:46995 recv error: Network error: failed to read from TLS socket (remote: 127.5.240.193:46995): Connection reset by peer (error 104)
W0703 01:39:48.384503 9620 connection.cc:512] server connection from 127.5.240.193:53400 recv error: Network error: failed to read from TLS socket (remote: 127.5.240.193:53400): Connection reset by peer (error 104)
I0703 01:39:48.384647 6083 external_mini_cluster.cc:1034] Attempting to check leaks for /data/somelongdirectorytoavoidrpathissues/src/kudu/build/asan/bin/kudu-master pid 9420
I0703 01:39:48.385351 9476 generic_service.cc:169] Checking for leaks (request via RPC)
I0703 01:39:48.449291 6083 external_mini_cluster.cc:993] Killing /data/somelongdirectorytoavoidrpathissues/src/kudu/build/asan/bin/kudu-master with pid 9420
W0703 01:39:48.462524 9620 connection.cc:512] client connection to 127.5.240.254:54359 recv error: Network error: failed to read from TLS socket (remote: 127.5.240.254:54359): Connection reset by peer (error 104)
W0703 01:39:48.462554 10108 connection.cc:512] client connection to 127.5.240.254:54359 recv error: Network error: failed to read from TLS socket (remote: 127.5.240.254:54359): Connection reset by peer (error 104)
W0703 01:39:48.462612 9986 connection.cc:512] client connection to 127.5.240.254:54359 recv error: Network error: failed to read from TLS socket (remote: 127.5.240.254:54359): Connection reset by peer (error 104)
W0703 01:39:48.463125 10230 connection.cc:512] client connection to 127.5.240.254:54359 recv error: Network error: failed to read from TLS socket (remote: 127.5.240.254:54359): Connection reset by peer (error 104)
W0703 01:39:48.463160 10352 connection.cc:512] client connection to 127.5.240.254:54359 recv error: Network error: failed to read from TLS socket (remote: 127.5.240.254:54359): Connection reset by peer (error 104)
I0703 01:39:48.464114 6083 external_mini_cluster.cc:794] Running /data/somelongdirectorytoavoidrpathissues/src/kudu/build/asan/bin/kudu-master /data/somelongdirectorytoavoidrpathissues/src/kudu/build/asan/bin/kudu-master --fs_wal_dir=/data/somelongdirectorytoavoidrpathissues/src/kudutest/kudu-admin-test.0.AdminCliTest.TestUnsafeChangeConfigWithFiveReplicaConfig.1530607157582131-6083/raft_consensus-itest-cluster/master-0/wal --fs_data_dirs=/data/somelongdirectorytoavoidrpathissues/src/kudutest/kudu-admin-test.0.AdminCliTest.TestUnsafeChangeConfigWithFiveReplicaConfig.1530607157582131-6083/raft_consensus-itest-cluster/master-0/data --block_manager=log --webserver_interface=localhost --ipki_ca_key_size=1024 --tsk_num_rsa_bits=512 --rpc_bind_addresses=127.5.240.254:54359 --webserver_interface=127.5.240.254 --webserver_port=34888 --never_fsync --ipki_server_key_size=1024 --enable_minidumps=false --redact=none --metrics_log_interval_ms=1000 --logtostderr --logbuflevel=-1 --log_dir=/data/somelongdirectorytoavoidrpathissues/src/kudutest/kudu-admin-test.0.AdminCliTest.TestUnsafeChangeConfigWithFiveReplicaConfig.1530607157582131-6083/raft_consensus-itest-cluster/master-0/logs --server_dump_info_path=/data/somelongdirectorytoavoidrpathissues/src/kudutest/kudu-admin-test.0.AdminCliTest.TestUnsafeChangeConfigWithFiveReplicaConfig.1530607157582131-6083/raft_consensus-itest-cluster/master-0/data/info.pb --server_dump_info_format=pb --rpc_server_allow_ephemeral_ports --unlock_experimental_flags --unlock_unsafe_flags --rpc_reuseport=true with env {}
W0703 01:39:48.627032 10098 heartbeater.cc:587] Failed to heartbeat to 127.5.240.254:54359: Network error: Failed to send heartbeat to master: Client connection negotiation failed: client connection to 127.5.240.254:54359: connect: Connection refused (error 111)
I0703 01:39:48.636262 10464 heartbeater.cc:467] Master 127.5.240.254:54359 was elected leader, sending a full tablet report...
W0703 01:39:48.637854 10464 heartbeater.cc:587] Failed to heartbeat to 127.5.240.254:54359: Network error: Failed to send heartbeat to master: Client connection negotiation failed: client connection to 127.5.240.254:54359: connect: Connection refused (error 111) WARNING: Logging before InitGoogleLogging() is written to STDERR
W0703 01:39:48.647156 10523 flags.cc:406] Enabled unsafe flag: --rpc_server_allow_ephemeral_ports=true
W0703 01:39:48.647368 10523 flags.cc:406] Enabled unsafe flag: --never_fsync=true
W0703 01:39:48.649593 10523 flags.cc:406] Enabled experimental flag: --ipki_ca_key_size=1024
W0703 01:39:48.649641 10523 flags.cc:406] Enabled experimental flag: --ipki_server_key_size=1024
W0703 01:39:48.649685 10523 flags.cc:406] Enabled experimental flag: --tsk_num_rsa_bits=512
W0703 01:39:48.649736 10523 flags.cc:406] Enabled experimental flag: --rpc_reuseport=true
I0703 01:39:48.657685 10523 master_main.cc:73] Master server non-default flags: --fs_data_dirs=/data/somelongdirectorytoavoidrpathissues/src/kudutest/kudu-admin-test.0.AdminCliTest.TestUnsafeChangeConfigWithFiveReplicaConfig.1530607157582131-6083/raft_consensus-itest-cluster/master-0/data --fs_wal_dir=/data/somelongdirectorytoavoidrpathissues/src/kudutest/kudu-admin-test.0.AdminCliTest.TestUnsafeChangeConfigWithFiveReplicaConfig.1530607157582131-6083/raft_consensus-itest-cluster/master-0/wal --ipki_ca_key_size=1024 --ipki_server_key_size=1024 --tsk_num_rsa_bits=512 --rpc_bind_addresses=127.5.240.254:54359 --rpc_reuseport=true --rpc_server_allow_ephemeral_ports=true --metrics_log_interval_ms=1000 --server_dump_info_format=pb --server_dump_info_path=/data/somelongdirectorytoavoidrpathissues/src/kudutest/kudu-admin-test.0.AdminCliTest.TestUnsafeChangeConfigWithFiveReplicaConfig.1530607157582131-6083/raft_consensus-itest-cluster/master-0/data/info.pb --webserver_interface=127.5.240.254 --webserver_port=34888 --never_fsync=true --redact=none --unlock_experimental_flags=true --unlock_unsafe_flags=true --enable_minidumps=false --log_dir=/data/somelongdirectorytoavoidrpathissues/src/kudutest/kudu-admin-test.0.AdminCliTest.TestUnsafeChangeConfigWithFiveReplicaConfig.1530607157582131-6083/raft_consensus-itest-cluster/master-0/logs --logbuflevel=-1 --logtostderr=true Master server version: kudu 1.8.0-SNAPSHOT revision 1ae050e4d57bc333de28bcbc62e072e8bafd04b3 build type FASTDEBUG built by jenkins at 03 Jul 2018 00:28:42 PST on quasar-kdakzq-1.vpc.cloudera.com build id 91347 ASAN enabled
I0703 01:39:48.663223 10523 master_main.cc:80] Initializing master server...
I0703 01:39:48.664325 10523 system_ntp.cc:199] NTP initialized. Skew: 500ppm Current error: 147708us
I0703 01:39:48.665383 10523 fs_manager.cc:261] Metadata directory not provided
I0703 01:39:48.665449 10523 fs_manager.cc:267] Using write-ahead log directory (fs_wal_dir) as metadata directory
I0703 01:39:48.672420 10523 fs_manager.cc:397] Time spent opening directory manager: real 0.005s user 0.001s sys 0.003s
I0703 01:39:48.673262 10523 env_posix.cc:1674] Not raising this process' open files per process limit of 32768; it is already as high as it can go
I0703 01:39:48.673715 10523 file_cache.cc:470] Constructed file cache lbm with capacity 13107
I0703 01:39:48.677270 10523 fs_manager.cc:417] Time spent opening block manager: real 0.002s user 0.000s sys 0.001s
I0703 01:39:48.677340 10523 fs_manager.cc:434] Opened local filesystem: /data/somelongdirectorytoavoidrpathissues/src/kudutest/kudu-admin-test.0.AdminCliTest.TestUnsafeChangeConfigWithFiveReplicaConfig.1530607157582131-6083/raft_consensus-itest-cluster/master-0/data,/data/somelongdirectorytoavoidrpathissues/src/kudutest/kudu-admin-test.0.AdminCliTest.TestUnsafeChangeConfigWithFiveReplicaConfig.1530607157582131-6083/raft_consensus-itest-cluster/master-0/wal uuid: "43575583f1234fdd9a8d9f6431ac9e65" format_stamp: "Formatted at 2018-07-03 08:39:44 on quasar-kdakzq-1.vpc.cloudera.com"
I0703 01:39:48.678205 10523 fs_report.cc:352] FS layout report -------------------- wal directory: /data/somelongdirectorytoavoidrpathissues/src/kudutest/kudu-admin-test.0.AdminCliTest.TestUnsafeChangeConfigWithFiveReplicaConfig.1530607157582131-6083/raft_consensus-itest-cluster/master-0/wal metadata directory: /data/somelongdirectorytoavoidrpathissues/src/kudutest/kudu-admin-test.0.AdminCliTest.TestUnsafeChangeConfigWithFiveReplicaConfig.1530607157582131-6083/raft_consensus-itest-cluster/master-0/wal 1 data directories: /data/somelongdirectorytoavoidrpathissues/src/kudutest/kudu-admin-test.0.AdminCliTest.TestUnsafeChangeConfigWithFiveReplicaConfig.1530607157582131-6083/raft_consensus-itest-cluster/master-0/data/data Total live blocks: 0 Total live bytes: 0 Total live bytes (after alignment): 0 Total number of LBM containers: 0 (0 full) Did not check for missing blocks Did not check for orphaned blocks Total full LBM containers with extra space: 0 (0 repaired) Total full LBM container extra space in bytes: 0 (0 repaired) Total incomplete LBM containers: 0 (0 repaired) Total LBM partial records: 0 (0 repaired)
I0703 01:39:48.727303 10523 env_posix.cc:1669] Raising this process' running threads per effective uid limit from 32768 to 65536
I0703 01:39:48.728233 10523 master_main.cc:83] Starting Master server...
I0703 01:39:48.764961 10523 rpc_server.cc:205] RPC server started. Bound to: 127.5.240.254:54359
I0703 01:39:48.765462 10523 webserver.cc:175] Starting webserver on 127.5.240.254:34888
I0703 01:39:48.765509 10523 webserver.cc:186] Document root disabled
I0703 01:39:48.766693 10523 webserver.cc:313] Webserver started. Bound to: http://127.5.240.254:34888/
I0703 01:39:48.767351 10523 server_base.cc:607] Dumped server information to /data/somelongdirectorytoavoidrpathissues/src/kudutest/kudu-admin-test.0.AdminCliTest.TestUnsafeChangeConfigWithFiveReplicaConfig.1530607157582131-6083/raft_consensus-itest-cluster/master-0/data/info.pb
I0703 01:39:48.775586 10584 tablet_bootstrap.cc:427] T 00000000000000000000000000000000 P 43575583f1234fdd9a8d9f6431ac9e65: Bootstrap starting.
I0703 01:39:48.775760 6083 external_mini_cluster.cc:856] Started /data/somelongdirectorytoavoidrpathissues/src/kudu/build/asan/bin/kudu-master as pid 10523
I0703 01:39:48.775918 6083 kudu-admin-test.cc:686] Forcing unsafe config change on tserver 08ad9c3e352f492f9acb05219b72d0e0
I0703 01:39:48.788048 10584 log.cc:525] T 00000000000000000000000000000000 P 43575583f1234fdd9a8d9f6431ac9e65: Log is configured to *not* fsync() on all Append() calls
I0703 01:39:48.796586 10584 tablet_bootstrap.cc:427] T 00000000000000000000000000000000 P 43575583f1234fdd9a8d9f6431ac9e65: Bootstrap replayed 1/1 log segments. Stats: ops{read=7 overwritten=0 applied=7 ignored=1} inserts{seen=4 ignored=0} mutations{seen=2 ignored=0} orphaned_commits=0. Pending: 0 replicates
I0703 01:39:48.797029 10584 tablet_bootstrap.cc:427] T 00000000000000000000000000000000 P 43575583f1234fdd9a8d9f6431ac9e65: Bootstrap complete.
I0703 01:39:48.806231 10584 raft_consensus.cc:325] T 00000000000000000000000000000000 P 43575583f1234fdd9a8d9f6431ac9e65 [term 1 FOLLOWER]: Replica starting. Triggering 0 pending transactions. Active config: opid_index: -1 OBSOLETE_local: true peers { permanent_uuid: "43575583f1234fdd9a8d9f6431ac9e65" member_type: VOTER }
I0703 01:39:48.806960 10584 raft_consensus.cc:628] T 00000000000000000000000000000000 P 43575583f1234fdd9a8d9f6431ac9e65 [term 1 FOLLOWER]: Becoming Follower/Learner. State: Replica: 43575583f1234fdd9a8d9f6431ac9e65, State: Initialized, Role: FOLLOWER
I0703 01:39:48.807423 10584 consensus_queue.cc:227] T 00000000000000000000000000000000 P 43575583f1234fdd9a8d9f6431ac9e65 [NON_LEADER]: Queue going to NON_LEADER mode. State: All replicated index: 0, Majority replicated index: 0, Committed index: 7, Last appended: 1.7, Last appended by leader: 7, Current term: 0, Majority size: -1, State: 0, Mode: NON_LEADER, active raft config: opid_index: -1 OBSOLETE_local: true peers { permanent_uuid: "43575583f1234fdd9a8d9f6431ac9e65" member_type: VOTER }
I0703 01:39:48.807561 10584 raft_consensus.cc:365] T 00000000000000000000000000000000 P 43575583f1234fdd9a8d9f6431ac9e65 [term 1 FOLLOWER]: Only one voter in the Raft config. Triggering election immediately
I0703 01:39:48.807657 10584 raft_consensus.cc:457] T 00000000000000000000000000000000 P 43575583f1234fdd9a8d9f6431ac9e65 [term 1 FOLLOWER]: Starting leader election (initial election of a single-replica configuration)
I0703 01:39:48.807739 10584 raft_consensus.cc:2730] T 00000000000000000000000000000000 P 43575583f1234fdd9a8d9f6431ac9e65: Snoozing failure detection for 1.591s (starting election)
I0703 01:39:48.807823 10584 raft_consensus.cc:2782] T 00000000000000000000000000000000 P 43575583f1234fdd9a8d9f6431ac9e65 [term 1 FOLLOWER]: Advancing to term 2
I0703 01:39:48.811285 10584 raft_consensus.cc:479] T 00000000000000000000000000000000 P 43575583f1234fdd9a8d9f6431ac9e65 [term 2 FOLLOWER]: Starting leader election with config: opid_index: -1 OBSOLETE_local: true peers { permanent_uuid: "43575583f1234fdd9a8d9f6431ac9e65" member_type: VOTER }
I0703 01:39:48.811667 10584 leader_election.cc:270] T 00000000000000000000000000000000 P 43575583f1234fdd9a8d9f6431ac9e65 [CANDIDATE]: Term 2 election: Election decided. Result: candidate won.
I0703 01:39:48.812768 10587 raft_consensus.cc:2730] T 00000000000000000000000000000000 P 43575583f1234fdd9a8d9f6431ac9e65: Snoozing failure detection for 1.778s (election complete)
I0703 01:39:48.813019 10587 raft_consensus.cc:2537] T 00000000000000000000000000000000 P 43575583f1234fdd9a8d9f6431ac9e65 [term 2 FOLLOWER]: Leader election won for term 2
I0703 01:39:48.815034 10587 raft_consensus.cc:593] T 00000000000000000000000000000000 P 43575583f1234fdd9a8d9f6431ac9e65 [term 2 LEADER]: Becoming Leader. State: Replica: 43575583f1234fdd9a8d9f6431ac9e65, State: Running, Role: LEADER
I0703 01:39:48.815505 10587 consensus_queue.cc:204] T 00000000000000000000000000000000 P 43575583f1234fdd9a8d9f6431ac9e65 [LEADER]: Queue going to LEADER mode. State: All replicated index: 0, Majority replicated index: 7, Committed index: 7, Last appended: 1.7, Last appended by leader: 7, Current term: 2, Majority size: 1, State: 0, Mode: LEADER, active raft config: opid_index: -1 OBSOLETE_local: true peers { permanent_uuid: "43575583f1234fdd9a8d9f6431ac9e65" member_type: VOTER }
I0703 01:39:48.817380 10584 sys_catalog.cc:337] T 00000000000000000000000000000000 P 43575583f1234fdd9a8d9f6431ac9e65 [sys.catalog]: SysCatalogTable state changed. Reason: Started TabletReplica. Latest consensus state: current_term: 2 leader_uuid: "43575583f1234fdd9a8d9f6431ac9e65" committed_config { opid_index: -1 OBSOLETE_local: true peers { permanent_uuid: "43575583f1234fdd9a8d9f6431ac9e65" member_type: VOTER } }
I0703 01:39:48.817589 10584 sys_catalog.cc:340] T 00000000000000000000000000000000 P 43575583f1234fdd9a8d9f6431ac9e65 [sys.catalog]: This master's current role is: LEADER
I0703 01:39:48.817466 10588 sys_catalog.cc:337] T 00000000000000000000000000000000 P 43575583f1234fdd9a8d9f6431ac9e65 [sys.catalog]: SysCatalogTable state changed. Reason: RaftConsensus started. Latest consensus state: current_term: 2 leader_uuid: "43575583f1234fdd9a8d9f6431ac9e65" committed_config { opid_index: -1 OBSOLETE_local: true peers { permanent_uuid: "43575583f1234fdd9a8d9f6431ac9e65" member_type: VOTER } }
I0703 01:39:48.818307 10588 sys_catalog.cc:340] T 00000000000000000000000000000000 P 43575583f1234fdd9a8d9f6431ac9e65 [sys.catalog]: This master's current role is: LEADER
I0703 01:39:48.819360 10589 sys_catalog.cc:337] T 00000000000000000000000000000000 P 43575583f1234fdd9a8d9f6431ac9e65 [sys.catalog]: SysCatalogTable state changed. Reason: New leader 43575583f1234fdd9a8d9f6431ac9e65. Latest consensus state: current_term: 2 leader_uuid: "43575583f1234fdd9a8d9f6431ac9e65" committed_config { opid_index: -1 OBSOLETE_local: true peers { permanent_uuid: "43575583f1234fdd9a8d9f6431ac9e65" member_type: VOTER } }
I0703 01:39:48.819974 10589 sys_catalog.cc:340] T 00000000000000000000000000000000 P 43575583f1234fdd9a8d9f6431ac9e65 [sys.catalog]: This master's current role is: LEADER
I0703 01:39:48.820427 10584 sys_catalog.cc:424] T 00000000000000000000000000000000 P 43575583f1234fdd9a8d9f6431ac9e65 [sys.catalog]: configured and running, proceeding with master startup.
I0703 01:39:48.820756 10591 catalog_manager.cc:1006] Loading table and tablet metadata into memory...
I0703 01:39:48.830265 10592 catalog_manager.cc:505] Waiting for catalog manager background task thread to start: Service unavailable: Catalog manager is not initialized. State: Starting
I0703 01:39:48.830747 10523 master_main.cc:86] Master server successfully started.
I0703 01:39:48.835834 10591 catalog_manager.cc:323] Loaded metadata for table TestTable [id=d45069b9f7d0418dbe6b2bc688216e4f]
I0703 01:39:48.838048 10591 catalog_manager.cc:377] Loaded metadata for tablet a87a2a21d927456d930023d9775aec80 (table TestTable [id=d45069b9f7d0418dbe6b2bc688216e4f])
I0703 01:39:48.838291 10591 catalog_manager.cc:1017] Initializing Kudu internal certificate authority...
I0703 01:39:48.842890 10591 catalog_manager.cc:1026] Loading token signing keys...
I0703 01:39:48.844854 10591 catalog_manager.cc:4113] T 00000000000000000000000000000000 P 43575583f1234fdd9a8d9f6431ac9e65: Loaded TSK: 0
W0703 01:39:48.999568 10585 flags.cc:406] Enabled unsafe flag: --never_fsync=true
I0703 01:39:49.050701 9689 tablet_service.cc:1077] Received UnsafeChangeConfig RPC: dest_uuid: "08ad9c3e352f492f9acb05219b72d0e0" tablet_id: "a87a2a21d927456d930023d9775aec80" caller_id: "kudu-tools" new_config { peers { permanent_uuid: "7bb94c92677448c39c50efc79e39459a" } peers { permanent_uuid: "08ad9c3e352f492f9acb05219b72d0e0" } } from {username='jenkins'} at 127.5.240.194:51039
W0703 01:39:49.051148 9689 raft_consensus.cc:2017] T a87a2a21d927456d930023d9775aec80 P 08ad9c3e352f492f9acb05219b72d0e0 [term 1 FOLLOWER]: PROCEEDING WITH UNSAFE CONFIG CHANGE ON THIS SERVER, COMMITTED CONFIG: opid_index: -1 OBSOLETE_local: false peers { permanent_uuid: "7bb94c92677448c39c50efc79e39459a" member_type: VOTER last_known_addr { host: "127.5.240.198" port: 39947 } } peers { permanent_uuid: "a382b1ef929b411b825a324ad47ecaa9" member_type: VOTER last_known_addr { host: "127.5.240.193" port: 48335 } } peers { permanent_uuid: "08ad9c3e352f492f9acb05219b72d0e0" member_type: VOTER last_known_addr { host: "127.5.240.194" port: 42244 } } peers { permanent_uuid: "37b8cbcdace54a91a27cd7bbb1eefe17" member_type: VOTER last_known_addr { host: "127.5.240.196" port: 47502 } } peers { permanent_uuid: "937ef3ea804c4775a2a090e89e55f0fd" member_type: VOTER last_known_addr { host: "127.5.240.195" port: 47698 } }NEW CONFIG: opid_index: 2 OBSOLETE_local: false peers { permanent_uuid: "7bb94c92677448c39c50efc79e39459a" member_type: VOTER last_known_addr { host: "127.5.240.198" port: 39947 } } peers { permanent_uuid: "08ad9c3e352f492f9acb05219b72d0e0" member_type: VOTER last_known_addr { host: "127.5.240.194" port: 42244 } } unsafe_config_change: true
I0703 01:39:49.051442 9689 raft_consensus.cc:2782] T a87a2a21d927456d930023d9775aec80 P 08ad9c3e352f492f9acb05219b72d0e0 [term 1 FOLLOWER]: Advancing to term 2
I0703 01:39:49.069818 10551 master_service.cc:205] Got heartbeat from unknown tserver (permanent_uuid: "08ad9c3e352f492f9acb05219b72d0e0" instance_seqno: 1530607185578621) as {username='jenkins'} at 127.5.240.194:43161; Asking this server to re-register.
I0703 01:39:49.071017 9732 heartbeater.cc:426] Registering TS with master...
I0703 01:39:49.071152 9732 heartbeater.cc:475] Master 127.5.240.254:54359 requested a full tablet report, sending...
I0703 01:39:49.072414 10551 ts_manager.cc:98] Registered new tserver with Master: 08ad9c3e352f492f9acb05219b72d0e0 (127.5.240.194:42244)
I0703 01:39:49.218955 10551 master_service.cc:205] Got heartbeat from unknown tserver (permanent_uuid: "7bb94c92677448c39c50efc79e39459a" instance_seqno: 1530607186937767) as {username='jenkins'} at 127.5.240.198:37752; Asking this server to re-register.
I0703 01:39:49.219499 10220 heartbeater.cc:426] Registering TS with master...
I0703 01:39:49.219646 10220 heartbeater.cc:475] Master 127.5.240.254:54359 requested a full tablet report, sending...
I0703 01:39:49.220444 10551 ts_manager.cc:98] Registered new tserver with Master: 7bb94c92677448c39c50efc79e39459a (127.5.240.198:39947)
I0703 01:39:49.328547 10551 master_service.cc:205] Got heartbeat from unknown tserver (permanent_uuid: "add911cdebcf44b8a64256c228929d30" instance_seqno: 1530607187282947) as {username='jenkins'} at 127.5.240.199:51962; Asking this server to re-register.
I0703 01:39:49.329089 10342 heartbeater.cc:426] Registering TS with master...
I0703 01:39:49.329202 10342 heartbeater.cc:475] Master 127.5.240.254:54359 requested a full tablet report, sending...
I0703 01:39:49.329871 10551 ts_manager.cc:98] Registered new tserver with Master: add911cdebcf44b8a64256c228929d30 (127.5.240.199:59090)
I0703 01:39:49.632149 10098 heartbeater.cc:346] Connected to a master server at 127.5.240.254:54359
I0703 01:39:49.632867 10551 master_service.cc:205] Got heartbeat from unknown tserver (permanent_uuid: "3254ace7bc954d2ab9972a2723f45b0c" instance_seqno: 1530607186582423) as {username='jenkins'} at 127.5.240.197:50542; Asking this server to re-register.
I0703 01:39:49.633411 10098 heartbeater.cc:426] Registering TS with master...
I0703 01:39:49.633540 10098 heartbeater.cc:475] Master 127.5.240.254:54359 requested a full tablet report, sending...
I0703 01:39:49.634251 10551 ts_manager.cc:98] Registered new tserver with Master: 3254ace7bc954d2ab9972a2723f45b0c (127.5.240.197:54985)
I0703 01:39:49.642534 10464 heartbeater.cc:346] Connected to a master server at 127.5.240.254:54359
I0703 01:39:49.642647 10464 heartbeater.cc:467] Master 127.5.240.254:54359 was elected leader, sending a full tablet report...
I0703 01:39:49.643302 10551 master_service.cc:205] Got heartbeat from unknown tserver (permanent_uuid: "d33993c1f2c148d9ae2504a60ed04173" instance_seqno: 1530607187596524) as {username='jenkins'} at 127.5.240.200:34330; Asking this server to re-register.
I0703 01:39:49.643852 10464 heartbeater.cc:426] Registering TS with master...
I0703 01:39:49.643975 10464 heartbeater.cc:475] Master 127.5.240.254:54359 requested a full tablet report, sending...
I0703 01:39:49.644619 10551 ts_manager.cc:98] Registered new tserver with Master: d33993c1f2c148d9ae2504a60ed04173 (127.5.240.200:54337)
I0703 01:39:49.712738 10618 raft_consensus.cc:457] T a87a2a21d927456d930023d9775aec80 P 7bb94c92677448c39c50efc79e39459a [term 1 FOLLOWER]: Starting pre-election (detected failure of leader a382b1ef929b411b825a324ad47ecaa9)
I0703 01:39:49.712817 10618 raft_consensus.cc:2730] T a87a2a21d927456d930023d9775aec80 P 7bb94c92677448c39c50efc79e39459a: Snoozing failure detection for 1.723s (starting election)
I0703 01:39:49.712909 10618 raft_consensus.cc:479] T a87a2a21d927456d930023d9775aec80 P 7bb94c92677448c39c50efc79e39459a [term 1 FOLLOWER]: Starting pre-election with config: opid_index: -1 OBSOLETE_local: false peers { permanent_uuid: "7bb94c92677448c39c50efc79e39459a" member_type: VOTER last_known_addr { host: "127.5.240.198" port: 39947 } } peers { permanent_uuid: "a382b1ef929b411b825a324ad47ecaa9" member_type: VOTER last_known_addr { host: "127.5.240.193" port: 48335 } } peers { permanent_uuid: "08ad9c3e352f492f9acb05219b72d0e0" member_type: VOTER last_known_addr { host: "127.5.240.194" port: 42244 } } peers { permanent_uuid: "37b8cbcdace54a91a27cd7bbb1eefe17" member_type: VOTER last_known_addr { host: "127.5.240.196" port: 47502 } } peers { permanent_uuid: "937ef3ea804c4775a2a090e89e55f0fd" member_type: VOTER last_known_addr { host: "127.5.240.195" port: 47698 } }
I0703 01:39:49.713893 10618 leader_election.cc:243] T a87a2a21d927456d930023d9775aec80 P 7bb94c92677448c39c50efc79e39459a [CANDIDATE]: Term 2 pre-election: Requesting pre-vote from peer a382b1ef929b411b825a324ad47ecaa9 (127.5.240.193:48335)
I0703 01:39:49.714174 10618 leader_election.cc:243] T a87a2a21d927456d930023d9775aec80 P 7bb94c92677448c39c50efc79e39459a [CANDIDATE]: Term 2 pre-election: Requesting pre-vote from peer 08ad9c3e352f492f9acb05219b72d0e0 (127.5.240.194:42244)
I0703 01:39:49.714329 10618 leader_election.cc:243] T a87a2a21d927456d930023d9775aec80 P 7bb94c92677448c39c50efc79e39459a [CANDIDATE]: Term 2 pre-election: Requesting pre-vote from peer 37b8cbcdace54a91a27cd7bbb1eefe17 (127.5.240.196:47502)
I0703 01:39:49.714517 10618 leader_election.cc:243] T a87a2a21d927456d930023d9775aec80 P 7bb94c92677448c39c50efc79e39459a [CANDIDATE]: Term 2 pre-election: Requesting pre-vote from peer 937ef3ea804c4775a2a090e89e55f0fd (127.5.240.195:47698)
W0703 01:39:49.719976 10108 leader_election.cc:299] T a87a2a21d927456d930023d9775aec80 P 7bb94c92677448c39c50efc79e39459a [CANDIDATE]: Term 2 pre-election: RPC error from VoteRequest() call to peer a382b1ef929b411b825a324ad47ecaa9 (127.5.240.193:48335): Network error: Client connection negotiation failed: client connection to 127.5.240.193:48335: connect: Connection refused (error 111)
W0703 01:39:49.720422 10108 leader_election.cc:299] T a87a2a21d927456d930023d9775aec80 P 7bb94c92677448c39c50efc79e39459a [CANDIDATE]: Term 2 pre-election: RPC error from VoteRequest() call to peer 37b8cbcdace54a91a27cd7bbb1eefe17 (127.5.240.196:47502): Network error: Client connection negotiation failed: client connection to 127.5.240.196:47502: connect: Connection refused (error 111)
W0703 01:39:49.721987 10109 leader_election.cc:299] T a87a2a21d927456d930023d9775aec80 P 7bb94c92677448c39c50efc79e39459a [CANDIDATE]: Term 2 pre-election: RPC error from VoteRequest() call to peer 937ef3ea804c4775a2a090e89e55f0fd (127.5.240.195:47698): Network error: Client connection negotiation failed: client connection to 127.5.240.195:47698: connect: Connection refused (error 111)
I0703 01:39:49.722178 10109 leader_election.cc:270] T a87a2a21d927456d930023d9775aec80 P 7bb94c92677448c39c50efc79e39459a [CANDIDATE]: Term 2 pre-election: Election decided. Result: candidate lost.
I0703 01:39:49.722493 10618 raft_consensus.cc:2730] T a87a2a21d927456d930023d9775aec80 P 7bb94c92677448c39c50efc79e39459a: Snoozing failure detection for 2.156s (election complete)
I0703 01:39:49.722610 10618 raft_consensus.cc:2485] T a87a2a21d927456d930023d9775aec80 P 7bb94c92677448c39c50efc79e39459a [term 1 FOLLOWER]: Leader pre-election lost for term 2. Reason: could not achieve majority
