W0703 01:39:57.263288 10890 consensus_peers.cc:433] T 88835abd0ea34ff7acd90bb2c84931f5 P 20e529e97c57431bb03e326238d1bf8a -> Peer 6b95eacb907e4467b3633c2cc9ad055b (127.5.240.196:48168): Couldn't send request to peer 6b95eacb907e4467b3633c2cc9ad055b for tablet 88835abd0ea34ff7acd90bb2c84931f5. Status: Network error: Client connection negotiation failed: client connection to 127.5.240.196:48168: connect: Connection refused (error 111). Retrying in the next heartbeat period. Already tried 4 times.
I0703 01:39:57.705626 6083 kudu-admin-test.cc:776] Change Config Op timed out, Sending a Replace config command when change config op is pending on the leader.
W0703 01:39:57.809994 10890 consensus_peers.cc:433] T 88835abd0ea34ff7acd90bb2c84931f5 P 20e529e97c57431bb03e326238d1bf8a -> Peer 6b95eacb907e4467b3633c2cc9ad055b (127.5.240.196:48168): Couldn't send request to peer 6b95eacb907e4467b3633c2cc9ad055b for tablet 88835abd0ea34ff7acd90bb2c84931f5. Status: Network error: Client connection negotiation failed: client connection to 127.5.240.196:48168: connect: Connection refused (error 111). Retrying in the next heartbeat period. Already tried 5 times.
W0703 01:39:57.917577 11413 flags.cc:406] Enabled unsafe flag: --never_fsync=true
I0703 01:39:57.965971 10956 tablet_service.cc:1077] Received UnsafeChangeConfig RPC: dest_uuid: "20e529e97c57431bb03e326238d1bf8a" tablet_id: "88835abd0ea34ff7acd90bb2c84931f5" caller_id: "kudu-tools" new_config { peers { permanent_uuid: "20e529e97c57431bb03e326238d1bf8a" } } from {username='jenkins'} at 127.5.240.194:33593
W0703 01:39:57.966187 10956 raft_consensus.cc:1918] T 88835abd0ea34ff7acd90bb2c84931f5 P 20e529e97c57431bb03e326238d1bf8a [term 1 LEADER]: Replica has a pending config, but the new config will be unsafely changed anyway. Currently pending config on the node: opid_index: 2 OBSOLETE_local: false peers { permanent_uuid: "20e529e97c57431bb03e326238d1bf8a" member_type: VOTER last_known_addr { host: "127.5.240.194" port: 58915 } } peers { permanent_uuid: "6b95eacb907e4467b3633c2cc9ad055b" member_type: VOTER last_known_addr { host: "127.5.240.196" port: 48168 } }
W0703 01:39:57.966467 10956 raft_consensus.cc:2017] T 88835abd0ea34ff7acd90bb2c84931f5 P 20e529e97c57431bb03e326238d1bf8a [term 1 LEADER]: PROCEEDING WITH UNSAFE CONFIG CHANGE ON THIS SERVER, COMMITTED CONFIG: opid_index: -1 OBSOLETE_local: false peers { permanent_uuid: "20e529e97c57431bb03e326238d1bf8a" member_type: VOTER last_known_addr { host: "127.5.240.194" port: 58915 } } peers { permanent_uuid: "6b95eacb907e4467b3633c2cc9ad055b" member_type: VOTER last_known_addr { host: "127.5.240.196" port: 48168 } } peers { permanent_uuid: "e4d277c8cd7248b59ecbaa2db3b09d5c" member_type: VOTER last_known_addr { host: "127.5.240.197" port: 37924 } }NEW CONFIG: opid_index: 3 OBSOLETE_local: false peers { permanent_uuid: "20e529e97c57431bb03e326238d1bf8a" member_type: VOTER last_known_addr { host: "127.5.240.194" port: 58915 } } unsafe_config_change: true
I0703 01:39:57.966826 10956 raft_consensus.cc:2777] T 88835abd0ea34ff7acd90bb2c84931f5 P 20e529e97c57431bb03e326238d1bf8a [term 1 LEADER]: Stepping down as leader of term 1
I0703 01:39:57.966874 10956 raft_consensus.cc:628] T 88835abd0ea34ff7acd90bb2c84931f5 P 20e529e97c57431bb03e326238d1bf8a [term 1 LEADER]: Becoming Follower/Learner. State: Replica: 20e529e97c57431bb03e326238d1bf8a, State: Running, Role: LEADER
I0703 01:39:57.967104 10956 consensus_queue.cc:227] T 88835abd0ea34ff7acd90bb2c84931f5 P 20e529e97c57431bb03e326238d1bf8a [NON_LEADER]: Queue going to NON_LEADER mode. State: All replicated index: 0, Majority replicated index: 1, Committed index: 1, Last appended: 1.2, Last appended by leader: 2, Current term: 1, Majority size: -1, State: 0, Mode: NON_LEADER, active raft config: opid_index: 2 OBSOLETE_local: false peers { permanent_uuid: "20e529e97c57431bb03e326238d1bf8a" member_type: VOTER last_known_addr { host: "127.5.240.194" port: 58915 } } peers { permanent_uuid: "6b95eacb907e4467b3633c2cc9ad055b" member_type: VOTER last_known_addr { host: "127.5.240.196" port: 48168 } }
I0703 01:39:57.967224 10956 consensus_peers.cc:455] T 88835abd0ea34ff7acd90bb2c84931f5 P 20e529e97c57431bb03e326238d1bf8a -> Peer 6b95eacb907e4467b3633c2cc9ad055b (127.5.240.196:48168): Closing peer: 6b95eacb907e4467b3633c2cc9ad055b
I0703 01:39:57.967334 10956 raft_consensus.cc:2782] T 88835abd0ea34ff7acd90bb2c84931f5 P 20e529e97c57431bb03e326238d1bf8a [term 1 FOLLOWER]: Advancing to term 2
I0703 01:39:57.969475 10956 raft_consensus.cc:2849] T 88835abd0ea34ff7acd90bb2c84931f5 P 20e529e97c57431bb03e326238d1bf8a [term 2 FOLLOWER]: Allowing unsafe config change even though there is a pending config! Existing pending config: opid_index: 2 OBSOLETE_local: false peers { permanent_uuid: "20e529e97c57431bb03e326238d1bf8a" member_type: VOTER last_known_addr { host: "127.5.240.194" port: 58915 } } peers { permanent_uuid: "6b95eacb907e4467b3633c2cc9ad055b" member_type: VOTER last_known_addr { host: "127.5.240.196" port: 48168 } }; New pending config: opid_index: 3 OBSOLETE_local: false peers { permanent_uuid: "20e529e97c57431bb03e326238d1bf8a" member_type: VOTER last_known_addr { host: "127.5.240.194" port: 58915 } } unsafe_config_change: true
I0703 01:39:58.012956 6083 external_mini_cluster.cc:1034] Attempting to check leaks for /data/somelongdirectorytoavoidrpathissues/src/kudu/build/asan/bin/kudu-master pid 10687
I0703 01:39:58.013869 10743 generic_service.cc:169] Checking for leaks (request via RPC)
I0703 01:39:58.075881 6083 external_mini_cluster.cc:993] Killing /data/somelongdirectorytoavoidrpathissues/src/kudu/build/asan/bin/kudu-master with pid 10687
W0703 01:39:58.088559 10888 connection.cc:512] client connection to 127.5.240.254:51485 recv error: Network error: failed to read from TLS socket (remote: 127.5.240.254:51485): Connection reset by peer (error 104)
W0703 01:39:58.088537 10765 connection.cc:512] client connection to 127.5.240.254:51485 recv error: Network error: failed to read from TLS socket (remote: 127.5.240.254:51485): Connection reset by peer (error 104)
W0703 01:39:58.088562 11010 connection.cc:512] client connection to 127.5.240.254:51485 recv error: Network error: failed to read from TLS socket (remote: 127.5.240.254:51485): Connection reset by peer (error 104)
I0703 01:39:58.090260 6083 external_mini_cluster.cc:794] Running /data/somelongdirectorytoavoidrpathissues/src/kudu/build/asan/bin/kudu-master /data/somelongdirectorytoavoidrpathissues/src/kudu/build/asan/bin/kudu-master --fs_wal_dir=/data/somelongdirectorytoavoidrpathissues/src/kudutest/kudu-admin-test.0.AdminCliTest.TestUnsafeChangeConfigLeaderWithPendingConfig.1530607157582131-6083/raft_consensus-itest-cluster/master-0/wal --fs_data_dirs=/data/somelongdirectorytoavoidrpathissues/src/kudutest/kudu-admin-test.0.AdminCliTest.TestUnsafeChangeConfigLeaderWithPendingConfig.1530607157582131-6083/raft_consensus-itest-cluster/master-0/data --block_manager=log --webserver_interface=localhost --ipki_ca_key_size=1024 --tsk_num_rsa_bits=512 --rpc_bind_addresses=127.5.240.254:51485 --webserver_interface=127.5.240.254 --webserver_port=57609 --never_fsync --ipki_server_key_size=1024 --enable_minidumps=false --redact=none --metrics_log_interval_ms=1000 --logtostderr --logbuflevel=-1 --log_dir=/data/somelongdirectorytoavoidrpathissues/src/kudutest/kudu-admin-test.0.AdminCliTest.TestUnsafeChangeConfigLeaderWithPendingConfig.1530607157582131-6083/raft_consensus-itest-cluster/master-0/logs --server_dump_info_path=/data/somelongdirectorytoavoidrpathissues/src/kudutest/kudu-admin-test.0.AdminCliTest.TestUnsafeChangeConfigLeaderWithPendingConfig.1530607157582131-6083/raft_consensus-itest-cluster/master-0/data/info.pb --server_dump_info_format=pb --rpc_server_allow_ephemeral_ports --unlock_experimental_flags --unlock_unsafe_flags --rpc_reuseport=true with env {} WARNING: Logging before InitGoogleLogging() is written to STDERR
W0703 01:39:58.270741 11431 flags.cc:406] Enabled unsafe flag: --rpc_server_allow_ephemeral_ports=true
W0703 01:39:58.270968 11431 flags.cc:406] Enabled unsafe flag: --never_fsync=true
W0703 01:39:58.273186 11431 flags.cc:406] Enabled experimental flag: --ipki_ca_key_size=1024
W0703 01:39:58.273231 11431 flags.cc:406] Enabled experimental flag: --ipki_server_key_size=1024
W0703 01:39:58.273275 11431 flags.cc:406] Enabled experimental flag: --tsk_num_rsa_bits=512
W0703 01:39:58.273321 11431 flags.cc:406] Enabled experimental flag: --rpc_reuseport=true
I0703 01:39:58.281751 11431 master_main.cc:73] Master server non-default flags: --fs_data_dirs=/data/somelongdirectorytoavoidrpathissues/src/kudutest/kudu-admin-test.0.AdminCliTest.TestUnsafeChangeConfigLeaderWithPendingConfig.1530607157582131-6083/raft_consensus-itest-cluster/master-0/data --fs_wal_dir=/data/somelongdirectorytoavoidrpathissues/src/kudutest/kudu-admin-test.0.AdminCliTest.TestUnsafeChangeConfigLeaderWithPendingConfig.1530607157582131-6083/raft_consensus-itest-cluster/master-0/wal --ipki_ca_key_size=1024 --ipki_server_key_size=1024 --tsk_num_rsa_bits=512 --rpc_bind_addresses=127.5.240.254:51485 --rpc_reuseport=true --rpc_server_allow_ephemeral_ports=true --metrics_log_interval_ms=1000 --server_dump_info_format=pb --server_dump_info_path=/data/somelongdirectorytoavoidrpathissues/src/kudutest/kudu-admin-test.0.AdminCliTest.TestUnsafeChangeConfigLeaderWithPendingConfig.1530607157582131-6083/raft_consensus-itest-cluster/master-0/data/info.pb --webserver_interface=127.5.240.254 --webserver_port=57609 --never_fsync=true --redact=none --unlock_experimental_flags=true --unlock_unsafe_flags=true --enable_minidumps=false --log_dir=/data/somelongdirectorytoavoidrpathissues/src/kudutest/kudu-admin-test.0.AdminCliTest.TestUnsafeChangeConfigLeaderWithPendingConfig.1530607157582131-6083/raft_consensus-itest-cluster/master-0/logs --logbuflevel=-1 --logtostderr=true Master server version: kudu 1.8.0-SNAPSHOT revision 1ae050e4d57bc333de28bcbc62e072e8bafd04b3 build type FASTDEBUG built by jenkins at 03 Jul 2018 00:28:42 PST on quasar-kdakzq-1.vpc.cloudera.com build id 91347 ASAN enabled
I0703 01:39:58.287371 11431 master_main.cc:80] Initializing master server...
I0703 01:39:58.288437 11431 system_ntp.cc:199] NTP initialized. Skew: 500ppm Current error: 152708us
I0703 01:39:58.289510 11431 fs_manager.cc:261] Metadata directory not provided
I0703 01:39:58.289597 11431 fs_manager.cc:267] Using write-ahead log directory (fs_wal_dir) as metadata directory
I0703 01:39:58.297073 11431 fs_manager.cc:397] Time spent opening directory manager: real 0.005s user 0.003s sys 0.001s
I0703 01:39:58.297906 11431 env_posix.cc:1674] Not raising this process' open files per process limit of 32768; it is already as high as it can go
I0703 01:39:58.298296 11431 file_cache.cc:470] Constructed file cache lbm with capacity 13107
I0703 01:39:58.301980 11431 fs_manager.cc:417] Time spent opening block manager: real 0.002s user 0.001s sys 0.001s
I0703 01:39:58.302052 11431 fs_manager.cc:434] Opened local filesystem: /data/somelongdirectorytoavoidrpathissues/src/kudutest/kudu-admin-test.0.AdminCliTest.TestUnsafeChangeConfigLeaderWithPendingConfig.1530607157582131-6083/raft_consensus-itest-cluster/master-0/data,/data/somelongdirectorytoavoidrpathissues/src/kudutest/kudu-admin-test.0.AdminCliTest.TestUnsafeChangeConfigLeaderWithPendingConfig.1530607157582131-6083/raft_consensus-itest-cluster/master-0/wal uuid: "bf659d42f827436f97ca8c0826afc8b7" format_stamp: "Formatted at 2018-07-03 08:39:53 on quasar-kdakzq-1.vpc.cloudera.com"
I0703 01:39:58.302932 11431 fs_report.cc:352] FS layout report -------------------- wal directory: /data/somelongdirectorytoavoidrpathissues/src/kudutest/kudu-admin-test.0.AdminCliTest.TestUnsafeChangeConfigLeaderWithPendingConfig.1530607157582131-6083/raft_consensus-itest-cluster/master-0/wal metadata directory: /data/somelongdirectorytoavoidrpathissues/src/kudutest/kudu-admin-test.0.AdminCliTest.TestUnsafeChangeConfigLeaderWithPendingConfig.1530607157582131-6083/raft_consensus-itest-cluster/master-0/wal 1 data directories: /data/somelongdirectorytoavoidrpathissues/src/kudutest/kudu-admin-test.0.AdminCliTest.TestUnsafeChangeConfigLeaderWithPendingConfig.1530607157582131-6083/raft_consensus-itest-cluster/master-0/data/data Total live blocks: 0 Total live bytes: 0 Total live bytes (after alignment): 0 Total number of LBM containers: 0 (0 full) Did not check for missing blocks Did not check for orphaned blocks Total full LBM containers with extra space: 0 (0 repaired) Total full LBM container extra space in bytes: 0 (0 repaired) Total incomplete LBM containers: 0 (0 repaired) Total LBM partial records: 0 (0 repaired)
I0703 01:39:58.349166 11431 env_posix.cc:1669] Raising this process' running threads per effective uid limit from 32768 to 65536
I0703 01:39:58.350674 11431 master_main.cc:83] Starting Master server...
W0703 01:39:58.351716 11121 heartbeater.cc:587] Failed to heartbeat to 127.5.240.254:51485: Network error: Failed to send heartbeat to master: Client connection negotiation failed: client connection to 127.5.240.254:51485: connect: Connection refused (error 111)
I0703 01:39:58.388538 11431 rpc_server.cc:205] RPC server started. Bound to: 127.5.240.254:51485
I0703 01:39:58.389140 11431 webserver.cc:175] Starting webserver on 127.5.240.254:57609
I0703 01:39:58.389189 11431 webserver.cc:186] Document root disabled
I0703 01:39:58.389909 11431 webserver.cc:313] Webserver started. Bound to: http://127.5.240.254:57609/
I0703 01:39:58.390605 11431 server_base.cc:607] Dumped server information to /data/somelongdirectorytoavoidrpathissues/src/kudutest/kudu-admin-test.0.AdminCliTest.TestUnsafeChangeConfigLeaderWithPendingConfig.1530607157582131-6083/raft_consensus-itest-cluster/master-0/data/info.pb
I0703 01:39:58.391178 6083 external_mini_cluster.cc:856] Started /data/somelongdirectorytoavoidrpathissues/src/kudu/build/asan/bin/kudu-master as pid 11431
I0703 01:39:58.400252 11491 tablet_bootstrap.cc:427] T 00000000000000000000000000000000 P bf659d42f827436f97ca8c0826afc8b7: Bootstrap starting.
I0703 01:39:58.412866 11491 log.cc:525] T 00000000000000000000000000000000 P bf659d42f827436f97ca8c0826afc8b7: Log is configured to *not* fsync() on all Append() calls
I0703 01:39:58.421937 11491 tablet_bootstrap.cc:427] T 00000000000000000000000000000000 P bf659d42f827436f97ca8c0826afc8b7: Bootstrap replayed 1/1 log segments. Stats: ops{read=7 overwritten=0 applied=7 ignored=1} inserts{seen=4 ignored=0} mutations{seen=2 ignored=0} orphaned_commits=0. Pending: 0 replicates
I0703 01:39:58.422338 11491 tablet_bootstrap.cc:427] T 00000000000000000000000000000000 P bf659d42f827436f97ca8c0826afc8b7: Bootstrap complete.
I0703 01:39:58.431457 11491 raft_consensus.cc:325] T 00000000000000000000000000000000 P bf659d42f827436f97ca8c0826afc8b7 [term 1 FOLLOWER]: Replica starting. Triggering 0 pending transactions. Active config: opid_index: -1 OBSOLETE_local: true peers { permanent_uuid: "bf659d42f827436f97ca8c0826afc8b7" member_type: VOTER }
I0703 01:39:58.432188 11491 raft_consensus.cc:628] T 00000000000000000000000000000000 P bf659d42f827436f97ca8c0826afc8b7 [term 1 FOLLOWER]: Becoming Follower/Learner. State: Replica: bf659d42f827436f97ca8c0826afc8b7, State: Initialized, Role: FOLLOWER
I0703 01:39:58.432704 11491 consensus_queue.cc:227] T 00000000000000000000000000000000 P bf659d42f827436f97ca8c0826afc8b7 [NON_LEADER]: Queue going to NON_LEADER mode. State: All replicated index: 0, Majority replicated index: 0, Committed index: 7, Last appended: 1.7, Last appended by leader: 7, Current term: 0, Majority size: -1, State: 0, Mode: NON_LEADER, active raft config: opid_index: -1 OBSOLETE_local: true peers { permanent_uuid: "bf659d42f827436f97ca8c0826afc8b7" member_type: VOTER }
I0703 01:39:58.432881 11491 raft_consensus.cc:365] T 00000000000000000000000000000000 P bf659d42f827436f97ca8c0826afc8b7 [term 1 FOLLOWER]: Only one voter in the Raft config. Triggering election immediately
I0703 01:39:58.432956 11491 raft_consensus.cc:457] T 00000000000000000000000000000000 P bf659d42f827436f97ca8c0826afc8b7 [term 1 FOLLOWER]: Starting leader election (initial election of a single-replica configuration)
I0703 01:39:58.433033 11491 raft_consensus.cc:2730] T 00000000000000000000000000000000 P bf659d42f827436f97ca8c0826afc8b7: Snoozing failure detection for 2.214s (starting election)
I0703 01:39:58.433115 11491 raft_consensus.cc:2782] T 00000000000000000000000000000000 P bf659d42f827436f97ca8c0826afc8b7 [term 1 FOLLOWER]: Advancing to term 2
I0703 01:39:58.436486 11491 raft_consensus.cc:479] T 00000000000000000000000000000000 P bf659d42f827436f97ca8c0826afc8b7 [term 2 FOLLOWER]: Starting leader election with config: opid_index: -1 OBSOLETE_local: true peers { permanent_uuid: "bf659d42f827436f97ca8c0826afc8b7" member_type: VOTER }
I0703 01:39:58.436848 11491 leader_election.cc:270] T 00000000000000000000000000000000 P bf659d42f827436f97ca8c0826afc8b7 [CANDIDATE]: Term 2 election: Election decided. Result: candidate won.
I0703 01:39:58.438151 11495 raft_consensus.cc:2730] T 00000000000000000000000000000000 P bf659d42f827436f97ca8c0826afc8b7: Snoozing failure detection for 2.198s (election complete)
I0703 01:39:58.438555 11495 raft_consensus.cc:2537] T 00000000000000000000000000000000 P bf659d42f827436f97ca8c0826afc8b7 [term 2 FOLLOWER]: Leader election won for term 2
I0703 01:39:58.439946 11495 raft_consensus.cc:593] T 00000000000000000000000000000000 P bf659d42f827436f97ca8c0826afc8b7 [term 2 LEADER]: Becoming Leader. State: Replica: bf659d42f827436f97ca8c0826afc8b7, State: Running, Role: LEADER
I0703 01:39:58.440354 11495 consensus_queue.cc:204] T 00000000000000000000000000000000 P bf659d42f827436f97ca8c0826afc8b7 [LEADER]: Queue going to LEADER mode. State: All replicated index: 0, Majority replicated index: 7, Committed index: 7, Last appended: 1.7, Last appended by leader: 7, Current term: 2, Majority size: 1, State: 0, Mode: LEADER, active raft config: opid_index: -1 OBSOLETE_local: true peers { permanent_uuid: "bf659d42f827436f97ca8c0826afc8b7" member_type: VOTER }
I0703 01:39:58.441884 11491 sys_catalog.cc:337] T 00000000000000000000000000000000 P bf659d42f827436f97ca8c0826afc8b7 [sys.catalog]: SysCatalogTable state changed. Reason: Started TabletReplica. Latest consensus state: current_term: 2 leader_uuid: "bf659d42f827436f97ca8c0826afc8b7" committed_config { opid_index: -1 OBSOLETE_local: true peers { permanent_uuid: "bf659d42f827436f97ca8c0826afc8b7" member_type: VOTER } }
I0703 01:39:58.442482 11491 sys_catalog.cc:340] T 00000000000000000000000000000000 P bf659d42f827436f97ca8c0826afc8b7 [sys.catalog]: This master's current role is: LEADER
I0703 01:39:58.442162 11497 sys_catalog.cc:337] T 00000000000000000000000000000000 P bf659d42f827436f97ca8c0826afc8b7 [sys.catalog]: SysCatalogTable state changed. Reason: New leader bf659d42f827436f97ca8c0826afc8b7. Latest consensus state: current_term: 2 leader_uuid: "bf659d42f827436f97ca8c0826afc8b7" committed_config { opid_index: -1 OBSOLETE_local: true peers { permanent_uuid: "bf659d42f827436f97ca8c0826afc8b7" member_type: VOTER } }
I0703 01:39:58.442085 11496 sys_catalog.cc:337] T 00000000000000000000000000000000 P bf659d42f827436f97ca8c0826afc8b7 [sys.catalog]: SysCatalogTable state changed. Reason: RaftConsensus started. Latest consensus state: current_term: 2 leader_uuid: "bf659d42f827436f97ca8c0826afc8b7" committed_config { opid_index: -1 OBSOLETE_local: true peers { permanent_uuid: "bf659d42f827436f97ca8c0826afc8b7" member_type: VOTER } }
I0703 01:39:58.443370 11497 sys_catalog.cc:340] T 00000000000000000000000000000000 P bf659d42f827436f97ca8c0826afc8b7 [sys.catalog]: This master's current role is: LEADER
I0703 01:39:58.443370 11496 sys_catalog.cc:340] T 00000000000000000000000000000000 P bf659d42f827436f97ca8c0826afc8b7 [sys.catalog]: This master's current role is: LEADER
I0703 01:39:58.445317 11491 sys_catalog.cc:424] T 00000000000000000000000000000000 P bf659d42f827436f97ca8c0826afc8b7 [sys.catalog]: configured and running, proceeding with master startup.
I0703 01:39:58.445583 11499 catalog_manager.cc:1006] Loading table and tablet metadata into memory...
I0703 01:39:58.446815 11431 master_main.cc:86] Master server successfully started.
I0703 01:39:58.450623 11499 catalog_manager.cc:323] Loaded metadata for table TestTable [id=20caf1ed0e1d4dd69440a2ed2a5bac36]
I0703 01:39:58.452607 11499 catalog_manager.cc:377] Loaded metadata for tablet 88835abd0ea34ff7acd90bb2c84931f5 (table TestTable [id=20caf1ed0e1d4dd69440a2ed2a5bac36])
I0703 01:39:58.452761 11499 catalog_manager.cc:1017] Initializing Kudu internal certificate authority...
I0703 01:39:58.455708 11499 catalog_manager.cc:1026] Loading token signing keys...
I0703 01:39:58.456830 11499 catalog_manager.cc:4113] T 00000000000000000000000000000000 P bf659d42f827436f97ca8c0826afc8b7: Loaded TSK: 0
I0703 01:39:58.720557 11458 master_service.cc:205] Got heartbeat from unknown tserver (permanent_uuid: "200046fa8cd344f4a557b6feab568415" instance_seqno: 1530607193658994) as {username='jenkins'} at 127.5.240.193:55936; Asking this server to re-register.
I0703 01:39:58.721648 10876 heartbeater.cc:426] Registering TS with master...
I0703 01:39:58.721788 10876 heartbeater.cc:475] Master 127.5.240.254:51485 requested a full tablet report, sending...
I0703 01:39:58.722798 11458 ts_manager.cc:98] Registered new tserver with Master: 200046fa8cd344f4a557b6feab568415 (127.5.240.193:48069)
I0703 01:39:58.976537 11458 master_service.cc:205] Got heartbeat from unknown tserver (permanent_uuid: "20e529e97c57431bb03e326238d1bf8a" instance_seqno: 1530607193971988) as {username='jenkins'} at 127.5.240.194:54612; Asking this server to re-register.
I0703 01:39:58.977169 10999 heartbeater.cc:426] Registering TS with master...
I0703 01:39:58.977293 10999 heartbeater.cc:475] Master 127.5.240.254:51485 requested a full tablet report, sending...
I0703 01:39:58.978206 11458 ts_manager.cc:98] Registered new tserver with Master: 20e529e97c57431bb03e326238d1bf8a (127.5.240.194:58915)
I0703 01:39:59.357276 11121 heartbeater.cc:346] Connected to a master server at 127.5.240.254:51485
I0703 01:39:59.357977 11458 master_service.cc:205] Got heartbeat from unknown tserver (permanent_uuid: "bb2c63b1e9fa4dc3aa89afac6501f1ff" instance_seqno: 1530607194307802) as {username='jenkins'} at 127.5.240.195:40313; Asking this server to re-register.
I0703 01:39:59.358533 11121 heartbeater.cc:426] Registering TS with master...
I0703 01:39:59.358649 11121 heartbeater.cc:475] Master 127.5.240.254:51485 requested a full tablet report, sending...
I0703 01:39:59.359328 11458 ts_manager.cc:98] Registered new tserver with Master: bb2c63b1e9fa4dc3aa89afac6501f1ff (127.5.240.195:34920)
I0703 01:39:59.470518 11508 raft_consensus.cc:457] T 88835abd0ea34ff7acd90bb2c84931f5 P 20e529e97c57431bb03e326238d1bf8a [term 2 FOLLOWER]: Starting pre-election (detected failure of leader kudu-tools)
I0703 01:39:59.470626 11508 raft_consensus.cc:2730] T 88835abd0ea34ff7acd90bb2c84931f5 P 20e529e97c57431bb03e326238d1bf8a: Snoozing failure detection for 1.938s (starting election)
I0703 01:39:59.470701 11508 raft_consensus.cc:479] T 88835abd0ea34ff7acd90bb2c84931f5 P 20e529e97c57431bb03e326238d1bf8a [term 2 FOLLOWER]: Starting pre-election with config: opid_index: 3 OBSOLETE_local: false peers { permanent_uuid: "20e529e97c57431bb03e326238d1bf8a" member_type: VOTER last_known_addr { host: "127.5.240.194" port: 58915 } } unsafe_config_change: true
I0703 01:39:59.470893 11508 leader_election.cc:270] T 88835abd0ea34ff7acd90bb2c84931f5 P 20e529e97c57431bb03e326238d1bf8a [CANDIDATE]: Term 3 pre-election: Election decided. Result: candidate won.
I0703 01:39:59.471276 11508 raft_consensus.cc:2730] T 88835abd0ea34ff7acd90bb2c84931f5 P 20e529e97c57431bb03e326238d1bf8a: Snoozing failure detection for 1.586s (election complete)
I0703 01:39:59.471328 11508 raft_consensus.cc:2537] T 88835abd0ea34ff7acd90bb2c84931f5 P 20e529e97c57431bb03e326238d1bf8a [term 2 FOLLOWER]: Leader pre-election won for term 3
I0703 01:39:59.471365 11508 raft_consensus.cc:457] T 88835abd0ea34ff7acd90bb2c84931f5 P 20e529e97c57431bb03e326238d1bf8a [term 2 FOLLOWER]: Starting leader election (detected failure of leader kudu-tools)
I0703 01:39:59.471397 11508 raft_consensus.cc:2730] T 88835abd0ea34ff7acd90bb2c84931f5 P 20e529e97c57431bb03e326238d1bf8a: Snoozing failure detection for 1.579s (starting election)
I0703 01:39:59.471437 11508 raft_consensus.cc:2782] T 88835abd0ea34ff7acd90bb2c84931f5 P 20e529e97c57431bb03e326238d1bf8a [term 2 FOLLOWER]: Advancing to term 3
I0703 01:39:59.472846 11508 raft_consensus.cc:479] T 88835abd0ea34ff7acd90bb2c84931f5 P 20e529e97c57431bb03e326238d1bf8a [term 3 FOLLOWER]: Starting leader election with config: opid_index: 3 OBSOLETE_local: false peers { permanent_uuid: "20e529e97c57431bb03e326238d1bf8a" member_type: VOTER last_known_addr { host: "127.5.240.194" port: 58915 } } unsafe_config_change: true
I0703 01:39:59.472987 11508 leader_election.cc:270] T 88835abd0ea34ff7acd90bb2c84931f5 P 20e529e97c57431bb03e326238d1bf8a [CANDIDATE]: Term 3 election: Election decided. Result: candidate won.
I0703 01:39:59.473150 11509 raft_consensus.cc:2730] T 88835abd0ea34ff7acd90bb2c84931f5 P 20e529e97c57431bb03e326238d1bf8a: Snoozing failure detection for 1.821s (election complete)
I0703 01:39:59.473220 11509 raft_consensus.cc:2537] T 88835abd0ea34ff7acd90bb2c84931f5 P 20e529e97c57431bb03e326238d1bf8a [term 3 FOLLOWER]: Leader election won for term 3
I0703 01:39:59.473361 11509 raft_consensus.cc:593] T 88835abd0ea34ff7acd90bb2c84931f5 P 20e529e97c57431bb03e326238d1bf8a [term 3 LEADER]: Becoming Leader. State: Replica: 20e529e97c57431bb03e326238d1bf8a, State: Running, Role: LEADER
I0703 01:39:59.473680 11509 consensus_queue.cc:204] T 88835abd0ea34ff7acd90bb2c84931f5 P 20e529e97c57431bb03e326238d1bf8a [LEADER]: Queue going to LEADER mode. State: All replicated index: 0, Majority replicated index: 1, Committed index: 1, Last appended: 2.3, Last appended by leader: 0, Current term: 3, Majority size: 1, State: 0, Mode: LEADER, active raft config: opid_index: 3 OBSOLETE_local: false peers { permanent_uuid: "20e529e97c57431bb03e326238d1bf8a" member_type: VOTER last_known_addr { host: "127.5.240.194" port: 58915 } } unsafe_config_change: true
I0703 01:39:59.475473 11458 catalog_manager.cc:3798] T 88835abd0ea34ff7acd90bb2c84931f5 P 20e529e97c57431bb03e326238d1bf8a reported cstate change: term changed from 1 to 3, now has a pending config: VOTER 20e529e97c57431bb03e326238d1bf8a (127.5.240.194). New cstate: current_term: 3 leader_uuid: "20e529e97c57431bb03e326238d1bf8a" committed_config { opid_index: -1 OBSOLETE_local: false peers { permanent_uuid: "20e529e97c57431bb03e326238d1bf8a" member_type: VOTER last_known_addr { host: "127.5.240.194" port: 58915 } health_report { overall_health: HEALTHY } } peers { permanent_uuid: "6b95eacb907e4467b3633c2cc9ad055b" member_type: VOTER last_known_addr { host: "127.5.240.196" port: 48168 } } peers { permanent_uuid: "e4d277c8cd7248b59ecbaa2db3b09d5c" member_type: VOTER last_known_addr { host: "127.5.240.197" port: 37924 } } } pending_config { opid_index: 3 OBSOLETE_local: false peers { permanent_uuid: "20e529e97c57431bb03e326238d1bf8a" member_type: VOTER last_known_addr { host: "127.5.240.194" port: 58915 } } unsafe_config_change: true }
I0703 01:39:59.474920 11509 raft_consensus.cc:2684] T 88835abd0ea34ff7acd90bb2c84931f5 P 20e529e97c57431bb03e326238d1bf8a [term 3 LEADER]: Committing config change with OpId 1.2: config changed from index -1 to 2, VOTER e4d277c8cd7248b59ecbaa2db3b09d5c (127.5.240.197) evicted. New config: { opid_index: 2 OBSOLETE_local: false peers { permanent_uuid: "20e529e97c57431bb03e326238d1bf8a" member_type: VOTER last_known_addr { host: "127.5.240.194" port: 58915 } } peers { permanent_uuid: "6b95eacb907e4467b3633c2cc9ad055b" member_type: VOTER last_known_addr { host: "127.5.240.196" port: 48168 } } }
W0703 01:39:59.479416 11509 rpcz_store.cc:251] Call kudu.consensus.ConsensusService.ChangeConfig from 127.5.240.194:33591 (request call id 42) took 3775ms (client timeout 2000).
W0703 01:39:59.480216 11509 rpcz_store.cc:255] Trace: 0703 01:39:55.704287 (+ 0us) service_pool.cc:162] Inserting onto call queue 0703 01:39:55.704337 (+ 50us) service_pool.cc:221] Handling call 0703 01:39:55.706037 (+ 1700us) log.cc:587] Serialized 379 byte log entry 0703 01:39:59.479338 (+3773301us) inbound_call.cc:162] Queueing success response Metrics: {"dns_us":63,"raft.queue_time_us":98,"raft.run_cpu_time_us":117,"raft.run_wall_time_us":118}
I0703 01:39:59.480621 11509 raft_consensus.cc:2684] T 88835abd0ea34ff7acd90bb2c84931f5 P 20e529e97c57431bb03e326238d1bf8a [term 3 LEADER]: Committing config change with OpId 2.3: config changed from index -1 to 3, VOTER 6b95eacb907e4467b3633c2cc9ad055b (127.5.240.196) evicted, VOTER e4d277c8cd7248b59ecbaa2db3b09d5c (127.5.240.197) evicted. New config: { opid_index: 3 OBSOLETE_local: false peers { permanent_uuid: "20e529e97c57431bb03e326238d1bf8a" member_type: VOTER last_known_addr { host: "127.5.240.194" port: 58915 } } unsafe_config_change: true }
I0703 01:39:59.486734 11458 catalog_manager.cc:3798] T 88835abd0ea34ff7acd90bb2c84931f5 P 20e529e97c57431bb03e326238d1bf8a reported cstate change: config changed from index -1 to 3, VOTER 6b95eacb907e4467b3633c2cc9ad055b (127.5.240.196) evicted, VOTER e4d277c8cd7248b59ecbaa2db3b09d5c (127.5.240.197) evicted, no longer has a pending config: VOTER 20e529e97c57431bb03e326238d1bf8a (127.5.240.194). New cstate: current_term: 3 leader_uuid: "20e529e97c57431bb03e326238d1bf8a" committed_config { opid_index: 3 OBSOLETE_local: false peers { permanent_uuid: "20e529e97c57431bb03e326238d1bf8a" member_type: VOTER last_known_addr { host: "127.5.240.194" port: 58915 } health_report { overall_health: HEALTHY } } unsafe_config_change: true }
I0703 01:39:59.488726 11458 catalog_manager.cc:2903] Scheduling retry of 88835abd0ea34ff7acd90bb2c84931f5 Delete Tablet RPC for TS=6b95eacb907e4467b3633c2cc9ad055b with a delay of 26 ms (attempt = 1)
W0703 01:39:59.488823 11458 catalog_manager.cc:3957] Failed to send 88835abd0ea34ff7acd90bb2c84931f5 Delete Tablet RPC for TS=6b95eacb907e4467b3633c2cc9ad055b: Not found: failed to reset TS proxy: Could not find TS for UUID 6b95eacb907e4467b3633c2cc9ad055b
I0703 01:39:59.488943 11458 catalog_manager.cc:2903] Scheduling retry of 88835abd0ea34ff7acd90bb2c84931f5 Delete Tablet RPC for TS=e4d277c8cd7248b59ecbaa2db3b09d5c with a delay of 21 ms (attempt = 1)
W0703 01:39:59.489002 11458 catalog_manager.cc:3957] Failed to send 88835abd0ea34ff7acd90bb2c84931f5 Delete Tablet RPC for TS=e4d277c8cd7248b59ecbaa2db3b09d5c: Not found: failed to reset TS proxy: Could not find TS for UUID e4d277c8cd7248b59ecbaa2db3b09d5c
I0703 01:39:59.489373 11458 catalog_manager.cc:3437] Sending ChangeConfig:ADD_PEER:NON_VOTER on tablet 88835abd0ea34ff7acd90bb2c84931f5 (attempt 1)
I0703 01:39:59.494587 10956 consensus_queue.cc:204] T 88835abd0ea34ff7acd90bb2c84931f5 P 20e529e97c57431bb03e326238d1bf8a [LEADER]: Queue going to LEADER mode. State: All replicated index: 0, Majority replicated index: 4, Committed index: 4, Last appended: 3.4, Last appended by leader: 0, Current term: 3, Majority size: 1, State: 0, Mode: LEADER, active raft config: opid_index: 5 OBSOLETE_local: false peers { permanent_uuid: "20e529e97c57431bb03e326238d1bf8a" member_type: VOTER last_known_addr { host: "127.5.240.194" port: 58915 } } peers { permanent_uuid: "200046fa8cd344f4a557b6feab568415" member_type: NON_VOTER last_known_addr { host: "127.5.240.193" port: 48069 } attrs { promote: true } } unsafe_config_change: true
I0703 01:39:59.495365 11508 raft_consensus.cc:2684] T 88835abd0ea34ff7acd90bb2c84931f5 P 20e529e97c57431bb03e326238d1bf8a [term 3 LEADER]: Committing config change with OpId 3.5: config changed from index 3 to 5, NON_VOTER 200046fa8cd344f4a557b6feab568415 (127.5.240.193) added. New config: { opid_index: 5 OBSOLETE_local: false peers { permanent_uuid: "20e529e97c57431bb03e326238d1bf8a" member_type: VOTER last_known_addr { host: "127.5.240.194" port: 58915 } } peers { permanent_uuid: "200046fa8cd344f4a557b6feab568415" member_type: NON_VOTER last_known_addr { host: "127.5.240.193" port: 48069 } attrs { promote: true } } unsafe_config_change: true }
I0703 01:39:59.498603 11440 catalog_manager.cc:3352] ChangeConfig:ADD_PEER:NON_VOTER RPC for tablet 88835abd0ea34ff7acd90bb2c84931f5 with cas_config_opid_index 3: ChangeConfig:ADD_PEER:NON_VOTER succeeded (attempt 1)
I0703 01:39:59.499338 11458 catalog_manager.cc:3798] T 88835abd0ea34ff7acd90bb2c84931f5 P 20e529e97c57431bb03e326238d1bf8a reported cstate change: config changed from index 3 to 5, NON_VOTER 200046fa8cd344f4a557b6feab568415 (127.5.240.193) added. New cstate: current_term: 3 leader_uuid: "20e529e97c57431bb03e326238d1bf8a" committed_config { opid_index: 5 OBSOLETE_local: false peers { permanent_uuid: "20e529e97c57431bb03e326238d1bf8a" member_type: VOTER last_known_addr { host: "127.5.240.194" port: 58915 } health_report { overall_health: HEALTHY } } peers { permanent_uuid: "200046fa8cd344f4a557b6feab568415" member_type: NON_VOTER last_known_addr { host: "127.5.240.193" port: 48069 } attrs { promote: true } health_report { overall_health: UNKNOWN } } unsafe_config_change: true }
I0703 01:39:59.501212 11458 catalog_manager.cc:3437] Sending ChangeConfig:ADD_PEER:NON_VOTER on tablet 88835abd0ea34ff7acd90bb2c84931f5 (attempt 1)
I0703 01:39:59.501889 10956 consensus_peers.cc:455] T 88835abd0ea34ff7acd90bb2c84931f5 P 20e529e97c57431bb03e326238d1bf8a -> Peer 200046fa8cd344f4a557b6feab568415 (127.5.240.193:48069): Closing peer: 200046fa8cd344f4a557b6feab568415
I0703 01:39:59.502050 10956 consensus_queue.cc:204] T 88835abd0ea34ff7acd90bb2c84931f5 P 20e529e97c57431bb03e326238d1bf8a [LEADER]: Queue going to LEADER mode. State: All replicated index: 0, Majority replicated index: 5, Committed index: 5, Last appended: 3.5, Last appended by leader: 0, Current term: 3, Majority size: 1, State: 0, Mode: LEADER, active raft config: opid_index: 6 OBSOLETE_local: false peers { permanent_uuid: "20e529e97c57431bb03e326238d1bf8a" member_type: VOTER last_known_addr { host: "127.5.240.194" port: 58915 } } peers { permanent_uuid: "200046fa8cd344f4a557b6feab568415" member_type: NON_VOTER last_known_addr { host: "127.5.240.193" port: 48069 } attrs { promote: true } } peers { permanent_uuid: "bb2c63b1e9fa4dc3aa89afac6501f1ff" member_type: NON_VOTER last_known_addr { host: "127.5.240.195" port: 34920 } attrs { promote: true } } unsafe_config_change: true
I0703 01:39:59.504098 11508 raft_consensus.cc:2684] T 88835abd0ea34ff7acd90bb2c84931f5 P 20e529e97c57431bb03e326238d1bf8a [term 3 LEADER]: Committing config change with OpId 3.6: config changed from index 5 to 6, NON_VOTER bb2c63b1e9fa4dc3aa89afac6501f1ff (127.5.240.195) added. New config: { opid_index: 6 OBSOLETE_local: false peers { permanent_uuid: "20e529e97c57431bb03e326238d1bf8a" member_type: VOTER last_known_addr { host: "127.5.240.194" port: 58915 } } peers { permanent_uuid: "200046fa8cd344f4a557b6feab568415" member_type: NON_VOTER last_known_addr { host: "127.5.240.193" port: 48069 } attrs { promote: true } } peers { permanent_uuid: "bb2c63b1e9fa4dc3aa89afac6501f1ff" member_type: NON_VOTER last_known_addr { host: "127.5.240.195" port: 34920 } attrs { promote: true } } unsafe_config_change: true }
W0703 01:39:59.505123 10887 consensus_peers.cc:433] T 88835abd0ea34ff7acd90bb2c84931f5 P 20e529e97c57431bb03e326238d1bf8a -> Peer 200046fa8cd344f4a557b6feab568415 (127.5.240.193:48069): Couldn't send request to peer 200046fa8cd344f4a557b6feab568415 for tablet 88835abd0ea34ff7acd90bb2c84931f5. Error code: TABLET_NOT_FOUND (6). Status: Not found: Tablet not found: 88835abd0ea34ff7acd90bb2c84931f5. Retrying in the next heartbeat period. Already tried 1 times.
I0703 01:39:59.506753 11440 catalog_manager.cc:3352] ChangeConfig:ADD_PEER:NON_VOTER RPC for tablet 88835abd0ea34ff7acd90bb2c84931f5 with cas_config_opid_index 5: ChangeConfig:ADD_PEER:NON_VOTER succeeded (attempt 1)
I0703 01:39:59.507637 11458 catalog_manager.cc:3798] T 88835abd0ea34ff7acd90bb2c84931f5 P 20e529e97c57431bb03e326238d1bf8a reported cstate change: config changed from index 5 to 6, NON_VOTER bb2c63b1e9fa4dc3aa89afac6501f1ff (127.5.240.195) added. New cstate: current_term: 3 leader_uuid: "20e529e97c57431bb03e326238d1bf8a" committed_config { opid_index: 6 OBSOLETE_local: false peers { permanent_uuid: "20e529e97c57431bb03e326238d1bf8a" member_type: VOTER last_known_addr { host: "127.5.240.194" port: 58915 } health_report { overall_health: HEALTHY } } peers { permanent_uuid: "200046fa8cd344f4a557b6feab568415" member_type: NON_VOTER last_known_addr { host: "127.5.240.193" port: 48069 } attrs { promote: true } health_report { overall_health: UNKNOWN } } peers { permanent_uuid: "bb2c63b1e9fa4dc3aa89afac6501f1ff" member_type: NON_VOTER last_known_addr { host: "127.5.240.195" port: 34920 } attrs { promote: true } health_report { overall_health: UNKNOWN } } unsafe_config_change: true }
W0703 01:39:59.511193 10890 consensus_peers.cc:433] T 88835abd0ea34ff7acd90bb2c84931f5 P 20e529e97c57431bb03e326238d1bf8a -> Peer bb2c63b1e9fa4dc3aa89afac6501f1ff (127.5.240.195:34920): Couldn't send request to peer bb2c63b1e9fa4dc3aa89afac6501f1ff for tablet 88835abd0ea34ff7acd90bb2c84931f5. Error code: TABLET_NOT_FOUND (6). Status: Not found: Tablet not found: 88835abd0ea34ff7acd90bb2c84931f5. Retrying in the next heartbeat period. Already tried 1 times.
I0703 01:39:59.511241 11440 catalog_manager.cc:2903] Scheduling retry of 88835abd0ea34ff7acd90bb2c84931f5 Delete Tablet RPC for TS=e4d277c8cd7248b59ecbaa2db3b09d5c with a delay of 50 ms (attempt = 2)
W0703 01:39:59.511313 11440 catalog_manager.cc:2922] Async tablet task 88835abd0ea34ff7acd90bb2c84931f5 Delete Tablet RPC for TS=e4d277c8cd7248b59ecbaa2db3b09d5c failed: Not found: failed to reset TS proxy: Could not find TS for UUID e4d277c8cd7248b59ecbaa2db3b09d5c
I0703 01:39:59.515512 11438 catalog_manager.cc:2903] Scheduling retry of 88835abd0ea34ff7acd90bb2c84931f5 Delete Tablet RPC for TS=6b95eacb907e4467b3633c2cc9ad055b with a delay of 43 ms (attempt = 2)
W0703 01:39:59.515574 11438 catalog_manager.cc:2922] Async tablet task 88835abd0ea34ff7acd90bb2c84931f5 Delete Tablet RPC for TS=6b95eacb907e4467b3633c2cc9ad055b failed: Not found: failed to reset TS proxy: Could not find TS for UUID 6b95eacb907e4467b3633c2cc9ad055b
I0703 01:39:59.558955 11438 catalog_manager.cc:2903] Scheduling retry of 88835abd0ea34ff7acd90bb2c84931f5 Delete Tablet RPC for TS=6b95eacb907e4467b3633c2cc9ad055b with a delay of 106 ms (attempt = 3)
W0703 01:39:59.559001 11438 catalog_manager.cc:2922] Async tablet task 88835abd0ea34ff7acd90bb2c84931f5 Delete Tablet RPC for TS=6b95eacb907e4467b3633c2cc9ad055b failed: Not found: failed to reset TS proxy: Could not find TS for UUID 6b95eacb907e4467b3633c2cc9ad055b
I0703 01:39:59.561636 11440 catalog_manager.cc:2903] Scheduling retry of 88835abd0ea34ff7acd90bb2c84931f5 Delete Tablet RPC for TS=e4d277c8cd7248b59ecbaa2db3b09d5c with a delay of 96 ms (attempt = 3)
W0703 01:39:59.561683 11440 catalog_manager.cc:2922] Async tablet task 88835abd0ea34ff7acd90bb2c84931f5 Delete Tablet RPC for TS=e4d277c8cd7248b59ecbaa2db3b09d5c failed: Not found: failed to reset TS proxy: Could not find TS for UUID e4d277c8cd7248b59ecbaa2db3b09d5c
I0703 01:39:59.658388 11440 catalog_manager.cc:2903] Scheduling retry of 88835abd0ea34ff7acd90bb2c84931f5 Delete Tablet RPC for TS=e4d277c8cd7248b59ecbaa2db3b09d5c with a delay of 174 ms (attempt = 4)
W0703 01:39:59.658464 11440 catalog_manager.cc:2922] Async tablet task 88835abd0ea34ff7acd90bb2c84931f5 Delete Tablet RPC for TS=e4d277c8cd7248b59ecbaa2db3b09d5c failed: Not found: failed to reset TS proxy: Could not find TS for UUID e4d277c8cd7248b59ecbaa2db3b09d5c
I0703 01:39:59.665614 11438 catalog_manager.cc:2903] Scheduling retry of 88835abd0ea34ff7acd90bb2c84931f5 Delete Tablet RPC for TS=6b95eacb907e4467b3633c2cc9ad055b with a delay of 157 ms (attempt = 4)
W0703 01:39:59.665658 11438 catalog_manager.cc:2922] Async tablet task 88835abd0ea34ff7acd90bb2c84931f5 Delete Tablet RPC for TS=6b95eacb907e4467b3633c2cc9ad055b failed: Not found: failed to reset TS proxy: Could not find TS for UUID 6b95eacb907e4467b3633c2cc9ad055b
I0703 01:39:59.823711 11438 catalog_manager.cc:2903] Scheduling retry of 88835abd0ea34ff7acd90bb2c84931f5 Delete Tablet RPC for TS=6b95eacb907e4467b3633c2cc9ad055b with a delay of 277 ms (attempt = 5)
W0703 01:39:59.823760 11438 catalog_manager.cc:2922] Async tablet task 88835abd0ea34ff7acd90bb2c84931f5 Delete Tablet RPC for TS=6b95eacb907e4467b3633c2cc9ad055b failed: Not found: failed to reset TS proxy: Could not find TS for UUID 6b95eacb907e4467b3633c2cc9ad055b
I0703 01:39:59.833437 11440 catalog_manager.cc:2903] Scheduling retry of 88835abd0ea34ff7acd90bb2c84931f5 Delete Tablet RPC for TS=e4d277c8cd7248b59ecbaa2db3b09d5c with a delay of 276 ms (attempt = 5)
W0703 01:39:59.833482 11440 catalog_manager.cc:2922] Async tablet task 88835abd0ea34ff7acd90bb2c84931f5 Delete Tablet RPC for TS=e4d277c8cd7248b59ecbaa2db3b09d5c failed: Not found: failed to reset TS proxy: Could not find TS for UUID e4d277c8cd7248b59ecbaa2db3b09d5c
I0703 01:39:59.997694 11520 ts_tablet_manager.cc:669] T 88835abd0ea34ff7acd90bb2c84931f5 P 200046fa8cd344f4a557b6feab568415: Initiating tablet copy from peer 20e529e97c57431bb03e326238d1bf8a (127.5.240.194:58915)
I0703 01:39:59.997946 11520 tablet_copy_client.cc:239] T 88835abd0ea34ff7acd90bb2c84931f5 P 200046fa8cd344f4a557b6feab568415: tablet copy: Beginning tablet copy session from remote peer at address 127.5.240.194:58915
I0703 01:40:00.003975 10976 tablet_copy_service.cc:135] P 20e529e97c57431bb03e326238d1bf8a: Received BeginTabletCopySession request for tablet 88835abd0ea34ff7acd90bb2c84931f5 from peer 200046fa8cd344f4a557b6feab568415 ({username='jenkins'} at 127.5.240.193:50478)
I0703 01:40:00.004106 10976 tablet_copy_service.cc:156] P 20e529e97c57431bb03e326238d1bf8a: Beginning new tablet copy session on tablet 88835abd0ea34ff7acd90bb2c84931f5 from peer 200046fa8cd344f4a557b6feab568415 at {username='jenkins'} at 127.5.240.193:50478: session id = 200046fa8cd344f4a557b6feab568415-88835abd0ea34ff7acd90bb2c84931f5
I0703 01:40:00.006012 10976 tablet_copy_source_session.cc:202] T 88835abd0ea34ff7acd90bb2c84931f5 P 20e529e97c57431bb03e326238d1bf8a: Tablet Copy: opened 0 blocks and 1 log segments
I0703 01:40:00.008766 11520 data_dirs.cc:934] Could only allocate 1 dirs of requested 3 for tablet 88835abd0ea34ff7acd90bb2c84931f5. 1 dirs total, 0 dirs full, 0 dirs failed
I0703 01:40:00.018159 11520 ts_tablet_manager.cc:1173] T 88835abd0ea34ff7acd90bb2c84931f5 P 200046fa8cd344f4a557b6feab568415: Registered tablet (data state: TABLET_DATA_COPYING)
I0703 01:40:00.018375 11520 tablet_copy_client.cc:566] T 88835abd0ea34ff7acd90bb2c84931f5 P 200046fa8cd344f4a557b6feab568415: tablet copy: Starting download of 0 data blocks...
I0703 01:40:00.018656 11520 tablet_copy_client.cc:529] T 88835abd0ea34ff7acd90bb2c84931f5 P 200046fa8cd344f4a557b6feab568415: tablet copy: Starting download of 1 WAL segments...
I0703 01:40:00.020189 11520 tablet_copy_client.cc:405] T 88835abd0ea34ff7acd90bb2c84931f5 P 200046fa8cd344f4a557b6feab568415: tablet copy: Tablet Copy complete. Replacing tablet superblock.
I0703 01:40:00.021822 11520 ts_tablet_manager.cc:1028] T 88835abd0ea34ff7acd90bb2c84931f5 P 200046fa8cd344f4a557b6feab568415: Bootstrapping tablet
I0703 01:40:00.022027 11520 tablet_bootstrap.cc:427] T 88835abd0ea34ff7acd90bb2c84931f5 P 200046fa8cd344f4a557b6feab568415: Bootstrap starting.
I0703 01:40:00.026355 11520 log.cc:525] T 88835abd0ea34ff7acd90bb2c84931f5 P 200046fa8cd344f4a557b6feab568415: Log is configured to *not* fsync() on all Append() calls
I0703 01:40:00.030328 11520 tablet_bootstrap.cc:427] T 88835abd0ea34ff7acd90bb2c84931f5 P 200046fa8cd344f4a557b6feab568415: Bootstrap replayed 1/1 log segments. Stats: ops{read=6 overwritten=0 applied=6 ignored=0} inserts{seen=0 ignored=0} mutations{seen=0 ignored=0} orphaned_commits=0. Pending: 0 replicates
I0703 01:40:00.030650 11520 tablet_bootstrap.cc:427] T 88835abd0ea34ff7acd90bb2c84931f5 P 200046fa8cd344f4a557b6feab568415: Bootstrap complete.
I0703 01:40:00.030846 11520 ts_tablet_manager.cc:1045] T 88835abd0ea34ff7acd90bb2c84931f5 P 200046fa8cd344f4a557b6feab568415: Time spent bootstrapping tablet: real 0.009s user 0.006s sys 0.002s
I0703 01:40:00.035552 11520 raft_consensus.cc:325] T 88835abd0ea34ff7acd90bb2c84931f5 P 200046fa8cd344f4a557b6feab568415 [term 3 LEARNER]: Replica starting. Triggering 0 pending transactions. Active config: opid_index: 6 OBSOLETE_local: false peers { permanent_uuid: "20e529e97c57431bb03e326238d1bf8a" member_type: VOTER last_known_addr { host: "127.5.240.194" port: 58915 } } peers { permanent_uuid: "200046fa8cd344f4a557b6feab568415" member_type: NON_VOTER last_known_addr { host: "127.5.240.193" port: 48069 } attrs { promote: true } } peers { permanent_uuid: "bb2c63b1e9fa4dc3aa89afac6501f1ff" member_type: NON_VOTER last_known_addr { host: "127.5.240.195" port: 34920 } attrs { promote: true } } unsafe_config_change: true
I0703 01:40:00.035847 11520 raft_consensus.cc:628] T 88835abd0ea34ff7acd90bb2c84931f5 P 200046fa8cd344f4a557b6feab568415 [term 3 LEARNER]: Becoming Follower/Learner. State: Replica: 200046fa8cd344f4a557b6feab568415, State: Initialized, Role: LEARNER
I0703 01:40:00.036074 11520 consensus_queue.cc:227] T 88835abd0ea34ff7acd90bb2c84931f5 P 200046fa8cd344f4a557b6feab568415 [NON_LEADER]: Queue going to NON_LEADER mode. State: All replicated index: 0, Majority replicated index: 0, Committed index: 6, Last appended: 3.6, Last appended by leader: 6, Current term: 0, Majority size: -1, State: 0, Mode: NON_LEADER, active raft config: opid_index: 6 OBSOLETE_local: false peers { permanent_uuid: "20e529e97c57431bb03e326238d1bf8a" member_type: VOTER last_known_addr { host: "127.5.240.194" port: 58915 } } peers { permanent_uuid: "200046fa8cd344f4a557b6feab568415" member_type: NON_VOTER last_known_addr { host: "127.5.240.193" port: 48069 } attrs { promote: true } } peers { permanent_uuid: "bb2c63b1e9fa4dc3aa89afac6501f1ff" member_type: NON_VOTER last_known_addr { host: "127.5.240.195" port: 34920 } attrs { promote: true } } unsafe_config_change: true
I0703 01:40:00.037762 11520 ts_tablet_manager.cc:1073] T 88835abd0ea34ff7acd90bb2c84931f5 P 200046fa8cd344f4a557b6feab568415: Time spent starting tablet: real 0.007s user 0.006s sys 0.001s
I0703 01:40:00.038476 10976 tablet_copy_service.cc:325] P 20e529e97c57431bb03e326238d1bf8a: Request end of tablet copy session 200046fa8cd344f4a557b6feab568415-88835abd0ea34ff7acd90bb2c84931f5 received from {username='jenkins'} at 127.5.240.193:50478
I0703 01:40:00.038564 10976 tablet_copy_service.cc:413] P 20e529e97c57431bb03e326238d1bf8a: ending tablet copy session 200046fa8cd344f4a557b6feab568415-88835abd0ea34ff7acd90bb2c84931f5 on tablet 88835abd0ea34ff7acd90bb2c84931f5 with peer 200046fa8cd344f4a557b6feab568415
I0703 01:40:00.101559 11438 catalog_manager.cc:2903] Scheduling retry of 88835abd0ea34ff7acd90bb2c84931f5 Delete Tablet RPC for TS=6b95eacb907e4467b3633c2cc9ad055b with a delay of 546 ms (attempt = 6)
W0703 01:40:00.101622 11438 catalog_manager.cc:2922] Async tablet task 88835abd0ea34ff7acd90bb2c84931f5 Delete Tablet RPC for TS=6b95eacb907e4467b3633c2cc9ad055b failed: Not found: failed to reset TS proxy: Could not find TS for UUID 6b95eacb907e4467b3633c2cc9ad055b
I0703 01:40:00.110510 11440 catalog_manager.cc:2903] Scheduling retry of 88835abd0ea34ff7acd90bb2c84931f5 Delete Tablet RPC for TS=e4d277c8cd7248b59ecbaa2db3b09d5c with a delay of 534 ms (attempt = 6)
W0703 01:40:00.110574 11440 catalog_manager.cc:2922] Async tablet task 88835abd0ea34ff7acd90bb2c84931f5 Delete Tablet RPC for TS=e4d277c8cd7248b59ecbaa2db3b09d5c failed: Not found: failed to reset TS proxy: Could not find TS for UUID e4d277c8cd7248b59ecbaa2db3b09d5c
I0703 01:40:00.122288 11525 ts_tablet_manager.cc:669] T 88835abd0ea34ff7acd90bb2c84931f5 P bb2c63b1e9fa4dc3aa89afac6501f1ff: Initiating tablet copy from peer 20e529e97c57431bb03e326238d1bf8a (127.5.240.194:58915)
I0703 01:40:00.122525 11525 tablet_copy_client.cc:239] T 88835abd0ea34ff7acd90bb2c84931f5 P bb2c63b1e9fa4dc3aa89afac6501f1ff: tablet copy: Beginning tablet copy session from remote peer at address 127.5.240.194:58915
I0703 01:40:00.127207 10976 tablet_copy_service.cc:135] P 20e529e97c57431bb03e326238d1bf8a: Received BeginTabletCopySession request for tablet 88835abd0ea34ff7acd90bb2c84931f5 from peer bb2c63b1e9fa4dc3aa89afac6501f1ff ({username='jenkins'} at 127.5.240.195:60127)
I0703 01:40:00.127296 10976 tablet_copy_service.cc:156] P 20e529e97c57431bb03e326238d1bf8a: Beginning new tablet copy session on tablet 88835abd0ea34ff7acd90bb2c84931f5 from peer bb2c63b1e9fa4dc3aa89afac6501f1ff at {username='jenkins'} at 127.5.240.195:60127: session id = bb2c63b1e9fa4dc3aa89afac6501f1ff-88835abd0ea34ff7acd90bb2c84931f5
I0703 01:40:00.128886 10976 tablet_copy_source_session.cc:202] T 88835abd0ea34ff7acd90bb2c84931f5 P 20e529e97c57431bb03e326238d1bf8a: Tablet Copy: opened 0 blocks and 1 log segments
I0703 01:40:00.131310 11525 data_dirs.cc:934] Could only allocate 1 dirs of requested 3 for tablet 88835abd0ea34ff7acd90bb2c84931f5. 1 dirs total, 0 dirs full, 0 dirs failed
I0703 01:40:00.140682 11525 ts_tablet_manager.cc:1173] T 88835abd0ea34ff7acd90bb2c84931f5 P bb2c63b1e9fa4dc3aa89afac6501f1ff: Registered tablet (data state: TABLET_DATA_COPYING)
I0703 01:40:00.140944 11525 tablet_copy_client.cc:566] T 88835abd0ea34ff7acd90bb2c84931f5 P bb2c63b1e9fa4dc3aa89afac6501f1ff: tablet copy: Starting download of 0 data blocks...
I0703 01:40:00.141182 11525 tablet_copy_client.cc:529] T 88835abd0ea34ff7acd90bb2c84931f5 P bb2c63b1e9fa4dc3aa89afac6501f1ff: tablet copy: Starting download of 1 WAL segments...
