I0703 01:40:12.918879 6083 external_mini_cluster.cc:856] Started /data/somelongdirectorytoavoidrpathissues/src/kudu/build/asan/bin/kudu-tserver as pid 12987
I0703 01:40:12.920481 12987 tablet_server_main.cc:93] Tablet server successfully started.
I0703 01:40:12.928897 12740 heartbeater.cc:467] Master 127.5.240.254:33510 was elected leader, sending a full tablet report...
I0703 01:40:12.933689 13106 heartbeater.cc:346] Connected to a master server at 127.5.240.254:33510
I0703 01:40:12.933849 13106 heartbeater.cc:426] Registering TS with master...
I0703 01:40:12.934736 13106 heartbeater.cc:475] Master 127.5.240.254:33510 requested a full tablet report, sending...
I0703 01:40:12.935770 12453 ts_manager.cc:98] Registered new tserver with Master: bd5b113b657d4bdab1691cfc27ee69b5 (127.5.240.197:58456)
I0703 01:40:12.936614 12453 master_service.cc:249] Signed X509 certificate for tserver {username='jenkins'} at 127.5.240.197:36561
I0703 01:40:12.937573 6083 external_mini_cluster.cc:490] 5 TS(s) registered with all masters
I0703 01:40:12.948199 12454 catalog_manager.cc:1339] Servicing CreateTable request from {username='jenkins'} at 127.5.240.254:50521: name: "TestTable" schema { columns { name: "key" type: INT32 is_key: true is_nullable: false encoding: AUTO_ENCODING compression: DEFAULT_COMPRESSION cfile_block_size: 0 } columns { name: "int_val" type: INT32 is_key: false is_nullable: false encoding: AUTO_ENCODING compression: DEFAULT_COMPRESSION cfile_block_size: 0 } columns { name: "string_val" type: STRING is_key: false is_nullable: true encoding: AUTO_ENCODING compression: DEFAULT_COMPRESSION cfile_block_size: 0 } } num_replicas: 3 split_rows_range_bounds { } partition_schema { range_schema { columns { name: "key" } } }
I0703 01:40:12.980975 12554 tablet_service.cc:759] Processing CreateTablet for tablet 5ce2098a78134ca29646d1cec9ed7c61 (table=TestTable [id=f04bc5a48b834b74b717ad68380b6f1c]), partition=RANGE (key) PARTITION UNBOUNDED
I0703 01:40:12.981854 12554 data_dirs.cc:934] Could only allocate 1 dirs of requested 3 for tablet 5ce2098a78134ca29646d1cec9ed7c61. 1 dirs total, 0 dirs full, 0 dirs failed
I0703 01:40:12.986217 13043 tablet_service.cc:759] Processing CreateTablet for tablet 5ce2098a78134ca29646d1cec9ed7c61 (table=TestTable [id=f04bc5a48b834b74b717ad68380b6f1c]), partition=RANGE (key) PARTITION UNBOUNDED
I0703 01:40:12.986992 13043 data_dirs.cc:934] Could only allocate 1 dirs of requested 3 for tablet 5ce2098a78134ca29646d1cec9ed7c61. 1 dirs total, 0 dirs full, 0 dirs failed
I0703 01:40:12.987798 12677 tablet_service.cc:759] Processing CreateTablet for tablet 5ce2098a78134ca29646d1cec9ed7c61 (table=TestTable [id=f04bc5a48b834b74b717ad68380b6f1c]), partition=RANGE (key) PARTITION UNBOUNDED
I0703 01:40:12.988513 12677 data_dirs.cc:934] Could only allocate 1 dirs of requested 3 for tablet 5ce2098a78134ca29646d1cec9ed7c61. 1 dirs total, 0 dirs full, 0 dirs failed
I0703 01:40:12.996537 13043 ts_tablet_manager.cc:1173] T 5ce2098a78134ca29646d1cec9ed7c61 P bd5b113b657d4bdab1691cfc27ee69b5: Registered tablet (data state: TABLET_DATA_READY)
I0703 01:40:12.997761 12554 ts_tablet_manager.cc:1173] T 5ce2098a78134ca29646d1cec9ed7c61 P 654e91af3cb64033a64c989ab937d69e: Registered tablet (data state: TABLET_DATA_READY)
I0703 01:40:12.998565 13127 ts_tablet_manager.cc:1028] T 5ce2098a78134ca29646d1cec9ed7c61 P 654e91af3cb64033a64c989ab937d69e: Bootstrapping tablet
I0703 01:40:12.999569 13127 tablet_bootstrap.cc:427] T 5ce2098a78134ca29646d1cec9ed7c61 P 654e91af3cb64033a64c989ab937d69e: Bootstrap starting.
I0703 01:40:13.000111 13126 ts_tablet_manager.cc:1028] T 5ce2098a78134ca29646d1cec9ed7c61 P bd5b113b657d4bdab1691cfc27ee69b5: Bootstrapping tablet
I0703 01:40:13.000476 13126 tablet_bootstrap.cc:427] T 5ce2098a78134ca29646d1cec9ed7c61 P bd5b113b657d4bdab1691cfc27ee69b5: Bootstrap starting.
I0703 01:40:13.001790 12677 ts_tablet_manager.cc:1173] T 5ce2098a78134ca29646d1cec9ed7c61 P 29af252f1f394c1a8da721d528c7e0d5: Registered tablet (data state: TABLET_DATA_READY)
I0703 01:40:13.002142 13127 tablet_bootstrap.cc:578] T 5ce2098a78134ca29646d1cec9ed7c61 P 654e91af3cb64033a64c989ab937d69e: No blocks or log segments found. Creating new log.
I0703 01:40:13.002794 13128 ts_tablet_manager.cc:1028] T 5ce2098a78134ca29646d1cec9ed7c61 P 29af252f1f394c1a8da721d528c7e0d5: Bootstrapping tablet
I0703 01:40:13.003126 13128 tablet_bootstrap.cc:427] T 5ce2098a78134ca29646d1cec9ed7c61 P 29af252f1f394c1a8da721d528c7e0d5: Bootstrap starting.
I0703 01:40:13.003295 13127 log.cc:525] T 5ce2098a78134ca29646d1cec9ed7c61 P 654e91af3cb64033a64c989ab937d69e: Log is configured to *not* fsync() on all Append() calls
I0703 01:40:13.003598 13126 tablet_bootstrap.cc:578] T 5ce2098a78134ca29646d1cec9ed7c61 P bd5b113b657d4bdab1691cfc27ee69b5: No blocks or log segments found. Creating new log.
I0703 01:40:13.004467 13126 log.cc:525] T 5ce2098a78134ca29646d1cec9ed7c61 P bd5b113b657d4bdab1691cfc27ee69b5: Log is configured to *not* fsync() on all Append() calls
I0703 01:40:13.005525 13128 tablet_bootstrap.cc:578] T 5ce2098a78134ca29646d1cec9ed7c61 P 29af252f1f394c1a8da721d528c7e0d5: No blocks or log segments found. Creating new log.
I0703 01:40:13.005707 13127 tablet_bootstrap.cc:427] T 5ce2098a78134ca29646d1cec9ed7c61 P 654e91af3cb64033a64c989ab937d69e: No bootstrap required, opened a new log
I0703 01:40:13.005952 13127 ts_tablet_manager.cc:1045] T 5ce2098a78134ca29646d1cec9ed7c61 P 654e91af3cb64033a64c989ab937d69e: Time spent bootstrapping tablet: real 0.007s user 0.002s sys 0.003s
I0703 01:40:13.006006 13126 tablet_bootstrap.cc:427] T 5ce2098a78134ca29646d1cec9ed7c61 P bd5b113b657d4bdab1691cfc27ee69b5: No bootstrap required, opened a new log
I0703 01:40:13.006162 13126 ts_tablet_manager.cc:1045] T 5ce2098a78134ca29646d1cec9ed7c61 P bd5b113b657d4bdab1691cfc27ee69b5: Time spent bootstrapping tablet: real 0.006s user 0.003s sys 0.001s
I0703 01:40:13.006471 13128 log.cc:525] T 5ce2098a78134ca29646d1cec9ed7c61 P 29af252f1f394c1a8da721d528c7e0d5: Log is configured to *not* fsync() on all Append() calls
I0703 01:40:13.008718 13128 tablet_bootstrap.cc:427] T 5ce2098a78134ca29646d1cec9ed7c61 P 29af252f1f394c1a8da721d528c7e0d5: No bootstrap required, opened a new log
I0703 01:40:13.008942 13128 ts_tablet_manager.cc:1045] T 5ce2098a78134ca29646d1cec9ed7c61 P 29af252f1f394c1a8da721d528c7e0d5: Time spent bootstrapping tablet: real 0.006s user 0.001s sys 0.004s
I0703 01:40:13.012326 13126 raft_consensus.cc:325] T 5ce2098a78134ca29646d1cec9ed7c61 P bd5b113b657d4bdab1691cfc27ee69b5 [term 0 FOLLOWER]: Replica starting. Triggering 0 pending transactions. Active config: opid_index: -1 OBSOLETE_local: false peers { permanent_uuid: "bd5b113b657d4bdab1691cfc27ee69b5" member_type: VOTER last_known_addr { host: "127.5.240.197" port: 58456 } } peers { permanent_uuid: "654e91af3cb64033a64c989ab937d69e" member_type: VOTER last_known_addr { host: "127.5.240.193" port: 52067 } } peers { permanent_uuid: "29af252f1f394c1a8da721d528c7e0d5" member_type: VOTER last_known_addr { host: "127.5.240.194" port: 56471 } }
I0703 01:40:13.012647 13126 raft_consensus.cc:351] T 5ce2098a78134ca29646d1cec9ed7c61 P bd5b113b657d4bdab1691cfc27ee69b5 [term 0 FOLLOWER]: Consensus starting up: Expiring failure detector timer to make a prompt election more likely
I0703 01:40:13.012720 13126 raft_consensus.cc:628] T 5ce2098a78134ca29646d1cec9ed7c61 P bd5b113b657d4bdab1691cfc27ee69b5 [term 0 FOLLOWER]: Becoming Follower/Learner. State: Replica: bd5b113b657d4bdab1691cfc27ee69b5, State: Initialized, Role: FOLLOWER
I0703 01:40:13.013195 13126 consensus_queue.cc:227] T 5ce2098a78134ca29646d1cec9ed7c61 P bd5b113b657d4bdab1691cfc27ee69b5 [NON_LEADER]: Queue going to NON_LEADER mode. State: All replicated index: 0, Majority replicated index: 0, Committed index: 0, Last appended: 0.0, Last appended by leader: 0, Current term: 0, Majority size: -1, State: 0, Mode: NON_LEADER, active raft config: opid_index: -1 OBSOLETE_local: false peers { permanent_uuid: "bd5b113b657d4bdab1691cfc27ee69b5" member_type: VOTER last_known_addr { host: "127.5.240.197" port: 58456 } } peers { permanent_uuid: "654e91af3cb64033a64c989ab937d69e" member_type: VOTER last_known_addr { host: "127.5.240.193" port: 52067 } } peers { permanent_uuid: "29af252f1f394c1a8da721d528c7e0d5" member_type: VOTER last_known_addr { host: "127.5.240.194" port: 56471 } }
I0703 01:40:13.014591 13106 heartbeater.cc:467] Master 127.5.240.254:33510 was elected leader, sending a full tablet report...
I0703 01:40:13.015413 13126 ts_tablet_manager.cc:1073] T 5ce2098a78134ca29646d1cec9ed7c61 P bd5b113b657d4bdab1691cfc27ee69b5: Time spent starting tablet: real 0.009s user 0.008s sys 0.002s
I0703 01:40:13.015295 13127 raft_consensus.cc:325] T 5ce2098a78134ca29646d1cec9ed7c61 P 654e91af3cb64033a64c989ab937d69e [term 0 FOLLOWER]: Replica starting. Triggering 0 pending transactions. Active config: opid_index: -1 OBSOLETE_local: false peers { permanent_uuid: "bd5b113b657d4bdab1691cfc27ee69b5" member_type: VOTER last_known_addr { host: "127.5.240.197" port: 58456 } } peers { permanent_uuid: "654e91af3cb64033a64c989ab937d69e" member_type: VOTER last_known_addr { host: "127.5.240.193" port: 52067 } } peers { permanent_uuid: "29af252f1f394c1a8da721d528c7e0d5" member_type: VOTER last_known_addr { host: "127.5.240.194" port: 56471 } }
I0703 01:40:13.015704 13127 raft_consensus.cc:351] T 5ce2098a78134ca29646d1cec9ed7c61 P 654e91af3cb64033a64c989ab937d69e [term 0 FOLLOWER]: Consensus starting up: Expiring failure detector timer to make a prompt election more likely
I0703 01:40:13.015775 13127 raft_consensus.cc:628] T 5ce2098a78134ca29646d1cec9ed7c61 P 654e91af3cb64033a64c989ab937d69e [term 0 FOLLOWER]: Becoming Follower/Learner. State: Replica: 654e91af3cb64033a64c989ab937d69e, State: Initialized, Role: FOLLOWER
I0703 01:40:13.016222 13127 consensus_queue.cc:227] T 5ce2098a78134ca29646d1cec9ed7c61 P 654e91af3cb64033a64c989ab937d69e [NON_LEADER]: Queue going to NON_LEADER mode. State: All replicated index: 0, Majority replicated index: 0, Committed index: 0, Last appended: 0.0, Last appended by leader: 0, Current term: 0, Majority size: -1, State: 0, Mode: NON_LEADER, active raft config: opid_index: -1 OBSOLETE_local: false peers { permanent_uuid: "bd5b113b657d4bdab1691cfc27ee69b5" member_type: VOTER last_known_addr { host: "127.5.240.197" port: 58456 } } peers { permanent_uuid: "654e91af3cb64033a64c989ab937d69e" member_type: VOTER last_known_addr { host: "127.5.240.193" port: 52067 } } peers { permanent_uuid: "29af252f1f394c1a8da721d528c7e0d5" member_type: VOTER last_known_addr { host: "127.5.240.194" port: 56471 } }
I0703 01:40:13.017693 13128 raft_consensus.cc:325] T 5ce2098a78134ca29646d1cec9ed7c61 P 29af252f1f394c1a8da721d528c7e0d5 [term 0 FOLLOWER]: Replica starting. Triggering 0 pending transactions. Active config: opid_index: -1 OBSOLETE_local: false peers { permanent_uuid: "bd5b113b657d4bdab1691cfc27ee69b5" member_type: VOTER last_known_addr { host: "127.5.240.197" port: 58456 } } peers { permanent_uuid: "654e91af3cb64033a64c989ab937d69e" member_type: VOTER last_known_addr { host: "127.5.240.193" port: 52067 } } peers { permanent_uuid: "29af252f1f394c1a8da721d528c7e0d5" member_type: VOTER last_known_addr { host: "127.5.240.194" port: 56471 } }
I0703 01:40:13.018064 13128 raft_consensus.cc:351] T 5ce2098a78134ca29646d1cec9ed7c61 P 29af252f1f394c1a8da721d528c7e0d5 [term 0 FOLLOWER]: Consensus starting up: Expiring failure detector timer to make a prompt election more likely
I0703 01:40:13.018213 13128 raft_consensus.cc:628] T 5ce2098a78134ca29646d1cec9ed7c61 P 29af252f1f394c1a8da721d528c7e0d5 [term 0 FOLLOWER]: Becoming Follower/Learner. State: Replica: 29af252f1f394c1a8da721d528c7e0d5, State: Initialized, Role: FOLLOWER
I0703 01:40:13.018702 13128 consensus_queue.cc:227] T 5ce2098a78134ca29646d1cec9ed7c61 P 29af252f1f394c1a8da721d528c7e0d5 [NON_LEADER]: Queue going to NON_LEADER mode. State: All replicated index: 0, Majority replicated index: 0, Committed index: 0, Last appended: 0.0, Last appended by leader: 0, Current term: 0, Majority size: -1, State: 0, Mode: NON_LEADER, active raft config: opid_index: -1 OBSOLETE_local: false peers { permanent_uuid: "bd5b113b657d4bdab1691cfc27ee69b5" member_type: VOTER last_known_addr { host: "127.5.240.197" port: 58456 } } peers { permanent_uuid: "654e91af3cb64033a64c989ab937d69e" member_type: VOTER last_known_addr { host: "127.5.240.193" port: 52067 } } peers { permanent_uuid: "29af252f1f394c1a8da721d528c7e0d5" member_type: VOTER last_known_addr { host: "127.5.240.194" port: 56471 } }
I0703 01:40:13.019889 13127 ts_tablet_manager.cc:1073] T 5ce2098a78134ca29646d1cec9ed7c61 P 654e91af3cb64033a64c989ab937d69e: Time spent starting tablet: real 0.014s user 0.007s sys 0.005s
I0703 01:40:13.021153 13128 ts_tablet_manager.cc:1073] T 5ce2098a78134ca29646d1cec9ed7c61 P 29af252f1f394c1a8da721d528c7e0d5: Time spent starting tablet: real 0.012s user 0.009s sys 0.003s
I0703 01:40:13.026798 13133 raft_consensus.cc:457] T 5ce2098a78134ca29646d1cec9ed7c61 P 654e91af3cb64033a64c989ab937d69e [term 0 FOLLOWER]: Starting pre-election (no leader contacted us within the election timeout)
I0703 01:40:13.026891 13133 raft_consensus.cc:2730] T 5ce2098a78134ca29646d1cec9ed7c61 P 654e91af3cb64033a64c989ab937d69e: Snoozing failure detection for 1.534s (starting election)
I0703 01:40:13.026978 13133 raft_consensus.cc:479] T 5ce2098a78134ca29646d1cec9ed7c61 P 654e91af3cb64033a64c989ab937d69e [term 0 FOLLOWER]: Starting pre-election with config: opid_index: -1 OBSOLETE_local: false peers { permanent_uuid: "bd5b113b657d4bdab1691cfc27ee69b5" member_type: VOTER last_known_addr { host: "127.5.240.197" port: 58456 } } peers { permanent_uuid: "654e91af3cb64033a64c989ab937d69e" member_type: VOTER last_known_addr { host: "127.5.240.193" port: 52067 } } peers { permanent_uuid: "29af252f1f394c1a8da721d528c7e0d5" member_type: VOTER last_known_addr { host: "127.5.240.194" port: 56471 } }
I0703 01:40:13.028069 13133 leader_election.cc:243] T 5ce2098a78134ca29646d1cec9ed7c61 P 654e91af3cb64033a64c989ab937d69e [CANDIDATE]: Term 1 pre-election: Requesting pre-vote from peer bd5b113b657d4bdab1691cfc27ee69b5 (127.5.240.197:58456)
I0703 01:40:13.028385 13133 leader_election.cc:243] T 5ce2098a78134ca29646d1cec9ed7c61 P 654e91af3cb64033a64c989ab937d69e [CANDIDATE]: Term 1 pre-election: Requesting pre-vote from peer 29af252f1f394c1a8da721d528c7e0d5 (127.5.240.194:56471)
I0703 01:40:13.039429 13063 tablet_service.cc:995] Received RequestConsensusVote() RPC: tablet_id: "5ce2098a78134ca29646d1cec9ed7c61" candidate_uuid: "654e91af3cb64033a64c989ab937d69e" candidate_term: 1 candidate_status { last_received { term: 0 index: 0 } } ignore_live_leader: false dest_uuid: "bd5b113b657d4bdab1691cfc27ee69b5" is_pre_election: true
I0703 01:40:13.039427 12697 tablet_service.cc:995] Received RequestConsensusVote() RPC: tablet_id: "5ce2098a78134ca29646d1cec9ed7c61" candidate_uuid: "654e91af3cb64033a64c989ab937d69e" candidate_term: 1 candidate_status { last_received { term: 0 index: 0 } } ignore_live_leader: false dest_uuid: "29af252f1f394c1a8da721d528c7e0d5" is_pre_election: true
I0703 01:40:13.040076 12697 raft_consensus.cc:2730] T 5ce2098a78134ca29646d1cec9ed7c61 P 29af252f1f394c1a8da721d528c7e0d5: Snoozing failure detection for 2.182s (vote granted)
I0703 01:40:13.040099 13063 raft_consensus.cc:2730] T 5ce2098a78134ca29646d1cec9ed7c61 P bd5b113b657d4bdab1691cfc27ee69b5: Snoozing failure detection for 2.105s (vote granted)
I0703 01:40:13.040163 12697 raft_consensus.cc:2243] T 5ce2098a78134ca29646d1cec9ed7c61 P 29af252f1f394c1a8da721d528c7e0d5 [term 0 FOLLOWER]: Leader pre-election vote request: Granting yes vote for candidate 654e91af3cb64033a64c989ab937d69e in term 0.
I0703 01:40:13.040186 13063 raft_consensus.cc:2243] T 5ce2098a78134ca29646d1cec9ed7c61 P bd5b113b657d4bdab1691cfc27ee69b5 [term 0 FOLLOWER]: Leader pre-election vote request: Granting yes vote for candidate 654e91af3cb64033a64c989ab937d69e in term 0.
I0703 01:40:13.040786 12505 leader_election.cc:379] T 5ce2098a78134ca29646d1cec9ed7c61 P 654e91af3cb64033a64c989ab937d69e [CANDIDATE]: Term 1 pre-election: Vote granted by peer 29af252f1f394c1a8da721d528c7e0d5 (127.5.240.194:56471)
I0703 01:40:13.040892 12505 leader_election.cc:270] T 5ce2098a78134ca29646d1cec9ed7c61 P 654e91af3cb64033a64c989ab937d69e [CANDIDATE]: Term 1 pre-election: Election decided. Result: candidate won.
I0703 01:40:13.041098 12506 leader_election.cc:379] T 5ce2098a78134ca29646d1cec9ed7c61 P 654e91af3cb64033a64c989ab937d69e [CANDIDATE]: Term 1 pre-election: Vote granted by peer bd5b113b657d4bdab1691cfc27ee69b5 (127.5.240.197:58456)
I0703 01:40:13.041254 13133 raft_consensus.cc:2730] T 5ce2098a78134ca29646d1cec9ed7c61 P 654e91af3cb64033a64c989ab937d69e: Snoozing failure detection for 1.638s (election complete)
I0703 01:40:13.041353 13133 raft_consensus.cc:2537] T 5ce2098a78134ca29646d1cec9ed7c61 P 654e91af3cb64033a64c989ab937d69e [term 0 FOLLOWER]: Leader pre-election won for term 1
I0703 01:40:13.041414 13133 raft_consensus.cc:457] T 5ce2098a78134ca29646d1cec9ed7c61 P 654e91af3cb64033a64c989ab937d69e [term 0 FOLLOWER]: Starting leader election (no leader contacted us within the election timeout)
I0703 01:40:13.041469 13133 raft_consensus.cc:2730] T 5ce2098a78134ca29646d1cec9ed7c61 P 654e91af3cb64033a64c989ab937d69e: Snoozing failure detection for 2.138s (starting election)
I0703 01:40:13.041525 13133 raft_consensus.cc:2782] T 5ce2098a78134ca29646d1cec9ed7c61 P 654e91af3cb64033a64c989ab937d69e [term 0 FOLLOWER]: Advancing to term 1
I0703 01:40:13.042999 13133 raft_consensus.cc:479] T 5ce2098a78134ca29646d1cec9ed7c61 P 654e91af3cb64033a64c989ab937d69e [term 1 FOLLOWER]: Starting leader election with config: opid_index: -1 OBSOLETE_local: false peers { permanent_uuid: "bd5b113b657d4bdab1691cfc27ee69b5" member_type: VOTER last_known_addr { host: "127.5.240.197" port: 58456 } } peers { permanent_uuid: "654e91af3cb64033a64c989ab937d69e" member_type: VOTER last_known_addr { host: "127.5.240.193" port: 52067 } } peers { permanent_uuid: "29af252f1f394c1a8da721d528c7e0d5" member_type: VOTER last_known_addr { host: "127.5.240.194" port: 56471 } }
I0703 01:40:13.043373 13133 leader_election.cc:243] T 5ce2098a78134ca29646d1cec9ed7c61 P 654e91af3cb64033a64c989ab937d69e [CANDIDATE]: Term 1 election: Requesting vote from peer bd5b113b657d4bdab1691cfc27ee69b5 (127.5.240.197:58456)
I0703 01:40:13.043530 13133 leader_election.cc:243] T 5ce2098a78134ca29646d1cec9ed7c61 P 654e91af3cb64033a64c989ab937d69e [CANDIDATE]: Term 1 election: Requesting vote from peer 29af252f1f394c1a8da721d528c7e0d5 (127.5.240.194:56471)
I0703 01:40:13.044015 13063 tablet_service.cc:995] Received RequestConsensusVote() RPC: tablet_id: "5ce2098a78134ca29646d1cec9ed7c61" candidate_uuid: "654e91af3cb64033a64c989ab937d69e" candidate_term: 1 candidate_status { last_received { term: 0 index: 0 } } ignore_live_leader: false dest_uuid: "bd5b113b657d4bdab1691cfc27ee69b5"
I0703 01:40:13.044128 13063 raft_consensus.cc:2782] T 5ce2098a78134ca29646d1cec9ed7c61 P bd5b113b657d4bdab1691cfc27ee69b5 [term 0 FOLLOWER]: Advancing to term 1
I0703 01:40:13.044149 12697 tablet_service.cc:995] Received RequestConsensusVote() RPC: tablet_id: "5ce2098a78134ca29646d1cec9ed7c61" candidate_uuid: "654e91af3cb64033a64c989ab937d69e" candidate_term: 1 candidate_status { last_received { term: 0 index: 0 } } ignore_live_leader: false dest_uuid: "29af252f1f394c1a8da721d528c7e0d5"
I0703 01:40:13.044219 13063 raft_consensus.cc:2730] T 5ce2098a78134ca29646d1cec9ed7c61 P bd5b113b657d4bdab1691cfc27ee69b5: Snoozing failure detection for 2.204s (vote granted)
I0703 01:40:13.044256 12697 raft_consensus.cc:2782] T 5ce2098a78134ca29646d1cec9ed7c61 P 29af252f1f394c1a8da721d528c7e0d5 [term 0 FOLLOWER]: Advancing to term 1
I0703 01:40:13.044337 12697 raft_consensus.cc:2730] T 5ce2098a78134ca29646d1cec9ed7c61 P 29af252f1f394c1a8da721d528c7e0d5: Snoozing failure detection for 1.763s (vote granted)
I0703 01:40:13.045555 13063 raft_consensus.cc:2243] T 5ce2098a78134ca29646d1cec9ed7c61 P bd5b113b657d4bdab1691cfc27ee69b5 [term 1 FOLLOWER]: Leader election vote request: Granting yes vote for candidate 654e91af3cb64033a64c989ab937d69e in term 1.
I0703 01:40:13.045696 12697 raft_consensus.cc:2243] T 5ce2098a78134ca29646d1cec9ed7c61 P 29af252f1f394c1a8da721d528c7e0d5 [term 1 FOLLOWER]: Leader election vote request: Granting yes vote for candidate 654e91af3cb64033a64c989ab937d69e in term 1.
I0703 01:40:13.046043 12506 leader_election.cc:379] T 5ce2098a78134ca29646d1cec9ed7c61 P 654e91af3cb64033a64c989ab937d69e [CANDIDATE]: Term 1 election: Vote granted by peer bd5b113b657d4bdab1691cfc27ee69b5 (127.5.240.197:58456)
I0703 01:40:13.046126 12506 leader_election.cc:270] T 5ce2098a78134ca29646d1cec9ed7c61 P 654e91af3cb64033a64c989ab937d69e [CANDIDATE]: Term 1 election: Election decided. Result: candidate won.
I0703 01:40:13.046234 12505 leader_election.cc:379] T 5ce2098a78134ca29646d1cec9ed7c61 P 654e91af3cb64033a64c989ab937d69e [CANDIDATE]: Term 1 election: Vote granted by peer 29af252f1f394c1a8da721d528c7e0d5 (127.5.240.194:56471)
I0703 01:40:13.046325 13133 raft_consensus.cc:2730] T 5ce2098a78134ca29646d1cec9ed7c61 P 654e91af3cb64033a64c989ab937d69e: Snoozing failure detection for 2.197s (election complete)
I0703 01:40:13.046411 13133 raft_consensus.cc:2537] T 5ce2098a78134ca29646d1cec9ed7c61 P 654e91af3cb64033a64c989ab937d69e [term 1 FOLLOWER]: Leader election won for term 1
I0703 01:40:13.047699 13133 raft_consensus.cc:593] T 5ce2098a78134ca29646d1cec9ed7c61 P 654e91af3cb64033a64c989ab937d69e [term 1 LEADER]: Becoming Leader. State: Replica: 654e91af3cb64033a64c989ab937d69e, State: Running, Role: LEADER
I0703 01:40:13.048058 13133 consensus_queue.cc:204] T 5ce2098a78134ca29646d1cec9ed7c61 P 654e91af3cb64033a64c989ab937d69e [LEADER]: Queue going to LEADER mode. State: All replicated index: 0, Majority replicated index: 0, Committed index: 0, Last appended: 0.0, Last appended by leader: 0, Current term: 1, Majority size: 2, State: 0, Mode: LEADER, active raft config: opid_index: -1 OBSOLETE_local: false peers { permanent_uuid: "bd5b113b657d4bdab1691cfc27ee69b5" member_type: VOTER last_known_addr { host: "127.5.240.197" port: 58456 } } peers { permanent_uuid: "654e91af3cb64033a64c989ab937d69e" member_type: VOTER last_known_addr { host: "127.5.240.193" port: 52067 } } peers { permanent_uuid: "29af252f1f394c1a8da721d528c7e0d5" member_type: VOTER last_known_addr { host: "127.5.240.194" port: 56471 } }
I0703 01:40:13.051986 12453 catalog_manager.cc:3798] T 5ce2098a78134ca29646d1cec9ed7c61 P 654e91af3cb64033a64c989ab937d69e reported cstate change: term changed from 0 to 1, leader changed from to 654e91af3cb64033a64c989ab937d69e (127.5.240.193). New cstate: current_term: 1 leader_uuid: "654e91af3cb64033a64c989ab937d69e" committed_config { opid_index: -1 OBSOLETE_local: false peers { permanent_uuid: "bd5b113b657d4bdab1691cfc27ee69b5" member_type: VOTER last_known_addr { host: "127.5.240.197" port: 58456 } health_report { overall_health: UNKNOWN } } peers { permanent_uuid: "654e91af3cb64033a64c989ab937d69e" member_type: VOTER last_known_addr { host: "127.5.240.193" port: 52067 } health_report { overall_health: HEALTHY } } peers { permanent_uuid: "29af252f1f394c1a8da721d528c7e0d5" member_type: VOTER last_known_addr { host: "127.5.240.194" port: 56471 } health_report { overall_health: UNKNOWN } } }
W0703 01:40:13.068347 12618 tablet.cc:1678] T 5ce2098a78134ca29646d1cec9ed7c61 P 654e91af3cb64033a64c989ab937d69e: Can't schedule compaction. Clean time has not been advanced past its initial value.
I0703 01:40:13.074968 6083 external_mini_cluster.cc:490] 5 TS(s) registered with all masters
I0703 01:40:13.076082 6083 ts_itest-base.cc:233] Waiting for 1 tablets on tserver 654e91af3cb64033a64c989ab937d69e to finish bootstrapping
I0703 01:40:13.081158 6083 ts_itest-base.cc:233] Waiting for 1 tablets on tserver 29af252f1f394c1a8da721d528c7e0d5 to finish bootstrapping
I0703 01:40:13.086302 6083 ts_itest-base.cc:233] Waiting for 0 tablets on tserver e024b7ef889942f3b5c09f699d28f932 to finish bootstrapping
I0703 01:40:13.092321 6083 ts_itest-base.cc:233] Waiting for 0 tablets on tserver 4610b121814a4c109a1458de7333ab01 to finish bootstrapping
I0703 01:40:13.098127 6083 ts_itest-base.cc:233] Waiting for 1 tablets on tserver bd5b113b657d4bdab1691cfc27ee69b5 to finish bootstrapping
I0703 01:40:13.102640 6083 kudu-admin-test.cc:948] Waiting for Master to see the current replicas...
I0703 01:40:13.103667 6083 kudu-admin-test.cc:955] Tablet locations: tablet_id: "5ce2098a78134ca29646d1cec9ed7c61" replicas { ts_info { permanent_uuid: "bd5b113b657d4bdab1691cfc27ee69b5" rpc_addresses { host: "127.5.240.197" port: 58456 } } role: FOLLOWER } replicas { ts_info { permanent_uuid: "654e91af3cb64033a64c989ab937d69e" rpc_addresses { host: "127.5.240.193" port: 52067 } } role: LEADER } replicas { ts_info { permanent_uuid: "29af252f1f394c1a8da721d528c7e0d5" rpc_addresses { host: "127.5.240.194" port: 56471 } } role: FOLLOWER } DEPRECATED_stale: false partition { partition_key_start: "" partition_key_end: "" }
W0703 01:40:13.161749 12741 tablet.cc:1678] T 5ce2098a78134ca29646d1cec9ed7c61 P 29af252f1f394c1a8da721d528c7e0d5: Can't schedule compaction. Clean time has not been advanced past its initial value.
W0703 01:40:13.173478 13107 tablet.cc:1678] T 5ce2098a78134ca29646d1cec9ed7c61 P bd5b113b657d4bdab1691cfc27ee69b5: Can't schedule compaction. Clean time has not been advanced past its initial value.
I0703 01:40:13.269114 12862 heartbeater.cc:467] Master 127.5.240.254:33510 was elected leader, sending a full tablet report...
I0703 01:40:13.557934 13063 raft_consensus.cc:1081] T 5ce2098a78134ca29646d1cec9ed7c61 P bd5b113b657d4bdab1691cfc27ee69b5 [term 1 FOLLOWER]: Refusing update from remote peer 654e91af3cb64033a64c989ab937d69e: Log matching property violated. Preceding OpId in replica: term: 0 index: 0. Preceding OpId from leader: term: 1 index: 1. (index mismatch)
I0703 01:40:13.558670 13142 consensus_queue.cc:962] T 5ce2098a78134ca29646d1cec9ed7c61 P 654e91af3cb64033a64c989ab937d69e [LEADER]: Connected to new peer: Peer: permanent_uuid: "bd5b113b657d4bdab1691cfc27ee69b5" member_type: VOTER last_known_addr { host: "127.5.240.197" port: 58456 }, Status: LMP_MISMATCH, Last received: 0.0, Next index: 1, Last known committed idx: 0, Time since last communication: 0.000s
I0703 01:40:13.565235 12697 raft_consensus.cc:1081] T 5ce2098a78134ca29646d1cec9ed7c61 P 29af252f1f394c1a8da721d528c7e0d5 [term 1 FOLLOWER]: Refusing update from remote peer 654e91af3cb64033a64c989ab937d69e: Log matching property violated. Preceding OpId in replica: term: 0 index: 0. Preceding OpId from leader: term: 1 index: 1. (index mismatch)
I0703 01:40:13.566411 13146 consensus_queue.cc:962] T 5ce2098a78134ca29646d1cec9ed7c61 P 654e91af3cb64033a64c989ab937d69e [LEADER]: Connected to new peer: Peer: permanent_uuid: "29af252f1f394c1a8da721d528c7e0d5" member_type: VOTER last_known_addr { host: "127.5.240.194" port: 56471 }, Status: LMP_MISMATCH, Last received: 0.0, Next index: 1, Last known committed idx: 0, Time since last communication: 0.000s
I0703 01:40:13.575624 6083 external_mini_cluster.cc:1034] Attempting to check leaks for /data/somelongdirectorytoavoidrpathissues/src/kudu/build/asan/bin/kudu-tserver pid 12987
I0703 01:40:13.576205 13103 generic_service.cc:169] Checking for leaks (request via RPC)
I0703 01:40:13.605226 12984 heartbeater.cc:467] Master 127.5.240.254:33510 was elected leader, sending a full tablet report...
I0703 01:40:13.619865 6083 external_mini_cluster.cc:993] Killing /data/somelongdirectorytoavoidrpathissues/src/kudu/build/asan/bin/kudu-tserver with pid 12987
W0703 01:40:13.627360 12437 connection.cc:512] server connection from 127.5.240.197:36561 recv error: Network error: failed to read from TLS socket (remote: 127.5.240.197:36561): Connection reset by peer (error 104)
W0703 01:40:13.627346 12506 connection.cc:512] client connection to 127.5.240.197:58456 recv error: Network error: failed to read from TLS socket (remote: 127.5.240.197:58456): Connection reset by peer (error 104)
I0703 01:40:13.627732 6083 external_mini_cluster.cc:1034] Attempting to check leaks for /data/somelongdirectorytoavoidrpathissues/src/kudu/build/asan/bin/kudu-tserver pid 12621
I0703 01:40:13.628515 12737 generic_service.cc:169] Checking for leaks (request via RPC)
I0703 01:40:13.671005 6083 external_mini_cluster.cc:993] Killing /data/somelongdirectorytoavoidrpathissues/src/kudu/build/asan/bin/kudu-tserver with pid 12621
W0703 01:40:13.679055 12436 connection.cc:512] server connection from 127.5.240.194:53770 recv error: Network error: failed to read from TLS socket (remote: 127.5.240.194:53770): Connection reset by peer (error 104)
W0703 01:40:13.679055 12505 connection.cc:512] client connection to 127.5.240.194:56471 recv error: Network error: failed to read from TLS socket (remote: 127.5.240.194:56471): Connection reset by peer (error 104)
I0703 01:40:13.680433 12574 consensus_peers.cc:455] T 5ce2098a78134ca29646d1cec9ed7c61 P 654e91af3cb64033a64c989ab937d69e -> Peer 29af252f1f394c1a8da721d528c7e0d5 (127.5.240.194:56471): Closing peer: 29af252f1f394c1a8da721d528c7e0d5
I0703 01:40:13.680503 12574 consensus_peers.cc:455] T 5ce2098a78134ca29646d1cec9ed7c61 P 654e91af3cb64033a64c989ab937d69e -> Peer bd5b113b657d4bdab1691cfc27ee69b5 (127.5.240.197:58456): Closing peer: bd5b113b657d4bdab1691cfc27ee69b5
I0703 01:40:13.680794 12574 consensus_queue.cc:204] T 5ce2098a78134ca29646d1cec9ed7c61 P 654e91af3cb64033a64c989ab937d69e [LEADER]: Queue going to LEADER mode. State: All replicated index: 0, Majority replicated index: 1, Committed index: 1, Last appended: 1.1, Last appended by leader: 0, Current term: 1, Majority size: 2, State: 0, Mode: LEADER, active raft config: opid_index: 2 OBSOLETE_local: false peers { permanent_uuid: "bd5b113b657d4bdab1691cfc27ee69b5" member_type: VOTER last_known_addr { host: "127.5.240.197" port: 58456 } } peers { permanent_uuid: "654e91af3cb64033a64c989ab937d69e" member_type: VOTER last_known_addr { host: "127.5.240.193" port: 52067 } }
W0703 01:40:13.682416 12506 consensus_peers.cc:433] T 5ce2098a78134ca29646d1cec9ed7c61 P 654e91af3cb64033a64c989ab937d69e -> Peer bd5b113b657d4bdab1691cfc27ee69b5 (127.5.240.197:58456): Couldn't send request to peer bd5b113b657d4bdab1691cfc27ee69b5 for tablet 5ce2098a78134ca29646d1cec9ed7c61. Status: Network error: Client connection negotiation failed: client connection to 127.5.240.197:58456: connect: Connection refused (error 111). Retrying in the next heartbeat period. Already tried 1 times.
W0703 01:40:14.283607 12506 consensus_peers.cc:433] T 5ce2098a78134ca29646d1cec9ed7c61 P 654e91af3cb64033a64c989ab937d69e -> Peer bd5b113b657d4bdab1691cfc27ee69b5 (127.5.240.197:58456): Couldn't send request to peer bd5b113b657d4bdab1691cfc27ee69b5 for tablet 5ce2098a78134ca29646d1cec9ed7c61. Status: Network error: Client connection negotiation failed: client connection to 127.5.240.197:58456: connect: Connection refused (error 111). Retrying in the next heartbeat period. Already tried 2 times.
W0703 01:40:14.730442 12506 consensus_peers.cc:433] T 5ce2098a78134ca29646d1cec9ed7c61 P 654e91af3cb64033a64c989ab937d69e -> Peer bd5b113b657d4bdab1691cfc27ee69b5 (127.5.240.197:58456): Couldn't send request to peer bd5b113b657d4bdab1691cfc27ee69b5 for tablet 5ce2098a78134ca29646d1cec9ed7c61. Status: Network error: Client connection negotiation failed: client connection to 127.5.240.197:58456: connect: Connection refused (error 111). Retrying in the next heartbeat period. Already tried 3 times.
W0703 01:40:15.169559 12506 consensus_peers.cc:433] T 5ce2098a78134ca29646d1cec9ed7c61 P 654e91af3cb64033a64c989ab937d69e -> Peer bd5b113b657d4bdab1691cfc27ee69b5 (127.5.240.197:58456): Couldn't send request to peer bd5b113b657d4bdab1691cfc27ee69b5 for tablet 5ce2098a78134ca29646d1cec9ed7c61. Status: Network error: Client connection negotiation failed: client connection to 127.5.240.197:58456: connect: Connection refused (error 111). Retrying in the next heartbeat period. Already tried 4 times.
I0703 01:40:15.681362 6083 kudu-admin-test.cc:976] Change Config Op timed out, Sending a Replace config command when change config op is pending on the leader.
W0703 01:40:15.787742 12506 consensus_peers.cc:433] T 5ce2098a78134ca29646d1cec9ed7c61 P 654e91af3cb64033a64c989ab937d69e -> Peer bd5b113b657d4bdab1691cfc27ee69b5 (127.5.240.197:58456): Couldn't send request to peer bd5b113b657d4bdab1691cfc27ee69b5 for tablet 5ce2098a78134ca29646d1cec9ed7c61. Status: Network error: Client connection negotiation failed: client connection to 127.5.240.197:58456: connect: Connection refused (error 111). Retrying in the next heartbeat period. Already tried 5 times.
W0703 01:40:15.892292 13154 flags.cc:406] Enabled unsafe flag: --never_fsync=true
I0703 01:40:15.941295 12574 tablet_service.cc:1077] Received UnsafeChangeConfig RPC: dest_uuid: "654e91af3cb64033a64c989ab937d69e" tablet_id: "5ce2098a78134ca29646d1cec9ed7c61" caller_id: "kudu-tools" new_config { peers { permanent_uuid: "654e91af3cb64033a64c989ab937d69e" } } from {username='jenkins'} at 127.5.240.193:52443
W0703 01:40:15.941515 12574 raft_consensus.cc:1918] T 5ce2098a78134ca29646d1cec9ed7c61 P 654e91af3cb64033a64c989ab937d69e [term 1 LEADER]: Replica has a pending config, but the new config will be unsafely changed anyway. Currently pending config on the node: opid_index: 2 OBSOLETE_local: false peers { permanent_uuid: "bd5b113b657d4bdab1691cfc27ee69b5" member_type: VOTER last_known_addr { host: "127.5.240.197" port: 58456 } } peers { permanent_uuid: "654e91af3cb64033a64c989ab937d69e" member_type: VOTER last_known_addr { host: "127.5.240.193" port: 52067 } }
W0703 01:40:15.941807 12574 raft_consensus.cc:2017] T 5ce2098a78134ca29646d1cec9ed7c61 P 654e91af3cb64033a64c989ab937d69e [term 1 LEADER]: PROCEEDING WITH UNSAFE CONFIG CHANGE ON THIS SERVER, COMMITTED CONFIG: opid_index: -1 OBSOLETE_local: false peers { permanent_uuid: "bd5b113b657d4bdab1691cfc27ee69b5" member_type: VOTER last_known_addr { host: "127.5.240.197" port: 58456 } } peers { permanent_uuid: "654e91af3cb64033a64c989ab937d69e" member_type: VOTER last_known_addr { host: "127.5.240.193" port: 52067 } } peers { permanent_uuid: "29af252f1f394c1a8da721d528c7e0d5" member_type: VOTER last_known_addr { host: "127.5.240.194" port: 56471 } }NEW CONFIG: opid_index: 3 OBSOLETE_local: false peers { permanent_uuid: "654e91af3cb64033a64c989ab937d69e" member_type: VOTER last_known_addr { host: "127.5.240.193" port: 52067 } } unsafe_config_change: true
I0703 01:40:15.942129 12574 raft_consensus.cc:2777] T 5ce2098a78134ca29646d1cec9ed7c61 P 654e91af3cb64033a64c989ab937d69e [term 1 LEADER]: Stepping down as leader of term 1
I0703 01:40:15.942169 12574 raft_consensus.cc:628] T 5ce2098a78134ca29646d1cec9ed7c61 P 654e91af3cb64033a64c989ab937d69e [term 1 LEADER]: Becoming Follower/Learner. State: Replica: 654e91af3cb64033a64c989ab937d69e, State: Running, Role: LEADER
I0703 01:40:15.942369 12574 consensus_queue.cc:227] T 5ce2098a78134ca29646d1cec9ed7c61 P 654e91af3cb64033a64c989ab937d69e [NON_LEADER]: Queue going to NON_LEADER mode. State: All replicated index: 0, Majority replicated index: 1, Committed index: 1, Last appended: 1.2, Last appended by leader: 2, Current term: 1, Majority size: -1, State: 0, Mode: NON_LEADER, active raft config: opid_index: 2 OBSOLETE_local: false peers { permanent_uuid: "bd5b113b657d4bdab1691cfc27ee69b5" member_type: VOTER last_known_addr { host: "127.5.240.197" port: 58456 } } peers { permanent_uuid: "654e91af3cb64033a64c989ab937d69e" member_type: VOTER last_known_addr { host: "127.5.240.193" port: 52067 } }
I0703 01:40:15.942483 12574 consensus_peers.cc:455] T 5ce2098a78134ca29646d1cec9ed7c61 P 654e91af3cb64033a64c989ab937d69e -> Peer bd5b113b657d4bdab1691cfc27ee69b5 (127.5.240.197:58456): Closing peer: bd5b113b657d4bdab1691cfc27ee69b5
I0703 01:40:15.942596 12574 raft_consensus.cc:2782] T 5ce2098a78134ca29646d1cec9ed7c61 P 654e91af3cb64033a64c989ab937d69e [term 1 FOLLOWER]: Advancing to term 2
I0703 01:40:15.944695 12574 raft_consensus.cc:2849] T 5ce2098a78134ca29646d1cec9ed7c61 P 654e91af3cb64033a64c989ab937d69e [term 2 FOLLOWER]: Allowing unsafe config change even though there is a pending config! Existing pending config: opid_index: 2 OBSOLETE_local: false peers { permanent_uuid: "bd5b113b657d4bdab1691cfc27ee69b5" member_type: VOTER last_known_addr { host: "127.5.240.197" port: 58456 } } peers { permanent_uuid: "654e91af3cb64033a64c989ab937d69e" member_type: VOTER last_known_addr { host: "127.5.240.193" port: 52067 } }; New pending config: opid_index: 3 OBSOLETE_local: false peers { permanent_uuid: "654e91af3cb64033a64c989ab937d69e" member_type: VOTER last_known_addr { host: "127.5.240.193" port: 52067 } } unsafe_config_change: true
W0703 01:40:15.989401 12614 generic_service.cc:126] {username='jenkins'} at 127.5.240.193:52435 forcing change of non-runtime-safe flag fault_crash_before_cmeta_flush
I0703 01:40:15.989506 12614 generic_service.cc:146] {username='jenkins'} at 127.5.240.193:52435 changed flags via RPC: fault_crash_before_cmeta_flush from '0' to '1.0'
I0703 01:40:15.990041 6083 external_mini_cluster.cc:1034] Attempting to check leaks for /data/somelongdirectorytoavoidrpathissues/src/kudu/build/asan/bin/kudu-master pid 12428
I0703 01:40:15.990703 12484 generic_service.cc:169] Checking for leaks (request via RPC)
I0703 01:40:16.054360 6083 external_mini_cluster.cc:993] Killing /data/somelongdirectorytoavoidrpathissues/src/kudu/build/asan/bin/kudu-master with pid 12428
W0703 01:40:16.067116 12507 connection.cc:512] client connection to 127.5.240.254:33510 recv error: Network error: failed to read from TLS socket (remote: 127.5.240.254:33510): Connection reset by peer (error 104)
W0703 01:40:16.067137 12752 connection.cc:512] client connection to 127.5.240.254:33510 recv error: Network error: failed to read from TLS socket (remote: 127.5.240.254:33510): Connection reset by peer (error 104)
W0703 01:40:16.067777 12874 connection.cc:512] client connection to 127.5.240.254:33510 recv error: Network error: failed to read from TLS socket (remote: 127.5.240.254:33510): Connection reset by peer (error 104)
I0703 01:40:16.068560 6083 external_mini_cluster.cc:794] Running /data/somelongdirectorytoavoidrpathissues/src/kudu/build/asan/bin/kudu-master /data/somelongdirectorytoavoidrpathissues/src/kudu/build/asan/bin/kudu-master --fs_wal_dir=/data/somelongdirectorytoavoidrpathissues/src/kudutest/kudu-admin-test.0.AdminCliTest.TestUnsafeChangeConfigWithPendingConfigsOnWAL.1530607157582131-6083/raft_consensus-itest-cluster/master-0/wal --fs_data_dirs=/data/somelongdirectorytoavoidrpathissues/src/kudutest/kudu-admin-test.0.AdminCliTest.TestUnsafeChangeConfigWithPendingConfigsOnWAL.1530607157582131-6083/raft_consensus-itest-cluster/master-0/data --block_manager=log --webserver_interface=localhost --ipki_ca_key_size=1024 --tsk_num_rsa_bits=512 --rpc_bind_addresses=127.5.240.254:33510 --webserver_interface=127.5.240.254 --webserver_port=48462 --never_fsync --ipki_server_key_size=1024 --enable_minidumps=false --redact=none --metrics_log_interval_ms=1000 --logtostderr --logbuflevel=-1 --log_dir=/data/somelongdirectorytoavoidrpathissues/src/kudutest/kudu-admin-test.0.AdminCliTest.TestUnsafeChangeConfigWithPendingConfigsOnWAL.1530607157582131-6083/raft_consensus-itest-cluster/master-0/logs --server_dump_info_path=/data/somelongdirectorytoavoidrpathissues/src/kudutest/kudu-admin-test.0.AdminCliTest.TestUnsafeChangeConfigWithPendingConfigsOnWAL.1530607157582131-6083/raft_consensus-itest-cluster/master-0/data/info.pb --server_dump_info_format=pb --rpc_server_allow_ephemeral_ports --unlock_experimental_flags --unlock_unsafe_flags --rpc_reuseport=true with env {} WARNING: Logging before InitGoogleLogging() is written to STDERR
W0703 01:40:16.249766 13172 flags.cc:406] Enabled unsafe flag: --rpc_server_allow_ephemeral_ports=true
W0703 01:40:16.249971 13172 flags.cc:406] Enabled unsafe flag: --never_fsync=true
W0703 01:40:16.252180 13172 flags.cc:406] Enabled experimental flag: --ipki_ca_key_size=1024
W0703 01:40:16.252218 13172 flags.cc:406] Enabled experimental flag: --ipki_server_key_size=1024
W0703 01:40:16.252250 13172 flags.cc:406] Enabled experimental flag: --tsk_num_rsa_bits=512
W0703 01:40:16.252282 13172 flags.cc:406] Enabled experimental flag: --rpc_reuseport=true
I0703 01:40:16.260025 13172 master_main.cc:73] Master server non-default flags: --fs_data_dirs=/data/somelongdirectorytoavoidrpathissues/src/kudutest/kudu-admin-test.0.AdminCliTest.TestUnsafeChangeConfigWithPendingConfigsOnWAL.1530607157582131-6083/raft_consensus-itest-cluster/master-0/data --fs_wal_dir=/data/somelongdirectorytoavoidrpathissues/src/kudutest/kudu-admin-test.0.AdminCliTest.TestUnsafeChangeConfigWithPendingConfigsOnWAL.1530607157582131-6083/raft_consensus-itest-cluster/master-0/wal --ipki_ca_key_size=1024 --ipki_server_key_size=1024 --tsk_num_rsa_bits=512 --rpc_bind_addresses=127.5.240.254:33510 --rpc_reuseport=true --rpc_server_allow_ephemeral_ports=true --metrics_log_interval_ms=1000 --server_dump_info_format=pb --server_dump_info_path=/data/somelongdirectorytoavoidrpathissues/src/kudutest/kudu-admin-test.0.AdminCliTest.TestUnsafeChangeConfigWithPendingConfigsOnWAL.1530607157582131-6083/raft_consensus-itest-cluster/master-0/data/info.pb --webserver_interface=127.5.240.254 --webserver_port=48462 --never_fsync=true --redact=none --unlock_experimental_flags=true --unlock_unsafe_flags=true --enable_minidumps=false --log_dir=/data/somelongdirectorytoavoidrpathissues/src/kudutest/kudu-admin-test.0.AdminCliTest.TestUnsafeChangeConfigWithPendingConfigsOnWAL.1530607157582131-6083/raft_consensus-itest-cluster/master-0/logs --logbuflevel=-1 --logtostderr=true Master server version: kudu 1.8.0-SNAPSHOT revision 1ae050e4d57bc333de28bcbc62e072e8bafd04b3 build type FASTDEBUG built by jenkins at 03 Jul 2018 00:28:42 PST on quasar-kdakzq-1.vpc.cloudera.com build id 91347 ASAN enabled
I0703 01:40:16.265547 13172 master_main.cc:80] Initializing master server...
I0703 01:40:16.266590 13172 system_ntp.cc:199] NTP initialized. Skew: 500ppm Current error: 161708us
I0703 01:40:16.267637 13172 fs_manager.cc:261] Metadata directory not provided
I0703 01:40:16.267693 13172 fs_manager.cc:267] Using write-ahead log directory (fs_wal_dir) as metadata directory
I0703 01:40:16.275244 13172 fs_manager.cc:397] Time spent opening directory manager: real 0.005s user 0.002s sys 0.002s
W0703 01:40:16.275307 12862 heartbeater.cc:587] Failed to heartbeat to 127.5.240.254:33510: Network error: Failed to send heartbeat to master: Client connection negotiation failed: client connection to 127.5.240.254:33510: connect: Connection refused (error 111)
I0703 01:40:16.276116 13172 env_posix.cc:1674] Not raising this process' open files per process limit of 32768; it is already as high as it can go
I0703 01:40:16.276504 13172 file_cache.cc:470] Constructed file cache lbm with capacity 13107
I0703 01:40:16.279628 13172 fs_manager.cc:417] Time spent opening block manager: real 0.002s user 0.001s sys 0.000s
I0703 01:40:16.279690 13172 fs_manager.cc:434] Opened local filesystem: /data/somelongdirectorytoavoidrpathissues/src/kudutest/kudu-admin-test.0.AdminCliTest.TestUnsafeChangeConfigWithPendingConfigsOnWAL.1530607157582131-6083/raft_consensus-itest-cluster/master-0/data,/data/somelongdirectorytoavoidrpathissues/src/kudutest/kudu-admin-test.0.AdminCliTest.TestUnsafeChangeConfigWithPendingConfigsOnWAL.1530607157582131-6083/raft_consensus-itest-cluster/master-0/wal uuid: "333227bb32fd427eb883629eaf76fe88" format_stamp: "Formatted at 2018-07-03 08:40:11 on quasar-kdakzq-1.vpc.cloudera.com"
I0703 01:40:16.280519 13172 fs_report.cc:352] FS layout report -------------------- wal directory: /data/somelongdirectorytoavoidrpathissues/src/kudutest/kudu-admin-test.0.AdminCliTest.TestUnsafeChangeConfigWithPendingConfigsOnWAL.1530607157582131-6083/raft_consensus-itest-cluster/master-0/wal metadata directory: /data/somelongdirectorytoavoidrpathissues/src/kudutest/kudu-admin-test.0.AdminCliTest.TestUnsafeChangeConfigWithPendingConfigsOnWAL.1530607157582131-6083/raft_consensus-itest-cluster/master-0/wal 1 data directories: /data/somelongdirectorytoavoidrpathissues/src/kudutest/kudu-admin-test.0.AdminCliTest.TestUnsafeChangeConfigWithPendingConfigsOnWAL.1530607157582131-6083/raft_consensus-itest-cluster/master-0/data/data Total live blocks: 0 Total live bytes: 0 Total live bytes (after alignment): 0 Total number of LBM containers: 0 (0 full) Did not check for missing blocks Did not check for orphaned blocks Total full LBM containers with extra space: 0 (0 repaired) Total full LBM container extra space in bytes: 0 (0 repaired) Total incomplete LBM containers: 0 (0 repaired) Total LBM partial records: 0 (0 repaired)
I0703 01:40:16.326174 13172 env_posix.cc:1669] Raising this process' running threads per effective uid limit from 32768 to 65536
I0703 01:40:16.327636 13172 master_main.cc:83] Starting Master server...
I0703 01:40:16.365032 13172 rpc_server.cc:205] RPC server started. Bound to: 127.5.240.254:33510
I0703 01:40:16.365507 13172 webserver.cc:175] Starting webserver on 127.5.240.254:48462
I0703 01:40:16.365555 13172 webserver.cc:186] Document root disabled
I0703 01:40:16.366770 13172 webserver.cc:313] Webserver started. Bound to: http://127.5.240.254:48462/
I0703 01:40:16.367458 13172 server_base.cc:607] Dumped server information to /data/somelongdirectorytoavoidrpathissues/src/kudutest/kudu-admin-test.0.AdminCliTest.TestUnsafeChangeConfigWithPendingConfigsOnWAL.1530607157582131-6083/raft_consensus-itest-cluster/master-0/data/info.pb
I0703 01:40:16.369256 6083 external_mini_cluster.cc:856] Started /data/somelongdirectorytoavoidrpathissues/src/kudu/build/asan/bin/kudu-master as pid 13172
I0703 01:40:16.375440 13232 tablet_bootstrap.cc:427] T 00000000000000000000000000000000 P 333227bb32fd427eb883629eaf76fe88: Bootstrap starting.
I0703 01:40:16.387231 13232 log.cc:525] T 00000000000000000000000000000000 P 333227bb32fd427eb883629eaf76fe88: Log is configured to *not* fsync() on all Append() calls
I0703 01:40:16.396201 13232 tablet_bootstrap.cc:427] T 00000000000000000000000000000000 P 333227bb32fd427eb883629eaf76fe88: Bootstrap replayed 1/1 log segments. Stats: ops{read=7 overwritten=0 applied=7 ignored=1} inserts{seen=4 ignored=0} mutations{seen=2 ignored=0} orphaned_commits=0. Pending: 0 replicates
I0703 01:40:16.396589 13232 tablet_bootstrap.cc:427] T 00000000000000000000000000000000 P 333227bb32fd427eb883629eaf76fe88: Bootstrap complete.
I0703 01:40:16.405732 13232 raft_consensus.cc:325] T 00000000000000000000000000000000 P 333227bb32fd427eb883629eaf76fe88 [term 1 FOLLOWER]: Replica starting. Triggering 0 pending transactions. Active config: opid_index: -1 OBSOLETE_local: true peers { permanent_uuid: "333227bb32fd427eb883629eaf76fe88" member_type: VOTER }
I0703 01:40:16.406416 13232 raft_consensus.cc:628] T 00000000000000000000000000000000 P 333227bb32fd427eb883629eaf76fe88 [term 1 FOLLOWER]: Becoming Follower/Learner. State: Replica: 333227bb32fd427eb883629eaf76fe88, State: Initialized, Role: FOLLOWER
I0703 01:40:16.406857 13232 consensus_queue.cc:227] T 00000000000000000000000000000000 P 333227bb32fd427eb883629eaf76fe88 [NON_LEADER]: Queue going to NON_LEADER mode. State: All replicated index: 0, Majority replicated index: 0, Committed index: 7, Last appended: 1.7, Last appended by leader: 7, Current term: 0, Majority size: -1, State: 0, Mode: NON_LEADER, active raft config: opid_index: -1 OBSOLETE_local: true peers { permanent_uuid: "333227bb32fd427eb883629eaf76fe88" member_type: VOTER }
I0703 01:40:16.406981 13232 raft_consensus.cc:365] T 00000000000000000000000000000000 P 333227bb32fd427eb883629eaf76fe88 [term 1 FOLLOWER]: Only one voter in the Raft config. Triggering election immediately
I0703 01:40:16.407043 13232 raft_consensus.cc:457] T 00000000000000000000000000000000 P 333227bb32fd427eb883629eaf76fe88 [term 1 FOLLOWER]: Starting leader election (initial election of a single-replica configuration)
I0703 01:40:16.407109 13232 raft_consensus.cc:2730] T 00000000000000000000000000000000 P 333227bb32fd427eb883629eaf76fe88: Snoozing failure detection for 2.195s (starting election)
I0703 01:40:16.407178 13232 raft_consensus.cc:2782] T 00000000000000000000000000000000 P 333227bb32fd427eb883629eaf76fe88 [term 1 FOLLOWER]: Advancing to term 2
I0703 01:40:16.410521 13232 raft_consensus.cc:479] T 00000000000000000000000000000000 P 333227bb32fd427eb883629eaf76fe88 [term 2 FOLLOWER]: Starting leader election with config: opid_index: -1 OBSOLETE_local: true peers { permanent_uuid: "333227bb32fd427eb883629eaf76fe88" member_type: VOTER }
I0703 01:40:16.410866 13232 leader_election.cc:270] T 00000000000000000000000000000000 P 333227bb32fd427eb883629eaf76fe88 [CANDIDATE]: Term 2 election: Election decided. Result: candidate won.
I0703 01:40:16.412151 13234 raft_consensus.cc:2730] T 00000000000000000000000000000000 P 333227bb32fd427eb883629eaf76fe88: Snoozing failure detection for 1.614s (election complete)
I0703 01:40:16.412395 13234 raft_consensus.cc:2537] T 00000000000000000000000000000000 P 333227bb32fd427eb883629eaf76fe88 [term 2 FOLLOWER]: Leader election won for term 2
I0703 01:40:16.413995 13234 raft_consensus.cc:593] T 00000000000000000000000000000000 P 333227bb32fd427eb883629eaf76fe88 [term 2 LEADER]: Becoming Leader. State: Replica: 333227bb32fd427eb883629eaf76fe88, State: Running, Role: LEADER
