W0619 00:11:52.137595 25071 catalog_manager.cc:3083] TS 10bda0b4856f4441b5aed24cdc4764a8 (127.24.119.2:38512): delete failed for tablet a4c653a255984d3bac88df63362b9334 with error code TABLET_NOT_RUNNING: Already present: State transition of tablet a4c653a255984d3bac88df63362b9334 already in progress: creating tablet
I0619 00:11:52.137837 25071 catalog_manager.cc:2891] Scheduling retry of a4c653a255984d3bac88df63362b9334 Delete Tablet RPC for TS=10bda0b4856f4441b5aed24cdc4764a8 with a delay of 42 ms (attempt = 1)
I0619 00:11:52.137902 25601 data_dirs.cc:934] Could only allocate 1 dirs of requested 3 for tablet 0a7470bfeab041f9895e491231b57eb7. 1 dirs total, 0 dirs full, 0 dirs failed
W0619 00:11:52.138202 25071 catalog_manager.cc:3083] TS 10bda0b4856f4441b5aed24cdc4764a8 (127.24.119.2:38512): delete failed for tablet a52cbcbe35374d518bca1e0fc24d88d4 with error code TABLET_NOT_RUNNING: Already present: State transition of tablet a52cbcbe35374d518bca1e0fc24d88d4 already in progress: creating tablet
I0619 00:11:52.138406 25071 catalog_manager.cc:2891] Scheduling retry of a52cbcbe35374d518bca1e0fc24d88d4 Delete Tablet RPC for TS=10bda0b4856f4441b5aed24cdc4764a8 with a delay of 69 ms (attempt = 2)
W0619 00:11:52.138795 25071 catalog_manager.cc:3071] TS 10bda0b4856f4441b5aed24cdc4764a8 (127.24.119.2:38512): delete failed for tablet 72e28bc6b57442b782d8aa07e1152cf4 because the tablet was not found. No further retry: Not found: Tablet not found: 72e28bc6b57442b782d8aa07e1152cf4
W0619 00:11:52.139204 25071 catalog_manager.cc:3083] TS 10bda0b4856f4441b5aed24cdc4764a8 (127.24.119.2:38512): delete failed for tablet 03522c48c50943b38cae5aa88562e583 with error code TABLET_NOT_RUNNING: Already present: State transition of tablet 03522c48c50943b38cae5aa88562e583 already in progress: creating tablet
I0619 00:11:52.139407 25071 catalog_manager.cc:2891] Scheduling retry of 03522c48c50943b38cae5aa88562e583 Delete Tablet RPC for TS=10bda0b4856f4441b5aed24cdc4764a8 with a delay of 79 ms (attempt = 2)
I0619 00:11:52.140291 25470 tablet_service.cc:759] Processing CreateTablet for tablet 0a7470bfeab041f9895e491231b57eb7 (table=default.table_824bd974d1ae4fc398285c3a2393333f [id=1e6786c5c70b44d6ba8ad6a83b670b1e]), partition=RANGE (key) PARTITION UNBOUNDED
I0619 00:11:52.140748 25082 catalog_manager.cc:4025] T 00000000000000000000000000000000 P cb25d1bba5bf4c64914f300f122ec898: Sending DeleteTablet for 3 replicas of tablet edfdedbd4eca4b62be24b1649f820d0e
I0619 00:11:52.140892 25470 data_dirs.cc:934] Could only allocate 1 dirs of requested 3 for tablet 0a7470bfeab041f9895e491231b57eb7. 1 dirs total, 0 dirs full, 0 dirs failed
I0619 00:11:52.141029 25082 catalog_manager.cc:3113] Sending DeleteTablet(TABLET_DATA_DELETED) for tablet edfdedbd4eca4b62be24b1649f820d0e on c007a00e65ad41a79da1a0c1050c55b4 (127.24.119.1:32951) (Table deleted at 2018-06-19 00:11:52 PDT)
I0619 00:11:52.141398 25082 catalog_manager.cc:3113] Sending DeleteTablet(TABLET_DATA_DELETED) for tablet edfdedbd4eca4b62be24b1649f820d0e on 10bda0b4856f4441b5aed24cdc4764a8 (127.24.119.2:38512) (Table deleted at 2018-06-19 00:11:52 PDT)
I0619 00:11:52.141790 25082 catalog_manager.cc:3113] Sending DeleteTablet(TABLET_DATA_DELETED) for tablet edfdedbd4eca4b62be24b1649f820d0e on 395763cf325d4ce19859830a7ad35c85 (127.24.119.3:39344) (Table deleted at 2018-06-19 00:11:52 PDT)
I0619 00:11:52.140367 25080 catalog_manager.cc:3663] Got report from deleted tablet f372b9fb174844eca1662c62039a3c71 (table default.table_45dd93d67cc94f2c8e9e784347d14167 [id=60a6d49e09f04230abe707ed433d2e9a]) (replaced by tablet 30a9d9fda8d34caeb8242c372439321b): Sending delete request for this tablet
I0619 00:11:52.142299 25323 tablet_service.cc:800] Processing DeleteTablet for tablet edfdedbd4eca4b62be24b1649f820d0e with delete_type TABLET_DATA_DELETED (Table deleted at 2018-06-19 00:11:52 PDT) from {username='jenkins'} at 127.24.119.1:46159
I0619 00:11:52.142894 25067 catalog_manager.cc:2891] Scheduling retry of 981d862d1bab4b14bb10e6fc2174e1cc (table default.table_48d04a9a6f224dd983111f0215fb417b [id=01235cbfa38b48a9bbfbb0b4630c5d23]) Alter Table RPC with a delay of 84 ms (attempt = 3)
W0619 00:11:52.143172 25067 catalog_manager.cc:2910] Async tablet task 981d862d1bab4b14bb10e6fc2174e1cc (table default.table_48d04a9a6f224dd983111f0215fb417b [id=01235cbfa38b48a9bbfbb0b4630c5d23]) Alter Table RPC failed: Not found: failed to reset TS proxy: No leader found: Tablet 981d862d1bab4b14bb10e6fc2174e1cc consensus state has no leader
I0619 00:11:52.145706 25741 ts_tablet_manager.cc:1382] T 292b164659e343158de8e7e3eeb9be31 P c007a00e65ad41a79da1a0c1050c55b4: tablet deleted with delete type TABLET_DATA_DELETED: last-logged OpId 0.0
I0619 00:11:52.145967 25741 log.cc:986] T 292b164659e343158de8e7e3eeb9be31 P c007a00e65ad41a79da1a0c1050c55b4: Deleting WAL directory at /data/somelongdirectorytoavoidrpathissues/src/kudutest/master-stress-test.0.HmsConfigurations_MasterStressTest.Test_0.1529392303277196-25052/minicluster-data/ts-0/wal/wals/292b164659e343158de8e7e3eeb9be31
I0619 00:11:52.146414 25741 ts_tablet_manager.cc:1403] T 292b164659e343158de8e7e3eeb9be31 P c007a00e65ad41a79da1a0c1050c55b4: Deleting consensus metadata
I0619 00:11:52.146574 25725 tablet_bootstrap.cc:578] T a85577b0beba4276b963e5c360544bc7 P 10bda0b4856f4441b5aed24cdc4764a8: No blocks or log segments found. Creating new log.
W0619 00:11:52.147626 25536 heartbeater.cc:587] Failed to heartbeat to 127.24.119.61:46325: Network error: Failed to ping master at 127.24.119.61:46325: Client connection negotiation failed: client connection to 127.24.119.61:46325: connect: Connection refused (error 111)
I0619 00:11:52.148908 25464 tablet_service.cc:800] Processing DeleteTablet for tablet 03522c48c50943b38cae5aa88562e583 with delete_type TABLET_DATA_DELETED (Table deleted at 2018-06-19 00:11:50 PDT) from {username='jenkins'} at 127.24.119.2:51757
W0619 00:11:52.148991 25423 leader_election.cc:306] T cb57d196f0724247b6a7f9a34be8377a P 10bda0b4856f4441b5aed24cdc4764a8 [CANDIDATE]: Term 1 pre-election: Tablet error from VoteRequest() call to peer 395763cf325d4ce19859830a7ad35c85 (127.24.119.3:39344): Not found: Tablet not found: cb57d196f0724247b6a7f9a34be8377a
W0619 00:11:52.149685 25558 leader_election.cc:306] T 075076aaa16e4ea8a596a7a8c52f103e P 395763cf325d4ce19859830a7ad35c85 [CANDIDATE]: Term 1 pre-election: Tablet error from VoteRequest() call to peer 10bda0b4856f4441b5aed24cdc4764a8 (127.24.119.2:38512): Illegal state: must be running to vote when last-logged opid is not known
I0619 00:11:52.149821 25069 catalog_manager.cc:2891] Scheduling retry of 075076aaa16e4ea8a596a7a8c52f103e (table default.table_c74748783ca3450eb3c5c3397e03d506 [id=040c5029d5054cc48c9f066058cb6a45]) Alter Table RPC with a delay of 295 ms (attempt = 5)
I0619 00:11:52.149971 25558 leader_election.cc:270] T 075076aaa16e4ea8a596a7a8c52f103e P 395763cf325d4ce19859830a7ad35c85 [CANDIDATE]: Term 1 pre-election: Election decided. Result: candidate lost.
W0619 00:11:52.150120 25069 catalog_manager.cc:2910] Async tablet task 075076aaa16e4ea8a596a7a8c52f103e (table default.table_c74748783ca3450eb3c5c3397e03d506 [id=040c5029d5054cc48c9f066058cb6a45]) Alter Table RPC failed: Not found: failed to reset TS proxy: No leader found: Tablet 075076aaa16e4ea8a596a7a8c52f103e consensus state has no leader
I0619 00:11:52.150437 25811 raft_consensus.cc:2732] T 075076aaa16e4ea8a596a7a8c52f103e P 395763cf325d4ce19859830a7ad35c85: Snoozing failure detection for 1.533s (election complete)
I0619 00:11:52.150656 25811 raft_consensus.cc:2487] T 075076aaa16e4ea8a596a7a8c52f103e P 395763cf325d4ce19859830a7ad35c85 [term 0 FOLLOWER]: Leader pre-election lost for term 1. Reason: could not achieve majority
I0619 00:11:52.150749 25423 leader_election.cc:270] T cb57d196f0724247b6a7f9a34be8377a P 10bda0b4856f4441b5aed24cdc4764a8 [CANDIDATE]: Term 1 pre-election: Election decided. Result: candidate lost.
I0619 00:11:52.150913 25601 ts_tablet_manager.cc:1173] T 0a7470bfeab041f9895e491231b57eb7 P 395763cf325d4ce19859830a7ad35c85: Registered tablet (data state: TABLET_DATA_READY)
I0619 00:11:52.151196 25796 raft_consensus.cc:2732] T cb57d196f0724247b6a7f9a34be8377a P 10bda0b4856f4441b5aed24cdc4764a8: Snoozing failure detection for 1.816s (election complete)
I0619 00:11:52.151414 25796 raft_consensus.cc:2487] T cb57d196f0724247b6a7f9a34be8377a P 10bda0b4856f4441b5aed24cdc4764a8 [term 0 FOLLOWER]: Leader pre-election lost for term 1. Reason: could not achieve majority
I0619 00:11:52.151881 25811 raft_consensus.cc:457] T 397ae10bb6d841b4ba561ec431d29864 P 395763cf325d4ce19859830a7ad35c85 [term 0 FOLLOWER]: Starting pre-election (no leader contacted us within the election timeout)
I0619 00:11:52.152094 25811 raft_consensus.cc:2732] T 397ae10bb6d841b4ba561ec431d29864 P 395763cf325d4ce19859830a7ad35c85: Snoozing failure detection for 1.905s (starting election)
I0619 00:11:52.152320 25811 raft_consensus.cc:479] T 397ae10bb6d841b4ba561ec431d29864 P 395763cf325d4ce19859830a7ad35c85 [term 0 FOLLOWER]: Starting pre-election with config: opid_index: -1 OBSOLETE_local: false peers { permanent_uuid: "c007a00e65ad41a79da1a0c1050c55b4" member_type: VOTER last_known_addr { host: "127.24.119.1" port: 32951 } } peers { permanent_uuid: "10bda0b4856f4441b5aed24cdc4764a8" member_type: VOTER last_known_addr { host: "127.24.119.2" port: 38512 } } peers { permanent_uuid: "395763cf325d4ce19859830a7ad35c85" member_type: VOTER last_known_addr { host: "127.24.119.3" port: 39344 } }
I0619 00:11:52.153244 25464 tablet_service.cc:800] Processing DeleteTablet for tablet acc89522b693498c987ca5d8ef8275ea with delete_type TABLET_DATA_DELETED (replaced by tablet 981d862d1bab4b14bb10e6fc2174e1cc) from {username='jenkins'} at 127.24.119.2:51757
I0619 00:11:52.153270 25811 leader_election.cc:243] T 397ae10bb6d841b4ba561ec431d29864 P 395763cf325d4ce19859830a7ad35c85 [CANDIDATE]: Term 1 pre-election: Requesting pre-vote from peer c007a00e65ad41a79da1a0c1050c55b4 (127.24.119.1:32951)
I0619 00:11:52.153633 25811 leader_election.cc:243] T 397ae10bb6d841b4ba561ec431d29864 P 395763cf325d4ce19859830a7ad35c85 [CANDIDATE]: Term 1 pre-election: Requesting pre-vote from peer 10bda0b4856f4441b5aed24cdc4764a8 (127.24.119.2:38512)
W0619 00:11:52.153744 25536 heartbeater.cc:587] Failed to heartbeat to 127.24.119.61:46325: Network error: Failed to ping master at 127.24.119.61:46325: Client connection negotiation failed: client connection to 127.24.119.61:46325: connect: Connection refused (error 111)
I0619 00:11:52.154640 25736 ts_tablet_manager.cc:1369] T acc89522b693498c987ca5d8ef8275ea P 10bda0b4856f4441b5aed24cdc4764a8: Deleting tablet data with delete state TABLET_DATA_DELETED
I0619 00:11:52.142937 25080 catalog_manager.cc:3113] Sending DeleteTablet(TABLET_DATA_DELETED) for tablet f372b9fb174844eca1662c62039a3c71 on 10bda0b4856f4441b5aed24cdc4764a8 (127.24.119.2:38512) (replaced by tablet 30a9d9fda8d34caeb8242c372439321b)
I0619 00:11:52.155191 25489 tablet_service.cc:995] Received RequestConsensusVote() RPC: tablet_id: "397ae10bb6d841b4ba561ec431d29864" candidate_uuid: "395763cf325d4ce19859830a7ad35c85" candidate_term: 1 candidate_status { last_received { term: 0 index: 0 } } ignore_live_leader: false dest_uuid: "10bda0b4856f4441b5aed24cdc4764a8" is_pre_election: true
I0619 00:11:52.155406 25354 tablet_service.cc:995] Received RequestConsensusVote() RPC: tablet_id: "397ae10bb6d841b4ba561ec431d29864" candidate_uuid: "395763cf325d4ce19859830a7ad35c85" candidate_term: 1 candidate_status { last_received { term: 0 index: 0 } } ignore_live_leader: false dest_uuid: "c007a00e65ad41a79da1a0c1050c55b4" is_pre_election: true
W0619 00:11:52.156504 25558 leader_election.cc:306] T 397ae10bb6d841b4ba561ec431d29864 P 395763cf325d4ce19859830a7ad35c85 [CANDIDATE]: Term 1 pre-election: Tablet error from VoteRequest() call to peer 10bda0b4856f4441b5aed24cdc4764a8 (127.24.119.2:38512): Illegal state: must be running to vote when last-logged opid is not known
I0619 00:11:52.157369 25807 raft_consensus.cc:457] T 35acf55f35064c1491122a13ff9f5744 P c007a00e65ad41a79da1a0c1050c55b4 [term 0 FOLLOWER]: Starting pre-election (no leader contacted us within the election timeout)
I0619 00:11:52.157630 25807 raft_consensus.cc:2732] T 35acf55f35064c1491122a13ff9f5744 P c007a00e65ad41a79da1a0c1050c55b4: Snoozing failure detection for 1.568s (starting election)
W0619 00:11:52.157845 25553 leader_election.cc:306] T 397ae10bb6d841b4ba561ec431d29864 P 395763cf325d4ce19859830a7ad35c85 [CANDIDATE]: Term 1 pre-election: Tablet error from VoteRequest() call to peer c007a00e65ad41a79da1a0c1050c55b4 (127.24.119.1:32951): Illegal state: must be running to vote when last-logged opid is not known
I0619 00:11:52.158092 25553 leader_election.cc:270] T 397ae10bb6d841b4ba561ec431d29864 P 395763cf325d4ce19859830a7ad35c85 [CANDIDATE]: Term 1 pre-election: Election decided. Result: candidate lost.
I0619 00:11:52.157871 25807 raft_consensus.cc:479] T 35acf55f35064c1491122a13ff9f5744 P c007a00e65ad41a79da1a0c1050c55b4 [term 0 FOLLOWER]: Starting pre-election with config: opid_index: -1 OBSOLETE_local: false peers { permanent_uuid: "c007a00e65ad41a79da1a0c1050c55b4" member_type: VOTER last_known_addr { host: "127.24.119.1" port: 32951 } } peers { permanent_uuid: "10bda0b4856f4441b5aed24cdc4764a8" member_type: VOTER last_known_addr { host: "127.24.119.2" port: 38512 } } peers { permanent_uuid: "395763cf325d4ce19859830a7ad35c85" member_type: VOTER last_known_addr { host: "127.24.119.3" port: 39344 } }
I0619 00:11:52.158843 25807 leader_election.cc:243] T 35acf55f35064c1491122a13ff9f5744 P c007a00e65ad41a79da1a0c1050c55b4 [CANDIDATE]: Term 1 pre-election: Requesting pre-vote from peer 10bda0b4856f4441b5aed24cdc4764a8 (127.24.119.2:38512)
I0619 00:11:52.158879 25067 catalog_manager.cc:2891] Scheduling retry of 075076aaa16e4ea8a596a7a8c52f103e (table default.table_c74748783ca3450eb3c5c3397e03d506 [id=040c5029d5054cc48c9f066058cb6a45]) Alter Table RPC with a delay of 1068 ms (attempt = 7)
W0619 00:11:52.159128 25067 catalog_manager.cc:2910] Async tablet task 075076aaa16e4ea8a596a7a8c52f103e (table default.table_c74748783ca3450eb3c5c3397e03d506 [id=040c5029d5054cc48c9f066058cb6a45]) Alter Table RPC failed: Not found: failed to reset TS proxy: No leader found: Tablet 075076aaa16e4ea8a596a7a8c52f103e consensus state has no leader
I0619 00:11:52.159224 25807 leader_election.cc:243] T 35acf55f35064c1491122a13ff9f5744 P c007a00e65ad41a79da1a0c1050c55b4 [CANDIDATE]: Term 1 pre-election: Requesting pre-vote from peer 395763cf325d4ce19859830a7ad35c85 (127.24.119.3:39344)
I0619 00:11:52.160562 25489 tablet_service.cc:995] Received RequestConsensusVote() RPC: tablet_id: "35acf55f35064c1491122a13ff9f5744" candidate_uuid: "c007a00e65ad41a79da1a0c1050c55b4" candidate_term: 1 candidate_status { last_received { term: 0 index: 0 } } ignore_live_leader: false dest_uuid: "10bda0b4856f4441b5aed24cdc4764a8" is_pre_election: true
I0619 00:11:52.161118 25489 raft_consensus.cc:2206] T 35acf55f35064c1491122a13ff9f5744 P 10bda0b4856f4441b5aed24cdc4764a8 [term 1 LEADER]: Leader pre-election vote request: Denying vote to candidate c007a00e65ad41a79da1a0c1050c55b4 for term 1 because replica is either leader or believes a valid leader to be alive.
I0619 00:11:52.160995 25623 tablet_service.cc:995] Received RequestConsensusVote() RPC: tablet_id: "35acf55f35064c1491122a13ff9f5744" candidate_uuid: "c007a00e65ad41a79da1a0c1050c55b4" candidate_term: 1 candidate_status { last_received { term: 0 index: 0 } } ignore_live_leader: false dest_uuid: "395763cf325d4ce19859830a7ad35c85" is_pre_election: true
I0619 00:11:52.161568 25623 raft_consensus.cc:2175] T 35acf55f35064c1491122a13ff9f5744 P 395763cf325d4ce19859830a7ad35c85 [term 1 FOLLOWER]: Leader pre-election vote request: Denying vote to candidate c007a00e65ad41a79da1a0c1050c55b4 in current term 1: Already voted for candidate 10bda0b4856f4441b5aed24cdc4764a8 in this term.
I0619 00:11:52.162281 25290 leader_election.cc:393] T 35acf55f35064c1491122a13ff9f5744 P c007a00e65ad41a79da1a0c1050c55b4 [CANDIDATE]: Term 1 pre-election: Vote denied by peer 10bda0b4856f4441b5aed24cdc4764a8 (127.24.119.2:38512). Message: Invalid argument: T 35acf55f35064c1491122a13ff9f5744 P 10bda0b4856f4441b5aed24cdc4764a8 [term 1 LEADER]: Leader pre-election vote request: Denying vote to candidate c007a00e65ad41a79da1a0c1050c55b4 for term 1 because replica is either leader or believes a valid leader to be alive.
I0619 00:11:52.163033 25290 leader_election.cc:393] T 35acf55f35064c1491122a13ff9f5744 P c007a00e65ad41a79da1a0c1050c55b4 [CANDIDATE]: Term 1 pre-election: Vote denied by peer 395763cf325d4ce19859830a7ad35c85 (127.24.119.3:39344). Message: Invalid argument: T 35acf55f35064c1491122a13ff9f5744 P 395763cf325d4ce19859830a7ad35c85 [term 1 FOLLOWER]: Leader pre-election vote request: Denying vote to candidate c007a00e65ad41a79da1a0c1050c55b4 in current term 1: Already voted for candidate 10bda0b4856f4441b5aed24cdc4764a8 in this term.
I0619 00:11:52.163271 25290 leader_election.cc:270] T 35acf55f35064c1491122a13ff9f5744 P c007a00e65ad41a79da1a0c1050c55b4 [CANDIDATE]: Term 1 pre-election: Election decided. Result: candidate lost.
I0619 00:11:52.163902 25811 raft_consensus.cc:2732] T 397ae10bb6d841b4ba561ec431d29864 P 395763cf325d4ce19859830a7ad35c85: Snoozing failure detection for 1.715s (election complete)
I0619 00:11:52.163936 25807 raft_consensus.cc:2732] T 35acf55f35064c1491122a13ff9f5744 P c007a00e65ad41a79da1a0c1050c55b4: Snoozing failure detection for 1.690s (election complete)
I0619 00:11:52.164144 25807 raft_consensus.cc:2784] T 35acf55f35064c1491122a13ff9f5744 P c007a00e65ad41a79da1a0c1050c55b4 [term 0 FOLLOWER]: Advancing to term 1
I0619 00:11:52.164144 25811 raft_consensus.cc:2487] T 397ae10bb6d841b4ba561ec431d29864 P 395763cf325d4ce19859830a7ad35c85 [term 0 FOLLOWER]: Leader pre-election lost for term 1. Reason: could not achieve majority
I0619 00:11:52.164254 25069 catalog_manager.cc:2891] Scheduling retry of 0a7470bfeab041f9895e491231b57eb7 (table default.table_824bd974d1ae4fc398285c3a2393333f [id=1e6786c5c70b44d6ba8ad6a83b670b1e]) Alter Table RPC with a delay of 133 ms (attempt = 4)
I0619 00:11:52.164413 25811 raft_consensus.cc:457] T 3722b203a516466489c74ef6013eacae P 395763cf325d4ce19859830a7ad35c85 [term 0 FOLLOWER]: Starting pre-election (no leader contacted us within the election timeout)
W0619 00:11:52.164523 25069 catalog_manager.cc:2910] Async tablet task 0a7470bfeab041f9895e491231b57eb7 (table default.table_824bd974d1ae4fc398285c3a2393333f [id=1e6786c5c70b44d6ba8ad6a83b670b1e]) Alter Table RPC failed: Not found: failed to reset TS proxy: No leader found: Tablet 0a7470bfeab041f9895e491231b57eb7 consensus state has no leader
I0619 00:11:52.122627 25730 maintenance_manager.cc:237] P 395763cf325d4ce19859830a7ad35c85: Unregistered op FlushMRSOp(aaf62da07a9740c1aa44359d3f604513)
I0619 00:11:52.164633 25811 raft_consensus.cc:2732] T 3722b203a516466489c74ef6013eacae P 395763cf325d4ce19859830a7ad35c85: Snoozing failure detection for 1.943s (starting election)
I0619 00:11:52.164903 25730 maintenance_manager.cc:237] P 395763cf325d4ce19859830a7ad35c85: Unregistered op FlushDeltaMemStoresOp(aaf62da07a9740c1aa44359d3f604513)
I0619 00:11:52.165181 25730 maintenance_manager.cc:237] P 395763cf325d4ce19859830a7ad35c85: Unregistered op LogGCOp(aaf62da07a9740c1aa44359d3f604513)
I0619 00:11:52.165385 25730 raft_consensus.cc:2042] T aaf62da07a9740c1aa44359d3f604513 P 395763cf325d4ce19859830a7ad35c85 [term 1 FOLLOWER]: Raft consensus shutting down.
I0619 00:11:52.165067 25811 raft_consensus.cc:479] T 3722b203a516466489c74ef6013eacae P 395763cf325d4ce19859830a7ad35c85 [term 0 FOLLOWER]: Starting pre-election with config: opid_index: -1 OBSOLETE_local: false peers { permanent_uuid: "10bda0b4856f4441b5aed24cdc4764a8" member_type: VOTER last_known_addr { host: "127.24.119.2" port: 38512 } } peers { permanent_uuid: "c007a00e65ad41a79da1a0c1050c55b4" member_type: VOTER last_known_addr { host: "127.24.119.1" port: 32951 } } peers { permanent_uuid: "395763cf325d4ce19859830a7ad35c85" member_type: VOTER last_known_addr { host: "127.24.119.3" port: 39344 } }
I0619 00:11:52.165488 25080 catalog_manager.cc:3663] Got report from deleted tablet f372b9fb174844eca1662c62039a3c71 (table default.table_45dd93d67cc94f2c8e9e784347d14167 [id=60a6d49e09f04230abe707ed433d2e9a]) (replaced by tablet 30a9d9fda8d34caeb8242c372439321b): Sending delete request for this tablet
I0619 00:11:52.165766 25730 raft_consensus.cc:2069] T aaf62da07a9740c1aa44359d3f604513 P 395763cf325d4ce19859830a7ad35c85 [term 1 FOLLOWER]: Raft consensus is shut down!
I0619 00:11:52.166101 25811 leader_election.cc:243] T 3722b203a516466489c74ef6013eacae P 395763cf325d4ce19859830a7ad35c85 [CANDIDATE]: Term 1 pre-election: Requesting pre-vote from peer 10bda0b4856f4441b5aed24cdc4764a8 (127.24.119.2:38512)
I0619 00:11:52.166244 25080 catalog_manager.cc:3113] Sending DeleteTablet(TABLET_DATA_DELETED) for tablet f372b9fb174844eca1662c62039a3c71 on 10bda0b4856f4441b5aed24cdc4764a8 (127.24.119.2:38512) (replaced by tablet 30a9d9fda8d34caeb8242c372439321b)
I0619 00:11:52.166533 25811 leader_election.cc:243] T 3722b203a516466489c74ef6013eacae P 395763cf325d4ce19859830a7ad35c85 [CANDIDATE]: Term 1 pre-election: Requesting pre-vote from peer c007a00e65ad41a79da1a0c1050c55b4 (127.24.119.1:32951)
I0619 00:11:52.167090 25730 ts_tablet_manager.cc:1369] T aaf62da07a9740c1aa44359d3f604513 P 395763cf325d4ce19859830a7ad35c85: Deleting tablet data with delete state TABLET_DATA_DELETED
W0619 00:11:52.167974 25071 catalog_manager.cc:3071] TS 10bda0b4856f4441b5aed24cdc4764a8 (127.24.119.2:38512): delete failed for tablet 72e28bc6b57442b782d8aa07e1152cf4 because the tablet was not found. No further retry: Not found: Tablet not found: 72e28bc6b57442b782d8aa07e1152cf4
I0619 00:11:52.168200 25354 tablet_service.cc:995] Received RequestConsensusVote() RPC: tablet_id: "3722b203a516466489c74ef6013eacae" candidate_uuid: "395763cf325d4ce19859830a7ad35c85" candidate_term: 1 candidate_status { last_received { term: 0 index: 0 } } ignore_live_leader: false dest_uuid: "c007a00e65ad41a79da1a0c1050c55b4" is_pre_election: true
I0619 00:11:52.169656 25601 tablet_service.cc:800] Processing DeleteTablet for tablet edfdedbd4eca4b62be24b1649f820d0e with delete_type TABLET_DATA_DELETED (Table deleted at 2018-06-19 00:11:52 PDT) from {username='jenkins'} at 127.24.119.3:34285
W0619 00:11:52.169672 25553 leader_election.cc:306] T 3722b203a516466489c74ef6013eacae P 395763cf325d4ce19859830a7ad35c85 [CANDIDATE]: Term 1 pre-election: Tablet error from VoteRequest() call to peer c007a00e65ad41a79da1a0c1050c55b4 (127.24.119.1:32951): Illegal state: must be running to vote when last-logged opid is not known
I0619 00:11:52.170117 25727 raft_consensus.cc:325] T 70b9c8c4af0945b69b5577e47b61c054 P c007a00e65ad41a79da1a0c1050c55b4 [term 0 FOLLOWER]: Replica starting. Triggering 0 pending transactions. Active config: opid_index: -1 OBSOLETE_local: false peers { permanent_uuid: "c007a00e65ad41a79da1a0c1050c55b4" member_type: VOTER last_known_addr { host: "127.24.119.1" port: 32951 } } peers { permanent_uuid: "10bda0b4856f4441b5aed24cdc4764a8" member_type: VOTER last_known_addr { host: "127.24.119.2" port: 38512 } } peers { permanent_uuid: "395763cf325d4ce19859830a7ad35c85" member_type: VOTER last_known_addr { host: "127.24.119.3" port: 39344 } }
I0619 00:11:52.170557 25071 catalog_manager.cc:3091] TS 10bda0b4856f4441b5aed24cdc4764a8 (127.24.119.2:38512): tablet 53688f0e4a604bc4a07dec9278a8dad6 (table default.table_15724e9cddcb457a8edaebf78d6afc15 [id=bd7b4ec53e7b418a968d1a7e3dd368ed]) successfully deleted
I0619 00:11:52.170812 25727 raft_consensus.cc:351] T 70b9c8c4af0945b69b5577e47b61c054 P c007a00e65ad41a79da1a0c1050c55b4 [term 0 FOLLOWER]: Consensus starting up: Expiring failure detector timer to make a prompt election more likely
I0619 00:11:52.171026 25727 raft_consensus.cc:628] T 70b9c8c4af0945b69b5577e47b61c054 P c007a00e65ad41a79da1a0c1050c55b4 [term 0 FOLLOWER]: Becoming Follower/Learner. State: Replica: c007a00e65ad41a79da1a0c1050c55b4, State: Initialized, Role: FOLLOWER
I0619 00:11:52.172097 25724 tablet_bootstrap.cc:427] T 30a9d9fda8d34caeb8242c372439321b P 395763cf325d4ce19859830a7ad35c85: No bootstrap required, opened a new log
I0619 00:11:52.172430 25724 ts_tablet_manager.cc:1045] T 30a9d9fda8d34caeb8242c372439321b P 395763cf325d4ce19859830a7ad35c85: Time spent bootstrapping tablet: real 0.088s user 0.004s sys 0.003s
I0619 00:11:52.173954 25724 raft_consensus.cc:325] T 30a9d9fda8d34caeb8242c372439321b P 395763cf325d4ce19859830a7ad35c85 [term 0 FOLLOWER]: Replica starting. Triggering 0 pending transactions. Active config: opid_index: -1 OBSOLETE_local: false peers { permanent_uuid: "c007a00e65ad41a79da1a0c1050c55b4" member_type: VOTER last_known_addr { host: "127.24.119.1" port: 32951 } } peers { permanent_uuid: "10bda0b4856f4441b5aed24cdc4764a8" member_type: VOTER last_known_addr { host: "127.24.119.2" port: 38512 } } peers { permanent_uuid: "395763cf325d4ce19859830a7ad35c85" member_type: VOTER last_known_addr { host: "127.24.119.3" port: 39344 } }
I0619 00:11:52.174548 25069 catalog_manager.cc:2891] Scheduling retry of 075076aaa16e4ea8a596a7a8c52f103e (table default.table_c74748783ca3450eb3c5c3397e03d506 [id=040c5029d5054cc48c9f066058cb6a45]) Alter Table RPC with a delay of 270 ms (attempt = 5)
I0619 00:11:52.174685 25724 raft_consensus.cc:351] T 30a9d9fda8d34caeb8242c372439321b P 395763cf325d4ce19859830a7ad35c85 [term 0 FOLLOWER]: Consensus starting up: Expiring failure detector timer to make a prompt election more likely
W0619 00:11:52.174840 25069 catalog_manager.cc:2910] Async tablet task 075076aaa16e4ea8a596a7a8c52f103e (table default.table_c74748783ca3450eb3c5c3397e03d506 [id=040c5029d5054cc48c9f066058cb6a45]) Alter Table RPC failed: Not found: failed to reset TS proxy: No leader found: Tablet 075076aaa16e4ea8a596a7a8c52f103e consensus state has no leader
I0619 00:11:52.174932 25724 raft_consensus.cc:628] T 30a9d9fda8d34caeb8242c372439321b P 395763cf325d4ce19859830a7ad35c85 [term 0 FOLLOWER]: Becoming Follower/Learner. State: Replica: 395763cf325d4ce19859830a7ad35c85, State: Initialized, Role: FOLLOWER
I0619 00:11:52.175498 25724 consensus_queue.cc:227] T 30a9d9fda8d34caeb8242c372439321b P 395763cf325d4ce19859830a7ad35c85 [NON_LEADER]: Queue going to NON_LEADER mode. State: All replicated index: 0, Majority replicated index: 0, Committed index: 0, Last appended: 0.0, Last appended by leader: 0, Current term: 0, Majority size: -1, State: 0, Mode: NON_LEADER, active raft config: opid_index: -1 OBSOLETE_local: false peers { permanent_uuid: "c007a00e65ad41a79da1a0c1050c55b4" member_type: VOTER last_known_addr { host: "127.24.119.1" port: 32951 } } peers { permanent_uuid: "10bda0b4856f4441b5aed24cdc4764a8" member_type: VOTER last_known_addr { host: "127.24.119.2" port: 38512 } } peers { permanent_uuid: "395763cf325d4ce19859830a7ad35c85" member_type: VOTER last_known_addr { host: "127.24.119.3" port: 39344 } }
I0619 00:11:52.177052 25807 raft_consensus.cc:2487] T 35acf55f35064c1491122a13ff9f5744 P c007a00e65ad41a79da1a0c1050c55b4 [term 1 FOLLOWER]: Leader pre-election lost for term 1. Reason: could not achieve majority
I0619 00:11:52.178155 25724 ts_tablet_manager.cc:1073] T 30a9d9fda8d34caeb8242c372439321b P 395763cf325d4ce19859830a7ad35c85: Time spent starting tablet: real 0.005s user 0.004s sys 0.000s
W0619 00:11:52.178702 25668 heartbeater.cc:587] Failed to heartbeat to 127.24.119.61:46325: Network error: Failed to ping master at 127.24.119.61:46325: Client connection negotiation failed: client connection to 127.24.119.61:46325: connect: Connection refused (error 111)
I0619 00:11:52.179132 25724 ts_tablet_manager.cc:1028] T a52cbcbe35374d518bca1e0fc24d88d4 P 395763cf325d4ce19859830a7ad35c85: Bootstrapping tablet
I0619 00:11:52.179069 25464 tablet_service.cc:800] Processing DeleteTablet for tablet edfdedbd4eca4b62be24b1649f820d0e with delete_type TABLET_DATA_DELETED (Table deleted at 2018-06-19 00:11:52 PDT) from {username='jenkins'} at 127.24.119.2:51757
I0619 00:11:52.179510 25724 tablet_bootstrap.cc:427] T a52cbcbe35374d518bca1e0fc24d88d4 P 395763cf325d4ce19859830a7ad35c85: Bootstrap starting.
I0619 00:11:52.179877 25464 tablet_service.cc:800] Processing DeleteTablet for tablet f372b9fb174844eca1662c62039a3c71 with delete_type TABLET_DATA_DELETED (replaced by tablet 30a9d9fda8d34caeb8242c372439321b) from {username='jenkins'} at 127.24.119.2:51757
I0619 00:11:52.181159 25489 tablet_service.cc:995] Received RequestConsensusVote() RPC: tablet_id: "3722b203a516466489c74ef6013eacae" candidate_uuid: "395763cf325d4ce19859830a7ad35c85" candidate_term: 1 candidate_status { last_received { term: 0 index: 0 } } ignore_live_leader: false dest_uuid: "10bda0b4856f4441b5aed24cdc4764a8" is_pre_election: true
W0619 00:11:52.181454 25668 heartbeater.cc:587] Failed to heartbeat to 127.24.119.61:46325: Network error: Failed to ping master at 127.24.119.61:46325: Client connection negotiation failed: client connection to 127.24.119.61:46325: connect: Connection refused (error 111)
I0619 00:11:52.181591 25325 ts_tablet_manager.cc:1173] T 0a7470bfeab041f9895e491231b57eb7 P c007a00e65ad41a79da1a0c1050c55b4: Registered tablet (data state: TABLET_DATA_READY)
I0619 00:11:52.181725 25727 consensus_queue.cc:227] T 70b9c8c4af0945b69b5577e47b61c054 P c007a00e65ad41a79da1a0c1050c55b4 [NON_LEADER]: Queue going to NON_LEADER mode. State: All replicated index: 0, Majority replicated index: 0, Committed index: 0, Last appended: 0.0, Last appended by leader: 0, Current term: 0, Majority size: -1, State: 0, Mode: NON_LEADER, active raft config: opid_index: -1 OBSOLETE_local: false peers { permanent_uuid: "c007a00e65ad41a79da1a0c1050c55b4" member_type: VOTER last_known_addr { host: "127.24.119.1" port: 32951 } } peers { permanent_uuid: "10bda0b4856f4441b5aed24cdc4764a8" member_type: VOTER last_known_addr { host: "127.24.119.2" port: 38512 } } peers { permanent_uuid: "395763cf325d4ce19859830a7ad35c85" member_type: VOTER last_known_addr { host: "127.24.119.3" port: 39344 } }
I0619 00:11:52.182687 25464 tablet_service.cc:800] Processing DeleteTablet for tablet f372b9fb174844eca1662c62039a3c71 with delete_type TABLET_DATA_DELETED (replaced by tablet 30a9d9fda8d34caeb8242c372439321b) from {username='jenkins'} at 127.24.119.2:51757
W0619 00:11:52.184355 25402 heartbeater.cc:587] Failed to heartbeat to 127.24.119.61:46325: Network error: Failed to ping master at 127.24.119.61:46325: Client connection negotiation failed: client connection to 127.24.119.61:46325: connect: Connection refused (error 111)
W0619 00:11:52.185127 25558 leader_election.cc:306] T 3722b203a516466489c74ef6013eacae P 395763cf325d4ce19859830a7ad35c85 [CANDIDATE]: Term 1 pre-election: Tablet error from VoteRequest() call to peer 10bda0b4856f4441b5aed24cdc4764a8 (127.24.119.2:38512): Illegal state: must be running to vote when last-logged opid is not known
I0619 00:11:52.185398 25558 leader_election.cc:270] T 3722b203a516466489c74ef6013eacae P 395763cf325d4ce19859830a7ad35c85 [CANDIDATE]: Term 1 pre-election: Election decided. Result: candidate lost.
I0619 00:11:52.186043 25811 raft_consensus.cc:2732] T 3722b203a516466489c74ef6013eacae P 395763cf325d4ce19859830a7ad35c85: Snoozing failure detection for 1.925s (election complete)
I0619 00:11:52.186264 25811 raft_consensus.cc:2487] T 3722b203a516466489c74ef6013eacae P 395763cf325d4ce19859830a7ad35c85 [term 0 FOLLOWER]: Leader pre-election lost for term 1. Reason: could not achieve majority
W0619 00:11:52.188514 25402 heartbeater.cc:587] Failed to heartbeat to 127.24.119.61:46325: Network error: Failed to ping master at 127.24.119.61:46325: Client connection negotiation failed: client connection to 127.24.119.61:46325: connect: Connection refused (error 111)
I0619 00:11:52.188760 25323 tablet_service.cc:759] Processing CreateTablet for tablet 1c4c69294cb945938004e5b9a0550e72 (table=default.table_6cd711ffd03644e8a98c73f5d95fa03f [id=9c66376e1d444a928cdf40dbb2292f5f]), partition=RANGE (key) PARTITION UNBOUNDED
I0619 00:11:52.190229 25080 catalog_manager.cc:3881] TS 395763cf325d4ce19859830a7ad35c85 (127.24.119.3:39344) does not have the latest schema for tablet 30a9d9fda8d34caeb8242c372439321b (table default.table_45dd93d67cc94f2c8e9e784347d14167 [id=60a6d49e09f04230abe707ed433d2e9a]). Expected version 1 got 0
I0619 00:11:52.191017 25080 catalog_manager.cc:2891] Scheduling retry of 30a9d9fda8d34caeb8242c372439321b (table default.table_45dd93d67cc94f2c8e9e784347d14167 [id=60a6d49e09f04230abe707ed433d2e9a]) Alter Table RPC with a delay of 48 ms (attempt = 1)
W0619 00:11:52.191355 25080 catalog_manager.cc:3945] Failed to send 30a9d9fda8d34caeb8242c372439321b (table default.table_45dd93d67cc94f2c8e9e784347d14167 [id=60a6d49e09f04230abe707ed433d2e9a]) Alter Table RPC: Not found: failed to reset TS proxy: No leader found: Tablet 30a9d9fda8d34caeb8242c372439321b consensus state has no leader
I0619 00:11:52.191431 25336 tablet_service.cc:759] Processing CreateTablet for tablet fc534f75faf345f487abeda223ad88db (table=default.table_debbb4b8c339468c97105946dd3b40f4 [id=0aca9e47073f4ac29960cd82f4a54ee1]), partition=RANGE (key) PARTITION UNBOUNDED
I0619 00:11:52.193761 25727 ts_tablet_manager.cc:1073] T 70b9c8c4af0945b69b5577e47b61c054 P c007a00e65ad41a79da1a0c1050c55b4: Time spent starting tablet: real 0.071s user 0.004s sys 0.000s
I0619 00:11:52.195652 25724 tablet_bootstrap.cc:578] T a52cbcbe35374d518bca1e0fc24d88d4 P 395763cf325d4ce19859830a7ad35c85: No blocks or log segments found. Creating new log.
I0619 00:11:52.198271 25071 catalog_manager.cc:3113] Sending DeleteTablet(TABLET_DATA_DELETED) for tablet a4c653a255984d3bac88df63362b9334 on 10bda0b4856f4441b5aed24cdc4764a8 (127.24.119.2:38512) (Table deleted at 2018-06-19 00:11:51 PDT)
I0619 00:11:52.198329 25470 ts_tablet_manager.cc:1173] T 0a7470bfeab041f9895e491231b57eb7 P 10bda0b4856f4441b5aed24cdc4764a8: Registered tablet (data state: TABLET_DATA_READY)
I0619 00:11:52.198694 25796 raft_consensus.cc:457] T f372b9fb174844eca1662c62039a3c71 P 10bda0b4856f4441b5aed24cdc4764a8 [term 0 FOLLOWER]: Starting pre-election (no leader contacted us within the election timeout)
I0619 00:11:52.198778 25071 catalog_manager.cc:2891] Scheduling retry of 19ad911ec6704aef85d9b7f172f08bdc (table default.table_5a3f045aae58498688f23e73d119682e [id=9306f61885914c84acf74557c89d2c81]) Alter Table RPC with a delay of 279 ms (attempt = 5)
I0619 00:11:52.199045 25796 raft_consensus.cc:2732] T f372b9fb174844eca1662c62039a3c71 P 10bda0b4856f4441b5aed24cdc4764a8: Snoozing failure detection for 1.859s (starting election)
W0619 00:11:52.199167 25071 catalog_manager.cc:2910] Async tablet task 19ad911ec6704aef85d9b7f172f08bdc (table default.table_5a3f045aae58498688f23e73d119682e [id=9306f61885914c84acf74557c89d2c81]) Alter Table RPC failed: Not found: failed to reset TS proxy: No leader found: Tablet 19ad911ec6704aef85d9b7f172f08bdc consensus state has no leader
I0619 00:11:52.199584 25071 catalog_manager.cc:2891] Scheduling retry of 3722b203a516466489c74ef6013eacae (table default.table_fb89f806be98424aa43bd01b3f816a80 [id=a17737f9d2924cc09f372527fb91188b]) Alter Table RPC with a delay of 275 ms (attempt = 5)
I0619 00:11:52.199307 25796 raft_consensus.cc:479] T f372b9fb174844eca1662c62039a3c71 P 10bda0b4856f4441b5aed24cdc4764a8 [term 0 FOLLOWER]: Starting pre-election with config: opid_index: -1 OBSOLETE_local: false peers { permanent_uuid: "10bda0b4856f4441b5aed24cdc4764a8" member_type: VOTER last_known_addr { host: "127.24.119.2" port: 38512 } } peers { permanent_uuid: "c007a00e65ad41a79da1a0c1050c55b4" member_type: VOTER last_known_addr { host: "127.24.119.1" port: 32951 } } peers { permanent_uuid: "395763cf325d4ce19859830a7ad35c85" member_type: VOTER last_known_addr { host: "127.24.119.3" port: 39344 } }
W0619 00:11:52.199862 25071 catalog_manager.cc:2910] Async tablet task 3722b203a516466489c74ef6013eacae (table default.table_fb89f806be98424aa43bd01b3f816a80 [id=a17737f9d2924cc09f372527fb91188b]) Alter Table RPC failed: Not found: failed to reset TS proxy: No leader found: Tablet 3722b203a516466489c74ef6013eacae consensus state has no leader
I0619 00:11:52.200336 25796 leader_election.cc:243] T f372b9fb174844eca1662c62039a3c71 P 10bda0b4856f4441b5aed24cdc4764a8 [CANDIDATE]: Term 1 pre-election: Requesting pre-vote from peer c007a00e65ad41a79da1a0c1050c55b4 (127.24.119.1:32951)
I0619 00:11:52.201086 25326 tablet_service.cc:759] Processing CreateTablet for tablet 9d44681acacf4f04b6fcfbd4c9a18e87 (table=default.table_6ace57434b5243c7bd22bd60752a065d [id=47a2f8c4d1f748a69c2bb0416bdb87e4]), partition=RANGE (key) PARTITION UNBOUNDED
I0619 00:11:52.201236 25796 leader_election.cc:243] T f372b9fb174844eca1662c62039a3c71 P 10bda0b4856f4441b5aed24cdc4764a8 [CANDIDATE]: Term 1 pre-election: Requesting pre-vote from peer 395763cf325d4ce19859830a7ad35c85 (127.24.119.3:39344)
I0619 00:11:52.201709 25326 data_dirs.cc:934] Could only allocate 1 dirs of requested 3 for tablet 9d44681acacf4f04b6fcfbd4c9a18e87. 1 dirs total, 0 dirs full, 0 dirs failed
I0619 00:11:52.202009 25354 tablet_service.cc:995] Received RequestConsensusVote() RPC: tablet_id: "f372b9fb174844eca1662c62039a3c71" candidate_uuid: "10bda0b4856f4441b5aed24cdc4764a8" candidate_term: 1 candidate_status { last_received { term: 0 index: 0 } } ignore_live_leader: false dest_uuid: "c007a00e65ad41a79da1a0c1050c55b4" is_pre_election: true
W0619 00:11:52.203450 25419 leader_election.cc:306] T f372b9fb174844eca1662c62039a3c71 P 10bda0b4856f4441b5aed24cdc4764a8 [CANDIDATE]: Term 1 pre-election: Tablet error from VoteRequest() call to peer c007a00e65ad41a79da1a0c1050c55b4 (127.24.119.1:32951): Illegal state: must be running to vote when last-logged opid is not known
I0619 00:11:52.203574 25067 catalog_manager.cc:3091] TS c007a00e65ad41a79da1a0c1050c55b4 (127.24.119.1:32951): tablet 292b164659e343158de8e7e3eeb9be31 (table default.table_4c17e965f551446d965e5fa1499cad9a [id=e2a7900f428948bab0aefd132d8874d4]) successfully deleted
I0619 00:11:52.204007 25336 data_dirs.cc:934] Could only allocate 1 dirs of requested 3 for tablet fc534f75faf345f487abeda223ad88db. 1 dirs total, 0 dirs full, 0 dirs failed
I0619 00:11:52.204267 25741 tablet_replica.cc:261] T aaf62da07a9740c1aa44359d3f604513 P c007a00e65ad41a79da1a0c1050c55b4: stopping tablet replica
I0619 00:11:52.204556 25741 maintenance_manager.cc:237] P c007a00e65ad41a79da1a0c1050c55b4: Unregistered op CompactRowSetsOp(aaf62da07a9740c1aa44359d3f604513)
W0619 00:11:52.204567 25423 leader_election.cc:306] T f372b9fb174844eca1662c62039a3c71 P 10bda0b4856f4441b5aed24cdc4764a8 [CANDIDATE]: Term 1 pre-election: Tablet error from VoteRequest() call to peer 395763cf325d4ce19859830a7ad35c85 (127.24.119.3:39344): Not found: Tablet not found: f372b9fb174844eca1662c62039a3c71
I0619 00:11:52.204841 25423 leader_election.cc:270] T f372b9fb174844eca1662c62039a3c71 P 10bda0b4856f4441b5aed24cdc4764a8 [CANDIDATE]: Term 1 pre-election: Election decided. Result: candidate lost.
I0619 00:11:52.204864 25741 maintenance_manager.cc:237] P c007a00e65ad41a79da1a0c1050c55b4: Unregistered op MinorDeltaCompactionOp(aaf62da07a9740c1aa44359d3f604513)
I0619 00:11:52.205112 25741 maintenance_manager.cc:237] P c007a00e65ad41a79da1a0c1050c55b4: Unregistered op MajorDeltaCompactionOp(aaf62da07a9740c1aa44359d3f604513)
I0619 00:11:52.205343 25741 maintenance_manager.cc:237] P c007a00e65ad41a79da1a0c1050c55b4: Unregistered op UndoDeltaBlockGCOp(aaf62da07a9740c1aa44359d3f604513)
I0619 00:11:52.205437 25796 raft_consensus.cc:2732] T f372b9fb174844eca1662c62039a3c71 P 10bda0b4856f4441b5aed24cdc4764a8: Snoozing failure detection for 1.790s (election complete)
I0619 00:11:52.205646 25741 maintenance_manager.cc:237] P c007a00e65ad41a79da1a0c1050c55b4: Unregistered op FlushMRSOp(aaf62da07a9740c1aa44359d3f604513)
I0619 00:11:52.205677 25796 raft_consensus.cc:2487] T f372b9fb174844eca1662c62039a3c71 P 10bda0b4856f4441b5aed24cdc4764a8 [term 0 FOLLOWER]: Leader pre-election lost for term 1. Reason: could not achieve majority
I0619 00:11:52.205919 25741 maintenance_manager.cc:237] P c007a00e65ad41a79da1a0c1050c55b4: Unregistered op FlushDeltaMemStoresOp(aaf62da07a9740c1aa44359d3f604513)
I0619 00:11:52.206140 25741 maintenance_manager.cc:237] P c007a00e65ad41a79da1a0c1050c55b4: Unregistered op LogGCOp(aaf62da07a9740c1aa44359d3f604513)
I0619 00:11:52.206346 25741 raft_consensus.cc:2042] T aaf62da07a9740c1aa44359d3f604513 P c007a00e65ad41a79da1a0c1050c55b4 [term 1 FOLLOWER]: Raft consensus shutting down.
I0619 00:11:52.206658 25741 raft_consensus.cc:2069] T aaf62da07a9740c1aa44359d3f604513 P c007a00e65ad41a79da1a0c1050c55b4 [term 1 FOLLOWER]: Raft consensus is shut down!
I0619 00:11:52.207825 25741 ts_tablet_manager.cc:1369] T aaf62da07a9740c1aa44359d3f604513 P c007a00e65ad41a79da1a0c1050c55b4: Deleting tablet data with delete state TABLET_DATA_DELETED
I0619 00:11:52.204988 25323 data_dirs.cc:934] Could only allocate 1 dirs of requested 3 for tablet 1c4c69294cb945938004e5b9a0550e72. 1 dirs total, 0 dirs full, 0 dirs failed
I0619 00:11:52.209511 25727 ts_tablet_manager.cc:1028] T acc89522b693498c987ca5d8ef8275ea P c007a00e65ad41a79da1a0c1050c55b4: Bootstrapping tablet
I0619 00:11:52.209779 25080 catalog_manager.cc:3663] Got report from deleted tablet 70b9c8c4af0945b69b5577e47b61c054 (table default.table_d8b3984991a442fe95208294f57d466f [id=91bbf689574642628414fb1fb25efc63]) (replaced by tablet a85577b0beba4276b963e5c360544bc7): Sending delete request for this tablet
I0619 00:11:52.209903 25727 tablet_bootstrap.cc:427] T acc89522b693498c987ca5d8ef8275ea P c007a00e65ad41a79da1a0c1050c55b4: Bootstrap starting.
I0619 00:11:52.210508 25080 catalog_manager.cc:3113] Sending DeleteTablet(TABLET_DATA_DELETED) for tablet 70b9c8c4af0945b69b5577e47b61c054 on c007a00e65ad41a79da1a0c1050c55b4 (127.24.119.1:32951) (replaced by tablet a85577b0beba4276b963e5c360544bc7)
I0619 00:11:52.212313 25068 catalog_manager.cc:2891] Scheduling retry of acc89522b693498c987ca5d8ef8275ea (table default.table_48d04a9a6f224dd983111f0215fb417b [id=01235cbfa38b48a9bbfbb0b4630c5d23]) Alter Table RPC with a delay of 1060 ms (attempt = 7)
W0619 00:11:52.212594 25068 catalog_manager.cc:2910] Async tablet task acc89522b693498c987ca5d8ef8275ea (table default.table_48d04a9a6f224dd983111f0215fb417b [id=01235cbfa38b48a9bbfbb0b4630c5d23]) Alter Table RPC failed: Not found: failed to reset TS proxy: No leader found: Tablet acc89522b693498c987ca5d8ef8275ea consensus state has no leader
I0619 00:11:52.212673 25325 tablet_service.cc:800] Processing DeleteTablet for tablet 70b9c8c4af0945b69b5577e47b61c054 with delete_type TABLET_DATA_DELETED (replaced by tablet a85577b0beba4276b963e5c360544bc7) from {username='jenkins'} at 127.24.119.1:46159
I0619 00:11:52.215720 25325 tablet_service.cc:759] Processing CreateTablet for tablet 9e5e691e6d374cd4bba1f18d8c821723 (table=default.table_b6fb03b2b1ed49ab94d4e017c1ba1408 [id=9249a51147764492bf0fb06b5c500da7]), partition=RANGE (key) PARTITION UNBOUNDED
I0619 00:11:52.216048 25326 ts_tablet_manager.cc:1173] T 9d44681acacf4f04b6fcfbd4c9a18e87 P c007a00e65ad41a79da1a0c1050c55b4: Registered tablet (data state: TABLET_DATA_READY)
I0619 00:11:52.217393 25727 tablet_bootstrap.cc:578] T acc89522b693498c987ca5d8ef8275ea P c007a00e65ad41a79da1a0c1050c55b4: No blocks or log segments found. Creating new log.
I0619 00:11:52.217329 25080 catalog_manager.cc:3663] Got report from deleted tablet 70b9c8c4af0945b69b5577e47b61c054 (table default.table_d8b3984991a442fe95208294f57d466f [id=91bbf689574642628414fb1fb25efc63]) (replaced by tablet a85577b0beba4276b963e5c360544bc7): Sending delete request for this tablet
I0619 00:11:52.218063 25080 catalog_manager.cc:3113] Sending DeleteTablet(TABLET_DATA_DELETED) for tablet 70b9c8c4af0945b69b5577e47b61c054 on c007a00e65ad41a79da1a0c1050c55b4 (127.24.119.1:32951) (replaced by tablet a85577b0beba4276b963e5c360544bc7)
I0619 00:11:52.200440 25071 catalog_manager.cc:3113] Sending DeleteTablet(TABLET_DATA_DELETED) for tablet a85577b0beba4276b963e5c360544bc7 on 10bda0b4856f4441b5aed24cdc4764a8 (127.24.119.2:38512) (Table deleted at 2018-06-19 00:11:49 PDT)
I0619 00:11:52.222862 25601 tablet_service.cc:759] Processing CreateTablet for tablet 1c4c69294cb945938004e5b9a0550e72 (table=default.table_6cd711ffd03644e8a98c73f5d95fa03f [id=9c66376e1d444a928cdf40dbb2292f5f]), partition=RANGE (key) PARTITION UNBOUNDED
I0619 00:11:52.223482 25601 data_dirs.cc:934] Could only allocate 1 dirs of requested 3 for tablet 1c4c69294cb945938004e5b9a0550e72. 1 dirs total, 0 dirs full, 0 dirs failed
I0619 00:11:52.223541 25464 tablet_service.cc:759] Processing CreateTablet for tablet fc534f75faf345f487abeda223ad88db (table=default.table_debbb4b8c339468c97105946dd3b40f4 [id=0aca9e47073f4ac29960cd82f4a54ee1]), partition=RANGE (key) PARTITION UNBOUNDED
I0619 00:11:52.223930 25725 tablet_bootstrap.cc:427] T a85577b0beba4276b963e5c360544bc7 P 10bda0b4856f4441b5aed24cdc4764a8: No bootstrap required, opened a new log
I0619 00:11:52.224156 25464 data_dirs.cc:934] Could only allocate 1 dirs of requested 3 for tablet fc534f75faf345f487abeda223ad88db. 1 dirs total, 0 dirs full, 0 dirs failed
I0619 00:11:52.224244 25725 ts_tablet_manager.cc:1045] T a85577b0beba4276b963e5c360544bc7 P 10bda0b4856f4441b5aed24cdc4764a8: Time spent bootstrapping tablet: real 0.088s user 0.004s sys 0.001s
I0619 00:11:52.224757 25071 catalog_manager.cc:3113] Sending DeleteTablet(TABLET_DATA_DELETED) for tablet a52cbcbe35374d518bca1e0fc24d88d4 on 10bda0b4856f4441b5aed24cdc4764a8 (127.24.119.2:38512) (Table deleted at 2018-06-19 00:11:50 PDT)
I0619 00:11:52.225133 25071 catalog_manager.cc:3113] Sending DeleteTablet(TABLET_DATA_DELETED) for tablet a52cbcbe35374d518bca1e0fc24d88d4 on 10bda0b4856f4441b5aed24cdc4764a8 (127.24.119.2:38512) (Table deleted at 2018-06-19 00:11:50 PDT)
I0619 00:11:52.226354 25602 tablet_service.cc:759] Processing CreateTablet for tablet fc534f75faf345f487abeda223ad88db (table=default.table_debbb4b8c339468c97105946dd3b40f4 [id=0aca9e47073f4ac29960cd82f4a54ee1]), partition=RANGE (key) PARTITION UNBOUNDED
I0619 00:11:52.226943 25602 data_dirs.cc:934] Could only allocate 1 dirs of requested 3 for tablet fc534f75faf345f487abeda223ad88db. 1 dirs total, 0 dirs full, 0 dirs failed
I0619 00:11:52.227941 25468 tablet_service.cc:800] Processing DeleteTablet for tablet a4c653a255984d3bac88df63362b9334 with delete_type TABLET_DATA_DELETED (Table deleted at 2018-06-19 00:11:51 PDT) from {username='jenkins'} at 127.24.119.2:51757
I0619 00:11:52.228332 25796 raft_consensus.cc:457] T 03522c48c50943b38cae5aa88562e583 P 10bda0b4856f4441b5aed24cdc4764a8 [term 0 FOLLOWER]: Starting pre-election (no leader contacted us within the election timeout)
I0619 00:11:52.229025 25796 raft_consensus.cc:2732] T 03522c48c50943b38cae5aa88562e583 P 10bda0b4856f4441b5aed24cdc4764a8: Snoozing failure detection for 1.529s (starting election)
I0619 00:11:52.226074 25725 raft_consensus.cc:325] T a85577b0beba4276b963e5c360544bc7 P 10bda0b4856f4441b5aed24cdc4764a8 [term 0 FOLLOWER]: Replica starting. Triggering 0 pending transactions. Active config: opid_index: -1 OBSOLETE_local: false peers { permanent_uuid: "c007a00e65ad41a79da1a0c1050c55b4" member_type: VOTER last_known_addr { host: "127.24.119.1" port: 32951 } } peers { permanent_uuid: "10bda0b4856f4441b5aed24cdc4764a8" member_type: VOTER last_known_addr { host: "127.24.119.2" port: 38512 } } peers { permanent_uuid: "395763cf325d4ce19859830a7ad35c85" member_type: VOTER last_known_addr { host: "127.24.119.3" port: 39344 } }
I0619 00:11:52.229365 25067 catalog_manager.cc:2891] Scheduling retry of 981d862d1bab4b14bb10e6fc2174e1cc (table default.table_48d04a9a6f224dd983111f0215fb417b [id=01235cbfa38b48a9bbfbb0b4630c5d23]) Alter Table RPC with a delay of 143 ms (attempt = 4)
I0619 00:11:52.229570 25725 raft_consensus.cc:351] T a85577b0beba4276b963e5c360544bc7 P 10bda0b4856f4441b5aed24cdc4764a8 [term 0 FOLLOWER]: Consensus starting up: Expiring failure detector timer to make a prompt election more likely
I0619 00:11:52.229260 25796 raft_consensus.cc:479] T 03522c48c50943b38cae5aa88562e583 P 10bda0b4856f4441b5aed24cdc4764a8 [term 0 FOLLOWER]: Starting pre-election with config: opid_index: -1 OBSOLETE_local: false peers { permanent_uuid: "10bda0b4856f4441b5aed24cdc4764a8" member_type: VOTER last_known_addr { host: "127.24.119.2" port: 38512 } } peers { permanent_uuid: "c007a00e65ad41a79da1a0c1050c55b4" member_type: VOTER last_known_addr { host: "127.24.119.1" port: 32951 } } peers { permanent_uuid: "395763cf325d4ce19859830a7ad35c85" member_type: VOTER last_known_addr { host: "127.24.119.3" port: 39344 } }
W0619 00:11:52.229655 25067 catalog_manager.cc:2910] Async tablet task 981d862d1bab4b14bb10e6fc2174e1cc (table default.table_48d04a9a6f224dd983111f0215fb417b [id=01235cbfa38b48a9bbfbb0b4630c5d23]) Alter Table RPC failed: Not found: failed to reset TS proxy: No leader found: Tablet 981d862d1bab4b14bb10e6fc2174e1cc consensus state has no leader
I0619 00:11:52.229780 25725 raft_consensus.cc:628] T a85577b0beba4276b963e5c360544bc7 P 10bda0b4856f4441b5aed24cdc4764a8 [term 0 FOLLOWER]: Becoming Follower/Learner. State: Replica: 10bda0b4856f4441b5aed24cdc4764a8, State: Initialized, Role: FOLLOWER
