I0619 00:11:49.474166 25741 log.cc:986] T 6d6363f6403b4104b15b329ab7f0e483 P c007a00e65ad41a79da1a0c1050c55b4: Deleting WAL directory at /data/somelongdirectorytoavoidrpathissues/src/kudutest/master-stress-test.0.HmsConfigurations_MasterStressTest.Test_0.1529392303277196-25052/minicluster-data/ts-0/wal/wals/6d6363f6403b4104b15b329ab7f0e483
I0619 00:11:49.474731 25741 ts_tablet_manager.cc:1403] T 6d6363f6403b4104b15b329ab7f0e483 P c007a00e65ad41a79da1a0c1050c55b4: Deleting consensus metadata
I0619 00:11:49.468401 25724 consensus_queue.cc:227] T 1d10fb4561924e2e8d53c7a0b22a426e P 395763cf325d4ce19859830a7ad35c85 [NON_LEADER]: Queue going to NON_LEADER mode. State: All replicated index: 0, Majority replicated index: 0, Committed index: 0, Last appended: 0.0, Last appended by leader: 0, Current term: 0, Majority size: -1, State: 0, Mode: NON_LEADER, active raft config: opid_index: -1 OBSOLETE_local: false peers { permanent_uuid: "c007a00e65ad41a79da1a0c1050c55b4" member_type: VOTER last_known_addr { host: "127.24.119.1" port: 32951 } } peers { permanent_uuid: "10bda0b4856f4441b5aed24cdc4764a8" member_type: VOTER last_known_addr { host: "127.24.119.2" port: 38512 } } peers { permanent_uuid: "395763cf325d4ce19859830a7ad35c85" member_type: VOTER last_known_addr { host: "127.24.119.3" port: 39344 } }
I0619 00:11:49.479184 25087 master_service.cc:523] ReplaceTablet: received request to replace tablet 3b80a302aacb418091aee54ab4be7249 from {username='jenkins'} at 127.24.119.62:54390
W0619 00:11:49.485132 25668 heartbeater.cc:587] Failed to heartbeat to 127.24.119.61:46325: Network error: Failed to ping master at 127.24.119.61:46325: Client connection negotiation failed: client connection to 127.24.119.61:46325: connect: Connection refused (error 111)
I0619 00:11:49.485570 25082 catalog_manager.cc:4025] T 00000000000000000000000000000000 P cb25d1bba5bf4c64914f300f122ec898: Sending DeleteTablet for 3 replicas of tablet 4c0614e9ed96420886243a6868f2e75e
I0619 00:11:49.485795 25083 catalog_manager.cc:3881] TS 395763cf325d4ce19859830a7ad35c85 (127.24.119.3:39344) does not have the latest schema for tablet 1d10fb4561924e2e8d53c7a0b22a426e (table default.table_f4fd4524d920428fa515c1266d90fb2a [id=b46718e25afb4950af6cacec1d51a9ba]). Expected version 1 got 0
I0619 00:11:49.485916 25082 catalog_manager.cc:3113] Sending DeleteTablet(TABLET_DATA_DELETED) for tablet 4c0614e9ed96420886243a6868f2e75e on c007a00e65ad41a79da1a0c1050c55b4 (127.24.119.1:32951) (Table deleted at 2018-06-19 00:11:49 PDT)
I0619 00:11:49.486554 25083 catalog_manager.cc:2891] Scheduling retry of 1d10fb4561924e2e8d53c7a0b22a426e (table default.table_f4fd4524d920428fa515c1266d90fb2a [id=b46718e25afb4950af6cacec1d51a9ba]) Alter Table RPC with a delay of 29 ms (attempt = 1)
W0619 00:11:49.486877 25083 catalog_manager.cc:3945] Failed to send 1d10fb4561924e2e8d53c7a0b22a426e (table default.table_f4fd4524d920428fa515c1266d90fb2a [id=b46718e25afb4950af6cacec1d51a9ba]) Alter Table RPC: Not found: failed to reset TS proxy: No leader found: Tablet 1d10fb4561924e2e8d53c7a0b22a426e consensus state has no leader
I0619 00:11:49.486938 25336 tablet_service.cc:800] Processing DeleteTablet for tablet 4c0614e9ed96420886243a6868f2e75e with delete_type TABLET_DATA_DELETED (Table deleted at 2018-06-19 00:11:49 PDT) from {username='jenkins'} at 127.24.119.1:46159
W0619 00:11:49.487126 25668 heartbeater.cc:587] Failed to heartbeat to 127.24.119.61:46325: Network error: Failed to ping master at 127.24.119.61:46325: Client connection negotiation failed: client connection to 127.24.119.61:46325: connect: Connection refused (error 111)
I0619 00:11:49.490228 25724 ts_tablet_manager.cc:1073] T 1d10fb4561924e2e8d53c7a0b22a426e P 395763cf325d4ce19859830a7ad35c85: Time spent starting tablet: real 0.034s user 0.004s sys 0.000s
I0619 00:11:49.490600 25724 ts_tablet_manager.cc:1028] T 4c0614e9ed96420886243a6868f2e75e P 395763cf325d4ce19859830a7ad35c85: Bootstrapping tablet
I0619 00:11:49.491266 25080 catalog_manager.cc:4025] T 00000000000000000000000000000000 P cb25d1bba5bf4c64914f300f122ec898: Sending DeleteTablet for 3 replicas of tablet ac129ed44f68432f800420175aa0a630
I0619 00:11:49.490984 25724 tablet_bootstrap.cc:427] T 4c0614e9ed96420886243a6868f2e75e P 395763cf325d4ce19859830a7ad35c85: Bootstrap starting.
I0619 00:11:49.491551 25080 catalog_manager.cc:3113] Sending DeleteTablet(TABLET_DATA_DELETED) for tablet ac129ed44f68432f800420175aa0a630 on 10bda0b4856f4441b5aed24cdc4764a8 (127.24.119.2:38512) (replaced by tablet 35acf55f35064c1491122a13ff9f5744)
I0619 00:11:49.491978 25081 catalog_manager.cc:3881] TS 395763cf325d4ce19859830a7ad35c85 (127.24.119.3:39344) does not have the latest schema for tablet 1d10fb4561924e2e8d53c7a0b22a426e (table default.table_f4fd4524d920428fa515c1266d90fb2a [id=b46718e25afb4950af6cacec1d51a9ba]). Expected version 1 got 0
I0619 00:11:49.492725 25081 catalog_manager.cc:2891] Scheduling retry of 1d10fb4561924e2e8d53c7a0b22a426e (table default.table_f4fd4524d920428fa515c1266d90fb2a [id=b46718e25afb4950af6cacec1d51a9ba]) Alter Table RPC with a delay of 27 ms (attempt = 1)
W0619 00:11:49.492987 25081 catalog_manager.cc:3945] Failed to send 1d10fb4561924e2e8d53c7a0b22a426e (table default.table_f4fd4524d920428fa515c1266d90fb2a [id=b46718e25afb4950af6cacec1d51a9ba]) Alter Table RPC: Not found: failed to reset TS proxy: No leader found: Tablet 1d10fb4561924e2e8d53c7a0b22a426e consensus state has no leader
I0619 00:11:49.493919 25469 tablet_service.cc:800] Processing DeleteTablet for tablet ac129ed44f68432f800420175aa0a630 with delete_type TABLET_DATA_DELETED (replaced by tablet 35acf55f35064c1491122a13ff9f5744) from {username='jenkins'} at 127.24.119.2:51757
I0619 00:11:49.492892 25083 catalog_manager.cc:1339] Servicing CreateTable request from {username='jenkins'} at 127.24.119.62:54390: name: "default.table_62055e93837844cd9a5dc2a343a23878" schema { columns { name: "key" type: INT32 is_key: true is_nullable: false encoding: AUTO_ENCODING compression: DEFAULT_COMPRESSION cfile_block_size: 0 } } split_rows_range_bounds { } partition_schema { range_schema { columns { name: "key" } } }
W0619 00:11:49.494554 25083 catalog_manager.cc:1488] The number of live tablet servers is not enough to re-replicate a tablet replica of the newly created table default.table_62055e93837844cd9a5dc2a343a23878 in case of a replica failure: 4 tablet servers are needed, 3 are alive. Consider bringing up additional tablet server(s) or running both the masters and all tablet servers with --raft_prepare_replacement_before_eviction=false flag (not recommended).
I0619 00:11:49.486670 25082 catalog_manager.cc:3113] Sending DeleteTablet(TABLET_DATA_DELETED) for tablet 4c0614e9ed96420886243a6868f2e75e on 10bda0b4856f4441b5aed24cdc4764a8 (127.24.119.2:38512) (Table deleted at 2018-06-19 00:11:49 PDT)
I0619 00:11:49.495723 25469 tablet_service.cc:800] Processing DeleteTablet for tablet 4c0614e9ed96420886243a6868f2e75e with delete_type TABLET_DATA_DELETED (Table deleted at 2018-06-19 00:11:49 PDT) from {username='jenkins'} at 127.24.119.2:51757
I0619 00:11:49.496222 25067 catalog_manager.cc:2891] Scheduling retry of 72e28bc6b57442b782d8aa07e1152cf4 (table default.table_95a48b4d8a824265bb7291a68eb33dc3 [id=fa287205f19a461fa0ba005f9991513b]) Alter Table RPC with a delay of 79 ms (attempt = 3)
W0619 00:11:49.496507 25067 catalog_manager.cc:2910] Async tablet task 72e28bc6b57442b782d8aa07e1152cf4 (table default.table_95a48b4d8a824265bb7291a68eb33dc3 [id=fa287205f19a461fa0ba005f9991513b]) Alter Table RPC failed: Not found: failed to reset TS proxy: No leader found: Tablet 72e28bc6b57442b782d8aa07e1152cf4 consensus state has no leader
I0619 00:11:49.491989 25080 catalog_manager.cc:3113] Sending DeleteTablet(TABLET_DATA_DELETED) for tablet ac129ed44f68432f800420175aa0a630 on c007a00e65ad41a79da1a0c1050c55b4 (127.24.119.1:32951) (replaced by tablet 35acf55f35064c1491122a13ff9f5744)
I0619 00:11:49.497442 25080 catalog_manager.cc:3113] Sending DeleteTablet(TABLET_DATA_DELETED) for tablet ac129ed44f68432f800420175aa0a630 on 395763cf325d4ce19859830a7ad35c85 (127.24.119.3:39344) (replaced by tablet 35acf55f35064c1491122a13ff9f5744)
I0619 00:11:49.497790 25080 catalog_manager.cc:4596] ReplaceTablet: tablet ac129ed44f68432f800420175aa0a630 deleted and replaced by tablet 35acf55f35064c1491122a13ff9f5744
I0619 00:11:49.498270 25724 tablet_bootstrap.cc:578] T 4c0614e9ed96420886243a6868f2e75e P 395763cf325d4ce19859830a7ad35c85: No blocks or log segments found. Creating new log.
I0619 00:11:49.500097 25730 log.cc:986] T 60dfd91c98d94bfbbc6416268c65c378 P 395763cf325d4ce19859830a7ad35c85: Deleting WAL directory at /data/somelongdirectorytoavoidrpathissues/src/kudutest/master-stress-test.0.HmsConfigurations_MasterStressTest.Test_0.1529392303277196-25052/minicluster-data/ts-2/wal/wals/60dfd91c98d94bfbbc6416268c65c378
I0619 00:11:49.500502 25087 catalog_manager.cc:4025] T 00000000000000000000000000000000 P cb25d1bba5bf4c64914f300f122ec898: Sending DeleteTablet for 3 replicas of tablet 3b80a302aacb418091aee54ab4be7249
I0619 00:11:49.500574 25730 ts_tablet_manager.cc:1403] T 60dfd91c98d94bfbbc6416268c65c378 P 395763cf325d4ce19859830a7ad35c85: Deleting consensus metadata
I0619 00:11:49.500802 25087 catalog_manager.cc:3113] Sending DeleteTablet(TABLET_DATA_DELETED) for tablet 3b80a302aacb418091aee54ab4be7249 on 10bda0b4856f4441b5aed24cdc4764a8 (127.24.119.2:38512) (replaced by tablet acc89522b693498c987ca5d8ef8275ea)
I0619 00:11:49.501155 25087 catalog_manager.cc:3113] Sending DeleteTablet(TABLET_DATA_DELETED) for tablet 3b80a302aacb418091aee54ab4be7249 on c007a00e65ad41a79da1a0c1050c55b4 (127.24.119.1:32951) (replaced by tablet acc89522b693498c987ca5d8ef8275ea)
I0619 00:11:49.501514 25087 catalog_manager.cc:3113] Sending DeleteTablet(TABLET_DATA_DELETED) for tablet 3b80a302aacb418091aee54ab4be7249 on 395763cf325d4ce19859830a7ad35c85 (127.24.119.3:39344) (replaced by tablet acc89522b693498c987ca5d8ef8275ea)
I0619 00:11:49.501832 25087 catalog_manager.cc:4596] ReplaceTablet: tablet 3b80a302aacb418091aee54ab4be7249 deleted and replaced by tablet acc89522b693498c987ca5d8ef8275ea
I0619 00:11:49.502166 25741 tablet_replica.cc:261] T a226a7e97a7e44af8301ed4e6363effb P c007a00e65ad41a79da1a0c1050c55b4: stopping tablet replica
I0619 00:11:49.502214 25604 tablet_service.cc:800] Processing DeleteTablet for tablet ac129ed44f68432f800420175aa0a630 with delete_type TABLET_DATA_DELETED (replaced by tablet 35acf55f35064c1491122a13ff9f5744) from {username='jenkins'} at 127.24.119.3:34285
I0619 00:11:49.502393 25741 maintenance_manager.cc:237] P c007a00e65ad41a79da1a0c1050c55b4: Unregistered op CompactRowSetsOp(a226a7e97a7e44af8301ed4e6363effb)
I0619 00:11:49.502637 25741 maintenance_manager.cc:237] P c007a00e65ad41a79da1a0c1050c55b4: Unregistered op MinorDeltaCompactionOp(a226a7e97a7e44af8301ed4e6363effb)
I0619 00:11:49.502866 25604 tablet_service.cc:800] Processing DeleteTablet for tablet 3b80a302aacb418091aee54ab4be7249 with delete_type TABLET_DATA_DELETED (replaced by tablet acc89522b693498c987ca5d8ef8275ea) from {username='jenkins'} at 127.24.119.3:34285
I0619 00:11:49.502849 25741 maintenance_manager.cc:237] P c007a00e65ad41a79da1a0c1050c55b4: Unregistered op MajorDeltaCompactionOp(a226a7e97a7e44af8301ed4e6363effb)
I0619 00:11:49.503216 25469 tablet_service.cc:800] Processing DeleteTablet for tablet 3b80a302aacb418091aee54ab4be7249 with delete_type TABLET_DATA_DELETED (replaced by tablet acc89522b693498c987ca5d8ef8275ea) from {username='jenkins'} at 127.24.119.2:51757
I0619 00:11:49.503321 25741 maintenance_manager.cc:237] P c007a00e65ad41a79da1a0c1050c55b4: Unregistered op UndoDeltaBlockGCOp(a226a7e97a7e44af8301ed4e6363effb)
I0619 00:11:49.503523 25741 maintenance_manager.cc:237] P c007a00e65ad41a79da1a0c1050c55b4: Unregistered op FlushMRSOp(a226a7e97a7e44af8301ed4e6363effb)
I0619 00:11:49.503742 25741 maintenance_manager.cc:237] P c007a00e65ad41a79da1a0c1050c55b4: Unregistered op FlushDeltaMemStoresOp(a226a7e97a7e44af8301ed4e6363effb)
I0619 00:11:49.503954 25730 tablet_replica.cc:261] T ac129ed44f68432f800420175aa0a630 P 395763cf325d4ce19859830a7ad35c85: stopping tablet replica
I0619 00:11:49.503428 25080 catalog_manager.cc:1339] Servicing CreateTable request from {username='jenkins'} at 127.24.119.62:54390: name: "default.table_d8b3984991a442fe95208294f57d466f" schema { columns { name: "key" type: INT32 is_key: true is_nullable: false encoding: AUTO_ENCODING compression: DEFAULT_COMPRESSION cfile_block_size: 0 } } split_rows_range_bounds { } partition_schema { range_schema { columns { name: "key" } } }
I0619 00:11:49.504324 25741 maintenance_manager.cc:237] P c007a00e65ad41a79da1a0c1050c55b4: Unregistered op LogGCOp(a226a7e97a7e44af8301ed4e6363effb)
I0619 00:11:49.504240 25730 maintenance_manager.cc:237] P 395763cf325d4ce19859830a7ad35c85: Unregistered op CompactRowSetsOp(ac129ed44f68432f800420175aa0a630)
I0619 00:11:49.504498 25741 raft_consensus.cc:2042] T a226a7e97a7e44af8301ed4e6363effb P c007a00e65ad41a79da1a0c1050c55b4 [term 0 FOLLOWER]: Raft consensus shutting down.
W0619 00:11:49.504739 25080 catalog_manager.cc:1488] The number of live tablet servers is not enough to re-replicate a tablet replica of the newly created table default.table_d8b3984991a442fe95208294f57d466f in case of a replica failure: 4 tablet servers are needed, 3 are alive. Consider bringing up additional tablet server(s) or running both the masters and all tablet servers with --raft_prepare_replacement_before_eviction=false flag (not recommended).
I0619 00:11:49.504766 25741 raft_consensus.cc:2069] T a226a7e97a7e44af8301ed4e6363effb P c007a00e65ad41a79da1a0c1050c55b4 [term 0 FOLLOWER]: Raft consensus is shut down!
I0619 00:11:49.504607 25730 maintenance_manager.cc:237] P 395763cf325d4ce19859830a7ad35c85: Unregistered op MinorDeltaCompactionOp(ac129ed44f68432f800420175aa0a630)
I0619 00:11:49.505029 25730 maintenance_manager.cc:237] P 395763cf325d4ce19859830a7ad35c85: Unregistered op MajorDeltaCompactionOp(ac129ed44f68432f800420175aa0a630)
I0619 00:11:49.505250 25730 maintenance_manager.cc:237] P 395763cf325d4ce19859830a7ad35c85: Unregistered op UndoDeltaBlockGCOp(ac129ed44f68432f800420175aa0a630)
I0619 00:11:49.505496 25730 maintenance_manager.cc:237] P 395763cf325d4ce19859830a7ad35c85: Unregistered op FlushMRSOp(ac129ed44f68432f800420175aa0a630)
I0619 00:11:49.505959 25729 raft_consensus.cc:457] T 1d10fb4561924e2e8d53c7a0b22a426e P 395763cf325d4ce19859830a7ad35c85 [term 0 FOLLOWER]: Starting pre-election (no leader contacted us within the election timeout)
I0619 00:11:49.505957 25067 catalog_manager.cc:3091] TS c007a00e65ad41a79da1a0c1050c55b4 (127.24.119.1:32951): tablet 6d6363f6403b4104b15b329ab7f0e483 (table default.table_7ea77d77ddd04410989cd2735133a5e5 [id=dd175630a9ac4af5aa17edcb7226e141]) successfully deleted
I0619 00:11:49.506184 25729 raft_consensus.cc:2732] T 1d10fb4561924e2e8d53c7a0b22a426e P 395763cf325d4ce19859830a7ad35c85: Snoozing failure detection for 1.913s (starting election)
I0619 00:11:49.506204 25071 catalog_manager.cc:3091] TS 395763cf325d4ce19859830a7ad35c85 (127.24.119.3:39344): tablet 60dfd91c98d94bfbbc6416268c65c378 (table default.table_041edc89d445491abcd8368e840c196f [id=e5be765de16c4735a50c3acb4a261add]) successfully deleted
W0619 00:11:49.506456 25067 catalog_manager.cc:3083] TS c007a00e65ad41a79da1a0c1050c55b4 (127.24.119.1:32951): delete failed for tablet baf80fd968c44e679987eb4ebe4473de with error code TABLET_NOT_RUNNING: Already present: State transition of tablet baf80fd968c44e679987eb4ebe4473de already in progress: creating tablet
I0619 00:11:49.506667 25067 catalog_manager.cc:2891] Scheduling retry of baf80fd968c44e679987eb4ebe4473de Delete Tablet RPC for TS=c007a00e65ad41a79da1a0c1050c55b4 with a delay of 165 ms (attempt = 4)
I0619 00:11:49.506412 25729 raft_consensus.cc:479] T 1d10fb4561924e2e8d53c7a0b22a426e P 395763cf325d4ce19859830a7ad35c85 [term 0 FOLLOWER]: Starting pre-election with config: opid_index: -1 OBSOLETE_local: false peers { permanent_uuid: "c007a00e65ad41a79da1a0c1050c55b4" member_type: VOTER last_known_addr { host: "127.24.119.1" port: 32951 } } peers { permanent_uuid: "10bda0b4856f4441b5aed24cdc4764a8" member_type: VOTER last_known_addr { host: "127.24.119.2" port: 38512 } } peers { permanent_uuid: "395763cf325d4ce19859830a7ad35c85" member_type: VOTER last_known_addr { host: "127.24.119.3" port: 39344 } }
I0619 00:11:49.507313 25336 tablet_service.cc:800] Processing DeleteTablet for tablet ac129ed44f68432f800420175aa0a630 with delete_type TABLET_DATA_DELETED (replaced by tablet 35acf55f35064c1491122a13ff9f5744) from {username='jenkins'} at 127.24.119.1:46159
I0619 00:11:49.507375 25729 leader_election.cc:243] T 1d10fb4561924e2e8d53c7a0b22a426e P 395763cf325d4ce19859830a7ad35c85 [CANDIDATE]: Term 1 pre-election: Requesting pre-vote from peer c007a00e65ad41a79da1a0c1050c55b4 (127.24.119.1:32951)
I0619 00:11:49.507733 25326 tablet_service.cc:800] Processing DeleteTablet for tablet 3b80a302aacb418091aee54ab4be7249 with delete_type TABLET_DATA_DELETED (replaced by tablet acc89522b693498c987ca5d8ef8275ea) from {username='jenkins'} at 127.24.119.1:46159
I0619 00:11:49.507774 25729 leader_election.cc:243] T 1d10fb4561924e2e8d53c7a0b22a426e P 395763cf325d4ce19859830a7ad35c85 [CANDIDATE]: Term 1 pre-election: Requesting pre-vote from peer 10bda0b4856f4441b5aed24cdc4764a8 (127.24.119.2:38512)
I0619 00:11:49.507961 25727 tablet_bootstrap.cc:427] T 60dfd91c98d94bfbbc6416268c65c378 P c007a00e65ad41a79da1a0c1050c55b4: No bootstrap required, opened a new log
I0619 00:11:49.508267 25727 ts_tablet_manager.cc:1045] T 60dfd91c98d94bfbbc6416268c65c378 P c007a00e65ad41a79da1a0c1050c55b4: Time spent bootstrapping tablet: real 0.096s user 0.004s sys 0.000s
W0619 00:11:49.509658 25067 catalog_manager.cc:3071] TS c007a00e65ad41a79da1a0c1050c55b4 (127.24.119.1:32951): delete failed for tablet 6d6363f6403b4104b15b329ab7f0e483 because the tablet was not found. No further retry: Not found: Tablet not found: 6d6363f6403b4104b15b329ab7f0e483
I0619 00:11:49.509608 25727 raft_consensus.cc:325] T 60dfd91c98d94bfbbc6416268c65c378 P c007a00e65ad41a79da1a0c1050c55b4 [term 0 FOLLOWER]: Replica starting. Triggering 0 pending transactions. Active config: opid_index: -1 OBSOLETE_local: false peers { permanent_uuid: "c007a00e65ad41a79da1a0c1050c55b4" member_type: VOTER last_known_addr { host: "127.24.119.1" port: 32951 } } peers { permanent_uuid: "10bda0b4856f4441b5aed24cdc4764a8" member_type: VOTER last_known_addr { host: "127.24.119.2" port: 38512 } } peers { permanent_uuid: "395763cf325d4ce19859830a7ad35c85" member_type: VOTER last_known_addr { host: "127.24.119.3" port: 39344 } }
I0619 00:11:49.510202 25741 ts_tablet_manager.cc:1369] T a226a7e97a7e44af8301ed4e6363effb P c007a00e65ad41a79da1a0c1050c55b4: Deleting tablet data with delete state TABLET_DATA_DELETED
W0619 00:11:49.510380 25067 catalog_manager.cc:3083] TS c007a00e65ad41a79da1a0c1050c55b4 (127.24.119.1:32951): delete failed for tablet fc22ad98ed2e4e3eb2c62360626a6f87 with error code TABLET_NOT_RUNNING: Already present: State transition of tablet fc22ad98ed2e4e3eb2c62360626a6f87 already in progress: creating tablet
I0619 00:11:49.510593 25067 catalog_manager.cc:2891] Scheduling retry of fc22ad98ed2e4e3eb2c62360626a6f87 Delete Tablet RPC for TS=c007a00e65ad41a79da1a0c1050c55b4 with a delay of 98 ms (attempt = 3)
I0619 00:11:49.510207 25727 raft_consensus.cc:351] T 60dfd91c98d94bfbbc6416268c65c378 P c007a00e65ad41a79da1a0c1050c55b4 [term 0 FOLLOWER]: Consensus starting up: Expiring failure detector timer to make a prompt election more likely
I0619 00:11:49.511296 25727 raft_consensus.cc:628] T 60dfd91c98d94bfbbc6416268c65c378 P c007a00e65ad41a79da1a0c1050c55b4 [term 0 FOLLOWER]: Becoming Follower/Learner. State: Replica: c007a00e65ad41a79da1a0c1050c55b4, State: Initialized, Role: FOLLOWER
I0619 00:11:49.512531 25730 maintenance_manager.cc:237] P 395763cf325d4ce19859830a7ad35c85: Unregistered op FlushDeltaMemStoresOp(ac129ed44f68432f800420175aa0a630)
I0619 00:11:49.511739 25727 consensus_queue.cc:227] T 60dfd91c98d94bfbbc6416268c65c378 P c007a00e65ad41a79da1a0c1050c55b4 [NON_LEADER]: Queue going to NON_LEADER mode. State: All replicated index: 0, Majority replicated index: 0, Committed index: 0, Last appended: 0.0, Last appended by leader: 0, Current term: 0, Majority size: -1, State: 0, Mode: NON_LEADER, active raft config: opid_index: -1 OBSOLETE_local: false peers { permanent_uuid: "c007a00e65ad41a79da1a0c1050c55b4" member_type: VOTER last_known_addr { host: "127.24.119.1" port: 32951 } } peers { permanent_uuid: "10bda0b4856f4441b5aed24cdc4764a8" member_type: VOTER last_known_addr { host: "127.24.119.2" port: 38512 } } peers { permanent_uuid: "395763cf325d4ce19859830a7ad35c85" member_type: VOTER last_known_addr { host: "127.24.119.3" port: 39344 } }
I0619 00:11:49.512857 25730 maintenance_manager.cc:237] P 395763cf325d4ce19859830a7ad35c85: Unregistered op LogGCOp(ac129ed44f68432f800420175aa0a630)
I0619 00:11:49.513062 25730 raft_consensus.cc:2042] T ac129ed44f68432f800420175aa0a630 P 395763cf325d4ce19859830a7ad35c85 [term 0 FOLLOWER]: Raft consensus shutting down.
I0619 00:11:49.513347 25730 raft_consensus.cc:2069] T ac129ed44f68432f800420175aa0a630 P 395763cf325d4ce19859830a7ad35c85 [term 0 FOLLOWER]: Raft consensus is shut down!
I0619 00:11:49.514497 25727 ts_tablet_manager.cc:1073] T 60dfd91c98d94bfbbc6416268c65c378 P c007a00e65ad41a79da1a0c1050c55b4: Time spent starting tablet: real 0.006s user 0.004s sys 0.001s
I0619 00:11:49.514830 25727 ts_tablet_manager.cc:1028] T e3708e05f6054306b5bf7f1df2140e3d P c007a00e65ad41a79da1a0c1050c55b4: Bootstrapping tablet
W0619 00:11:49.515995 25402 heartbeater.cc:587] Failed to heartbeat to 127.24.119.61:46325: Network error: Failed to ping master at 127.24.119.61:46325: Client connection negotiation failed: client connection to 127.24.119.61:46325: connect: Connection refused (error 111)
I0619 00:11:49.515992 25490 tablet_service.cc:995] Received RequestConsensusVote() RPC: tablet_id: "1d10fb4561924e2e8d53c7a0b22a426e" candidate_uuid: "395763cf325d4ce19859830a7ad35c85" candidate_term: 1 candidate_status { last_received { term: 0 index: 0 } } ignore_live_leader: false dest_uuid: "10bda0b4856f4441b5aed24cdc4764a8" is_pre_election: true
I0619 00:11:49.515184 25727 tablet_bootstrap.cc:427] T e3708e05f6054306b5bf7f1df2140e3d P c007a00e65ad41a79da1a0c1050c55b4: Bootstrap starting.
I0619 00:11:49.515663 25067 catalog_manager.cc:3113] Sending DeleteTablet(TABLET_DATA_DELETED) for tablet 6d6363f6403b4104b15b329ab7f0e483 on c007a00e65ad41a79da1a0c1050c55b4 (127.24.119.1:32951) (Table deleted at 2018-06-19 00:11:48 PDT)
W0619 00:11:49.517330 25558 leader_election.cc:306] T 1d10fb4561924e2e8d53c7a0b22a426e P 395763cf325d4ce19859830a7ad35c85 [CANDIDATE]: Term 1 pre-election: Tablet error from VoteRequest() call to peer 10bda0b4856f4441b5aed24cdc4764a8 (127.24.119.2:38512): Illegal state: must be running to vote when last-logged opid is not known
I0619 00:11:49.517498 25356 tablet_service.cc:995] Received RequestConsensusVote() RPC: tablet_id: "1d10fb4561924e2e8d53c7a0b22a426e" candidate_uuid: "395763cf325d4ce19859830a7ad35c85" candidate_term: 1 candidate_status { last_received { term: 0 index: 0 } } ignore_live_leader: false dest_uuid: "c007a00e65ad41a79da1a0c1050c55b4" is_pre_election: true
I0619 00:11:49.518296 25069 catalog_manager.cc:2891] Scheduling retry of 1d10fb4561924e2e8d53c7a0b22a426e (table default.table_f4fd4524d920428fa515c1266d90fb2a [id=b46718e25afb4950af6cacec1d51a9ba]) Alter Table RPC with a delay of 64 ms (attempt = 2)
W0619 00:11:49.518556 25069 catalog_manager.cc:2910] Async tablet task 1d10fb4561924e2e8d53c7a0b22a426e (table default.table_f4fd4524d920428fa515c1266d90fb2a [id=b46718e25afb4950af6cacec1d51a9ba]) Alter Table RPC failed: Not found: failed to reset TS proxy: No leader found: Tablet 1d10fb4561924e2e8d53c7a0b22a426e consensus state has no leader
W0619 00:11:49.519012 25553 leader_election.cc:306] T 1d10fb4561924e2e8d53c7a0b22a426e P 395763cf325d4ce19859830a7ad35c85 [CANDIDATE]: Term 1 pre-election: Tablet error from VoteRequest() call to peer c007a00e65ad41a79da1a0c1050c55b4 (127.24.119.1:32951): Illegal state: must be running to vote when last-logged opid is not known
W0619 00:11:49.519116 25402 heartbeater.cc:587] Failed to heartbeat to 127.24.119.61:46325: Network error: Failed to ping master at 127.24.119.61:46325: Client connection negotiation failed: client connection to 127.24.119.61:46325: connect: Connection refused (error 111)
I0619 00:11:49.519259 25553 leader_election.cc:270] T 1d10fb4561924e2e8d53c7a0b22a426e P 395763cf325d4ce19859830a7ad35c85 [CANDIDATE]: Term 1 pre-election: Election decided. Result: candidate lost.
I0619 00:11:49.520596 25729 raft_consensus.cc:2732] T 1d10fb4561924e2e8d53c7a0b22a426e P 395763cf325d4ce19859830a7ad35c85: Snoozing failure detection for 1.787s (election complete)
I0619 00:11:49.520839 25729 raft_consensus.cc:2487] T 1d10fb4561924e2e8d53c7a0b22a426e P 395763cf325d4ce19859830a7ad35c85 [term 0 FOLLOWER]: Leader pre-election lost for term 1. Reason: could not achieve majority
I0619 00:11:49.522094 25326 tablet_service.cc:800] Processing DeleteTablet for tablet 6d6363f6403b4104b15b329ab7f0e483 with delete_type TABLET_DATA_DELETED (Table deleted at 2018-06-19 00:11:48 PDT) from {username='jenkins'} at 127.24.119.1:46159
I0619 00:11:49.522905 25082 catalog_manager.cc:3113] Sending DeleteTablet(TABLET_DATA_DELETED) for tablet 4c0614e9ed96420886243a6868f2e75e on 395763cf325d4ce19859830a7ad35c85 (127.24.119.3:39344) (Table deleted at 2018-06-19 00:11:49 PDT)
I0619 00:11:49.523090 25725 tablet_bootstrap.cc:427] T 985e23a32fa84104a06dd19d97117ab2 P 10bda0b4856f4441b5aed24cdc4764a8: No bootstrap required, opened a new log
I0619 00:11:49.523427 25725 ts_tablet_manager.cc:1045] T 985e23a32fa84104a06dd19d97117ab2 P 10bda0b4856f4441b5aed24cdc4764a8: Time spent bootstrapping tablet: real 0.077s user 0.003s sys 0.007s
I0619 00:11:49.523978 25604 tablet_service.cc:800] Processing DeleteTablet for tablet 4c0614e9ed96420886243a6868f2e75e with delete_type TABLET_DATA_DELETED (Table deleted at 2018-06-19 00:11:49 PDT) from {username='jenkins'} at 127.24.119.3:34285
I0619 00:11:49.524085 25067 catalog_manager.cc:2891] Scheduling retry of 1d10fb4561924e2e8d53c7a0b22a426e (table default.table_f4fd4524d920428fa515c1266d90fb2a [id=b46718e25afb4950af6cacec1d51a9ba]) Alter Table RPC with a delay of 72 ms (attempt = 2)
W0619 00:11:49.524441 25067 catalog_manager.cc:2910] Async tablet task 1d10fb4561924e2e8d53c7a0b22a426e (table default.table_f4fd4524d920428fa515c1266d90fb2a [id=b46718e25afb4950af6cacec1d51a9ba]) Alter Table RPC failed: Not found: failed to reset TS proxy: No leader found: Tablet 1d10fb4561924e2e8d53c7a0b22a426e consensus state has no leader
I0619 00:11:49.524328 25083 catalog_manager.cc:3663] Got report from deleted tablet 60dfd91c98d94bfbbc6416268c65c378 (table default.table_041edc89d445491abcd8368e840c196f [id=e5be765de16c4735a50c3acb4a261add]) (Table deleted at 2018-06-19 00:11:49 PDT): Sending delete request for this tablet
I0619 00:11:49.526293 25083 catalog_manager.cc:3113] Sending DeleteTablet(TABLET_DATA_DELETED) for tablet 60dfd91c98d94bfbbc6416268c65c378 on c007a00e65ad41a79da1a0c1050c55b4 (127.24.119.1:32951) (Table deleted at 2018-06-19 00:11:49 PDT)
I0619 00:11:49.528704 25727 tablet_bootstrap.cc:578] T e3708e05f6054306b5bf7f1df2140e3d P c007a00e65ad41a79da1a0c1050c55b4: No blocks or log segments found. Creating new log.
I0619 00:11:49.531925 25730 ts_tablet_manager.cc:1369] T ac129ed44f68432f800420175aa0a630 P 395763cf325d4ce19859830a7ad35c85: Deleting tablet data with delete state TABLET_DATA_DELETED
I0619 00:11:49.531765 25469 tablet_service.cc:759] Processing CreateTablet for tablet 35acf55f35064c1491122a13ff9f5744 (table=default.table_e2e6deb5e5764586802390a904ba068f [id=76428d4b5c9a469998b9b5fe01c1d104]), partition=RANGE (key) PARTITION UNBOUNDED
I0619 00:11:49.533079 25736 ts_tablet_manager.cc:1382] T 89a7ff9cdbc046779799e4e8f71adb42 P 10bda0b4856f4441b5aed24cdc4764a8: tablet deleted with delete type TABLET_DATA_DELETED: last-logged OpId 0.0
I0619 00:11:49.533321 25736 log.cc:986] T 89a7ff9cdbc046779799e4e8f71adb42 P 10bda0b4856f4441b5aed24cdc4764a8: Deleting WAL directory at /data/somelongdirectorytoavoidrpathissues/src/kudutest/master-stress-test.0.HmsConfigurations_MasterStressTest.Test_0.1529392303277196-25052/minicluster-data/ts-1/wal/wals/89a7ff9cdbc046779799e4e8f71adb42
I0619 00:11:49.533476 25469 data_dirs.cc:934] Could only allocate 1 dirs of requested 3 for tablet 35acf55f35064c1491122a13ff9f5744. 1 dirs total, 0 dirs full, 0 dirs failed
I0619 00:11:49.532889 25604 tablet_service.cc:759] Processing CreateTablet for tablet 35acf55f35064c1491122a13ff9f5744 (table=default.table_e2e6deb5e5764586802390a904ba068f [id=76428d4b5c9a469998b9b5fe01c1d104]), partition=RANGE (key) PARTITION UNBOUNDED
I0619 00:11:49.533840 25736 ts_tablet_manager.cc:1403] T 89a7ff9cdbc046779799e4e8f71adb42 P 10bda0b4856f4441b5aed24cdc4764a8: Deleting consensus metadata
I0619 00:11:49.534078 25604 data_dirs.cc:934] Could only allocate 1 dirs of requested 3 for tablet 35acf55f35064c1491122a13ff9f5744. 1 dirs total, 0 dirs full, 0 dirs failed
I0619 00:11:49.536206 25736 tablet_replica.cc:261] T baf80fd968c44e679987eb4ebe4473de P 10bda0b4856f4441b5aed24cdc4764a8: stopping tablet replica
I0619 00:11:49.536427 25736 maintenance_manager.cc:237] P 10bda0b4856f4441b5aed24cdc4764a8: Unregistered op CompactRowSetsOp(baf80fd968c44e679987eb4ebe4473de)
I0619 00:11:49.536643 25736 maintenance_manager.cc:237] P 10bda0b4856f4441b5aed24cdc4764a8: Unregistered op MinorDeltaCompactionOp(baf80fd968c44e679987eb4ebe4473de)
I0619 00:11:49.536799 25071 catalog_manager.cc:3091] TS 10bda0b4856f4441b5aed24cdc4764a8 (127.24.119.2:38512): tablet 89a7ff9cdbc046779799e4e8f71adb42 (table default.table_76fe64ca5bbd44279ae948d8df882d65 [id=f25f5cc3e1d64c95a0dcc4e36416c416]) successfully deleted
W0619 00:11:49.537272 25071 catalog_manager.cc:3071] TS 10bda0b4856f4441b5aed24cdc4764a8 (127.24.119.2:38512): delete failed for tablet dc04126054714196af6bdf7e771ffab0 because the tablet was not found. No further retry: Not found: Tablet not found: dc04126054714196af6bdf7e771ffab0
I0619 00:11:49.538331 25326 tablet_service.cc:800] Processing DeleteTablet for tablet 60dfd91c98d94bfbbc6416268c65c378 with delete_type TABLET_DATA_DELETED (Table deleted at 2018-06-19 00:11:49 PDT) from {username='jenkins'} at 127.24.119.1:46159
I0619 00:11:49.533481 25724 tablet_bootstrap.cc:427] T 4c0614e9ed96420886243a6868f2e75e P 395763cf325d4ce19859830a7ad35c85: No bootstrap required, opened a new log
I0619 00:11:49.538887 25724 ts_tablet_manager.cc:1045] T 4c0614e9ed96420886243a6868f2e75e P 395763cf325d4ce19859830a7ad35c85: Time spent bootstrapping tablet: real 0.048s user 0.004s sys 0.001s
I0619 00:11:49.539288 25326 tablet_service.cc:759] Processing CreateTablet for tablet 35acf55f35064c1491122a13ff9f5744 (table=default.table_e2e6deb5e5764586802390a904ba068f [id=76428d4b5c9a469998b9b5fe01c1d104]), partition=RANGE (key) PARTITION UNBOUNDED
I0619 00:11:49.539875 25326 data_dirs.cc:934] Could only allocate 1 dirs of requested 3 for tablet 35acf55f35064c1491122a13ff9f5744. 1 dirs total, 0 dirs full, 0 dirs failed
I0619 00:11:49.540779 25724 raft_consensus.cc:325] T 4c0614e9ed96420886243a6868f2e75e P 395763cf325d4ce19859830a7ad35c85 [term 0 FOLLOWER]: Replica starting. Triggering 0 pending transactions. Active config: opid_index: -1 OBSOLETE_local: false peers { permanent_uuid: "c007a00e65ad41a79da1a0c1050c55b4" member_type: VOTER last_known_addr { host: "127.24.119.1" port: 32951 } } peers { permanent_uuid: "10bda0b4856f4441b5aed24cdc4764a8" member_type: VOTER last_known_addr { host: "127.24.119.2" port: 38512 } } peers { permanent_uuid: "395763cf325d4ce19859830a7ad35c85" member_type: VOTER last_known_addr { host: "127.24.119.3" port: 39344 } }
I0619 00:11:49.543133 25069 catalog_manager.cc:2891] Scheduling retry of fb8e94875a8347a0a473c95a77c38795 (table default.table_84d38522d00a488c82a136b79665c4cd [id=41f48f0e1f87464eb43c5bf2a36f70ef]) Alter Table RPC with a delay of 256 ms (attempt = 5)
W0619 00:11:49.543403 25069 catalog_manager.cc:2910] Async tablet task fb8e94875a8347a0a473c95a77c38795 (table default.table_84d38522d00a488c82a136b79665c4cd [id=41f48f0e1f87464eb43c5bf2a36f70ef]) Alter Table RPC failed: Not found: failed to reset TS proxy: No leader found: Tablet fb8e94875a8347a0a473c95a77c38795 consensus state has no leader
I0619 00:11:49.543776 25724 raft_consensus.cc:351] T 4c0614e9ed96420886243a6868f2e75e P 395763cf325d4ce19859830a7ad35c85 [term 0 FOLLOWER]: Consensus starting up: Expiring failure detector timer to make a prompt election more likely
I0619 00:11:49.543987 25724 raft_consensus.cc:628] T 4c0614e9ed96420886243a6868f2e75e P 395763cf325d4ce19859830a7ad35c85 [term 0 FOLLOWER]: Becoming Follower/Learner. State: Replica: 395763cf325d4ce19859830a7ad35c85, State: Initialized, Role: FOLLOWER
I0619 00:11:49.543468 25743 raft_consensus.cc:457] T e3708e05f6054306b5bf7f1df2140e3d P 10bda0b4856f4441b5aed24cdc4764a8 [term 0 FOLLOWER]: Starting pre-election (no leader contacted us within the election timeout)
I0619 00:11:49.545867 25743 raft_consensus.cc:2732] T e3708e05f6054306b5bf7f1df2140e3d P 10bda0b4856f4441b5aed24cdc4764a8: Snoozing failure detection for 1.798s (starting election)
I0619 00:11:49.546222 25743 raft_consensus.cc:479] T e3708e05f6054306b5bf7f1df2140e3d P 10bda0b4856f4441b5aed24cdc4764a8 [term 0 FOLLOWER]: Starting pre-election with config: opid_index: -1 OBSOLETE_local: false peers { permanent_uuid: "c007a00e65ad41a79da1a0c1050c55b4" member_type: VOTER last_known_addr { host: "127.24.119.1" port: 32951 } } peers { permanent_uuid: "10bda0b4856f4441b5aed24cdc4764a8" member_type: VOTER last_known_addr { host: "127.24.119.2" port: 38512 } } peers { permanent_uuid: "395763cf325d4ce19859830a7ad35c85" member_type: VOTER last_known_addr { host: "127.24.119.3" port: 39344 } }
I0619 00:11:49.547504 25743 leader_election.cc:243] T e3708e05f6054306b5bf7f1df2140e3d P 10bda0b4856f4441b5aed24cdc4764a8 [CANDIDATE]: Term 1 pre-election: Requesting pre-vote from peer c007a00e65ad41a79da1a0c1050c55b4 (127.24.119.1:32951)
I0619 00:11:49.548153 25743 leader_election.cc:243] T e3708e05f6054306b5bf7f1df2140e3d P 10bda0b4856f4441b5aed24cdc4764a8 [CANDIDATE]: Term 1 pre-election: Requesting pre-vote from peer 395763cf325d4ce19859830a7ad35c85 (127.24.119.3:39344)
I0619 00:11:49.548856 25071 catalog_manager.cc:2891] Scheduling retry of fb8e94875a8347a0a473c95a77c38795 (table default.table_84d38522d00a488c82a136b79665c4cd [id=41f48f0e1f87464eb43c5bf2a36f70ef]) Alter Table RPC with a delay of 171 ms (attempt = 4)
W0619 00:11:49.549123 25071 catalog_manager.cc:2910] Async tablet task fb8e94875a8347a0a473c95a77c38795 (table default.table_84d38522d00a488c82a136b79665c4cd [id=41f48f0e1f87464eb43c5bf2a36f70ef]) Alter Table RPC failed: Not found: failed to reset TS proxy: No leader found: Tablet fb8e94875a8347a0a473c95a77c38795 consensus state has no leader
I0619 00:11:49.545843 25736 maintenance_manager.cc:237] P 10bda0b4856f4441b5aed24cdc4764a8: Unregistered op MajorDeltaCompactionOp(baf80fd968c44e679987eb4ebe4473de)
I0619 00:11:49.546921 25724 consensus_queue.cc:227] T 4c0614e9ed96420886243a6868f2e75e P 395763cf325d4ce19859830a7ad35c85 [NON_LEADER]: Queue going to NON_LEADER mode. State: All replicated index: 0, Majority replicated index: 0, Committed index: 0, Last appended: 0.0, Last appended by leader: 0, Current term: 0, Majority size: -1, State: 0, Mode: NON_LEADER, active raft config: opid_index: -1 OBSOLETE_local: false peers { permanent_uuid: "c007a00e65ad41a79da1a0c1050c55b4" member_type: VOTER last_known_addr { host: "127.24.119.1" port: 32951 } } peers { permanent_uuid: "10bda0b4856f4441b5aed24cdc4764a8" member_type: VOTER last_known_addr { host: "127.24.119.2" port: 38512 } } peers { permanent_uuid: "395763cf325d4ce19859830a7ad35c85" member_type: VOTER last_known_addr { host: "127.24.119.3" port: 39344 } }
I0619 00:11:49.553920 25736 maintenance_manager.cc:237] P 10bda0b4856f4441b5aed24cdc4764a8: Unregistered op UndoDeltaBlockGCOp(baf80fd968c44e679987eb4ebe4473de)
I0619 00:11:49.554378 25736 maintenance_manager.cc:237] P 10bda0b4856f4441b5aed24cdc4764a8: Unregistered op FlushMRSOp(baf80fd968c44e679987eb4ebe4473de)
I0619 00:11:49.554044 25080 catalog_manager.cc:1339] Servicing CreateTable request from {username='jenkins'} at 127.24.119.62:54390: name: "default.table_0a2ef368d0f945eaaeeb3e58d57ef718" schema { columns { name: "key" type: INT32 is_key: true is_nullable: false encoding: AUTO_ENCODING compression: DEFAULT_COMPRESSION cfile_block_size: 0 } } split_rows_range_bounds { } partition_schema { range_schema { columns { name: "key" } } }
I0619 00:11:49.554929 25736 maintenance_manager.cc:237] P 10bda0b4856f4441b5aed24cdc4764a8: Unregistered op FlushDeltaMemStoresOp(baf80fd968c44e679987eb4ebe4473de)
W0619 00:11:49.554961 25080 catalog_manager.cc:1488] The number of live tablet servers is not enough to re-replicate a tablet replica of the newly created table default.table_0a2ef368d0f945eaaeeb3e58d57ef718 in case of a replica failure: 4 tablet servers are needed, 3 are alive. Consider bringing up additional tablet server(s) or running both the masters and all tablet servers with --raft_prepare_replacement_before_eviction=false flag (not recommended).
I0619 00:11:49.555371 25736 maintenance_manager.cc:237] P 10bda0b4856f4441b5aed24cdc4764a8: Unregistered op LogGCOp(baf80fd968c44e679987eb4ebe4473de)
I0619 00:11:49.555779 25736 raft_consensus.cc:2042] T baf80fd968c44e679987eb4ebe4473de P 10bda0b4856f4441b5aed24cdc4764a8 [term 0 FOLLOWER]: Raft consensus shutting down.
I0619 00:11:49.555877 25724 ts_tablet_manager.cc:1073] T 4c0614e9ed96420886243a6868f2e75e P 395763cf325d4ce19859830a7ad35c85: Time spent starting tablet: real 0.017s user 0.003s sys 0.001s
I0619 00:11:49.556862 25741 ts_tablet_manager.cc:1382] T a226a7e97a7e44af8301ed4e6363effb P c007a00e65ad41a79da1a0c1050c55b4: tablet deleted with delete type TABLET_DATA_DELETED: last-logged OpId 0.0
I0619 00:11:49.557189 25736 raft_consensus.cc:2069] T baf80fd968c44e679987eb4ebe4473de P 10bda0b4856f4441b5aed24cdc4764a8 [term 0 FOLLOWER]: Raft consensus is shut down!
I0619 00:11:49.558907 25736 ts_tablet_manager.cc:1369] T baf80fd968c44e679987eb4ebe4473de P 10bda0b4856f4441b5aed24cdc4764a8: Deleting tablet data with delete state TABLET_DATA_DELETED
I0619 00:11:49.558801 25083 catalog_manager.cc:2136] Servicing AlterTable request from {username='jenkins'} at 127.24.119.62:54390: table { table_name: "default.table_514667669c72462a95c41b6bb68dc0fe" } new_table_name: "default.table_5ee63bff24ae439588b05c825c6c9282" alter_external_catalogs: true
I0619 00:11:49.559500 25741 log.cc:986] T a226a7e97a7e44af8301ed4e6363effb P c007a00e65ad41a79da1a0c1050c55b4: Deleting WAL directory at /data/somelongdirectorytoavoidrpathissues/src/kudutest/master-stress-test.0.HmsConfigurations_MasterStressTest.Test_0.1529392303277196-25052/minicluster-data/ts-0/wal/wals/a226a7e97a7e44af8301ed4e6363effb
I0619 00:11:49.559545 25082 catalog_manager.cc:1339] Servicing CreateTable request from {username='jenkins'} at 127.24.119.62:54390: name: "default.table_80d7e883b20847feb66d8a68bae7d094" schema { columns { name: "key" type: INT32 is_key: true is_nullable: false encoding: AUTO_ENCODING compression: DEFAULT_COMPRESSION cfile_block_size: 0 } } split_rows_range_bounds { } partition_schema { range_schema { columns { name: "key" } } }
I0619 00:11:49.560287 25741 ts_tablet_manager.cc:1403] T a226a7e97a7e44af8301ed4e6363effb P c007a00e65ad41a79da1a0c1050c55b4: Deleting consensus metadata
W0619 00:11:49.560556 25082 catalog_manager.cc:1488] The number of live tablet servers is not enough to re-replicate a tablet replica of the newly created table default.table_80d7e883b20847feb66d8a68bae7d094 in case of a replica failure: 4 tablet servers are needed, 3 are alive. Consider bringing up additional tablet server(s) or running both the masters and all tablet servers with --raft_prepare_replacement_before_eviction=false flag (not recommended).
I0619 00:11:49.546458 25604 ts_tablet_manager.cc:1173] T 35acf55f35064c1491122a13ff9f5744 P 395763cf325d4ce19859830a7ad35c85: Registered tablet (data state: TABLET_DATA_READY)
I0619 00:11:49.558991 25067 catalog_manager.cc:2891] Scheduling retry of e3708e05f6054306b5bf7f1df2140e3d (table default.table_514667669c72462a95c41b6bb68dc0fe [id=47a2f8c4d1f748a69c2bb0416bdb87e4]) Alter Table RPC with a delay of 289 ms (attempt = 5)
W0619 00:11:49.564131 25067 catalog_manager.cc:2910] Async tablet task e3708e05f6054306b5bf7f1df2140e3d (table default.table_514667669c72462a95c41b6bb68dc0fe [id=47a2f8c4d1f748a69c2bb0416bdb87e4]) Alter Table RPC failed: Not found: failed to reset TS proxy: No leader found: Tablet e3708e05f6054306b5bf7f1df2140e3d consensus state has no leader
I0619 00:11:49.569305 25087 catalog_manager.cc:3663] Got report from deleted tablet 4c0614e9ed96420886243a6868f2e75e (table default.table_581afad997184fb0830cb18cbe8804c3 [id=4a881e07c2634f30bfb601e33cb5d7f0]) (Table deleted at 2018-06-19 00:11:49 PDT): Sending delete request for this tablet
I0619 00:11:49.570031 25087 catalog_manager.cc:3113] Sending DeleteTablet(TABLET_DATA_DELETED) for tablet 4c0614e9ed96420886243a6868f2e75e on 395763cf325d4ce19859830a7ad35c85 (127.24.119.3:39344) (Table deleted at 2018-06-19 00:11:49 PDT)
W0619 00:11:49.570843 25071 consensus_peers.cc:434] T 00000000000000000000000000000000 P cb25d1bba5bf4c64914f300f122ec898 -> Peer b2a016cc9f274bc1979068306ec6d15e (127.24.119.61:46325): Couldn't send request to peer b2a016cc9f274bc1979068306ec6d15e for tablet 00000000000000000000000000000000. Status: Network error: Client connection negotiation failed: client connection to 127.24.119.61:46325: connect: Connection refused (error 111). Retrying in the next heartbeat period. Already tried 3 times.
I0619 00:11:49.571921 25603 tablet_service.cc:800] Processing DeleteTablet for tablet 4c0614e9ed96420886243a6868f2e75e with delete_type TABLET_DATA_DELETED (Table deleted at 2018-06-19 00:11:49 PDT) from {username='jenkins'} at 127.24.119.3:34285
I0619 00:11:49.572494 25087 catalog_manager.cc:2136] Servicing AlterTable request from {username='jenkins'} at 127.24.119.62:54390: table { table_name: "default.table_b4370a7e80854fd8965e81d09a545d89" } new_table_name: "default.table_31a3ade4f34e4e7a96d0bc91603e471d" alter_external_catalogs: true
I0619 00:11:49.573740 25724 ts_tablet_manager.cc:1028] T 36f5eec972454080b7b434b4df7e62e3 P 395763cf325d4ce19859830a7ad35c85: Bootstrapping tablet
I0619 00:11:49.575120 25067 catalog_manager.cc:3091] TS c007a00e65ad41a79da1a0c1050c55b4 (127.24.119.1:32951): tablet a226a7e97a7e44af8301ed4e6363effb (table default.table_de92feb7880c4ea2b3fd76c65c6b3df5 [id=122dad4ddc134d21b827dca8587ed257]) successfully deleted
I0619 00:11:49.575251 25724 tablet_bootstrap.cc:427] T 36f5eec972454080b7b434b4df7e62e3 P 395763cf325d4ce19859830a7ad35c85: Bootstrap starting.
I0619 00:11:49.576206 25080 catalog_manager.cc:3663] Got report from deleted tablet 4c0614e9ed96420886243a6868f2e75e (table default.table_581afad997184fb0830cb18cbe8804c3 [id=4a881e07c2634f30bfb601e33cb5d7f0]) (Table deleted at 2018-06-19 00:11:49 PDT): Sending delete request for this tablet
I0619 00:11:49.576263 25067 catalog_manager.cc:2891] Scheduling retry of 72e28bc6b57442b782d8aa07e1152cf4 (table default.table_95a48b4d8a824265bb7291a68eb33dc3 [id=fa287205f19a461fa0ba005f9991513b]) Alter Table RPC with a delay of 167 ms (attempt = 4)
W0619 00:11:49.576668 25067 catalog_manager.cc:2910] Async tablet task 72e28bc6b57442b782d8aa07e1152cf4 (table default.table_95a48b4d8a824265bb7291a68eb33dc3 [id=fa287205f19a461fa0ba005f9991513b]) Alter Table RPC failed: Not found: failed to reset TS proxy: No leader found: Tablet 72e28bc6b57442b782d8aa07e1152cf4 consensus state has no leader
I0619 00:11:49.576858 25080 catalog_manager.cc:3113] Sending DeleteTablet(TABLET_DATA_DELETED) for tablet 4c0614e9ed96420886243a6868f2e75e on 395763cf325d4ce19859830a7ad35c85 (127.24.119.3:39344) (Table deleted at 2018-06-19 00:11:49 PDT)
W0619 00:11:49.577015 25067 catalog_manager.cc:3071] TS c007a00e65ad41a79da1a0c1050c55b4 (127.24.119.1:32951): delete failed for tablet a226a7e97a7e44af8301ed4e6363effb because the tablet was not found. No further retry: Not found: Tablet not found: a226a7e97a7e44af8301ed4e6363effb
I0619 00:11:49.577400 25083 catalog_manager.cc:2891] Scheduling retry of e3708e05f6054306b5bf7f1df2140e3d (table default.table_5ee63bff24ae439588b05c825c6c9282 [id=47a2f8c4d1f748a69c2bb0416bdb87e4]) Alter Table RPC with a delay of 46 ms (attempt = 1)
W0619 00:11:49.577718 25083 catalog_manager.cc:3998] Failed to send alter table request: Not found: failed to reset TS proxy: No leader found: Tablet e3708e05f6054306b5bf7f1df2140e3d consensus state has no leader
I0619 00:11:49.544934 25725 raft_consensus.cc:325] T 985e23a32fa84104a06dd19d97117ab2 P 10bda0b4856f4441b5aed24cdc4764a8 [term 0 FOLLOWER]: Replica starting. Triggering 0 pending transactions. Active config: opid_index: -1 OBSOLETE_local: false peers { permanent_uuid: "c007a00e65ad41a79da1a0c1050c55b4" member_type: VOTER last_known_addr { host: "127.24.119.1" port: 32951 } } peers { permanent_uuid: "10bda0b4856f4441b5aed24cdc4764a8" member_type: VOTER last_known_addr { host: "127.24.119.2" port: 38512 } } peers { permanent_uuid: "395763cf325d4ce19859830a7ad35c85" member_type: VOTER last_known_addr { host: "127.24.119.3" port: 39344 } }
I0619 00:11:49.578203 25725 raft_consensus.cc:351] T 985e23a32fa84104a06dd19d97117ab2 P 10bda0b4856f4441b5aed24cdc4764a8 [term 0 FOLLOWER]: Consensus starting up: Expiring failure detector timer to make a prompt election more likely
I0619 00:11:49.578419 25725 raft_consensus.cc:628] T 985e23a32fa84104a06dd19d97117ab2 P 10bda0b4856f4441b5aed24cdc4764a8 [term 0 FOLLOWER]: Becoming Follower/Learner. State: Replica: 10bda0b4856f4441b5aed24cdc4764a8, State: Initialized, Role: FOLLOWER
I0619 00:11:49.579329 25463 tablet_service.cc:759] Processing CreateTablet for tablet acc89522b693498c987ca5d8ef8275ea (table=default.table_b4370a7e80854fd8965e81d09a545d89 [id=01235cbfa38b48a9bbfbb0b4630c5d23]), partition=RANGE (key) PARTITION UNBOUNDED
I0619 00:11:49.579833 25604 tablet_service.cc:759] Processing CreateTablet for tablet acc89522b693498c987ca5d8ef8275ea (table=default.table_b4370a7e80854fd8965e81d09a545d89 [id=01235cbfa38b48a9bbfbb0b4630c5d23]), partition=RANGE (key) PARTITION UNBOUNDED
I0619 00:11:49.579427 25725 consensus_queue.cc:227] T 985e23a32fa84104a06dd19d97117ab2 P 10bda0b4856f4441b5aed24cdc4764a8 [NON_LEADER]: Queue going to NON_LEADER mode. State: All replicated index: 0, Majority replicated index: 0, Committed index: 0, Last appended: 0.0, Last appended by leader: 0, Current term: 0, Majority size: -1, State: 0, Mode: NON_LEADER, active raft config: opid_index: -1 OBSOLETE_local: false peers { permanent_uuid: "c007a00e65ad41a79da1a0c1050c55b4" member_type: VOTER last_known_addr { host: "127.24.119.1" port: 32951 } } peers { permanent_uuid: "10bda0b4856f4441b5aed24cdc4764a8" member_type: VOTER last_known_addr { host: "127.24.119.2" port: 38512 } } peers { permanent_uuid: "395763cf325d4ce19859830a7ad35c85" member_type: VOTER last_known_addr { host: "127.24.119.3" port: 39344 } }
I0619 00:11:49.580303 25069 catalog_manager.cc:2891] Scheduling retry of fb8e94875a8347a0a473c95a77c38795 (table default.table_84d38522d00a488c82a136b79665c4cd [id=41f48f0e1f87464eb43c5bf2a36f70ef]) Alter Table RPC with a delay of 299 ms (attempt = 5)
W0619 00:11:49.580626 25069 catalog_manager.cc:2910] Async tablet task fb8e94875a8347a0a473c95a77c38795 (table default.table_84d38522d00a488c82a136b79665c4cd [id=41f48f0e1f87464eb43c5bf2a36f70ef]) Alter Table RPC failed: Not found: failed to reset TS proxy: No leader found: Tablet fb8e94875a8347a0a473c95a77c38795 consensus state has no leader
I0619 00:11:49.580561 25467 tablet_service.cc:759] Processing CreateTablet for tablet 70b9c8c4af0945b69b5577e47b61c054 (table=default.table_d8b3984991a442fe95208294f57d466f [id=91bbf689574642628414fb1fb25efc63]), partition=RANGE (key) PARTITION UNBOUNDED
I0619 00:11:49.581220 25725 ts_tablet_manager.cc:1073] T 985e23a32fa84104a06dd19d97117ab2 P 10bda0b4856f4441b5aed24cdc4764a8: Time spent starting tablet: real 0.037s user 0.002s sys 0.001s
I0619 00:11:49.582365 25326 ts_tablet_manager.cc:1173] T 35acf55f35064c1491122a13ff9f5744 P c007a00e65ad41a79da1a0c1050c55b4: Registered tablet (data state: TABLET_DATA_READY)
I0619 00:11:49.565971 25469 ts_tablet_manager.cc:1173] T 35acf55f35064c1491122a13ff9f5744 P 10bda0b4856f4441b5aed24cdc4764a8: Registered tablet (data state: TABLET_DATA_READY)
I0619 00:11:49.583124 25741 tablet_replica.cc:261] T 60dfd91c98d94bfbbc6416268c65c378 P c007a00e65ad41a79da1a0c1050c55b4: stopping tablet replica
I0619 00:11:49.583561 25069 catalog_manager.cc:2891] Scheduling retry of 1d10fb4561924e2e8d53c7a0b22a426e (table default.table_f4fd4524d920428fa515c1266d90fb2a [id=b46718e25afb4950af6cacec1d51a9ba]) Alter Table RPC with a delay of 77 ms (attempt = 3)
W0619 00:11:49.583830 25069 catalog_manager.cc:2910] Async tablet task 1d10fb4561924e2e8d53c7a0b22a426e (table default.table_f4fd4524d920428fa515c1266d90fb2a [id=b46718e25afb4950af6cacec1d51a9ba]) Alter Table RPC failed: Not found: failed to reset TS proxy: No leader found: Tablet 1d10fb4561924e2e8d53c7a0b22a426e consensus state has no leader
I0619 00:11:49.584200 25463 data_dirs.cc:934] Could only allocate 1 dirs of requested 3 for tablet acc89522b693498c987ca5d8ef8275ea. 1 dirs total, 0 dirs full, 0 dirs failed
