I0619 00:11:49.239497 25725 consensus_queue.cc:227] T dc04126054714196af6bdf7e771ffab0 P 10bda0b4856f4441b5aed24cdc4764a8 [NON_LEADER]: Queue going to NON_LEADER mode. State: All replicated index: 0, Majority replicated index: 0, Committed index: 0, Last appended: 0.0, Last appended by leader: 0, Current term: 0, Majority size: -1, State: 0, Mode: NON_LEADER, active raft config: opid_index: -1 OBSOLETE_local: false peers { permanent_uuid: "10bda0b4856f4441b5aed24cdc4764a8" member_type: VOTER last_known_addr { host: "127.24.119.2" port: 38512 } } peers { permanent_uuid: "c007a00e65ad41a79da1a0c1050c55b4" member_type: VOTER last_known_addr { host: "127.24.119.1" port: 32951 } } peers { permanent_uuid: "395763cf325d4ce19859830a7ad35c85" member_type: VOTER last_known_addr { host: "127.24.119.3" port: 39344 } }
I0619 00:11:49.237094 25082 catalog_manager.cc:1339] Servicing CreateTable request from {username='jenkins'} at 127.24.119.62:54390: name: "default.table_aecb1278dc98420aa83aaae47fb56937" schema { columns { name: "key" type: INT32 is_key: true is_nullable: false encoding: AUTO_ENCODING compression: DEFAULT_COMPRESSION cfile_block_size: 0 } } split_rows_range_bounds { } partition_schema { range_schema { columns { name: "key" } } }
W0619 00:11:49.242980 25082 catalog_manager.cc:1488] The number of live tablet servers is not enough to re-replicate a tablet replica of the newly created table default.table_aecb1278dc98420aa83aaae47fb56937 in case of a replica failure: 4 tablet servers are needed, 3 are alive. Consider bringing up additional tablet server(s) or running both the masters and all tablet servers with --raft_prepare_replacement_before_eviction=false flag (not recommended).
I0619 00:11:49.243331 25085 catalog_manager.cc:3663] Got report from deleted tablet dc04126054714196af6bdf7e771ffab0 (table default.table_706cbf40bb854d3ebbdbdbf69f4e15d6 [id=091a66f5716e463293291bf5aba8723a]) (Table deleted at 2018-06-19 00:11:48 PDT): Sending delete request for this tablet
I0619 00:11:49.244011 25085 catalog_manager.cc:3113] Sending DeleteTablet(TABLET_DATA_DELETED) for tablet dc04126054714196af6bdf7e771ffab0 on 10bda0b4856f4441b5aed24cdc4764a8 (127.24.119.2:38512) (Table deleted at 2018-06-19 00:11:48 PDT)
I0619 00:11:49.244750 25071 catalog_manager.cc:3113] Sending DeleteTablet(TABLET_DATA_DELETED) for tablet dc04126054714196af6bdf7e771ffab0 on 10bda0b4856f4441b5aed24cdc4764a8 (127.24.119.2:38512) (Table deleted at 2018-06-19 00:11:48 PDT)
I0619 00:11:49.244952 25729 raft_consensus.cc:457] T fc22ad98ed2e4e3eb2c62360626a6f87 P 395763cf325d4ce19859830a7ad35c85 [term 0 FOLLOWER]: Starting pre-election (no leader contacted us within the election timeout)
W0619 00:11:49.245098 25536 heartbeater.cc:587] Failed to heartbeat to 127.24.119.61:46325: Network error: Failed to ping master at 127.24.119.61:46325: Client connection negotiation failed: client connection to 127.24.119.61:46325: connect: Connection refused (error 111)
I0619 00:11:49.245214 25729 raft_consensus.cc:2732] T fc22ad98ed2e4e3eb2c62360626a6f87 P 395763cf325d4ce19859830a7ad35c85: Snoozing failure detection for 1.512s (starting election)
I0619 00:11:49.245489 25729 raft_consensus.cc:479] T fc22ad98ed2e4e3eb2c62360626a6f87 P 395763cf325d4ce19859830a7ad35c85 [term 0 FOLLOWER]: Starting pre-election with config: opid_index: -1 OBSOLETE_local: false peers { permanent_uuid: "c007a00e65ad41a79da1a0c1050c55b4" member_type: VOTER last_known_addr { host: "127.24.119.1" port: 32951 } } peers { permanent_uuid: "10bda0b4856f4441b5aed24cdc4764a8" member_type: VOTER last_known_addr { host: "127.24.119.2" port: 38512 } } peers { permanent_uuid: "395763cf325d4ce19859830a7ad35c85" member_type: VOTER last_known_addr { host: "127.24.119.3" port: 39344 } }
I0619 00:11:49.245982 25467 tablet_service.cc:800] Processing DeleteTablet for tablet dc04126054714196af6bdf7e771ffab0 with delete_type TABLET_DATA_DELETED (Table deleted at 2018-06-19 00:11:48 PDT) from {username='jenkins'} at 127.24.119.2:51757
I0619 00:11:49.246405 25463 tablet_service.cc:800] Processing DeleteTablet for tablet dc04126054714196af6bdf7e771ffab0 with delete_type TABLET_DATA_DELETED (Table deleted at 2018-06-19 00:11:48 PDT) from {username='jenkins'} at 127.24.119.2:51757
I0619 00:11:49.246480 25729 leader_election.cc:243] T fc22ad98ed2e4e3eb2c62360626a6f87 P 395763cf325d4ce19859830a7ad35c85 [CANDIDATE]: Term 1 pre-election: Requesting pre-vote from peer c007a00e65ad41a79da1a0c1050c55b4 (127.24.119.1:32951)
I0619 00:11:49.246888 25729 leader_election.cc:243] T fc22ad98ed2e4e3eb2c62360626a6f87 P 395763cf325d4ce19859830a7ad35c85 [CANDIDATE]: Term 1 pre-election: Requesting pre-vote from peer 10bda0b4856f4441b5aed24cdc4764a8 (127.24.119.2:38512)
W0619 00:11:49.247098 25071 catalog_manager.cc:3083] TS 10bda0b4856f4441b5aed24cdc4764a8 (127.24.119.2:38512): delete failed for tablet dc04126054714196af6bdf7e771ffab0 with error code TABLET_NOT_RUNNING: Already present: State transition of tablet dc04126054714196af6bdf7e771ffab0 already in progress: creating tablet
I0619 00:11:49.247321 25071 catalog_manager.cc:2891] Scheduling retry of dc04126054714196af6bdf7e771ffab0 Delete Tablet RPC for TS=10bda0b4856f4441b5aed24cdc4764a8 with a delay of 26 ms (attempt = 1)
W0619 00:11:49.248018 25071 catalog_manager.cc:3083] TS 10bda0b4856f4441b5aed24cdc4764a8 (127.24.119.2:38512): delete failed for tablet dc04126054714196af6bdf7e771ffab0 with error code TABLET_NOT_RUNNING: Already present: State transition of tablet dc04126054714196af6bdf7e771ffab0 already in progress: creating tablet
I0619 00:11:49.248265 25071 catalog_manager.cc:2891] Scheduling retry of dc04126054714196af6bdf7e771ffab0 Delete Tablet RPC for TS=10bda0b4856f4441b5aed24cdc4764a8 with a delay of 162 ms (attempt = 4)
I0619 00:11:49.248327 25356 tablet_service.cc:995] Received RequestConsensusVote() RPC: tablet_id: "fc22ad98ed2e4e3eb2c62360626a6f87" candidate_uuid: "395763cf325d4ce19859830a7ad35c85" candidate_term: 1 candidate_status { last_received { term: 0 index: 0 } } ignore_live_leader: false dest_uuid: "c007a00e65ad41a79da1a0c1050c55b4" is_pre_election: true
I0619 00:11:49.235455 25083 catalog_manager.cc:1339] Servicing CreateTable request from {username='jenkins'} at 127.24.119.62:54390: name: "default.table_b4370a7e80854fd8965e81d09a545d89" schema { columns { name: "key" type: INT32 is_key: true is_nullable: false encoding: AUTO_ENCODING compression: DEFAULT_COMPRESSION cfile_block_size: 0 } } split_rows_range_bounds { } partition_schema { range_schema { columns { name: "key" } } }
W0619 00:11:49.248853 25068 catalog_manager.cc:2910] Async tablet task baf80fd968c44e679987eb4ebe4473de (table default.table_5e925f129a1043b7ab80c112a0ee33e0 [id=eeb1072dfe27492990409ab910065b9c]) Alter Table RPC failed: Not found: failed to reset TS proxy: No leader found: Tablet baf80fd968c44e679987eb4ebe4473de consensus state has no leader
W0619 00:11:49.249332 25083 catalog_manager.cc:1488] The number of live tablet servers is not enough to re-replicate a tablet replica of the newly created table default.table_b4370a7e80854fd8965e81d09a545d89 in case of a replica failure: 4 tablet servers are needed, 3 are alive. Consider bringing up additional tablet server(s) or running both the masters and all tablet servers with --raft_prepare_replacement_before_eviction=false flag (not recommended).
I0619 00:11:49.249678 25085 catalog_manager.cc:3663] Got report from deleted tablet 7507676a768e421dac27fe524538e0bb (table default.table_5e925f129a1043b7ab80c112a0ee33e0 [id=eeb1072dfe27492990409ab910065b9c]) (replaced by tablet baf80fd968c44e679987eb4ebe4473de): Sending delete request for this tablet
I0619 00:11:49.250360 25085 catalog_manager.cc:3113] Sending DeleteTablet(TABLET_DATA_DELETED) for tablet 7507676a768e421dac27fe524538e0bb on c007a00e65ad41a79da1a0c1050c55b4 (127.24.119.1:32951) (replaced by tablet baf80fd968c44e679987eb4ebe4473de)
I0619 00:11:49.251147 25490 tablet_service.cc:995] Received RequestConsensusVote() RPC: tablet_id: "fc22ad98ed2e4e3eb2c62360626a6f87" candidate_uuid: "395763cf325d4ce19859830a7ad35c85" candidate_term: 1 candidate_status { last_received { term: 0 index: 0 } } ignore_live_leader: false dest_uuid: "10bda0b4856f4441b5aed24cdc4764a8" is_pre_election: true
W0619 00:11:49.251674 25536 heartbeater.cc:587] Failed to heartbeat to 127.24.119.61:46325: Network error: Failed to ping master at 127.24.119.61:46325: Client connection negotiation failed: client connection to 127.24.119.61:46325: connect: Connection refused (error 111)
I0619 00:11:49.252717 25336 tablet_service.cc:800] Processing DeleteTablet for tablet 7507676a768e421dac27fe524538e0bb with delete_type TABLET_DATA_DELETED (replaced by tablet baf80fd968c44e679987eb4ebe4473de) from {username='jenkins'} at 127.24.119.1:46159
W0619 00:11:49.252876 25558 leader_election.cc:306] T fc22ad98ed2e4e3eb2c62360626a6f87 P 395763cf325d4ce19859830a7ad35c85 [CANDIDATE]: Term 1 pre-election: Tablet error from VoteRequest() call to peer 10bda0b4856f4441b5aed24cdc4764a8 (127.24.119.2:38512): Illegal state: must be running to vote when last-logged opid is not known
I0619 00:11:49.254434 25085 catalog_manager.cc:3663] Got report from deleted tablet dc04126054714196af6bdf7e771ffab0 (table default.table_706cbf40bb854d3ebbdbdbf69f4e15d6 [id=091a66f5716e463293291bf5aba8723a]) (Table deleted at 2018-06-19 00:11:48 PDT): Sending delete request for this tablet
I0619 00:11:49.255072 25085 catalog_manager.cc:3113] Sending DeleteTablet(TABLET_DATA_DELETED) for tablet dc04126054714196af6bdf7e771ffab0 on 10bda0b4856f4441b5aed24cdc4764a8 (127.24.119.2:38512) (Table deleted at 2018-06-19 00:11:48 PDT)
W0619 00:11:49.255069 25553 leader_election.cc:306] T fc22ad98ed2e4e3eb2c62360626a6f87 P 395763cf325d4ce19859830a7ad35c85 [CANDIDATE]: Term 1 pre-election: Tablet error from VoteRequest() call to peer c007a00e65ad41a79da1a0c1050c55b4 (127.24.119.1:32951): Illegal state: must be running to vote when last-logged opid is not known
I0619 00:11:49.255318 25553 leader_election.cc:270] T fc22ad98ed2e4e3eb2c62360626a6f87 P 395763cf325d4ce19859830a7ad35c85 [CANDIDATE]: Term 1 pre-election: Election decided. Result: candidate lost.
I0619 00:11:49.255439 25725 ts_tablet_manager.cc:1073] T dc04126054714196af6bdf7e771ffab0 P 10bda0b4856f4441b5aed24cdc4764a8: Time spent starting tablet: real 0.023s user 0.005s sys 0.000s
W0619 00:11:49.255837 25067 catalog_manager.cc:3083] TS c007a00e65ad41a79da1a0c1050c55b4 (127.24.119.1:32951): delete failed for tablet 7507676a768e421dac27fe524538e0bb with error code TABLET_NOT_RUNNING: Already present: State transition of tablet 7507676a768e421dac27fe524538e0bb already in progress: creating tablet
I0619 00:11:49.256006 25729 raft_consensus.cc:2732] T fc22ad98ed2e4e3eb2c62360626a6f87 P 395763cf325d4ce19859830a7ad35c85: Snoozing failure detection for 2.185s (election complete)
I0619 00:11:49.256044 25067 catalog_manager.cc:2891] Scheduling retry of 7507676a768e421dac27fe524538e0bb Delete Tablet RPC for TS=c007a00e65ad41a79da1a0c1050c55b4 with a delay of 35 ms (attempt = 1)
I0619 00:11:49.256219 25729 raft_consensus.cc:2487] T fc22ad98ed2e4e3eb2c62360626a6f87 P 395763cf325d4ce19859830a7ad35c85 [term 0 FOLLOWER]: Leader pre-election lost for term 1. Reason: could not achieve majority
I0619 00:11:49.256456 25084 catalog_manager.cc:4025] T 00000000000000000000000000000000 P cb25d1bba5bf4c64914f300f122ec898: Sending DeleteTablet for 3 replicas of tablet fc22ad98ed2e4e3eb2c62360626a6f87
I0619 00:11:49.256768 25084 catalog_manager.cc:3113] Sending DeleteTablet(TABLET_DATA_DELETED) for tablet fc22ad98ed2e4e3eb2c62360626a6f87 on c007a00e65ad41a79da1a0c1050c55b4 (127.24.119.1:32951) (Table deleted at 2018-06-19 00:11:49 PDT)
I0619 00:11:49.257614 25463 tablet_service.cc:800] Processing DeleteTablet for tablet dc04126054714196af6bdf7e771ffab0 with delete_type TABLET_DATA_DELETED (Table deleted at 2018-06-19 00:11:48 PDT) from {username='jenkins'} at 127.24.119.2:51757
I0619 00:11:49.257139 25084 catalog_manager.cc:3113] Sending DeleteTablet(TABLET_DATA_DELETED) for tablet fc22ad98ed2e4e3eb2c62360626a6f87 on 10bda0b4856f4441b5aed24cdc4764a8 (127.24.119.2:38512) (Table deleted at 2018-06-19 00:11:49 PDT)
I0619 00:11:49.258188 25084 catalog_manager.cc:3113] Sending DeleteTablet(TABLET_DATA_DELETED) for tablet fc22ad98ed2e4e3eb2c62360626a6f87 on 395763cf325d4ce19859830a7ad35c85 (127.24.119.3:39344) (Table deleted at 2018-06-19 00:11:49 PDT)
I0619 00:11:49.258178 25336 tablet_service.cc:800] Processing DeleteTablet for tablet fc22ad98ed2e4e3eb2c62360626a6f87 with delete_type TABLET_DATA_DELETED (Table deleted at 2018-06-19 00:11:49 PDT) from {username='jenkins'} at 127.24.119.1:46159
I0619 00:11:49.258764 25463 tablet_service.cc:800] Processing DeleteTablet for tablet fc22ad98ed2e4e3eb2c62360626a6f87 with delete_type TABLET_DATA_DELETED (Table deleted at 2018-06-19 00:11:49 PDT) from {username='jenkins'} at 127.24.119.2:51757
I0619 00:11:49.259097 25736 tablet_replica.cc:261] T dc04126054714196af6bdf7e771ffab0 P 10bda0b4856f4441b5aed24cdc4764a8: stopping tablet replica
I0619 00:11:49.259346 25736 maintenance_manager.cc:237] P 10bda0b4856f4441b5aed24cdc4764a8: Unregistered op CompactRowSetsOp(dc04126054714196af6bdf7e771ffab0)
W0619 00:11:49.259323 25067 catalog_manager.cc:2910] Async tablet task baf80fd968c44e679987eb4ebe4473de (table default.table_5e925f129a1043b7ab80c112a0ee33e0 [id=eeb1072dfe27492990409ab910065b9c]) Alter Table RPC failed: Not found: failed to reset TS proxy: No leader found: Tablet baf80fd968c44e679987eb4ebe4473de consensus state has no leader
I0619 00:11:49.259567 25736 maintenance_manager.cc:237] P 10bda0b4856f4441b5aed24cdc4764a8: Unregistered op MinorDeltaCompactionOp(dc04126054714196af6bdf7e771ffab0)
W0619 00:11:49.259654 25067 catalog_manager.cc:3083] TS c007a00e65ad41a79da1a0c1050c55b4 (127.24.119.1:32951): delete failed for tablet fc22ad98ed2e4e3eb2c62360626a6f87 with error code TABLET_NOT_RUNNING: Already present: State transition of tablet fc22ad98ed2e4e3eb2c62360626a6f87 already in progress: creating tablet
I0619 00:11:49.259786 25736 maintenance_manager.cc:237] P 10bda0b4856f4441b5aed24cdc4764a8: Unregistered op MajorDeltaCompactionOp(dc04126054714196af6bdf7e771ffab0)
I0619 00:11:49.259856 25067 catalog_manager.cc:2891] Scheduling retry of fc22ad98ed2e4e3eb2c62360626a6f87 Delete Tablet RPC for TS=c007a00e65ad41a79da1a0c1050c55b4 with a delay of 62 ms (attempt = 1)
I0619 00:11:49.259969 25736 maintenance_manager.cc:237] P 10bda0b4856f4441b5aed24cdc4764a8: Unregistered op UndoDeltaBlockGCOp(dc04126054714196af6bdf7e771ffab0)
I0619 00:11:49.260208 25736 maintenance_manager.cc:237] P 10bda0b4856f4441b5aed24cdc4764a8: Unregistered op FlushMRSOp(dc04126054714196af6bdf7e771ffab0)
I0619 00:11:49.260270 25604 tablet_service.cc:800] Processing DeleteTablet for tablet fc22ad98ed2e4e3eb2c62360626a6f87 with delete_type TABLET_DATA_DELETED (Table deleted at 2018-06-19 00:11:49 PDT) from {username='jenkins'} at 127.24.119.3:34285
I0619 00:11:49.260402 25736 maintenance_manager.cc:237] P 10bda0b4856f4441b5aed24cdc4764a8: Unregistered op FlushDeltaMemStoresOp(dc04126054714196af6bdf7e771ffab0)
I0619 00:11:49.260586 25736 maintenance_manager.cc:237] P 10bda0b4856f4441b5aed24cdc4764a8: Unregistered op LogGCOp(dc04126054714196af6bdf7e771ffab0)
I0619 00:11:49.260779 25730 tablet_replica.cc:261] T fc22ad98ed2e4e3eb2c62360626a6f87 P 395763cf325d4ce19859830a7ad35c85: stopping tablet replica
I0619 00:11:49.260782 25736 raft_consensus.cc:2042] T dc04126054714196af6bdf7e771ffab0 P 10bda0b4856f4441b5aed24cdc4764a8 [term 0 FOLLOWER]: Raft consensus shutting down.
I0619 00:11:49.261013 25730 maintenance_manager.cc:237] P 395763cf325d4ce19859830a7ad35c85: Unregistered op CompactRowSetsOp(fc22ad98ed2e4e3eb2c62360626a6f87)
I0619 00:11:49.261049 25736 raft_consensus.cc:2069] T dc04126054714196af6bdf7e771ffab0 P 10bda0b4856f4441b5aed24cdc4764a8 [term 0 FOLLOWER]: Raft consensus is shut down!
I0619 00:11:49.261210 25730 maintenance_manager.cc:237] P 395763cf325d4ce19859830a7ad35c85: Unregistered op MinorDeltaCompactionOp(fc22ad98ed2e4e3eb2c62360626a6f87)
I0619 00:11:49.261422 25730 maintenance_manager.cc:237] P 395763cf325d4ce19859830a7ad35c85: Unregistered op MajorDeltaCompactionOp(fc22ad98ed2e4e3eb2c62360626a6f87)
I0619 00:11:49.261618 25730 maintenance_manager.cc:237] P 395763cf325d4ce19859830a7ad35c85: Unregistered op UndoDeltaBlockGCOp(fc22ad98ed2e4e3eb2c62360626a6f87)
W0619 00:11:49.261760 25402 heartbeater.cc:587] Failed to heartbeat to 127.24.119.61:46325: Network error: Failed to ping master at 127.24.119.61:46325: Client connection negotiation failed: client connection to 127.24.119.61:46325: connect: Connection refused (error 111)
I0619 00:11:49.261865 25730 maintenance_manager.cc:237] P 395763cf325d4ce19859830a7ad35c85: Unregistered op FlushMRSOp(fc22ad98ed2e4e3eb2c62360626a6f87)
I0619 00:11:49.262050 25730 maintenance_manager.cc:237] P 395763cf325d4ce19859830a7ad35c85: Unregistered op FlushDeltaMemStoresOp(fc22ad98ed2e4e3eb2c62360626a6f87)
I0619 00:11:49.262255 25730 maintenance_manager.cc:237] P 395763cf325d4ce19859830a7ad35c85: Unregistered op LogGCOp(fc22ad98ed2e4e3eb2c62360626a6f87)
I0619 00:11:49.262421 25730 raft_consensus.cc:2042] T fc22ad98ed2e4e3eb2c62360626a6f87 P 395763cf325d4ce19859830a7ad35c85 [term 0 FOLLOWER]: Raft consensus shutting down.
I0619 00:11:49.262698 25730 raft_consensus.cc:2069] T fc22ad98ed2e4e3eb2c62360626a6f87 P 395763cf325d4ce19859830a7ad35c85 [term 0 FOLLOWER]: Raft consensus is shut down!
I0619 00:11:49.255807 25725 ts_tablet_manager.cc:1028] T 89a7ff9cdbc046779799e4e8f71adb42 P 10bda0b4856f4441b5aed24cdc4764a8: Bootstrapping tablet
I0619 00:11:49.263412 25736 ts_tablet_manager.cc:1369] T dc04126054714196af6bdf7e771ffab0 P 10bda0b4856f4441b5aed24cdc4764a8: Deleting tablet data with delete state TABLET_DATA_DELETED
I0619 00:11:49.264523 25730 ts_tablet_manager.cc:1369] T fc22ad98ed2e4e3eb2c62360626a6f87 P 395763cf325d4ce19859830a7ad35c85: Deleting tablet data with delete state TABLET_DATA_DELETED
I0619 00:11:49.264953 25086 catalog_manager.cc:4025] T 00000000000000000000000000000000 P cb25d1bba5bf4c64914f300f122ec898: Sending DeleteTablet for 3 replicas of tablet a226a7e97a7e44af8301ed4e6363effb
I0619 00:11:49.265244 25086 catalog_manager.cc:3113] Sending DeleteTablet(TABLET_DATA_DELETED) for tablet a226a7e97a7e44af8301ed4e6363effb on c007a00e65ad41a79da1a0c1050c55b4 (127.24.119.1:32951) (replaced by tablet 36f5eec972454080b7b434b4df7e62e3)
I0619 00:11:49.265643 25086 catalog_manager.cc:3113] Sending DeleteTablet(TABLET_DATA_DELETED) for tablet a226a7e97a7e44af8301ed4e6363effb on 10bda0b4856f4441b5aed24cdc4764a8 (127.24.119.2:38512) (replaced by tablet 36f5eec972454080b7b434b4df7e62e3)
I0619 00:11:49.266041 25086 catalog_manager.cc:3113] Sending DeleteTablet(TABLET_DATA_DELETED) for tablet a226a7e97a7e44af8301ed4e6363effb on 395763cf325d4ce19859830a7ad35c85 (127.24.119.3:39344) (replaced by tablet 36f5eec972454080b7b434b4df7e62e3)
I0619 00:11:49.266356 25086 catalog_manager.cc:4596] ReplaceTablet: tablet a226a7e97a7e44af8301ed4e6363effb deleted and replaced by tablet 36f5eec972454080b7b434b4df7e62e3
I0619 00:11:49.266367 25067 catalog_manager.cc:2891] Scheduling retry of e3708e05f6054306b5bf7f1df2140e3d (table default.table_514667669c72462a95c41b6bb68dc0fe [id=47a2f8c4d1f748a69c2bb0416bdb87e4]) Alter Table RPC with a delay of 47 ms (attempt = 2)
W0619 00:11:49.267659 25067 catalog_manager.cc:2910] Async tablet task e3708e05f6054306b5bf7f1df2140e3d (table default.table_514667669c72462a95c41b6bb68dc0fe [id=47a2f8c4d1f748a69c2bb0416bdb87e4]) Alter Table RPC failed: Not found: failed to reset TS proxy: No leader found: Tablet e3708e05f6054306b5bf7f1df2140e3d consensus state has no leader
I0619 00:11:49.267902 25604 tablet_service.cc:800] Processing DeleteTablet for tablet a226a7e97a7e44af8301ed4e6363effb with delete_type TABLET_DATA_DELETED (replaced by tablet 36f5eec972454080b7b434b4df7e62e3) from {username='jenkins'} at 127.24.119.3:34285
I0619 00:11:49.268379 25336 tablet_service.cc:800] Processing DeleteTablet for tablet a226a7e97a7e44af8301ed4e6363effb with delete_type TABLET_DATA_DELETED (replaced by tablet 36f5eec972454080b7b434b4df7e62e3) from {username='jenkins'} at 127.24.119.1:46159
I0619 00:11:49.268931 25069 catalog_manager.cc:2891] Scheduling retry of fb8e94875a8347a0a473c95a77c38795 (table default.table_c297d9ff075944df87aac8f56d2f9d95 [id=41f48f0e1f87464eb43c5bf2a36f70ef]) Alter Table RPC with a delay of 66 ms (attempt = 2)
W0619 00:11:49.269209 25069 catalog_manager.cc:2910] Async tablet task fb8e94875a8347a0a473c95a77c38795 (table default.table_c297d9ff075944df87aac8f56d2f9d95 [id=41f48f0e1f87464eb43c5bf2a36f70ef]) Alter Table RPC failed: Not found: failed to reset TS proxy: No leader found: Tablet fb8e94875a8347a0a473c95a77c38795 consensus state has no leader
I0619 00:11:49.269176 25463 tablet_service.cc:800] Processing DeleteTablet for tablet a226a7e97a7e44af8301ed4e6363effb with delete_type TABLET_DATA_DELETED (replaced by tablet 36f5eec972454080b7b434b4df7e62e3) from {username='jenkins'} at 127.24.119.2:51757
W0619 00:11:49.270368 25067 catalog_manager.cc:3083] TS c007a00e65ad41a79da1a0c1050c55b4 (127.24.119.1:32951): delete failed for tablet a226a7e97a7e44af8301ed4e6363effb with error code TABLET_NOT_RUNNING: Already present: State transition of tablet a226a7e97a7e44af8301ed4e6363effb already in progress: creating tablet
I0619 00:11:49.270654 25067 catalog_manager.cc:2891] Scheduling retry of a226a7e97a7e44af8301ed4e6363effb Delete Tablet RPC for TS=c007a00e65ad41a79da1a0c1050c55b4 with a delay of 62 ms (attempt = 1)
I0619 00:11:49.270961 25727 ts_tablet_manager.cc:1073] T 7507676a768e421dac27fe524538e0bb P c007a00e65ad41a79da1a0c1050c55b4: Time spent starting tablet: real 0.084s user 0.012s sys 0.002s
I0619 00:11:49.271335 25727 ts_tablet_manager.cc:1028] T 6d6363f6403b4104b15b329ab7f0e483 P c007a00e65ad41a79da1a0c1050c55b4: Bootstrapping tablet
I0619 00:11:49.271852 25727 tablet_bootstrap.cc:427] T 6d6363f6403b4104b15b329ab7f0e483 P c007a00e65ad41a79da1a0c1050c55b4: Bootstrap starting.
I0619 00:11:49.273237 25067 catalog_manager.cc:3113] Sending DeleteTablet(TABLET_DATA_DELETED) for tablet baf80fd968c44e679987eb4ebe4473de on c007a00e65ad41a79da1a0c1050c55b4 (127.24.119.1:32951) (Table deleted at 2018-06-19 00:11:49 PDT)
I0619 00:11:49.273421 25071 catalog_manager.cc:3113] Sending DeleteTablet(TABLET_DATA_DELETED) for tablet 89a7ff9cdbc046779799e4e8f71adb42 on 10bda0b4856f4441b5aed24cdc4764a8 (127.24.119.2:38512) (Table deleted at 2018-06-19 00:11:48 PDT)
I0619 00:11:49.274036 25071 catalog_manager.cc:3113] Sending DeleteTablet(TABLET_DATA_DELETED) for tablet dc04126054714196af6bdf7e771ffab0 on 10bda0b4856f4441b5aed24cdc4764a8 (127.24.119.2:38512) (Table deleted at 2018-06-19 00:11:48 PDT)
I0619 00:11:49.274226 25336 tablet_service.cc:800] Processing DeleteTablet for tablet baf80fd968c44e679987eb4ebe4473de with delete_type TABLET_DATA_DELETED (Table deleted at 2018-06-19 00:11:49 PDT) from {username='jenkins'} at 127.24.119.1:46159
I0619 00:11:49.275029 25463 tablet_service.cc:800] Processing DeleteTablet for tablet 89a7ff9cdbc046779799e4e8f71adb42 with delete_type TABLET_DATA_DELETED (Table deleted at 2018-06-19 00:11:48 PDT) from {username='jenkins'} at 127.24.119.2:51757
W0619 00:11:49.275410 25067 catalog_manager.cc:3083] TS c007a00e65ad41a79da1a0c1050c55b4 (127.24.119.1:32951): delete failed for tablet baf80fd968c44e679987eb4ebe4473de with error code TABLET_NOT_RUNNING: Already present: State transition of tablet baf80fd968c44e679987eb4ebe4473de already in progress: creating tablet
I0619 00:11:49.275740 25067 catalog_manager.cc:2891] Scheduling retry of baf80fd968c44e679987eb4ebe4473de Delete Tablet RPC for TS=c007a00e65ad41a79da1a0c1050c55b4 with a delay of 88 ms (attempt = 3)
I0619 00:11:49.275861 25463 tablet_service.cc:800] Processing DeleteTablet for tablet dc04126054714196af6bdf7e771ffab0 with delete_type TABLET_DATA_DELETED (Table deleted at 2018-06-19 00:11:48 PDT) from {username='jenkins'} at 127.24.119.2:51757
I0619 00:11:49.276255 25725 tablet_bootstrap.cc:427] T 89a7ff9cdbc046779799e4e8f71adb42 P 10bda0b4856f4441b5aed24cdc4764a8: Bootstrap starting.
I0619 00:11:49.276312 25069 catalog_manager.cc:2891] Scheduling retry of fb8e94875a8347a0a473c95a77c38795 (table default.table_c297d9ff075944df87aac8f56d2f9d95 [id=41f48f0e1f87464eb43c5bf2a36f70ef]) Alter Table RPC with a delay of 96 ms (attempt = 3)
W0619 00:11:49.276609 25069 catalog_manager.cc:2910] Async tablet task fb8e94875a8347a0a473c95a77c38795 (table default.table_c297d9ff075944df87aac8f56d2f9d95 [id=41f48f0e1f87464eb43c5bf2a36f70ef]) Alter Table RPC failed: Not found: failed to reset TS proxy: No leader found: Tablet fb8e94875a8347a0a473c95a77c38795 consensus state has no leader
I0619 00:11:49.278230 25727 tablet_bootstrap.cc:578] T 6d6363f6403b4104b15b329ab7f0e483 P c007a00e65ad41a79da1a0c1050c55b4: No blocks or log segments found. Creating new log.
I0619 00:11:49.279067 25725 tablet_bootstrap.cc:578] T 89a7ff9cdbc046779799e4e8f71adb42 P 10bda0b4856f4441b5aed24cdc4764a8: No blocks or log segments found. Creating new log.
I0619 00:11:49.280994 25080 catalog_manager.cc:3663] Got report from deleted tablet 7507676a768e421dac27fe524538e0bb (table default.table_5e925f129a1043b7ab80c112a0ee33e0 [id=eeb1072dfe27492990409ab910065b9c]) (replaced by tablet baf80fd968c44e679987eb4ebe4473de): Sending delete request for this tablet
I0619 00:11:49.281740 25080 catalog_manager.cc:3113] Sending DeleteTablet(TABLET_DATA_DELETED) for tablet 7507676a768e421dac27fe524538e0bb on c007a00e65ad41a79da1a0c1050c55b4 (127.24.119.1:32951) (replaced by tablet baf80fd968c44e679987eb4ebe4473de)
I0619 00:11:49.285908 25724 tablet_bootstrap.cc:427] T 60dfd91c98d94bfbbc6416268c65c378 P 395763cf325d4ce19859830a7ad35c85: No bootstrap required, opened a new log
I0619 00:11:49.286278 25724 ts_tablet_manager.cc:1045] T 60dfd91c98d94bfbbc6416268c65c378 P 395763cf325d4ce19859830a7ad35c85: Time spent bootstrapping tablet: real 0.062s user 0.004s sys 0.005s
I0619 00:11:49.281340 25071 catalog_manager.cc:3113] Sending DeleteTablet(TABLET_DATA_DELETED) for tablet baf80fd968c44e679987eb4ebe4473de on 10bda0b4856f4441b5aed24cdc4764a8 (127.24.119.2:38512) (Table deleted at 2018-06-19 00:11:49 PDT)
I0619 00:11:49.287746 25724 raft_consensus.cc:325] T 60dfd91c98d94bfbbc6416268c65c378 P 395763cf325d4ce19859830a7ad35c85 [term 0 FOLLOWER]: Replica starting. Triggering 0 pending transactions. Active config: opid_index: -1 OBSOLETE_local: false peers { permanent_uuid: "c007a00e65ad41a79da1a0c1050c55b4" member_type: VOTER last_known_addr { host: "127.24.119.1" port: 32951 } } peers { permanent_uuid: "10bda0b4856f4441b5aed24cdc4764a8" member_type: VOTER last_known_addr { host: "127.24.119.2" port: 38512 } } peers { permanent_uuid: "395763cf325d4ce19859830a7ad35c85" member_type: VOTER last_known_addr { host: "127.24.119.3" port: 39344 } }
I0619 00:11:49.288573 25724 raft_consensus.cc:351] T 60dfd91c98d94bfbbc6416268c65c378 P 395763cf325d4ce19859830a7ad35c85 [term 0 FOLLOWER]: Consensus starting up: Expiring failure detector timer to make a prompt election more likely
I0619 00:11:49.288817 25724 raft_consensus.cc:628] T 60dfd91c98d94bfbbc6416268c65c378 P 395763cf325d4ce19859830a7ad35c85 [term 0 FOLLOWER]: Becoming Follower/Learner. State: Replica: 395763cf325d4ce19859830a7ad35c85, State: Initialized, Role: FOLLOWER
W0619 00:11:49.282050 25402 heartbeater.cc:587] Failed to heartbeat to 127.24.119.61:46325: Network error: Failed to ping master at 127.24.119.61:46325: Client connection negotiation failed: client connection to 127.24.119.61:46325: connect: Connection refused (error 111)
I0619 00:11:49.282781 25336 tablet_service.cc:800] Processing DeleteTablet for tablet 7507676a768e421dac27fe524538e0bb with delete_type TABLET_DATA_DELETED (replaced by tablet baf80fd968c44e679987eb4ebe4473de) from {username='jenkins'} at 127.24.119.1:46159
I0619 00:11:49.289299 25724 consensus_queue.cc:227] T 60dfd91c98d94bfbbc6416268c65c378 P 395763cf325d4ce19859830a7ad35c85 [NON_LEADER]: Queue going to NON_LEADER mode. State: All replicated index: 0, Majority replicated index: 0, Committed index: 0, Last appended: 0.0, Last appended by leader: 0, Current term: 0, Majority size: -1, State: 0, Mode: NON_LEADER, active raft config: opid_index: -1 OBSOLETE_local: false peers { permanent_uuid: "c007a00e65ad41a79da1a0c1050c55b4" member_type: VOTER last_known_addr { host: "127.24.119.1" port: 32951 } } peers { permanent_uuid: "10bda0b4856f4441b5aed24cdc4764a8" member_type: VOTER last_known_addr { host: "127.24.119.2" port: 38512 } } peers { permanent_uuid: "395763cf325d4ce19859830a7ad35c85" member_type: VOTER last_known_addr { host: "127.24.119.3" port: 39344 } }
I0619 00:11:49.289846 25741 tablet_replica.cc:261] T 7507676a768e421dac27fe524538e0bb P c007a00e65ad41a79da1a0c1050c55b4: stopping tablet replica
I0619 00:11:49.289922 25463 tablet_service.cc:800] Processing DeleteTablet for tablet baf80fd968c44e679987eb4ebe4473de with delete_type TABLET_DATA_DELETED (Table deleted at 2018-06-19 00:11:49 PDT) from {username='jenkins'} at 127.24.119.2:51757
I0619 00:11:49.290117 25741 maintenance_manager.cc:237] P c007a00e65ad41a79da1a0c1050c55b4: Unregistered op CompactRowSetsOp(7507676a768e421dac27fe524538e0bb)
I0619 00:11:49.290343 25741 maintenance_manager.cc:237] P c007a00e65ad41a79da1a0c1050c55b4: Unregistered op MinorDeltaCompactionOp(7507676a768e421dac27fe524538e0bb)
I0619 00:11:49.290514 25741 maintenance_manager.cc:237] P c007a00e65ad41a79da1a0c1050c55b4: Unregistered op MajorDeltaCompactionOp(7507676a768e421dac27fe524538e0bb)
I0619 00:11:49.290712 25741 maintenance_manager.cc:237] P c007a00e65ad41a79da1a0c1050c55b4: Unregistered op UndoDeltaBlockGCOp(7507676a768e421dac27fe524538e0bb)
I0619 00:11:49.290916 25741 maintenance_manager.cc:237] P c007a00e65ad41a79da1a0c1050c55b4: Unregistered op FlushMRSOp(7507676a768e421dac27fe524538e0bb)
I0619 00:11:49.291088 25741 maintenance_manager.cc:237] P c007a00e65ad41a79da1a0c1050c55b4: Unregistered op FlushDeltaMemStoresOp(7507676a768e421dac27fe524538e0bb)
I0619 00:11:49.291254 25741 maintenance_manager.cc:237] P c007a00e65ad41a79da1a0c1050c55b4: Unregistered op LogGCOp(7507676a768e421dac27fe524538e0bb)
I0619 00:11:49.291447 25741 raft_consensus.cc:2042] T 7507676a768e421dac27fe524538e0bb P c007a00e65ad41a79da1a0c1050c55b4 [term 0 FOLLOWER]: Raft consensus shutting down.
I0619 00:11:49.291762 25741 raft_consensus.cc:2069] T 7507676a768e421dac27fe524538e0bb P c007a00e65ad41a79da1a0c1050c55b4 [term 0 FOLLOWER]: Raft consensus is shut down!
I0619 00:11:49.292276 25067 catalog_manager.cc:3113] Sending DeleteTablet(TABLET_DATA_DELETED) for tablet 6d6363f6403b4104b15b329ab7f0e483 on c007a00e65ad41a79da1a0c1050c55b4 (127.24.119.1:32951) (Table deleted at 2018-06-19 00:11:48 PDT)
I0619 00:11:49.292706 25067 catalog_manager.cc:3113] Sending DeleteTablet(TABLET_DATA_DELETED) for tablet 7507676a768e421dac27fe524538e0bb on c007a00e65ad41a79da1a0c1050c55b4 (127.24.119.1:32951) (replaced by tablet baf80fd968c44e679987eb4ebe4473de)
I0619 00:11:49.293154 25067 catalog_manager.cc:2891] Scheduling retry of 72e28bc6b57442b782d8aa07e1152cf4 (table default.table_95a48b4d8a824265bb7291a68eb33dc3 [id=fa287205f19a461fa0ba005f9991513b]) Alter Table RPC with a delay of 143 ms (attempt = 4)
W0619 00:11:49.293385 25067 catalog_manager.cc:2910] Async tablet task 72e28bc6b57442b782d8aa07e1152cf4 (table default.table_95a48b4d8a824265bb7291a68eb33dc3 [id=fa287205f19a461fa0ba005f9991513b]) Alter Table RPC failed: Not found: failed to reset TS proxy: No leader found: Tablet 72e28bc6b57442b782d8aa07e1152cf4 consensus state has no leader
I0619 00:11:49.291383 25730 ts_tablet_manager.cc:1382] T fc22ad98ed2e4e3eb2c62360626a6f87 P 395763cf325d4ce19859830a7ad35c85: tablet deleted with delete type TABLET_DATA_DELETED: last-logged OpId 0.0
I0619 00:11:49.293781 25730 log.cc:986] T fc22ad98ed2e4e3eb2c62360626a6f87 P 395763cf325d4ce19859830a7ad35c85: Deleting WAL directory at /data/somelongdirectorytoavoidrpathissues/src/kudutest/master-stress-test.0.HmsConfigurations_MasterStressTest.Test_0.1529392303277196-25052/minicluster-data/ts-2/wal/wals/fc22ad98ed2e4e3eb2c62360626a6f87
I0619 00:11:49.294340 25336 tablet_service.cc:800] Processing DeleteTablet for tablet 6d6363f6403b4104b15b329ab7f0e483 with delete_type TABLET_DATA_DELETED (Table deleted at 2018-06-19 00:11:48 PDT) from {username='jenkins'} at 127.24.119.1:46159
I0619 00:11:49.295058 25336 tablet_service.cc:800] Processing DeleteTablet for tablet 7507676a768e421dac27fe524538e0bb with delete_type TABLET_DATA_DELETED (replaced by tablet baf80fd968c44e679987eb4ebe4473de) from {username='jenkins'} at 127.24.119.1:46159
I0619 00:11:49.295246 25730 ts_tablet_manager.cc:1403] T fc22ad98ed2e4e3eb2c62360626a6f87 P 395763cf325d4ce19859830a7ad35c85: Deleting consensus metadata
W0619 00:11:49.297289 25668 heartbeater.cc:587] Failed to heartbeat to 127.24.119.61:46325: Network error: Failed to ping master at 127.24.119.61:46325: Client connection negotiation failed: client connection to 127.24.119.61:46325: connect: Connection refused (error 111)
I0619 00:11:49.299098 25741 ts_tablet_manager.cc:1369] T 7507676a768e421dac27fe524538e0bb P c007a00e65ad41a79da1a0c1050c55b4: Deleting tablet data with delete state TABLET_DATA_DELETED
I0619 00:11:49.299064 25071 catalog_manager.cc:3091] TS 395763cf325d4ce19859830a7ad35c85 (127.24.119.3:39344): tablet fc22ad98ed2e4e3eb2c62360626a6f87 (table default.table_9bbf1c0d460e4aafa3551e40c25513c4 [id=60acf6cc649c418c86934f212402a49d]) successfully deleted
I0619 00:11:49.299901 25736 ts_tablet_manager.cc:1382] T dc04126054714196af6bdf7e771ffab0 P 10bda0b4856f4441b5aed24cdc4764a8: tablet deleted with delete type TABLET_DATA_DELETED: last-logged OpId 0.0
I0619 00:11:49.300586 25730 tablet_replica.cc:261] T a226a7e97a7e44af8301ed4e6363effb P 395763cf325d4ce19859830a7ad35c85: stopping tablet replica
I0619 00:11:49.300889 25730 maintenance_manager.cc:237] P 395763cf325d4ce19859830a7ad35c85: Unregistered op CompactRowSetsOp(a226a7e97a7e44af8301ed4e6363effb)
I0619 00:11:49.301105 25730 maintenance_manager.cc:237] P 395763cf325d4ce19859830a7ad35c85: Unregistered op MinorDeltaCompactionOp(a226a7e97a7e44af8301ed4e6363effb)
I0619 00:11:49.301316 25730 maintenance_manager.cc:237] P 395763cf325d4ce19859830a7ad35c85: Unregistered op MajorDeltaCompactionOp(a226a7e97a7e44af8301ed4e6363effb)
I0619 00:11:49.300231 25725 tablet_bootstrap.cc:427] T 89a7ff9cdbc046779799e4e8f71adb42 P 10bda0b4856f4441b5aed24cdc4764a8: No bootstrap required, opened a new log
I0619 00:11:49.302525 25604 tablet_service.cc:759] Processing CreateTablet for tablet 36f5eec972454080b7b434b4df7e62e3 (table=default.table_de92feb7880c4ea2b3fd76c65c6b3df5 [id=122dad4ddc134d21b827dca8587ed257]), partition=RANGE (key) PARTITION UNBOUNDED
I0619 00:11:49.302916 25725 ts_tablet_manager.cc:1045] T 89a7ff9cdbc046779799e4e8f71adb42 P 10bda0b4856f4441b5aed24cdc4764a8: Time spent bootstrapping tablet: real 0.039s user 0.005s sys 0.001s
I0619 00:11:49.303125 25604 data_dirs.cc:934] Could only allocate 1 dirs of requested 3 for tablet 36f5eec972454080b7b434b4df7e62e3. 1 dirs total, 0 dirs full, 0 dirs failed
I0619 00:11:49.304338 25725 raft_consensus.cc:325] T 89a7ff9cdbc046779799e4e8f71adb42 P 10bda0b4856f4441b5aed24cdc4764a8 [term 0 FOLLOWER]: Replica starting. Triggering 0 pending transactions. Active config: opid_index: -1 OBSOLETE_local: false peers { permanent_uuid: "c007a00e65ad41a79da1a0c1050c55b4" member_type: VOTER last_known_addr { host: "127.24.119.1" port: 32951 } } peers { permanent_uuid: "10bda0b4856f4441b5aed24cdc4764a8" member_type: VOTER last_known_addr { host: "127.24.119.2" port: 38512 } } peers { permanent_uuid: "395763cf325d4ce19859830a7ad35c85" member_type: VOTER last_known_addr { host: "127.24.119.3" port: 39344 } }
I0619 00:11:49.305040 25725 raft_consensus.cc:351] T 89a7ff9cdbc046779799e4e8f71adb42 P 10bda0b4856f4441b5aed24cdc4764a8 [term 0 FOLLOWER]: Consensus starting up: Expiring failure detector timer to make a prompt election more likely
I0619 00:11:49.305260 25725 raft_consensus.cc:628] T 89a7ff9cdbc046779799e4e8f71adb42 P 10bda0b4856f4441b5aed24cdc4764a8 [term 0 FOLLOWER]: Becoming Follower/Learner. State: Replica: 10bda0b4856f4441b5aed24cdc4764a8, State: Initialized, Role: FOLLOWER
I0619 00:11:49.305465 25336 tablet_service.cc:759] Processing CreateTablet for tablet 36f5eec972454080b7b434b4df7e62e3 (table=default.table_de92feb7880c4ea2b3fd76c65c6b3df5 [id=122dad4ddc134d21b827dca8587ed257]), partition=RANGE (key) PARTITION UNBOUNDED
I0619 00:11:49.306051 25336 data_dirs.cc:934] Could only allocate 1 dirs of requested 3 for tablet 36f5eec972454080b7b434b4df7e62e3. 1 dirs total, 0 dirs full, 0 dirs failed
I0619 00:11:49.306052 25463 tablet_service.cc:759] Processing CreateTablet for tablet 36f5eec972454080b7b434b4df7e62e3 (table=default.table_de92feb7880c4ea2b3fd76c65c6b3df5 [id=122dad4ddc134d21b827dca8587ed257]), partition=RANGE (key) PARTITION UNBOUNDED
I0619 00:11:49.306627 25463 data_dirs.cc:934] Could only allocate 1 dirs of requested 3 for tablet 36f5eec972454080b7b434b4df7e62e3. 1 dirs total, 0 dirs full, 0 dirs failed
W0619 00:11:49.308498 25668 heartbeater.cc:587] Failed to heartbeat to 127.24.119.61:46325: Network error: Failed to ping master at 127.24.119.61:46325: Client connection negotiation failed: client connection to 127.24.119.61:46325: connect: Connection refused (error 111)
I0619 00:11:49.310281 25725 consensus_queue.cc:227] T 89a7ff9cdbc046779799e4e8f71adb42 P 10bda0b4856f4441b5aed24cdc4764a8 [NON_LEADER]: Queue going to NON_LEADER mode. State: All replicated index: 0, Majority replicated index: 0, Committed index: 0, Last appended: 0.0, Last appended by leader: 0, Current term: 0, Majority size: -1, State: 0, Mode: NON_LEADER, active raft config: opid_index: -1 OBSOLETE_local: false peers { permanent_uuid: "c007a00e65ad41a79da1a0c1050c55b4" member_type: VOTER last_known_addr { host: "127.24.119.1" port: 32951 } } peers { permanent_uuid: "10bda0b4856f4441b5aed24cdc4764a8" member_type: VOTER last_known_addr { host: "127.24.119.2" port: 38512 } } peers { permanent_uuid: "395763cf325d4ce19859830a7ad35c85" member_type: VOTER last_known_addr { host: "127.24.119.3" port: 39344 } }
I0619 00:11:49.311213 25724 ts_tablet_manager.cc:1073] T 60dfd91c98d94bfbbc6416268c65c378 P 395763cf325d4ce19859830a7ad35c85: Time spent starting tablet: real 0.025s user 0.004s sys 0.000s
I0619 00:11:49.313684 25724 ts_tablet_manager.cc:1028] T 72e28bc6b57442b782d8aa07e1152cf4 P 395763cf325d4ce19859830a7ad35c85: Bootstrapping tablet
I0619 00:11:49.314129 25080 catalog_manager.cc:3663] Got report from deleted tablet 89a7ff9cdbc046779799e4e8f71adb42 (table default.table_76fe64ca5bbd44279ae948d8df882d65 [id=f25f5cc3e1d64c95a0dcc4e36416c416]) (Table deleted at 2018-06-19 00:11:48 PDT): Sending delete request for this tablet
I0619 00:11:49.314807 25080 catalog_manager.cc:3113] Sending DeleteTablet(TABLET_DATA_DELETED) for tablet 89a7ff9cdbc046779799e4e8f71adb42 on 10bda0b4856f4441b5aed24cdc4764a8 (127.24.119.2:38512) (Table deleted at 2018-06-19 00:11:48 PDT)
I0619 00:11:49.315253 25336 ts_tablet_manager.cc:1173] T 36f5eec972454080b7b434b4df7e62e3 P c007a00e65ad41a79da1a0c1050c55b4: Registered tablet (data state: TABLET_DATA_READY)
I0619 00:11:49.315482 25067 catalog_manager.cc:2891] Scheduling retry of e3708e05f6054306b5bf7f1df2140e3d (table default.table_514667669c72462a95c41b6bb68dc0fe [id=47a2f8c4d1f748a69c2bb0416bdb87e4]) Alter Table RPC with a delay of 65 ms (attempt = 3)
W0619 00:11:49.315817 25067 catalog_manager.cc:2910] Async tablet task e3708e05f6054306b5bf7f1df2140e3d (table default.table_514667669c72462a95c41b6bb68dc0fe [id=47a2f8c4d1f748a69c2bb0416bdb87e4]) Alter Table RPC failed: Not found: failed to reset TS proxy: No leader found: Tablet e3708e05f6054306b5bf7f1df2140e3d consensus state has no leader
W0619 00:11:49.316294 25536 heartbeater.cc:587] Failed to heartbeat to 127.24.119.61:46325: Network error: Failed to ping master at 127.24.119.61:46325: Client connection negotiation failed: client connection to 127.24.119.61:46325: connect: Connection refused (error 111)
I0619 00:11:49.317131 25467 tablet_service.cc:800] Processing DeleteTablet for tablet 89a7ff9cdbc046779799e4e8f71adb42 with delete_type TABLET_DATA_DELETED (Table deleted at 2018-06-19 00:11:48 PDT) from {username='jenkins'} at 127.24.119.2:51757
I0619 00:11:49.317342 25080 catalog_manager.cc:2136] Servicing AlterTable request from {username='jenkins'} at 127.24.119.62:54390: table { table_name: "default.table_48993904805645d49d4f0185d407c89a" } new_table_name: "default.table_f4fd4524d920428fa515c1266d90fb2a" alter_external_catalogs: true
I0619 00:11:49.318403 25724 tablet_bootstrap.cc:427] T 72e28bc6b57442b782d8aa07e1152cf4 P 395763cf325d4ce19859830a7ad35c85: Bootstrap starting.
I0619 00:11:49.322566 25463 ts_tablet_manager.cc:1173] T 36f5eec972454080b7b434b4df7e62e3 P 10bda0b4856f4441b5aed24cdc4764a8: Registered tablet (data state: TABLET_DATA_READY)
W0619 00:11:49.323715 25536 heartbeater.cc:587] Failed to heartbeat to 127.24.119.61:46325: Network error: Failed to ping master at 127.24.119.61:46325: Client connection negotiation failed: client connection to 127.24.119.61:46325: connect: Connection refused (error 111)
I0619 00:11:49.323694 25067 catalog_manager.cc:3113] Sending DeleteTablet(TABLET_DATA_DELETED) for tablet fc22ad98ed2e4e3eb2c62360626a6f87 on c007a00e65ad41a79da1a0c1050c55b4 (127.24.119.1:32951) (Table deleted at 2018-06-19 00:11:49 PDT)
I0619 00:11:49.325379 25086 catalog_manager.cc:3663] Got report from deleted tablet 89a7ff9cdbc046779799e4e8f71adb42 (table default.table_76fe64ca5bbd44279ae948d8df882d65 [id=f25f5cc3e1d64c95a0dcc4e36416c416]) (Table deleted at 2018-06-19 00:11:48 PDT): Sending delete request for this tablet
I0619 00:11:49.326063 25086 catalog_manager.cc:3113] Sending DeleteTablet(TABLET_DATA_DELETED) for tablet 89a7ff9cdbc046779799e4e8f71adb42 on 10bda0b4856f4441b5aed24cdc4764a8 (127.24.119.2:38512) (Table deleted at 2018-06-19 00:11:48 PDT)
I0619 00:11:49.326810 25325 tablet_service.cc:800] Processing DeleteTablet for tablet fc22ad98ed2e4e3eb2c62360626a6f87 with delete_type TABLET_DATA_DELETED (Table deleted at 2018-06-19 00:11:49 PDT) from {username='jenkins'} at 127.24.119.1:46159
I0619 00:11:49.302094 25730 maintenance_manager.cc:237] P 395763cf325d4ce19859830a7ad35c85: Unregistered op UndoDeltaBlockGCOp(a226a7e97a7e44af8301ed4e6363effb)
I0619 00:11:49.327571 25730 maintenance_manager.cc:237] P 395763cf325d4ce19859830a7ad35c85: Unregistered op FlushMRSOp(a226a7e97a7e44af8301ed4e6363effb)
I0619 00:11:49.327832 25730 maintenance_manager.cc:237] P 395763cf325d4ce19859830a7ad35c85: Unregistered op FlushDeltaMemStoresOp(a226a7e97a7e44af8301ed4e6363effb)
I0619 00:11:49.327972 25736 log.cc:986] T dc04126054714196af6bdf7e771ffab0 P 10bda0b4856f4441b5aed24cdc4764a8: Deleting WAL directory at /data/somelongdirectorytoavoidrpathissues/src/kudutest/master-stress-test.0.HmsConfigurations_MasterStressTest.Test_0.1529392303277196-25052/minicluster-data/ts-1/wal/wals/dc04126054714196af6bdf7e771ffab0
I0619 00:11:49.328047 25730 maintenance_manager.cc:237] P 395763cf325d4ce19859830a7ad35c85: Unregistered op LogGCOp(a226a7e97a7e44af8301ed4e6363effb)
I0619 00:11:49.328223 25730 raft_consensus.cc:2042] T a226a7e97a7e44af8301ed4e6363effb P 395763cf325d4ce19859830a7ad35c85 [term 0 FOLLOWER]: Raft consensus shutting down.
I0619 00:11:49.328492 25730 raft_consensus.cc:2069] T a226a7e97a7e44af8301ed4e6363effb P 395763cf325d4ce19859830a7ad35c85 [term 0 FOLLOWER]: Raft consensus is shut down!
I0619 00:11:49.328899 25725 ts_tablet_manager.cc:1073] T 89a7ff9cdbc046779799e4e8f71adb42 P 10bda0b4856f4441b5aed24cdc4764a8: Time spent starting tablet: real 0.026s user 0.003s sys 0.000s
I0619 00:11:49.329295 25725 ts_tablet_manager.cc:1028] T baf80fd968c44e679987eb4ebe4473de P 10bda0b4856f4441b5aed24cdc4764a8: Bootstrapping tablet
I0619 00:11:49.331974 25730 ts_tablet_manager.cc:1369] T a226a7e97a7e44af8301ed4e6363effb P 395763cf325d4ce19859830a7ad35c85: Deleting tablet data with delete state TABLET_DATA_DELETED
I0619 00:11:49.332113 25724 tablet_bootstrap.cc:578] T 72e28bc6b57442b782d8aa07e1152cf4 P 395763cf325d4ce19859830a7ad35c85: No blocks or log segments found. Creating new log.
I0619 00:11:49.333268 25741 ts_tablet_manager.cc:1382] T 7507676a768e421dac27fe524538e0bb P c007a00e65ad41a79da1a0c1050c55b4: tablet deleted with delete type TABLET_DATA_DELETED: last-logged OpId 0.0
I0619 00:11:49.333539 25741 log.cc:986] T 7507676a768e421dac27fe524538e0bb P c007a00e65ad41a79da1a0c1050c55b4: Deleting WAL directory at /data/somelongdirectorytoavoidrpathissues/src/kudutest/master-stress-test.0.HmsConfigurations_MasterStressTest.Test_0.1529392303277196-25052/minicluster-data/ts-0/wal/wals/7507676a768e421dac27fe524538e0bb
I0619 00:11:49.333199 25736 ts_tablet_manager.cc:1403] T dc04126054714196af6bdf7e771ffab0 P 10bda0b4856f4441b5aed24cdc4764a8: Deleting consensus metadata
I0619 00:11:49.334045 25741 ts_tablet_manager.cc:1403] T 7507676a768e421dac27fe524538e0bb P c007a00e65ad41a79da1a0c1050c55b4: Deleting consensus metadata
I0619 00:11:49.335705 25071 catalog_manager.cc:3091] TS 10bda0b4856f4441b5aed24cdc4764a8 (127.24.119.2:38512): tablet dc04126054714196af6bdf7e771ffab0 (table default.table_706cbf40bb854d3ebbdbdbf69f4e15d6 [id=091a66f5716e463293291bf5aba8723a]) successfully deleted
I0619 00:11:49.335878 25604 ts_tablet_manager.cc:1173] T 36f5eec972454080b7b434b4df7e62e3 P 395763cf325d4ce19859830a7ad35c85: Registered tablet (data state: TABLET_DATA_READY)
I0619 00:11:49.336514 25067 catalog_manager.cc:3113] Sending DeleteTablet(TABLET_DATA_DELETED) for tablet a226a7e97a7e44af8301ed4e6363effb on c007a00e65ad41a79da1a0c1050c55b4 (127.24.119.1:32951) (replaced by tablet 36f5eec972454080b7b434b4df7e62e3)
I0619 00:11:49.336818 25463 tablet_service.cc:800] Processing DeleteTablet for tablet 89a7ff9cdbc046779799e4e8f71adb42 with delete_type TABLET_DATA_DELETED (Table deleted at 2018-06-19 00:11:48 PDT) from {username='jenkins'} at 127.24.119.2:51757
I0619 00:11:49.336918 25069 catalog_manager.cc:2891] Scheduling retry of fb8e94875a8347a0a473c95a77c38795 (table default.table_c297d9ff075944df87aac8f56d2f9d95 [id=41f48f0e1f87464eb43c5bf2a36f70ef]) Alter Table RPC with a delay of 80 ms (attempt = 3)
W0619 00:11:49.337206 25069 catalog_manager.cc:2910] Async tablet task fb8e94875a8347a0a473c95a77c38795 (table default.table_c297d9ff075944df87aac8f56d2f9d95 [id=41f48f0e1f87464eb43c5bf2a36f70ef]) Alter Table RPC failed: Not found: failed to reset TS proxy: No leader found: Tablet fb8e94875a8347a0a473c95a77c38795 consensus state has no leader
I0619 00:11:49.338634 25727 tablet_bootstrap.cc:427] T 6d6363f6403b4104b15b329ab7f0e483 P c007a00e65ad41a79da1a0c1050c55b4: No bootstrap required, opened a new log
I0619 00:11:49.338944 25727 ts_tablet_manager.cc:1045] T 6d6363f6403b4104b15b329ab7f0e483 P c007a00e65ad41a79da1a0c1050c55b4: Time spent bootstrapping tablet: real 0.067s user 0.004s sys 0.003s
I0619 00:11:49.339870 25087 catalog_manager.cc:2891] Scheduling retry of fb8e94875a8347a0a473c95a77c38795 (table default.table_84d38522d00a488c82a136b79665c4cd [id=41f48f0e1f87464eb43c5bf2a36f70ef]) Alter Table RPC with a delay of 27 ms (attempt = 1)
W0619 00:11:49.340149 25087 catalog_manager.cc:3998] Failed to send alter table request: Not found: failed to reset TS proxy: No leader found: Tablet fb8e94875a8347a0a473c95a77c38795 consensus state has no leader
I0619 00:11:49.340175 25727 raft_consensus.cc:325] T 6d6363f6403b4104b15b329ab7f0e483 P c007a00e65ad41a79da1a0c1050c55b4 [term 0 FOLLOWER]: Replica starting. Triggering 0 pending transactions. Active config: opid_index: -1 OBSOLETE_local: false peers { permanent_uuid: "c007a00e65ad41a79da1a0c1050c55b4" member_type: VOTER last_known_addr { host: "127.24.119.1" port: 32951 } } peers { permanent_uuid: "10bda0b4856f4441b5aed24cdc4764a8" member_type: VOTER last_known_addr { host: "127.24.119.2" port: 38512 } } peers { permanent_uuid: "395763cf325d4ce19859830a7ad35c85" member_type: VOTER last_known_addr { host: "127.24.119.3" port: 39344 } }
I0619 00:11:49.340798 25727 raft_consensus.cc:351] T 6d6363f6403b4104b15b329ab7f0e483 P c007a00e65ad41a79da1a0c1050c55b4 [term 0 FOLLOWER]: Consensus starting up: Expiring failure detector timer to make a prompt election more likely
I0619 00:11:49.340984 25727 raft_consensus.cc:628] T 6d6363f6403b4104b15b329ab7f0e483 P c007a00e65ad41a79da1a0c1050c55b4 [term 0 FOLLOWER]: Becoming Follower/Learner. State: Replica: c007a00e65ad41a79da1a0c1050c55b4, State: Initialized, Role: FOLLOWER
I0619 00:11:49.342057 25727 consensus_queue.cc:227] T 6d6363f6403b4104b15b329ab7f0e483 P c007a00e65ad41a79da1a0c1050c55b4 [NON_LEADER]: Queue going to NON_LEADER mode. State: All replicated index: 0, Majority replicated index: 0, Committed index: 0, Last appended: 0.0, Last appended by leader: 0, Current term: 0, Majority size: -1, State: 0, Mode: NON_LEADER, active raft config: opid_index: -1 OBSOLETE_local: false peers { permanent_uuid: "c007a00e65ad41a79da1a0c1050c55b4" member_type: VOTER last_known_addr { host: "127.24.119.1" port: 32951 } } peers { permanent_uuid: "10bda0b4856f4441b5aed24cdc4764a8" member_type: VOTER last_known_addr { host: "127.24.119.2" port: 38512 } } peers { permanent_uuid: "395763cf325d4ce19859830a7ad35c85" member_type: VOTER last_known_addr { host: "127.24.119.3" port: 39344 } }
W0619 00:11:49.342439 25071 catalog_manager.cc:3083] TS 10bda0b4856f4441b5aed24cdc4764a8 (127.24.119.2:38512): delete failed for tablet fc22ad98ed2e4e3eb2c62360626a6f87 with error code TABLET_NOT_RUNNING: Already present: State transition of tablet fc22ad98ed2e4e3eb2c62360626a6f87 already in progress: creating tablet
