I0619 00:11:50.002111 25756 raft_consensus.cc:479] T fb8e94875a8347a0a473c95a77c38795 P c007a00e65ad41a79da1a0c1050c55b4 [term 0 FOLLOWER]: Starting pre-election with config: opid_index: -1 OBSOLETE_local: false peers { permanent_uuid: "10bda0b4856f4441b5aed24cdc4764a8" member_type: VOTER last_known_addr { host: "127.24.119.2" port: 38512 } } peers { permanent_uuid: "c007a00e65ad41a79da1a0c1050c55b4" member_type: VOTER last_known_addr { host: "127.24.119.1" port: 32951 } } peers { permanent_uuid: "395763cf325d4ce19859830a7ad35c85" member_type: VOTER last_known_addr { host: "127.24.119.3" port: 39344 } }
I0619 00:11:50.002564 25724 ts_tablet_manager.cc:1045] T aaf62da07a9740c1aa44359d3f604513 P 395763cf325d4ce19859830a7ad35c85: Time spent bootstrapping tablet: real 0.097s user 0.002s sys 0.011s
I0619 00:11:50.003049 25756 leader_election.cc:243] T fb8e94875a8347a0a473c95a77c38795 P c007a00e65ad41a79da1a0c1050c55b4 [CANDIDATE]: Term 1 pre-election: Requesting pre-vote from peer 10bda0b4856f4441b5aed24cdc4764a8 (127.24.119.2:38512)
I0619 00:11:50.003410 25756 leader_election.cc:243] T fb8e94875a8347a0a473c95a77c38795 P c007a00e65ad41a79da1a0c1050c55b4 [CANDIDATE]: Term 1 pre-election: Requesting pre-vote from peer 395763cf325d4ce19859830a7ad35c85 (127.24.119.3:39344)
I0619 00:11:50.004024 25724 raft_consensus.cc:325] T aaf62da07a9740c1aa44359d3f604513 P 395763cf325d4ce19859830a7ad35c85 [term 0 FOLLOWER]: Replica starting. Triggering 0 pending transactions. Active config: opid_index: -1 OBSOLETE_local: false peers { permanent_uuid: "c007a00e65ad41a79da1a0c1050c55b4" member_type: VOTER last_known_addr { host: "127.24.119.1" port: 32951 } } peers { permanent_uuid: "10bda0b4856f4441b5aed24cdc4764a8" member_type: VOTER last_known_addr { host: "127.24.119.2" port: 38512 } } peers { permanent_uuid: "395763cf325d4ce19859830a7ad35c85" member_type: VOTER last_known_addr { host: "127.24.119.3" port: 39344 } }
I0619 00:11:50.004689 25724 raft_consensus.cc:351] T aaf62da07a9740c1aa44359d3f604513 P 395763cf325d4ce19859830a7ad35c85 [term 0 FOLLOWER]: Consensus starting up: Expiring failure detector timer to make a prompt election more likely
I0619 00:11:50.004901 25724 raft_consensus.cc:628] T aaf62da07a9740c1aa44359d3f604513 P 395763cf325d4ce19859830a7ad35c85 [term 0 FOLLOWER]: Becoming Follower/Learner. State: Replica: 395763cf325d4ce19859830a7ad35c85, State: Initialized, Role: FOLLOWER
I0619 00:11:50.005460 25724 consensus_queue.cc:227] T aaf62da07a9740c1aa44359d3f604513 P 395763cf325d4ce19859830a7ad35c85 [NON_LEADER]: Queue going to NON_LEADER mode. State: All replicated index: 0, Majority replicated index: 0, Committed index: 0, Last appended: 0.0, Last appended by leader: 0, Current term: 0, Majority size: -1, State: 0, Mode: NON_LEADER, active raft config: opid_index: -1 OBSOLETE_local: false peers { permanent_uuid: "c007a00e65ad41a79da1a0c1050c55b4" member_type: VOTER last_known_addr { host: "127.24.119.1" port: 32951 } } peers { permanent_uuid: "10bda0b4856f4441b5aed24cdc4764a8" member_type: VOTER last_known_addr { host: "127.24.119.2" port: 38512 } } peers { permanent_uuid: "395763cf325d4ce19859830a7ad35c85" member_type: VOTER last_known_addr { host: "127.24.119.3" port: 39344 } }
I0619 00:11:50.006132 25071 catalog_manager.cc:2891] Scheduling retry of fb8e94875a8347a0a473c95a77c38795 (table default.table_84d38522d00a488c82a136b79665c4cd [id=41f48f0e1f87464eb43c5bf2a36f70ef]) Alter Table RPC with a delay of 163 ms (attempt = 4)
W0619 00:11:50.006386 25071 catalog_manager.cc:2910] Async tablet task fb8e94875a8347a0a473c95a77c38795 (table default.table_84d38522d00a488c82a136b79665c4cd [id=41f48f0e1f87464eb43c5bf2a36f70ef]) Alter Table RPC failed: Not found: failed to reset TS proxy: No leader found: Tablet fb8e94875a8347a0a473c95a77c38795 consensus state has no leader
I0619 00:11:50.006749 25071 catalog_manager.cc:2891] Scheduling retry of acc89522b693498c987ca5d8ef8275ea (table default.table_31a3ade4f34e4e7a96d0bc91603e471d [id=01235cbfa38b48a9bbfbb0b4630c5d23]) Alter Table RPC with a delay of 278 ms (attempt = 5)
W0619 00:11:50.006999 25071 catalog_manager.cc:2910] Async tablet task acc89522b693498c987ca5d8ef8275ea (table default.table_31a3ade4f34e4e7a96d0bc91603e471d [id=01235cbfa38b48a9bbfbb0b4630c5d23]) Alter Table RPC failed: Not found: failed to reset TS proxy: No leader found: Tablet acc89522b693498c987ca5d8ef8275ea consensus state has no leader
W0619 00:11:50.007469 25071 catalog_manager.cc:3083] TS 10bda0b4856f4441b5aed24cdc4764a8 (127.24.119.2:38512): delete failed for tablet 4c0614e9ed96420886243a6868f2e75e with error code TABLET_NOT_RUNNING: Already present: State transition of tablet 4c0614e9ed96420886243a6868f2e75e already in progress: creating tablet
I0619 00:11:50.007709 25071 catalog_manager.cc:2891] Scheduling retry of 4c0614e9ed96420886243a6868f2e75e Delete Tablet RPC for TS=10bda0b4856f4441b5aed24cdc4764a8 with a delay of 72 ms (attempt = 2)
I0619 00:11:50.006305 25741 ts_tablet_manager.cc:1382] T baf80fd968c44e679987eb4ebe4473de P c007a00e65ad41a79da1a0c1050c55b4: tablet deleted with delete type TABLET_DATA_DELETED: last-logged OpId 0.0
I0619 00:11:50.008746 25741 log.cc:986] T baf80fd968c44e679987eb4ebe4473de P c007a00e65ad41a79da1a0c1050c55b4: Deleting WAL directory at /data/somelongdirectorytoavoidrpathissues/src/kudutest/master-stress-test.0.HmsConfigurations_MasterStressTest.Test_0.1529392303277196-25052/minicluster-data/ts-0/wal/wals/baf80fd968c44e679987eb4ebe4473de
I0619 00:11:50.009260 25741 ts_tablet_manager.cc:1403] T baf80fd968c44e679987eb4ebe4473de P c007a00e65ad41a79da1a0c1050c55b4: Deleting consensus metadata
W0619 00:11:50.009325 25668 heartbeater.cc:587] Failed to heartbeat to 127.24.119.61:46325: Network error: Failed to ping master at 127.24.119.61:46325: Client connection negotiation failed: client connection to 127.24.119.61:46325: connect: Connection refused (error 111)
I0619 00:11:50.012099 25087 catalog_manager.cc:4025] T 00000000000000000000000000000000 P cb25d1bba5bf4c64914f300f122ec898: Sending DeleteTablet for 3 replicas of tablet 397ae10bb6d841b4ba561ec431d29864
W0619 00:11:50.012392 25668 heartbeater.cc:587] Failed to heartbeat to 127.24.119.61:46325: Network error: Failed to ping master at 127.24.119.61:46325: Client connection negotiation failed: client connection to 127.24.119.61:46325: connect: Connection refused (error 111)
I0619 00:11:50.012382 25087 catalog_manager.cc:3113] Sending DeleteTablet(TABLET_DATA_DELETED) for tablet 397ae10bb6d841b4ba561ec431d29864 on c007a00e65ad41a79da1a0c1050c55b4 (127.24.119.1:32951) (Table deleted at 2018-06-19 00:11:50 PDT)
I0619 00:11:50.012667 25082 catalog_manager.cc:4025] T 00000000000000000000000000000000 P cb25d1bba5bf4c64914f300f122ec898: Sending DeleteTablet for 3 replicas of tablet f372b9fb174844eca1662c62039a3c71
I0619 00:11:50.012785 25087 catalog_manager.cc:3113] Sending DeleteTablet(TABLET_DATA_DELETED) for tablet 397ae10bb6d841b4ba561ec431d29864 on 10bda0b4856f4441b5aed24cdc4764a8 (127.24.119.2:38512) (Table deleted at 2018-06-19 00:11:50 PDT)
I0619 00:11:50.012958 25082 catalog_manager.cc:3113] Sending DeleteTablet(TABLET_DATA_DELETED) for tablet f372b9fb174844eca1662c62039a3c71 on 10bda0b4856f4441b5aed24cdc4764a8 (127.24.119.2:38512) (replaced by tablet 30a9d9fda8d34caeb8242c372439321b)
I0619 00:11:50.013171 25087 catalog_manager.cc:3113] Sending DeleteTablet(TABLET_DATA_DELETED) for tablet 397ae10bb6d841b4ba561ec431d29864 on 395763cf325d4ce19859830a7ad35c85 (127.24.119.3:39344) (Table deleted at 2018-06-19 00:11:50 PDT)
I0619 00:11:50.013319 25082 catalog_manager.cc:3113] Sending DeleteTablet(TABLET_DATA_DELETED) for tablet f372b9fb174844eca1662c62039a3c71 on c007a00e65ad41a79da1a0c1050c55b4 (127.24.119.1:32951) (replaced by tablet 30a9d9fda8d34caeb8242c372439321b)
I0619 00:11:50.013701 25082 catalog_manager.cc:3113] Sending DeleteTablet(TABLET_DATA_DELETED) for tablet f372b9fb174844eca1662c62039a3c71 on 395763cf325d4ce19859830a7ad35c85 (127.24.119.3:39344) (replaced by tablet 30a9d9fda8d34caeb8242c372439321b)
I0619 00:11:50.013794 25330 tablet_service.cc:800] Processing DeleteTablet for tablet 1d10fb4561924e2e8d53c7a0b22a426e with delete_type TABLET_DATA_DELETED (Table deleted at 2018-06-19 00:11:49 PDT) from {username='jenkins'} at 127.24.119.1:46159
I0619 00:11:50.014019 25082 catalog_manager.cc:4596] ReplaceTablet: tablet f372b9fb174844eca1662c62039a3c71 deleted and replaced by tablet 30a9d9fda8d34caeb8242c372439321b
I0619 00:11:50.015833 25325 tablet_service.cc:800] Processing DeleteTablet for tablet 1d10fb4561924e2e8d53c7a0b22a426e with delete_type TABLET_DATA_DELETED (Table deleted at 2018-06-19 00:11:49 PDT) from {username='jenkins'} at 127.24.119.1:46159
I0619 00:11:50.015498 25080 catalog_manager.cc:1339] Servicing CreateTable request from {username='jenkins'} at 127.24.119.62:54390: name: "default.table_da957178ddc241ed8e414551ec468a12" schema { columns { name: "key" type: INT32 is_key: true is_nullable: false encoding: AUTO_ENCODING compression: DEFAULT_COMPRESSION cfile_block_size: 0 } } split_rows_range_bounds { } partition_schema { range_schema { columns { name: "key" } } }
W0619 00:11:50.016474 25080 catalog_manager.cc:1488] The number of live tablet servers is not enough to re-replicate a tablet replica of the newly created table default.table_da957178ddc241ed8e414551ec468a12 in case of a replica failure: 4 tablet servers are needed, 3 are alive. Consider bringing up additional tablet server(s) or running both the masters and all tablet servers with --raft_prepare_replacement_before_eviction=false flag (not recommended).
I0619 00:11:50.015491 25067 catalog_manager.cc:3113] Sending DeleteTablet(TABLET_DATA_DELETED) for tablet 3b80a302aacb418091aee54ab4be7249 on c007a00e65ad41a79da1a0c1050c55b4 (127.24.119.1:32951) (replaced by tablet acc89522b693498c987ca5d8ef8275ea)
I0619 00:11:50.020598 25330 tablet_service.cc:800] Processing DeleteTablet for tablet f372b9fb174844eca1662c62039a3c71 with delete_type TABLET_DATA_DELETED (replaced by tablet 30a9d9fda8d34caeb8242c372439321b) from {username='jenkins'} at 127.24.119.1:46159
I0619 00:11:50.020725 25325 tablet_service.cc:800] Processing DeleteTablet for tablet 397ae10bb6d841b4ba561ec431d29864 with delete_type TABLET_DATA_DELETED (Table deleted at 2018-06-19 00:11:50 PDT) from {username='jenkins'} at 127.24.119.1:46159
I0619 00:11:50.021486 25325 tablet_service.cc:800] Processing DeleteTablet for tablet 3b80a302aacb418091aee54ab4be7249 with delete_type TABLET_DATA_DELETED (replaced by tablet acc89522b693498c987ca5d8ef8275ea) from {username='jenkins'} at 127.24.119.1:46159
I0619 00:11:50.023725 25469 tablet_service.cc:800] Processing DeleteTablet for tablet a85577b0beba4276b963e5c360544bc7 with delete_type TABLET_DATA_DELETED (Table deleted at 2018-06-19 00:11:49 PDT) from {username='jenkins'} at 127.24.119.2:51757
I0619 00:11:50.023847 25067 catalog_manager.cc:3113] Sending DeleteTablet(TABLET_DATA_DELETED) for tablet 292b164659e343158de8e7e3eeb9be31 on c007a00e65ad41a79da1a0c1050c55b4 (127.24.119.1:32951) (replaced by tablet ee4c4769f75141f9b2ef864ab8a8d9e0)
I0619 00:11:50.023893 25467 ts_tablet_manager.cc:1173] T 3722b203a516466489c74ef6013eacae P 10bda0b4856f4441b5aed24cdc4764a8: Registered tablet (data state: TABLET_DATA_READY)
I0619 00:11:50.024811 25325 tablet_service.cc:800] Processing DeleteTablet for tablet 292b164659e343158de8e7e3eeb9be31 with delete_type TABLET_DATA_DELETED (replaced by tablet ee4c4769f75141f9b2ef864ab8a8d9e0) from {username='jenkins'} at 127.24.119.1:46159
I0619 00:11:50.027596 25083 master_service.cc:523] ReplaceTablet: received request to replace tablet 397ae10bb6d841b4ba561ec431d29864 from {username='jenkins'} at 127.24.119.62:54390
I0619 00:11:50.029088 25071 catalog_manager.cc:2891] Scheduling retry of fb8e94875a8347a0a473c95a77c38795 (table default.table_84d38522d00a488c82a136b79665c4cd [id=41f48f0e1f87464eb43c5bf2a36f70ef]) Alter Table RPC with a delay of 82 ms (attempt = 3)
W0619 00:11:50.031085 25071 catalog_manager.cc:2910] Async tablet task fb8e94875a8347a0a473c95a77c38795 (table default.table_84d38522d00a488c82a136b79665c4cd [id=41f48f0e1f87464eb43c5bf2a36f70ef]) Alter Table RPC failed: Not found: failed to reset TS proxy: No leader found: Tablet fb8e94875a8347a0a473c95a77c38795 consensus state has no leader
I0619 00:11:50.031795 25071 catalog_manager.cc:3113] Sending DeleteTablet(TABLET_DATA_DELETED) for tablet 1d10fb4561924e2e8d53c7a0b22a426e on 10bda0b4856f4441b5aed24cdc4764a8 (127.24.119.2:38512) (Table deleted at 2018-06-19 00:11:49 PDT)
I0619 00:11:50.033967 25071 catalog_manager.cc:3113] Sending DeleteTablet(TABLET_DATA_DELETED) for tablet 292b164659e343158de8e7e3eeb9be31 on 10bda0b4856f4441b5aed24cdc4764a8 (127.24.119.2:38512) (replaced by tablet ee4c4769f75141f9b2ef864ab8a8d9e0)
I0619 00:11:50.038631 25469 tablet_service.cc:800] Processing DeleteTablet for tablet ac129ed44f68432f800420175aa0a630 with delete_type TABLET_DATA_DELETED (replaced by tablet 35acf55f35064c1491122a13ff9f5744) from {username='jenkins'} at 127.24.119.2:51757
I0619 00:11:50.038946 25467 tablet_service.cc:800] Processing DeleteTablet for tablet ac129ed44f68432f800420175aa0a630 with delete_type TABLET_DATA_DELETED (replaced by tablet 35acf55f35064c1491122a13ff9f5744) from {username='jenkins'} at 127.24.119.2:51757
I0619 00:11:50.039275 25067 catalog_manager.cc:2891] Scheduling retry of 72e28bc6b57442b782d8aa07e1152cf4 (table default.table_95a48b4d8a824265bb7291a68eb33dc3 [id=fa287205f19a461fa0ba005f9991513b]) Alter Table RPC with a delay of 555 ms (attempt = 6)
I0619 00:11:50.039361 25464 tablet_service.cc:800] Processing DeleteTablet for tablet fc22ad98ed2e4e3eb2c62360626a6f87 with delete_type TABLET_DATA_DELETED (Table deleted at 2018-06-19 00:11:49 PDT) from {username='jenkins'} at 127.24.119.2:51757
W0619 00:11:50.039543 25067 catalog_manager.cc:2910] Async tablet task 72e28bc6b57442b782d8aa07e1152cf4 (table default.table_95a48b4d8a824265bb7291a68eb33dc3 [id=fa287205f19a461fa0ba005f9991513b]) Alter Table RPC failed: Not found: failed to reset TS proxy: No leader found: Tablet 72e28bc6b57442b782d8aa07e1152cf4 consensus state has no leader
I0619 00:11:50.040463 25325 tablet_service.cc:759] Processing CreateTablet for tablet 075076aaa16e4ea8a596a7a8c52f103e (table=default.table_0a0cd847ea574c2eb82ae9dfaf67e95f [id=040c5029d5054cc48c9f066058cb6a45]), partition=RANGE (key) PARTITION UNBOUNDED
I0619 00:11:50.042052 25325 data_dirs.cc:934] Could only allocate 1 dirs of requested 3 for tablet 075076aaa16e4ea8a596a7a8c52f103e. 1 dirs total, 0 dirs full, 0 dirs failed
I0619 00:11:50.046231 25736 ts_tablet_manager.cc:1382] T fc22ad98ed2e4e3eb2c62360626a6f87 P 10bda0b4856f4441b5aed24cdc4764a8: tablet deleted with delete type TABLET_DATA_DELETED: last-logged OpId 0.0
I0619 00:11:50.046505 25736 log.cc:986] T fc22ad98ed2e4e3eb2c62360626a6f87 P 10bda0b4856f4441b5aed24cdc4764a8: Deleting WAL directory at /data/somelongdirectorytoavoidrpathissues/src/kudutest/master-stress-test.0.HmsConfigurations_MasterStressTest.Test_0.1529392303277196-25052/minicluster-data/ts-1/wal/wals/fc22ad98ed2e4e3eb2c62360626a6f87
I0619 00:11:50.046499 25067 catalog_manager.cc:3113] Sending DeleteTablet(TABLET_DATA_DELETED) for tablet baf80fd968c44e679987eb4ebe4473de on c007a00e65ad41a79da1a0c1050c55b4 (127.24.119.1:32951) (Table deleted at 2018-06-19 00:11:49 PDT)
I0619 00:11:50.046805 25724 ts_tablet_manager.cc:1073] T aaf62da07a9740c1aa44359d3f604513 P 395763cf325d4ce19859830a7ad35c85: Time spent starting tablet: real 0.044s user 0.005s sys 0.000s
I0619 00:11:50.048003 25330 tablet_service.cc:800] Processing DeleteTablet for tablet baf80fd968c44e679987eb4ebe4473de with delete_type TABLET_DATA_DELETED (Table deleted at 2018-06-19 00:11:49 PDT) from {username='jenkins'} at 127.24.119.1:46159
I0619 00:11:50.049437 25736 ts_tablet_manager.cc:1403] T fc22ad98ed2e4e3eb2c62360626a6f87 P 10bda0b4856f4441b5aed24cdc4764a8: Deleting consensus metadata
I0619 00:11:50.052863 25071 catalog_manager.cc:2891] Scheduling retry of f372b9fb174844eca1662c62039a3c71 (table default.table_45dd93d67cc94f2c8e9e784347d14167 [id=60a6d49e09f04230abe707ed433d2e9a]) Alter Table RPC with a delay of 69 ms (attempt = 3)
W0619 00:11:50.053165 25071 catalog_manager.cc:2910] Async tablet task f372b9fb174844eca1662c62039a3c71 (table default.table_45dd93d67cc94f2c8e9e784347d14167 [id=60a6d49e09f04230abe707ed433d2e9a]) Alter Table RPC failed: Not found: failed to reset TS proxy: No leader found: Tablet f372b9fb174844eca1662c62039a3c71 consensus state has no leader
I0619 00:11:50.053697 25071 catalog_manager.cc:3091] TS 395763cf325d4ce19859830a7ad35c85 (127.24.119.3:39344): tablet 1d10fb4561924e2e8d53c7a0b22a426e (table default.table_f4fd4524d920428fa515c1266d90fb2a [id=b46718e25afb4950af6cacec1d51a9ba]) successfully deleted
I0619 00:11:50.053966 25080 catalog_manager.cc:1339] Servicing CreateTable request from {username='jenkins'} at 127.24.119.62:54390: name: "default.table_8687a04df04444c6a3f710f1b9884ce5" schema { columns { name: "key" type: INT32 is_key: true is_nullable: false encoding: AUTO_ENCODING compression: DEFAULT_COMPRESSION cfile_block_size: 0 } } split_rows_range_bounds { } partition_schema { range_schema { columns { name: "key" } } }
W0619 00:11:50.054878 25080 catalog_manager.cc:1488] The number of live tablet servers is not enough to re-replicate a tablet replica of the newly created table default.table_8687a04df04444c6a3f710f1b9884ce5 in case of a replica failure: 4 tablet servers are needed, 3 are alive. Consider bringing up additional tablet server(s) or running both the masters and all tablet servers with --raft_prepare_replacement_before_eviction=false flag (not recommended).
I0619 00:11:50.054957 25083 catalog_manager.cc:1339] Servicing CreateTable request from {username='jenkins'} at 127.24.119.62:54390: name: "default.table_62e2a91242c24687b8c59b83aa396c02" schema { columns { name: "key" type: INT32 is_key: true is_nullable: false encoding: AUTO_ENCODING compression: DEFAULT_COMPRESSION cfile_block_size: 0 } } split_rows_range_bounds { } partition_schema { range_schema { columns { name: "key" } } }
W0619 00:11:50.055840 25083 catalog_manager.cc:1488] The number of live tablet servers is not enough to re-replicate a tablet replica of the newly created table default.table_62e2a91242c24687b8c59b83aa396c02 in case of a replica failure: 4 tablet servers are needed, 3 are alive. Consider bringing up additional tablet server(s) or running both the masters and all tablet servers with --raft_prepare_replacement_before_eviction=false flag (not recommended).
I0619 00:11:50.057935 25071 catalog_manager.cc:3113] Sending DeleteTablet(TABLET_DATA_DELETED) for tablet cb57d196f0724247b6a7f9a34be8377a on 10bda0b4856f4441b5aed24cdc4764a8 (127.24.119.2:38512) (Table deleted at 2018-06-19 00:11:49 PDT)
I0619 00:11:50.058897 25470 tablet_service.cc:800] Processing DeleteTablet for tablet 397ae10bb6d841b4ba561ec431d29864 with delete_type TABLET_DATA_DELETED (Table deleted at 2018-06-19 00:11:50 PDT) from {username='jenkins'} at 127.24.119.2:51757
I0619 00:11:50.059550 25470 tablet_service.cc:800] Processing DeleteTablet for tablet f372b9fb174844eca1662c62039a3c71 with delete_type TABLET_DATA_DELETED (replaced by tablet 30a9d9fda8d34caeb8242c372439321b) from {username='jenkins'} at 127.24.119.2:51757
I0619 00:11:50.059972 25741 tablet_replica.cc:261] T 1d10fb4561924e2e8d53c7a0b22a426e P c007a00e65ad41a79da1a0c1050c55b4: stopping tablet replica
I0619 00:11:50.060247 25741 maintenance_manager.cc:237] P c007a00e65ad41a79da1a0c1050c55b4: Unregistered op CompactRowSetsOp(1d10fb4561924e2e8d53c7a0b22a426e)
I0619 00:11:50.060324 25470 tablet_service.cc:800] Processing DeleteTablet for tablet 1d10fb4561924e2e8d53c7a0b22a426e with delete_type TABLET_DATA_DELETED (Table deleted at 2018-06-19 00:11:49 PDT) from {username='jenkins'} at 127.24.119.2:51757
I0619 00:11:50.060468 25741 maintenance_manager.cc:237] P c007a00e65ad41a79da1a0c1050c55b4: Unregistered op MinorDeltaCompactionOp(1d10fb4561924e2e8d53c7a0b22a426e)
I0619 00:11:50.060988 25741 maintenance_manager.cc:237] P c007a00e65ad41a79da1a0c1050c55b4: Unregistered op MajorDeltaCompactionOp(1d10fb4561924e2e8d53c7a0b22a426e)
I0619 00:11:50.061277 25741 maintenance_manager.cc:237] P c007a00e65ad41a79da1a0c1050c55b4: Unregistered op UndoDeltaBlockGCOp(1d10fb4561924e2e8d53c7a0b22a426e)
I0619 00:11:50.061305 25470 tablet_service.cc:759] Processing CreateTablet for tablet 075076aaa16e4ea8a596a7a8c52f103e (table=default.table_0a0cd847ea574c2eb82ae9dfaf67e95f [id=040c5029d5054cc48c9f066058cb6a45]), partition=RANGE (key) PARTITION UNBOUNDED
I0619 00:11:50.061511 25741 maintenance_manager.cc:237] P c007a00e65ad41a79da1a0c1050c55b4: Unregistered op FlushMRSOp(1d10fb4561924e2e8d53c7a0b22a426e)
I0619 00:11:50.061775 25741 maintenance_manager.cc:237] P c007a00e65ad41a79da1a0c1050c55b4: Unregistered op FlushDeltaMemStoresOp(1d10fb4561924e2e8d53c7a0b22a426e)
I0619 00:11:50.061982 25741 maintenance_manager.cc:237] P c007a00e65ad41a79da1a0c1050c55b4: Unregistered op LogGCOp(1d10fb4561924e2e8d53c7a0b22a426e)
I0619 00:11:50.062181 25741 raft_consensus.cc:2042] T 1d10fb4561924e2e8d53c7a0b22a426e P c007a00e65ad41a79da1a0c1050c55b4 [term 0 FOLLOWER]: Raft consensus shutting down.
I0619 00:11:50.062458 25741 raft_consensus.cc:2069] T 1d10fb4561924e2e8d53c7a0b22a426e P c007a00e65ad41a79da1a0c1050c55b4 [term 0 FOLLOWER]: Raft consensus is shut down!
I0619 00:11:50.066390 25470 data_dirs.cc:934] Could only allocate 1 dirs of requested 3 for tablet 075076aaa16e4ea8a596a7a8c52f103e. 1 dirs total, 0 dirs full, 0 dirs failed
I0619 00:11:50.066836 25468 tablet_service.cc:800] Processing DeleteTablet for tablet 292b164659e343158de8e7e3eeb9be31 with delete_type TABLET_DATA_DELETED (replaced by tablet ee4c4769f75141f9b2ef864ab8a8d9e0) from {username='jenkins'} at 127.24.119.2:51757
I0619 00:11:50.051287 25602 tablet_service.cc:800] Processing DeleteTablet for tablet 397ae10bb6d841b4ba561ec431d29864 with delete_type TABLET_DATA_DELETED (Table deleted at 2018-06-19 00:11:50 PDT) from {username='jenkins'} at 127.24.119.3:34285
I0619 00:11:50.051517 25601 tablet_service.cc:800] Processing DeleteTablet for tablet f372b9fb174844eca1662c62039a3c71 with delete_type TABLET_DATA_DELETED (replaced by tablet 30a9d9fda8d34caeb8242c372439321b) from {username='jenkins'} at 127.24.119.3:34285
I0619 00:11:50.058274 25604 tablet_service.cc:759] Processing CreateTablet for tablet 075076aaa16e4ea8a596a7a8c52f103e (table=default.table_0a0cd847ea574c2eb82ae9dfaf67e95f [id=040c5029d5054cc48c9f066058cb6a45]), partition=RANGE (key) PARTITION UNBOUNDED
I0619 00:11:50.068002 25604 data_dirs.cc:934] Could only allocate 1 dirs of requested 3 for tablet 075076aaa16e4ea8a596a7a8c52f103e. 1 dirs total, 0 dirs full, 0 dirs failed
I0619 00:11:50.068970 25776 raft_consensus.cc:457] T 36f5eec972454080b7b434b4df7e62e3 P 395763cf325d4ce19859830a7ad35c85 [term 0 FOLLOWER]: Starting pre-election (no leader contacted us within the election timeout)
I0619 00:11:50.069228 25776 raft_consensus.cc:2732] T 36f5eec972454080b7b434b4df7e62e3 P 395763cf325d4ce19859830a7ad35c85: Snoozing failure detection for 1.688s (starting election)
I0619 00:11:50.069485 25776 raft_consensus.cc:479] T 36f5eec972454080b7b434b4df7e62e3 P 395763cf325d4ce19859830a7ad35c85 [term 0 FOLLOWER]: Starting pre-election with config: opid_index: -1 OBSOLETE_local: false peers { permanent_uuid: "c007a00e65ad41a79da1a0c1050c55b4" member_type: VOTER last_known_addr { host: "127.24.119.1" port: 32951 } } peers { permanent_uuid: "10bda0b4856f4441b5aed24cdc4764a8" member_type: VOTER last_known_addr { host: "127.24.119.2" port: 38512 } } peers { permanent_uuid: "395763cf325d4ce19859830a7ad35c85" member_type: VOTER last_known_addr { host: "127.24.119.3" port: 39344 } }
I0619 00:11:50.070544 25776 leader_election.cc:243] T 36f5eec972454080b7b434b4df7e62e3 P 395763cf325d4ce19859830a7ad35c85 [CANDIDATE]: Term 1 pre-election: Requesting pre-vote from peer c007a00e65ad41a79da1a0c1050c55b4 (127.24.119.1:32951)
I0619 00:11:50.070973 25776 leader_election.cc:243] T 36f5eec972454080b7b434b4df7e62e3 P 395763cf325d4ce19859830a7ad35c85 [CANDIDATE]: Term 1 pre-election: Requesting pre-vote from peer 10bda0b4856f4441b5aed24cdc4764a8 (127.24.119.2:38512)
I0619 00:11:50.071856 25725 tablet_bootstrap.cc:427] T fb8e94875a8347a0a473c95a77c38795 P 10bda0b4856f4441b5aed24cdc4764a8: No bootstrap required, opened a new log
I0619 00:11:50.072175 25725 ts_tablet_manager.cc:1045] T fb8e94875a8347a0a473c95a77c38795 P 10bda0b4856f4441b5aed24cdc4764a8: Time spent bootstrapping tablet: real 0.173s user 0.006s sys 0.010s
I0619 00:11:50.075593 25736 tablet_replica.cc:261] T ac129ed44f68432f800420175aa0a630 P 10bda0b4856f4441b5aed24cdc4764a8: stopping tablet replica
I0619 00:11:50.058337 25067 catalog_manager.cc:3091] TS c007a00e65ad41a79da1a0c1050c55b4 (127.24.119.1:32951): tablet baf80fd968c44e679987eb4ebe4473de (table default.table_5e925f129a1043b7ab80c112a0ee33e0 [id=eeb1072dfe27492990409ab910065b9c]) successfully deleted
W0619 00:11:50.076133 25067 catalog_manager.cc:3083] TS c007a00e65ad41a79da1a0c1050c55b4 (127.24.119.1:32951): delete failed for tablet a85577b0beba4276b963e5c360544bc7 with error code TABLET_NOT_RUNNING: Already present: State transition of tablet a85577b0beba4276b963e5c360544bc7 already in progress: creating tablet
I0619 00:11:50.076372 25067 catalog_manager.cc:2891] Scheduling retry of a85577b0beba4276b963e5c360544bc7 Delete Tablet RPC for TS=c007a00e65ad41a79da1a0c1050c55b4 with a delay of 55 ms (attempt = 1)
W0619 00:11:50.076769 25067 catalog_manager.cc:3083] TS c007a00e65ad41a79da1a0c1050c55b4 (127.24.119.1:32951): delete failed for tablet cb57d196f0724247b6a7f9a34be8377a with error code TABLET_NOT_RUNNING: Already present: State transition of tablet cb57d196f0724247b6a7f9a34be8377a already in progress: creating tablet
I0619 00:11:50.076977 25067 catalog_manager.cc:2891] Scheduling retry of cb57d196f0724247b6a7f9a34be8377a Delete Tablet RPC for TS=c007a00e65ad41a79da1a0c1050c55b4 with a delay of 48 ms (attempt = 2)
W0619 00:11:50.077339 25067 catalog_manager.cc:3083] TS c007a00e65ad41a79da1a0c1050c55b4 (127.24.119.1:32951): delete failed for tablet 4c0614e9ed96420886243a6868f2e75e with error code TABLET_NOT_RUNNING: Already present: State transition of tablet 4c0614e9ed96420886243a6868f2e75e already in progress: creating tablet
I0619 00:11:50.077548 25067 catalog_manager.cc:2891] Scheduling retry of 4c0614e9ed96420886243a6868f2e75e Delete Tablet RPC for TS=c007a00e65ad41a79da1a0c1050c55b4 with a delay of 89 ms (attempt = 3)
W0619 00:11:50.077958 25067 catalog_manager.cc:3083] TS c007a00e65ad41a79da1a0c1050c55b4 (127.24.119.1:32951): delete failed for tablet ac129ed44f68432f800420175aa0a630 with error code TABLET_NOT_RUNNING: Already present: State transition of tablet ac129ed44f68432f800420175aa0a630 already in progress: creating tablet
I0619 00:11:50.078163 25067 catalog_manager.cc:2891] Scheduling retry of ac129ed44f68432f800420175aa0a630 Delete Tablet RPC for TS=c007a00e65ad41a79da1a0c1050c55b4 with a delay of 100 ms (attempt = 3)
W0619 00:11:50.076133 25071 catalog_manager.cc:3083] TS 395763cf325d4ce19859830a7ad35c85 (127.24.119.3:39344): delete failed for tablet 292b164659e343158de8e7e3eeb9be31 with error code TABLET_NOT_RUNNING: Already present: State transition of tablet 292b164659e343158de8e7e3eeb9be31 already in progress: creating tablet
I0619 00:11:50.078929 25724 ts_tablet_manager.cc:1028] T 3b80a302aacb418091aee54ab4be7249 P 395763cf325d4ce19859830a7ad35c85: Bootstrapping tablet
I0619 00:11:50.079265 25724 tablet_bootstrap.cc:427] T 3b80a302aacb418091aee54ab4be7249 P 395763cf325d4ce19859830a7ad35c85: Bootstrap starting.
I0619 00:11:50.079325 25071 catalog_manager.cc:2891] Scheduling retry of 292b164659e343158de8e7e3eeb9be31 Delete Tablet RPC for TS=395763cf325d4ce19859830a7ad35c85 with a delay of 19 ms (attempt = 1)
I0619 00:11:50.080412 25071 catalog_manager.cc:3113] Sending DeleteTablet(TABLET_DATA_DELETED) for tablet 4c0614e9ed96420886243a6868f2e75e on 10bda0b4856f4441b5aed24cdc4764a8 (127.24.119.2:38512) (Table deleted at 2018-06-19 00:11:49 PDT)
I0619 00:11:50.081965 25071 catalog_manager.cc:3091] TS 10bda0b4856f4441b5aed24cdc4764a8 (127.24.119.2:38512): tablet fc22ad98ed2e4e3eb2c62360626a6f87 (table default.table_9bbf1c0d460e4aafa3551e40c25513c4 [id=60acf6cc649c418c86934f212402a49d]) successfully deleted
W0619 00:11:50.083197 25071 catalog_manager.cc:3083] TS 395763cf325d4ce19859830a7ad35c85 (127.24.119.3:39344): delete failed for tablet cb57d196f0724247b6a7f9a34be8377a with error code TABLET_NOT_RUNNING: Already present: State transition of tablet cb57d196f0724247b6a7f9a34be8377a already in progress: creating tablet
I0619 00:11:50.084226 25071 catalog_manager.cc:2891] Scheduling retry of cb57d196f0724247b6a7f9a34be8377a Delete Tablet RPC for TS=395763cf325d4ce19859830a7ad35c85 with a delay of 26 ms (attempt = 1)
I0619 00:11:50.086391 25724 tablet_bootstrap.cc:578] T 3b80a302aacb418091aee54ab4be7249 P 395763cf325d4ce19859830a7ad35c85: No blocks or log segments found. Creating new log.
I0619 00:11:50.086696 25756 raft_consensus.cc:457] T e3708e05f6054306b5bf7f1df2140e3d P c007a00e65ad41a79da1a0c1050c55b4 [term 0 FOLLOWER]: Starting pre-election (no leader contacted us within the election timeout)
I0619 00:11:50.085942 25490 tablet_service.cc:995] Received RequestConsensusVote() RPC: tablet_id: "36f5eec972454080b7b434b4df7e62e3" candidate_uuid: "395763cf325d4ce19859830a7ad35c85" candidate_term: 1 candidate_status { last_received { term: 0 index: 0 } } ignore_live_leader: false dest_uuid: "10bda0b4856f4441b5aed24cdc4764a8" is_pre_election: true
I0619 00:11:50.087383 25470 ts_tablet_manager.cc:1173] T 075076aaa16e4ea8a596a7a8c52f103e P 10bda0b4856f4441b5aed24cdc4764a8: Registered tablet (data state: TABLET_DATA_READY)
I0619 00:11:50.088937 25725 raft_consensus.cc:325] T fb8e94875a8347a0a473c95a77c38795 P 10bda0b4856f4441b5aed24cdc4764a8 [term 0 FOLLOWER]: Replica starting. Triggering 0 pending transactions. Active config: opid_index: -1 OBSOLETE_local: false peers { permanent_uuid: "10bda0b4856f4441b5aed24cdc4764a8" member_type: VOTER last_known_addr { host: "127.24.119.2" port: 38512 } } peers { permanent_uuid: "c007a00e65ad41a79da1a0c1050c55b4" member_type: VOTER last_known_addr { host: "127.24.119.1" port: 32951 } } peers { permanent_uuid: "395763cf325d4ce19859830a7ad35c85" member_type: VOTER last_known_addr { host: "127.24.119.3" port: 39344 } }
I0619 00:11:50.089586 25725 raft_consensus.cc:351] T fb8e94875a8347a0a473c95a77c38795 P 10bda0b4856f4441b5aed24cdc4764a8 [term 0 FOLLOWER]: Consensus starting up: Expiring failure detector timer to make a prompt election more likely
I0619 00:11:50.089838 25725 raft_consensus.cc:628] T fb8e94875a8347a0a473c95a77c38795 P 10bda0b4856f4441b5aed24cdc4764a8 [term 0 FOLLOWER]: Becoming Follower/Learner. State: Replica: 10bda0b4856f4441b5aed24cdc4764a8, State: Initialized, Role: FOLLOWER
I0619 00:11:50.090301 25725 consensus_queue.cc:227] T fb8e94875a8347a0a473c95a77c38795 P 10bda0b4856f4441b5aed24cdc4764a8 [NON_LEADER]: Queue going to NON_LEADER mode. State: All replicated index: 0, Majority replicated index: 0, Committed index: 0, Last appended: 0.0, Last appended by leader: 0, Current term: 0, Majority size: -1, State: 0, Mode: NON_LEADER, active raft config: opid_index: -1 OBSOLETE_local: false peers { permanent_uuid: "10bda0b4856f4441b5aed24cdc4764a8" member_type: VOTER last_known_addr { host: "127.24.119.2" port: 38512 } } peers { permanent_uuid: "c007a00e65ad41a79da1a0c1050c55b4" member_type: VOTER last_known_addr { host: "127.24.119.1" port: 32951 } } peers { permanent_uuid: "395763cf325d4ce19859830a7ad35c85" member_type: VOTER last_known_addr { host: "127.24.119.3" port: 39344 } }
I0619 00:11:50.093835 25741 ts_tablet_manager.cc:1369] T 1d10fb4561924e2e8d53c7a0b22a426e P c007a00e65ad41a79da1a0c1050c55b4: Deleting tablet data with delete state TABLET_DATA_DELETED
I0619 00:11:50.086974 25756 raft_consensus.cc:2732] T e3708e05f6054306b5bf7f1df2140e3d P c007a00e65ad41a79da1a0c1050c55b4: Snoozing failure detection for 2.160s (starting election)
I0619 00:11:50.089685 25736 maintenance_manager.cc:237] P 10bda0b4856f4441b5aed24cdc4764a8: Unregistered op CompactRowSetsOp(ac129ed44f68432f800420175aa0a630)
W0619 00:11:50.102766 25536 heartbeater.cc:587] Failed to heartbeat to 127.24.119.61:46325: Network error: Failed to ping master at 127.24.119.61:46325: Client connection negotiation failed: client connection to 127.24.119.61:46325: connect: Connection refused (error 111)
W0619 00:11:50.090343 25071 catalog_manager.cc:3083] TS 10bda0b4856f4441b5aed24cdc4764a8 (127.24.119.2:38512): delete failed for tablet 3b80a302aacb418091aee54ab4be7249 with error code TABLET_NOT_RUNNING: Already present: State transition of tablet 3b80a302aacb418091aee54ab4be7249 already in progress: creating tablet
I0619 00:11:50.092887 25725 ts_tablet_manager.cc:1073] T fb8e94875a8347a0a473c95a77c38795 P 10bda0b4856f4441b5aed24cdc4764a8: Time spent starting tablet: real 0.021s user 0.003s sys 0.001s
I0619 00:11:50.103479 25071 catalog_manager.cc:2891] Scheduling retry of 3b80a302aacb418091aee54ab4be7249 Delete Tablet RPC for TS=10bda0b4856f4441b5aed24cdc4764a8 with a delay of 34 ms (attempt = 2)
I0619 00:11:50.103611 25725 ts_tablet_manager.cc:1028] T 72e28bc6b57442b782d8aa07e1152cf4 P 10bda0b4856f4441b5aed24cdc4764a8: Bootstrapping tablet
W0619 00:11:50.088734 25558 leader_election.cc:306] T 36f5eec972454080b7b434b4df7e62e3 P 395763cf325d4ce19859830a7ad35c85 [CANDIDATE]: Term 1 pre-election: Tablet error from VoteRequest() call to peer 10bda0b4856f4441b5aed24cdc4764a8 (127.24.119.2:38512): Illegal state: must be running to vote when last-logged opid is not known
I0619 00:11:50.104015 25725 tablet_bootstrap.cc:427] T 72e28bc6b57442b782d8aa07e1152cf4 P 10bda0b4856f4441b5aed24cdc4764a8: Bootstrap starting.
I0619 00:11:50.105273 25624 raft_consensus.cc:1081] T e3708e05f6054306b5bf7f1df2140e3d P 395763cf325d4ce19859830a7ad35c85 [term 1 FOLLOWER]: Refusing update from remote peer 10bda0b4856f4441b5aed24cdc4764a8: Log matching property violated. Preceding OpId in replica: term: 0 index: 0. Preceding OpId from leader: term: 1 index: 2. (index mismatch)
I0619 00:11:50.107081 25725 tablet_bootstrap.cc:578] T 72e28bc6b57442b782d8aa07e1152cf4 P 10bda0b4856f4441b5aed24cdc4764a8: No blocks or log segments found. Creating new log.
I0619 00:11:50.107378 25743 consensus_queue.cc:963] T e3708e05f6054306b5bf7f1df2140e3d P 10bda0b4856f4441b5aed24cdc4764a8 [LEADER]: Connected to new peer: Peer: permanent_uuid: "395763cf325d4ce19859830a7ad35c85" member_type: VOTER last_known_addr { host: "127.24.119.3" port: 39344 }, Status: LMP_MISMATCH, Last received: 0.0, Next index: 1, Last known committed idx: 0, Time since last communication: 0.000s
I0619 00:11:50.107899 25463 tablet_service.cc:800] Processing DeleteTablet for tablet 4c0614e9ed96420886243a6868f2e75e with delete_type TABLET_DATA_DELETED (Table deleted at 2018-06-19 00:11:49 PDT) from {username='jenkins'} at 127.24.119.2:51757
I0619 00:11:50.095003 25756 raft_consensus.cc:479] T e3708e05f6054306b5bf7f1df2140e3d P c007a00e65ad41a79da1a0c1050c55b4 [term 0 FOLLOWER]: Starting pre-election with config: opid_index: -1 OBSOLETE_local: false peers { permanent_uuid: "c007a00e65ad41a79da1a0c1050c55b4" member_type: VOTER last_known_addr { host: "127.24.119.1" port: 32951 } } peers { permanent_uuid: "10bda0b4856f4441b5aed24cdc4764a8" member_type: VOTER last_known_addr { host: "127.24.119.2" port: 38512 } } peers { permanent_uuid: "395763cf325d4ce19859830a7ad35c85" member_type: VOTER last_known_addr { host: "127.24.119.3" port: 39344 } }
I0619 00:11:50.111166 25356 tablet_service.cc:995] Received RequestConsensusVote() RPC: tablet_id: "36f5eec972454080b7b434b4df7e62e3" candidate_uuid: "395763cf325d4ce19859830a7ad35c85" candidate_term: 1 candidate_status { last_received { term: 0 index: 0 } } ignore_live_leader: false dest_uuid: "c007a00e65ad41a79da1a0c1050c55b4" is_pre_election: true
W0619 00:11:50.112565 25553 leader_election.cc:306] T 36f5eec972454080b7b434b4df7e62e3 P 395763cf325d4ce19859830a7ad35c85 [CANDIDATE]: Term 1 pre-election: Tablet error from VoteRequest() call to peer c007a00e65ad41a79da1a0c1050c55b4 (127.24.119.1:32951): Illegal state: must be running to vote when last-logged opid is not known
I0619 00:11:50.112644 25756 leader_election.cc:243] T e3708e05f6054306b5bf7f1df2140e3d P c007a00e65ad41a79da1a0c1050c55b4 [CANDIDATE]: Term 1 pre-election: Requesting pre-vote from peer 10bda0b4856f4441b5aed24cdc4764a8 (127.24.119.2:38512)
I0619 00:11:50.112843 25553 leader_election.cc:270] T 36f5eec972454080b7b434b4df7e62e3 P 395763cf325d4ce19859830a7ad35c85 [CANDIDATE]: Term 1 pre-election: Election decided. Result: candidate lost.
I0619 00:11:50.113061 25756 leader_election.cc:243] T e3708e05f6054306b5bf7f1df2140e3d P c007a00e65ad41a79da1a0c1050c55b4 [CANDIDATE]: Term 1 pre-election: Requesting pre-vote from peer 395763cf325d4ce19859830a7ad35c85 (127.24.119.3:39344)
I0619 00:11:50.113845 25776 raft_consensus.cc:2732] T 36f5eec972454080b7b434b4df7e62e3 P 395763cf325d4ce19859830a7ad35c85: Snoozing failure detection for 1.778s (election complete)
I0619 00:11:50.113837 25354 raft_consensus.cc:2784] T e3708e05f6054306b5bf7f1df2140e3d P c007a00e65ad41a79da1a0c1050c55b4 [term 0 FOLLOWER]: Advancing to term 1
I0619 00:11:50.114068 25776 raft_consensus.cc:2487] T 36f5eec972454080b7b434b4df7e62e3 P 395763cf325d4ce19859830a7ad35c85 [term 0 FOLLOWER]: Leader pre-election lost for term 1. Reason: could not achieve majority
W0619 00:11:50.114662 25668 heartbeater.cc:587] Failed to heartbeat to 127.24.119.61:46325: Network error: Failed to ping master at 127.24.119.61:46325: Client connection negotiation failed: client connection to 127.24.119.61:46325: connect: Connection refused (error 111)
I0619 00:11:50.117069 25470 tablet_service.cc:800] Processing DeleteTablet for tablet cb57d196f0724247b6a7f9a34be8377a with delete_type TABLET_DATA_DELETED (Table deleted at 2018-06-19 00:11:49 PDT) from {username='jenkins'} at 127.24.119.2:51757
I0619 00:11:50.117805 25741 ts_tablet_manager.cc:1382] T 1d10fb4561924e2e8d53c7a0b22a426e P c007a00e65ad41a79da1a0c1050c55b4: tablet deleted with delete type TABLET_DATA_DELETED: last-logged OpId 0.0
I0619 00:11:50.118041 25741 log.cc:986] T 1d10fb4561924e2e8d53c7a0b22a426e P c007a00e65ad41a79da1a0c1050c55b4: Deleting WAL directory at /data/somelongdirectorytoavoidrpathissues/src/kudutest/master-stress-test.0.HmsConfigurations_MasterStressTest.Test_0.1529392303277196-25052/minicluster-data/ts-0/wal/wals/1d10fb4561924e2e8d53c7a0b22a426e
I0619 00:11:50.118505 25741 ts_tablet_manager.cc:1403] T 1d10fb4561924e2e8d53c7a0b22a426e P c007a00e65ad41a79da1a0c1050c55b4: Deleting consensus metadata
I0619 00:11:50.119699 25354 raft_consensus.cc:1081] T e3708e05f6054306b5bf7f1df2140e3d P c007a00e65ad41a79da1a0c1050c55b4 [term 1 FOLLOWER]: Refusing update from remote peer 10bda0b4856f4441b5aed24cdc4764a8: Log matching property violated. Preceding OpId in replica: term: 0 index: 0. Preceding OpId from leader: term: 1 index: 2. (index mismatch)
W0619 00:11:50.120182 25071 catalog_manager.cc:3083] TS 395763cf325d4ce19859830a7ad35c85 (127.24.119.3:39344): delete failed for tablet 3b80a302aacb418091aee54ab4be7249 with error code TABLET_NOT_RUNNING: Already present: State transition of tablet 3b80a302aacb418091aee54ab4be7249 already in progress: creating tablet
I0619 00:11:50.121222 25071 catalog_manager.cc:2891] Scheduling retry of 3b80a302aacb418091aee54ab4be7249 Delete Tablet RPC for TS=395763cf325d4ce19859830a7ad35c85 with a delay of 52 ms (attempt = 2)
I0619 00:11:50.126215 25067 catalog_manager.cc:3113] Sending DeleteTablet(TABLET_DATA_DELETED) for tablet cb57d196f0724247b6a7f9a34be8377a on c007a00e65ad41a79da1a0c1050c55b4 (127.24.119.1:32951) (Table deleted at 2018-06-19 00:11:49 PDT)
I0619 00:11:50.126214 25727 tablet_bootstrap.cc:427] T dc04126054714196af6bdf7e771ffab0 P c007a00e65ad41a79da1a0c1050c55b4: No bootstrap required, opened a new log
I0619 00:11:50.126561 25080 catalog_manager.cc:3881] TS 10bda0b4856f4441b5aed24cdc4764a8 (127.24.119.2:38512) does not have the latest schema for tablet fb8e94875a8347a0a473c95a77c38795 (table default.table_84d38522d00a488c82a136b79665c4cd [id=41f48f0e1f87464eb43c5bf2a36f70ef]). Expected version 2 got 0
I0619 00:11:50.126790 25727 ts_tablet_manager.cc:1045] T dc04126054714196af6bdf7e771ffab0 P c007a00e65ad41a79da1a0c1050c55b4: Time spent bootstrapping tablet: real 0.161s user 0.004s sys 0.012s
I0619 00:11:50.127216 25330 tablet_service.cc:800] Processing DeleteTablet for tablet cb57d196f0724247b6a7f9a34be8377a with delete_type TABLET_DATA_DELETED (Table deleted at 2018-06-19 00:11:49 PDT) from {username='jenkins'} at 127.24.119.1:46159
I0619 00:11:50.127308 25080 catalog_manager.cc:2891] Scheduling retry of fb8e94875a8347a0a473c95a77c38795 (table default.table_84d38522d00a488c82a136b79665c4cd [id=41f48f0e1f87464eb43c5bf2a36f70ef]) Alter Table RPC with a delay of 23 ms (attempt = 1)
W0619 00:11:50.127607 25080 catalog_manager.cc:3945] Failed to send fb8e94875a8347a0a473c95a77c38795 (table default.table_84d38522d00a488c82a136b79665c4cd [id=41f48f0e1f87464eb43c5bf2a36f70ef]) Alter Table RPC: Not found: failed to reset TS proxy: No leader found: Tablet fb8e94875a8347a0a473c95a77c38795 consensus state has no leader
I0619 00:11:50.128106 25727 raft_consensus.cc:325] T dc04126054714196af6bdf7e771ffab0 P c007a00e65ad41a79da1a0c1050c55b4 [term 0 FOLLOWER]: Replica starting. Triggering 0 pending transactions. Active config: opid_index: -1 OBSOLETE_local: false peers { permanent_uuid: "10bda0b4856f4441b5aed24cdc4764a8" member_type: VOTER last_known_addr { host: "127.24.119.2" port: 38512 } } peers { permanent_uuid: "c007a00e65ad41a79da1a0c1050c55b4" member_type: VOTER last_known_addr { host: "127.24.119.1" port: 32951 } } peers { permanent_uuid: "395763cf325d4ce19859830a7ad35c85" member_type: VOTER last_known_addr { host: "127.24.119.3" port: 39344 } }
I0619 00:11:50.128743 25727 raft_consensus.cc:351] T dc04126054714196af6bdf7e771ffab0 P c007a00e65ad41a79da1a0c1050c55b4 [term 0 FOLLOWER]: Consensus starting up: Expiring failure detector timer to make a prompt election more likely
I0619 00:11:50.128918 25727 raft_consensus.cc:628] T dc04126054714196af6bdf7e771ffab0 P c007a00e65ad41a79da1a0c1050c55b4 [term 0 FOLLOWER]: Becoming Follower/Learner. State: Replica: c007a00e65ad41a79da1a0c1050c55b4, State: Initialized, Role: FOLLOWER
I0619 00:11:50.129459 25727 consensus_queue.cc:227] T dc04126054714196af6bdf7e771ffab0 P c007a00e65ad41a79da1a0c1050c55b4 [NON_LEADER]: Queue going to NON_LEADER mode. State: All replicated index: 0, Majority replicated index: 0, Committed index: 0, Last appended: 0.0, Last appended by leader: 0, Current term: 0, Majority size: -1, State: 0, Mode: NON_LEADER, active raft config: opid_index: -1 OBSOLETE_local: false peers { permanent_uuid: "10bda0b4856f4441b5aed24cdc4764a8" member_type: VOTER last_known_addr { host: "127.24.119.2" port: 38512 } } peers { permanent_uuid: "c007a00e65ad41a79da1a0c1050c55b4" member_type: VOTER last_known_addr { host: "127.24.119.1" port: 32951 } } peers { permanent_uuid: "395763cf325d4ce19859830a7ad35c85" member_type: VOTER last_known_addr { host: "127.24.119.3" port: 39344 } }
I0619 00:11:50.131155 25727 ts_tablet_manager.cc:1073] T dc04126054714196af6bdf7e771ffab0 P c007a00e65ad41a79da1a0c1050c55b4: Time spent starting tablet: real 0.004s user 0.004s sys 0.000s
I0619 00:11:50.132576 25067 catalog_manager.cc:3113] Sending DeleteTablet(TABLET_DATA_DELETED) for tablet a85577b0beba4276b963e5c360544bc7 on c007a00e65ad41a79da1a0c1050c55b4 (127.24.119.1:32951) (Table deleted at 2018-06-19 00:11:49 PDT)
I0619 00:11:50.142405 25071 catalog_manager.cc:3113] Sending DeleteTablet(TABLET_DATA_DELETED) for tablet 292b164659e343158de8e7e3eeb9be31 on 395763cf325d4ce19859830a7ad35c85 (127.24.119.3:39344) (replaced by tablet ee4c4769f75141f9b2ef864ab8a8d9e0)
I0619 00:11:50.146147 25462 ts_tablet_manager.cc:1173] T 397ae10bb6d841b4ba561ec431d29864 P 10bda0b4856f4441b5aed24cdc4764a8: Registered tablet (data state: TABLET_DATA_READY)
I0619 00:11:50.146423 25743 consensus_queue.cc:963] T e3708e05f6054306b5bf7f1df2140e3d P 10bda0b4856f4441b5aed24cdc4764a8 [LEADER]: Connected to new peer: Peer: permanent_uuid: "c007a00e65ad41a79da1a0c1050c55b4" member_type: VOTER last_known_addr { host: "127.24.119.1" port: 32951 }, Status: LMP_MISMATCH, Last received: 0.0, Next index: 1, Last known committed idx: 0, Time since last communication: 0.000s
I0619 00:11:50.149734 25736 maintenance_manager.cc:237] P 10bda0b4856f4441b5aed24cdc4764a8: Unregistered op MinorDeltaCompactionOp(ac129ed44f68432f800420175aa0a630)
I0619 00:11:50.149788 25325 ts_tablet_manager.cc:1173] T 075076aaa16e4ea8a596a7a8c52f103e P c007a00e65ad41a79da1a0c1050c55b4: Registered tablet (data state: TABLET_DATA_READY)
I0619 00:11:50.150327 25071 catalog_manager.cc:3113] Sending DeleteTablet(TABLET_DATA_DELETED) for tablet cb57d196f0724247b6a7f9a34be8377a on 395763cf325d4ce19859830a7ad35c85 (127.24.119.3:39344) (Table deleted at 2018-06-19 00:11:49 PDT)
I0619 00:11:50.150897 25071 catalog_manager.cc:2891] Scheduling retry of fb8e94875a8347a0a473c95a77c38795 (table default.table_84d38522d00a488c82a136b79665c4cd [id=41f48f0e1f87464eb43c5bf2a36f70ef]) Alter Table RPC with a delay of 165 ms (attempt = 4)
I0619 00:11:50.151039 25725 tablet_bootstrap.cc:427] T 72e28bc6b57442b782d8aa07e1152cf4 P 10bda0b4856f4441b5aed24cdc4764a8: No bootstrap required, opened a new log
W0619 00:11:50.151187 25071 catalog_manager.cc:2910] Async tablet task fb8e94875a8347a0a473c95a77c38795 (table default.table_84d38522d00a488c82a136b79665c4cd [id=41f48f0e1f87464eb43c5bf2a36f70ef]) Alter Table RPC failed: Not found: failed to reset TS proxy: No leader found: Tablet fb8e94875a8347a0a473c95a77c38795 consensus state has no leader
I0619 00:11:50.152140 25067 catalog_manager.cc:2891] Scheduling retry of fb8e94875a8347a0a473c95a77c38795 (table default.table_84d38522d00a488c82a136b79665c4cd [id=41f48f0e1f87464eb43c5bf2a36f70ef]) Alter Table RPC with a delay of 65 ms (attempt = 2)
W0619 00:11:50.152416 25067 catalog_manager.cc:2910] Async tablet task fb8e94875a8347a0a473c95a77c38795 (table default.table_84d38522d00a488c82a136b79665c4cd [id=41f48f0e1f87464eb43c5bf2a36f70ef]) Alter Table RPC failed: Not found: failed to reset TS proxy: No leader found: Tablet fb8e94875a8347a0a473c95a77c38795 consensus state has no leader
I0619 00:11:50.152369 25083 catalog_manager.cc:2136] Servicing AlterTable request from {username='jenkins'} at 127.24.119.62:54390: table { table_name: "default.table_dda28a7d27fb424e8e0e9f6657a52c6c" } new_table_name: "default.table_48a6321c18954a77805c579d820e8d00" alter_external_catalogs: true
I0619 00:11:50.152498 25725 ts_tablet_manager.cc:1045] T 72e28bc6b57442b782d8aa07e1152cf4 P 10bda0b4856f4441b5aed24cdc4764a8: Time spent bootstrapping tablet: real 0.049s user 0.006s sys 0.001s
I0619 00:11:50.153337 25604 ts_tablet_manager.cc:1173] T 075076aaa16e4ea8a596a7a8c52f103e P 395763cf325d4ce19859830a7ad35c85: Registered tablet (data state: TABLET_DATA_READY)
I0619 00:11:50.154157 25330 tablet_service.cc:800] Processing DeleteTablet for tablet a85577b0beba4276b963e5c360544bc7 with delete_type TABLET_DATA_DELETED (Table deleted at 2018-06-19 00:11:49 PDT) from {username='jenkins'} at 127.24.119.1:46159
I0619 00:11:50.154413 25603 ts_tablet_manager.cc:1173] T 397ae10bb6d841b4ba561ec431d29864 P 395763cf325d4ce19859830a7ad35c85: Registered tablet (data state: TABLET_DATA_READY)
W0619 00:11:50.154525 25071 catalog_manager.cc:3083] TS 10bda0b4856f4441b5aed24cdc4764a8 (127.24.119.2:38512): delete failed for tablet 60dfd91c98d94bfbbc6416268c65c378 with error code TABLET_NOT_RUNNING: Already present: State transition of tablet 60dfd91c98d94bfbbc6416268c65c378 already in progress: creating tablet
I0619 00:11:50.154794 25071 catalog_manager.cc:2891] Scheduling retry of 60dfd91c98d94bfbbc6416268c65c378 Delete Tablet RPC for TS=10bda0b4856f4441b5aed24cdc4764a8 with a delay of 72 ms (attempt = 2)
W0619 00:11:50.155122 25071 catalog_manager.cc:3083] TS 395763cf325d4ce19859830a7ad35c85 (127.24.119.3:39344): delete failed for tablet a85577b0beba4276b963e5c360544bc7 with error code TABLET_NOT_RUNNING: Already present: State transition of tablet a85577b0beba4276b963e5c360544bc7 already in progress: creating tablet
I0619 00:11:50.155330 25071 catalog_manager.cc:2891] Scheduling retry of a85577b0beba4276b963e5c360544bc7 Delete Tablet RPC for TS=395763cf325d4ce19859830a7ad35c85 with a delay of 37 ms (attempt = 1)
W0619 00:11:50.155668 25071 consensus_peers.cc:434] T 00000000000000000000000000000000 P cb25d1bba5bf4c64914f300f122ec898 -> Peer b2a016cc9f274bc1979068306ec6d15e (127.24.119.61:46325): Couldn't send request to peer b2a016cc9f274bc1979068306ec6d15e for tablet 00000000000000000000000000000000. Status: Network error: Client connection negotiation failed: client connection to 127.24.119.61:46325: connect: Connection refused (error 111). Retrying in the next heartbeat period. Already tried 4 times.
W0619 00:11:50.155076 25402 heartbeater.cc:587] Failed to heartbeat to 127.24.119.61:46325: Network error: Failed to ping master at 127.24.119.61:46325: Client connection negotiation failed: client connection to 127.24.119.61:46325: connect: Connection refused (error 111)
I0619 00:11:50.156510 25071 catalog_manager.cc:2891] Scheduling retry of f372b9fb174844eca1662c62039a3c71 (table default.table_45dd93d67cc94f2c8e9e784347d14167 [id=60a6d49e09f04230abe707ed433d2e9a]) Alter Table RPC with a delay of 154 ms (attempt = 4)
I0619 00:11:50.156308 25727 ts_tablet_manager.cc:1028] T 985e23a32fa84104a06dd19d97117ab2 P c007a00e65ad41a79da1a0c1050c55b4: Bootstrapping tablet
