I0619 00:11:50.156946 25727 tablet_bootstrap.cc:427] T 985e23a32fa84104a06dd19d97117ab2 P c007a00e65ad41a79da1a0c1050c55b4: Bootstrap starting.
I0619 00:11:50.157107 25622 tablet_service.cc:995] Received RequestConsensusVote() RPC: tablet_id: "fb8e94875a8347a0a473c95a77c38795" candidate_uuid: "c007a00e65ad41a79da1a0c1050c55b4" candidate_term: 1 candidate_status { last_received { term: 0 index: 0 } } ignore_live_leader: false dest_uuid: "395763cf325d4ce19859830a7ad35c85" is_pre_election: true
I0619 00:11:50.157654 25622 raft_consensus.cc:2732] T fb8e94875a8347a0a473c95a77c38795 P 395763cf325d4ce19859830a7ad35c85: Snoozing failure detection for 2.831s (vote granted)
I0619 00:11:50.158299 25622 raft_consensus.cc:2245] T fb8e94875a8347a0a473c95a77c38795 P 395763cf325d4ce19859830a7ad35c85 [term 0 FOLLOWER]: Leader pre-election vote request: Granting yes vote for candidate c007a00e65ad41a79da1a0c1050c55b4 in term 0.
I0619 00:11:50.159029 25736 maintenance_manager.cc:237] P 10bda0b4856f4441b5aed24cdc4764a8: Unregistered op MajorDeltaCompactionOp(ac129ed44f68432f800420175aa0a630)
I0619 00:11:50.159315 25325 tablet_service.cc:759] Processing CreateTablet for tablet 3537c79c30a1401e8a78b387f08eff58 (table=default.table_da957178ddc241ed8e414551ec468a12 [id=0cd55331c72b42bfb2583be0283a06ef]), partition=RANGE (key) PARTITION UNBOUNDED
I0619 00:11:50.159281 25736 maintenance_manager.cc:237] P 10bda0b4856f4441b5aed24cdc4764a8: Unregistered op UndoDeltaBlockGCOp(ac129ed44f68432f800420175aa0a630)
I0619 00:11:50.160022 25622 tablet_service.cc:995] Received RequestConsensusVote() RPC: tablet_id: "e3708e05f6054306b5bf7f1df2140e3d" candidate_uuid: "c007a00e65ad41a79da1a0c1050c55b4" candidate_term: 1 candidate_status { last_received { term: 0 index: 0 } } ignore_live_leader: false dest_uuid: "395763cf325d4ce19859830a7ad35c85" is_pre_election: true
I0619 00:11:50.160305 25736 maintenance_manager.cc:237] P 10bda0b4856f4441b5aed24cdc4764a8: Unregistered op FlushMRSOp(ac129ed44f68432f800420175aa0a630)
I0619 00:11:50.160557 25736 maintenance_manager.cc:237] P 10bda0b4856f4441b5aed24cdc4764a8: Unregistered op FlushDeltaMemStoresOp(ac129ed44f68432f800420175aa0a630)
I0619 00:11:50.160846 25736 maintenance_manager.cc:237] P 10bda0b4856f4441b5aed24cdc4764a8: Unregistered op LogGCOp(ac129ed44f68432f800420175aa0a630)
I0619 00:11:50.161070 25736 raft_consensus.cc:2042] T ac129ed44f68432f800420175aa0a630 P 10bda0b4856f4441b5aed24cdc4764a8 [term 0 FOLLOWER]: Raft consensus shutting down.
I0619 00:11:50.161361 25736 raft_consensus.cc:2069] T ac129ed44f68432f800420175aa0a630 P 10bda0b4856f4441b5aed24cdc4764a8 [term 0 FOLLOWER]: Raft consensus is shut down!
W0619 00:11:50.162412 25402 heartbeater.cc:587] Failed to heartbeat to 127.24.119.61:46325: Network error: Failed to ping master at 127.24.119.61:46325: Client connection negotiation failed: client connection to 127.24.119.61:46325: connect: Connection refused (error 111)
I0619 00:11:50.163684 25490 tablet_service.cc:995] Received RequestConsensusVote() RPC: tablet_id: "1d10fb4561924e2e8d53c7a0b22a426e" candidate_uuid: "c007a00e65ad41a79da1a0c1050c55b4" candidate_term: 1 candidate_status { last_received { term: 0 index: 0 } } ignore_live_leader: false dest_uuid: "10bda0b4856f4441b5aed24cdc4764a8" is_pre_election: true
I0619 00:11:50.164489 25489 tablet_service.cc:995] Received RequestConsensusVote() RPC: tablet_id: "fb8e94875a8347a0a473c95a77c38795" candidate_uuid: "c007a00e65ad41a79da1a0c1050c55b4" candidate_term: 1 candidate_status { last_received { term: 0 index: 0 } } ignore_live_leader: false dest_uuid: "10bda0b4856f4441b5aed24cdc4764a8" is_pre_election: true
I0619 00:11:50.165020 25489 raft_consensus.cc:2732] T fb8e94875a8347a0a473c95a77c38795 P 10bda0b4856f4441b5aed24cdc4764a8: Snoozing failure detection for 2.242s (vote granted)
I0619 00:11:50.165109 25736 ts_tablet_manager.cc:1369] T ac129ed44f68432f800420175aa0a630 P 10bda0b4856f4441b5aed24cdc4764a8: Deleting tablet data with delete state TABLET_DATA_DELETED
I0619 00:11:50.165299 25489 raft_consensus.cc:2245] T fb8e94875a8347a0a473c95a77c38795 P 10bda0b4856f4441b5aed24cdc4764a8 [term 0 FOLLOWER]: Leader pre-election vote request: Granting yes vote for candidate c007a00e65ad41a79da1a0c1050c55b4 in term 0.
I0619 00:11:50.171239 25489 tablet_service.cc:995] Received RequestConsensusVote() RPC: tablet_id: "e3708e05f6054306b5bf7f1df2140e3d" candidate_uuid: "c007a00e65ad41a79da1a0c1050c55b4" candidate_term: 1 candidate_status { last_received { term: 0 index: 0 } } ignore_live_leader: false dest_uuid: "10bda0b4856f4441b5aed24cdc4764a8" is_pre_election: true
I0619 00:11:50.171833 25489 raft_consensus.cc:2206] T e3708e05f6054306b5bf7f1df2140e3d P 10bda0b4856f4441b5aed24cdc4764a8 [term 1 LEADER]: Leader pre-election vote request: Denying vote to candidate c007a00e65ad41a79da1a0c1050c55b4 for term 1 because replica is either leader or believes a valid leader to be alive.
I0619 00:11:50.170255 25725 raft_consensus.cc:325] T 72e28bc6b57442b782d8aa07e1152cf4 P 10bda0b4856f4441b5aed24cdc4764a8 [term 0 FOLLOWER]: Replica starting. Triggering 0 pending transactions. Active config: opid_index: -1 OBSOLETE_local: false peers { permanent_uuid: "c007a00e65ad41a79da1a0c1050c55b4" member_type: VOTER last_known_addr { host: "127.24.119.1" port: 32951 } } peers { permanent_uuid: "10bda0b4856f4441b5aed24cdc4764a8" member_type: VOTER last_known_addr { host: "127.24.119.2" port: 38512 } } peers { permanent_uuid: "395763cf325d4ce19859830a7ad35c85" member_type: VOTER last_known_addr { host: "127.24.119.3" port: 39344 } }
W0619 00:11:50.173107 25290 leader_election.cc:306] T 1d10fb4561924e2e8d53c7a0b22a426e P c007a00e65ad41a79da1a0c1050c55b4 [CANDIDATE]: Term 1 pre-election: Tablet error from VoteRequest() call to peer 395763cf325d4ce19859830a7ad35c85 (127.24.119.3:39344): Not found: Tablet not found: 1d10fb4561924e2e8d53c7a0b22a426e
I0619 00:11:50.173363 25724 tablet_bootstrap.cc:427] T 3b80a302aacb418091aee54ab4be7249 P 395763cf325d4ce19859830a7ad35c85: No bootstrap required, opened a new log
I0619 00:11:50.173738 25724 ts_tablet_manager.cc:1045] T 3b80a302aacb418091aee54ab4be7249 P 395763cf325d4ce19859830a7ad35c85: Time spent bootstrapping tablet: real 0.095s user 0.005s sys 0.002s
I0619 00:11:50.173373 25725 raft_consensus.cc:351] T 72e28bc6b57442b782d8aa07e1152cf4 P 10bda0b4856f4441b5aed24cdc4764a8 [term 0 FOLLOWER]: Consensus starting up: Expiring failure detector timer to make a prompt election more likely
W0619 00:11:50.174862 25290 leader_election.cc:306] T 1d10fb4561924e2e8d53c7a0b22a426e P c007a00e65ad41a79da1a0c1050c55b4 [CANDIDATE]: Term 1 pre-election: Tablet error from VoteRequest() call to peer 10bda0b4856f4441b5aed24cdc4764a8 (127.24.119.2:38512): Illegal state: must be running to vote when last-logged opid is not known
I0619 00:11:50.175114 25290 leader_election.cc:270] T 1d10fb4561924e2e8d53c7a0b22a426e P c007a00e65ad41a79da1a0c1050c55b4 [CANDIDATE]: Term 1 pre-election: Election decided. Result: candidate lost.
I0619 00:11:50.175580 25622 raft_consensus.cc:2220] T e3708e05f6054306b5bf7f1df2140e3d P 395763cf325d4ce19859830a7ad35c85 [term 1 FOLLOWER]: Leader pre-election vote request: Denying vote to candidate c007a00e65ad41a79da1a0c1050c55b4 for term 1 because replica is already servicing an update from a current leader or another vote.
I0619 00:11:50.134296 25080 catalog_manager.cc:3663] Got report from deleted tablet dc04126054714196af6bdf7e771ffab0 (table default.table_706cbf40bb854d3ebbdbdbf69f4e15d6 [id=091a66f5716e463293291bf5aba8723a]) (Table deleted at 2018-06-19 00:11:48 PDT): Sending delete request for this tablet
I0619 00:11:50.174839 25725 raft_consensus.cc:628] T 72e28bc6b57442b782d8aa07e1152cf4 P 10bda0b4856f4441b5aed24cdc4764a8 [term 0 FOLLOWER]: Becoming Follower/Learner. State: Replica: 10bda0b4856f4441b5aed24cdc4764a8, State: Initialized, Role: FOLLOWER
I0619 00:11:50.162897 25083 catalog_manager.cc:2891] Scheduling retry of aaf62da07a9740c1aa44359d3f604513 (table default.table_48a6321c18954a77805c579d820e8d00 [id=f181d18c1f844c83a0640004333ae473]) Alter Table RPC with a delay of 63 ms (attempt = 1)
I0619 00:11:50.167268 25067 catalog_manager.cc:3113] Sending DeleteTablet(TABLET_DATA_DELETED) for tablet 4c0614e9ed96420886243a6868f2e75e on c007a00e65ad41a79da1a0c1050c55b4 (127.24.119.1:32951) (Table deleted at 2018-06-19 00:11:49 PDT)
W0619 00:11:50.175968 25083 catalog_manager.cc:3998] Failed to send alter table request: Not found: failed to reset TS proxy: No leader found: Tablet aaf62da07a9740c1aa44359d3f604513 consensus state has no leader
I0619 00:11:50.176502 25067 catalog_manager.cc:3091] TS c007a00e65ad41a79da1a0c1050c55b4 (127.24.119.1:32951): tablet 1d10fb4561924e2e8d53c7a0b22a426e (table default.table_f4fd4524d920428fa515c1266d90fb2a [id=b46718e25afb4950af6cacec1d51a9ba]) successfully deleted
I0619 00:11:50.176780 25080 catalog_manager.cc:3113] Sending DeleteTablet(TABLET_DATA_DELETED) for tablet dc04126054714196af6bdf7e771ffab0 on c007a00e65ad41a79da1a0c1050c55b4 (127.24.119.1:32951) (Table deleted at 2018-06-19 00:11:48 PDT)
W0619 00:11:50.176986 25067 catalog_manager.cc:3071] TS c007a00e65ad41a79da1a0c1050c55b4 (127.24.119.1:32951): delete failed for tablet 1d10fb4561924e2e8d53c7a0b22a426e because the tablet was not found. No further retry: Not found: Tablet not found: 1d10fb4561924e2e8d53c7a0b22a426e
W0619 00:11:50.178059 25067 catalog_manager.cc:3083] TS c007a00e65ad41a79da1a0c1050c55b4 (127.24.119.1:32951): delete failed for tablet f372b9fb174844eca1662c62039a3c71 with error code TABLET_NOT_RUNNING: Already present: State transition of tablet f372b9fb174844eca1662c62039a3c71 already in progress: creating tablet
I0619 00:11:50.178278 25067 catalog_manager.cc:2891] Scheduling retry of f372b9fb174844eca1662c62039a3c71 Delete Tablet RPC for TS=c007a00e65ad41a79da1a0c1050c55b4 with a delay of 43 ms (attempt = 1)
I0619 00:11:50.178714 25067 catalog_manager.cc:3113] Sending DeleteTablet(TABLET_DATA_DELETED) for tablet ac129ed44f68432f800420175aa0a630 on c007a00e65ad41a79da1a0c1050c55b4 (127.24.119.1:32951) (replaced by tablet 35acf55f35064c1491122a13ff9f5744)
W0619 00:11:50.179412 25067 catalog_manager.cc:3083] TS c007a00e65ad41a79da1a0c1050c55b4 (127.24.119.1:32951): delete failed for tablet 397ae10bb6d841b4ba561ec431d29864 with error code TABLET_NOT_RUNNING: Already present: State transition of tablet 397ae10bb6d841b4ba561ec431d29864 already in progress: creating tablet
I0619 00:11:50.177284 25725 consensus_queue.cc:227] T 72e28bc6b57442b782d8aa07e1152cf4 P 10bda0b4856f4441b5aed24cdc4764a8 [NON_LEADER]: Queue going to NON_LEADER mode. State: All replicated index: 0, Majority replicated index: 0, Committed index: 0, Last appended: 0.0, Last appended by leader: 0, Current term: 0, Majority size: -1, State: 0, Mode: NON_LEADER, active raft config: opid_index: -1 OBSOLETE_local: false peers { permanent_uuid: "c007a00e65ad41a79da1a0c1050c55b4" member_type: VOTER last_known_addr { host: "127.24.119.1" port: 32951 } } peers { permanent_uuid: "10bda0b4856f4441b5aed24cdc4764a8" member_type: VOTER last_known_addr { host: "127.24.119.2" port: 38512 } } peers { permanent_uuid: "395763cf325d4ce19859830a7ad35c85" member_type: VOTER last_known_addr { host: "127.24.119.3" port: 39344 } }
I0619 00:11:50.179626 25067 catalog_manager.cc:2891] Scheduling retry of 397ae10bb6d841b4ba561ec431d29864 Delete Tablet RPC for TS=c007a00e65ad41a79da1a0c1050c55b4 with a delay of 44 ms (attempt = 1)
W0619 00:11:50.181381 25067 catalog_manager.cc:3083] TS c007a00e65ad41a79da1a0c1050c55b4 (127.24.119.1:32951): delete failed for tablet 3b80a302aacb418091aee54ab4be7249 with error code TABLET_NOT_RUNNING: Already present: State transition of tablet 3b80a302aacb418091aee54ab4be7249 already in progress: creating tablet
I0619 00:11:50.181638 25067 catalog_manager.cc:2891] Scheduling retry of 3b80a302aacb418091aee54ab4be7249 Delete Tablet RPC for TS=c007a00e65ad41a79da1a0c1050c55b4 with a delay of 92 ms (attempt = 3)
W0619 00:11:50.182086 25067 catalog_manager.cc:3083] TS c007a00e65ad41a79da1a0c1050c55b4 (127.24.119.1:32951): delete failed for tablet 292b164659e343158de8e7e3eeb9be31 with error code TABLET_NOT_RUNNING: Already present: State transition of tablet 292b164659e343158de8e7e3eeb9be31 already in progress: creating tablet
I0619 00:11:50.182330 25067 catalog_manager.cc:2891] Scheduling retry of 292b164659e343158de8e7e3eeb9be31 Delete Tablet RPC for TS=c007a00e65ad41a79da1a0c1050c55b4 with a delay of 83 ms (attempt = 3)
W0619 00:11:50.182816 25067 catalog_manager.cc:3071] TS c007a00e65ad41a79da1a0c1050c55b4 (127.24.119.1:32951): delete failed for tablet baf80fd968c44e679987eb4ebe4473de because the tablet was not found. No further retry: Not found: Tablet not found: baf80fd968c44e679987eb4ebe4473de
I0619 00:11:50.182843 25724 raft_consensus.cc:325] T 3b80a302aacb418091aee54ab4be7249 P 395763cf325d4ce19859830a7ad35c85 [term 0 FOLLOWER]: Replica starting. Triggering 0 pending transactions. Active config: opid_index: -1 OBSOLETE_local: false peers { permanent_uuid: "10bda0b4856f4441b5aed24cdc4764a8" member_type: VOTER last_known_addr { host: "127.24.119.2" port: 38512 } } peers { permanent_uuid: "c007a00e65ad41a79da1a0c1050c55b4" member_type: VOTER last_known_addr { host: "127.24.119.1" port: 32951 } } peers { permanent_uuid: "395763cf325d4ce19859830a7ad35c85" member_type: VOTER last_known_addr { host: "127.24.119.3" port: 39344 } }
W0619 00:11:50.183277 25067 catalog_manager.cc:3083] TS c007a00e65ad41a79da1a0c1050c55b4 (127.24.119.1:32951): delete failed for tablet cb57d196f0724247b6a7f9a34be8377a with error code TABLET_NOT_RUNNING: Already present: State transition of tablet cb57d196f0724247b6a7f9a34be8377a already in progress: creating tablet
I0619 00:11:50.183495 25724 raft_consensus.cc:351] T 3b80a302aacb418091aee54ab4be7249 P 395763cf325d4ce19859830a7ad35c85 [term 0 FOLLOWER]: Consensus starting up: Expiring failure detector timer to make a prompt election more likely
I0619 00:11:50.183630 25067 catalog_manager.cc:2891] Scheduling retry of cb57d196f0724247b6a7f9a34be8377a Delete Tablet RPC for TS=c007a00e65ad41a79da1a0c1050c55b4 with a delay of 84 ms (attempt = 3)
I0619 00:11:50.183732 25724 raft_consensus.cc:628] T 3b80a302aacb418091aee54ab4be7249 P 395763cf325d4ce19859830a7ad35c85 [term 0 FOLLOWER]: Becoming Follower/Learner. State: Replica: 395763cf325d4ce19859830a7ad35c85, State: Initialized, Role: FOLLOWER
W0619 00:11:50.184132 25067 catalog_manager.cc:3083] TS c007a00e65ad41a79da1a0c1050c55b4 (127.24.119.1:32951): delete failed for tablet a85577b0beba4276b963e5c360544bc7 with error code TABLET_NOT_RUNNING: Already present: State transition of tablet a85577b0beba4276b963e5c360544bc7 already in progress: creating tablet
I0619 00:11:50.184373 25067 catalog_manager.cc:2891] Scheduling retry of a85577b0beba4276b963e5c360544bc7 Delete Tablet RPC for TS=c007a00e65ad41a79da1a0c1050c55b4 with a delay of 59 ms (attempt = 2)
I0619 00:11:50.184859 25325 data_dirs.cc:934] Could only allocate 1 dirs of requested 3 for tablet 3537c79c30a1401e8a78b387f08eff58. 1 dirs total, 0 dirs full, 0 dirs failed
W0619 00:11:50.187127 25536 heartbeater.cc:587] Failed to heartbeat to 127.24.119.61:46325: Network error: Failed to ping master at 127.24.119.61:46325: Client connection negotiation failed: client connection to 127.24.119.61:46325: connect: Connection refused (error 111)
I0619 00:11:50.188011 25080 catalog_manager.cc:3881] TS 395763cf325d4ce19859830a7ad35c85 (127.24.119.3:39344) does not have the latest schema for tablet e3708e05f6054306b5bf7f1df2140e3d (table default.table_6ace57434b5243c7bd22bd60752a065d [id=47a2f8c4d1f748a69c2bb0416bdb87e4]). Expected version 3 got 0
I0619 00:11:50.189571 25083 catalog_manager.cc:3881] TS 10bda0b4856f4441b5aed24cdc4764a8 (127.24.119.2:38512) does not have the latest schema for tablet 72e28bc6b57442b782d8aa07e1152cf4 (table default.table_95a48b4d8a824265bb7291a68eb33dc3 [id=fa287205f19a461fa0ba005f9991513b]). Expected version 1 got 0
I0619 00:11:50.190114 25727 tablet_bootstrap.cc:578] T 985e23a32fa84104a06dd19d97117ab2 P c007a00e65ad41a79da1a0c1050c55b4: No blocks or log segments found. Creating new log.
I0619 00:11:50.190287 25083 catalog_manager.cc:2891] Scheduling retry of 72e28bc6b57442b782d8aa07e1152cf4 (table default.table_95a48b4d8a824265bb7291a68eb33dc3 [id=fa287205f19a461fa0ba005f9991513b]) Alter Table RPC with a delay of 64 ms (attempt = 1)
W0619 00:11:50.190403 25668 heartbeater.cc:587] Failed to heartbeat to 127.24.119.61:46325: Network error: Failed to ping master at 127.24.119.61:46325: Client connection negotiation failed: client connection to 127.24.119.61:46325: connect: Connection refused (error 111)
W0619 00:11:50.190541 25083 catalog_manager.cc:3945] Failed to send 72e28bc6b57442b782d8aa07e1152cf4 (table default.table_95a48b4d8a824265bb7291a68eb33dc3 [id=fa287205f19a461fa0ba005f9991513b]) Alter Table RPC: Not found: failed to reset TS proxy: No leader found: Tablet 72e28bc6b57442b782d8aa07e1152cf4 consensus state has no leader
W0619 00:11:50.181687 25071 catalog_manager.cc:2910] Async tablet task f372b9fb174844eca1662c62039a3c71 (table default.table_45dd93d67cc94f2c8e9e784347d14167 [id=60a6d49e09f04230abe707ed433d2e9a]) Alter Table RPC failed: Not found: failed to reset TS proxy: No leader found: Tablet f372b9fb174844eca1662c62039a3c71 consensus state has no leader
I0619 00:11:50.196241 25083 catalog_manager.cc:2136] Servicing AlterTable request from {username='jenkins'} at 127.24.119.62:54390: table { table_name: "default.table_31a3ade4f34e4e7a96d0bc91603e471d" } new_table_name: "default.table_00f27d6b83d24c4e8088e0b0ac0d0cca" alter_external_catalogs: true
W0619 00:11:50.198319 25536 heartbeater.cc:587] Failed to heartbeat to 127.24.119.61:46325: Network error: Failed to ping master at 127.24.119.61:46325: Client connection negotiation failed: client connection to 127.24.119.61:46325: connect: Connection refused (error 111)
W0619 00:11:50.198037 25071 catalog_manager.cc:3083] TS 10bda0b4856f4441b5aed24cdc4764a8 (127.24.119.2:38512): delete failed for tablet a85577b0beba4276b963e5c360544bc7 with error code TABLET_NOT_RUNNING: Already present: State transition of tablet a85577b0beba4276b963e5c360544bc7 already in progress: creating tablet
I0619 00:11:50.198778 25071 catalog_manager.cc:2891] Scheduling retry of a85577b0beba4276b963e5c360544bc7 Delete Tablet RPC for TS=10bda0b4856f4441b5aed24cdc4764a8 with a delay of 29 ms (attempt = 1)
W0619 00:11:50.199121 25071 catalog_manager.cc:3071] TS 395763cf325d4ce19859830a7ad35c85 (127.24.119.3:39344): delete failed for tablet 397ae10bb6d841b4ba561ec431d29864 because the tablet was not found. No further retry: Not found: Tablet not found: 397ae10bb6d841b4ba561ec431d29864
I0619 00:11:50.200117 25071 catalog_manager.cc:3113] Sending DeleteTablet(TABLET_DATA_DELETED) for tablet 3b80a302aacb418091aee54ab4be7249 on 10bda0b4856f4441b5aed24cdc4764a8 (127.24.119.2:38512) (replaced by tablet acc89522b693498c987ca5d8ef8275ea)
I0619 00:11:50.200595 25071 catalog_manager.cc:2891] Scheduling retry of fb8e94875a8347a0a473c95a77c38795 (table default.table_84d38522d00a488c82a136b79665c4cd [id=41f48f0e1f87464eb43c5bf2a36f70ef]) Alter Table RPC with a delay of 277 ms (attempt = 5)
I0619 00:11:50.184216 25724 consensus_queue.cc:227] T 3b80a302aacb418091aee54ab4be7249 P 395763cf325d4ce19859830a7ad35c85 [NON_LEADER]: Queue going to NON_LEADER mode. State: All replicated index: 0, Majority replicated index: 0, Committed index: 0, Last appended: 0.0, Last appended by leader: 0, Current term: 0, Majority size: -1, State: 0, Mode: NON_LEADER, active raft config: opid_index: -1 OBSOLETE_local: false peers { permanent_uuid: "10bda0b4856f4441b5aed24cdc4764a8" member_type: VOTER last_known_addr { host: "127.24.119.2" port: 38512 } } peers { permanent_uuid: "c007a00e65ad41a79da1a0c1050c55b4" member_type: VOTER last_known_addr { host: "127.24.119.1" port: 32951 } } peers { permanent_uuid: "395763cf325d4ce19859830a7ad35c85" member_type: VOTER last_known_addr { host: "127.24.119.3" port: 39344 } }
I0619 00:11:50.201316 25080 catalog_manager.cc:3881] TS 10bda0b4856f4441b5aed24cdc4764a8 (127.24.119.2:38512) does not have the latest schema for tablet e3708e05f6054306b5bf7f1df2140e3d (table default.table_6ace57434b5243c7bd22bd60752a065d [id=47a2f8c4d1f748a69c2bb0416bdb87e4]). Expected version 3 got 0
I0619 00:11:50.202044 25724 ts_tablet_manager.cc:1073] T 3b80a302aacb418091aee54ab4be7249 P 395763cf325d4ce19859830a7ad35c85: Time spent starting tablet: real 0.028s user 0.004s sys 0.000s
I0619 00:11:50.202404 25724 ts_tablet_manager.cc:1028] T 292b164659e343158de8e7e3eeb9be31 P 395763cf325d4ce19859830a7ad35c85: Bootstrapping tablet
I0619 00:11:50.196570 25797 tablet.cc:1200] T e3708e05f6054306b5bf7f1df2140e3d P 10bda0b4856f4441b5aed24cdc4764a8: Alter schema from Schema [ primary key (key), 10:key[int32 NOT NULL] ] version 0 to Schema [ primary key (key), 10:key[int32 NOT NULL] ] version 3
W0619 00:11:50.203012 25668 heartbeater.cc:587] Failed to heartbeat to 127.24.119.61:46325: Network error: Failed to ping master at 127.24.119.61:46325: Client connection negotiation failed: client connection to 127.24.119.61:46325: connect: Connection refused (error 111)
I0619 00:11:50.207209 25083 catalog_manager.cc:2891] Scheduling retry of acc89522b693498c987ca5d8ef8275ea (table default.table_00f27d6b83d24c4e8088e0b0ac0d0cca [id=01235cbfa38b48a9bbfbb0b4630c5d23]) Alter Table RPC with a delay of 26 ms (attempt = 1)
W0619 00:11:50.207484 25083 catalog_manager.cc:3998] Failed to send alter table request: Not found: failed to reset TS proxy: No leader found: Tablet acc89522b693498c987ca5d8ef8275ea consensus state has no leader
I0619 00:11:50.208007 25724 tablet_bootstrap.cc:427] T 292b164659e343158de8e7e3eeb9be31 P 395763cf325d4ce19859830a7ad35c85: Bootstrap starting.
W0619 00:11:50.200902 25071 catalog_manager.cc:2910] Async tablet task fb8e94875a8347a0a473c95a77c38795 (table default.table_84d38522d00a488c82a136b79665c4cd [id=41f48f0e1f87464eb43c5bf2a36f70ef]) Alter Table RPC failed: Not found: failed to reset TS proxy: No leader found: Tablet fb8e94875a8347a0a473c95a77c38795 consensus state has no leader
I0619 00:11:50.209344 25071 catalog_manager.cc:3113] Sending DeleteTablet(TABLET_DATA_DELETED) for tablet 3b80a302aacb418091aee54ab4be7249 on 395763cf325d4ce19859830a7ad35c85 (127.24.119.3:39344) (replaced by tablet acc89522b693498c987ca5d8ef8275ea)
I0619 00:11:50.212317 25725 ts_tablet_manager.cc:1073] T 72e28bc6b57442b782d8aa07e1152cf4 P 10bda0b4856f4441b5aed24cdc4764a8: Time spent starting tablet: real 0.059s user 0.004s sys 0.000s
I0619 00:11:50.213064 25071 catalog_manager.cc:3113] Sending DeleteTablet(TABLET_DATA_DELETED) for tablet a85577b0beba4276b963e5c360544bc7 on 395763cf325d4ce19859830a7ad35c85 (127.24.119.3:39344) (Table deleted at 2018-06-19 00:11:49 PDT)
W0619 00:11:50.213744 25536 heartbeater.cc:587] Failed to heartbeat to 127.24.119.61:46325: Network error: Failed to ping master at 127.24.119.61:46325: Client connection negotiation failed: client connection to 127.24.119.61:46325: connect: Connection refused (error 111)
I0619 00:11:50.213886 25725 ts_tablet_manager.cc:1028] T 60dfd91c98d94bfbbc6416268c65c378 P 10bda0b4856f4441b5aed24cdc4764a8: Bootstrapping tablet
I0619 00:11:50.214360 25725 tablet_bootstrap.cc:427] T 60dfd91c98d94bfbbc6416268c65c378 P 10bda0b4856f4441b5aed24cdc4764a8: Bootstrap starting.
I0619 00:11:50.215847 25462 tablet_service.cc:759] Processing CreateTablet for tablet 3537c79c30a1401e8a78b387f08eff58 (table=default.table_da957178ddc241ed8e414551ec468a12 [id=0cd55331c72b42bfb2583be0283a06ef]), partition=RANGE (key) PARTITION UNBOUNDED
I0619 00:11:50.216445 25462 data_dirs.cc:934] Could only allocate 1 dirs of requested 3 for tablet 3537c79c30a1401e8a78b387f08eff58. 1 dirs total, 0 dirs full, 0 dirs failed
I0619 00:11:50.217208 25470 tablet_service.cc:759] Processing CreateTablet for tablet 30a9d9fda8d34caeb8242c372439321b (table=default.table_45dd93d67cc94f2c8e9e784347d14167 [id=60a6d49e09f04230abe707ed433d2e9a]), partition=RANGE (key) PARTITION UNBOUNDED
I0619 00:11:50.217309 25080 catalog_manager.cc:1731] Servicing DeleteTable request from {username='jenkins'} at 127.24.119.62:54390: table { table_name: "default.table_8687a04df04444c6a3f710f1b9884ce5" }
I0619 00:11:50.217810 25470 data_dirs.cc:934] Could only allocate 1 dirs of requested 3 for tablet 30a9d9fda8d34caeb8242c372439321b. 1 dirs total, 0 dirs full, 0 dirs failed
I0619 00:11:50.218245 25067 catalog_manager.cc:2891] Scheduling retry of fb8e94875a8347a0a473c95a77c38795 (table default.table_84d38522d00a488c82a136b79665c4cd [id=41f48f0e1f87464eb43c5bf2a36f70ef]) Alter Table RPC with a delay of 80 ms (attempt = 3)
W0619 00:11:50.218529 25067 catalog_manager.cc:2910] Async tablet task fb8e94875a8347a0a473c95a77c38795 (table default.table_84d38522d00a488c82a136b79665c4cd [id=41f48f0e1f87464eb43c5bf2a36f70ef]) Alter Table RPC failed: Not found: failed to reset TS proxy: No leader found: Tablet fb8e94875a8347a0a473c95a77c38795 consensus state has no leader
I0619 00:11:50.222790 25067 catalog_manager.cc:3113] Sending DeleteTablet(TABLET_DATA_DELETED) for tablet f372b9fb174844eca1662c62039a3c71 on c007a00e65ad41a79da1a0c1050c55b4 (127.24.119.1:32951) (replaced by tablet 30a9d9fda8d34caeb8242c372439321b)
I0619 00:11:50.225241 25462 ts_tablet_manager.cc:1173] T 3537c79c30a1401e8a78b387f08eff58 P 10bda0b4856f4441b5aed24cdc4764a8: Registered tablet (data state: TABLET_DATA_READY)
I0619 00:11:50.225790 25067 catalog_manager.cc:3113] Sending DeleteTablet(TABLET_DATA_DELETED) for tablet 397ae10bb6d841b4ba561ec431d29864 on c007a00e65ad41a79da1a0c1050c55b4 (127.24.119.1:32951) (Table deleted at 2018-06-19 00:11:50 PDT)
I0619 00:11:50.226359 25470 ts_tablet_manager.cc:1173] T 30a9d9fda8d34caeb8242c372439321b P 10bda0b4856f4441b5aed24cdc4764a8: Registered tablet (data state: TABLET_DATA_READY)
I0619 00:11:50.227157 25725 tablet_bootstrap.cc:578] T 60dfd91c98d94bfbbc6416268c65c378 P 10bda0b4856f4441b5aed24cdc4764a8: No blocks or log segments found. Creating new log.
W0619 00:11:50.229692 25071 catalog_manager.cc:3083] TS 395763cf325d4ce19859830a7ad35c85 (127.24.119.3:39344): delete failed for tablet f372b9fb174844eca1662c62039a3c71 with error code TABLET_NOT_RUNNING: Already present: State transition of tablet f372b9fb174844eca1662c62039a3c71 already in progress: creating tablet
I0619 00:11:50.230356 25071 catalog_manager.cc:2891] Scheduling retry of f372b9fb174844eca1662c62039a3c71 Delete Tablet RPC for TS=395763cf325d4ce19859830a7ad35c85 with a delay of 33 ms (attempt = 1)
I0619 00:11:50.232163 25724 tablet_bootstrap.cc:578] T 292b164659e343158de8e7e3eeb9be31 P 395763cf325d4ce19859830a7ad35c85: No blocks or log segments found. Creating new log.
I0619 00:11:50.233788 25603 tablet_service.cc:800] Processing DeleteTablet for tablet 292b164659e343158de8e7e3eeb9be31 with delete_type TABLET_DATA_DELETED (replaced by tablet ee4c4769f75141f9b2ef864ab8a8d9e0) from {username='jenkins'} at 127.24.119.3:34285
I0619 00:11:50.234186 25604 tablet_service.cc:800] Processing DeleteTablet for tablet cb57d196f0724247b6a7f9a34be8377a with delete_type TABLET_DATA_DELETED (Table deleted at 2018-06-19 00:11:49 PDT) from {username='jenkins'} at 127.24.119.3:34285
I0619 00:11:50.235908 25604 tablet_service.cc:759] Processing CreateTablet for tablet 3537c79c30a1401e8a78b387f08eff58 (table=default.table_da957178ddc241ed8e414551ec468a12 [id=0cd55331c72b42bfb2583be0283a06ef]), partition=RANGE (key) PARTITION UNBOUNDED
I0619 00:11:50.236481 25604 data_dirs.cc:934] Could only allocate 1 dirs of requested 3 for tablet 3537c79c30a1401e8a78b387f08eff58. 1 dirs total, 0 dirs full, 0 dirs failed
I0619 00:11:50.240633 25068 catalog_manager.cc:2891] Scheduling retry of aaf62da07a9740c1aa44359d3f604513 (table default.table_48a6321c18954a77805c579d820e8d00 [id=f181d18c1f844c83a0640004333ae473]) Alter Table RPC with a delay of 55 ms (attempt = 2)
W0619 00:11:50.240900 25068 catalog_manager.cc:2910] Async tablet task aaf62da07a9740c1aa44359d3f604513 (table default.table_48a6321c18954a77805c579d820e8d00 [id=f181d18c1f844c83a0640004333ae473]) Alter Table RPC failed: Not found: failed to reset TS proxy: No leader found: Tablet aaf62da07a9740c1aa44359d3f604513 consensus state has no leader
I0619 00:11:50.243973 25082 catalog_manager.cc:3881] TS 395763cf325d4ce19859830a7ad35c85 (127.24.119.3:39344) does not have the latest schema for tablet e3708e05f6054306b5bf7f1df2140e3d (table default.table_6ace57434b5243c7bd22bd60752a065d [id=47a2f8c4d1f748a69c2bb0416bdb87e4]). Expected version 3 got 0
I0619 00:11:50.244277 25083 catalog_manager.cc:3881] TS 10bda0b4856f4441b5aed24cdc4764a8 (127.24.119.2:38512) does not have the latest schema for tablet 72e28bc6b57442b782d8aa07e1152cf4 (table default.table_95a48b4d8a824265bb7291a68eb33dc3 [id=fa287205f19a461fa0ba005f9991513b]). Expected version 1 got 0
I0619 00:11:50.244976 25083 catalog_manager.cc:2891] Scheduling retry of 72e28bc6b57442b782d8aa07e1152cf4 (table default.table_95a48b4d8a824265bb7291a68eb33dc3 [id=fa287205f19a461fa0ba005f9991513b]) Alter Table RPC with a delay of 48 ms (attempt = 1)
W0619 00:11:50.245218 25083 catalog_manager.cc:3945] Failed to send 72e28bc6b57442b782d8aa07e1152cf4 (table default.table_95a48b4d8a824265bb7291a68eb33dc3 [id=fa287205f19a461fa0ba005f9991513b]) Alter Table RPC: Not found: failed to reset TS proxy: No leader found: Tablet 72e28bc6b57442b782d8aa07e1152cf4 consensus state has no leader
I0619 00:11:50.246302 25067 catalog_manager.cc:3113] Sending DeleteTablet(TABLET_DATA_DELETED) for tablet a85577b0beba4276b963e5c360544bc7 on c007a00e65ad41a79da1a0c1050c55b4 (127.24.119.1:32951) (Table deleted at 2018-06-19 00:11:49 PDT)
I0619 00:11:50.246775 25067 catalog_manager.cc:2891] Scheduling retry of 72e28bc6b57442b782d8aa07e1152cf4 (table default.table_95a48b4d8a824265bb7291a68eb33dc3 [id=fa287205f19a461fa0ba005f9991513b]) Alter Table RPC with a delay of 1035 ms (attempt = 7)
W0619 00:11:50.247014 25067 catalog_manager.cc:2910] Async tablet task 72e28bc6b57442b782d8aa07e1152cf4 (table default.table_95a48b4d8a824265bb7291a68eb33dc3 [id=fa287205f19a461fa0ba005f9991513b]) Alter Table RPC failed: Not found: failed to reset TS proxy: No leader found: Tablet 72e28bc6b57442b782d8aa07e1152cf4 consensus state has no leader
I0619 00:11:50.247285 25067 catalog_manager.cc:3113] Sending DeleteTablet(TABLET_DATA_DELETED) for tablet fc22ad98ed2e4e3eb2c62360626a6f87 on c007a00e65ad41a79da1a0c1050c55b4 (127.24.119.1:32951) (Table deleted at 2018-06-19 00:11:49 PDT)
I0619 00:11:50.248427 25083 catalog_manager.cc:3663] Got report from deleted tablet 3b80a302aacb418091aee54ab4be7249 (table default.table_00f27d6b83d24c4e8088e0b0ac0d0cca [id=01235cbfa38b48a9bbfbb0b4630c5d23]) (replaced by tablet acc89522b693498c987ca5d8ef8275ea): Sending delete request for this tablet
I0619 00:11:50.249572 25603 tablet_service.cc:759] Processing CreateTablet for tablet 30a9d9fda8d34caeb8242c372439321b (table=default.table_45dd93d67cc94f2c8e9e784347d14167 [id=60a6d49e09f04230abe707ed433d2e9a]), partition=RANGE (key) PARTITION UNBOUNDED
I0619 00:11:50.250186 25603 data_dirs.cc:934] Could only allocate 1 dirs of requested 3 for tablet 30a9d9fda8d34caeb8242c372439321b. 1 dirs total, 0 dirs full, 0 dirs failed
I0619 00:11:50.252240 25071 catalog_manager.cc:3113] Sending DeleteTablet(TABLET_DATA_DELETED) for tablet 60dfd91c98d94bfbbc6416268c65c378 on 10bda0b4856f4441b5aed24cdc4764a8 (127.24.119.2:38512) (Table deleted at 2018-06-19 00:11:49 PDT)
I0619 00:11:50.252912 25071 catalog_manager.cc:3113] Sending DeleteTablet(TABLET_DATA_DELETED) for tablet a85577b0beba4276b963e5c360544bc7 on 10bda0b4856f4441b5aed24cdc4764a8 (127.24.119.2:38512) (Table deleted at 2018-06-19 00:11:49 PDT)
I0619 00:11:50.253304 25083 catalog_manager.cc:3113] Sending DeleteTablet(TABLET_DATA_DELETED) for tablet 3b80a302aacb418091aee54ab4be7249 on 395763cf325d4ce19859830a7ad35c85 (127.24.119.3:39344) (replaced by tablet acc89522b693498c987ca5d8ef8275ea)
I0619 00:11:50.257717 25067 catalog_manager.cc:2891] Scheduling retry of 72e28bc6b57442b782d8aa07e1152cf4 (table default.table_95a48b4d8a824265bb7291a68eb33dc3 [id=fa287205f19a461fa0ba005f9991513b]) Alter Table RPC with a delay of 67 ms (attempt = 2)
W0619 00:11:50.257776 25536 heartbeater.cc:587] Failed to heartbeat to 127.24.119.61:46325: Network error: Failed to ping master at 127.24.119.61:46325: Client connection negotiation failed: client connection to 127.24.119.61:46325: connect: Connection refused (error 111)
W0619 00:11:50.257977 25067 catalog_manager.cc:2910] Async tablet task 72e28bc6b57442b782d8aa07e1152cf4 (table default.table_95a48b4d8a824265bb7291a68eb33dc3 [id=fa287205f19a461fa0ba005f9991513b]) Alter Table RPC failed: Not found: failed to reset TS proxy: No leader found: Tablet 72e28bc6b57442b782d8aa07e1152cf4 consensus state has no leader
I0619 00:11:50.259824 25604 ts_tablet_manager.cc:1173] T 3537c79c30a1401e8a78b387f08eff58 P 395763cf325d4ce19859830a7ad35c85: Registered tablet (data state: TABLET_DATA_READY)
I0619 00:11:50.261761 25080 catalog_manager.cc:4025] T 00000000000000000000000000000000 P cb25d1bba5bf4c64914f300f122ec898: Sending DeleteTablet for 3 replicas of tablet a52cbcbe35374d518bca1e0fc24d88d4
I0619 00:11:50.262058 25080 catalog_manager.cc:3113] Sending DeleteTablet(TABLET_DATA_DELETED) for tablet a52cbcbe35374d518bca1e0fc24d88d4 on c007a00e65ad41a79da1a0c1050c55b4 (127.24.119.1:32951) (Table deleted at 2018-06-19 00:11:50 PDT)
I0619 00:11:50.262431 25080 catalog_manager.cc:3113] Sending DeleteTablet(TABLET_DATA_DELETED) for tablet a52cbcbe35374d518bca1e0fc24d88d4 on 10bda0b4856f4441b5aed24cdc4764a8 (127.24.119.2:38512) (Table deleted at 2018-06-19 00:11:50 PDT)
I0619 00:11:50.262828 25080 catalog_manager.cc:3113] Sending DeleteTablet(TABLET_DATA_DELETED) for tablet a52cbcbe35374d518bca1e0fc24d88d4 on 395763cf325d4ce19859830a7ad35c85 (127.24.119.3:39344) (Table deleted at 2018-06-19 00:11:50 PDT)
I0619 00:11:50.263496 25724 tablet_bootstrap.cc:427] T 292b164659e343158de8e7e3eeb9be31 P 395763cf325d4ce19859830a7ad35c85: No bootstrap required, opened a new log
I0619 00:11:50.264130 25724 ts_tablet_manager.cc:1045] T 292b164659e343158de8e7e3eeb9be31 P 395763cf325d4ce19859830a7ad35c85: Time spent bootstrapping tablet: real 0.057s user 0.003s sys 0.003s
I0619 00:11:50.267355 25080 catalog_manager.cc:1339] Servicing CreateTable request from {username='jenkins'} at 127.24.119.62:54390: name: "default.table_4b9f3e0c22b54ee381137efdf5107650" schema { columns { name: "key" type: INT32 is_key: true is_nullable: false encoding: AUTO_ENCODING compression: DEFAULT_COMPRESSION cfile_block_size: 0 } } split_rows_range_bounds { } partition_schema { range_schema { columns { name: "key" } } }
I0619 00:11:50.267772 25067 catalog_manager.cc:3113] Sending DeleteTablet(TABLET_DATA_DELETED) for tablet 292b164659e343158de8e7e3eeb9be31 on c007a00e65ad41a79da1a0c1050c55b4 (127.24.119.1:32951) (replaced by tablet ee4c4769f75141f9b2ef864ab8a8d9e0)
W0619 00:11:50.268782 25080 catalog_manager.cc:1488] The number of live tablet servers is not enough to re-replicate a tablet replica of the newly created table default.table_4b9f3e0c22b54ee381137efdf5107650 in case of a replica failure: 4 tablet servers are needed, 3 are alive. Consider bringing up additional tablet server(s) or running both the masters and all tablet servers with --raft_prepare_replacement_before_eviction=false flag (not recommended).
I0619 00:11:50.269109 25067 catalog_manager.cc:3113] Sending DeleteTablet(TABLET_DATA_DELETED) for tablet cb57d196f0724247b6a7f9a34be8377a on c007a00e65ad41a79da1a0c1050c55b4 (127.24.119.1:32951) (Table deleted at 2018-06-19 00:11:49 PDT)
I0619 00:11:50.271819 25083 catalog_manager.cc:4229] T 00000000000000000000000000000000 P cb25d1bba5bf4c64914f300f122ec898: default.table_6ace57434b5243c7bd22bd60752a065d [id=47a2f8c4d1f748a69c2bb0416bdb87e4] alter complete (version 3)
I0619 00:11:50.273315 25797 tablet.cc:1195] T e3708e05f6054306b5bf7f1df2140e3d P 10bda0b4856f4441b5aed24cdc4764a8: Already running schema version 3 got alter request for version 3
I0619 00:11:50.273895 25736 ts_tablet_manager.cc:1382] T ac129ed44f68432f800420175aa0a630 P 10bda0b4856f4441b5aed24cdc4764a8: tablet deleted with delete type TABLET_DATA_DELETED: last-logged OpId 0.0
I0619 00:11:50.274410 25067 catalog_manager.cc:3113] Sending DeleteTablet(TABLET_DATA_DELETED) for tablet 3b80a302aacb418091aee54ab4be7249 on c007a00e65ad41a79da1a0c1050c55b4 (127.24.119.1:32951) (replaced by tablet acc89522b693498c987ca5d8ef8275ea)
I0619 00:11:50.274286 25736 log.cc:986] T ac129ed44f68432f800420175aa0a630 P 10bda0b4856f4441b5aed24cdc4764a8: Deleting WAL directory at /data/somelongdirectorytoavoidrpathissues/src/kudutest/master-stress-test.0.HmsConfigurations_MasterStressTest.Test_0.1529392303277196-25052/minicluster-data/ts-1/wal/wals/ac129ed44f68432f800420175aa0a630
I0619 00:11:50.275554 25736 ts_tablet_manager.cc:1403] T ac129ed44f68432f800420175aa0a630 P 10bda0b4856f4441b5aed24cdc4764a8: Deleting consensus metadata
W0619 00:11:50.276170 25536 heartbeater.cc:587] Failed to heartbeat to 127.24.119.61:46325: Network error: Failed to ping master at 127.24.119.61:46325: Client connection negotiation failed: client connection to 127.24.119.61:46325: connect: Connection refused (error 111)
I0619 00:11:50.277362 25256 catalog_manager.cc:4025] T 00000000000000000000000000000000 P cb25d1bba5bf4c64914f300f122ec898: Sending DeleteTablet for 3 replicas of tablet a52cbcbe35374d518bca1e0fc24d88d4
I0619 00:11:50.277899 25256 catalog_manager.cc:3113] Sending DeleteTablet(TABLET_DATA_DELETED) for tablet a52cbcbe35374d518bca1e0fc24d88d4 on c007a00e65ad41a79da1a0c1050c55b4 (127.24.119.1:32951) (Table deleted at 2018-06-19 00:11:50 PDT)
I0619 00:11:50.278501 25256 catalog_manager.cc:3113] Sending DeleteTablet(TABLET_DATA_DELETED) for tablet a52cbcbe35374d518bca1e0fc24d88d4 on 10bda0b4856f4441b5aed24cdc4764a8 (127.24.119.2:38512) (Table deleted at 2018-06-19 00:11:50 PDT)
I0619 00:11:50.279089 25256 catalog_manager.cc:3113] Sending DeleteTablet(TABLET_DATA_DELETED) for tablet a52cbcbe35374d518bca1e0fc24d88d4 on 395763cf325d4ce19859830a7ad35c85 (127.24.119.3:39344) (Table deleted at 2018-06-19 00:11:50 PDT)
I0619 00:11:50.266232 25724 raft_consensus.cc:325] T 292b164659e343158de8e7e3eeb9be31 P 395763cf325d4ce19859830a7ad35c85 [term 0 FOLLOWER]: Replica starting. Triggering 0 pending transactions. Active config: opid_index: -1 OBSOLETE_local: false peers { permanent_uuid: "c007a00e65ad41a79da1a0c1050c55b4" member_type: VOTER last_known_addr { host: "127.24.119.1" port: 32951 } } peers { permanent_uuid: "10bda0b4856f4441b5aed24cdc4764a8" member_type: VOTER last_known_addr { host: "127.24.119.2" port: 38512 } } peers { permanent_uuid: "395763cf325d4ce19859830a7ad35c85" member_type: VOTER last_known_addr { host: "127.24.119.3" port: 39344 } }
I0619 00:11:50.286039 25603 ts_tablet_manager.cc:1173] T 30a9d9fda8d34caeb8242c372439321b P 395763cf325d4ce19859830a7ad35c85: Registered tablet (data state: TABLET_DATA_READY)
I0619 00:11:50.286965 25799 tablet.cc:1200] T e3708e05f6054306b5bf7f1df2140e3d P 395763cf325d4ce19859830a7ad35c85: Alter schema from Schema [ primary key (key), 10:key[int32 NOT NULL] ] version 0 to Schema [ primary key (key), 10:key[int32 NOT NULL] ] version 3
I0619 00:11:50.289476 25071 catalog_manager.cc:2891] Scheduling retry of acc89522b693498c987ca5d8ef8275ea (table default.table_00f27d6b83d24c4e8088e0b0ac0d0cca [id=01235cbfa38b48a9bbfbb0b4630c5d23]) Alter Table RPC with a delay of 35 ms (attempt = 2)
I0619 00:11:50.289892 25601 tablet_service.cc:800] Processing DeleteTablet for tablet 3b80a302aacb418091aee54ab4be7249 with delete_type TABLET_DATA_DELETED (replaced by tablet acc89522b693498c987ca5d8ef8275ea) from {username='jenkins'} at 127.24.119.3:34285
I0619 00:11:50.290366 25604 tablet_service.cc:800] Processing DeleteTablet for tablet a85577b0beba4276b963e5c360544bc7 with delete_type TABLET_DATA_DELETED (Table deleted at 2018-06-19 00:11:49 PDT) from {username='jenkins'} at 127.24.119.3:34285
I0619 00:11:50.290570 25730 tablet_replica.cc:261] T 3b80a302aacb418091aee54ab4be7249 P 395763cf325d4ce19859830a7ad35c85: stopping tablet replica
I0619 00:11:50.290870 25730 maintenance_manager.cc:237] P 395763cf325d4ce19859830a7ad35c85: Unregistered op CompactRowSetsOp(3b80a302aacb418091aee54ab4be7249)
I0619 00:11:50.289937 25080 catalog_manager.cc:1731] Servicing DeleteTable request from {username='jenkins'} at 127.24.119.62:54390: table { table_name: "default.table_0a2ef368d0f945eaaeeb3e58d57ef718" }
I0619 00:11:50.291076 25730 maintenance_manager.cc:237] P 395763cf325d4ce19859830a7ad35c85: Unregistered op MinorDeltaCompactionOp(3b80a302aacb418091aee54ab4be7249)
I0619 00:11:50.291260 25730 maintenance_manager.cc:237] P 395763cf325d4ce19859830a7ad35c85: Unregistered op MajorDeltaCompactionOp(3b80a302aacb418091aee54ab4be7249)
I0619 00:11:50.291440 25730 maintenance_manager.cc:237] P 395763cf325d4ce19859830a7ad35c85: Unregistered op UndoDeltaBlockGCOp(3b80a302aacb418091aee54ab4be7249)
I0619 00:11:50.291641 25730 maintenance_manager.cc:237] P 395763cf325d4ce19859830a7ad35c85: Unregistered op FlushMRSOp(3b80a302aacb418091aee54ab4be7249)
I0619 00:11:50.291851 25730 maintenance_manager.cc:237] P 395763cf325d4ce19859830a7ad35c85: Unregistered op FlushDeltaMemStoresOp(3b80a302aacb418091aee54ab4be7249)
I0619 00:11:50.292022 25730 maintenance_manager.cc:237] P 395763cf325d4ce19859830a7ad35c85: Unregistered op LogGCOp(3b80a302aacb418091aee54ab4be7249)
I0619 00:11:50.292186 25730 raft_consensus.cc:2042] T 3b80a302aacb418091aee54ab4be7249 P 395763cf325d4ce19859830a7ad35c85 [term 0 FOLLOWER]: Raft consensus shutting down.
I0619 00:11:50.292428 25730 raft_consensus.cc:2069] T 3b80a302aacb418091aee54ab4be7249 P 395763cf325d4ce19859830a7ad35c85 [term 0 FOLLOWER]: Raft consensus is shut down!
I0619 00:11:50.290314 25602 tablet_service.cc:800] Processing DeleteTablet for tablet a52cbcbe35374d518bca1e0fc24d88d4 with delete_type TABLET_DATA_DELETED (Table deleted at 2018-06-19 00:11:50 PDT) from {username='jenkins'} at 127.24.119.3:34285
I0619 00:11:50.293860 25730 ts_tablet_manager.cc:1369] T 3b80a302aacb418091aee54ab4be7249 P 395763cf325d4ce19859830a7ad35c85: Deleting tablet data with delete state TABLET_DATA_DELETED
I0619 00:11:50.294638 25067 catalog_manager.cc:2891] Scheduling retry of 72e28bc6b57442b782d8aa07e1152cf4 (table default.table_95a48b4d8a824265bb7291a68eb33dc3 [id=fa287205f19a461fa0ba005f9991513b]) Alter Table RPC with a delay of 45 ms (attempt = 2)
W0619 00:11:50.295193 25067 catalog_manager.cc:2910] Async tablet task 72e28bc6b57442b782d8aa07e1152cf4 (table default.table_95a48b4d8a824265bb7291a68eb33dc3 [id=fa287205f19a461fa0ba005f9991513b]) Alter Table RPC failed: Not found: failed to reset TS proxy: No leader found: Tablet 72e28bc6b57442b782d8aa07e1152cf4 consensus state has no leader
W0619 00:11:50.290978 25071 catalog_manager.cc:2910] Async tablet task acc89522b693498c987ca5d8ef8275ea (table default.table_00f27d6b83d24c4e8088e0b0ac0d0cca [id=01235cbfa38b48a9bbfbb0b4630c5d23]) Alter Table RPC failed: Not found: failed to reset TS proxy: No leader found: Tablet acc89522b693498c987ca5d8ef8275ea consensus state has no leader
I0619 00:11:50.299352 25067 catalog_manager.cc:2891] Scheduling retry of fb8e94875a8347a0a473c95a77c38795 (table default.table_84d38522d00a488c82a136b79665c4cd [id=41f48f0e1f87464eb43c5bf2a36f70ef]) Alter Table RPC with a delay of 136 ms (attempt = 4)
I0619 00:11:50.299479 25068 catalog_manager.cc:2891] Scheduling retry of aaf62da07a9740c1aa44359d3f604513 (table default.table_48a6321c18954a77805c579d820e8d00 [id=f181d18c1f844c83a0640004333ae473]) Alter Table RPC with a delay of 76 ms (attempt = 3)
I0619 00:11:50.299720 25325 ts_tablet_manager.cc:1173] T 3537c79c30a1401e8a78b387f08eff58 P c007a00e65ad41a79da1a0c1050c55b4: Registered tablet (data state: TABLET_DATA_READY)
W0619 00:11:50.299880 25068 catalog_manager.cc:2910] Async tablet task aaf62da07a9740c1aa44359d3f604513 (table default.table_48a6321c18954a77805c579d820e8d00 [id=f181d18c1f844c83a0640004333ae473]) Alter Table RPC failed: Not found: failed to reset TS proxy: No leader found: Tablet aaf62da07a9740c1aa44359d3f604513 consensus state has no leader
W0619 00:11:50.300060 25067 catalog_manager.cc:2910] Async tablet task fb8e94875a8347a0a473c95a77c38795 (table default.table_84d38522d00a488c82a136b79665c4cd [id=41f48f0e1f87464eb43c5bf2a36f70ef]) Alter Table RPC failed: Not found: failed to reset TS proxy: No leader found: Tablet fb8e94875a8347a0a473c95a77c38795 consensus state has no leader
I0619 00:11:50.302182 25071 catalog_manager.cc:3113] Sending DeleteTablet(TABLET_DATA_DELETED) for tablet f372b9fb174844eca1662c62039a3c71 on 395763cf325d4ce19859830a7ad35c85 (127.24.119.3:39344) (replaced by tablet 30a9d9fda8d34caeb8242c372439321b)
I0619 00:11:50.302876 25776 raft_consensus.cc:457] T 53688f0e4a604bc4a07dec9278a8dad6 P 395763cf325d4ce19859830a7ad35c85 [term 0 FOLLOWER]: Starting pre-election (no leader contacted us within the election timeout)
I0619 00:11:50.303110 25776 raft_consensus.cc:2732] T 53688f0e4a604bc4a07dec9278a8dad6 P 395763cf325d4ce19859830a7ad35c85: Snoozing failure detection for 1.895s (starting election)
I0619 00:11:50.303349 25776 raft_consensus.cc:479] T 53688f0e4a604bc4a07dec9278a8dad6 P 395763cf325d4ce19859830a7ad35c85 [term 0 FOLLOWER]: Starting pre-election with config: opid_index: -1 OBSOLETE_local: false peers { permanent_uuid: "10bda0b4856f4441b5aed24cdc4764a8" member_type: VOTER last_known_addr { host: "127.24.119.2" port: 38512 } } peers { permanent_uuid: "c007a00e65ad41a79da1a0c1050c55b4" member_type: VOTER last_known_addr { host: "127.24.119.1" port: 32951 } } peers { permanent_uuid: "395763cf325d4ce19859830a7ad35c85" member_type: VOTER last_known_addr { host: "127.24.119.3" port: 39344 } }
I0619 00:11:50.304347 25776 leader_election.cc:243] T 53688f0e4a604bc4a07dec9278a8dad6 P 395763cf325d4ce19859830a7ad35c85 [CANDIDATE]: Term 1 pre-election: Requesting pre-vote from peer 10bda0b4856f4441b5aed24cdc4764a8 (127.24.119.2:38512)
I0619 00:11:50.304754 25776 leader_election.cc:243] T 53688f0e4a604bc4a07dec9278a8dad6 P 395763cf325d4ce19859830a7ad35c85 [CANDIDATE]: Term 1 pre-election: Requesting pre-vote from peer c007a00e65ad41a79da1a0c1050c55b4 (127.24.119.1:32951)
I0619 00:11:50.306406 25080 catalog_manager.cc:4025] T 00000000000000000000000000000000 P cb25d1bba5bf4c64914f300f122ec898: Sending DeleteTablet for 3 replicas of tablet 03522c48c50943b38cae5aa88562e583
I0619 00:11:50.306742 25080 catalog_manager.cc:3113] Sending DeleteTablet(TABLET_DATA_DELETED) for tablet 03522c48c50943b38cae5aa88562e583 on 10bda0b4856f4441b5aed24cdc4764a8 (127.24.119.2:38512) (Table deleted at 2018-06-19 00:11:50 PDT)
I0619 00:11:50.307576 25071 catalog_manager.cc:2891] Scheduling retry of acc89522b693498c987ca5d8ef8275ea (table default.table_00f27d6b83d24c4e8088e0b0ac0d0cca [id=01235cbfa38b48a9bbfbb0b4630c5d23]) Alter Table RPC with a delay of 530 ms (attempt = 6)
W0619 00:11:50.302402 25290 raft_consensus.cc:2442] T 1d10fb4561924e2e8d53c7a0b22a426e P c007a00e65ad41a79da1a0c1050c55b4: Unable to run election callback: Service unavailable: Thread pool token was shut down
W0619 00:11:50.308781 25071 catalog_manager.cc:2910] Async tablet task acc89522b693498c987ca5d8ef8275ea (table default.table_00f27d6b83d24c4e8088e0b0ac0d0cca [id=01235cbfa38b48a9bbfbb0b4630c5d23]) Alter Table RPC failed: Not found: failed to reset TS proxy: No leader found: Tablet acc89522b693498c987ca5d8ef8275ea consensus state has no leader
I0619 00:11:50.307963 25080 catalog_manager.cc:3113] Sending DeleteTablet(TABLET_DATA_DELETED) for tablet 03522c48c50943b38cae5aa88562e583 on c007a00e65ad41a79da1a0c1050c55b4 (127.24.119.1:32951) (Table deleted at 2018-06-19 00:11:50 PDT)
I0619 00:11:50.309427 25080 catalog_manager.cc:3113] Sending DeleteTablet(TABLET_DATA_DELETED) for tablet 03522c48c50943b38cae5aa88562e583 on 395763cf325d4ce19859830a7ad35c85 (127.24.119.3:39344) (Table deleted at 2018-06-19 00:11:50 PDT)
I0619 00:11:50.313527 25356 tablet_service.cc:995] Received RequestConsensusVote() RPC: tablet_id: "53688f0e4a604bc4a07dec9278a8dad6" candidate_uuid: "395763cf325d4ce19859830a7ad35c85" candidate_term: 1 candidate_status { last_received { term: 0 index: 0 } } ignore_live_leader: false dest_uuid: "c007a00e65ad41a79da1a0c1050c55b4" is_pre_election: true
I0619 00:11:50.313580 25083 catalog_manager.cc:1339] Servicing CreateTable request from {username='jenkins'} at 127.24.119.62:54390: name: "default.table_dd9523cf3fda45cd8bc544abb9dfba01" schema { columns { name: "key" type: INT32 is_key: true is_nullable: false encoding: AUTO_ENCODING compression: DEFAULT_COMPRESSION cfile_block_size: 0 } } split_rows_range_bounds { } partition_schema { range_schema { columns { name: "key" } } }
W0619 00:11:50.314644 25083 catalog_manager.cc:1488] The number of live tablet servers is not enough to re-replicate a tablet replica of the newly created table default.table_dd9523cf3fda45cd8bc544abb9dfba01 in case of a replica failure: 4 tablet servers are needed, 3 are alive. Consider bringing up additional tablet server(s) or running both the masters and all tablet servers with --raft_prepare_replacement_before_eviction=false flag (not recommended).
I0619 00:11:50.316721 25470 tablet_service.cc:800] Processing DeleteTablet for tablet 3b80a302aacb418091aee54ab4be7249 with delete_type TABLET_DATA_DELETED (replaced by tablet acc89522b693498c987ca5d8ef8275ea) from {username='jenkins'} at 127.24.119.2:51757
