I0619 00:11:52.537462 25489 raft_consensus.cc:2245] T 70b9c8c4af0945b69b5577e47b61c054 P 10bda0b4856f4441b5aed24cdc4764a8 [term 0 FOLLOWER]: Leader pre-election vote request: Granting yes vote for candidate c007a00e65ad41a79da1a0c1050c55b4 in term 0.
I0619 00:11:52.537725 25741 maintenance_manager.cc:237] P c007a00e65ad41a79da1a0c1050c55b4: Unregistered op FlushMRSOp(acc89522b693498c987ca5d8ef8275ea)
I0619 00:11:52.537714 25082 catalog_manager.cc:4025] T 00000000000000000000000000000000 P cb25d1bba5bf4c64914f300f122ec898: Sending DeleteTablet for 3 replicas of tablet 981d862d1bab4b14bb10e6fc2174e1cc
I0619 00:11:52.538007 25082 catalog_manager.cc:3113] Sending DeleteTablet(TABLET_DATA_DELETED) for tablet 981d862d1bab4b14bb10e6fc2174e1cc on c007a00e65ad41a79da1a0c1050c55b4 (127.24.119.1:32951) (Table deleted at 2018-06-19 00:11:52 PDT)
W0619 00:11:52.538249 25290 leader_election.cc:306] T 70b9c8c4af0945b69b5577e47b61c054 P c007a00e65ad41a79da1a0c1050c55b4 [CANDIDATE]: Term 1 pre-election: Tablet error from VoteRequest() call to peer 395763cf325d4ce19859830a7ad35c85 (127.24.119.3:39344): Not found: Tablet not found: 70b9c8c4af0945b69b5577e47b61c054
I0619 00:11:52.538389 25082 catalog_manager.cc:3113] Sending DeleteTablet(TABLET_DATA_DELETED) for tablet 981d862d1bab4b14bb10e6fc2174e1cc on 10bda0b4856f4441b5aed24cdc4764a8 (127.24.119.2:38512) (Table deleted at 2018-06-19 00:11:52 PDT)
I0619 00:11:52.538637 25741 maintenance_manager.cc:237] P c007a00e65ad41a79da1a0c1050c55b4: Unregistered op FlushDeltaMemStoresOp(acc89522b693498c987ca5d8ef8275ea)
I0619 00:11:52.538781 25082 catalog_manager.cc:3113] Sending DeleteTablet(TABLET_DATA_DELETED) for tablet 981d862d1bab4b14bb10e6fc2174e1cc on 395763cf325d4ce19859830a7ad35c85 (127.24.119.3:39344) (Table deleted at 2018-06-19 00:11:52 PDT)
I0619 00:11:52.538843 25741 maintenance_manager.cc:237] P c007a00e65ad41a79da1a0c1050c55b4: Unregistered op LogGCOp(acc89522b693498c987ca5d8ef8275ea)
I0619 00:11:52.538712 25489 tablet_service.cc:995] Received RequestConsensusVote() RPC: tablet_id: "7f60ea5c5def47ee846d0186bbc90c18" candidate_uuid: "395763cf325d4ce19859830a7ad35c85" candidate_term: 1 candidate_status { last_received { term: 0 index: 0 } } ignore_live_leader: false dest_uuid: "10bda0b4856f4441b5aed24cdc4764a8" is_pre_election: true
I0619 00:11:52.539021 25741 raft_consensus.cc:2042] T acc89522b693498c987ca5d8ef8275ea P c007a00e65ad41a79da1a0c1050c55b4 [term 0 FOLLOWER]: Raft consensus shutting down.
I0619 00:11:52.539136 25290 leader_election.cc:379] T 70b9c8c4af0945b69b5577e47b61c054 P c007a00e65ad41a79da1a0c1050c55b4 [CANDIDATE]: Term 1 pre-election: Vote granted by peer 10bda0b4856f4441b5aed24cdc4764a8 (127.24.119.2:38512)
I0619 00:11:52.539394 25290 leader_election.cc:270] T 70b9c8c4af0945b69b5577e47b61c054 P c007a00e65ad41a79da1a0c1050c55b4 [CANDIDATE]: Term 1 pre-election: Election decided. Result: candidate won.
I0619 00:11:52.539530 25083 catalog_manager.cc:4025] T 00000000000000000000000000000000 P cb25d1bba5bf4c64914f300f122ec898: Sending DeleteTablet for 3 replicas of tablet 54adb588955b45b79de9752f254728ea
I0619 00:11:52.539832 25083 catalog_manager.cc:3113] Sending DeleteTablet(TABLET_DATA_DELETED) for tablet 54adb588955b45b79de9752f254728ea on c007a00e65ad41a79da1a0c1050c55b4 (127.24.119.1:32951) (Table deleted at 2018-06-19 00:11:52 PDT)
I0619 00:11:52.540316 25326 tablet_service.cc:800] Processing DeleteTablet for tablet 981d862d1bab4b14bb10e6fc2174e1cc with delete_type TABLET_DATA_DELETED (Table deleted at 2018-06-19 00:11:52 PDT) from {username='jenkins'} at 127.24.119.1:46159
I0619 00:11:52.540621 25083 catalog_manager.cc:3113] Sending DeleteTablet(TABLET_DATA_DELETED) for tablet 54adb588955b45b79de9752f254728ea on 10bda0b4856f4441b5aed24cdc4764a8 (127.24.119.2:38512) (Table deleted at 2018-06-19 00:11:52 PDT)
I0619 00:11:52.541016 25083 catalog_manager.cc:3113] Sending DeleteTablet(TABLET_DATA_DELETED) for tablet 54adb588955b45b79de9752f254728ea on 395763cf325d4ce19859830a7ad35c85 (127.24.119.3:39344) (Table deleted at 2018-06-19 00:11:52 PDT)
W0619 00:11:52.541018 25558 leader_election.cc:306] T 7f60ea5c5def47ee846d0186bbc90c18 P 395763cf325d4ce19859830a7ad35c85 [CANDIDATE]: Term 1 pre-election: Tablet error from VoteRequest() call to peer 10bda0b4856f4441b5aed24cdc4764a8 (127.24.119.2:38512): Illegal state: must be running to vote when last-logged opid is not known
I0619 00:11:52.541440 25891 raft_consensus.cc:2732] T 70b9c8c4af0945b69b5577e47b61c054 P c007a00e65ad41a79da1a0c1050c55b4: Snoozing failure detection for 2.160s (election complete)
I0619 00:11:52.541709 25891 raft_consensus.cc:2539] T 70b9c8c4af0945b69b5577e47b61c054 P c007a00e65ad41a79da1a0c1050c55b4 [term 0 FOLLOWER]: Leader pre-election won for term 1
I0619 00:11:52.541810 25081 catalog_manager.cc:2891] Scheduling retry of 7c57c5ca55f24621b66197a3698504bd (table default.table_aa87e3f6cd96435ab36cdbbc83a51374 [id=68b201dd31454f02838aaa70b04c3c31]) Alter Table RPC with a delay of 24 ms (attempt = 1)
I0619 00:11:52.541913 25891 raft_consensus.cc:457] T 70b9c8c4af0945b69b5577e47b61c054 P c007a00e65ad41a79da1a0c1050c55b4 [term 0 FOLLOWER]: Starting leader election (no leader contacted us within the election timeout)
W0619 00:11:52.542106 25081 catalog_manager.cc:3998] Failed to send alter table request: Not found: failed to reset TS proxy: No leader found: Tablet 7c57c5ca55f24621b66197a3698504bd consensus state has no leader
I0619 00:11:52.542111 25891 raft_consensus.cc:2732] T 70b9c8c4af0945b69b5577e47b61c054 P c007a00e65ad41a79da1a0c1050c55b4: Snoozing failure detection for 1.628s (starting election)
I0619 00:11:52.542313 25891 raft_consensus.cc:2784] T 70b9c8c4af0945b69b5577e47b61c054 P c007a00e65ad41a79da1a0c1050c55b4 [term 0 FOLLOWER]: Advancing to term 1
I0619 00:11:52.545428 25326 tablet_service.cc:800] Processing DeleteTablet for tablet 54adb588955b45b79de9752f254728ea with delete_type TABLET_DATA_DELETED (Table deleted at 2018-06-19 00:11:52 PDT) from {username='jenkins'} at 127.24.119.1:46159
I0619 00:11:52.546448 25081 catalog_manager.cc:3881] TS 10bda0b4856f4441b5aed24cdc4764a8 (127.24.119.2:38512) does not have the latest schema for tablet ee4c4769f75141f9b2ef864ab8a8d9e0 (table default.table_4c17e965f551446d965e5fa1499cad9a [id=e2a7900f428948bab0aefd132d8874d4]). Expected version 1 got 0
I0619 00:11:52.547226 25081 catalog_manager.cc:2891] Scheduling retry of ee4c4769f75141f9b2ef864ab8a8d9e0 (table default.table_4c17e965f551446d965e5fa1499cad9a [id=e2a7900f428948bab0aefd132d8874d4]) Alter Table RPC with a delay of 22 ms (attempt = 1)
W0619 00:11:52.547503 25081 catalog_manager.cc:3945] Failed to send ee4c4769f75141f9b2ef864ab8a8d9e0 (table default.table_4c17e965f551446d965e5fa1499cad9a [id=e2a7900f428948bab0aefd132d8874d4]) Alter Table RPC: Not found: failed to reset TS proxy: No leader found: Tablet ee4c4769f75141f9b2ef864ab8a8d9e0 consensus state has no leader
I0619 00:11:52.547859 25600 ts_tablet_manager.cc:1173] T d3c7114381c0423982b9ccbff120c2a2 P 395763cf325d4ce19859830a7ad35c85: Registered tablet (data state: TABLET_DATA_READY)
I0619 00:11:52.548005 25891 raft_consensus.cc:479] T 70b9c8c4af0945b69b5577e47b61c054 P c007a00e65ad41a79da1a0c1050c55b4 [term 1 FOLLOWER]: Starting leader election with config: opid_index: -1 OBSOLETE_local: false peers { permanent_uuid: "c007a00e65ad41a79da1a0c1050c55b4" member_type: VOTER last_known_addr { host: "127.24.119.1" port: 32951 } } peers { permanent_uuid: "10bda0b4856f4441b5aed24cdc4764a8" member_type: VOTER last_known_addr { host: "127.24.119.2" port: 38512 } } peers { permanent_uuid: "395763cf325d4ce19859830a7ad35c85" member_type: VOTER last_known_addr { host: "127.24.119.3" port: 39344 } }
I0619 00:11:52.521865 25727 raft_consensus.cc:325] T cb57d196f0724247b6a7f9a34be8377a P c007a00e65ad41a79da1a0c1050c55b4 [term 0 FOLLOWER]: Replica starting. Triggering 0 pending transactions. Active config: opid_index: -1 OBSOLETE_local: false peers { permanent_uuid: "c007a00e65ad41a79da1a0c1050c55b4" member_type: VOTER last_known_addr { host: "127.24.119.1" port: 32951 } } peers { permanent_uuid: "10bda0b4856f4441b5aed24cdc4764a8" member_type: VOTER last_known_addr { host: "127.24.119.2" port: 38512 } } peers { permanent_uuid: "395763cf325d4ce19859830a7ad35c85" member_type: VOTER last_known_addr { host: "127.24.119.3" port: 39344 } }
I0619 00:11:52.548686 25727 raft_consensus.cc:351] T cb57d196f0724247b6a7f9a34be8377a P c007a00e65ad41a79da1a0c1050c55b4 [term 0 FOLLOWER]: Consensus starting up: Expiring failure detector timer to make a prompt election more likely
I0619 00:11:52.548880 25727 raft_consensus.cc:628] T cb57d196f0724247b6a7f9a34be8377a P c007a00e65ad41a79da1a0c1050c55b4 [term 0 FOLLOWER]: Becoming Follower/Learner. State: Replica: c007a00e65ad41a79da1a0c1050c55b4, State: Initialized, Role: FOLLOWER
I0619 00:11:52.549572 25081 master_service.cc:523] ReplaceTablet: received request to replace tablet 36f5eec972454080b7b434b4df7e62e3 from {username='jenkins'} at 127.24.119.62:54390
I0619 00:11:52.549305 25727 consensus_queue.cc:227] T cb57d196f0724247b6a7f9a34be8377a P c007a00e65ad41a79da1a0c1050c55b4 [NON_LEADER]: Queue going to NON_LEADER mode. State: All replicated index: 0, Majority replicated index: 0, Committed index: 0, Last appended: 0.0, Last appended by leader: 0, Current term: 0, Majority size: -1, State: 0, Mode: NON_LEADER, active raft config: opid_index: -1 OBSOLETE_local: false peers { permanent_uuid: "c007a00e65ad41a79da1a0c1050c55b4" member_type: VOTER last_known_addr { host: "127.24.119.1" port: 32951 } } peers { permanent_uuid: "10bda0b4856f4441b5aed24cdc4764a8" member_type: VOTER last_known_addr { host: "127.24.119.2" port: 38512 } } peers { permanent_uuid: "395763cf325d4ce19859830a7ad35c85" member_type: VOTER last_known_addr { host: "127.24.119.3" port: 39344 } }
I0619 00:11:52.530537 25336 tablet_service.cc:759] Processing CreateTablet for tablet b34043f14f1c4edd97a1d4689ced5b32 (table=default.table_eb0f587538da43c39a0017ca0930cda9 [id=d4faaea1fb384667952cdd6532f78217]), partition=RANGE (key) PARTITION UNBOUNDED
I0619 00:11:52.550892 25891 leader_election.cc:243] T 70b9c8c4af0945b69b5577e47b61c054 P c007a00e65ad41a79da1a0c1050c55b4 [CANDIDATE]: Term 1 election: Requesting vote from peer 10bda0b4856f4441b5aed24cdc4764a8 (127.24.119.2:38512)
I0619 00:11:52.551789 25891 leader_election.cc:243] T 70b9c8c4af0945b69b5577e47b61c054 P c007a00e65ad41a79da1a0c1050c55b4 [CANDIDATE]: Term 1 election: Requesting vote from peer 395763cf325d4ce19859830a7ad35c85 (127.24.119.3:39344)
I0619 00:11:52.552207 25724 tablet_bootstrap.cc:578] T 7c57c5ca55f24621b66197a3698504bd P 395763cf325d4ce19859830a7ad35c85: No blocks or log segments found. Creating new log.
I0619 00:11:52.552347 25489 tablet_service.cc:995] Received RequestConsensusVote() RPC: tablet_id: "70b9c8c4af0945b69b5577e47b61c054" candidate_uuid: "c007a00e65ad41a79da1a0c1050c55b4" candidate_term: 1 candidate_status { last_received { term: 0 index: 0 } } ignore_live_leader: false dest_uuid: "10bda0b4856f4441b5aed24cdc4764a8"
I0619 00:11:52.552790 25741 raft_consensus.cc:2069] T acc89522b693498c987ca5d8ef8275ea P c007a00e65ad41a79da1a0c1050c55b4 [term 0 FOLLOWER]: Raft consensus is shut down!
I0619 00:11:52.552795 25489 raft_consensus.cc:2784] T 70b9c8c4af0945b69b5577e47b61c054 P 10bda0b4856f4441b5aed24cdc4764a8 [term 0 FOLLOWER]: Advancing to term 1
I0619 00:11:52.553038 25489 raft_consensus.cc:2732] T 70b9c8c4af0945b69b5577e47b61c054 P 10bda0b4856f4441b5aed24cdc4764a8: Snoozing failure detection for 2.626s (vote granted)
I0619 00:11:52.526937 25325 ts_tablet_manager.cc:1173] T fc7686daae274e0dba87703fe6924805 P c007a00e65ad41a79da1a0c1050c55b4: Registered tablet (data state: TABLET_DATA_READY)
I0619 00:11:52.553683 25354 tablet_service.cc:995] Received RequestConsensusVote() RPC: tablet_id: "7f60ea5c5def47ee846d0186bbc90c18" candidate_uuid: "395763cf325d4ce19859830a7ad35c85" candidate_term: 1 candidate_status { last_received { term: 0 index: 0 } } ignore_live_leader: false dest_uuid: "c007a00e65ad41a79da1a0c1050c55b4" is_pre_election: true
I0619 00:11:52.553947 25323 data_dirs.cc:934] Could only allocate 1 dirs of requested 3 for tablet 71510e2112fd4dc9ba08de08648d7ad7. 1 dirs total, 0 dirs full, 0 dirs failed
W0619 00:11:52.555155 25553 leader_election.cc:306] T 7f60ea5c5def47ee846d0186bbc90c18 P 395763cf325d4ce19859830a7ad35c85 [CANDIDATE]: Term 1 pre-election: Tablet error from VoteRequest() call to peer c007a00e65ad41a79da1a0c1050c55b4 (127.24.119.1:32951): Illegal state: must be running to vote when last-logged opid is not known
I0619 00:11:52.555400 25553 leader_election.cc:270] T 7f60ea5c5def47ee846d0186bbc90c18 P 395763cf325d4ce19859830a7ad35c85 [CANDIDATE]: Term 1 pre-election: Election decided. Result: candidate lost.
I0619 00:11:52.556067 25885 raft_consensus.cc:2732] T 7f60ea5c5def47ee846d0186bbc90c18 P 395763cf325d4ce19859830a7ad35c85: Snoozing failure detection for 1.816s (election complete)
I0619 00:11:52.556298 25885 raft_consensus.cc:2487] T 7f60ea5c5def47ee846d0186bbc90c18 P 395763cf325d4ce19859830a7ad35c85 [term 0 FOLLOWER]: Leader pre-election lost for term 1. Reason: could not achieve majority
I0619 00:11:52.557354 25069 catalog_manager.cc:2891] Scheduling retry of 30a9d9fda8d34caeb8242c372439321b (table default.table_45dd93d67cc94f2c8e9e784347d14167 [id=60a6d49e09f04230abe707ed433d2e9a]) Alter Table RPC with a delay of 257 ms (attempt = 5)
W0619 00:11:52.557648 25069 catalog_manager.cc:2910] Async tablet task 30a9d9fda8d34caeb8242c372439321b (table default.table_45dd93d67cc94f2c8e9e784347d14167 [id=60a6d49e09f04230abe707ed433d2e9a]) Alter Table RPC failed: Not found: failed to reset TS proxy: No leader found: Tablet 30a9d9fda8d34caeb8242c372439321b consensus state has no leader
I0619 00:11:52.555959 25464 tablet_service.cc:759] Processing CreateTablet for tablet b34043f14f1c4edd97a1d4689ced5b32 (table=default.table_eb0f587538da43c39a0017ca0930cda9 [id=d4faaea1fb384667952cdd6532f78217]), partition=RANGE (key) PARTITION UNBOUNDED
W0619 00:11:52.559270 25069 catalog_manager.cc:2910] Async tablet task 4a88e394b199431e8b794a1b1aec847f (table default.table_2c7f2c73082443ab869e2910097fa796 [id=9b96421847354087b7a4fa2afc633be3]) Alter Table RPC failed: Not found: failed to reset TS proxy: No leader found: Tablet 4a88e394b199431e8b794a1b1aec847f consensus state has no leader
I0619 00:11:52.559509 25464 data_dirs.cc:934] Could only allocate 1 dirs of requested 3 for tablet b34043f14f1c4edd97a1d4689ced5b32. 1 dirs total, 0 dirs full, 0 dirs failed
I0619 00:11:52.561532 25489 raft_consensus.cc:2245] T 70b9c8c4af0945b69b5577e47b61c054 P 10bda0b4856f4441b5aed24cdc4764a8 [term 1 FOLLOWER]: Leader election vote request: Granting yes vote for candidate c007a00e65ad41a79da1a0c1050c55b4 in term 1.
I0619 00:11:52.562852 25323 ts_tablet_manager.cc:1173] T 71510e2112fd4dc9ba08de08648d7ad7 P c007a00e65ad41a79da1a0c1050c55b4: Registered tablet (data state: TABLET_DATA_READY)
I0619 00:11:52.564268 25336 data_dirs.cc:934] Could only allocate 1 dirs of requested 3 for tablet b34043f14f1c4edd97a1d4689ced5b32. 1 dirs total, 0 dirs full, 0 dirs failed
I0619 00:11:52.566049 25290 leader_election.cc:379] T 70b9c8c4af0945b69b5577e47b61c054 P c007a00e65ad41a79da1a0c1050c55b4 [CANDIDATE]: Term 1 election: Vote granted by peer 10bda0b4856f4441b5aed24cdc4764a8 (127.24.119.2:38512)
I0619 00:11:52.566252 25081 catalog_manager.cc:4025] T 00000000000000000000000000000000 P cb25d1bba5bf4c64914f300f122ec898: Sending DeleteTablet for 3 replicas of tablet 36f5eec972454080b7b434b4df7e62e3
I0619 00:11:52.566336 25290 leader_election.cc:270] T 70b9c8c4af0945b69b5577e47b61c054 P c007a00e65ad41a79da1a0c1050c55b4 [CANDIDATE]: Term 1 election: Election decided. Result: candidate won.
I0619 00:11:52.566558 25081 catalog_manager.cc:3113] Sending DeleteTablet(TABLET_DATA_DELETED) for tablet 36f5eec972454080b7b434b4df7e62e3 on c007a00e65ad41a79da1a0c1050c55b4 (127.24.119.1:32951) (replaced by tablet f1b566b2b58f4955aa25ae990a4a8a1a)
I0619 00:11:52.566972 25081 catalog_manager.cc:3113] Sending DeleteTablet(TABLET_DATA_DELETED) for tablet 36f5eec972454080b7b434b4df7e62e3 on 10bda0b4856f4441b5aed24cdc4764a8 (127.24.119.2:38512) (replaced by tablet f1b566b2b58f4955aa25ae990a4a8a1a)
W0619 00:11:52.567083 25290 leader_election.cc:306] T 70b9c8c4af0945b69b5577e47b61c054 P c007a00e65ad41a79da1a0c1050c55b4 [CANDIDATE]: Term 1 election: Tablet error from VoteRequest() call to peer 395763cf325d4ce19859830a7ad35c85 (127.24.119.3:39344): Not found: Tablet not found: 70b9c8c4af0945b69b5577e47b61c054
I0619 00:11:52.568189 25470 tablet_service.cc:759] Processing CreateTablet for tablet fc7686daae274e0dba87703fe6924805 (table=default.table_43102886b675447088b4319ef7a3b947 [id=7bf3a411e3384c2e83d8c19e21acef4d]), partition=RANGE (key) PARTITION UNBOUNDED
I0619 00:11:52.568778 25470 data_dirs.cc:934] Could only allocate 1 dirs of requested 3 for tablet fc7686daae274e0dba87703fe6924805. 1 dirs total, 0 dirs full, 0 dirs failed
I0619 00:11:52.570261 25741 ts_tablet_manager.cc:1369] T acc89522b693498c987ca5d8ef8275ea P c007a00e65ad41a79da1a0c1050c55b4: Deleting tablet data with delete state TABLET_DATA_DELETED
I0619 00:11:52.574108 25730 ts_tablet_manager.cc:1382] T a52cbcbe35374d518bca1e0fc24d88d4 P 395763cf325d4ce19859830a7ad35c85: tablet deleted with delete type TABLET_DATA_DELETED: last-logged OpId 0.0
I0619 00:11:52.574359 25730 log.cc:986] T a52cbcbe35374d518bca1e0fc24d88d4 P 395763cf325d4ce19859830a7ad35c85: Deleting WAL directory at /data/somelongdirectorytoavoidrpathissues/src/kudutest/master-stress-test.0.HmsConfigurations_MasterStressTest.Test_0.1529392303277196-25052/minicluster-data/ts-2/wal/wals/a52cbcbe35374d518bca1e0fc24d88d4
I0619 00:11:52.574836 25730 ts_tablet_manager.cc:1403] T a52cbcbe35374d518bca1e0fc24d88d4 P 395763cf325d4ce19859830a7ad35c85: Deleting consensus metadata
I0619 00:11:52.575052 25725 tablet_bootstrap.cc:427] T 3722b203a516466489c74ef6013eacae P 10bda0b4856f4441b5aed24cdc4764a8: No bootstrap required, opened a new log
I0619 00:11:52.575484 25725 ts_tablet_manager.cc:1045] T 3722b203a516466489c74ef6013eacae P 10bda0b4856f4441b5aed24cdc4764a8: Time spent bootstrapping tablet: real 0.058s user 0.005s sys 0.001s
I0619 00:11:52.576189 25730 rpcz_store.cc:265] Call kudu.tserver.TabletServerAdminService.DeleteTablet from 127.24.119.3:34285 (request call id 115) took 1176ms. Request Metrics: {"tablet-delete.queue_time_us":995308}
I0619 00:11:52.576982 25470 ts_tablet_manager.cc:1173] T fc7686daae274e0dba87703fe6924805 P 10bda0b4856f4441b5aed24cdc4764a8: Registered tablet (data state: TABLET_DATA_READY)
I0619 00:11:52.577628 25807 raft_consensus.cc:2732] T 70b9c8c4af0945b69b5577e47b61c054 P c007a00e65ad41a79da1a0c1050c55b4: Snoozing failure detection for 2.129s (election complete)
I0619 00:11:52.577865 25807 raft_consensus.cc:2539] T 70b9c8c4af0945b69b5577e47b61c054 P c007a00e65ad41a79da1a0c1050c55b4 [term 1 FOLLOWER]: Leader election won for term 1
I0619 00:11:52.578130 25807 raft_consensus.cc:593] T 70b9c8c4af0945b69b5577e47b61c054 P c007a00e65ad41a79da1a0c1050c55b4 [term 1 LEADER]: Becoming Leader. State: Replica: c007a00e65ad41a79da1a0c1050c55b4, State: Running, Role: LEADER
I0619 00:11:52.578524 25807 consensus_queue.cc:204] T 70b9c8c4af0945b69b5577e47b61c054 P c007a00e65ad41a79da1a0c1050c55b4 [LEADER]: Queue going to LEADER mode. State: All replicated index: 0, Majority replicated index: 0, Committed index: 0, Last appended: 0.0, Last appended by leader: 0, Current term: 1, Majority size: 2, State: 0, Mode: LEADER, active raft config: opid_index: -1 OBSOLETE_local: false peers { permanent_uuid: "c007a00e65ad41a79da1a0c1050c55b4" member_type: VOTER last_known_addr { host: "127.24.119.1" port: 32951 } } peers { permanent_uuid: "10bda0b4856f4441b5aed24cdc4764a8" member_type: VOTER last_known_addr { host: "127.24.119.2" port: 38512 } } peers { permanent_uuid: "395763cf325d4ce19859830a7ad35c85" member_type: VOTER last_known_addr { host: "127.24.119.3" port: 39344 } }
I0619 00:11:52.579344 25470 tablet_service.cc:759] Processing CreateTablet for tablet 71510e2112fd4dc9ba08de08648d7ad7 (table=default.table_6bb13c214301415189d296eaabe6884b [id=088956f856ff4518a56cab0330d74dc5]), partition=RANGE (key) PARTITION UNBOUNDED
I0619 00:11:52.580718 25724 tablet_bootstrap.cc:427] T 7c57c5ca55f24621b66197a3698504bd P 395763cf325d4ce19859830a7ad35c85: No bootstrap required, opened a new log
I0619 00:11:52.569867 25068 catalog_manager.cc:2891] Scheduling retry of 7c57c5ca55f24621b66197a3698504bd (table default.table_aa87e3f6cd96435ab36cdbbc83a51374 [id=68b201dd31454f02838aaa70b04c3c31]) Alter Table RPC with a delay of 43 ms (attempt = 2)
W0619 00:11:52.581444 25068 catalog_manager.cc:2910] Async tablet task 7c57c5ca55f24621b66197a3698504bd (table default.table_aa87e3f6cd96435ab36cdbbc83a51374 [id=68b201dd31454f02838aaa70b04c3c31]) Alter Table RPC failed: Not found: failed to reset TS proxy: No leader found: Tablet 7c57c5ca55f24621b66197a3698504bd consensus state has no leader
I0619 00:11:52.581475 25724 ts_tablet_manager.cc:1045] T 7c57c5ca55f24621b66197a3698504bd P 395763cf325d4ce19859830a7ad35c85: Time spent bootstrapping tablet: real 0.087s user 0.004s sys 0.001s
I0619 00:11:52.579913 25069 catalog_manager.cc:2891] Scheduling retry of 0a7470bfeab041f9895e491231b57eb7 (table default.table_824bd974d1ae4fc398285c3a2393333f [id=1e6786c5c70b44d6ba8ad6a83b670b1e]) Alter Table RPC with a delay of 536 ms (attempt = 6)
W0619 00:11:52.581805 25069 catalog_manager.cc:2910] Async tablet task 0a7470bfeab041f9895e491231b57eb7 (table default.table_824bd974d1ae4fc398285c3a2393333f [id=1e6786c5c70b44d6ba8ad6a83b670b1e]) Alter Table RPC failed: Not found: failed to reset TS proxy: No leader found: Tablet 0a7470bfeab041f9895e491231b57eb7 consensus state has no leader
I0619 00:11:52.582324 25081 catalog_manager.cc:3113] Sending DeleteTablet(TABLET_DATA_DELETED) for tablet 36f5eec972454080b7b434b4df7e62e3 on 395763cf325d4ce19859830a7ad35c85 (127.24.119.3:39344) (replaced by tablet f1b566b2b58f4955aa25ae990a4a8a1a)
I0619 00:11:52.582381 25727 ts_tablet_manager.cc:1073] T cb57d196f0724247b6a7f9a34be8377a P c007a00e65ad41a79da1a0c1050c55b4: Time spent starting tablet: real 0.062s user 0.003s sys 0.000s
I0619 00:11:52.583019 25468 tablet_service.cc:800] Processing DeleteTablet for tablet 981d862d1bab4b14bb10e6fc2174e1cc with delete_type TABLET_DATA_DELETED (Table deleted at 2018-06-19 00:11:52 PDT) from {username='jenkins'} at 127.24.119.2:51757
I0619 00:11:52.583688 25727 ts_tablet_manager.cc:1028] T f372b9fb174844eca1662c62039a3c71 P c007a00e65ad41a79da1a0c1050c55b4: Bootstrapping tablet
I0619 00:11:52.584116 25468 tablet_service.cc:800] Processing DeleteTablet for tablet 54adb588955b45b79de9752f254728ea with delete_type TABLET_DATA_DELETED (Table deleted at 2018-06-19 00:11:52 PDT) from {username='jenkins'} at 127.24.119.2:51757
I0619 00:11:52.583484 25724 raft_consensus.cc:325] T 7c57c5ca55f24621b66197a3698504bd P 395763cf325d4ce19859830a7ad35c85 [term 0 FOLLOWER]: Replica starting. Triggering 0 pending transactions. Active config: opid_index: -1 OBSOLETE_local: false peers { permanent_uuid: "c007a00e65ad41a79da1a0c1050c55b4" member_type: VOTER last_known_addr { host: "127.24.119.1" port: 32951 } } peers { permanent_uuid: "10bda0b4856f4441b5aed24cdc4764a8" member_type: VOTER last_known_addr { host: "127.24.119.2" port: 38512 } } peers { permanent_uuid: "395763cf325d4ce19859830a7ad35c85" member_type: VOTER last_known_addr { host: "127.24.119.3" port: 39344 } }
I0619 00:11:52.584533 25470 data_dirs.cc:934] Could only allocate 1 dirs of requested 3 for tablet 71510e2112fd4dc9ba08de08648d7ad7. 1 dirs total, 0 dirs full, 0 dirs failed
I0619 00:11:52.584544 25724 raft_consensus.cc:351] T 7c57c5ca55f24621b66197a3698504bd P 395763cf325d4ce19859830a7ad35c85 [term 0 FOLLOWER]: Consensus starting up: Expiring failure detector timer to make a prompt election more likely
I0619 00:11:52.584769 25727 tablet_bootstrap.cc:427] T f372b9fb174844eca1662c62039a3c71 P c007a00e65ad41a79da1a0c1050c55b4: Bootstrap starting.
I0619 00:11:52.584772 25724 raft_consensus.cc:628] T 7c57c5ca55f24621b66197a3698504bd P 395763cf325d4ce19859830a7ad35c85 [term 0 FOLLOWER]: Becoming Follower/Learner. State: Replica: 395763cf325d4ce19859830a7ad35c85, State: Initialized, Role: FOLLOWER
I0619 00:11:52.585629 25600 tablet_service.cc:759] Processing CreateTablet for tablet b34043f14f1c4edd97a1d4689ced5b32 (table=default.table_eb0f587538da43c39a0017ca0930cda9 [id=d4faaea1fb384667952cdd6532f78217]), partition=RANGE (key) PARTITION UNBOUNDED
I0619 00:11:52.585299 25724 consensus_queue.cc:227] T 7c57c5ca55f24621b66197a3698504bd P 395763cf325d4ce19859830a7ad35c85 [NON_LEADER]: Queue going to NON_LEADER mode. State: All replicated index: 0, Majority replicated index: 0, Committed index: 0, Last appended: 0.0, Last appended by leader: 0, Current term: 0, Majority size: -1, State: 0, Mode: NON_LEADER, active raft config: opid_index: -1 OBSOLETE_local: false peers { permanent_uuid: "c007a00e65ad41a79da1a0c1050c55b4" member_type: VOTER last_known_addr { host: "127.24.119.1" port: 32951 } } peers { permanent_uuid: "10bda0b4856f4441b5aed24cdc4764a8" member_type: VOTER last_known_addr { host: "127.24.119.2" port: 38512 } } peers { permanent_uuid: "395763cf325d4ce19859830a7ad35c85" member_type: VOTER last_known_addr { host: "127.24.119.3" port: 39344 } }
I0619 00:11:52.586256 25600 data_dirs.cc:934] Could only allocate 1 dirs of requested 3 for tablet b34043f14f1c4edd97a1d4689ced5b32. 1 dirs total, 0 dirs full, 0 dirs failed
W0619 00:11:52.588213 25668 heartbeater.cc:587] Failed to heartbeat to 127.24.119.61:46325: Network error: Failed to ping master at 127.24.119.61:46325: Client connection negotiation failed: client connection to 127.24.119.61:46325: connect: Connection refused (error 111)
W0619 00:11:52.588372 25402 heartbeater.cc:587] Failed to heartbeat to 127.24.119.61:46325: Network error: Failed to ping master at 127.24.119.61:46325: Client connection negotiation failed: client connection to 127.24.119.61:46325: connect: Connection refused (error 111)
W0619 00:11:52.589675 25668 heartbeater.cc:587] Failed to heartbeat to 127.24.119.61:46325: Network error: Failed to ping master at 127.24.119.61:46325: Client connection negotiation failed: client connection to 127.24.119.61:46325: connect: Connection refused (error 111)
W0619 00:11:52.590018 25402 heartbeater.cc:587] Failed to heartbeat to 127.24.119.61:46325: Network error: Failed to ping master at 127.24.119.61:46325: Client connection negotiation failed: client connection to 127.24.119.61:46325: connect: Connection refused (error 111)
I0619 00:11:52.590111 25724 ts_tablet_manager.cc:1073] T 7c57c5ca55f24621b66197a3698504bd P 395763cf325d4ce19859830a7ad35c85: Time spent starting tablet: real 0.008s user 0.004s sys 0.000s
I0619 00:11:52.590517 25724 ts_tablet_manager.cc:1028] T 0a33940e5347489993ab4679e9aeafde P 395763cf325d4ce19859830a7ad35c85: Bootstrapping tablet
I0619 00:11:52.590734 25727 tablet_bootstrap.cc:578] T f372b9fb174844eca1662c62039a3c71 P c007a00e65ad41a79da1a0c1050c55b4: No blocks or log segments found. Creating new log.
I0619 00:11:52.590924 25724 tablet_bootstrap.cc:427] T 0a33940e5347489993ab4679e9aeafde P 395763cf325d4ce19859830a7ad35c85: Bootstrap starting.
W0619 00:11:52.594126 25402 heartbeater.cc:587] Failed to heartbeat to 127.24.119.61:46325: Network error: Failed to ping master at 127.24.119.61:46325: Client connection negotiation failed: client connection to 127.24.119.61:46325: connect: Connection refused (error 111)
I0619 00:11:52.595933 25323 tablet_service.cc:800] Processing DeleteTablet for tablet 36f5eec972454080b7b434b4df7e62e3 with delete_type TABLET_DATA_DELETED (replaced by tablet f1b566b2b58f4955aa25ae990a4a8a1a) from {username='jenkins'} at 127.24.119.1:46159
I0619 00:11:52.596882 25600 ts_tablet_manager.cc:1173] T b34043f14f1c4edd97a1d4689ced5b32 P 395763cf325d4ce19859830a7ad35c85: Registered tablet (data state: TABLET_DATA_READY)
I0619 00:11:52.591609 25067 catalog_manager.cc:3113] Sending DeleteTablet(TABLET_DATA_DELETED) for tablet cb57d196f0724247b6a7f9a34be8377a on c007a00e65ad41a79da1a0c1050c55b4 (127.24.119.1:32951) (Table deleted at 2018-06-19 00:11:49 PDT)
I0619 00:11:52.585377 25467 tablet_service.cc:800] Processing DeleteTablet for tablet 0474be659e5e4a4cbfc181b8c812b1eb with delete_type TABLET_DATA_DELETED (Table deleted at 2018-06-19 00:11:51 PDT) from {username='jenkins'} at 127.24.119.2:51757
I0619 00:11:52.600170 25602 tablet_service.cc:759] Processing CreateTablet for tablet fc7686daae274e0dba87703fe6924805 (table=default.table_43102886b675447088b4319ef7a3b947 [id=7bf3a411e3384c2e83d8c19e21acef4d]), partition=RANGE (key) PARTITION UNBOUNDED
I0619 00:11:52.600507 25082 catalog_manager.cc:3663] Got report from deleted tablet cb57d196f0724247b6a7f9a34be8377a (table default.table_62055e93837844cd9a5dc2a343a23878 [id=ec5adc7107aa4f16b420ba18f4bc1f63]) (Table deleted at 2018-06-19 00:11:49 PDT): Sending delete request for this tablet
I0619 00:11:52.600752 25602 data_dirs.cc:934] Could only allocate 1 dirs of requested 3 for tablet fc7686daae274e0dba87703fe6924805. 1 dirs total, 0 dirs full, 0 dirs failed
I0619 00:11:52.601181 25082 catalog_manager.cc:3113] Sending DeleteTablet(TABLET_DATA_DELETED) for tablet cb57d196f0724247b6a7f9a34be8377a on c007a00e65ad41a79da1a0c1050c55b4 (127.24.119.1:32951) (Table deleted at 2018-06-19 00:11:49 PDT)
I0619 00:11:52.604110 25325 tablet_service.cc:800] Processing DeleteTablet for tablet cb57d196f0724247b6a7f9a34be8377a with delete_type TABLET_DATA_DELETED (Table deleted at 2018-06-19 00:11:49 PDT) from {username='jenkins'} at 127.24.119.1:46159
I0619 00:11:52.604658 25323 tablet_service.cc:800] Processing DeleteTablet for tablet cb57d196f0724247b6a7f9a34be8377a with delete_type TABLET_DATA_DELETED (Table deleted at 2018-06-19 00:11:49 PDT) from {username='jenkins'} at 127.24.119.1:46159
I0619 00:11:52.598300 25083 catalog_manager.cc:3881] TS 395763cf325d4ce19859830a7ad35c85 (127.24.119.3:39344) does not have the latest schema for tablet 7c57c5ca55f24621b66197a3698504bd (table default.table_aa87e3f6cd96435ab36cdbbc83a51374 [id=68b201dd31454f02838aaa70b04c3c31]). Expected version 1 got 0
I0619 00:11:52.605649 25083 catalog_manager.cc:2891] Scheduling retry of 7c57c5ca55f24621b66197a3698504bd (table default.table_aa87e3f6cd96435ab36cdbbc83a51374 [id=68b201dd31454f02838aaa70b04c3c31]) Alter Table RPC with a delay of 44 ms (attempt = 1)
I0619 00:11:52.605674 25730 rpcz_store.cc:265] Call kudu.tserver.TabletServerAdminService.DeleteTablet from 127.24.119.3:34285 (request call id 119) took 1160ms. Request Metrics: {"tablet-delete.queue_time_us":1159629}
I0619 00:11:52.596981 25725 raft_consensus.cc:325] T 3722b203a516466489c74ef6013eacae P 10bda0b4856f4441b5aed24cdc4764a8 [term 0 FOLLOWER]: Replica starting. Triggering 0 pending transactions. Active config: opid_index: -1 OBSOLETE_local: false peers { permanent_uuid: "10bda0b4856f4441b5aed24cdc4764a8" member_type: VOTER last_known_addr { host: "127.24.119.2" port: 38512 } } peers { permanent_uuid: "c007a00e65ad41a79da1a0c1050c55b4" member_type: VOTER last_known_addr { host: "127.24.119.1" port: 32951 } } peers { permanent_uuid: "395763cf325d4ce19859830a7ad35c85" member_type: VOTER last_known_addr { host: "127.24.119.3" port: 39344 } }
W0619 00:11:52.606055 25083 catalog_manager.cc:3945] Failed to send 7c57c5ca55f24621b66197a3698504bd (table default.table_aa87e3f6cd96435ab36cdbbc83a51374 [id=68b201dd31454f02838aaa70b04c3c31]) Alter Table RPC: Not found: failed to reset TS proxy: No leader found: Tablet 7c57c5ca55f24621b66197a3698504bd consensus state has no leader
I0619 00:11:52.607089 25727 tablet_bootstrap.cc:427] T f372b9fb174844eca1662c62039a3c71 P c007a00e65ad41a79da1a0c1050c55b4: No bootstrap required, opened a new log
I0619 00:11:52.607396 25727 ts_tablet_manager.cc:1045] T f372b9fb174844eca1662c62039a3c71 P c007a00e65ad41a79da1a0c1050c55b4: Time spent bootstrapping tablet: real 0.023s user 0.003s sys 0.001s
I0619 00:11:52.608480 25725 raft_consensus.cc:351] T 3722b203a516466489c74ef6013eacae P 10bda0b4856f4441b5aed24cdc4764a8 [term 0 FOLLOWER]: Consensus starting up: Expiring failure detector timer to make a prompt election more likely
I0619 00:11:52.608729 25725 raft_consensus.cc:628] T 3722b203a516466489c74ef6013eacae P 10bda0b4856f4441b5aed24cdc4764a8 [term 0 FOLLOWER]: Becoming Follower/Learner. State: Replica: 10bda0b4856f4441b5aed24cdc4764a8, State: Initialized, Role: FOLLOWER
I0619 00:11:52.609135 25602 ts_tablet_manager.cc:1173] T fc7686daae274e0dba87703fe6924805 P 395763cf325d4ce19859830a7ad35c85: Registered tablet (data state: TABLET_DATA_READY)
I0619 00:11:52.610596 25081 catalog_manager.cc:4596] ReplaceTablet: tablet 36f5eec972454080b7b434b4df7e62e3 deleted and replaced by tablet f1b566b2b58f4955aa25ae990a4a8a1a
I0619 00:11:52.610544 25730 rpcz_store.cc:265] Call kudu.tserver.TabletServerAdminService.DeleteTablet from 127.24.119.3:34285 (request call id 120) took 1164ms. Request Metrics: {"tablet-delete.queue_time_us":1164306}
I0619 00:11:52.610716 25598 tablet_service.cc:800] Processing DeleteTablet for tablet 981d862d1bab4b14bb10e6fc2174e1cc with delete_type TABLET_DATA_DELETED (Table deleted at 2018-06-19 00:11:52 PDT) from {username='jenkins'} at 127.24.119.3:34285
I0619 00:11:52.611117 25601 tablet_service.cc:800] Processing DeleteTablet for tablet 54adb588955b45b79de9752f254728ea with delete_type TABLET_DATA_DELETED (Table deleted at 2018-06-19 00:11:52 PDT) from {username='jenkins'} at 127.24.119.3:34285
I0619 00:11:52.613168 25068 catalog_manager.cc:2891] Scheduling retry of d62715e230154e2abe126ef97feec7ce (table default.table_cc45383880634c41948247ee9fa098d1 [id=fa287205f19a461fa0ba005f9991513b]) Alter Table RPC with a delay of 283 ms (attempt = 5)
W0619 00:11:52.613420 25068 catalog_manager.cc:2910] Async tablet task d62715e230154e2abe126ef97feec7ce (table default.table_cc45383880634c41948247ee9fa098d1 [id=fa287205f19a461fa0ba005f9991513b]) Alter Table RPC failed: Not found: failed to reset TS proxy: No leader found: Tablet d62715e230154e2abe126ef97feec7ce consensus state has no leader
I0619 00:11:52.614015 25730 rpcz_store.cc:265] Call kudu.tserver.TabletServerAdminService.DeleteTablet from 127.24.119.3:34285 (request call id 121) took 1108ms. Request Metrics: {"tablet-delete.queue_time_us":1107459}
I0619 00:11:52.614554 25730 tablet_replica.cc:261] T acc89522b693498c987ca5d8ef8275ea P 395763cf325d4ce19859830a7ad35c85: stopping tablet replica
I0619 00:11:52.614807 25730 maintenance_manager.cc:237] P 395763cf325d4ce19859830a7ad35c85: Unregistered op CompactRowSetsOp(acc89522b693498c987ca5d8ef8275ea)
I0619 00:11:52.614998 25730 maintenance_manager.cc:237] P 395763cf325d4ce19859830a7ad35c85: Unregistered op MinorDeltaCompactionOp(acc89522b693498c987ca5d8ef8275ea)
I0619 00:11:52.615177 25730 maintenance_manager.cc:237] P 395763cf325d4ce19859830a7ad35c85: Unregistered op MajorDeltaCompactionOp(acc89522b693498c987ca5d8ef8275ea)
I0619 00:11:52.615370 25730 maintenance_manager.cc:237] P 395763cf325d4ce19859830a7ad35c85: Unregistered op UndoDeltaBlockGCOp(acc89522b693498c987ca5d8ef8275ea)
I0619 00:11:52.615599 25730 maintenance_manager.cc:237] P 395763cf325d4ce19859830a7ad35c85: Unregistered op FlushMRSOp(acc89522b693498c987ca5d8ef8275ea)
I0619 00:11:52.615802 25730 maintenance_manager.cc:237] P 395763cf325d4ce19859830a7ad35c85: Unregistered op FlushDeltaMemStoresOp(acc89522b693498c987ca5d8ef8275ea)
I0619 00:11:52.615983 25730 maintenance_manager.cc:237] P 395763cf325d4ce19859830a7ad35c85: Unregistered op LogGCOp(acc89522b693498c987ca5d8ef8275ea)
I0619 00:11:52.616153 25730 raft_consensus.cc:2042] T acc89522b693498c987ca5d8ef8275ea P 395763cf325d4ce19859830a7ad35c85 [term 1 FOLLOWER]: Raft consensus shutting down.
I0619 00:11:52.616456 25730 raft_consensus.cc:2069] T acc89522b693498c987ca5d8ef8275ea P 395763cf325d4ce19859830a7ad35c85 [term 1 FOLLOWER]: Raft consensus is shut down!
I0619 00:11:52.617152 25736 ts_tablet_manager.cc:1382] T c18355df78d344839a56189c7549ab1f P 10bda0b4856f4441b5aed24cdc4764a8: tablet deleted with delete type TABLET_DATA_DELETED: last-logged OpId 0.0
I0619 00:11:52.617439 25736 log.cc:986] T c18355df78d344839a56189c7549ab1f P 10bda0b4856f4441b5aed24cdc4764a8: Deleting WAL directory at /data/somelongdirectorytoavoidrpathissues/src/kudutest/master-stress-test.0.HmsConfigurations_MasterStressTest.Test_0.1529392303277196-25052/minicluster-data/ts-1/wal/wals/c18355df78d344839a56189c7549ab1f
I0619 00:11:52.617986 25736 ts_tablet_manager.cc:1403] T c18355df78d344839a56189c7549ab1f P 10bda0b4856f4441b5aed24cdc4764a8: Deleting consensus metadata
I0619 00:11:52.609498 25725 consensus_queue.cc:227] T 3722b203a516466489c74ef6013eacae P 10bda0b4856f4441b5aed24cdc4764a8 [NON_LEADER]: Queue going to NON_LEADER mode. State: All replicated index: 0, Majority replicated index: 0, Committed index: 0, Last appended: 0.0, Last appended by leader: 0, Current term: 0, Majority size: -1, State: 0, Mode: NON_LEADER, active raft config: opid_index: -1 OBSOLETE_local: false peers { permanent_uuid: "10bda0b4856f4441b5aed24cdc4764a8" member_type: VOTER last_known_addr { host: "127.24.119.2" port: 38512 } } peers { permanent_uuid: "c007a00e65ad41a79da1a0c1050c55b4" member_type: VOTER last_known_addr { host: "127.24.119.1" port: 32951 } } peers { permanent_uuid: "395763cf325d4ce19859830a7ad35c85" member_type: VOTER last_known_addr { host: "127.24.119.3" port: 39344 } }
I0619 00:11:52.620002 25727 raft_consensus.cc:325] T f372b9fb174844eca1662c62039a3c71 P c007a00e65ad41a79da1a0c1050c55b4 [term 0 FOLLOWER]: Replica starting. Triggering 0 pending transactions. Active config: opid_index: -1 OBSOLETE_local: false peers { permanent_uuid: "10bda0b4856f4441b5aed24cdc4764a8" member_type: VOTER last_known_addr { host: "127.24.119.2" port: 38512 } } peers { permanent_uuid: "c007a00e65ad41a79da1a0c1050c55b4" member_type: VOTER last_known_addr { host: "127.24.119.1" port: 32951 } } peers { permanent_uuid: "395763cf325d4ce19859830a7ad35c85" member_type: VOTER last_known_addr { host: "127.24.119.3" port: 39344 } }
I0619 00:11:52.620625 25727 raft_consensus.cc:351] T f372b9fb174844eca1662c62039a3c71 P c007a00e65ad41a79da1a0c1050c55b4 [term 0 FOLLOWER]: Consensus starting up: Expiring failure detector timer to make a prompt election more likely
I0619 00:11:52.610397 25071 catalog_manager.cc:3113] Sending DeleteTablet(TABLET_DATA_DELETED) for tablet 775f0b6b309c49278066a5e7cf623af2 on 10bda0b4856f4441b5aed24cdc4764a8 (127.24.119.2:38512) (Table deleted at 2018-06-19 00:11:51 PDT)
I0619 00:11:52.620826 25727 raft_consensus.cc:628] T f372b9fb174844eca1662c62039a3c71 P c007a00e65ad41a79da1a0c1050c55b4 [term 0 FOLLOWER]: Becoming Follower/Learner. State: Replica: c007a00e65ad41a79da1a0c1050c55b4, State: Initialized, Role: FOLLOWER
I0619 00:11:52.621261 25071 catalog_manager.cc:2891] Scheduling retry of ee4c4769f75141f9b2ef864ab8a8d9e0 (table default.table_4c17e965f551446d965e5fa1499cad9a [id=e2a7900f428948bab0aefd132d8874d4]) Alter Table RPC with a delay of 48 ms (attempt = 2)
I0619 00:11:52.621354 25727 consensus_queue.cc:227] T f372b9fb174844eca1662c62039a3c71 P c007a00e65ad41a79da1a0c1050c55b4 [NON_LEADER]: Queue going to NON_LEADER mode. State: All replicated index: 0, Majority replicated index: 0, Committed index: 0, Last appended: 0.0, Last appended by leader: 0, Current term: 0, Majority size: -1, State: 0, Mode: NON_LEADER, active raft config: opid_index: -1 OBSOLETE_local: false peers { permanent_uuid: "10bda0b4856f4441b5aed24cdc4764a8" member_type: VOTER last_known_addr { host: "127.24.119.2" port: 38512 } } peers { permanent_uuid: "c007a00e65ad41a79da1a0c1050c55b4" member_type: VOTER last_known_addr { host: "127.24.119.1" port: 32951 } } peers { permanent_uuid: "395763cf325d4ce19859830a7ad35c85" member_type: VOTER last_known_addr { host: "127.24.119.3" port: 39344 } }
I0619 00:11:52.623435 25727 ts_tablet_manager.cc:1073] T f372b9fb174844eca1662c62039a3c71 P c007a00e65ad41a79da1a0c1050c55b4: Time spent starting tablet: real 0.016s user 0.005s sys 0.000s
I0619 00:11:52.625341 25068 catalog_manager.cc:2891] Scheduling retry of 7c57c5ca55f24621b66197a3698504bd (table default.table_aa87e3f6cd96435ab36cdbbc83a51374 [id=68b201dd31454f02838aaa70b04c3c31]) Alter Table RPC with a delay of 90 ms (attempt = 3)
W0619 00:11:52.626513 25071 catalog_manager.cc:2910] Async tablet task ee4c4769f75141f9b2ef864ab8a8d9e0 (table default.table_4c17e965f551446d965e5fa1499cad9a [id=e2a7900f428948bab0aefd132d8874d4]) Alter Table RPC failed: Not found: failed to reset TS proxy: No leader found: Tablet ee4c4769f75141f9b2ef864ab8a8d9e0 consensus state has no leader
W0619 00:11:52.626551 25068 catalog_manager.cc:2910] Async tablet task 7c57c5ca55f24621b66197a3698504bd (table default.table_aa87e3f6cd96435ab36cdbbc83a51374 [id=68b201dd31454f02838aaa70b04c3c31]) Alter Table RPC failed: Not found: failed to reset TS proxy: No leader found: Tablet 7c57c5ca55f24621b66197a3698504bd consensus state has no leader
I0619 00:11:52.626894 25071 catalog_manager.cc:3113] Sending DeleteTablet(TABLET_DATA_DELETED) for tablet 397ae10bb6d841b4ba561ec431d29864 on 10bda0b4856f4441b5aed24cdc4764a8 (127.24.119.2:38512) (Table deleted at 2018-06-19 00:11:50 PDT)
I0619 00:11:52.627348 25071 catalog_manager.cc:2891] Scheduling retry of ee4c4769f75141f9b2ef864ab8a8d9e0 (table default.table_4c17e965f551446d965e5fa1499cad9a [id=e2a7900f428948bab0aefd132d8874d4]) Alter Table RPC with a delay of 51 ms (attempt = 2)
I0619 00:11:52.628298 25067 catalog_manager.cc:2891] Scheduling retry of d62715e230154e2abe126ef97feec7ce (table default.table_cc45383880634c41948247ee9fa098d1 [id=fa287205f19a461fa0ba005f9991513b]) Alter Table RPC with a delay of 1035 ms (attempt = 7)
W0619 00:11:52.630053 25071 catalog_manager.cc:2910] Async tablet task ee4c4769f75141f9b2ef864ab8a8d9e0 (table default.table_4c17e965f551446d965e5fa1499cad9a [id=e2a7900f428948bab0aefd132d8874d4]) Alter Table RPC failed: Not found: failed to reset TS proxy: No leader found: Tablet ee4c4769f75141f9b2ef864ab8a8d9e0 consensus state has no leader
W0619 00:11:52.630105 25067 catalog_manager.cc:2910] Async tablet task d62715e230154e2abe126ef97feec7ce (table default.table_cc45383880634c41948247ee9fa098d1 [id=fa287205f19a461fa0ba005f9991513b]) Alter Table RPC failed: Not found: failed to reset TS proxy: No leader found: Tablet d62715e230154e2abe126ef97feec7ce consensus state has no leader
I0619 00:11:52.632853 25730 ts_tablet_manager.cc:1369] T acc89522b693498c987ca5d8ef8275ea P 395763cf325d4ce19859830a7ad35c85: Deleting tablet data with delete state TABLET_DATA_DELETED
W0619 00:11:52.632879 25536 heartbeater.cc:587] Failed to heartbeat to 127.24.119.61:46325: Network error: Failed to ping master at 127.24.119.61:46325: Client connection negotiation failed: client connection to 127.24.119.61:46325: connect: Connection refused (error 111)
I0619 00:11:52.633471 25736 rpcz_store.cc:265] Call kudu.tserver.TabletServerAdminService.DeleteTablet from 127.24.119.2:51757 (request call id 163) took 1028ms. Request Metrics: {"tablet-delete.queue_time_us":875819}
I0619 00:11:52.633718 25082 catalog_manager.cc:2136] Servicing AlterTable request from {username='jenkins'} at 127.24.119.62:54390: table { table_name: "default.table_c3660a004537433aaff9ead44b4615e4" } new_table_name: "default.table_c24f1b02a5b54618aca5028342d84b7d" alter_external_catalogs: true
I0619 00:11:52.625811 25336 ts_tablet_manager.cc:1173] T b34043f14f1c4edd97a1d4689ced5b32 P c007a00e65ad41a79da1a0c1050c55b4: Registered tablet (data state: TABLET_DATA_READY)
W0619 00:11:52.627885 25402 heartbeater.cc:587] Failed to heartbeat to 127.24.119.61:46325: Network error: Failed to ping master at 127.24.119.61:46325: Client connection negotiation failed: client connection to 127.24.119.61:46325: connect: Connection refused (error 111)
I0619 00:11:52.627869 25807 raft_consensus.cc:457] T f372b9fb174844eca1662c62039a3c71 P c007a00e65ad41a79da1a0c1050c55b4 [term 0 FOLLOWER]: Starting pre-election (no leader contacted us within the election timeout)
I0619 00:11:52.634528 25807 raft_consensus.cc:2732] T f372b9fb174844eca1662c62039a3c71 P c007a00e65ad41a79da1a0c1050c55b4: Snoozing failure detection for 1.661s (starting election)
I0619 00:11:52.634798 25807 raft_consensus.cc:479] T f372b9fb174844eca1662c62039a3c71 P c007a00e65ad41a79da1a0c1050c55b4 [term 0 FOLLOWER]: Starting pre-election with config: opid_index: -1 OBSOLETE_local: false peers { permanent_uuid: "10bda0b4856f4441b5aed24cdc4764a8" member_type: VOTER last_known_addr { host: "127.24.119.2" port: 38512 } } peers { permanent_uuid: "c007a00e65ad41a79da1a0c1050c55b4" member_type: VOTER last_known_addr { host: "127.24.119.1" port: 32951 } } peers { permanent_uuid: "395763cf325d4ce19859830a7ad35c85" member_type: VOTER last_known_addr { host: "127.24.119.3" port: 39344 } }
I0619 00:11:52.635711 25807 leader_election.cc:243] T f372b9fb174844eca1662c62039a3c71 P c007a00e65ad41a79da1a0c1050c55b4 [CANDIDATE]: Term 1 pre-election: Requesting pre-vote from peer 10bda0b4856f4441b5aed24cdc4764a8 (127.24.119.2:38512)
I0619 00:11:52.636090 25807 leader_election.cc:243] T f372b9fb174844eca1662c62039a3c71 P c007a00e65ad41a79da1a0c1050c55b4 [CANDIDATE]: Term 1 pre-election: Requesting pre-vote from peer 395763cf325d4ce19859830a7ad35c85 (127.24.119.3:39344)
W0619 00:11:52.637945 25402 heartbeater.cc:587] Failed to heartbeat to 127.24.119.61:46325: Network error: Failed to ping master at 127.24.119.61:46325: Client connection negotiation failed: client connection to 127.24.119.61:46325: connect: Connection refused (error 111)
I0619 00:11:52.638968 25071 catalog_manager.cc:3091] TS 395763cf325d4ce19859830a7ad35c85 (127.24.119.3:39344): tablet a52cbcbe35374d518bca1e0fc24d88d4 (table default.table_8687a04df04444c6a3f710f1b9884ce5 [id=c857914eef2b4b74828b67746881df9d]) successfully deleted
W0619 00:11:52.640880 25290 leader_election.cc:306] T f372b9fb174844eca1662c62039a3c71 P c007a00e65ad41a79da1a0c1050c55b4 [CANDIDATE]: Term 1 pre-election: Tablet error from VoteRequest() call to peer 10bda0b4856f4441b5aed24cdc4764a8 (127.24.119.2:38512): Not found: Tablet not found: f372b9fb174844eca1662c62039a3c71
W0619 00:11:52.641371 25290 leader_election.cc:306] T f372b9fb174844eca1662c62039a3c71 P c007a00e65ad41a79da1a0c1050c55b4 [CANDIDATE]: Term 1 pre-election: Tablet error from VoteRequest() call to peer 395763cf325d4ce19859830a7ad35c85 (127.24.119.3:39344): Not found: Tablet not found: f372b9fb174844eca1662c62039a3c71
I0619 00:11:52.641650 25290 leader_election.cc:270] T f372b9fb174844eca1662c62039a3c71 P c007a00e65ad41a79da1a0c1050c55b4 [CANDIDATE]: Term 1 pre-election: Election decided. Result: candidate lost.
I0619 00:11:52.642702 25807 raft_consensus.cc:2732] T f372b9fb174844eca1662c62039a3c71 P c007a00e65ad41a79da1a0c1050c55b4: Snoozing failure detection for 1.735s (election complete)
I0619 00:11:52.642953 25807 raft_consensus.cc:2487] T f372b9fb174844eca1662c62039a3c71 P c007a00e65ad41a79da1a0c1050c55b4 [term 0 FOLLOWER]: Leader pre-election lost for term 1. Reason: could not achieve majority
I0619 00:11:52.640275 25847 raft_consensus.cc:457] T 3722b203a516466489c74ef6013eacae P 10bda0b4856f4441b5aed24cdc4764a8 [term 0 FOLLOWER]: Starting pre-election (no leader contacted us within the election timeout)
W0619 00:11:52.641957 25536 heartbeater.cc:587] Failed to heartbeat to 127.24.119.61:46325: Network error: Failed to ping master at 127.24.119.61:46325: Client connection negotiation failed: client connection to 127.24.119.61:46325: connect: Connection refused (error 111)
I0619 00:11:52.643798 25082 catalog_manager.cc:2891] Scheduling retry of 1dd3f7afe05f49199b18220f9c11ccd2 (table default.table_c24f1b02a5b54618aca5028342d84b7d [id=4b052b0654fd4377a294deee53dce6af]) Alter Table RPC with a delay of 50 ms (attempt = 1)
I0619 00:11:52.643971 25847 raft_consensus.cc:2732] T 3722b203a516466489c74ef6013eacae P 10bda0b4856f4441b5aed24cdc4764a8: Snoozing failure detection for 2.159s (starting election)
W0619 00:11:52.644071 25082 catalog_manager.cc:3998] Failed to send alter table request: Not found: failed to reset TS proxy: No leader found: Tablet 1dd3f7afe05f49199b18220f9c11ccd2 consensus state has no leader
I0619 00:11:52.644235 25847 raft_consensus.cc:479] T 3722b203a516466489c74ef6013eacae P 10bda0b4856f4441b5aed24cdc4764a8 [term 0 FOLLOWER]: Starting pre-election with config: opid_index: -1 OBSOLETE_local: false peers { permanent_uuid: "10bda0b4856f4441b5aed24cdc4764a8" member_type: VOTER last_known_addr { host: "127.24.119.2" port: 38512 } } peers { permanent_uuid: "c007a00e65ad41a79da1a0c1050c55b4" member_type: VOTER last_known_addr { host: "127.24.119.1" port: 32951 } } peers { permanent_uuid: "395763cf325d4ce19859830a7ad35c85" member_type: VOTER last_known_addr { host: "127.24.119.3" port: 39344 } }
I0619 00:11:52.645249 25847 leader_election.cc:243] T 3722b203a516466489c74ef6013eacae P 10bda0b4856f4441b5aed24cdc4764a8 [CANDIDATE]: Term 1 pre-election: Requesting pre-vote from peer c007a00e65ad41a79da1a0c1050c55b4 (127.24.119.1:32951)
I0619 00:11:52.645491 25727 ts_tablet_manager.cc:1028] T 03522c48c50943b38cae5aa88562e583 P c007a00e65ad41a79da1a0c1050c55b4: Bootstrapping tablet
I0619 00:11:52.645666 25847 leader_election.cc:243] T 3722b203a516466489c74ef6013eacae P 10bda0b4856f4441b5aed24cdc4764a8 [CANDIDATE]: Term 1 pre-election: Requesting pre-vote from peer 395763cf325d4ce19859830a7ad35c85 (127.24.119.3:39344)
I0619 00:11:52.645642 25083 catalog_manager.cc:3881] TS 10bda0b4856f4441b5aed24cdc4764a8 (127.24.119.2:38512) does not have the latest schema for tablet 3722b203a516466489c74ef6013eacae (table default.table_fb89f806be98424aa43bd01b3f816a80 [id=a17737f9d2924cc09f372527fb91188b]). Expected version 1 got 0
