W0619 00:11:53.610950 25748 thread.cc:554] rpc reactor (reactor) Time spent creating pthread: real 1.270s user 0.001s sys 0.002s
W0619 00:11:53.611162 25748 thread.cc:521] rpc reactor (reactor) Time spent starting thread: real 1.270s user 0.001s sys 0.002s
W0619 00:11:53.612365 25668 heartbeater.cc:587] Failed to heartbeat to 127.24.119.61:46325: Network error: Failed to ping master at 127.24.119.61:46325: Client connection negotiation failed: client connection to 127.24.119.61:46325: connect: Connection refused (error 111)
I0619 00:11:53.617153 25600 ts_tablet_manager.cc:1173] T 4feb648bb30247b49a4abd49da95ea7d P 395763cf325d4ce19859830a7ad35c85: Registered tablet (data state: TABLET_DATA_READY)
I0619 00:11:53.622185 25741 ts_tablet_manager.cc:1382] T e3708e05f6054306b5bf7f1df2140e3d P c007a00e65ad41a79da1a0c1050c55b4: tablet deleted with delete type TABLET_DATA_DELETED: last-logged OpId 1.5
I0619 00:11:53.626969 25741 log.cc:986] T e3708e05f6054306b5bf7f1df2140e3d P c007a00e65ad41a79da1a0c1050c55b4: Deleting WAL directory at /data/somelongdirectorytoavoidrpathissues/src/kudutest/master-stress-test.0.HmsConfigurations_MasterStressTest.Test_0.1529392303277196-25052/minicluster-data/ts-0/wal/wals/e3708e05f6054306b5bf7f1df2140e3d
I0619 00:11:53.627621 25741 ts_tablet_manager.cc:1403] T e3708e05f6054306b5bf7f1df2140e3d P c007a00e65ad41a79da1a0c1050c55b4: Deleting consensus metadata
I0619 00:11:53.629503 25071 catalog_manager.cc:2891] Scheduling retry of fc7686daae274e0dba87703fe6924805 (table default.table_1074470b12de48baa6a1264ad788d237 [id=7bf3a411e3384c2e83d8c19e21acef4d]) Alter Table RPC with a delay of 81 ms (attempt = 2)
W0619 00:11:53.633635 25071 catalog_manager.cc:2910] Async tablet task fc7686daae274e0dba87703fe6924805 (table default.table_1074470b12de48baa6a1264ad788d237 [id=7bf3a411e3384c2e83d8c19e21acef4d]) Alter Table RPC failed: Not found: failed to reset TS proxy: No leader found: Tablet fc7686daae274e0dba87703fe6924805 consensus state has no leader
W0619 00:11:53.617743 25536 heartbeater.cc:587] Failed to heartbeat to 127.24.119.61:46325: Network error: Failed to ping master at 127.24.119.61:46325: Client connection negotiation failed: client connection to 127.24.119.61:46325: connect: Connection refused (error 111)
I0619 00:11:53.634202 25736 raft_consensus.cc:2042] T e3708e05f6054306b5bf7f1df2140e3d P 10bda0b4856f4441b5aed24cdc4764a8 [term 1 LEADER]: Raft consensus shutting down.
I0619 00:11:53.634912 25736 consensus_peers.cc:456] T e3708e05f6054306b5bf7f1df2140e3d P 10bda0b4856f4441b5aed24cdc4764a8 -> Peer 395763cf325d4ce19859830a7ad35c85 (127.24.119.3:39344): Closing peer: 395763cf325d4ce19859830a7ad35c85
I0619 00:11:53.635499 25736 consensus_peers.cc:456] T e3708e05f6054306b5bf7f1df2140e3d P 10bda0b4856f4441b5aed24cdc4764a8 -> Peer c007a00e65ad41a79da1a0c1050c55b4 (127.24.119.1:32951): Closing peer: c007a00e65ad41a79da1a0c1050c55b4
I0619 00:11:53.636502 25736 raft_consensus.cc:2069] T e3708e05f6054306b5bf7f1df2140e3d P 10bda0b4856f4441b5aed24cdc4764a8 [term 1 FOLLOWER]: Raft consensus is shut down!
I0619 00:11:53.636504 25068 catalog_manager.cc:2891] Scheduling retry of 41e052fdd92b4c3d9803fa43433e60d5 (table default.table_34ae54d8d2fc4703a6fd963ddd934b4d [id=e3efb205417f4b40b4f48094be7d1e1e]) Alter Table RPC with a delay of 561 ms (attempt = 6)
W0619 00:11:53.636831 25068 catalog_manager.cc:2910] Async tablet task 41e052fdd92b4c3d9803fa43433e60d5 (table default.table_34ae54d8d2fc4703a6fd963ddd934b4d [id=e3efb205417f4b40b4f48094be7d1e1e]) Alter Table RPC failed: Not found: failed to reset TS proxy: No leader found: Tablet 41e052fdd92b4c3d9803fa43433e60d5 consensus state has no leader
I0619 00:11:53.636832 25290 leader_election.cc:393] T 075076aaa16e4ea8a596a7a8c52f103e P c007a00e65ad41a79da1a0c1050c55b4 [CANDIDATE]: Term 1 pre-election: Vote denied by peer 10bda0b4856f4441b5aed24cdc4764a8 (127.24.119.2:38512). Message: Invalid argument: T 075076aaa16e4ea8a596a7a8c52f103e P 10bda0b4856f4441b5aed24cdc4764a8 [term 1 LEADER]: Leader pre-election vote request: Denying vote to candidate c007a00e65ad41a79da1a0c1050c55b4 for term 1 because replica is either leader or believes a valid leader to be alive.
I0619 00:11:53.646348 25071 catalog_manager.cc:3091] TS 10bda0b4856f4441b5aed24cdc4764a8 (127.24.119.2:38512): tablet 03522c48c50943b38cae5aa88562e583 (table default.table_0a2ef368d0f945eaaeeb3e58d57ef718 [id=3af4854117e94c6a9ac3516c131ab144]) successfully deleted
I0619 00:11:53.630180 25724 tablet_bootstrap.cc:427] T 3e7724f967ae41d7b523055d1a4f58db P 395763cf325d4ce19859830a7ad35c85: No bootstrap required, opened a new log
I0619 00:11:53.636143 25885 raft_consensus.cc:457] T 775f0b6b309c49278066a5e7cf623af2 P 395763cf325d4ce19859830a7ad35c85 [term 0 FOLLOWER]: Starting pre-election (no leader contacted us within the election timeout)
I0619 00:11:53.649415 25885 raft_consensus.cc:2732] T 775f0b6b309c49278066a5e7cf623af2 P 395763cf325d4ce19859830a7ad35c85: Snoozing failure detection for 2.018s (starting election)
I0619 00:11:53.645007 25601 tablet_service.cc:800] Processing DeleteTablet for tablet a4c653a255984d3bac88df63362b9334 with delete_type TABLET_DATA_DELETED (Table deleted at 2018-06-19 00:11:51 PDT) from {username='jenkins'} at 127.24.119.3:34285
I0619 00:11:53.648828 25080 catalog_manager.cc:1339] Servicing CreateTable request from {username='jenkins'} at 127.24.119.62:54390: name: "default.table_0075a29451044e27990e84f7ae19482d" schema { columns { name: "key" type: INT32 is_key: true is_nullable: false encoding: AUTO_ENCODING compression: DEFAULT_COMPRESSION cfile_block_size: 0 } } split_rows_range_bounds { } partition_schema { range_schema { columns { name: "key" } } }
I0619 00:11:53.643199 25796 raft_consensus.cc:457] T a52cbcbe35374d518bca1e0fc24d88d4 P 10bda0b4856f4441b5aed24cdc4764a8 [term 0 FOLLOWER]: Starting pre-election (no leader contacted us within the election timeout)
I0619 00:11:53.649533 25724 ts_tablet_manager.cc:1045] T 3e7724f967ae41d7b523055d1a4f58db P 395763cf325d4ce19859830a7ad35c85: Time spent bootstrapping tablet: real 0.070s user 0.004s sys 0.001s
I0619 00:11:53.649883 25796 raft_consensus.cc:2732] T a52cbcbe35374d518bca1e0fc24d88d4 P 10bda0b4856f4441b5aed24cdc4764a8: Snoozing failure detection for 2.132s (starting election)
W0619 00:11:53.650152 25080 catalog_manager.cc:1488] The number of live tablet servers is not enough to re-replicate a tablet replica of the newly created table default.table_0075a29451044e27990e84f7ae19482d in case of a replica failure: 4 tablet servers are needed, 3 are alive. Consider bringing up additional tablet server(s) or running both the masters and all tablet servers with --raft_prepare_replacement_before_eviction=false flag (not recommended).
I0619 00:11:53.649729 25885 raft_consensus.cc:479] T 775f0b6b309c49278066a5e7cf623af2 P 395763cf325d4ce19859830a7ad35c85 [term 0 FOLLOWER]: Starting pre-election with config: opid_index: -1 OBSOLETE_local: false peers { permanent_uuid: "c007a00e65ad41a79da1a0c1050c55b4" member_type: VOTER last_known_addr { host: "127.24.119.1" port: 32951 } } peers { permanent_uuid: "10bda0b4856f4441b5aed24cdc4764a8" member_type: VOTER last_known_addr { host: "127.24.119.2" port: 38512 } } peers { permanent_uuid: "395763cf325d4ce19859830a7ad35c85" member_type: VOTER last_known_addr { host: "127.24.119.3" port: 39344 } }
I0619 00:11:53.650172 25796 raft_consensus.cc:479] T a52cbcbe35374d518bca1e0fc24d88d4 P 10bda0b4856f4441b5aed24cdc4764a8 [term 0 FOLLOWER]: Starting pre-election with config: opid_index: -1 OBSOLETE_local: false peers { permanent_uuid: "c007a00e65ad41a79da1a0c1050c55b4" member_type: VOTER last_known_addr { host: "127.24.119.1" port: 32951 } } peers { permanent_uuid: "10bda0b4856f4441b5aed24cdc4764a8" member_type: VOTER last_known_addr { host: "127.24.119.2" port: 38512 } } peers { permanent_uuid: "395763cf325d4ce19859830a7ad35c85" member_type: VOTER last_known_addr { host: "127.24.119.3" port: 39344 } }
I0619 00:11:53.650787 25885 leader_election.cc:243] T 775f0b6b309c49278066a5e7cf623af2 P 395763cf325d4ce19859830a7ad35c85 [CANDIDATE]: Term 1 pre-election: Requesting pre-vote from peer c007a00e65ad41a79da1a0c1050c55b4 (127.24.119.1:32951)
I0619 00:11:53.651149 25796 leader_election.cc:243] T a52cbcbe35374d518bca1e0fc24d88d4 P 10bda0b4856f4441b5aed24cdc4764a8 [CANDIDATE]: Term 1 pre-election: Requesting pre-vote from peer c007a00e65ad41a79da1a0c1050c55b4 (127.24.119.1:32951)
I0619 00:11:53.651191 25885 leader_election.cc:243] T 775f0b6b309c49278066a5e7cf623af2 P 395763cf325d4ce19859830a7ad35c85 [CANDIDATE]: Term 1 pre-election: Requesting pre-vote from peer 10bda0b4856f4441b5aed24cdc4764a8 (127.24.119.2:38512)
I0619 00:11:53.651558 25796 leader_election.cc:243] T a52cbcbe35374d518bca1e0fc24d88d4 P 10bda0b4856f4441b5aed24cdc4764a8 [CANDIDATE]: Term 1 pre-election: Requesting pre-vote from peer 395763cf325d4ce19859830a7ad35c85 (127.24.119.3:39344)
I0619 00:11:53.652156 25083 catalog_manager.cc:2136] Servicing AlterTable request from {username='jenkins'} at 127.24.119.62:54390: table { table_name: "default.table_ddf8a60eb43545bda4bfaea6216dba67" } new_table_name: "default.table_bd5ecdaeb9784fe696613bd457e08878" alter_external_catalogs: true
I0619 00:11:53.653090 25730 ts_tablet_manager.cc:1382] T e3708e05f6054306b5bf7f1df2140e3d P 395763cf325d4ce19859830a7ad35c85: tablet deleted with delete type TABLET_DATA_DELETED: last-logged OpId 1.5
I0619 00:11:53.653517 25730 log.cc:986] T e3708e05f6054306b5bf7f1df2140e3d P 395763cf325d4ce19859830a7ad35c85: Deleting WAL directory at /data/somelongdirectorytoavoidrpathissues/src/kudutest/master-stress-test.0.HmsConfigurations_MasterStressTest.Test_0.1529392303277196-25052/minicluster-data/ts-2/wal/wals/e3708e05f6054306b5bf7f1df2140e3d
I0619 00:11:53.653424 25356 tablet_service.cc:995] Received RequestConsensusVote() RPC: tablet_id: "a52cbcbe35374d518bca1e0fc24d88d4" candidate_uuid: "10bda0b4856f4441b5aed24cdc4764a8" candidate_term: 1 candidate_status { last_received { term: 0 index: 0 } } ignore_live_leader: false dest_uuid: "c007a00e65ad41a79da1a0c1050c55b4" is_pre_election: true
I0619 00:11:53.654146 25730 ts_tablet_manager.cc:1403] T e3708e05f6054306b5bf7f1df2140e3d P 395763cf325d4ce19859830a7ad35c85: Deleting consensus metadata
I0619 00:11:53.654330 25736 ts_tablet_manager.cc:1369] T e3708e05f6054306b5bf7f1df2140e3d P 10bda0b4856f4441b5aed24cdc4764a8: Deleting tablet data with delete state TABLET_DATA_DELETED
I0619 00:11:53.654672 25087 catalog_manager.cc:1731] Servicing DeleteTable request from {username='jenkins'} at 127.24.119.62:54390: table { table_name: "default.table_fa53e172a2a34136a5a6efb8b5c39368" }
W0619 00:11:53.654916 25419 leader_election.cc:306] T a52cbcbe35374d518bca1e0fc24d88d4 P 10bda0b4856f4441b5aed24cdc4764a8 [CANDIDATE]: Term 1 pre-election: Tablet error from VoteRequest() call to peer c007a00e65ad41a79da1a0c1050c55b4 (127.24.119.1:32951): Illegal state: must be running to vote when last-logged opid is not known
I0619 00:11:53.655805 25725 tablet_bootstrap.cc:427] T 7f60ea5c5def47ee846d0186bbc90c18 P 10bda0b4856f4441b5aed24cdc4764a8: No bootstrap required, opened a new log
I0619 00:11:53.629204 25741 rpcz_store.cc:265] Call kudu.tserver.TabletServerAdminService.DeleteTablet from 127.24.119.1:46159 (request call id 204) took 1579ms. Request Metrics: {"tablet-delete.queue_time_us":1419791}
I0619 00:11:53.655318 25724 raft_consensus.cc:325] T 3e7724f967ae41d7b523055d1a4f58db P 395763cf325d4ce19859830a7ad35c85 [term 0 FOLLOWER]: Replica starting. Triggering 0 pending transactions. Active config: opid_index: -1 OBSOLETE_local: false peers { permanent_uuid: "c007a00e65ad41a79da1a0c1050c55b4" member_type: VOTER last_known_addr { host: "127.24.119.1" port: 32951 } } peers { permanent_uuid: "10bda0b4856f4441b5aed24cdc4764a8" member_type: VOTER last_known_addr { host: "127.24.119.2" port: 38512 } } peers { permanent_uuid: "395763cf325d4ce19859830a7ad35c85" member_type: VOTER last_known_addr { host: "127.24.119.3" port: 39344 } }
I0619 00:11:53.657037 25724 raft_consensus.cc:351] T 3e7724f967ae41d7b523055d1a4f58db P 395763cf325d4ce19859830a7ad35c85 [term 0 FOLLOWER]: Consensus starting up: Expiring failure detector timer to make a prompt election more likely
I0619 00:11:53.657244 25724 raft_consensus.cc:628] T 3e7724f967ae41d7b523055d1a4f58db P 395763cf325d4ce19859830a7ad35c85 [term 0 FOLLOWER]: Becoming Follower/Learner. State: Replica: 395763cf325d4ce19859830a7ad35c85, State: Initialized, Role: FOLLOWER
I0619 00:11:53.657297 25725 ts_tablet_manager.cc:1045] T 7f60ea5c5def47ee846d0186bbc90c18 P 10bda0b4856f4441b5aed24cdc4764a8: Time spent bootstrapping tablet: real 0.087s user 0.007s sys 0.002s
I0619 00:11:53.657804 25724 consensus_queue.cc:227] T 3e7724f967ae41d7b523055d1a4f58db P 395763cf325d4ce19859830a7ad35c85 [NON_LEADER]: Queue going to NON_LEADER mode. State: All replicated index: 0, Majority replicated index: 0, Committed index: 0, Last appended: 0.0, Last appended by leader: 0, Current term: 0, Majority size: -1, State: 0, Mode: NON_LEADER, active raft config: opid_index: -1 OBSOLETE_local: false peers { permanent_uuid: "c007a00e65ad41a79da1a0c1050c55b4" member_type: VOTER last_known_addr { host: "127.24.119.1" port: 32951 } } peers { permanent_uuid: "10bda0b4856f4441b5aed24cdc4764a8" member_type: VOTER last_known_addr { host: "127.24.119.2" port: 38512 } } peers { permanent_uuid: "395763cf325d4ce19859830a7ad35c85" member_type: VOTER last_known_addr { host: "127.24.119.3" port: 39344 } }
I0619 00:11:53.659163 25725 raft_consensus.cc:325] T 7f60ea5c5def47ee846d0186bbc90c18 P 10bda0b4856f4441b5aed24cdc4764a8 [term 0 FOLLOWER]: Replica starting. Triggering 0 pending transactions. Active config: opid_index: -1 OBSOLETE_local: false peers { permanent_uuid: "10bda0b4856f4441b5aed24cdc4764a8" member_type: VOTER last_known_addr { host: "127.24.119.2" port: 38512 } } peers { permanent_uuid: "c007a00e65ad41a79da1a0c1050c55b4" member_type: VOTER last_known_addr { host: "127.24.119.1" port: 32951 } } peers { permanent_uuid: "395763cf325d4ce19859830a7ad35c85" member_type: VOTER last_known_addr { host: "127.24.119.3" port: 39344 } }
I0619 00:11:53.659804 25725 raft_consensus.cc:351] T 7f60ea5c5def47ee846d0186bbc90c18 P 10bda0b4856f4441b5aed24cdc4764a8 [term 0 FOLLOWER]: Consensus starting up: Expiring failure detector timer to make a prompt election more likely
W0619 00:11:53.660758 25668 heartbeater.cc:587] Failed to heartbeat to 127.24.119.61:46325: Network error: Failed to ping master at 127.24.119.61:46325: Client connection negotiation failed: client connection to 127.24.119.61:46325: connect: Connection refused (error 111)
I0619 00:11:53.661048 25725 raft_consensus.cc:628] T 7f60ea5c5def47ee846d0186bbc90c18 P 10bda0b4856f4441b5aed24cdc4764a8 [term 0 FOLLOWER]: Becoming Follower/Learner. State: Replica: 10bda0b4856f4441b5aed24cdc4764a8, State: Initialized, Role: FOLLOWER
W0619 00:11:53.662461 25668 heartbeater.cc:587] Failed to heartbeat to 127.24.119.61:46325: Network error: Failed to ping master at 127.24.119.61:46325: Client connection negotiation failed: client connection to 127.24.119.61:46325: connect: Connection refused (error 111)
I0619 00:11:53.663583 25067 catalog_manager.cc:3091] TS c007a00e65ad41a79da1a0c1050c55b4 (127.24.119.1:32951): tablet e3708e05f6054306b5bf7f1df2140e3d (table default.table_6ace57434b5243c7bd22bd60752a065d [id=47a2f8c4d1f748a69c2bb0416bdb87e4]) successfully deleted
I0619 00:11:53.656600 25741 rpcz_store.cc:265] Call kudu.tserver.TabletServerAdminService.DeleteTablet from 127.24.119.1:46159 (request call id 206) took 1530ms. Request Metrics: {"tablet-delete.queue_time_us":1529104}
I0619 00:11:53.664670 25356 tablet_service.cc:995] Received RequestConsensusVote() RPC: tablet_id: "775f0b6b309c49278066a5e7cf623af2" candidate_uuid: "395763cf325d4ce19859830a7ad35c85" candidate_term: 1 candidate_status { last_received { term: 0 index: 0 } } ignore_live_leader: false dest_uuid: "c007a00e65ad41a79da1a0c1050c55b4" is_pre_election: true
W0619 00:11:53.666005 25553 leader_election.cc:306] T 775f0b6b309c49278066a5e7cf623af2 P 395763cf325d4ce19859830a7ad35c85 [CANDIDATE]: Term 1 pre-election: Tablet error from VoteRequest() call to peer c007a00e65ad41a79da1a0c1050c55b4 (127.24.119.1:32951): Illegal state: must be running to vote when last-logged opid is not known
I0619 00:11:53.661963 25725 consensus_queue.cc:227] T 7f60ea5c5def47ee846d0186bbc90c18 P 10bda0b4856f4441b5aed24cdc4764a8 [NON_LEADER]: Queue going to NON_LEADER mode. State: All replicated index: 0, Majority replicated index: 0, Committed index: 0, Last appended: 0.0, Last appended by leader: 0, Current term: 0, Majority size: -1, State: 0, Mode: NON_LEADER, active raft config: opid_index: -1 OBSOLETE_local: false peers { permanent_uuid: "10bda0b4856f4441b5aed24cdc4764a8" member_type: VOTER last_known_addr { host: "127.24.119.2" port: 38512 } } peers { permanent_uuid: "c007a00e65ad41a79da1a0c1050c55b4" member_type: VOTER last_known_addr { host: "127.24.119.1" port: 32951 } } peers { permanent_uuid: "395763cf325d4ce19859830a7ad35c85" member_type: VOTER last_known_addr { host: "127.24.119.3" port: 39344 } }
I0619 00:11:53.621462 25423 leader_election.cc:379] T 7c57c5ca55f24621b66197a3698504bd P 10bda0b4856f4441b5aed24cdc4764a8 [CANDIDATE]: Term 1 pre-election: Vote granted by peer 395763cf325d4ce19859830a7ad35c85 (127.24.119.3:39344)
I0619 00:11:53.669142 25423 leader_election.cc:270] T 7c57c5ca55f24621b66197a3698504bd P 10bda0b4856f4441b5aed24cdc4764a8 [CANDIDATE]: Term 1 pre-election: Election decided. Result: candidate won.
I0619 00:11:53.669656 25796 raft_consensus.cc:2732] T 7c57c5ca55f24621b66197a3698504bd P 10bda0b4856f4441b5aed24cdc4764a8: Snoozing failure detection for 1.637s (election complete)
I0619 00:11:53.669973 25796 raft_consensus.cc:2539] T 7c57c5ca55f24621b66197a3698504bd P 10bda0b4856f4441b5aed24cdc4764a8 [term 0 FOLLOWER]: Leader pre-election won for term 1
I0619 00:11:53.670176 25796 raft_consensus.cc:457] T 7c57c5ca55f24621b66197a3698504bd P 10bda0b4856f4441b5aed24cdc4764a8 [term 0 FOLLOWER]: Starting leader election (no leader contacted us within the election timeout)
I0619 00:11:53.670377 25796 raft_consensus.cc:2732] T 7c57c5ca55f24621b66197a3698504bd P 10bda0b4856f4441b5aed24cdc4764a8: Snoozing failure detection for 1.750s (starting election)
I0619 00:11:53.670646 25725 ts_tablet_manager.cc:1073] T 7f60ea5c5def47ee846d0186bbc90c18 P 10bda0b4856f4441b5aed24cdc4764a8: Time spent starting tablet: real 0.013s user 0.004s sys 0.000s
I0619 00:11:53.670611 25796 raft_consensus.cc:2784] T 7c57c5ca55f24621b66197a3698504bd P 10bda0b4856f4441b5aed24cdc4764a8 [term 0 FOLLOWER]: Advancing to term 1
I0619 00:11:53.671041 25725 ts_tablet_manager.cc:1028] T 4a88e394b199431e8b794a1b1aec847f P 10bda0b4856f4441b5aed24cdc4764a8: Bootstrapping tablet
I0619 00:11:53.671389 25725 tablet_bootstrap.cc:427] T 4a88e394b199431e8b794a1b1aec847f P 10bda0b4856f4441b5aed24cdc4764a8: Bootstrap starting.
W0619 00:11:53.667593 25067 catalog_manager.cc:3071] TS c007a00e65ad41a79da1a0c1050c55b4 (127.24.119.1:32951): delete failed for tablet 35acf55f35064c1491122a13ff9f5744 because the tablet was not found. No further retry: Not found: Tablet not found: 35acf55f35064c1491122a13ff9f5744
I0619 00:11:53.674413 25725 tablet_bootstrap.cc:578] T 4a88e394b199431e8b794a1b1aec847f P 10bda0b4856f4441b5aed24cdc4764a8: No blocks or log segments found. Creating new log.
W0619 00:11:53.675894 25067 catalog_manager.cc:2910] Async tablet task d62715e230154e2abe126ef97feec7ce (table default.table_cc45383880634c41948247ee9fa098d1 [id=fa287205f19a461fa0ba005f9991513b]) Alter Table RPC failed: Not found: failed to reset TS proxy: No leader found: Tablet d62715e230154e2abe126ef97feec7ce consensus state has no leader
I0619 00:11:53.676759 25081 catalog_manager.cc:3786] T 075076aaa16e4ea8a596a7a8c52f103e P 10bda0b4856f4441b5aed24cdc4764a8 reported cstate change: term changed from 0 to 1, leader changed from to 10bda0b4856f4441b5aed24cdc4764a8 (127.24.119.2). New cstate: current_term: 1 leader_uuid: "10bda0b4856f4441b5aed24cdc4764a8" committed_config { opid_index: -1 OBSOLETE_local: false peers { permanent_uuid: "10bda0b4856f4441b5aed24cdc4764a8" member_type: VOTER last_known_addr { host: "127.24.119.2" port: 38512 } health_report { overall_health: HEALTHY } } peers { permanent_uuid: "c007a00e65ad41a79da1a0c1050c55b4" member_type: VOTER last_known_addr { host: "127.24.119.1" port: 32951 } health_report { overall_health: UNKNOWN } } peers { permanent_uuid: "395763cf325d4ce19859830a7ad35c85" member_type: VOTER last_known_addr { host: "127.24.119.3" port: 39344 } health_report { overall_health: UNKNOWN } } }
I0619 00:11:53.678232 25081 catalog_manager.cc:3881] TS 10bda0b4856f4441b5aed24cdc4764a8 (127.24.119.2:38512) does not have the latest schema for tablet 075076aaa16e4ea8a596a7a8c52f103e (table default.table_c74748783ca3450eb3c5c3397e03d506 [id=040c5029d5054cc48c9f066058cb6a45]). Expected version 1 got 0
I0619 00:11:53.678725 25081 catalog_manager.cc:3786] T 3537c79c30a1401e8a78b387f08eff58 P 10bda0b4856f4441b5aed24cdc4764a8 reported cstate change: term changed from 0 to 1, leader changed from to 10bda0b4856f4441b5aed24cdc4764a8 (127.24.119.2). New cstate: current_term: 1 leader_uuid: "10bda0b4856f4441b5aed24cdc4764a8" committed_config { opid_index: -1 OBSOLETE_local: false peers { permanent_uuid: "c007a00e65ad41a79da1a0c1050c55b4" member_type: VOTER last_known_addr { host: "127.24.119.1" port: 32951 } health_report { overall_health: UNKNOWN } } peers { permanent_uuid: "10bda0b4856f4441b5aed24cdc4764a8" member_type: VOTER last_known_addr { host: "127.24.119.2" port: 38512 } health_report { overall_health: HEALTHY } } peers { permanent_uuid: "395763cf325d4ce19859830a7ad35c85" member_type: VOTER last_known_addr { host: "127.24.119.3" port: 39344 } health_report { overall_health: UNKNOWN } } }
I0619 00:11:53.682989 25323 tablet_service.cc:759] Processing CreateTablet for tablet 8e3a356933e749b9a4ade476ec30f475 (table=default.table_a822c7bace2a4cfd9c1c7f0a9c992551 [id=0d90b232db8e48ed9bfab0c59c6fbdba]), partition=RANGE (key) PARTITION UNBOUNDED
I0619 00:11:53.683559 25323 data_dirs.cc:934] Could only allocate 1 dirs of requested 3 for tablet 8e3a356933e749b9a4ade476ec30f475. 1 dirs total, 0 dirs full, 0 dirs failed
I0619 00:11:53.685559 25083 catalog_manager.cc:2891] Scheduling retry of cbd67634f5704165b5bb948501697f0c (table default.table_bd5ecdaeb9784fe696613bd457e08878 [id=2b0d752c696449e899310b57d8c7572e]) Alter Table RPC with a delay of 44 ms (attempt = 1)
I0619 00:11:53.685061 25081 catalog_manager.cc:3786] T 30a9d9fda8d34caeb8242c372439321b P 10bda0b4856f4441b5aed24cdc4764a8 reported cstate change: term changed from 0 to 1, leader changed from to 10bda0b4856f4441b5aed24cdc4764a8 (127.24.119.2). New cstate: current_term: 1 leader_uuid: "10bda0b4856f4441b5aed24cdc4764a8" committed_config { opid_index: -1 OBSOLETE_local: false peers { permanent_uuid: "c007a00e65ad41a79da1a0c1050c55b4" member_type: VOTER last_known_addr { host: "127.24.119.1" port: 32951 } health_report { overall_health: UNKNOWN } } peers { permanent_uuid: "10bda0b4856f4441b5aed24cdc4764a8" member_type: VOTER last_known_addr { host: "127.24.119.2" port: 38512 } health_report { overall_health: HEALTHY } } peers { permanent_uuid: "395763cf325d4ce19859830a7ad35c85" member_type: VOTER last_known_addr { host: "127.24.119.3" port: 39344 } health_report { overall_health: UNKNOWN } } }
W0619 00:11:53.685853 25083 catalog_manager.cc:3998] Failed to send alter table request: Not found: failed to reset TS proxy: No leader found: Tablet cbd67634f5704165b5bb948501697f0c has no consensus state
I0619 00:11:53.688066 25724 ts_tablet_manager.cc:1073] T 3e7724f967ae41d7b523055d1a4f58db P 395763cf325d4ce19859830a7ad35c85: Time spent starting tablet: real 0.038s user 0.004s sys 0.000s
W0619 00:11:53.688875 25423 outbound_call.cc:287] RPC callback for RPC call kudu.consensus.ConsensusService.RequestConsensusVote -> {remote=127.24.119.3:39344, user_credentials={real_user=jenkins}} blocked reactor thread for 67451.4us
I0619 00:11:53.690665 25080 catalog_manager.cc:1339] Servicing CreateTable request from {username='jenkins'} at 127.24.119.62:54390: name: "default.table_252d88d7d98b495e80affd5dc6eeb739" schema { columns { name: "key" type: INT32 is_key: true is_nullable: false encoding: AUTO_ENCODING compression: DEFAULT_COMPRESSION cfile_block_size: 0 } } split_rows_range_bounds { } partition_schema { range_schema { columns { name: "key" } } }
I0619 00:11:53.691365 25736 ts_tablet_manager.cc:1382] T e3708e05f6054306b5bf7f1df2140e3d P 10bda0b4856f4441b5aed24cdc4764a8: tablet deleted with delete type TABLET_DATA_DELETED: last-logged OpId 1.5
W0619 00:11:53.691632 25080 catalog_manager.cc:1488] The number of live tablet servers is not enough to re-replicate a tablet replica of the newly created table default.table_252d88d7d98b495e80affd5dc6eeb739 in case of a replica failure: 4 tablet servers are needed, 3 are alive. Consider bringing up additional tablet server(s) or running both the masters and all tablet servers with --raft_prepare_replacement_before_eviction=false flag (not recommended).
I0619 00:11:53.692376 25325 tablet_service.cc:759] Processing CreateTablet for tablet f75b8a4f1fd845fbab6f83f59b7cfc58 (table=default.table_fa53e172a2a34136a5a6efb8b5c39368 [id=779e902dec1a4701a176d545a35e9978]), partition=RANGE (key) PARTITION UNBOUNDED
I0619 00:11:53.692751 25736 log.cc:986] T e3708e05f6054306b5bf7f1df2140e3d P 10bda0b4856f4441b5aed24cdc4764a8: Deleting WAL directory at /data/somelongdirectorytoavoidrpathissues/src/kudutest/master-stress-test.0.HmsConfigurations_MasterStressTest.Test_0.1529392303277196-25052/minicluster-data/ts-1/wal/wals/e3708e05f6054306b5bf7f1df2140e3d
I0619 00:11:53.692984 25325 data_dirs.cc:934] Could only allocate 1 dirs of requested 3 for tablet f75b8a4f1fd845fbab6f83f59b7cfc58. 1 dirs total, 0 dirs full, 0 dirs failed
I0619 00:11:53.693395 25736 ts_tablet_manager.cc:1403] T e3708e05f6054306b5bf7f1df2140e3d P 10bda0b4856f4441b5aed24cdc4764a8: Deleting consensus metadata
I0619 00:11:53.695449 25083 catalog_manager.cc:1339] Servicing CreateTable request from {username='jenkins'} at 127.24.119.62:54390: name: "default.table_f749a3c527f5449f8d30ae159bf2a2cb" schema { columns { name: "key" type: INT32 is_key: true is_nullable: false encoding: AUTO_ENCODING compression: DEFAULT_COMPRESSION cfile_block_size: 0 } } split_rows_range_bounds { } partition_schema { range_schema { columns { name: "key" } } }
W0619 00:11:53.696331 25083 catalog_manager.cc:1488] The number of live tablet servers is not enough to re-replicate a tablet replica of the newly created table default.table_f749a3c527f5449f8d30ae159bf2a2cb in case of a replica failure: 4 tablet servers are needed, 3 are alive. Consider bringing up additional tablet server(s) or running both the masters and all tablet servers with --raft_prepare_replacement_before_eviction=false flag (not recommended).
I0619 00:11:53.697109 25081 catalog_manager.cc:3881] TS 10bda0b4856f4441b5aed24cdc4764a8 (127.24.119.2:38512) does not have the latest schema for tablet 30a9d9fda8d34caeb8242c372439321b (table default.table_45dd93d67cc94f2c8e9e784347d14167 [id=60a6d49e09f04230abe707ed433d2e9a]). Expected version 1 got 0
I0619 00:11:53.699962 25730 rpcz_store.cc:265] Call kudu.tserver.TabletServerAdminService.DeleteTablet from 127.24.119.3:34285 (request call id 141) took 1637ms. Request Metrics: {"mutex_wait_us":5015,"tablet-delete.queue_time_us":1465765}
I0619 00:11:53.700698 25730 rpcz_store.cc:265] Call kudu.tserver.TabletServerAdminService.DeleteTablet from 127.24.119.3:34285 (request call id 140) took 1638ms. Request Metrics: {"tablet-delete.queue_time_us":1622200}
I0619 00:11:53.664206 25741 rpcz_store.cc:265] Call kudu.tserver.TabletServerAdminService.DeleteTablet from 127.24.119.1:46159 (request call id 207) took 1527ms. Request Metrics: {"tablet-delete.queue_time_us":1526447}
W0619 00:11:53.701550 25067 catalog_manager.cc:3071] TS c007a00e65ad41a79da1a0c1050c55b4 (127.24.119.1:32951): delete failed for tablet 35acf55f35064c1491122a13ff9f5744 because the tablet was not found. No further retry: Not found: Tablet not found: 35acf55f35064c1491122a13ff9f5744
I0619 00:11:53.706993 25730 rpcz_store.cc:265] Call kudu.tserver.TabletServerAdminService.DeleteTablet from 127.24.119.3:34285 (request call id 143) took 1537ms. Request Metrics: {"tablet-delete.queue_time_us":1536789}
I0619 00:11:53.707559 25730 tablet_replica.cc:261] T 4a88e394b199431e8b794a1b1aec847f P 395763cf325d4ce19859830a7ad35c85: stopping tablet replica
I0619 00:11:53.707826 25730 maintenance_manager.cc:237] P 395763cf325d4ce19859830a7ad35c85: Unregistered op CompactRowSetsOp(4a88e394b199431e8b794a1b1aec847f)
I0619 00:11:53.708037 25730 maintenance_manager.cc:237] P 395763cf325d4ce19859830a7ad35c85: Unregistered op MinorDeltaCompactionOp(4a88e394b199431e8b794a1b1aec847f)
I0619 00:11:53.708241 25730 maintenance_manager.cc:237] P 395763cf325d4ce19859830a7ad35c85: Unregistered op MajorDeltaCompactionOp(4a88e394b199431e8b794a1b1aec847f)
I0619 00:11:53.708446 25730 maintenance_manager.cc:237] P 395763cf325d4ce19859830a7ad35c85: Unregistered op UndoDeltaBlockGCOp(4a88e394b199431e8b794a1b1aec847f)
I0619 00:11:53.708699 25730 maintenance_manager.cc:237] P 395763cf325d4ce19859830a7ad35c85: Unregistered op FlushMRSOp(4a88e394b199431e8b794a1b1aec847f)
I0619 00:11:53.708899 25730 maintenance_manager.cc:237] P 395763cf325d4ce19859830a7ad35c85: Unregistered op FlushDeltaMemStoresOp(4a88e394b199431e8b794a1b1aec847f)
I0619 00:11:53.709079 25730 maintenance_manager.cc:237] P 395763cf325d4ce19859830a7ad35c85: Unregistered op LogGCOp(4a88e394b199431e8b794a1b1aec847f)
I0619 00:11:53.701494 25741 rpcz_store.cc:265] Call kudu.tserver.TabletServerAdminService.DeleteTablet from 127.24.119.1:46159 (request call id 208) took 1559ms. Request Metrics: {"tablet-delete.queue_time_us":1558717}
I0619 00:11:53.710141 25727 tablet_bootstrap.cc:578] T 3537c79c30a1401e8a78b387f08eff58 P c007a00e65ad41a79da1a0c1050c55b4: No blocks or log segments found. Creating new log.
W0619 00:11:53.710860 25067 catalog_manager.cc:3083] TS c007a00e65ad41a79da1a0c1050c55b4 (127.24.119.1:32951): delete failed for tablet edfdedbd4eca4b62be24b1649f820d0e with error code TABLET_NOT_RUNNING: Already present: State transition of tablet edfdedbd4eca4b62be24b1649f820d0e already in progress: creating tablet
I0619 00:11:53.711067 25067 catalog_manager.cc:2891] Scheduling retry of edfdedbd4eca4b62be24b1649f820d0e Delete Tablet RPC for TS=c007a00e65ad41a79da1a0c1050c55b4 with a delay of 29 ms (attempt = 1)
I0619 00:11:53.680938 25796 raft_consensus.cc:479] T 7c57c5ca55f24621b66197a3698504bd P 10bda0b4856f4441b5aed24cdc4764a8 [term 1 FOLLOWER]: Starting leader election with config: opid_index: -1 OBSOLETE_local: false peers { permanent_uuid: "c007a00e65ad41a79da1a0c1050c55b4" member_type: VOTER last_known_addr { host: "127.24.119.1" port: 32951 } } peers { permanent_uuid: "10bda0b4856f4441b5aed24cdc4764a8" member_type: VOTER last_known_addr { host: "127.24.119.2" port: 38512 } } peers { permanent_uuid: "395763cf325d4ce19859830a7ad35c85" member_type: VOTER last_known_addr { host: "127.24.119.3" port: 39344 } }
I0619 00:11:53.713629 25796 leader_election.cc:243] T 7c57c5ca55f24621b66197a3698504bd P 10bda0b4856f4441b5aed24cdc4764a8 [CANDIDATE]: Term 1 election: Requesting vote from peer c007a00e65ad41a79da1a0c1050c55b4 (127.24.119.1:32951)
I0619 00:11:53.715183 25796 leader_election.cc:243] T 7c57c5ca55f24621b66197a3698504bd P 10bda0b4856f4441b5aed24cdc4764a8 [CANDIDATE]: Term 1 election: Requesting vote from peer 395763cf325d4ce19859830a7ad35c85 (127.24.119.3:39344)
I0619 00:11:53.715884 25741 tablet_replica.cc:261] T 70b9c8c4af0945b69b5577e47b61c054 P c007a00e65ad41a79da1a0c1050c55b4: stopping tablet replica
I0619 00:11:53.716128 25741 maintenance_manager.cc:237] P c007a00e65ad41a79da1a0c1050c55b4: Unregistered op CompactRowSetsOp(70b9c8c4af0945b69b5577e47b61c054)
I0619 00:11:53.716331 25741 maintenance_manager.cc:237] P c007a00e65ad41a79da1a0c1050c55b4: Unregistered op MinorDeltaCompactionOp(70b9c8c4af0945b69b5577e47b61c054)
I0619 00:11:53.716524 25741 maintenance_manager.cc:237] P c007a00e65ad41a79da1a0c1050c55b4: Unregistered op MajorDeltaCompactionOp(70b9c8c4af0945b69b5577e47b61c054)
I0619 00:11:53.716742 25741 maintenance_manager.cc:237] P c007a00e65ad41a79da1a0c1050c55b4: Unregistered op UndoDeltaBlockGCOp(70b9c8c4af0945b69b5577e47b61c054)
I0619 00:11:53.716959 25741 maintenance_manager.cc:237] P c007a00e65ad41a79da1a0c1050c55b4: Unregistered op FlushMRSOp(70b9c8c4af0945b69b5577e47b61c054)
I0619 00:11:53.717164 25741 maintenance_manager.cc:237] P c007a00e65ad41a79da1a0c1050c55b4: Unregistered op FlushDeltaMemStoresOp(70b9c8c4af0945b69b5577e47b61c054)
I0619 00:11:53.717355 25741 maintenance_manager.cc:237] P c007a00e65ad41a79da1a0c1050c55b4: Unregistered op LogGCOp(70b9c8c4af0945b69b5577e47b61c054)
I0619 00:11:53.717527 25741 raft_consensus.cc:2042] T 70b9c8c4af0945b69b5577e47b61c054 P c007a00e65ad41a79da1a0c1050c55b4 [term 1 LEADER]: Raft consensus shutting down.
I0619 00:11:53.701972 25736 rpcz_store.cc:265] Call kudu.tserver.TabletServerAdminService.DeleteTablet from 127.24.119.2:51757 (request call id 186) took 1606ms. Request Metrics: {"tablet-delete.queue_time_us":1479033}
I0619 00:11:53.717752 25741 consensus_peers.cc:456] T 70b9c8c4af0945b69b5577e47b61c054 P c007a00e65ad41a79da1a0c1050c55b4 -> Peer 395763cf325d4ce19859830a7ad35c85 (127.24.119.3:39344): Closing peer: 395763cf325d4ce19859830a7ad35c85
I0619 00:11:53.717962 25741 consensus_peers.cc:456] T 70b9c8c4af0945b69b5577e47b61c054 P c007a00e65ad41a79da1a0c1050c55b4 -> Peer 10bda0b4856f4441b5aed24cdc4764a8 (127.24.119.2:38512): Closing peer: 10bda0b4856f4441b5aed24cdc4764a8
I0619 00:11:53.718425 25741 pending_rounds.cc:63] T 70b9c8c4af0945b69b5577e47b61c054 P c007a00e65ad41a79da1a0c1050c55b4: Trying to abort 1 pending transactions.
I0619 00:11:53.718349 25736 rpcz_store.cc:265] Call kudu.tserver.TabletServerAdminService.DeleteTablet from 127.24.119.2:51757 (request call id 189) took 1569ms. Request Metrics: {"tablet-delete.queue_time_us":1569019}
I0619 00:11:53.718912 25325 ts_tablet_manager.cc:1173] T f75b8a4f1fd845fbab6f83f59b7cfc58 P c007a00e65ad41a79da1a0c1050c55b4: Registered tablet (data state: TABLET_DATA_READY)
I0619 00:11:53.718750 25356 tablet_service.cc:995] Received RequestConsensusVote() RPC: tablet_id: "7c57c5ca55f24621b66197a3698504bd" candidate_uuid: "10bda0b4856f4441b5aed24cdc4764a8" candidate_term: 1 candidate_status { last_received { term: 0 index: 0 } } ignore_live_leader: false dest_uuid: "c007a00e65ad41a79da1a0c1050c55b4"
I0619 00:11:53.719625 25623 tablet_service.cc:995] Received RequestConsensusVote() RPC: tablet_id: "075076aaa16e4ea8a596a7a8c52f103e" candidate_uuid: "c007a00e65ad41a79da1a0c1050c55b4" candidate_term: 1 candidate_status { last_received { term: 0 index: 0 } } ignore_live_leader: false dest_uuid: "395763cf325d4ce19859830a7ad35c85" is_pre_election: true
I0619 00:11:53.719050 25736 rpcz_store.cc:265] Call kudu.tserver.TabletServerAdminService.DeleteTablet from 127.24.119.2:51757 (request call id 190) took 1566ms. Request Metrics: {"tablet-delete.queue_time_us":1565428}
I0619 00:11:53.720705 25623 raft_consensus.cc:2175] T 075076aaa16e4ea8a596a7a8c52f103e P 395763cf325d4ce19859830a7ad35c85 [term 1 FOLLOWER]: Leader pre-election vote request: Denying vote to candidate c007a00e65ad41a79da1a0c1050c55b4 in current term 1: Already voted for candidate 10bda0b4856f4441b5aed24cdc4764a8 in this term.
W0619 00:11:53.721812 25419 leader_election.cc:306] T 7c57c5ca55f24621b66197a3698504bd P 10bda0b4856f4441b5aed24cdc4764a8 [CANDIDATE]: Term 1 election: Tablet error from VoteRequest() call to peer c007a00e65ad41a79da1a0c1050c55b4 (127.24.119.1:32951): Illegal state: must be running to vote when last-logged opid is not known
I0619 00:11:53.721897 25290 leader_election.cc:393] T 075076aaa16e4ea8a596a7a8c52f103e P c007a00e65ad41a79da1a0c1050c55b4 [CANDIDATE]: Term 1 pre-election: Vote denied by peer 395763cf325d4ce19859830a7ad35c85 (127.24.119.3:39344). Message: Invalid argument: T 075076aaa16e4ea8a596a7a8c52f103e P 395763cf325d4ce19859830a7ad35c85 [term 1 FOLLOWER]: Leader pre-election vote request: Denying vote to candidate c007a00e65ad41a79da1a0c1050c55b4 in current term 1: Already voted for candidate 10bda0b4856f4441b5aed24cdc4764a8 in this term.
I0619 00:11:53.722235 25290 leader_election.cc:270] T 075076aaa16e4ea8a596a7a8c52f103e P c007a00e65ad41a79da1a0c1050c55b4 [CANDIDATE]: Term 1 pre-election: Election decided. Result: candidate lost.
I0619 00:11:53.718578 25741 pending_rounds.cc:68] T 70b9c8c4af0945b69b5577e47b61c054 P c007a00e65ad41a79da1a0c1050c55b4: Aborting transaction as it isn't in flight: id { term: 1 index: 1 } timestamp: 6264390912327331840 op_type: NO_OP noop_request { }
I0619 00:11:53.722923 25741 raft_consensus.cc:2622] T 70b9c8c4af0945b69b5577e47b61c054 P c007a00e65ad41a79da1a0c1050c55b4 [term 1 LEADER]: NO_OP replication failed: Aborted: Transaction aborted
I0619 00:11:53.723146 25741 raft_consensus.cc:2069] T 70b9c8c4af0945b69b5577e47b61c054 P c007a00e65ad41a79da1a0c1050c55b4 [term 1 FOLLOWER]: Raft consensus is shut down!
I0619 00:11:53.723503 25724 ts_tablet_manager.cc:1028] T d62715e230154e2abe126ef97feec7ce P 395763cf325d4ce19859830a7ad35c85: Bootstrapping tablet
I0619 00:11:53.723912 25724 tablet_bootstrap.cc:427] T d62715e230154e2abe126ef97feec7ce P 395763cf325d4ce19859830a7ad35c85: Bootstrap starting.
I0619 00:11:53.723799 25736 rpcz_store.cc:265] Call kudu.tserver.TabletServerAdminService.DeleteTablet from 127.24.119.2:51757 (request call id 191) took 1542ms. Request Metrics: {"tablet-delete.queue_time_us":1541234}
I0619 00:11:53.724305 25940 raft_consensus.cc:2732] T 075076aaa16e4ea8a596a7a8c52f103e P c007a00e65ad41a79da1a0c1050c55b4: Snoozing failure detection for 1.663s (election complete)
W0619 00:11:53.727943 25402 heartbeater.cc:587] Failed to heartbeat to 127.24.119.61:46325: Network error: Failed to ping master at 127.24.119.61:46325: Client connection negotiation failed: client connection to 127.24.119.61:46325: connect: Connection refused (error 111)
I0619 00:11:53.729373 25940 raft_consensus.cc:2784] T 075076aaa16e4ea8a596a7a8c52f103e P c007a00e65ad41a79da1a0c1050c55b4 [term 0 FOLLOWER]: Advancing to term 1
I0619 00:11:53.729796 25724 tablet_bootstrap.cc:578] T d62715e230154e2abe126ef97feec7ce P 395763cf325d4ce19859830a7ad35c85: No blocks or log segments found. Creating new log.
I0619 00:11:53.736587 25068 catalog_manager.cc:2891] Scheduling retry of cbd67634f5704165b5bb948501697f0c (table default.table_bd5ecdaeb9784fe696613bd457e08878 [id=2b0d752c696449e899310b57d8c7572e]) Alter Table RPC with a delay of 58 ms (attempt = 2)
W0619 00:11:53.736888 25068 catalog_manager.cc:2910] Async tablet task cbd67634f5704165b5bb948501697f0c (table default.table_bd5ecdaeb9784fe696613bd457e08878 [id=2b0d752c696449e899310b57d8c7572e]) Alter Table RPC failed: Not found: failed to reset TS proxy: No leader found: Tablet cbd67634f5704165b5bb948501697f0c has no consensus state
I0619 00:11:53.738812 25086 catalog_manager.cc:3663] Got report from deleted tablet a4c653a255984d3bac88df63362b9334 (table default.table_c771d75362c64504aed46e585f8fbdf3 [id=94bd8944b43d4eb19150de690e983915]) (Table deleted at 2018-06-19 00:11:51 PDT): Sending delete request for this tablet
I0619 00:11:53.739665 25086 catalog_manager.cc:3113] Sending DeleteTablet(TABLET_DATA_DELETED) for tablet a4c653a255984d3bac88df63362b9334 on 395763cf325d4ce19859830a7ad35c85 (127.24.119.3:39344) (Table deleted at 2018-06-19 00:11:51 PDT)
I0619 00:11:53.742039 25067 catalog_manager.cc:3113] Sending DeleteTablet(TABLET_DATA_DELETED) for tablet edfdedbd4eca4b62be24b1649f820d0e on c007a00e65ad41a79da1a0c1050c55b4 (127.24.119.1:32951) (Table deleted at 2018-06-19 00:11:52 PDT)
I0619 00:11:53.742801 25087 catalog_manager.cc:4025] T 00000000000000000000000000000000 P cb25d1bba5bf4c64914f300f122ec898: Sending DeleteTablet for 3 replicas of tablet f75b8a4f1fd845fbab6f83f59b7cfc58
I0619 00:11:53.743086 25087 catalog_manager.cc:3113] Sending DeleteTablet(TABLET_DATA_DELETED) for tablet f75b8a4f1fd845fbab6f83f59b7cfc58 on 10bda0b4856f4441b5aed24cdc4764a8 (127.24.119.2:38512) (Table deleted at 2018-06-19 00:11:53 PDT)
I0619 00:11:53.743444 25087 catalog_manager.cc:3113] Sending DeleteTablet(TABLET_DATA_DELETED) for tablet f75b8a4f1fd845fbab6f83f59b7cfc58 on c007a00e65ad41a79da1a0c1050c55b4 (127.24.119.1:32951) (Table deleted at 2018-06-19 00:11:53 PDT)
I0619 00:11:53.743877 25087 catalog_manager.cc:3113] Sending DeleteTablet(TABLET_DATA_DELETED) for tablet f75b8a4f1fd845fbab6f83f59b7cfc58 on 395763cf325d4ce19859830a7ad35c85 (127.24.119.3:39344) (Table deleted at 2018-06-19 00:11:53 PDT)
I0619 00:11:53.744503 25323 ts_tablet_manager.cc:1173] T 8e3a356933e749b9a4ade476ec30f475 P c007a00e65ad41a79da1a0c1050c55b4: Registered tablet (data state: TABLET_DATA_READY)
I0619 00:11:53.727501 25736 rpcz_store.cc:265] Call kudu.tserver.TabletServerAdminService.DeleteTablet from 127.24.119.2:51757 (request call id 192) took 1547ms. Request Metrics: {"tablet-delete.queue_time_us":1547208}
I0619 00:11:53.746253 25330 tablet_service.cc:800] Processing DeleteTablet for tablet f75b8a4f1fd845fbab6f83f59b7cfc58 with delete_type TABLET_DATA_DELETED (Table deleted at 2018-06-19 00:11:53 PDT) from {username='jenkins'} at 127.24.119.1:46159
I0619 00:11:53.754952 25071 catalog_manager.cc:2891] Scheduling retry of fc7686daae274e0dba87703fe6924805 (table default.table_1074470b12de48baa6a1264ad788d237 [id=7bf3a411e3384c2e83d8c19e21acef4d]) Alter Table RPC with a delay of 77 ms (attempt = 3)
W0619 00:11:53.755244 25071 catalog_manager.cc:2910] Async tablet task fc7686daae274e0dba87703fe6924805 (table default.table_1074470b12de48baa6a1264ad788d237 [id=7bf3a411e3384c2e83d8c19e21acef4d]) Alter Table RPC failed: Not found: failed to reset TS proxy: No leader found: Tablet fc7686daae274e0dba87703fe6924805 consensus state has no leader
I0619 00:11:53.755883 25071 catalog_manager.cc:3091] TS 395763cf325d4ce19859830a7ad35c85 (127.24.119.3:39344): tablet e3708e05f6054306b5bf7f1df2140e3d (table default.table_6ace57434b5243c7bd22bd60752a065d [id=47a2f8c4d1f748a69c2bb0416bdb87e4]) successfully deleted
W0619 00:11:53.756737 25402 heartbeater.cc:587] Failed to heartbeat to 127.24.119.61:46325: Network error: Failed to ping master at 127.24.119.61:46325: Client connection negotiation failed: client connection to 127.24.119.61:46325: connect: Connection refused (error 111)
I0619 00:11:53.756731 25080 master_service.cc:523] ReplaceTablet: received request to replace tablet 3537c79c30a1401e8a78b387f08eff58 from {username='jenkins'} at 127.24.119.62:54390
I0619 00:11:53.757130 25602 tablet_service.cc:800] Processing DeleteTablet for tablet a4c653a255984d3bac88df63362b9334 with delete_type TABLET_DATA_DELETED (Table deleted at 2018-06-19 00:11:51 PDT) from {username='jenkins'} at 127.24.119.3:34285
I0619 00:11:53.757388 25598 tablet_service.cc:800] Processing DeleteTablet for tablet f75b8a4f1fd845fbab6f83f59b7cfc58 with delete_type TABLET_DATA_DELETED (Table deleted at 2018-06-19 00:11:53 PDT) from {username='jenkins'} at 127.24.119.3:34285
I0619 00:11:53.709239 25730 raft_consensus.cc:2042] T 4a88e394b199431e8b794a1b1aec847f P 395763cf325d4ce19859830a7ad35c85 [term 0 FOLLOWER]: Raft consensus shutting down.
I0619 00:11:53.757625 25601 tablet_service.cc:759] Processing CreateTablet for tablet f75b8a4f1fd845fbab6f83f59b7cfc58 (table=default.table_fa53e172a2a34136a5a6efb8b5c39368 [id=779e902dec1a4701a176d545a35e9978]), partition=RANGE (key) PARTITION UNBOUNDED
I0619 00:11:53.758083 25600 tablet_service.cc:759] Processing CreateTablet for tablet 8e3a356933e749b9a4ade476ec30f475 (table=default.table_a822c7bace2a4cfd9c1c7f0a9c992551 [id=0d90b232db8e48ed9bfab0c59c6fbdba]), partition=RANGE (key) PARTITION UNBOUNDED
I0619 00:11:53.758252 25601 data_dirs.cc:934] Could only allocate 1 dirs of requested 3 for tablet f75b8a4f1fd845fbab6f83f59b7cfc58. 1 dirs total, 0 dirs full, 0 dirs failed
I0619 00:11:53.758664 25600 data_dirs.cc:934] Could only allocate 1 dirs of requested 3 for tablet 8e3a356933e749b9a4ade476ec30f475. 1 dirs total, 0 dirs full, 0 dirs failed
I0619 00:11:53.763022 25885 raft_consensus.cc:457] T a4c653a255984d3bac88df63362b9334 P 395763cf325d4ce19859830a7ad35c85 [term 0 FOLLOWER]: Starting pre-election (no leader contacted us within the election timeout)
I0619 00:11:53.763268 25885 raft_consensus.cc:2732] T a4c653a255984d3bac88df63362b9334 P 395763cf325d4ce19859830a7ad35c85: Snoozing failure detection for 1.538s (starting election)
I0619 00:11:53.763242 25325 tablet_service.cc:800] Processing DeleteTablet for tablet edfdedbd4eca4b62be24b1649f820d0e with delete_type TABLET_DATA_DELETED (Table deleted at 2018-06-19 00:11:52 PDT) from {username='jenkins'} at 127.24.119.1:46159
I0619 00:11:53.763737 25071 catalog_manager.cc:3091] TS 10bda0b4856f4441b5aed24cdc4764a8 (127.24.119.2:38512): tablet e3708e05f6054306b5bf7f1df2140e3d (table default.table_6ace57434b5243c7bd22bd60752a065d [id=47a2f8c4d1f748a69c2bb0416bdb87e4]) successfully deleted
I0619 00:11:53.763510 25885 raft_consensus.cc:479] T a4c653a255984d3bac88df63362b9334 P 395763cf325d4ce19859830a7ad35c85 [term 0 FOLLOWER]: Starting pre-election with config: opid_index: -1 OBSOLETE_local: false peers { permanent_uuid: "c007a00e65ad41a79da1a0c1050c55b4" member_type: VOTER last_known_addr { host: "127.24.119.1" port: 32951 } } peers { permanent_uuid: "10bda0b4856f4441b5aed24cdc4764a8" member_type: VOTER last_known_addr { host: "127.24.119.2" port: 38512 } } peers { permanent_uuid: "395763cf325d4ce19859830a7ad35c85" member_type: VOTER last_known_addr { host: "127.24.119.3" port: 39344 } }
W0619 00:11:53.764164 25071 catalog_manager.cc:3071] TS 395763cf325d4ce19859830a7ad35c85 (127.24.119.3:39344): delete failed for tablet 397ae10bb6d841b4ba561ec431d29864 because the tablet was not found. No further retry: Not found: Tablet not found: 397ae10bb6d841b4ba561ec431d29864
I0619 00:11:53.764534 25885 leader_election.cc:243] T a4c653a255984d3bac88df63362b9334 P 395763cf325d4ce19859830a7ad35c85 [CANDIDATE]: Term 1 pre-election: Requesting pre-vote from peer c007a00e65ad41a79da1a0c1050c55b4 (127.24.119.1:32951)
I0619 00:11:53.764813 25730 raft_consensus.cc:2069] T 4a88e394b199431e8b794a1b1aec847f P 395763cf325d4ce19859830a7ad35c85 [term 0 FOLLOWER]: Raft consensus is shut down!
I0619 00:11:53.764976 25885 leader_election.cc:243] T a4c653a255984d3bac88df63362b9334 P 395763cf325d4ce19859830a7ad35c85 [CANDIDATE]: Term 1 pre-election: Requesting pre-vote from peer 10bda0b4856f4441b5aed24cdc4764a8 (127.24.119.2:38512)
W0619 00:11:53.750535 25536 heartbeater.cc:587] Failed to heartbeat to 127.24.119.61:46325: Network error: Failed to ping master at 127.24.119.61:46325: Client connection negotiation failed: client connection to 127.24.119.61:46325: connect: Connection refused (error 111)
I0619 00:11:53.766518 25730 ts_tablet_manager.cc:1369] T 4a88e394b199431e8b794a1b1aec847f P 395763cf325d4ce19859830a7ad35c85: Deleting tablet data with delete state TABLET_DATA_DELETED
I0619 00:11:53.752701 25487 tablet_service.cc:995] Received RequestConsensusVote() RPC: tablet_id: "775f0b6b309c49278066a5e7cf623af2" candidate_uuid: "395763cf325d4ce19859830a7ad35c85" candidate_term: 1 candidate_status { last_received { term: 0 index: 0 } } ignore_live_leader: false dest_uuid: "10bda0b4856f4441b5aed24cdc4764a8" is_pre_election: true
W0619 00:11:53.753523 25423 consensus_peers.cc:434] T 397ae10bb6d841b4ba561ec431d29864 P 10bda0b4856f4441b5aed24cdc4764a8 -> Peer 395763cf325d4ce19859830a7ad35c85 (127.24.119.3:39344): Couldn't send request to peer 395763cf325d4ce19859830a7ad35c85 for tablet 397ae10bb6d841b4ba561ec431d29864. Error code: TABLET_NOT_FOUND (6). Status: Not found: Tablet not found: 397ae10bb6d841b4ba561ec431d29864. Retrying in the next heartbeat period. Already tried 1 times.
I0619 00:11:53.762142 25725 tablet_bootstrap.cc:427] T 4a88e394b199431e8b794a1b1aec847f P 10bda0b4856f4441b5aed24cdc4764a8: No bootstrap required, opened a new log
I0619 00:11:53.767781 25725 ts_tablet_manager.cc:1045] T 4a88e394b199431e8b794a1b1aec847f P 10bda0b4856f4441b5aed24cdc4764a8: Time spent bootstrapping tablet: real 0.097s user 0.005s sys 0.007s
I0619 00:11:53.767984 25601 ts_tablet_manager.cc:1173] T f75b8a4f1fd845fbab6f83f59b7cfc58 P 395763cf325d4ce19859830a7ad35c85: Registered tablet (data state: TABLET_DATA_READY)
I0619 00:11:53.767902 25354 tablet_service.cc:995] Received RequestConsensusVote() RPC: tablet_id: "a4c653a255984d3bac88df63362b9334" candidate_uuid: "395763cf325d4ce19859830a7ad35c85" candidate_term: 1 candidate_status { last_received { term: 0 index: 0 } } ignore_live_leader: false dest_uuid: "c007a00e65ad41a79da1a0c1050c55b4" is_pre_election: true
W0619 00:11:53.769384 25553 leader_election.cc:306] T a4c653a255984d3bac88df63362b9334 P 395763cf325d4ce19859830a7ad35c85 [CANDIDATE]: Term 1 pre-election: Tablet error from VoteRequest() call to peer c007a00e65ad41a79da1a0c1050c55b4 (127.24.119.1:32951): Illegal state: must be running to vote when last-logged opid is not known
