I0619 00:11:50.891480 25071 catalog_manager.cc:2891] Scheduling retry of a85577b0beba4276b963e5c360544bc7 Delete Tablet RPC for TS=395763cf325d4ce19859830a7ad35c85 with a delay of 64 ms (attempt = 3)
I0619 00:11:50.892609 25082 catalog_manager.cc:2136] Servicing AlterTable request from {username='jenkins'} at 127.24.119.62:54390: table { table_name: "default.table_6eabaa2225f44436880ea396f6bc6acd" } new_table_name: "default.table_fb89f806be98424aa43bd01b3f816a80" alter_external_catalogs: true
I0619 00:11:50.897400 25067 catalog_manager.cc:3113] Sending DeleteTablet(TABLET_DATA_DELETED) for tablet ac129ed44f68432f800420175aa0a630 on c007a00e65ad41a79da1a0c1050c55b4 (127.24.119.1:32951) (replaced by tablet 35acf55f35064c1491122a13ff9f5744)
I0619 00:11:50.899492 25727 tablet_bootstrap.cc:427] T ac129ed44f68432f800420175aa0a630 P c007a00e65ad41a79da1a0c1050c55b4: No bootstrap required, opened a new log
I0619 00:11:50.899864 25727 ts_tablet_manager.cc:1045] T ac129ed44f68432f800420175aa0a630 P c007a00e65ad41a79da1a0c1050c55b4: Time spent bootstrapping tablet: real 0.080s user 0.005s sys 0.002s
I0619 00:11:50.901808 25727 raft_consensus.cc:325] T ac129ed44f68432f800420175aa0a630 P c007a00e65ad41a79da1a0c1050c55b4 [term 0 FOLLOWER]: Replica starting. Triggering 0 pending transactions. Active config: opid_index: -1 OBSOLETE_local: false peers { permanent_uuid: "10bda0b4856f4441b5aed24cdc4764a8" member_type: VOTER last_known_addr { host: "127.24.119.2" port: 38512 } } peers { permanent_uuid: "c007a00e65ad41a79da1a0c1050c55b4" member_type: VOTER last_known_addr { host: "127.24.119.1" port: 32951 } } peers { permanent_uuid: "395763cf325d4ce19859830a7ad35c85" member_type: VOTER last_known_addr { host: "127.24.119.3" port: 39344 } }
I0619 00:11:50.902700 25727 raft_consensus.cc:351] T ac129ed44f68432f800420175aa0a630 P c007a00e65ad41a79da1a0c1050c55b4 [term 0 FOLLOWER]: Consensus starting up: Expiring failure detector timer to make a prompt election more likely
I0619 00:11:50.902984 25727 raft_consensus.cc:628] T ac129ed44f68432f800420175aa0a630 P c007a00e65ad41a79da1a0c1050c55b4 [term 0 FOLLOWER]: Becoming Follower/Learner. State: Replica: c007a00e65ad41a79da1a0c1050c55b4, State: Initialized, Role: FOLLOWER
I0619 00:11:50.903694 25727 consensus_queue.cc:227] T ac129ed44f68432f800420175aa0a630 P c007a00e65ad41a79da1a0c1050c55b4 [NON_LEADER]: Queue going to NON_LEADER mode. State: All replicated index: 0, Majority replicated index: 0, Committed index: 0, Last appended: 0.0, Last appended by leader: 0, Current term: 0, Majority size: -1, State: 0, Mode: NON_LEADER, active raft config: opid_index: -1 OBSOLETE_local: false peers { permanent_uuid: "10bda0b4856f4441b5aed24cdc4764a8" member_type: VOTER last_known_addr { host: "127.24.119.2" port: 38512 } } peers { permanent_uuid: "c007a00e65ad41a79da1a0c1050c55b4" member_type: VOTER last_known_addr { host: "127.24.119.1" port: 32951 } } peers { permanent_uuid: "395763cf325d4ce19859830a7ad35c85" member_type: VOTER last_known_addr { host: "127.24.119.3" port: 39344 } }
W0619 00:11:50.906276 25402 heartbeater.cc:587] Failed to heartbeat to 127.24.119.61:46325: Network error: Failed to ping master at 127.24.119.61:46325: Client connection negotiation failed: client connection to 127.24.119.61:46325: connect: Connection refused (error 111)
I0619 00:11:50.909489 25807 consensus_queue.cc:963] T fb8e94875a8347a0a473c95a77c38795 P c007a00e65ad41a79da1a0c1050c55b4 [LEADER]: Connected to new peer: Peer: permanent_uuid: "10bda0b4856f4441b5aed24cdc4764a8" member_type: VOTER last_known_addr { host: "127.24.119.2" port: 38512 }, Status: LMP_MISMATCH, Last received: 0.0, Next index: 1, Last known committed idx: 0, Time since last communication: 0.000s
I0619 00:11:50.911418 25083 catalog_manager.cc:3663] Got report from deleted tablet ac129ed44f68432f800420175aa0a630 (table default.table_e2e6deb5e5764586802390a904ba068f [id=76428d4b5c9a469998b9b5fe01c1d104]) (replaced by tablet 35acf55f35064c1491122a13ff9f5744): Sending delete request for this tablet
I0619 00:11:50.912070 25083 catalog_manager.cc:3113] Sending DeleteTablet(TABLET_DATA_DELETED) for tablet ac129ed44f68432f800420175aa0a630 on c007a00e65ad41a79da1a0c1050c55b4 (127.24.119.1:32951) (replaced by tablet 35acf55f35064c1491122a13ff9f5744)
I0619 00:11:50.913563 25727 ts_tablet_manager.cc:1073] T ac129ed44f68432f800420175aa0a630 P c007a00e65ad41a79da1a0c1050c55b4: Time spent starting tablet: real 0.013s user 0.004s sys 0.000s
I0619 00:11:50.913918 25067 catalog_manager.cc:3113] Sending DeleteTablet(TABLET_DATA_DELETED) for tablet 03522c48c50943b38cae5aa88562e583 on c007a00e65ad41a79da1a0c1050c55b4 (127.24.119.1:32951) (Table deleted at 2018-06-19 00:11:50 PDT)
I0619 00:11:50.914193 25727 ts_tablet_manager.cc:1028] T fc22ad98ed2e4e3eb2c62360626a6f87 P c007a00e65ad41a79da1a0c1050c55b4: Bootstrapping tablet
W0619 00:11:50.914336 25067 catalog_manager.cc:3083] TS c007a00e65ad41a79da1a0c1050c55b4 (127.24.119.1:32951): delete failed for tablet a85577b0beba4276b963e5c360544bc7 with error code TABLET_NOT_RUNNING: Already present: State transition of tablet a85577b0beba4276b963e5c360544bc7 already in progress: creating tablet
I0619 00:11:50.914556 25067 catalog_manager.cc:2891] Scheduling retry of a85577b0beba4276b963e5c360544bc7 Delete Tablet RPC for TS=c007a00e65ad41a79da1a0c1050c55b4 with a delay of 288 ms (attempt = 5)
I0619 00:11:50.914563 25325 tablet_service.cc:800] Processing DeleteTablet for tablet c18355df78d344839a56189c7549ab1f with delete_type TABLET_DATA_DELETED (replaced by tablet 7277051d52dd4be1a6dfa06488c98293) from {username='jenkins'} at 127.24.119.1:46159
W0619 00:11:50.915496 25402 heartbeater.cc:587] Failed to heartbeat to 127.24.119.61:46325: Network error: Failed to ping master at 127.24.119.61:46325: Client connection negotiation failed: client connection to 127.24.119.61:46325: connect: Connection refused (error 111)
W0619 00:11:50.916111 25290 leader_election.cc:306] T 89a7ff9cdbc046779799e4e8f71adb42 P c007a00e65ad41a79da1a0c1050c55b4 [CANDIDATE]: Term 1 pre-election: Tablet error from VoteRequest() call to peer 10bda0b4856f4441b5aed24cdc4764a8 (127.24.119.2:38512): Not found: Tablet not found: 89a7ff9cdbc046779799e4e8f71adb42
I0619 00:11:50.917995 25083 catalog_manager.cc:3663] Got report from deleted tablet ac129ed44f68432f800420175aa0a630 (table default.table_e2e6deb5e5764586802390a904ba068f [id=76428d4b5c9a469998b9b5fe01c1d104]) (replaced by tablet 35acf55f35064c1491122a13ff9f5744): Sending delete request for this tablet
I0619 00:11:50.918668 25083 catalog_manager.cc:3113] Sending DeleteTablet(TABLET_DATA_DELETED) for tablet ac129ed44f68432f800420175aa0a630 on c007a00e65ad41a79da1a0c1050c55b4 (127.24.119.1:32951) (replaced by tablet 35acf55f35064c1491122a13ff9f5744)
I0619 00:11:50.918779 25323 tablet_service.cc:800] Processing DeleteTablet for tablet 53688f0e4a604bc4a07dec9278a8dad6 with delete_type TABLET_DATA_DELETED (Table deleted at 2018-06-19 00:11:50 PDT) from {username='jenkins'} at 127.24.119.1:46159
I0619 00:11:50.918784 25462 tablet_service.cc:759] Processing CreateTablet for tablet 0474be659e5e4a4cbfc181b8c812b1eb (table=default.table_e248c37d574c4073ad57f7b09e7bf793 [id=ef686082956f4a898d38d2526484ec1b]), partition=RANGE (key) PARTITION UNBOUNDED
I0619 00:11:50.919384 25462 data_dirs.cc:934] Could only allocate 1 dirs of requested 3 for tablet 0474be659e5e4a4cbfc181b8c812b1eb. 1 dirs total, 0 dirs full, 0 dirs failed
W0619 00:11:50.923039 25071 catalog_manager.cc:3083] TS 395763cf325d4ce19859830a7ad35c85 (127.24.119.3:39344): delete failed for tablet c18355df78d344839a56189c7549ab1f with error code TABLET_NOT_RUNNING: Already present: State transition of tablet c18355df78d344839a56189c7549ab1f already in progress: creating tablet
I0619 00:11:50.923285 25071 catalog_manager.cc:2891] Scheduling retry of c18355df78d344839a56189c7549ab1f Delete Tablet RPC for TS=395763cf325d4ce19859830a7ad35c85 with a delay of 52 ms (attempt = 1)
I0619 00:11:50.924398 25071 catalog_manager.cc:3113] Sending DeleteTablet(TABLET_DATA_DELETED) for tablet cb57d196f0724247b6a7f9a34be8377a on 395763cf325d4ce19859830a7ad35c85 (127.24.119.3:39344) (Table deleted at 2018-06-19 00:11:49 PDT)
I0619 00:11:50.925753 25087 master_service.cc:523] ReplaceTablet: received request to replace tablet 292b164659e343158de8e7e3eeb9be31 from {username='jenkins'} at 127.24.119.62:54390
I0619 00:11:50.925879 25083 catalog_manager.cc:2136] Servicing AlterTable request from {username='jenkins'} at 127.24.119.62:54390: table { table_name: "default.table_0a0cd847ea574c2eb82ae9dfaf67e95f" } new_table_name: "default.table_c74748783ca3450eb3c5c3397e03d506" alter_external_catalogs: true
I0619 00:11:50.929460 25082 catalog_manager.cc:2891] Scheduling retry of 3722b203a516466489c74ef6013eacae (table default.table_fb89f806be98424aa43bd01b3f816a80 [id=a17737f9d2924cc09f372527fb91188b]) Alter Table RPC with a delay of 20 ms (attempt = 1)
W0619 00:11:50.929728 25082 catalog_manager.cc:3998] Failed to send alter table request: Not found: failed to reset TS proxy: No leader found: Tablet 3722b203a516466489c74ef6013eacae consensus state has no leader
I0619 00:11:50.930568 25080 catalog_manager.cc:4025] T 00000000000000000000000000000000 P cb25d1bba5bf4c64914f300f122ec898: Sending DeleteTablet for 3 replicas of tablet 72e28bc6b57442b782d8aa07e1152cf4
I0619 00:11:50.930884 25080 catalog_manager.cc:3113] Sending DeleteTablet(TABLET_DATA_DELETED) for tablet 72e28bc6b57442b782d8aa07e1152cf4 on c007a00e65ad41a79da1a0c1050c55b4 (127.24.119.1:32951) (replaced by tablet d62715e230154e2abe126ef97feec7ce)
I0619 00:11:50.931335 25080 catalog_manager.cc:3113] Sending DeleteTablet(TABLET_DATA_DELETED) for tablet 72e28bc6b57442b782d8aa07e1152cf4 on 10bda0b4856f4441b5aed24cdc4764a8 (127.24.119.2:38512) (replaced by tablet d62715e230154e2abe126ef97feec7ce)
I0619 00:11:50.932893 25080 catalog_manager.cc:3113] Sending DeleteTablet(TABLET_DATA_DELETED) for tablet 72e28bc6b57442b782d8aa07e1152cf4 on 395763cf325d4ce19859830a7ad35c85 (127.24.119.3:39344) (replaced by tablet d62715e230154e2abe126ef97feec7ce)
I0619 00:11:50.933229 25080 catalog_manager.cc:4596] ReplaceTablet: tablet 72e28bc6b57442b782d8aa07e1152cf4 deleted and replaced by tablet d62715e230154e2abe126ef97feec7ce
W0619 00:11:50.881829 25668 heartbeater.cc:587] Failed to heartbeat to 127.24.119.61:46325: Network error: Failed to ping master at 127.24.119.61:46325: Client connection negotiation failed: client connection to 127.24.119.61:46325: connect: Connection refused (error 111)
I0619 00:11:50.887977 25724 ts_tablet_manager.cc:1073] T 03522c48c50943b38cae5aa88562e583 P 395763cf325d4ce19859830a7ad35c85: Time spent starting tablet: real 0.059s user 0.004s sys 0.000s
I0619 00:11:50.892594 25603 tablet_service.cc:800] Processing DeleteTablet for tablet 03522c48c50943b38cae5aa88562e583 with delete_type TABLET_DATA_DELETED (Table deleted at 2018-06-19 00:11:50 PDT) from {username='jenkins'} at 127.24.119.3:34285
I0619 00:11:50.893085 25604 tablet_service.cc:800] Processing DeleteTablet for tablet a52cbcbe35374d518bca1e0fc24d88d4 with delete_type TABLET_DATA_DELETED (Table deleted at 2018-06-19 00:11:50 PDT) from {username='jenkins'} at 127.24.119.3:34285
I0619 00:11:50.894771 25602 tablet_service.cc:759] Processing CreateTablet for tablet a4c653a255984d3bac88df63362b9334 (table=default.table_c771d75362c64504aed46e585f8fbdf3 [id=94bd8944b43d4eb19150de690e983915]), partition=RANGE (key) PARTITION UNBOUNDED
I0619 00:11:50.895153 25599 tablet_service.cc:800] Processing DeleteTablet for tablet 03522c48c50943b38cae5aa88562e583 with delete_type TABLET_DATA_DELETED (Table deleted at 2018-06-19 00:11:50 PDT) from {username='jenkins'} at 127.24.119.3:34285
I0619 00:11:50.895869 25601 tablet_service.cc:800] Processing DeleteTablet for tablet 53688f0e4a604bc4a07dec9278a8dad6 with delete_type TABLET_DATA_DELETED (Table deleted at 2018-06-19 00:11:50 PDT) from {username='jenkins'} at 127.24.119.3:34285
I0619 00:11:50.897073 25811 raft_consensus.cc:457] T 03522c48c50943b38cae5aa88562e583 P 395763cf325d4ce19859830a7ad35c85 [term 0 FOLLOWER]: Starting pre-election (no leader contacted us within the election timeout)
I0619 00:11:50.914916 25727 tablet_bootstrap.cc:427] T fc22ad98ed2e4e3eb2c62360626a6f87 P c007a00e65ad41a79da1a0c1050c55b4: Bootstrap starting.
I0619 00:11:50.941205 25811 raft_consensus.cc:2732] T 03522c48c50943b38cae5aa88562e583 P 395763cf325d4ce19859830a7ad35c85: Snoozing failure detection for 1.658s (starting election)
I0619 00:11:50.930393 25598 tablet_service.cc:759] Processing CreateTablet for tablet 3e7724f967ae41d7b523055d1a4f58db (table=default.table_2e9154601fc34c21a4a6c3e101a644dc [id=6a6f8955a630493cba4ab20b54d5b27f]), partition=RANGE (key) PARTITION UNBOUNDED
I0619 00:11:50.941469 25811 raft_consensus.cc:479] T 03522c48c50943b38cae5aa88562e583 P 395763cf325d4ce19859830a7ad35c85 [term 0 FOLLOWER]: Starting pre-election with config: opid_index: -1 OBSOLETE_local: false peers { permanent_uuid: "10bda0b4856f4441b5aed24cdc4764a8" member_type: VOTER last_known_addr { host: "127.24.119.2" port: 38512 } } peers { permanent_uuid: "c007a00e65ad41a79da1a0c1050c55b4" member_type: VOTER last_known_addr { host: "127.24.119.1" port: 32951 } } peers { permanent_uuid: "395763cf325d4ce19859830a7ad35c85" member_type: VOTER last_known_addr { host: "127.24.119.3" port: 39344 } }
I0619 00:11:50.942473 25811 leader_election.cc:243] T 03522c48c50943b38cae5aa88562e583 P 395763cf325d4ce19859830a7ad35c85 [CANDIDATE]: Term 1 pre-election: Requesting pre-vote from peer 10bda0b4856f4441b5aed24cdc4764a8 (127.24.119.2:38512)
I0619 00:11:50.942895 25811 leader_election.cc:243] T 03522c48c50943b38cae5aa88562e583 P 395763cf325d4ce19859830a7ad35c85 [CANDIDATE]: Term 1 pre-election: Requesting pre-vote from peer c007a00e65ad41a79da1a0c1050c55b4 (127.24.119.1:32951)
I0619 00:11:50.943882 25068 catalog_manager.cc:2891] Scheduling retry of ee4c4769f75141f9b2ef864ab8a8d9e0 (table default.table_4c17e965f551446d965e5fa1499cad9a [id=e2a7900f428948bab0aefd132d8874d4]) Alter Table RPC with a delay of 264 ms (attempt = 5)
W0619 00:11:50.944128 25068 catalog_manager.cc:2910] Async tablet task ee4c4769f75141f9b2ef864ab8a8d9e0 (table default.table_4c17e965f551446d965e5fa1499cad9a [id=e2a7900f428948bab0aefd132d8874d4]) Alter Table RPC failed: Not found: failed to reset TS proxy: No leader found: Tablet ee4c4769f75141f9b2ef864ab8a8d9e0 consensus state has no leader
I0619 00:11:50.898092 25600 ts_tablet_manager.cc:1173] T 0474be659e5e4a4cbfc181b8c812b1eb P 395763cf325d4ce19859830a7ad35c85: Registered tablet (data state: TABLET_DATA_READY)
I0619 00:11:50.944631 25724 ts_tablet_manager.cc:1028] T acc89522b693498c987ca5d8ef8275ea P 395763cf325d4ce19859830a7ad35c85: Bootstrapping tablet
I0619 00:11:50.944979 25724 tablet_bootstrap.cc:427] T acc89522b693498c987ca5d8ef8275ea P 395763cf325d4ce19859830a7ad35c85: Bootstrap starting.
I0619 00:11:50.945403 25602 data_dirs.cc:934] Could only allocate 1 dirs of requested 3 for tablet a4c653a255984d3bac88df63362b9334. 1 dirs total, 0 dirs full, 0 dirs failed
I0619 00:11:50.947175 25724 tablet_bootstrap.cc:578] T acc89522b693498c987ca5d8ef8275ea P 395763cf325d4ce19859830a7ad35c85: No blocks or log segments found. Creating new log.
I0619 00:11:50.948267 25598 data_dirs.cc:934] Could only allocate 1 dirs of requested 3 for tablet 3e7724f967ae41d7b523055d1a4f58db. 1 dirs total, 0 dirs full, 0 dirs failed
I0619 00:11:50.948917 25356 tablet_service.cc:995] Received RequestConsensusVote() RPC: tablet_id: "03522c48c50943b38cae5aa88562e583" candidate_uuid: "395763cf325d4ce19859830a7ad35c85" candidate_term: 1 candidate_status { last_received { term: 0 index: 0 } } ignore_live_leader: false dest_uuid: "c007a00e65ad41a79da1a0c1050c55b4" is_pre_election: true
W0619 00:11:50.950706 25553 leader_election.cc:306] T 03522c48c50943b38cae5aa88562e583 P 395763cf325d4ce19859830a7ad35c85 [CANDIDATE]: Term 1 pre-election: Tablet error from VoteRequest() call to peer c007a00e65ad41a79da1a0c1050c55b4 (127.24.119.1:32951): Illegal state: must be running to vote when last-logged opid is not known
I0619 00:11:50.951560 25463 tablet_service.cc:800] Processing DeleteTablet for tablet 53688f0e4a604bc4a07dec9278a8dad6 with delete_type TABLET_DATA_DELETED (Table deleted at 2018-06-19 00:11:50 PDT) from {username='jenkins'} at 127.24.119.2:51757
W0619 00:11:50.952091 25536 heartbeater.cc:587] Failed to heartbeat to 127.24.119.61:46325: Network error: Failed to ping master at 127.24.119.61:46325: Client connection negotiation failed: client connection to 127.24.119.61:46325: connect: Connection refused (error 111)
W0619 00:11:50.953325 25668 heartbeater.cc:587] Failed to heartbeat to 127.24.119.61:46325: Network error: Failed to ping master at 127.24.119.61:46325: Client connection negotiation failed: client connection to 127.24.119.61:46325: connect: Connection refused (error 111)
I0619 00:11:50.957314 25071 catalog_manager.cc:3113] Sending DeleteTablet(TABLET_DATA_DELETED) for tablet a85577b0beba4276b963e5c360544bc7 on 395763cf325d4ce19859830a7ad35c85 (127.24.119.3:39344) (Table deleted at 2018-06-19 00:11:49 PDT)
I0619 00:11:50.957558 25602 ts_tablet_manager.cc:1173] T a4c653a255984d3bac88df63362b9334 P 395763cf325d4ce19859830a7ad35c85: Registered tablet (data state: TABLET_DATA_READY)
I0619 00:11:50.957669 25600 tablet_service.cc:800] Processing DeleteTablet for tablet cb57d196f0724247b6a7f9a34be8377a with delete_type TABLET_DATA_DELETED (Table deleted at 2018-06-19 00:11:49 PDT) from {username='jenkins'} at 127.24.119.3:34285
I0619 00:11:50.957644 25067 catalog_manager.cc:3113] Sending DeleteTablet(TABLET_DATA_DELETED) for tablet 397ae10bb6d841b4ba561ec431d29864 on c007a00e65ad41a79da1a0c1050c55b4 (127.24.119.1:32951) (Table deleted at 2018-06-19 00:11:50 PDT)
W0619 00:11:50.961771 25558 leader_election.cc:306] T 35acf55f35064c1491122a13ff9f5744 P 395763cf325d4ce19859830a7ad35c85 [CANDIDATE]: Term 1 pre-election: Tablet error from VoteRequest() call to peer 10bda0b4856f4441b5aed24cdc4764a8 (127.24.119.2:38512): Illegal state: must be running to vote when last-logged opid is not known
I0619 00:11:50.962024 25558 leader_election.cc:270] T 35acf55f35064c1491122a13ff9f5744 P 395763cf325d4ce19859830a7ad35c85 [CANDIDATE]: Term 1 pre-election: Election decided. Result: candidate lost.
I0619 00:11:50.961989 25068 catalog_manager.cc:2891] Scheduling retry of 3722b203a516466489c74ef6013eacae (table default.table_fb89f806be98424aa43bd01b3f816a80 [id=a17737f9d2924cc09f372527fb91188b]) Alter Table RPC with a delay of 38 ms (attempt = 2)
W0619 00:11:50.962246 25068 catalog_manager.cc:2910] Async tablet task 3722b203a516466489c74ef6013eacae (table default.table_fb89f806be98424aa43bd01b3f816a80 [id=a17737f9d2924cc09f372527fb91188b]) Alter Table RPC failed: Not found: failed to reset TS proxy: No leader found: Tablet 3722b203a516466489c74ef6013eacae consensus state has no leader
I0619 00:11:50.962774 25736 ts_tablet_manager.cc:1382] T 1d10fb4561924e2e8d53c7a0b22a426e P 10bda0b4856f4441b5aed24cdc4764a8: tablet deleted with delete type TABLET_DATA_DELETED: last-logged OpId 0.0
I0619 00:11:50.963001 25811 raft_consensus.cc:2732] T 35acf55f35064c1491122a13ff9f5744 P 395763cf325d4ce19859830a7ad35c85: Snoozing failure detection for 1.943s (election complete)
I0619 00:11:50.963225 25811 raft_consensus.cc:2487] T 35acf55f35064c1491122a13ff9f5744 P 395763cf325d4ce19859830a7ad35c85 [term 0 FOLLOWER]: Leader pre-election lost for term 1. Reason: could not achieve majority
W0619 00:11:50.958200 25071 catalog_manager.cc:3083] TS 395763cf325d4ce19859830a7ad35c85 (127.24.119.3:39344): delete failed for tablet f372b9fb174844eca1662c62039a3c71 with error code TABLET_NOT_RUNNING: Already present: State transition of tablet f372b9fb174844eca1662c62039a3c71 already in progress: creating tablet
I0619 00:11:50.965713 25727 tablet_bootstrap.cc:578] T fc22ad98ed2e4e3eb2c62360626a6f87 P c007a00e65ad41a79da1a0c1050c55b4: No blocks or log segments found. Creating new log.
I0619 00:11:50.969760 25323 tablet_service.cc:800] Processing DeleteTablet for tablet 4c0614e9ed96420886243a6868f2e75e with delete_type TABLET_DATA_DELETED (Table deleted at 2018-06-19 00:11:49 PDT) from {username='jenkins'} at 127.24.119.1:46159
I0619 00:11:50.970542 25598 ts_tablet_manager.cc:1173] T 3e7724f967ae41d7b523055d1a4f58db P 395763cf325d4ce19859830a7ad35c85: Registered tablet (data state: TABLET_DATA_READY)
I0619 00:11:50.976119 25325 tablet_service.cc:800] Processing DeleteTablet for tablet 89a7ff9cdbc046779799e4e8f71adb42 with delete_type TABLET_DATA_DELETED (Table deleted at 2018-06-19 00:11:48 PDT) from {username='jenkins'} at 127.24.119.1:46159
I0619 00:11:50.976546 25741 tablet_replica.cc:261] T 89a7ff9cdbc046779799e4e8f71adb42 P c007a00e65ad41a79da1a0c1050c55b4: stopping tablet replica
I0619 00:11:50.976794 25741 maintenance_manager.cc:237] P c007a00e65ad41a79da1a0c1050c55b4: Unregistered op CompactRowSetsOp(89a7ff9cdbc046779799e4e8f71adb42)
I0619 00:11:50.976778 25724 tablet_bootstrap.cc:427] T acc89522b693498c987ca5d8ef8275ea P 395763cf325d4ce19859830a7ad35c85: No bootstrap required, opened a new log
I0619 00:11:50.976984 25741 maintenance_manager.cc:237] P c007a00e65ad41a79da1a0c1050c55b4: Unregistered op MinorDeltaCompactionOp(89a7ff9cdbc046779799e4e8f71adb42)
I0619 00:11:50.977159 25741 maintenance_manager.cc:237] P c007a00e65ad41a79da1a0c1050c55b4: Unregistered op MajorDeltaCompactionOp(89a7ff9cdbc046779799e4e8f71adb42)
I0619 00:11:50.977174 25724 ts_tablet_manager.cc:1045] T acc89522b693498c987ca5d8ef8275ea P 395763cf325d4ce19859830a7ad35c85: Time spent bootstrapping tablet: real 0.032s user 0.005s sys 0.003s
I0619 00:11:50.977335 25741 maintenance_manager.cc:237] P c007a00e65ad41a79da1a0c1050c55b4: Unregistered op UndoDeltaBlockGCOp(89a7ff9cdbc046779799e4e8f71adb42)
I0619 00:11:50.977532 25741 maintenance_manager.cc:237] P c007a00e65ad41a79da1a0c1050c55b4: Unregistered op FlushMRSOp(89a7ff9cdbc046779799e4e8f71adb42)
I0619 00:11:50.977728 25741 maintenance_manager.cc:237] P c007a00e65ad41a79da1a0c1050c55b4: Unregistered op FlushDeltaMemStoresOp(89a7ff9cdbc046779799e4e8f71adb42)
I0619 00:11:50.977891 25741 maintenance_manager.cc:237] P c007a00e65ad41a79da1a0c1050c55b4: Unregistered op LogGCOp(89a7ff9cdbc046779799e4e8f71adb42)
I0619 00:11:50.978044 25741 raft_consensus.cc:2042] T 89a7ff9cdbc046779799e4e8f71adb42 P c007a00e65ad41a79da1a0c1050c55b4 [term 0 FOLLOWER]: Raft consensus shutting down.
I0619 00:11:50.978284 25741 raft_consensus.cc:2069] T 89a7ff9cdbc046779799e4e8f71adb42 P c007a00e65ad41a79da1a0c1050c55b4 [term 0 FOLLOWER]: Raft consensus is shut down!
I0619 00:11:50.978752 25724 raft_consensus.cc:325] T acc89522b693498c987ca5d8ef8275ea P 395763cf325d4ce19859830a7ad35c85 [term 0 FOLLOWER]: Replica starting. Triggering 0 pending transactions. Active config: opid_index: -1 OBSOLETE_local: false peers { permanent_uuid: "c007a00e65ad41a79da1a0c1050c55b4" member_type: VOTER last_known_addr { host: "127.24.119.1" port: 32951 } } peers { permanent_uuid: "10bda0b4856f4441b5aed24cdc4764a8" member_type: VOTER last_known_addr { host: "127.24.119.2" port: 38512 } } peers { permanent_uuid: "395763cf325d4ce19859830a7ad35c85" member_type: VOTER last_known_addr { host: "127.24.119.3" port: 39344 } }
I0619 00:11:50.979357 25724 raft_consensus.cc:351] T acc89522b693498c987ca5d8ef8275ea P 395763cf325d4ce19859830a7ad35c85 [term 0 FOLLOWER]: Consensus starting up: Expiring failure detector timer to make a prompt election more likely
I0619 00:11:50.979568 25724 raft_consensus.cc:628] T acc89522b693498c987ca5d8ef8275ea P 395763cf325d4ce19859830a7ad35c85 [term 0 FOLLOWER]: Becoming Follower/Learner. State: Replica: 395763cf325d4ce19859830a7ad35c85, State: Initialized, Role: FOLLOWER
I0619 00:11:50.979944 25741 ts_tablet_manager.cc:1369] T 89a7ff9cdbc046779799e4e8f71adb42 P c007a00e65ad41a79da1a0c1050c55b4: Deleting tablet data with delete state TABLET_DATA_DELETED
I0619 00:11:50.980147 25724 consensus_queue.cc:227] T acc89522b693498c987ca5d8ef8275ea P 395763cf325d4ce19859830a7ad35c85 [NON_LEADER]: Queue going to NON_LEADER mode. State: All replicated index: 0, Majority replicated index: 0, Committed index: 0, Last appended: 0.0, Last appended by leader: 0, Current term: 0, Majority size: -1, State: 0, Mode: NON_LEADER, active raft config: opid_index: -1 OBSOLETE_local: false peers { permanent_uuid: "c007a00e65ad41a79da1a0c1050c55b4" member_type: VOTER last_known_addr { host: "127.24.119.1" port: 32951 } } peers { permanent_uuid: "10bda0b4856f4441b5aed24cdc4764a8" member_type: VOTER last_known_addr { host: "127.24.119.2" port: 38512 } } peers { permanent_uuid: "395763cf325d4ce19859830a7ad35c85" member_type: VOTER last_known_addr { host: "127.24.119.3" port: 39344 } }
W0619 00:11:50.982730 25668 heartbeater.cc:587] Failed to heartbeat to 127.24.119.61:46325: Network error: Failed to ping master at 127.24.119.61:46325: Client connection negotiation failed: client connection to 127.24.119.61:46325: connect: Connection refused (error 111)
W0619 00:11:50.984460 25668 heartbeater.cc:587] Failed to heartbeat to 127.24.119.61:46325: Network error: Failed to ping master at 127.24.119.61:46325: Client connection negotiation failed: client connection to 127.24.119.61:46325: connect: Connection refused (error 111)
I0619 00:11:50.984599 25736 log.cc:986] T 1d10fb4561924e2e8d53c7a0b22a426e P 10bda0b4856f4441b5aed24cdc4764a8: Deleting WAL directory at /data/somelongdirectorytoavoidrpathissues/src/kudutest/master-stress-test.0.HmsConfigurations_MasterStressTest.Test_0.1529392303277196-25052/minicluster-data/ts-1/wal/wals/1d10fb4561924e2e8d53c7a0b22a426e
I0619 00:11:50.985114 25736 ts_tablet_manager.cc:1403] T 1d10fb4561924e2e8d53c7a0b22a426e P 10bda0b4856f4441b5aed24cdc4764a8: Deleting consensus metadata
I0619 00:11:50.960145 25470 ts_tablet_manager.cc:1173] T 7277051d52dd4be1a6dfa06488c98293 P 10bda0b4856f4441b5aed24cdc4764a8: Registered tablet (data state: TABLET_DATA_READY)
I0619 00:11:50.985553 25724 ts_tablet_manager.cc:1073] T acc89522b693498c987ca5d8ef8275ea P 395763cf325d4ce19859830a7ad35c85: Time spent starting tablet: real 0.008s user 0.003s sys 0.000s
I0619 00:11:50.967233 25067 catalog_manager.cc:3113] Sending DeleteTablet(TABLET_DATA_DELETED) for tablet f372b9fb174844eca1662c62039a3c71 on c007a00e65ad41a79da1a0c1050c55b4 (127.24.119.1:32951) (replaced by tablet 30a9d9fda8d34caeb8242c372439321b)
I0619 00:11:50.985949 25356 raft_consensus.cc:1081] T 72e28bc6b57442b782d8aa07e1152cf4 P c007a00e65ad41a79da1a0c1050c55b4 [term 1 FOLLOWER]: Refusing update from remote peer 10bda0b4856f4441b5aed24cdc4764a8: Log matching property violated. Preceding OpId in replica: term: 0 index: 0. Preceding OpId from leader: term: 1 index: 2. (index mismatch)
I0619 00:11:50.986065 25071 catalog_manager.cc:2891] Scheduling retry of f372b9fb174844eca1662c62039a3c71 Delete Tablet RPC for TS=395763cf325d4ce19859830a7ad35c85 with a delay of 91 ms (attempt = 3)
I0619 00:11:50.986321 25067 catalog_manager.cc:3113] Sending DeleteTablet(TABLET_DATA_DELETED) for tablet fc22ad98ed2e4e3eb2c62360626a6f87 on c007a00e65ad41a79da1a0c1050c55b4 (127.24.119.1:32951) (Table deleted at 2018-06-19 00:11:49 PDT)
I0619 00:11:50.985952 25724 ts_tablet_manager.cc:1028] T cb57d196f0724247b6a7f9a34be8377a P 395763cf325d4ce19859830a7ad35c85: Bootstrapping tablet
I0619 00:11:50.987490 25724 tablet_bootstrap.cc:427] T cb57d196f0724247b6a7f9a34be8377a P 395763cf325d4ce19859830a7ad35c85: Bootstrap starting.
I0619 00:11:50.987434 25775 consensus_queue.cc:963] T 72e28bc6b57442b782d8aa07e1152cf4 P 10bda0b4856f4441b5aed24cdc4764a8 [LEADER]: Connected to new peer: Peer: permanent_uuid: "c007a00e65ad41a79da1a0c1050c55b4" member_type: VOTER last_known_addr { host: "127.24.119.1" port: 32951 }, Status: LMP_MISMATCH, Last received: 0.0, Next index: 1, Last known committed idx: 0, Time since last communication: 0.000s
I0619 00:11:50.989199 25775 raft_consensus.cc:457] T 36f5eec972454080b7b434b4df7e62e3 P 10bda0b4856f4441b5aed24cdc4764a8 [term 0 FOLLOWER]: Starting pre-election (no leader contacted us within the election timeout)
I0619 00:11:50.989439 25775 raft_consensus.cc:2732] T 36f5eec972454080b7b434b4df7e62e3 P 10bda0b4856f4441b5aed24cdc4764a8: Snoozing failure detection for 2.125s (starting election)
I0619 00:11:50.989722 25775 raft_consensus.cc:479] T 36f5eec972454080b7b434b4df7e62e3 P 10bda0b4856f4441b5aed24cdc4764a8 [term 0 FOLLOWER]: Starting pre-election with config: opid_index: -1 OBSOLETE_local: false peers { permanent_uuid: "c007a00e65ad41a79da1a0c1050c55b4" member_type: VOTER last_known_addr { host: "127.24.119.1" port: 32951 } } peers { permanent_uuid: "10bda0b4856f4441b5aed24cdc4764a8" member_type: VOTER last_known_addr { host: "127.24.119.2" port: 38512 } } peers { permanent_uuid: "395763cf325d4ce19859830a7ad35c85" member_type: VOTER last_known_addr { host: "127.24.119.3" port: 39344 } }
I0619 00:11:50.990753 25775 leader_election.cc:243] T 36f5eec972454080b7b434b4df7e62e3 P 10bda0b4856f4441b5aed24cdc4764a8 [CANDIDATE]: Term 1 pre-election: Requesting pre-vote from peer c007a00e65ad41a79da1a0c1050c55b4 (127.24.119.1:32951)
I0619 00:11:50.991281 25775 leader_election.cc:243] T 36f5eec972454080b7b434b4df7e62e3 P 10bda0b4856f4441b5aed24cdc4764a8 [CANDIDATE]: Term 1 pre-election: Requesting pre-vote from peer 395763cf325d4ce19859830a7ad35c85 (127.24.119.3:39344)
I0619 00:11:50.992810 25354 tablet_service.cc:995] Received RequestConsensusVote() RPC: tablet_id: "36f5eec972454080b7b434b4df7e62e3" candidate_uuid: "10bda0b4856f4441b5aed24cdc4764a8" candidate_term: 1 candidate_status { last_received { term: 0 index: 0 } } ignore_live_leader: false dest_uuid: "c007a00e65ad41a79da1a0c1050c55b4" is_pre_election: true
I0619 00:11:50.994765 25083 catalog_manager.cc:2891] Scheduling retry of 075076aaa16e4ea8a596a7a8c52f103e (table default.table_c74748783ca3450eb3c5c3397e03d506 [id=040c5029d5054cc48c9f066058cb6a45]) Alter Table RPC with a delay of 26 ms (attempt = 1)
W0619 00:11:50.995049 25083 catalog_manager.cc:3998] Failed to send alter table request: Not found: failed to reset TS proxy: No leader found: Tablet 075076aaa16e4ea8a596a7a8c52f103e consensus state has no leader
W0619 00:11:50.995033 25419 leader_election.cc:306] T 36f5eec972454080b7b434b4df7e62e3 P 10bda0b4856f4441b5aed24cdc4764a8 [CANDIDATE]: Term 1 pre-election: Tablet error from VoteRequest() call to peer c007a00e65ad41a79da1a0c1050c55b4 (127.24.119.1:32951): Illegal state: must be running to vote when last-logged opid is not known
I0619 00:11:50.995522 25470 tablet_service.cc:800] Processing DeleteTablet for tablet 292b164659e343158de8e7e3eeb9be31 with delete_type TABLET_DATA_DELETED (replaced by tablet ee4c4769f75141f9b2ef864ab8a8d9e0) from {username='jenkins'} at 127.24.119.2:51757
W0619 00:11:50.998987 25067 catalog_manager.cc:3083] TS c007a00e65ad41a79da1a0c1050c55b4 (127.24.119.1:32951): delete failed for tablet c18355df78d344839a56189c7549ab1f with error code TABLET_NOT_RUNNING: Already present: State transition of tablet c18355df78d344839a56189c7549ab1f already in progress: creating tablet
I0619 00:11:50.999222 25067 catalog_manager.cc:2891] Scheduling retry of c18355df78d344839a56189c7549ab1f Delete Tablet RPC for TS=c007a00e65ad41a79da1a0c1050c55b4 with a delay of 95 ms (attempt = 3)
W0619 00:11:50.999650 25067 catalog_manager.cc:3083] TS c007a00e65ad41a79da1a0c1050c55b4 (127.24.119.1:32951): delete failed for tablet 53688f0e4a604bc4a07dec9278a8dad6 with error code TABLET_NOT_RUNNING: Already present: State transition of tablet 53688f0e4a604bc4a07dec9278a8dad6 already in progress: creating tablet
I0619 00:11:50.999851 25067 catalog_manager.cc:2891] Scheduling retry of 53688f0e4a604bc4a07dec9278a8dad6 Delete Tablet RPC for TS=c007a00e65ad41a79da1a0c1050c55b4 with a delay of 35 ms (attempt = 1)
I0619 00:11:50.986382 25071 catalog_manager.cc:3091] TS 10bda0b4856f4441b5aed24cdc4764a8 (127.24.119.2:38512): tablet 60dfd91c98d94bfbbc6416268c65c378 (table default.table_041edc89d445491abcd8368e840c196f [id=e5be765de16c4735a50c3acb4a261add]) successfully deleted
I0619 00:11:51.001572 25068 catalog_manager.cc:2891] Scheduling retry of 3722b203a516466489c74ef6013eacae (table default.table_fb89f806be98424aa43bd01b3f816a80 [id=a17737f9d2924cc09f372527fb91188b]) Alter Table RPC with a delay of 92 ms (attempt = 3)
W0619 00:11:51.001862 25068 catalog_manager.cc:2910] Async tablet task 3722b203a516466489c74ef6013eacae (table default.table_fb89f806be98424aa43bd01b3f816a80 [id=a17737f9d2924cc09f372527fb91188b]) Alter Table RPC failed: Not found: failed to reset TS proxy: No leader found: Tablet 3722b203a516466489c74ef6013eacae consensus state has no leader
I0619 00:11:51.002276 25071 catalog_manager.cc:3113] Sending DeleteTablet(TABLET_DATA_DELETED) for tablet c18355df78d344839a56189c7549ab1f on 395763cf325d4ce19859830a7ad35c85 (127.24.119.3:39344) (replaced by tablet 7277051d52dd4be1a6dfa06488c98293)
I0619 00:11:51.003311 25083 catalog_manager.cc:3881] TS 395763cf325d4ce19859830a7ad35c85 (127.24.119.3:39344) does not have the latest schema for tablet fb8e94875a8347a0a473c95a77c38795 (table default.table_84d38522d00a488c82a136b79665c4cd [id=41f48f0e1f87464eb43c5bf2a36f70ef]). Expected version 2 got 0
I0619 00:11:51.003151 25080 catalog_manager.cc:1339] Servicing CreateTable request from {username='jenkins'} at 127.24.119.62:54390: name: "default.table_b1931959ceee4a6caa4a431f2c8234ba" schema { columns { name: "key" type: INT32 is_key: true is_nullable: false encoding: AUTO_ENCODING compression: DEFAULT_COMPRESSION cfile_block_size: 0 } } split_rows_range_bounds { } partition_schema { range_schema { columns { name: "key" } } }
W0619 00:11:51.004050 25080 catalog_manager.cc:1488] The number of live tablet servers is not enough to re-replicate a tablet replica of the newly created table default.table_b1931959ceee4a6caa4a431f2c8234ba in case of a replica failure: 4 tablet servers are needed, 3 are alive. Consider bringing up additional tablet server(s) or running both the masters and all tablet servers with --raft_prepare_replacement_before_eviction=false flag (not recommended).
I0619 00:11:51.008430 25741 ts_tablet_manager.cc:1382] T 89a7ff9cdbc046779799e4e8f71adb42 P c007a00e65ad41a79da1a0c1050c55b4: tablet deleted with delete type TABLET_DATA_DELETED: last-logged OpId 0.0
I0619 00:11:51.008728 25741 log.cc:986] T 89a7ff9cdbc046779799e4e8f71adb42 P c007a00e65ad41a79da1a0c1050c55b4: Deleting WAL directory at /data/somelongdirectorytoavoidrpathissues/src/kudutest/master-stress-test.0.HmsConfigurations_MasterStressTest.Test_0.1529392303277196-25052/minicluster-data/ts-0/wal/wals/89a7ff9cdbc046779799e4e8f71adb42
I0619 00:11:51.010669 25622 raft_consensus.cc:1081] T 72e28bc6b57442b782d8aa07e1152cf4 P 395763cf325d4ce19859830a7ad35c85 [term 1 FOLLOWER]: Refusing update from remote peer 10bda0b4856f4441b5aed24cdc4764a8: Log matching property violated. Preceding OpId in replica: term: 0 index: 0. Preceding OpId from leader: term: 1 index: 2. (index mismatch)
I0619 00:11:51.010989 25470 tablet_service.cc:800] Processing DeleteTablet for tablet 3b80a302aacb418091aee54ab4be7249 with delete_type TABLET_DATA_DELETED (replaced by tablet acc89522b693498c987ca5d8ef8275ea) from {username='jenkins'} at 127.24.119.2:51757
I0619 00:11:51.010879 25624 tablet_service.cc:995] Received RequestConsensusVote() RPC: tablet_id: "36f5eec972454080b7b434b4df7e62e3" candidate_uuid: "10bda0b4856f4441b5aed24cdc4764a8" candidate_term: 1 candidate_status { last_received { term: 0 index: 0 } } ignore_live_leader: false dest_uuid: "395763cf325d4ce19859830a7ad35c85" is_pre_election: true
I0619 00:11:51.011330 25624 raft_consensus.cc:2732] T 36f5eec972454080b7b434b4df7e62e3 P 395763cf325d4ce19859830a7ad35c85: Snoozing failure detection for 3.053s (vote granted)
I0619 00:11:51.011541 25624 raft_consensus.cc:2245] T 36f5eec972454080b7b434b4df7e62e3 P 395763cf325d4ce19859830a7ad35c85 [term 0 FOLLOWER]: Leader pre-election vote request: Granting yes vote for candidate 10bda0b4856f4441b5aed24cdc4764a8 in term 0.
I0619 00:11:51.012106 25470 tablet_service.cc:759] Processing CreateTablet for tablet a4c653a255984d3bac88df63362b9334 (table=default.table_c771d75362c64504aed46e585f8fbdf3 [id=94bd8944b43d4eb19150de690e983915]), partition=RANGE (key) PARTITION UNBOUNDED
I0619 00:11:51.013083 25470 data_dirs.cc:934] Could only allocate 1 dirs of requested 3 for tablet a4c653a255984d3bac88df63362b9334. 1 dirs total, 0 dirs full, 0 dirs failed
I0619 00:11:51.014824 25724 tablet_bootstrap.cc:578] T cb57d196f0724247b6a7f9a34be8377a P 395763cf325d4ce19859830a7ad35c85: No blocks or log segments found. Creating new log.
I0619 00:11:51.018765 25736 tablet_replica.cc:261] T 292b164659e343158de8e7e3eeb9be31 P 10bda0b4856f4441b5aed24cdc4764a8: stopping tablet replica
I0619 00:11:51.019073 25736 maintenance_manager.cc:237] P 10bda0b4856f4441b5aed24cdc4764a8: Unregistered op CompactRowSetsOp(292b164659e343158de8e7e3eeb9be31)
I0619 00:11:51.019273 25736 maintenance_manager.cc:237] P 10bda0b4856f4441b5aed24cdc4764a8: Unregistered op MinorDeltaCompactionOp(292b164659e343158de8e7e3eeb9be31)
I0619 00:11:51.019471 25736 maintenance_manager.cc:237] P 10bda0b4856f4441b5aed24cdc4764a8: Unregistered op MajorDeltaCompactionOp(292b164659e343158de8e7e3eeb9be31)
I0619 00:11:51.019693 25736 maintenance_manager.cc:237] P 10bda0b4856f4441b5aed24cdc4764a8: Unregistered op UndoDeltaBlockGCOp(292b164659e343158de8e7e3eeb9be31)
I0619 00:11:51.019927 25736 maintenance_manager.cc:237] P 10bda0b4856f4441b5aed24cdc4764a8: Unregistered op FlushMRSOp(292b164659e343158de8e7e3eeb9be31)
I0619 00:11:51.021404 25725 tablet_bootstrap.cc:427] T 3b80a302aacb418091aee54ab4be7249 P 10bda0b4856f4441b5aed24cdc4764a8: No bootstrap required, opened a new log
I0619 00:11:51.021785 25725 ts_tablet_manager.cc:1045] T 3b80a302aacb418091aee54ab4be7249 P 10bda0b4856f4441b5aed24cdc4764a8: Time spent bootstrapping tablet: real 0.188s user 0.006s sys 0.007s
I0619 00:11:51.022439 25067 catalog_manager.cc:2891] Scheduling retry of 075076aaa16e4ea8a596a7a8c52f103e (table default.table_c74748783ca3450eb3c5c3397e03d506 [id=040c5029d5054cc48c9f066058cb6a45]) Alter Table RPC with a delay of 73 ms (attempt = 2)
W0619 00:11:51.022733 25067 catalog_manager.cc:2910] Async tablet task 075076aaa16e4ea8a596a7a8c52f103e (table default.table_c74748783ca3450eb3c5c3397e03d506 [id=040c5029d5054cc48c9f066058cb6a45]) Alter Table RPC failed: Not found: failed to reset TS proxy: No leader found: Tablet 075076aaa16e4ea8a596a7a8c52f103e consensus state has no leader
I0619 00:11:51.023178 25725 raft_consensus.cc:325] T 3b80a302aacb418091aee54ab4be7249 P 10bda0b4856f4441b5aed24cdc4764a8 [term 0 FOLLOWER]: Replica starting. Triggering 0 pending transactions. Active config: opid_index: -1 OBSOLETE_local: false peers { permanent_uuid: "10bda0b4856f4441b5aed24cdc4764a8" member_type: VOTER last_known_addr { host: "127.24.119.2" port: 38512 } } peers { permanent_uuid: "c007a00e65ad41a79da1a0c1050c55b4" member_type: VOTER last_known_addr { host: "127.24.119.1" port: 32951 } } peers { permanent_uuid: "395763cf325d4ce19859830a7ad35c85" member_type: VOTER last_known_addr { host: "127.24.119.3" port: 39344 } }
I0619 00:11:51.023823 25725 raft_consensus.cc:351] T 3b80a302aacb418091aee54ab4be7249 P 10bda0b4856f4441b5aed24cdc4764a8 [term 0 FOLLOWER]: Consensus starting up: Expiring failure detector timer to make a prompt election more likely
I0619 00:11:51.024019 25725 raft_consensus.cc:628] T 3b80a302aacb418091aee54ab4be7249 P 10bda0b4856f4441b5aed24cdc4764a8 [term 0 FOLLOWER]: Becoming Follower/Learner. State: Replica: 10bda0b4856f4441b5aed24cdc4764a8, State: Initialized, Role: FOLLOWER
W0619 00:11:51.024822 25071 catalog_manager.cc:3083] TS 10bda0b4856f4441b5aed24cdc4764a8 (127.24.119.2:38512): delete failed for tablet a52cbcbe35374d518bca1e0fc24d88d4 with error code TABLET_NOT_RUNNING: Already present: State transition of tablet a52cbcbe35374d518bca1e0fc24d88d4 already in progress: creating tablet
I0619 00:11:51.025112 25462 ts_tablet_manager.cc:1173] T 0474be659e5e4a4cbfc181b8c812b1eb P 10bda0b4856f4441b5aed24cdc4764a8: Registered tablet (data state: TABLET_DATA_READY)
I0619 00:11:51.025306 25602 tablet_service.cc:800] Processing DeleteTablet for tablet a85577b0beba4276b963e5c360544bc7 with delete_type TABLET_DATA_DELETED (Table deleted at 2018-06-19 00:11:49 PDT) from {username='jenkins'} at 127.24.119.3:34285
I0619 00:11:51.025902 25598 tablet_service.cc:800] Processing DeleteTablet for tablet 72e28bc6b57442b782d8aa07e1152cf4 with delete_type TABLET_DATA_DELETED (replaced by tablet d62715e230154e2abe126ef97feec7ce) from {username='jenkins'} at 127.24.119.3:34285
I0619 00:11:51.026077 25490 tablet_service.cc:995] Received RequestConsensusVote() RPC: tablet_id: "03522c48c50943b38cae5aa88562e583" candidate_uuid: "395763cf325d4ce19859830a7ad35c85" candidate_term: 1 candidate_status { last_received { term: 0 index: 0 } } ignore_live_leader: false dest_uuid: "10bda0b4856f4441b5aed24cdc4764a8" is_pre_election: true
I0619 00:11:51.030023 25600 tablet_service.cc:759] Processing CreateTablet for tablet 86959e7dda374ba9ac23d3c1fd30d993 (table=default.table_ef7e3bdd5d4043abbae5282cce9c6fd7 [id=b0b4e2e4ca2f43a8aeb63ab79213c17c]), partition=RANGE (key) PARTITION UNBOUNDED
I0619 00:11:51.030652 25600 data_dirs.cc:934] Could only allocate 1 dirs of requested 3 for tablet 86959e7dda374ba9ac23d3c1fd30d993. 1 dirs total, 0 dirs full, 0 dirs failed
I0619 00:11:51.024435 25725 consensus_queue.cc:227] T 3b80a302aacb418091aee54ab4be7249 P 10bda0b4856f4441b5aed24cdc4764a8 [NON_LEADER]: Queue going to NON_LEADER mode. State: All replicated index: 0, Majority replicated index: 0, Committed index: 0, Last appended: 0.0, Last appended by leader: 0, Current term: 0, Majority size: -1, State: 0, Mode: NON_LEADER, active raft config: opid_index: -1 OBSOLETE_local: false peers { permanent_uuid: "10bda0b4856f4441b5aed24cdc4764a8" member_type: VOTER last_known_addr { host: "127.24.119.2" port: 38512 } } peers { permanent_uuid: "c007a00e65ad41a79da1a0c1050c55b4" member_type: VOTER last_known_addr { host: "127.24.119.1" port: 32951 } } peers { permanent_uuid: "395763cf325d4ce19859830a7ad35c85" member_type: VOTER last_known_addr { host: "127.24.119.3" port: 39344 } }
I0619 00:11:51.034498 25080 catalog_manager.cc:3663] Got report from deleted tablet 72e28bc6b57442b782d8aa07e1152cf4 (table default.table_ce167e3b89b8423a827ae8559f500233 [id=fa287205f19a461fa0ba005f9991513b]) (replaced by tablet d62715e230154e2abe126ef97feec7ce): Sending delete request for this tablet
I0619 00:11:51.035218 25067 catalog_manager.cc:3113] Sending DeleteTablet(TABLET_DATA_DELETED) for tablet 53688f0e4a604bc4a07dec9278a8dad6 on c007a00e65ad41a79da1a0c1050c55b4 (127.24.119.1:32951) (Table deleted at 2018-06-19 00:11:50 PDT)
I0619 00:11:51.035142 25082 catalog_manager.cc:3881] TS 10bda0b4856f4441b5aed24cdc4764a8 (127.24.119.2:38512) does not have the latest schema for tablet fb8e94875a8347a0a473c95a77c38795 (table default.table_84d38522d00a488c82a136b79665c4cd [id=41f48f0e1f87464eb43c5bf2a36f70ef]). Expected version 2 got 0
I0619 00:11:51.035466 25080 catalog_manager.cc:3113] Sending DeleteTablet(TABLET_DATA_DELETED) for tablet 72e28bc6b57442b782d8aa07e1152cf4 on c007a00e65ad41a79da1a0c1050c55b4 (127.24.119.1:32951) (replaced by tablet d62715e230154e2abe126ef97feec7ce)
I0619 00:11:51.036077 25071 catalog_manager.cc:2891] Scheduling retry of a52cbcbe35374d518bca1e0fc24d88d4 Delete Tablet RPC for TS=10bda0b4856f4441b5aed24cdc4764a8 with a delay of 62 ms (attempt = 1)
I0619 00:11:51.037075 25082 catalog_manager.cc:1731] Servicing DeleteTable request from {username='jenkins'} at 127.24.119.62:54390: table { table_name: "default.table_48a6321c18954a77805c579d820e8d00" }
I0619 00:11:51.038148 25071 catalog_manager.cc:3091] TS 395763cf325d4ce19859830a7ad35c85 (127.24.119.3:39344): tablet 70b9c8c4af0945b69b5577e47b61c054 (table default.table_d8b3984991a442fe95208294f57d466f [id=91bbf689574642628414fb1fb25efc63]) successfully deleted
W0619 00:11:51.038652 25071 catalog_manager.cc:3083] TS 10bda0b4856f4441b5aed24cdc4764a8 (127.24.119.2:38512): delete failed for tablet a85577b0beba4276b963e5c360544bc7 with error code TABLET_NOT_RUNNING: Already present: State transition of tablet a85577b0beba4276b963e5c360544bc7 already in progress: creating tablet
I0619 00:11:51.038909 25071 catalog_manager.cc:2891] Scheduling retry of a85577b0beba4276b963e5c360544bc7 Delete Tablet RPC for TS=10bda0b4856f4441b5aed24cdc4764a8 with a delay of 56 ms (attempt = 2)
I0619 00:11:51.039295 25725 ts_tablet_manager.cc:1073] T 3b80a302aacb418091aee54ab4be7249 P 10bda0b4856f4441b5aed24cdc4764a8: Time spent starting tablet: real 0.017s user 0.005s sys 0.000s
I0619 00:11:51.040805 25087 catalog_manager.cc:3663] Got report from deleted tablet 3b80a302aacb418091aee54ab4be7249 (table default.table_00f27d6b83d24c4e8088e0b0ac0d0cca [id=01235cbfa38b48a9bbfbb0b4630c5d23]) (replaced by tablet acc89522b693498c987ca5d8ef8275ea): Sending delete request for this tablet
I0619 00:11:51.041474 25087 catalog_manager.cc:3113] Sending DeleteTablet(TABLET_DATA_DELETED) for tablet 3b80a302aacb418091aee54ab4be7249 on 10bda0b4856f4441b5aed24cdc4764a8 (127.24.119.2:38512) (replaced by tablet acc89522b693498c987ca5d8ef8275ea)
I0619 00:11:51.042333 25080 catalog_manager.cc:3663] Got report from deleted tablet 72e28bc6b57442b782d8aa07e1152cf4 (table default.table_ce167e3b89b8423a827ae8559f500233 [id=fa287205f19a461fa0ba005f9991513b]) (replaced by tablet d62715e230154e2abe126ef97feec7ce): Sending delete request for this tablet
I0619 00:11:51.043123 25080 catalog_manager.cc:3113] Sending DeleteTablet(TABLET_DATA_DELETED) for tablet 72e28bc6b57442b782d8aa07e1152cf4 on c007a00e65ad41a79da1a0c1050c55b4 (127.24.119.1:32951) (replaced by tablet d62715e230154e2abe126ef97feec7ce)
I0619 00:11:51.047412 25067 catalog_manager.cc:3113] Sending DeleteTablet(TABLET_DATA_DELETED) for tablet 3b80a302aacb418091aee54ab4be7249 on c007a00e65ad41a79da1a0c1050c55b4 (127.24.119.1:32951) (replaced by tablet acc89522b693498c987ca5d8ef8275ea)
I0619 00:11:51.048995 25083 catalog_manager.cc:3881] TS 395763cf325d4ce19859830a7ad35c85 (127.24.119.3:39344) does not have the latest schema for tablet acc89522b693498c987ca5d8ef8275ea (table default.table_00f27d6b83d24c4e8088e0b0ac0d0cca [id=01235cbfa38b48a9bbfbb0b4630c5d23]). Expected version 2 got 0
I0619 00:11:51.049769 25083 catalog_manager.cc:2891] Scheduling retry of acc89522b693498c987ca5d8ef8275ea (table default.table_00f27d6b83d24c4e8088e0b0ac0d0cca [id=01235cbfa38b48a9bbfbb0b4630c5d23]) Alter Table RPC with a delay of 24 ms (attempt = 1)
W0619 00:11:51.050046 25083 catalog_manager.cc:3945] Failed to send acc89522b693498c987ca5d8ef8275ea (table default.table_00f27d6b83d24c4e8088e0b0ac0d0cca [id=01235cbfa38b48a9bbfbb0b4630c5d23]) Alter Table RPC: Not found: failed to reset TS proxy: No leader found: Tablet acc89522b693498c987ca5d8ef8275ea consensus state has no leader
I0619 00:11:51.050771 25741 ts_tablet_manager.cc:1403] T 89a7ff9cdbc046779799e4e8f71adb42 P c007a00e65ad41a79da1a0c1050c55b4: Deleting consensus metadata
I0619 00:11:51.032901 25819 tablet.cc:1200] T 72e28bc6b57442b782d8aa07e1152cf4 P c007a00e65ad41a79da1a0c1050c55b4: Alter schema from Schema [ primary key (key), 10:key[int32 NOT NULL] ] version 0 to Schema [ primary key (key), 10:key[int32 NOT NULL] ] version 2
I0619 00:11:51.040680 25807 raft_consensus.cc:457] T ac129ed44f68432f800420175aa0a630 P c007a00e65ad41a79da1a0c1050c55b4 [term 0 FOLLOWER]: Starting pre-election (no leader contacted us within the election timeout)
I0619 00:11:51.051075 25807 raft_consensus.cc:2732] T ac129ed44f68432f800420175aa0a630 P c007a00e65ad41a79da1a0c1050c55b4: Snoozing failure detection for 1.728s (starting election)
I0619 00:11:51.051345 25807 raft_consensus.cc:479] T ac129ed44f68432f800420175aa0a630 P c007a00e65ad41a79da1a0c1050c55b4 [term 0 FOLLOWER]: Starting pre-election with config: opid_index: -1 OBSOLETE_local: false peers { permanent_uuid: "10bda0b4856f4441b5aed24cdc4764a8" member_type: VOTER last_known_addr { host: "127.24.119.2" port: 38512 } } peers { permanent_uuid: "c007a00e65ad41a79da1a0c1050c55b4" member_type: VOTER last_known_addr { host: "127.24.119.1" port: 32951 } } peers { permanent_uuid: "395763cf325d4ce19859830a7ad35c85" member_type: VOTER last_known_addr { host: "127.24.119.3" port: 39344 } }
I0619 00:11:51.052042 25067 catalog_manager.cc:3113] Sending DeleteTablet(TABLET_DATA_DELETED) for tablet cb57d196f0724247b6a7f9a34be8377a on c007a00e65ad41a79da1a0c1050c55b4 (127.24.119.1:32951) (Table deleted at 2018-06-19 00:11:49 PDT)
I0619 00:11:51.052395 25807 leader_election.cc:243] T ac129ed44f68432f800420175aa0a630 P c007a00e65ad41a79da1a0c1050c55b4 [CANDIDATE]: Term 1 pre-election: Requesting pre-vote from peer 10bda0b4856f4441b5aed24cdc4764a8 (127.24.119.2:38512)
I0619 00:11:51.050704 25727 tablet_bootstrap.cc:427] T fc22ad98ed2e4e3eb2c62360626a6f87 P c007a00e65ad41a79da1a0c1050c55b4: No bootstrap required, opened a new log
I0619 00:11:51.053086 25727 ts_tablet_manager.cc:1045] T fc22ad98ed2e4e3eb2c62360626a6f87 P c007a00e65ad41a79da1a0c1050c55b4: Time spent bootstrapping tablet: real 0.138s user 0.007s sys 0.000s
I0619 00:11:51.052809 25807 leader_election.cc:243] T ac129ed44f68432f800420175aa0a630 P c007a00e65ad41a79da1a0c1050c55b4 [CANDIDATE]: Term 1 pre-election: Requesting pre-vote from peer 395763cf325d4ce19859830a7ad35c85 (127.24.119.3:39344)
