I0619 00:11:49.084333 25729 leader_election.cc:243] T e3708e05f6054306b5bf7f1df2140e3d P 395763cf325d4ce19859830a7ad35c85 [CANDIDATE]: Term 1 pre-election: Requesting pre-vote from peer 10bda0b4856f4441b5aed24cdc4764a8 (127.24.119.2:38512)
I0619 00:11:49.084452 25467 tablet_service.cc:759] Processing CreateTablet for tablet 1d10fb4561924e2e8d53c7a0b22a426e (table=default.table_48993904805645d49d4f0185d407c89a [id=b46718e25afb4950af6cacec1d51a9ba]), partition=RANGE (key) PARTITION UNBOUNDED
I0619 00:11:49.085227 25467 data_dirs.cc:934] Could only allocate 1 dirs of requested 3 for tablet 1d10fb4561924e2e8d53c7a0b22a426e. 1 dirs total, 0 dirs full, 0 dirs failed
I0619 00:11:49.086344 25490 tablet_service.cc:995] Received RequestConsensusVote() RPC: tablet_id: "e3708e05f6054306b5bf7f1df2140e3d" candidate_uuid: "395763cf325d4ce19859830a7ad35c85" candidate_term: 1 candidate_status { last_received { term: 0 index: 0 } } ignore_live_leader: false dest_uuid: "10bda0b4856f4441b5aed24cdc4764a8" is_pre_election: true
I0619 00:11:49.087399 25086 catalog_manager.cc:3663] Got report from deleted tablet 6d6363f6403b4104b15b329ab7f0e483 (table default.table_7ea77d77ddd04410989cd2735133a5e5 [id=dd175630a9ac4af5aa17edcb7226e141]) (Table deleted at 2018-06-19 00:11:48 PDT): Sending delete request for this tablet
I0619 00:11:49.087816 25336 data_dirs.cc:934] Could only allocate 1 dirs of requested 3 for tablet 4c0614e9ed96420886243a6868f2e75e. 1 dirs total, 0 dirs full, 0 dirs failed
I0619 00:11:49.087946 25332 tablet_service.cc:759] Processing CreateTablet for tablet 1d10fb4561924e2e8d53c7a0b22a426e (table=default.table_48993904805645d49d4f0185d407c89a [id=b46718e25afb4950af6cacec1d51a9ba]), partition=RANGE (key) PARTITION UNBOUNDED
I0619 00:11:49.088106 25086 catalog_manager.cc:3113] Sending DeleteTablet(TABLET_DATA_DELETED) for tablet 6d6363f6403b4104b15b329ab7f0e483 on 10bda0b4856f4441b5aed24cdc4764a8 (127.24.119.2:38512) (Table deleted at 2018-06-19 00:11:48 PDT)
I0619 00:11:49.088486 25332 data_dirs.cc:934] Could only allocate 1 dirs of requested 3 for tablet 1d10fb4561924e2e8d53c7a0b22a426e. 1 dirs total, 0 dirs full, 0 dirs failed
W0619 00:11:49.088454 25558 leader_election.cc:306] T e3708e05f6054306b5bf7f1df2140e3d P 395763cf325d4ce19859830a7ad35c85 [CANDIDATE]: Term 1 pre-election: Tablet error from VoteRequest() call to peer 10bda0b4856f4441b5aed24cdc4764a8 (127.24.119.2:38512): Illegal state: must be running to vote when last-logged opid is not known
I0619 00:11:49.090903 25469 tablet_service.cc:800] Processing DeleteTablet for tablet 6d6363f6403b4104b15b329ab7f0e483 with delete_type TABLET_DATA_DELETED (Table deleted at 2018-06-19 00:11:48 PDT) from {username='jenkins'} at 127.24.119.2:51757
I0619 00:11:49.076365 25603 data_dirs.cc:934] Could only allocate 1 dirs of requested 3 for tablet 1d10fb4561924e2e8d53c7a0b22a426e. 1 dirs total, 0 dirs full, 0 dirs failed
W0619 00:11:49.092519 25536 heartbeater.cc:587] Failed to heartbeat to 127.24.119.61:46325: Network error: Failed to ping master at 127.24.119.61:46325: Client connection negotiation failed: client connection to 127.24.119.61:46325: connect: Connection refused (error 111)
I0619 00:11:49.093081 25724 ts_tablet_manager.cc:1073] T ac129ed44f68432f800420175aa0a630 P 395763cf325d4ce19859830a7ad35c85: Time spent starting tablet: real 0.035s user 0.003s sys 0.001s
I0619 00:11:49.093478 25724 ts_tablet_manager.cc:1028] T fc22ad98ed2e4e3eb2c62360626a6f87 P 395763cf325d4ce19859830a7ad35c85: Bootstrapping tablet
I0619 00:11:49.093868 25724 tablet_bootstrap.cc:427] T fc22ad98ed2e4e3eb2c62360626a6f87 P 395763cf325d4ce19859830a7ad35c85: Bootstrap starting.
I0619 00:11:49.096000 25724 tablet_bootstrap.cc:578] T fc22ad98ed2e4e3eb2c62360626a6f87 P 395763cf325d4ce19859830a7ad35c85: No blocks or log segments found. Creating new log.
I0619 00:11:49.104008 25725 ts_tablet_manager.cc:1073] T 6d6363f6403b4104b15b329ab7f0e483 P 10bda0b4856f4441b5aed24cdc4764a8: Time spent starting tablet: real 0.064s user 0.003s sys 0.002s
I0619 00:11:49.104624 25463 ts_tablet_manager.cc:1173] T 4c0614e9ed96420886243a6868f2e75e P 10bda0b4856f4441b5aed24cdc4764a8: Registered tablet (data state: TABLET_DATA_READY)
I0619 00:11:49.104979 25462 ts_tablet_manager.cc:1173] T 60dfd91c98d94bfbbc6416268c65c378 P 10bda0b4856f4441b5aed24cdc4764a8: Registered tablet (data state: TABLET_DATA_READY)
W0619 00:11:49.108183 25067 catalog_manager.cc:3071] TS c007a00e65ad41a79da1a0c1050c55b4 (127.24.119.1:32951): delete failed for tablet dc04126054714196af6bdf7e771ffab0 because the tablet was not found. No further retry: Not found: Tablet not found: dc04126054714196af6bdf7e771ffab0
I0619 00:11:49.111814 25084 catalog_manager.cc:4025] T 00000000000000000000000000000000 P cb25d1bba5bf4c64914f300f122ec898: Sending DeleteTablet for 3 replicas of tablet baf80fd968c44e679987eb4ebe4473de
I0619 00:11:49.112146 25084 catalog_manager.cc:3113] Sending DeleteTablet(TABLET_DATA_DELETED) for tablet baf80fd968c44e679987eb4ebe4473de on c007a00e65ad41a79da1a0c1050c55b4 (127.24.119.1:32951) (Table deleted at 2018-06-19 00:11:49 PDT)
I0619 00:11:49.112566 25084 catalog_manager.cc:3113] Sending DeleteTablet(TABLET_DATA_DELETED) for tablet baf80fd968c44e679987eb4ebe4473de on 10bda0b4856f4441b5aed24cdc4764a8 (127.24.119.2:38512) (Table deleted at 2018-06-19 00:11:49 PDT)
I0619 00:11:49.112964 25084 catalog_manager.cc:3113] Sending DeleteTablet(TABLET_DATA_DELETED) for tablet baf80fd968c44e679987eb4ebe4473de on 395763cf325d4ce19859830a7ad35c85 (127.24.119.3:39344) (Table deleted at 2018-06-19 00:11:49 PDT)
W0619 00:11:49.117012 25543 tablet.cc:1678] T 6d6363f6403b4104b15b329ab7f0e483 P 10bda0b4856f4441b5aed24cdc4764a8: Can't schedule compaction. Clean time has not been advanced past its initial value.
I0619 00:11:49.119678 25067 catalog_manager.cc:2891] Scheduling retry of 72e28bc6b57442b782d8aa07e1152cf4 (table default.table_95a48b4d8a824265bb7291a68eb33dc3 [id=fa287205f19a461fa0ba005f9991513b]) Alter Table RPC with a delay of 72 ms (attempt = 2)
W0619 00:11:49.120019 25067 catalog_manager.cc:2910] Async tablet task 72e28bc6b57442b782d8aa07e1152cf4 (table default.table_95a48b4d8a824265bb7291a68eb33dc3 [id=fa287205f19a461fa0ba005f9991513b]) Alter Table RPC failed: Not found: failed to reset TS proxy: No leader found: Tablet 72e28bc6b57442b782d8aa07e1152cf4 consensus state has no leader
I0619 00:11:49.120604 25069 catalog_manager.cc:2891] Scheduling retry of e3708e05f6054306b5bf7f1df2140e3d (table default.table_514667669c72462a95c41b6bb68dc0fe [id=47a2f8c4d1f748a69c2bb0416bdb87e4]) Alter Table RPC with a delay of 276 ms (attempt = 5)
W0619 00:11:49.120914 25069 catalog_manager.cc:2910] Async tablet task e3708e05f6054306b5bf7f1df2140e3d (table default.table_514667669c72462a95c41b6bb68dc0fe [id=47a2f8c4d1f748a69c2bb0416bdb87e4]) Alter Table RPC failed: Not found: failed to reset TS proxy: No leader found: Tablet e3708e05f6054306b5bf7f1df2140e3d consensus state has no leader
I0619 00:11:49.121366 25335 tablet_service.cc:800] Processing DeleteTablet for tablet baf80fd968c44e679987eb4ebe4473de with delete_type TABLET_DATA_DELETED (Table deleted at 2018-06-19 00:11:49 PDT) from {username='jenkins'} at 127.24.119.1:46159
I0619 00:11:49.123004 25462 tablet_service.cc:800] Processing DeleteTablet for tablet baf80fd968c44e679987eb4ebe4473de with delete_type TABLET_DATA_DELETED (Table deleted at 2018-06-19 00:11:49 PDT) from {username='jenkins'} at 127.24.119.2:51757
I0619 00:11:49.104977 25725 ts_tablet_manager.cc:1028] T a226a7e97a7e44af8301ed4e6363effb P 10bda0b4856f4441b5aed24cdc4764a8: Bootstrapping tablet
I0619 00:11:49.124544 25725 tablet_bootstrap.cc:427] T a226a7e97a7e44af8301ed4e6363effb P 10bda0b4856f4441b5aed24cdc4764a8: Bootstrap starting.
I0619 00:11:49.124989 25736 ts_tablet_manager.cc:1382] T 7507676a768e421dac27fe524538e0bb P 10bda0b4856f4441b5aed24cdc4764a8: tablet deleted with delete type TABLET_DATA_DELETED: last-logged OpId 0.0
I0619 00:11:49.125246 25736 log.cc:986] T 7507676a768e421dac27fe524538e0bb P 10bda0b4856f4441b5aed24cdc4764a8: Deleting WAL directory at /data/somelongdirectorytoavoidrpathissues/src/kudutest/master-stress-test.0.HmsConfigurations_MasterStressTest.Test_0.1529392303277196-25052/minicluster-data/ts-1/wal/wals/7507676a768e421dac27fe524538e0bb
I0619 00:11:49.128275 25067 catalog_manager.cc:3113] Sending DeleteTablet(TABLET_DATA_DELETED) for tablet 7507676a768e421dac27fe524538e0bb on c007a00e65ad41a79da1a0c1050c55b4 (127.24.119.1:32951) (replaced by tablet baf80fd968c44e679987eb4ebe4473de)
I0619 00:11:49.132494 25335 tablet_service.cc:800] Processing DeleteTablet for tablet 7507676a768e421dac27fe524538e0bb with delete_type TABLET_DATA_DELETED (replaced by tablet baf80fd968c44e679987eb4ebe4473de) from {username='jenkins'} at 127.24.119.1:46159
I0619 00:11:49.116158 25602 tablet_service.cc:800] Processing DeleteTablet for tablet baf80fd968c44e679987eb4ebe4473de with delete_type TABLET_DATA_DELETED (Table deleted at 2018-06-19 00:11:49 PDT) from {username='jenkins'} at 127.24.119.3:34285
I0619 00:11:49.133508 25604 ts_tablet_manager.cc:1173] T 4c0614e9ed96420886243a6868f2e75e P 395763cf325d4ce19859830a7ad35c85: Registered tablet (data state: TABLET_DATA_READY)
I0619 00:11:49.133494 25334 ts_tablet_manager.cc:1173] T baf80fd968c44e679987eb4ebe4473de P c007a00e65ad41a79da1a0c1050c55b4: Registered tablet (data state: TABLET_DATA_READY)
I0619 00:11:49.134153 25730 tablet_replica.cc:261] T baf80fd968c44e679987eb4ebe4473de P 395763cf325d4ce19859830a7ad35c85: stopping tablet replica
I0619 00:11:49.134287 25727 log.cc:525] T 7507676a768e421dac27fe524538e0bb P c007a00e65ad41a79da1a0c1050c55b4: Log is configured to *not* fsync() on all Append() calls
I0619 00:11:49.134383 25730 maintenance_manager.cc:237] P 395763cf325d4ce19859830a7ad35c85: Unregistered op CompactRowSetsOp(baf80fd968c44e679987eb4ebe4473de)
I0619 00:11:49.134570 25730 maintenance_manager.cc:237] P 395763cf325d4ce19859830a7ad35c85: Unregistered op MinorDeltaCompactionOp(baf80fd968c44e679987eb4ebe4473de)
I0619 00:11:49.134778 25730 maintenance_manager.cc:237] P 395763cf325d4ce19859830a7ad35c85: Unregistered op MajorDeltaCompactionOp(baf80fd968c44e679987eb4ebe4473de)
I0619 00:11:49.134968 25730 maintenance_manager.cc:237] P 395763cf325d4ce19859830a7ad35c85: Unregistered op UndoDeltaBlockGCOp(baf80fd968c44e679987eb4ebe4473de)
I0619 00:11:49.135176 25730 maintenance_manager.cc:237] P 395763cf325d4ce19859830a7ad35c85: Unregistered op FlushMRSOp(baf80fd968c44e679987eb4ebe4473de)
I0619 00:11:49.135381 25730 maintenance_manager.cc:237] P 395763cf325d4ce19859830a7ad35c85: Unregistered op FlushDeltaMemStoresOp(baf80fd968c44e679987eb4ebe4473de)
I0619 00:11:49.135562 25730 maintenance_manager.cc:237] P 395763cf325d4ce19859830a7ad35c85: Unregistered op LogGCOp(baf80fd968c44e679987eb4ebe4473de)
I0619 00:11:49.135565 25332 ts_tablet_manager.cc:1173] T 1d10fb4561924e2e8d53c7a0b22a426e P c007a00e65ad41a79da1a0c1050c55b4: Registered tablet (data state: TABLET_DATA_READY)
I0619 00:11:49.135756 25730 raft_consensus.cc:2042] T baf80fd968c44e679987eb4ebe4473de P 395763cf325d4ce19859830a7ad35c85 [term 0 FOLLOWER]: Raft consensus shutting down.
I0619 00:11:49.135994 25730 raft_consensus.cc:2069] T baf80fd968c44e679987eb4ebe4473de P 395763cf325d4ce19859830a7ad35c85 [term 0 FOLLOWER]: Raft consensus is shut down!
I0619 00:11:49.137178 25730 ts_tablet_manager.cc:1369] T baf80fd968c44e679987eb4ebe4473de P 395763cf325d4ce19859830a7ad35c85: Deleting tablet data with delete state TABLET_DATA_DELETED
I0619 00:11:49.138054 25603 ts_tablet_manager.cc:1173] T 1d10fb4561924e2e8d53c7a0b22a426e P 395763cf325d4ce19859830a7ad35c85: Registered tablet (data state: TABLET_DATA_READY)
W0619 00:11:49.138551 25067 catalog_manager.cc:3071] TS c007a00e65ad41a79da1a0c1050c55b4 (127.24.119.1:32951): delete failed for tablet 89a7ff9cdbc046779799e4e8f71adb42 because the tablet was not found. No further retry: Not found: Tablet not found: 89a7ff9cdbc046779799e4e8f71adb42
I0619 00:11:49.135856 25331 ts_tablet_manager.cc:1173] T dc04126054714196af6bdf7e771ffab0 P c007a00e65ad41a79da1a0c1050c55b4: Registered tablet (data state: TABLET_DATA_READY)
I0619 00:11:49.141178 25067 catalog_manager.cc:3113] Sending DeleteTablet(TABLET_DATA_DELETED) for tablet 6d6363f6403b4104b15b329ab7f0e483 on c007a00e65ad41a79da1a0c1050c55b4 (127.24.119.1:32951) (Table deleted at 2018-06-19 00:11:48 PDT)
I0619 00:11:49.142871 25333 ts_tablet_manager.cc:1173] T 985e23a32fa84104a06dd19d97117ab2 P c007a00e65ad41a79da1a0c1050c55b4: Registered tablet (data state: TABLET_DATA_READY)
I0619 00:11:49.143841 25323 ts_tablet_manager.cc:1173] T 72e28bc6b57442b782d8aa07e1152cf4 P c007a00e65ad41a79da1a0c1050c55b4: Registered tablet (data state: TABLET_DATA_READY)
I0619 00:11:49.144217 25736 ts_tablet_manager.cc:1403] T 7507676a768e421dac27fe524538e0bb P 10bda0b4856f4441b5aed24cdc4764a8: Deleting consensus metadata
I0619 00:11:49.144524 25323 tablet_service.cc:800] Processing DeleteTablet for tablet 6d6363f6403b4104b15b329ab7f0e483 with delete_type TABLET_DATA_DELETED (Table deleted at 2018-06-19 00:11:48 PDT) from {username='jenkins'} at 127.24.119.1:46159
I0619 00:11:49.144913 25725 tablet_bootstrap.cc:578] T a226a7e97a7e44af8301ed4e6363effb P 10bda0b4856f4441b5aed24cdc4764a8: No blocks or log segments found. Creating new log.
W0619 00:11:49.145180 25067 catalog_manager.cc:3083] TS c007a00e65ad41a79da1a0c1050c55b4 (127.24.119.1:32951): delete failed for tablet baf80fd968c44e679987eb4ebe4473de with error code TABLET_NOT_RUNNING: Already present: State transition of tablet baf80fd968c44e679987eb4ebe4473de already in progress: creating tablet
I0619 00:11:49.145398 25067 catalog_manager.cc:2891] Scheduling retry of baf80fd968c44e679987eb4ebe4473de Delete Tablet RPC for TS=c007a00e65ad41a79da1a0c1050c55b4 with a delay of 42 ms (attempt = 1)
I0619 00:11:49.148010 25467 ts_tablet_manager.cc:1173] T 1d10fb4561924e2e8d53c7a0b22a426e P 10bda0b4856f4441b5aed24cdc4764a8: Registered tablet (data state: TABLET_DATA_READY)
I0619 00:11:49.145023 25330 ts_tablet_manager.cc:1173] T 89a7ff9cdbc046779799e4e8f71adb42 P c007a00e65ad41a79da1a0c1050c55b4: Registered tablet (data state: TABLET_DATA_READY)
I0619 00:11:49.153209 25730 ts_tablet_manager.cc:1382] T baf80fd968c44e679987eb4ebe4473de P 395763cf325d4ce19859830a7ad35c85: tablet deleted with delete type TABLET_DATA_DELETED: last-logged OpId 0.0
I0619 00:11:49.153446 25730 log.cc:986] T baf80fd968c44e679987eb4ebe4473de P 395763cf325d4ce19859830a7ad35c85: Deleting WAL directory at /data/somelongdirectorytoavoidrpathissues/src/kudutest/master-stress-test.0.HmsConfigurations_MasterStressTest.Test_0.1529392303277196-25052/minicluster-data/ts-2/wal/wals/baf80fd968c44e679987eb4ebe4473de
W0619 00:11:49.158699 25067 catalog_manager.cc:3083] TS c007a00e65ad41a79da1a0c1050c55b4 (127.24.119.1:32951): delete failed for tablet 6d6363f6403b4104b15b329ab7f0e483 with error code TABLET_NOT_RUNNING: Already present: State transition of tablet 6d6363f6403b4104b15b329ab7f0e483 already in progress: creating tablet
I0619 00:11:49.159011 25067 catalog_manager.cc:2891] Scheduling retry of 6d6363f6403b4104b15b329ab7f0e483 Delete Tablet RPC for TS=c007a00e65ad41a79da1a0c1050c55b4 with a delay of 50 ms (attempt = 2)
I0619 00:11:49.159742 25725 tablet_bootstrap.cc:427] T a226a7e97a7e44af8301ed4e6363effb P 10bda0b4856f4441b5aed24cdc4764a8: No bootstrap required, opened a new log
I0619 00:11:49.160032 25724 tablet_bootstrap.cc:427] T fc22ad98ed2e4e3eb2c62360626a6f87 P 395763cf325d4ce19859830a7ad35c85: No bootstrap required, opened a new log
I0619 00:11:49.160082 25725 ts_tablet_manager.cc:1045] T a226a7e97a7e44af8301ed4e6363effb P 10bda0b4856f4441b5aed24cdc4764a8: Time spent bootstrapping tablet: real 0.036s user 0.005s sys 0.003s
I0619 00:11:49.160428 25724 ts_tablet_manager.cc:1045] T fc22ad98ed2e4e3eb2c62360626a6f87 P 395763cf325d4ce19859830a7ad35c85: Time spent bootstrapping tablet: real 0.067s user 0.003s sys 0.002s
W0619 00:11:49.160746 25071 catalog_manager.cc:3083] TS 10bda0b4856f4441b5aed24cdc4764a8 (127.24.119.2:38512): delete failed for tablet dc04126054714196af6bdf7e771ffab0 with error code TABLET_NOT_RUNNING: Already present: State transition of tablet dc04126054714196af6bdf7e771ffab0 already in progress: creating tablet
I0619 00:11:49.161011 25071 catalog_manager.cc:2891] Scheduling retry of dc04126054714196af6bdf7e771ffab0 Delete Tablet RPC for TS=10bda0b4856f4441b5aed24cdc4764a8 with a delay of 79 ms (attempt = 3)
W0619 00:11:49.161504 25071 catalog_manager.cc:3083] TS 10bda0b4856f4441b5aed24cdc4764a8 (127.24.119.2:38512): delete failed for tablet 89a7ff9cdbc046779799e4e8f71adb42 with error code TABLET_NOT_RUNNING: Already present: State transition of tablet 89a7ff9cdbc046779799e4e8f71adb42 already in progress: creating tablet
I0619 00:11:49.161743 25071 catalog_manager.cc:2891] Scheduling retry of 89a7ff9cdbc046779799e4e8f71adb42 Delete Tablet RPC for TS=10bda0b4856f4441b5aed24cdc4764a8 with a delay of 108 ms (attempt = 3)
I0619 00:11:49.161898 25725 raft_consensus.cc:325] T a226a7e97a7e44af8301ed4e6363effb P 10bda0b4856f4441b5aed24cdc4764a8 [term 0 FOLLOWER]: Replica starting. Triggering 0 pending transactions. Active config: opid_index: -1 OBSOLETE_local: false peers { permanent_uuid: "c007a00e65ad41a79da1a0c1050c55b4" member_type: VOTER last_known_addr { host: "127.24.119.1" port: 32951 } } peers { permanent_uuid: "10bda0b4856f4441b5aed24cdc4764a8" member_type: VOTER last_known_addr { host: "127.24.119.2" port: 38512 } } peers { permanent_uuid: "395763cf325d4ce19859830a7ad35c85" member_type: VOTER last_known_addr { host: "127.24.119.3" port: 39344 } }
I0619 00:11:49.162318 25736 tablet_replica.cc:261] T 6d6363f6403b4104b15b329ab7f0e483 P 10bda0b4856f4441b5aed24cdc4764a8: stopping tablet replica
I0619 00:11:49.162466 25725 raft_consensus.cc:351] T a226a7e97a7e44af8301ed4e6363effb P 10bda0b4856f4441b5aed24cdc4764a8 [term 0 FOLLOWER]: Consensus starting up: Expiring failure detector timer to make a prompt election more likely
I0619 00:11:49.162694 25725 raft_consensus.cc:628] T a226a7e97a7e44af8301ed4e6363effb P 10bda0b4856f4441b5aed24cdc4764a8 [term 0 FOLLOWER]: Becoming Follower/Learner. State: Replica: 10bda0b4856f4441b5aed24cdc4764a8, State: Initialized, Role: FOLLOWER
I0619 00:11:49.162591 25736 maintenance_manager.cc:237] P 10bda0b4856f4441b5aed24cdc4764a8: Unregistered op CompactRowSetsOp(6d6363f6403b4104b15b329ab7f0e483)
I0619 00:11:49.163159 25736 maintenance_manager.cc:237] P 10bda0b4856f4441b5aed24cdc4764a8: Unregistered op MinorDeltaCompactionOp(6d6363f6403b4104b15b329ab7f0e483)
I0619 00:11:49.162874 25724 raft_consensus.cc:325] T fc22ad98ed2e4e3eb2c62360626a6f87 P 395763cf325d4ce19859830a7ad35c85 [term 0 FOLLOWER]: Replica starting. Triggering 0 pending transactions. Active config: opid_index: -1 OBSOLETE_local: false peers { permanent_uuid: "c007a00e65ad41a79da1a0c1050c55b4" member_type: VOTER last_known_addr { host: "127.24.119.1" port: 32951 } } peers { permanent_uuid: "10bda0b4856f4441b5aed24cdc4764a8" member_type: VOTER last_known_addr { host: "127.24.119.2" port: 38512 } } peers { permanent_uuid: "395763cf325d4ce19859830a7ad35c85" member_type: VOTER last_known_addr { host: "127.24.119.3" port: 39344 } }
I0619 00:11:49.163475 25736 maintenance_manager.cc:237] P 10bda0b4856f4441b5aed24cdc4764a8: Unregistered op MajorDeltaCompactionOp(6d6363f6403b4104b15b329ab7f0e483)
I0619 00:11:49.163656 25724 raft_consensus.cc:351] T fc22ad98ed2e4e3eb2c62360626a6f87 P 395763cf325d4ce19859830a7ad35c85 [term 0 FOLLOWER]: Consensus starting up: Expiring failure detector timer to make a prompt election more likely
I0619 00:11:49.163115 25725 consensus_queue.cc:227] T a226a7e97a7e44af8301ed4e6363effb P 10bda0b4856f4441b5aed24cdc4764a8 [NON_LEADER]: Queue going to NON_LEADER mode. State: All replicated index: 0, Majority replicated index: 0, Committed index: 0, Last appended: 0.0, Last appended by leader: 0, Current term: 0, Majority size: -1, State: 0, Mode: NON_LEADER, active raft config: opid_index: -1 OBSOLETE_local: false peers { permanent_uuid: "c007a00e65ad41a79da1a0c1050c55b4" member_type: VOTER last_known_addr { host: "127.24.119.1" port: 32951 } } peers { permanent_uuid: "10bda0b4856f4441b5aed24cdc4764a8" member_type: VOTER last_known_addr { host: "127.24.119.2" port: 38512 } } peers { permanent_uuid: "395763cf325d4ce19859830a7ad35c85" member_type: VOTER last_known_addr { host: "127.24.119.3" port: 39344 } }
I0619 00:11:49.163877 25724 raft_consensus.cc:628] T fc22ad98ed2e4e3eb2c62360626a6f87 P 395763cf325d4ce19859830a7ad35c85 [term 0 FOLLOWER]: Becoming Follower/Learner. State: Replica: 395763cf325d4ce19859830a7ad35c85, State: Initialized, Role: FOLLOWER
W0619 00:11:49.165987 25536 heartbeater.cc:587] Failed to heartbeat to 127.24.119.61:46325: Network error: Failed to ping master at 127.24.119.61:46325: Client connection negotiation failed: client connection to 127.24.119.61:46325: connect: Connection refused (error 111)
W0619 00:11:49.167438 25536 heartbeater.cc:587] Failed to heartbeat to 127.24.119.61:46325: Network error: Failed to ping master at 127.24.119.61:46325: Client connection negotiation failed: client connection to 127.24.119.61:46325: connect: Connection refused (error 111)
I0619 00:11:49.168355 25736 maintenance_manager.cc:237] P 10bda0b4856f4441b5aed24cdc4764a8: Unregistered op UndoDeltaBlockGCOp(6d6363f6403b4104b15b329ab7f0e483)
I0619 00:11:49.160002 25326 ts_tablet_manager.cc:1173] T ac129ed44f68432f800420175aa0a630 P c007a00e65ad41a79da1a0c1050c55b4: Registered tablet (data state: TABLET_DATA_READY)
I0619 00:11:49.170267 25325 ts_tablet_manager.cc:1173] T fc22ad98ed2e4e3eb2c62360626a6f87 P c007a00e65ad41a79da1a0c1050c55b4: Registered tablet (data state: TABLET_DATA_READY)
I0619 00:11:49.088915 25356 tablet_service.cc:995] Received RequestConsensusVote() RPC: tablet_id: "e3708e05f6054306b5bf7f1df2140e3d" candidate_uuid: "395763cf325d4ce19859830a7ad35c85" candidate_term: 1 candidate_status { last_received { term: 0 index: 0 } } ignore_live_leader: false dest_uuid: "c007a00e65ad41a79da1a0c1050c55b4" is_pre_election: true
I0619 00:11:49.171099 25336 ts_tablet_manager.cc:1173] T 4c0614e9ed96420886243a6868f2e75e P c007a00e65ad41a79da1a0c1050c55b4: Registered tablet (data state: TABLET_DATA_READY)
I0619 00:11:49.171835 25730 ts_tablet_manager.cc:1403] T baf80fd968c44e679987eb4ebe4473de P 395763cf325d4ce19859830a7ad35c85: Deleting consensus metadata
I0619 00:11:49.169430 25724 consensus_queue.cc:227] T fc22ad98ed2e4e3eb2c62360626a6f87 P 395763cf325d4ce19859830a7ad35c85 [NON_LEADER]: Queue going to NON_LEADER mode. State: All replicated index: 0, Majority replicated index: 0, Committed index: 0, Last appended: 0.0, Last appended by leader: 0, Current term: 0, Majority size: -1, State: 0, Mode: NON_LEADER, active raft config: opid_index: -1 OBSOLETE_local: false peers { permanent_uuid: "c007a00e65ad41a79da1a0c1050c55b4" member_type: VOTER last_known_addr { host: "127.24.119.1" port: 32951 } } peers { permanent_uuid: "10bda0b4856f4441b5aed24cdc4764a8" member_type: VOTER last_known_addr { host: "127.24.119.2" port: 38512 } } peers { permanent_uuid: "395763cf325d4ce19859830a7ad35c85" member_type: VOTER last_known_addr { host: "127.24.119.3" port: 39344 } }
W0619 00:11:49.173027 25553 leader_election.cc:306] T e3708e05f6054306b5bf7f1df2140e3d P 395763cf325d4ce19859830a7ad35c85 [CANDIDATE]: Term 1 pre-election: Tablet error from VoteRequest() call to peer c007a00e65ad41a79da1a0c1050c55b4 (127.24.119.1:32951): Illegal state: must be running to vote when last-logged opid is not known
I0619 00:11:49.173332 25553 leader_election.cc:270] T e3708e05f6054306b5bf7f1df2140e3d P 395763cf325d4ce19859830a7ad35c85 [CANDIDATE]: Term 1 pre-election: Election decided. Result: candidate lost.
I0619 00:11:49.169848 25725 ts_tablet_manager.cc:1073] T a226a7e97a7e44af8301ed4e6363effb P 10bda0b4856f4441b5aed24cdc4764a8: Time spent starting tablet: real 0.010s user 0.004s sys 0.001s
I0619 00:11:49.175324 25725 ts_tablet_manager.cc:1028] T e3708e05f6054306b5bf7f1df2140e3d P 10bda0b4856f4441b5aed24cdc4764a8: Bootstrapping tablet
I0619 00:11:49.175724 25725 tablet_bootstrap.cc:427] T e3708e05f6054306b5bf7f1df2140e3d P 10bda0b4856f4441b5aed24cdc4764a8: Bootstrap starting.
W0619 00:11:49.176185 25668 heartbeater.cc:587] Failed to heartbeat to 127.24.119.61:46325: Network error: Failed to ping master at 127.24.119.61:46325: Client connection negotiation failed: client connection to 127.24.119.61:46325: connect: Connection refused (error 111)
I0619 00:11:49.175271 25736 maintenance_manager.cc:237] P 10bda0b4856f4441b5aed24cdc4764a8: Unregistered op FlushMRSOp(6d6363f6403b4104b15b329ab7f0e483)
I0619 00:11:49.177073 25736 maintenance_manager.cc:237] P 10bda0b4856f4441b5aed24cdc4764a8: Unregistered op FlushDeltaMemStoresOp(6d6363f6403b4104b15b329ab7f0e483)
I0619 00:11:49.177093 25729 raft_consensus.cc:2732] T e3708e05f6054306b5bf7f1df2140e3d P 395763cf325d4ce19859830a7ad35c85: Snoozing failure detection for 1.622s (election complete)
I0619 00:11:49.177367 25736 maintenance_manager.cc:237] P 10bda0b4856f4441b5aed24cdc4764a8: Unregistered op LogGCOp(6d6363f6403b4104b15b329ab7f0e483)
I0619 00:11:49.177320 25729 raft_consensus.cc:2487] T e3708e05f6054306b5bf7f1df2140e3d P 395763cf325d4ce19859830a7ad35c85 [term 0 FOLLOWER]: Leader pre-election lost for term 1. Reason: could not achieve majority
I0619 00:11:49.177585 25736 raft_consensus.cc:2042] T 6d6363f6403b4104b15b329ab7f0e483 P 10bda0b4856f4441b5aed24cdc4764a8 [term 0 FOLLOWER]: Raft consensus shutting down.
I0619 00:11:49.177896 25736 raft_consensus.cc:2069] T 6d6363f6403b4104b15b329ab7f0e483 P 10bda0b4856f4441b5aed24cdc4764a8 [term 0 FOLLOWER]: Raft consensus is shut down!
W0619 00:11:49.181107 25668 heartbeater.cc:587] Failed to heartbeat to 127.24.119.61:46325: Network error: Failed to ping master at 127.24.119.61:46325: Client connection negotiation failed: client connection to 127.24.119.61:46325: connect: Connection refused (error 111)
I0619 00:11:49.182678 25727 tablet_bootstrap.cc:427] T 7507676a768e421dac27fe524538e0bb P c007a00e65ad41a79da1a0c1050c55b4: No bootstrap required, opened a new log
I0619 00:11:49.182878 25736 ts_tablet_manager.cc:1369] T 6d6363f6403b4104b15b329ab7f0e483 P 10bda0b4856f4441b5aed24cdc4764a8: Deleting tablet data with delete state TABLET_DATA_DELETED
I0619 00:11:49.183039 25727 ts_tablet_manager.cc:1045] T 7507676a768e421dac27fe524538e0bb P c007a00e65ad41a79da1a0c1050c55b4: Time spent bootstrapping tablet: real 0.279s user 0.005s sys 0.016s
I0619 00:11:49.185009 25725 tablet_bootstrap.cc:578] T e3708e05f6054306b5bf7f1df2140e3d P 10bda0b4856f4441b5aed24cdc4764a8: No blocks or log segments found. Creating new log.
I0619 00:11:49.185745 25724 ts_tablet_manager.cc:1073] T fc22ad98ed2e4e3eb2c62360626a6f87 P 395763cf325d4ce19859830a7ad35c85: Time spent starting tablet: real 0.024s user 0.004s sys 0.000s
I0619 00:11:49.186944 25071 catalog_manager.cc:3091] TS 395763cf325d4ce19859830a7ad35c85 (127.24.119.3:39344): tablet baf80fd968c44e679987eb4ebe4473de (table default.table_5e925f129a1043b7ab80c112a0ee33e0 [id=eeb1072dfe27492990409ab910065b9c]) successfully deleted
I0619 00:11:49.187113 25724 ts_tablet_manager.cc:1028] T fb8e94875a8347a0a473c95a77c38795 P 395763cf325d4ce19859830a7ad35c85: Bootstrapping tablet
I0619 00:11:49.187451 25724 tablet_bootstrap.cc:427] T fb8e94875a8347a0a473c95a77c38795 P 395763cf325d4ce19859830a7ad35c85: Bootstrap starting.
I0619 00:11:49.188335 25067 catalog_manager.cc:3113] Sending DeleteTablet(TABLET_DATA_DELETED) for tablet baf80fd968c44e679987eb4ebe4473de on c007a00e65ad41a79da1a0c1050c55b4 (127.24.119.1:32951) (Table deleted at 2018-06-19 00:11:49 PDT)
I0619 00:11:49.189319 25336 tablet_service.cc:800] Processing DeleteTablet for tablet baf80fd968c44e679987eb4ebe4473de with delete_type TABLET_DATA_DELETED (Table deleted at 2018-06-19 00:11:49 PDT) from {username='jenkins'} at 127.24.119.1:46159
W0619 00:11:49.190277 25067 catalog_manager.cc:3083] TS c007a00e65ad41a79da1a0c1050c55b4 (127.24.119.1:32951): delete failed for tablet baf80fd968c44e679987eb4ebe4473de with error code TABLET_NOT_RUNNING: Already present: State transition of tablet baf80fd968c44e679987eb4ebe4473de already in progress: creating tablet
I0619 00:11:49.190501 25067 catalog_manager.cc:2891] Scheduling retry of baf80fd968c44e679987eb4ebe4473de Delete Tablet RPC for TS=c007a00e65ad41a79da1a0c1050c55b4 with a delay of 81 ms (attempt = 2)
I0619 00:11:49.190948 25724 tablet_bootstrap.cc:578] T fb8e94875a8347a0a473c95a77c38795 P 395763cf325d4ce19859830a7ad35c85: No blocks or log segments found. Creating new log.
I0619 00:11:49.193112 25067 catalog_manager.cc:2891] Scheduling retry of 72e28bc6b57442b782d8aa07e1152cf4 (table default.table_95a48b4d8a824265bb7291a68eb33dc3 [id=fa287205f19a461fa0ba005f9991513b]) Alter Table RPC with a delay of 98 ms (attempt = 3)
W0619 00:11:49.193357 25067 catalog_manager.cc:2910] Async tablet task 72e28bc6b57442b782d8aa07e1152cf4 (table default.table_95a48b4d8a824265bb7291a68eb33dc3 [id=fa287205f19a461fa0ba005f9991513b]) Alter Table RPC failed: Not found: failed to reset TS proxy: No leader found: Tablet 72e28bc6b57442b782d8aa07e1152cf4 consensus state has no leader
I0619 00:11:49.195454 25725 tablet_bootstrap.cc:427] T e3708e05f6054306b5bf7f1df2140e3d P 10bda0b4856f4441b5aed24cdc4764a8: No bootstrap required, opened a new log
I0619 00:11:49.195796 25725 ts_tablet_manager.cc:1045] T e3708e05f6054306b5bf7f1df2140e3d P 10bda0b4856f4441b5aed24cdc4764a8: Time spent bootstrapping tablet: real 0.020s user 0.005s sys 0.000s
I0619 00:11:49.196214 25736 ts_tablet_manager.cc:1382] T 6d6363f6403b4104b15b329ab7f0e483 P 10bda0b4856f4441b5aed24cdc4764a8: tablet deleted with delete type TABLET_DATA_DELETED: last-logged OpId 0.0
I0619 00:11:49.196442 25736 log.cc:986] T 6d6363f6403b4104b15b329ab7f0e483 P 10bda0b4856f4441b5aed24cdc4764a8: Deleting WAL directory at /data/somelongdirectorytoavoidrpathissues/src/kudutest/master-stress-test.0.HmsConfigurations_MasterStressTest.Test_0.1529392303277196-25052/minicluster-data/ts-1/wal/wals/6d6363f6403b4104b15b329ab7f0e483
I0619 00:11:49.196893 25736 ts_tablet_manager.cc:1403] T 6d6363f6403b4104b15b329ab7f0e483 P 10bda0b4856f4441b5aed24cdc4764a8: Deleting consensus metadata
I0619 00:11:49.197105 25725 raft_consensus.cc:325] T e3708e05f6054306b5bf7f1df2140e3d P 10bda0b4856f4441b5aed24cdc4764a8 [term 0 FOLLOWER]: Replica starting. Triggering 0 pending transactions. Active config: opid_index: -1 OBSOLETE_local: false peers { permanent_uuid: "c007a00e65ad41a79da1a0c1050c55b4" member_type: VOTER last_known_addr { host: "127.24.119.1" port: 32951 } } peers { permanent_uuid: "10bda0b4856f4441b5aed24cdc4764a8" member_type: VOTER last_known_addr { host: "127.24.119.2" port: 38512 } } peers { permanent_uuid: "395763cf325d4ce19859830a7ad35c85" member_type: VOTER last_known_addr { host: "127.24.119.3" port: 39344 } }
I0619 00:11:49.197741 25725 raft_consensus.cc:351] T e3708e05f6054306b5bf7f1df2140e3d P 10bda0b4856f4441b5aed24cdc4764a8 [term 0 FOLLOWER]: Consensus starting up: Expiring failure detector timer to make a prompt election more likely
I0619 00:11:49.197921 25725 raft_consensus.cc:628] T e3708e05f6054306b5bf7f1df2140e3d P 10bda0b4856f4441b5aed24cdc4764a8 [term 0 FOLLOWER]: Becoming Follower/Learner. State: Replica: 10bda0b4856f4441b5aed24cdc4764a8, State: Initialized, Role: FOLLOWER
I0619 00:11:49.198519 25071 catalog_manager.cc:3091] TS 10bda0b4856f4441b5aed24cdc4764a8 (127.24.119.2:38512): tablet 6d6363f6403b4104b15b329ab7f0e483 (table default.table_7ea77d77ddd04410989cd2735133a5e5 [id=dd175630a9ac4af5aa17edcb7226e141]) successfully deleted
I0619 00:11:49.198365 25725 consensus_queue.cc:227] T e3708e05f6054306b5bf7f1df2140e3d P 10bda0b4856f4441b5aed24cdc4764a8 [NON_LEADER]: Queue going to NON_LEADER mode. State: All replicated index: 0, Majority replicated index: 0, Committed index: 0, Last appended: 0.0, Last appended by leader: 0, Current term: 0, Majority size: -1, State: 0, Mode: NON_LEADER, active raft config: opid_index: -1 OBSOLETE_local: false peers { permanent_uuid: "c007a00e65ad41a79da1a0c1050c55b4" member_type: VOTER last_known_addr { host: "127.24.119.1" port: 32951 } } peers { permanent_uuid: "10bda0b4856f4441b5aed24cdc4764a8" member_type: VOTER last_known_addr { host: "127.24.119.2" port: 38512 } } peers { permanent_uuid: "395763cf325d4ce19859830a7ad35c85" member_type: VOTER last_known_addr { host: "127.24.119.3" port: 39344 } }
W0619 00:11:49.201428 25536 heartbeater.cc:587] Failed to heartbeat to 127.24.119.61:46325: Network error: Failed to ping master at 127.24.119.61:46325: Client connection negotiation failed: client connection to 127.24.119.61:46325: connect: Connection refused (error 111)
I0619 00:11:49.201629 25087 catalog_manager.cc:3881] TS 10bda0b4856f4441b5aed24cdc4764a8 (127.24.119.2:38512) does not have the latest schema for tablet e3708e05f6054306b5bf7f1df2140e3d (table default.table_514667669c72462a95c41b6bb68dc0fe [id=47a2f8c4d1f748a69c2bb0416bdb87e4]). Expected version 1 got 0
I0619 00:11:49.202284 25725 ts_tablet_manager.cc:1073] T e3708e05f6054306b5bf7f1df2140e3d P 10bda0b4856f4441b5aed24cdc4764a8: Time spent starting tablet: real 0.006s user 0.003s sys 0.001s
I0619 00:11:49.202365 25087 catalog_manager.cc:2891] Scheduling retry of e3708e05f6054306b5bf7f1df2140e3d (table default.table_514667669c72462a95c41b6bb68dc0fe [id=47a2f8c4d1f748a69c2bb0416bdb87e4]) Alter Table RPC with a delay of 62 ms (attempt = 1)
W0619 00:11:49.202646 25087 catalog_manager.cc:3945] Failed to send e3708e05f6054306b5bf7f1df2140e3d (table default.table_514667669c72462a95c41b6bb68dc0fe [id=47a2f8c4d1f748a69c2bb0416bdb87e4]) Alter Table RPC: Not found: failed to reset TS proxy: No leader found: Tablet e3708e05f6054306b5bf7f1df2140e3d consensus state has no leader
W0619 00:11:49.204102 25536 heartbeater.cc:587] Failed to heartbeat to 127.24.119.61:46325: Network error: Failed to ping master at 127.24.119.61:46325: Client connection negotiation failed: client connection to 127.24.119.61:46325: connect: Connection refused (error 111)
I0619 00:11:49.205766 25724 tablet_bootstrap.cc:427] T fb8e94875a8347a0a473c95a77c38795 P 395763cf325d4ce19859830a7ad35c85: No bootstrap required, opened a new log
I0619 00:11:49.206080 25724 ts_tablet_manager.cc:1045] T fb8e94875a8347a0a473c95a77c38795 P 395763cf325d4ce19859830a7ad35c85: Time spent bootstrapping tablet: real 0.019s user 0.005s sys 0.005s
I0619 00:11:49.206835 25068 catalog_manager.cc:2891] Scheduling retry of fb8e94875a8347a0a473c95a77c38795 (table default.table_c297d9ff075944df87aac8f56d2f9d95 [id=41f48f0e1f87464eb43c5bf2a36f70ef]) Alter Table RPC with a delay of 259 ms (attempt = 5)
W0619 00:11:49.207105 25068 catalog_manager.cc:2910] Async tablet task fb8e94875a8347a0a473c95a77c38795 (table default.table_c297d9ff075944df87aac8f56d2f9d95 [id=41f48f0e1f87464eb43c5bf2a36f70ef]) Alter Table RPC failed: Not found: failed to reset TS proxy: No leader found: Tablet fb8e94875a8347a0a473c95a77c38795 consensus state has no leader
I0619 00:11:49.207530 25725 ts_tablet_manager.cc:1028] T dc04126054714196af6bdf7e771ffab0 P 10bda0b4856f4441b5aed24cdc4764a8: Bootstrapping tablet
I0619 00:11:49.207962 25725 tablet_bootstrap.cc:427] T dc04126054714196af6bdf7e771ffab0 P 10bda0b4856f4441b5aed24cdc4764a8: Bootstrap starting.
I0619 00:11:49.208104 25724 raft_consensus.cc:325] T fb8e94875a8347a0a473c95a77c38795 P 395763cf325d4ce19859830a7ad35c85 [term 0 FOLLOWER]: Replica starting. Triggering 0 pending transactions. Active config: opid_index: -1 OBSOLETE_local: false peers { permanent_uuid: "10bda0b4856f4441b5aed24cdc4764a8" member_type: VOTER last_known_addr { host: "127.24.119.2" port: 38512 } } peers { permanent_uuid: "c007a00e65ad41a79da1a0c1050c55b4" member_type: VOTER last_known_addr { host: "127.24.119.1" port: 32951 } } peers { permanent_uuid: "395763cf325d4ce19859830a7ad35c85" member_type: VOTER last_known_addr { host: "127.24.119.3" port: 39344 } }
I0619 00:11:49.208727 25724 raft_consensus.cc:351] T fb8e94875a8347a0a473c95a77c38795 P 395763cf325d4ce19859830a7ad35c85 [term 0 FOLLOWER]: Consensus starting up: Expiring failure detector timer to make a prompt election more likely
I0619 00:11:49.208933 25724 raft_consensus.cc:628] T fb8e94875a8347a0a473c95a77c38795 P 395763cf325d4ce19859830a7ad35c85 [term 0 FOLLOWER]: Becoming Follower/Learner. State: Replica: 395763cf325d4ce19859830a7ad35c85, State: Initialized, Role: FOLLOWER
I0619 00:11:49.209432 25724 consensus_queue.cc:227] T fb8e94875a8347a0a473c95a77c38795 P 395763cf325d4ce19859830a7ad35c85 [NON_LEADER]: Queue going to NON_LEADER mode. State: All replicated index: 0, Majority replicated index: 0, Committed index: 0, Last appended: 0.0, Last appended by leader: 0, Current term: 0, Majority size: -1, State: 0, Mode: NON_LEADER, active raft config: opid_index: -1 OBSOLETE_local: false peers { permanent_uuid: "10bda0b4856f4441b5aed24cdc4764a8" member_type: VOTER last_known_addr { host: "127.24.119.2" port: 38512 } } peers { permanent_uuid: "c007a00e65ad41a79da1a0c1050c55b4" member_type: VOTER last_known_addr { host: "127.24.119.1" port: 32951 } } peers { permanent_uuid: "395763cf325d4ce19859830a7ad35c85" member_type: VOTER last_known_addr { host: "127.24.119.3" port: 39344 } }
I0619 00:11:49.209983 25067 catalog_manager.cc:3113] Sending DeleteTablet(TABLET_DATA_DELETED) for tablet 6d6363f6403b4104b15b329ab7f0e483 on c007a00e65ad41a79da1a0c1050c55b4 (127.24.119.1:32951) (Table deleted at 2018-06-19 00:11:48 PDT)
I0619 00:11:49.210198 25725 tablet_bootstrap.cc:578] T dc04126054714196af6bdf7e771ffab0 P 10bda0b4856f4441b5aed24cdc4764a8: No blocks or log segments found. Creating new log.
I0619 00:11:49.211629 25336 tablet_service.cc:800] Processing DeleteTablet for tablet 6d6363f6403b4104b15b329ab7f0e483 with delete_type TABLET_DATA_DELETED (Table deleted at 2018-06-19 00:11:48 PDT) from {username='jenkins'} at 127.24.119.1:46159
W0619 00:11:49.212790 25067 catalog_manager.cc:3083] TS c007a00e65ad41a79da1a0c1050c55b4 (127.24.119.1:32951): delete failed for tablet 6d6363f6403b4104b15b329ab7f0e483 with error code TABLET_NOT_RUNNING: Already present: State transition of tablet 6d6363f6403b4104b15b329ab7f0e483 already in progress: creating tablet
I0619 00:11:49.213023 25067 catalog_manager.cc:2891] Scheduling retry of 6d6363f6403b4104b15b329ab7f0e483 Delete Tablet RPC for TS=c007a00e65ad41a79da1a0c1050c55b4 with a delay of 76 ms (attempt = 3)
W0619 00:11:49.213090 25668 heartbeater.cc:587] Failed to heartbeat to 127.24.119.61:46325: Network error: Failed to ping master at 127.24.119.61:46325: Client connection negotiation failed: client connection to 127.24.119.61:46325: connect: Connection refused (error 111)
W0619 00:11:49.213713 25071 catalog_manager.cc:3071] TS 10bda0b4856f4441b5aed24cdc4764a8 (127.24.119.2:38512): delete failed for tablet 6d6363f6403b4104b15b329ab7f0e483 because the tablet was not found. No further retry: Not found: Tablet not found: 6d6363f6403b4104b15b329ab7f0e483
I0619 00:11:49.214273 25087 catalog_manager.cc:3881] TS 395763cf325d4ce19859830a7ad35c85 (127.24.119.3:39344) does not have the latest schema for tablet fb8e94875a8347a0a473c95a77c38795 (table default.table_c297d9ff075944df87aac8f56d2f9d95 [id=41f48f0e1f87464eb43c5bf2a36f70ef]). Expected version 1 got 0
W0619 00:11:49.214751 25071 catalog_manager.cc:3071] TS 10bda0b4856f4441b5aed24cdc4764a8 (127.24.119.2:38512): delete failed for tablet 6d6363f6403b4104b15b329ab7f0e483 because the tablet was not found. No further retry: Not found: Tablet not found: 6d6363f6403b4104b15b329ab7f0e483
I0619 00:11:49.215039 25087 catalog_manager.cc:2891] Scheduling retry of fb8e94875a8347a0a473c95a77c38795 (table default.table_c297d9ff075944df87aac8f56d2f9d95 [id=41f48f0e1f87464eb43c5bf2a36f70ef]) Alter Table RPC with a delay of 19 ms (attempt = 1)
W0619 00:11:49.215381 25087 catalog_manager.cc:3945] Failed to send fb8e94875a8347a0a473c95a77c38795 (table default.table_c297d9ff075944df87aac8f56d2f9d95 [id=41f48f0e1f87464eb43c5bf2a36f70ef]) Alter Table RPC: Not found: failed to reset TS proxy: No leader found: Tablet fb8e94875a8347a0a473c95a77c38795 consensus state has no leader
W0619 00:11:49.215821 25071 catalog_manager.cc:3083] TS 10bda0b4856f4441b5aed24cdc4764a8 (127.24.119.2:38512): delete failed for tablet baf80fd968c44e679987eb4ebe4473de with error code TABLET_NOT_RUNNING: Already present: State transition of tablet baf80fd968c44e679987eb4ebe4473de already in progress: creating tablet
I0619 00:11:49.216058 25071 catalog_manager.cc:2891] Scheduling retry of baf80fd968c44e679987eb4ebe4473de Delete Tablet RPC for TS=10bda0b4856f4441b5aed24cdc4764a8 with a delay of 58 ms (attempt = 1)
W0619 00:11:49.216161 25067 catalog_manager.cc:2910] Async tablet task baf80fd968c44e679987eb4ebe4473de (table default.table_5e925f129a1043b7ab80c112a0ee33e0 [id=eeb1072dfe27492990409ab910065b9c]) Alter Table RPC failed: Not found: failed to reset TS proxy: No leader found: Tablet baf80fd968c44e679987eb4ebe4473de consensus state has no leader
W0619 00:11:49.217375 25668 heartbeater.cc:587] Failed to heartbeat to 127.24.119.61:46325: Network error: Failed to ping master at 127.24.119.61:46325: Client connection negotiation failed: client connection to 127.24.119.61:46325: connect: Connection refused (error 111)
I0619 00:11:49.219380 25087 catalog_manager.cc:3881] TS 395763cf325d4ce19859830a7ad35c85 (127.24.119.3:39344) does not have the latest schema for tablet fb8e94875a8347a0a473c95a77c38795 (table default.table_c297d9ff075944df87aac8f56d2f9d95 [id=41f48f0e1f87464eb43c5bf2a36f70ef]). Expected version 1 got 0
I0619 00:11:49.220126 25087 catalog_manager.cc:2891] Scheduling retry of fb8e94875a8347a0a473c95a77c38795 (table default.table_c297d9ff075944df87aac8f56d2f9d95 [id=41f48f0e1f87464eb43c5bf2a36f70ef]) Alter Table RPC with a delay of 48 ms (attempt = 1)
W0619 00:11:49.220454 25087 catalog_manager.cc:3945] Failed to send fb8e94875a8347a0a473c95a77c38795 (table default.table_c297d9ff075944df87aac8f56d2f9d95 [id=41f48f0e1f87464eb43c5bf2a36f70ef]) Alter Table RPC: Not found: failed to reset TS proxy: No leader found: Tablet fb8e94875a8347a0a473c95a77c38795 consensus state has no leader
I0619 00:11:49.221905 25727 raft_consensus.cc:325] T 7507676a768e421dac27fe524538e0bb P c007a00e65ad41a79da1a0c1050c55b4 [term 0 FOLLOWER]: Replica starting. Triggering 0 pending transactions. Active config: opid_index: -1 OBSOLETE_local: false peers { permanent_uuid: "395763cf325d4ce19859830a7ad35c85" member_type: VOTER last_known_addr { host: "127.24.119.3" port: 39344 } } peers { permanent_uuid: "10bda0b4856f4441b5aed24cdc4764a8" member_type: VOTER last_known_addr { host: "127.24.119.2" port: 38512 } } peers { permanent_uuid: "c007a00e65ad41a79da1a0c1050c55b4" member_type: VOTER last_known_addr { host: "127.24.119.1" port: 32951 } }
I0619 00:11:49.222751 25727 raft_consensus.cc:351] T 7507676a768e421dac27fe524538e0bb P c007a00e65ad41a79da1a0c1050c55b4 [term 0 FOLLOWER]: Consensus starting up: Expiring failure detector timer to make a prompt election more likely
I0619 00:11:49.222951 25727 raft_consensus.cc:628] T 7507676a768e421dac27fe524538e0bb P c007a00e65ad41a79da1a0c1050c55b4 [term 0 FOLLOWER]: Becoming Follower/Learner. State: Replica: c007a00e65ad41a79da1a0c1050c55b4, State: Initialized, Role: FOLLOWER
I0619 00:11:49.223289 25724 ts_tablet_manager.cc:1073] T fb8e94875a8347a0a473c95a77c38795 P 395763cf325d4ce19859830a7ad35c85: Time spent starting tablet: real 0.017s user 0.003s sys 0.000s
I0619 00:11:49.223678 25724 ts_tablet_manager.cc:1028] T 60dfd91c98d94bfbbc6416268c65c378 P 395763cf325d4ce19859830a7ad35c85: Bootstrapping tablet
I0619 00:11:49.224030 25724 tablet_bootstrap.cc:427] T 60dfd91c98d94bfbbc6416268c65c378 P 395763cf325d4ce19859830a7ad35c85: Bootstrap starting.
I0619 00:11:49.226235 25724 tablet_bootstrap.cc:578] T 60dfd91c98d94bfbbc6416268c65c378 P 395763cf325d4ce19859830a7ad35c85: No blocks or log segments found. Creating new log.
W0619 00:11:49.135355 25683 outbound_call.cc:287] RPC callback for RPC call kudu.master.MasterService.AlterTable -> {remote=127.24.119.62:37587, user_credentials={real_user=jenkins}} blocked reactor thread for 45124.8us
I0619 00:11:49.232105 25725 tablet_bootstrap.cc:427] T dc04126054714196af6bdf7e771ffab0 P 10bda0b4856f4441b5aed24cdc4764a8: No bootstrap required, opened a new log
I0619 00:11:49.232430 25725 ts_tablet_manager.cc:1045] T dc04126054714196af6bdf7e771ffab0 P 10bda0b4856f4441b5aed24cdc4764a8: Time spent bootstrapping tablet: real 0.025s user 0.002s sys 0.007s
I0619 00:11:49.232395 25084 catalog_manager.cc:1731] Servicing DeleteTable request from {username='jenkins'} at 127.24.119.62:54390: table { table_name: "default.table_9bbf1c0d460e4aafa3551e40c25513c4" }
I0619 00:11:49.233353 25085 master_service.cc:523] ReplaceTablet: received request to replace tablet 7507676a768e421dac27fe524538e0bb from {username='jenkins'} at 127.24.119.62:54390
I0619 00:11:49.234447 25081 catalog_manager.cc:1339] Servicing CreateTable request from {username='jenkins'} at 127.24.119.62:54390: name: "default.table_15724e9cddcb457a8edaebf78d6afc15" schema { columns { name: "key" type: INT32 is_key: true is_nullable: false encoding: AUTO_ENCODING compression: DEFAULT_COMPRESSION cfile_block_size: 0 } } split_rows_range_bounds { } partition_schema { range_schema { columns { name: "key" } } }
W0619 00:11:49.235483 25081 catalog_manager.cc:1488] The number of live tablet servers is not enough to re-replicate a tablet replica of the newly created table default.table_15724e9cddcb457a8edaebf78d6afc15 in case of a replica failure: 4 tablet servers are needed, 3 are alive. Consider bringing up additional tablet server(s) or running both the masters and all tablet servers with --raft_prepare_replacement_before_eviction=false flag (not recommended).
I0619 00:11:49.235677 25069 catalog_manager.cc:2891] Scheduling retry of fb8e94875a8347a0a473c95a77c38795 (table default.table_c297d9ff075944df87aac8f56d2f9d95 [id=41f48f0e1f87464eb43c5bf2a36f70ef]) Alter Table RPC with a delay of 39 ms (attempt = 2)
W0619 00:11:49.235965 25069 catalog_manager.cc:2910] Async tablet task fb8e94875a8347a0a473c95a77c38795 (table default.table_c297d9ff075944df87aac8f56d2f9d95 [id=41f48f0e1f87464eb43c5bf2a36f70ef]) Alter Table RPC failed: Not found: failed to reset TS proxy: No leader found: Tablet fb8e94875a8347a0a473c95a77c38795 consensus state has no leader
I0619 00:11:49.234436 25086 master_service.cc:523] ReplaceTablet: received request to replace tablet a226a7e97a7e44af8301ed4e6363effb from {username='jenkins'} at 127.24.119.62:54390
I0619 00:11:49.234705 25727 consensus_queue.cc:227] T 7507676a768e421dac27fe524538e0bb P c007a00e65ad41a79da1a0c1050c55b4 [NON_LEADER]: Queue going to NON_LEADER mode. State: All replicated index: 0, Majority replicated index: 0, Committed index: 0, Last appended: 0.0, Last appended by leader: 0, Current term: 0, Majority size: -1, State: 0, Mode: NON_LEADER, active raft config: opid_index: -1 OBSOLETE_local: false peers { permanent_uuid: "395763cf325d4ce19859830a7ad35c85" member_type: VOTER last_known_addr { host: "127.24.119.3" port: 39344 } } peers { permanent_uuid: "10bda0b4856f4441b5aed24cdc4764a8" member_type: VOTER last_known_addr { host: "127.24.119.2" port: 38512 } } peers { permanent_uuid: "c007a00e65ad41a79da1a0c1050c55b4" member_type: VOTER last_known_addr { host: "127.24.119.1" port: 32951 } }
I0619 00:11:49.232522 25087 catalog_manager.cc:2136] Servicing AlterTable request from {username='jenkins'} at 127.24.119.62:54390: table { table_name: "default.table_c297d9ff075944df87aac8f56d2f9d95" } new_table_name: "default.table_84d38522d00a488c82a136b79665c4cd" alter_external_catalogs: true
I0619 00:11:49.233814 25725 raft_consensus.cc:325] T dc04126054714196af6bdf7e771ffab0 P 10bda0b4856f4441b5aed24cdc4764a8 [term 0 FOLLOWER]: Replica starting. Triggering 0 pending transactions. Active config: opid_index: -1 OBSOLETE_local: false peers { permanent_uuid: "10bda0b4856f4441b5aed24cdc4764a8" member_type: VOTER last_known_addr { host: "127.24.119.2" port: 38512 } } peers { permanent_uuid: "c007a00e65ad41a79da1a0c1050c55b4" member_type: VOTER last_known_addr { host: "127.24.119.1" port: 32951 } } peers { permanent_uuid: "395763cf325d4ce19859830a7ad35c85" member_type: VOTER last_known_addr { host: "127.24.119.3" port: 39344 } }
I0619 00:11:49.238091 25080 catalog_manager.cc:1339] Servicing CreateTable request from {username='jenkins'} at 127.24.119.62:54390: name: "default.table_dda28a7d27fb424e8e0e9f6657a52c6c" schema { columns { name: "key" type: INT32 is_key: true is_nullable: false encoding: AUTO_ENCODING compression: DEFAULT_COMPRESSION cfile_block_size: 0 } } split_rows_range_bounds { } partition_schema { range_schema { columns { name: "key" } } }
I0619 00:11:49.238626 25725 raft_consensus.cc:351] T dc04126054714196af6bdf7e771ffab0 P 10bda0b4856f4441b5aed24cdc4764a8 [term 0 FOLLOWER]: Consensus starting up: Expiring failure detector timer to make a prompt election more likely
I0619 00:11:49.238926 25725 raft_consensus.cc:628] T dc04126054714196af6bdf7e771ffab0 P 10bda0b4856f4441b5aed24cdc4764a8 [term 0 FOLLOWER]: Becoming Follower/Learner. State: Replica: 10bda0b4856f4441b5aed24cdc4764a8, State: Initialized, Role: FOLLOWER
W0619 00:11:49.239112 25080 catalog_manager.cc:1488] The number of live tablet servers is not enough to re-replicate a tablet replica of the newly created table default.table_dda28a7d27fb424e8e0e9f6657a52c6c in case of a replica failure: 4 tablet servers are needed, 3 are alive. Consider bringing up additional tablet server(s) or running both the masters and all tablet servers with --raft_prepare_replacement_before_eviction=false flag (not recommended).
