W0619 00:11:51.778931 25067 catalog_manager.cc:2910] Async tablet task d62715e230154e2abe126ef97feec7ce (table default.table_24cb60c44bca436082a96bb044ee559b [id=fa287205f19a461fa0ba005f9991513b]) Alter Table RPC failed: Not found: failed to reset TS proxy: No leader found: Tablet d62715e230154e2abe126ef97feec7ce consensus state has no leader
I0619 00:11:51.778946 25323 ts_tablet_manager.cc:1173] T a284677c4b7f46e18e25edee6024e3eb P c007a00e65ad41a79da1a0c1050c55b4: Registered tablet (data state: TABLET_DATA_READY)
W0619 00:11:51.779080 25069 catalog_manager.cc:2910] Async tablet task 3722b203a516466489c74ef6013eacae (table default.table_fb89f806be98424aa43bd01b3f816a80 [id=a17737f9d2924cc09f372527fb91188b]) Alter Table RPC failed: Not found: failed to reset TS proxy: No leader found: Tablet 3722b203a516466489c74ef6013eacae consensus state has no leader
I0619 00:11:51.779955 25336 tablet_service.cc:759] Processing CreateTablet for tablet 54373917567a479d93dc8a3fd006d2fe (table=default.table_ec99a1cc9ff4419bbcdd5d5faa6a12b3 [id=5492a3d5ab3043a9bd457df3426fb2d1]), partition=RANGE (key) PARTITION UNBOUNDED
I0619 00:11:51.780549 25336 data_dirs.cc:934] Could only allocate 1 dirs of requested 3 for tablet 54373917567a479d93dc8a3fd006d2fe. 1 dirs total, 0 dirs full, 0 dirs failed
I0619 00:11:51.780732 25724 tablet_bootstrap.cc:427] T 075076aaa16e4ea8a596a7a8c52f103e P 395763cf325d4ce19859830a7ad35c85: No bootstrap required, opened a new log
I0619 00:11:51.780848 25081 catalog_manager.cc:1731] Servicing DeleteTable request from {username='jenkins'} at 127.24.119.62:54390: table { table_name: "default.table_ec99a1cc9ff4419bbcdd5d5faa6a12b3" }
I0619 00:11:51.781054 25724 ts_tablet_manager.cc:1045] T 075076aaa16e4ea8a596a7a8c52f103e P 395763cf325d4ce19859830a7ad35c85: Time spent bootstrapping tablet: real 0.065s user 0.003s sys 0.001s
I0619 00:11:51.782400 25724 raft_consensus.cc:325] T 075076aaa16e4ea8a596a7a8c52f103e P 395763cf325d4ce19859830a7ad35c85 [term 0 FOLLOWER]: Replica starting. Triggering 0 pending transactions. Active config: opid_index: -1 OBSOLETE_local: false peers { permanent_uuid: "10bda0b4856f4441b5aed24cdc4764a8" member_type: VOTER last_known_addr { host: "127.24.119.2" port: 38512 } } peers { permanent_uuid: "c007a00e65ad41a79da1a0c1050c55b4" member_type: VOTER last_known_addr { host: "127.24.119.1" port: 32951 } } peers { permanent_uuid: "395763cf325d4ce19859830a7ad35c85" member_type: VOTER last_known_addr { host: "127.24.119.3" port: 39344 } }
I0619 00:11:51.783222 25724 raft_consensus.cc:351] T 075076aaa16e4ea8a596a7a8c52f103e P 395763cf325d4ce19859830a7ad35c85 [term 0 FOLLOWER]: Consensus starting up: Expiring failure detector timer to make a prompt election more likely
I0619 00:11:51.783430 25724 raft_consensus.cc:628] T 075076aaa16e4ea8a596a7a8c52f103e P 395763cf325d4ce19859830a7ad35c85 [term 0 FOLLOWER]: Becoming Follower/Learner. State: Replica: 395763cf325d4ce19859830a7ad35c85, State: Initialized, Role: FOLLOWER
I0619 00:11:51.783864 25741 ts_tablet_manager.cc:1369] T 53688f0e4a604bc4a07dec9278a8dad6 P c007a00e65ad41a79da1a0c1050c55b4: Deleting tablet data with delete state TABLET_DATA_DELETED
I0619 00:11:51.783973 25724 consensus_queue.cc:227] T 075076aaa16e4ea8a596a7a8c52f103e P 395763cf325d4ce19859830a7ad35c85 [NON_LEADER]: Queue going to NON_LEADER mode. State: All replicated index: 0, Majority replicated index: 0, Committed index: 0, Last appended: 0.0, Last appended by leader: 0, Current term: 0, Majority size: -1, State: 0, Mode: NON_LEADER, active raft config: opid_index: -1 OBSOLETE_local: false peers { permanent_uuid: "10bda0b4856f4441b5aed24cdc4764a8" member_type: VOTER last_known_addr { host: "127.24.119.2" port: 38512 } } peers { permanent_uuid: "c007a00e65ad41a79da1a0c1050c55b4" member_type: VOTER last_known_addr { host: "127.24.119.1" port: 32951 } } peers { permanent_uuid: "395763cf325d4ce19859830a7ad35c85" member_type: VOTER last_known_addr { host: "127.24.119.3" port: 39344 } }
W0619 00:11:51.787194 25668 heartbeater.cc:587] Failed to heartbeat to 127.24.119.61:46325: Network error: Failed to ping master at 127.24.119.61:46325: Client connection negotiation failed: client connection to 127.24.119.61:46325: connect: Connection refused (error 111)
I0619 00:11:51.788031 25748 fs_manager.cc:397] Time spent opening directory manager: real 0.040s user 0.002s sys 0.002s
I0619 00:11:51.789657 25748 env_posix.cc:1674] Not raising this process' open files per process limit of 32768; it is already as high as it can go
W0619 00:11:51.790833 25668 heartbeater.cc:587] Failed to heartbeat to 127.24.119.61:46325: Network error: Failed to ping master at 127.24.119.61:46325: Client connection negotiation failed: client connection to 127.24.119.61:46325: connect: Connection refused (error 111)
I0619 00:11:51.791223 25748 file_cache.cc:470] Constructed file cache lbm with capacity 13107
I0619 00:11:51.798185 25080 catalog_manager.cc:3881] TS 395763cf325d4ce19859830a7ad35c85 (127.24.119.3:39344) does not have the latest schema for tablet 075076aaa16e4ea8a596a7a8c52f103e (table default.table_c74748783ca3450eb3c5c3397e03d506 [id=040c5029d5054cc48c9f066058cb6a45]). Expected version 1 got 0
I0619 00:11:51.799008 25080 catalog_manager.cc:2891] Scheduling retry of 075076aaa16e4ea8a596a7a8c52f103e (table default.table_c74748783ca3450eb3c5c3397e03d506 [id=040c5029d5054cc48c9f066058cb6a45]) Alter Table RPC with a delay of 38 ms (attempt = 1)
I0619 00:11:51.799808 25326 tablet_service.cc:759] Processing CreateTablet for tablet c244dec62a5b4ee492a9a110b656a561 (table=default.table_3b5e020c7a0148b48bc211eb1dc414ec [id=9f88d7e327314448a85e60f6aa682490]), partition=RANGE (key) PARTITION UNBOUNDED
I0619 00:11:51.800451 25326 data_dirs.cc:934] Could only allocate 1 dirs of requested 3 for tablet c244dec62a5b4ee492a9a110b656a561. 1 dirs total, 0 dirs full, 0 dirs failed
I0619 00:11:51.800572 25727 tablet_bootstrap.cc:427] T 292b164659e343158de8e7e3eeb9be31 P c007a00e65ad41a79da1a0c1050c55b4: No bootstrap required, opened a new log
I0619 00:11:51.800927 25727 ts_tablet_manager.cc:1045] T 292b164659e343158de8e7e3eeb9be31 P c007a00e65ad41a79da1a0c1050c55b4: Time spent bootstrapping tablet: real 0.149s user 0.004s sys 0.000s
I0619 00:11:51.802222 25727 raft_consensus.cc:325] T 292b164659e343158de8e7e3eeb9be31 P c007a00e65ad41a79da1a0c1050c55b4 [term 0 FOLLOWER]: Replica starting. Triggering 0 pending transactions. Active config: opid_index: -1 OBSOLETE_local: false peers { permanent_uuid: "c007a00e65ad41a79da1a0c1050c55b4" member_type: VOTER last_known_addr { host: "127.24.119.1" port: 32951 } } peers { permanent_uuid: "10bda0b4856f4441b5aed24cdc4764a8" member_type: VOTER last_known_addr { host: "127.24.119.2" port: 38512 } } peers { permanent_uuid: "395763cf325d4ce19859830a7ad35c85" member_type: VOTER last_known_addr { host: "127.24.119.3" port: 39344 } }
I0619 00:11:51.802831 25727 raft_consensus.cc:351] T 292b164659e343158de8e7e3eeb9be31 P c007a00e65ad41a79da1a0c1050c55b4 [term 0 FOLLOWER]: Consensus starting up: Expiring failure detector timer to make a prompt election more likely
I0619 00:11:51.802875 25330 tablet_service.cc:800] Processing DeleteTablet for tablet aaf62da07a9740c1aa44359d3f604513 with delete_type TABLET_DATA_DELETED (Table deleted at 2018-06-19 00:11:51 PDT) from {username='jenkins'} at 127.24.119.1:46159
I0619 00:11:51.804750 25071 catalog_manager.cc:2891] Scheduling retry of 3722b203a516466489c74ef6013eacae (table default.table_fb89f806be98424aa43bd01b3f816a80 [id=a17737f9d2924cc09f372527fb91188b]) Alter Table RPC with a delay of 67 ms (attempt = 2)
W0619 00:11:51.805060 25071 catalog_manager.cc:2910] Async tablet task 3722b203a516466489c74ef6013eacae (table default.table_fb89f806be98424aa43bd01b3f816a80 [id=a17737f9d2924cc09f372527fb91188b]) Alter Table RPC failed: Not found: failed to reset TS proxy: No leader found: Tablet 3722b203a516466489c74ef6013eacae consensus state has no leader
I0619 00:11:51.805392 25071 catalog_manager.cc:3113] Sending DeleteTablet(TABLET_DATA_DELETED) for tablet 53688f0e4a604bc4a07dec9278a8dad6 on 10bda0b4856f4441b5aed24cdc4764a8 (127.24.119.2:38512) (Table deleted at 2018-06-19 00:11:50 PDT)
I0619 00:11:51.806277 25087 catalog_manager.cc:1339] Servicing CreateTable request from {username='jenkins'} at 127.24.119.62:54390: name: "default.table_14bc9661c33c47beab02a4d149b07c42" schema { columns { name: "key" type: INT32 is_key: true is_nullable: false encoding: AUTO_ENCODING compression: DEFAULT_COMPRESSION cfile_block_size: 0 } } split_rows_range_bounds { } partition_schema { range_schema { columns { name: "key" } } }
I0619 00:11:51.806738 25323 tablet_service.cc:800] Processing DeleteTablet for tablet 4c0614e9ed96420886243a6868f2e75e with delete_type TABLET_DATA_DELETED (Table deleted at 2018-06-19 00:11:49 PDT) from {username='jenkins'} at 127.24.119.1:46159
W0619 00:11:51.806726 25080 catalog_manager.cc:3945] Failed to send 075076aaa16e4ea8a596a7a8c52f103e (table default.table_c74748783ca3450eb3c5c3397e03d506 [id=040c5029d5054cc48c9f066058cb6a45]) Alter Table RPC: Not found: failed to reset TS proxy: No leader found: Tablet 075076aaa16e4ea8a596a7a8c52f103e consensus state has no leader
W0619 00:11:51.807173 25087 catalog_manager.cc:1488] The number of live tablet servers is not enough to re-replicate a tablet replica of the newly created table default.table_14bc9661c33c47beab02a4d149b07c42 in case of a replica failure: 4 tablet servers are needed, 3 are alive. Consider bringing up additional tablet server(s) or running both the masters and all tablet servers with --raft_prepare_replacement_before_eviction=false flag (not recommended).
I0619 00:11:51.808810 25807 raft_consensus.cc:457] T 36f5eec972454080b7b434b4df7e62e3 P c007a00e65ad41a79da1a0c1050c55b4 [term 0 FOLLOWER]: Starting pre-election (no leader contacted us within the election timeout)
I0619 00:11:51.809042 25807 raft_consensus.cc:2732] T 36f5eec972454080b7b434b4df7e62e3 P c007a00e65ad41a79da1a0c1050c55b4: Snoozing failure detection for 1.920s (starting election)
I0619 00:11:51.809274 25807 raft_consensus.cc:479] T 36f5eec972454080b7b434b4df7e62e3 P c007a00e65ad41a79da1a0c1050c55b4 [term 0 FOLLOWER]: Starting pre-election with config: opid_index: -1 OBSOLETE_local: false peers { permanent_uuid: "c007a00e65ad41a79da1a0c1050c55b4" member_type: VOTER last_known_addr { host: "127.24.119.1" port: 32951 } } peers { permanent_uuid: "10bda0b4856f4441b5aed24cdc4764a8" member_type: VOTER last_known_addr { host: "127.24.119.2" port: 38512 } } peers { permanent_uuid: "395763cf325d4ce19859830a7ad35c85" member_type: VOTER last_known_addr { host: "127.24.119.3" port: 39344 } }
I0619 00:11:51.810204 25807 leader_election.cc:243] T 36f5eec972454080b7b434b4df7e62e3 P c007a00e65ad41a79da1a0c1050c55b4 [CANDIDATE]: Term 1 pre-election: Requesting pre-vote from peer 10bda0b4856f4441b5aed24cdc4764a8 (127.24.119.2:38512)
I0619 00:11:51.810565 25807 leader_election.cc:243] T 36f5eec972454080b7b434b4df7e62e3 P c007a00e65ad41a79da1a0c1050c55b4 [CANDIDATE]: Term 1 pre-election: Requesting pre-vote from peer 395763cf325d4ce19859830a7ad35c85 (127.24.119.3:39344)
I0619 00:11:51.813426 25847 raft_consensus.cc:457] T 35acf55f35064c1491122a13ff9f5744 P 10bda0b4856f4441b5aed24cdc4764a8 [term 0 FOLLOWER]: Starting pre-election (no leader contacted us within the election timeout)
I0619 00:11:51.813731 25847 raft_consensus.cc:2732] T 35acf55f35064c1491122a13ff9f5744 P 10bda0b4856f4441b5aed24cdc4764a8: Snoozing failure detection for 2.165s (starting election)
I0619 00:11:51.814169 25354 raft_consensus.cc:2784] T 36f5eec972454080b7b434b4df7e62e3 P c007a00e65ad41a79da1a0c1050c55b4 [term 0 FOLLOWER]: Advancing to term 1
I0619 00:11:51.814129 25847 raft_consensus.cc:479] T 35acf55f35064c1491122a13ff9f5744 P 10bda0b4856f4441b5aed24cdc4764a8 [term 0 FOLLOWER]: Starting pre-election with config: opid_index: -1 OBSOLETE_local: false peers { permanent_uuid: "c007a00e65ad41a79da1a0c1050c55b4" member_type: VOTER last_known_addr { host: "127.24.119.1" port: 32951 } } peers { permanent_uuid: "10bda0b4856f4441b5aed24cdc4764a8" member_type: VOTER last_known_addr { host: "127.24.119.2" port: 38512 } } peers { permanent_uuid: "395763cf325d4ce19859830a7ad35c85" member_type: VOTER last_known_addr { host: "127.24.119.3" port: 39344 } }
I0619 00:11:51.815614 25847 leader_election.cc:243] T 35acf55f35064c1491122a13ff9f5744 P 10bda0b4856f4441b5aed24cdc4764a8 [CANDIDATE]: Term 1 pre-election: Requesting pre-vote from peer c007a00e65ad41a79da1a0c1050c55b4 (127.24.119.1:32951)
I0619 00:11:51.815595 25082 catalog_manager.cc:3663] Got report from deleted tablet acc89522b693498c987ca5d8ef8275ea (table default.table_00f27d6b83d24c4e8088e0b0ac0d0cca [id=01235cbfa38b48a9bbfbb0b4630c5d23]) (replaced by tablet 981d862d1bab4b14bb10e6fc2174e1cc): Sending delete request for this tablet
I0619 00:11:51.815801 25336 ts_tablet_manager.cc:1173] T 54373917567a479d93dc8a3fd006d2fe P c007a00e65ad41a79da1a0c1050c55b4: Registered tablet (data state: TABLET_DATA_READY)
I0619 00:11:51.816049 25847 leader_election.cc:243] T 35acf55f35064c1491122a13ff9f5744 P 10bda0b4856f4441b5aed24cdc4764a8 [CANDIDATE]: Term 1 pre-election: Requesting pre-vote from peer 395763cf325d4ce19859830a7ad35c85 (127.24.119.3:39344)
I0619 00:11:51.816578 25082 catalog_manager.cc:3113] Sending DeleteTablet(TABLET_DATA_DELETED) for tablet acc89522b693498c987ca5d8ef8275ea on 10bda0b4856f4441b5aed24cdc4764a8 (127.24.119.2:38512) (replaced by tablet 981d862d1bab4b14bb10e6fc2174e1cc)
I0619 00:11:51.817394 25489 tablet_service.cc:995] Received RequestConsensusVote() RPC: tablet_id: "36f5eec972454080b7b434b4df7e62e3" candidate_uuid: "c007a00e65ad41a79da1a0c1050c55b4" candidate_term: 1 candidate_status { last_received { term: 0 index: 0 } } ignore_live_leader: false dest_uuid: "10bda0b4856f4441b5aed24cdc4764a8" is_pre_election: true
I0619 00:11:51.817975 25489 raft_consensus.cc:2206] T 36f5eec972454080b7b434b4df7e62e3 P 10bda0b4856f4441b5aed24cdc4764a8 [term 1 LEADER]: Leader pre-election vote request: Denying vote to candidate c007a00e65ad41a79da1a0c1050c55b4 for term 1 because replica is either leader or believes a valid leader to be alive.
I0619 00:11:51.818171 25356 tablet_service.cc:995] Received RequestConsensusVote() RPC: tablet_id: "35acf55f35064c1491122a13ff9f5744" candidate_uuid: "10bda0b4856f4441b5aed24cdc4764a8" candidate_term: 1 candidate_status { last_received { term: 0 index: 0 } } ignore_live_leader: false dest_uuid: "c007a00e65ad41a79da1a0c1050c55b4" is_pre_election: true
W0619 00:11:51.819988 25419 leader_election.cc:306] T 35acf55f35064c1491122a13ff9f5744 P 10bda0b4856f4441b5aed24cdc4764a8 [CANDIDATE]: Term 1 pre-election: Tablet error from VoteRequest() call to peer c007a00e65ad41a79da1a0c1050c55b4 (127.24.119.1:32951): Illegal state: must be running to vote when last-logged opid is not known
I0619 00:11:51.819749 25796 consensus_queue.cc:963] T 36f5eec972454080b7b434b4df7e62e3 P 10bda0b4856f4441b5aed24cdc4764a8 [LEADER]: Connected to new peer: Peer: permanent_uuid: "395763cf325d4ce19859830a7ad35c85" member_type: VOTER last_known_addr { host: "127.24.119.3" port: 39344 }, Status: LMP_MISMATCH, Last received: 0.0, Next index: 1, Last known committed idx: 0, Time since last communication: 0.001s
I0619 00:11:51.820575 25725 tablet_bootstrap.cc:578] T cb57d196f0724247b6a7f9a34be8377a P 10bda0b4856f4441b5aed24cdc4764a8: No blocks or log segments found. Creating new log.
I0619 00:11:51.821878 25354 raft_consensus.cc:1081] T 36f5eec972454080b7b434b4df7e62e3 P c007a00e65ad41a79da1a0c1050c55b4 [term 1 FOLLOWER]: Refusing update from remote peer 10bda0b4856f4441b5aed24cdc4764a8: Log matching property violated. Preceding OpId in replica: term: 0 index: 0. Preceding OpId from leader: term: 1 index: 2. (index mismatch)
I0619 00:11:51.822136 25727 raft_consensus.cc:628] T 292b164659e343158de8e7e3eeb9be31 P c007a00e65ad41a79da1a0c1050c55b4 [term 0 FOLLOWER]: Becoming Follower/Learner. State: Replica: c007a00e65ad41a79da1a0c1050c55b4, State: Initialized, Role: FOLLOWER
I0619 00:11:51.822715 25727 consensus_queue.cc:227] T 292b164659e343158de8e7e3eeb9be31 P c007a00e65ad41a79da1a0c1050c55b4 [NON_LEADER]: Queue going to NON_LEADER mode. State: All replicated index: 0, Majority replicated index: 0, Committed index: 0, Last appended: 0.0, Last appended by leader: 0, Current term: 0, Majority size: -1, State: 0, Mode: NON_LEADER, active raft config: opid_index: -1 OBSOLETE_local: false peers { permanent_uuid: "c007a00e65ad41a79da1a0c1050c55b4" member_type: VOTER last_known_addr { host: "127.24.119.1" port: 32951 } } peers { permanent_uuid: "10bda0b4856f4441b5aed24cdc4764a8" member_type: VOTER last_known_addr { host: "127.24.119.2" port: 38512 } } peers { permanent_uuid: "395763cf325d4ce19859830a7ad35c85" member_type: VOTER last_known_addr { host: "127.24.119.3" port: 39344 } }
I0619 00:11:51.823279 25796 consensus_queue.cc:963] T 36f5eec972454080b7b434b4df7e62e3 P 10bda0b4856f4441b5aed24cdc4764a8 [LEADER]: Connected to new peer: Peer: permanent_uuid: "c007a00e65ad41a79da1a0c1050c55b4" member_type: VOTER last_known_addr { host: "127.24.119.1" port: 32951 }, Status: LMP_MISMATCH, Last received: 0.0, Next index: 1, Last known committed idx: 0, Time since last communication: 0.000s
I0619 00:11:51.826097 25736 ts_tablet_manager.cc:1369] T aaf62da07a9740c1aa44359d3f604513 P 10bda0b4856f4441b5aed24cdc4764a8: Deleting tablet data with delete state TABLET_DATA_DELETED
I0619 00:11:51.827044 25080 catalog_manager.cc:3881] TS 395763cf325d4ce19859830a7ad35c85 (127.24.119.3:39344) does not have the latest schema for tablet 075076aaa16e4ea8a596a7a8c52f103e (table default.table_c74748783ca3450eb3c5c3397e03d506 [id=040c5029d5054cc48c9f066058cb6a45]). Expected version 1 got 0
I0619 00:11:51.827775 25080 catalog_manager.cc:2891] Scheduling retry of 075076aaa16e4ea8a596a7a8c52f103e (table default.table_c74748783ca3450eb3c5c3397e03d506 [id=040c5029d5054cc48c9f066058cb6a45]) Alter Table RPC with a delay of 24 ms (attempt = 1)
W0619 00:11:51.828161 25080 catalog_manager.cc:3945] Failed to send 075076aaa16e4ea8a596a7a8c52f103e (table default.table_c74748783ca3450eb3c5c3397e03d506 [id=040c5029d5054cc48c9f066058cb6a45]) Alter Table RPC: Not found: failed to reset TS proxy: No leader found: Tablet 075076aaa16e4ea8a596a7a8c52f103e consensus state has no leader
I0619 00:11:51.829154 25082 catalog_manager.cc:3663] Got report from deleted tablet 292b164659e343158de8e7e3eeb9be31 (table default.table_4c17e965f551446d965e5fa1499cad9a [id=e2a7900f428948bab0aefd132d8874d4]) (replaced by tablet ee4c4769f75141f9b2ef864ab8a8d9e0): Sending delete request for this tablet
I0619 00:11:51.831459 25470 tablet_service.cc:800] Processing DeleteTablet for tablet aaf62da07a9740c1aa44359d3f604513 with delete_type TABLET_DATA_DELETED (Table deleted at 2018-06-19 00:11:51 PDT) from {username='jenkins'} at 127.24.119.2:51757
I0619 00:11:51.829879 25082 catalog_manager.cc:3113] Sending DeleteTablet(TABLET_DATA_DELETED) for tablet 292b164659e343158de8e7e3eeb9be31 on c007a00e65ad41a79da1a0c1050c55b4 (127.24.119.1:32951) (replaced by tablet ee4c4769f75141f9b2ef864ab8a8d9e0)
I0619 00:11:51.836261 25470 tablet_service.cc:800] Processing DeleteTablet for tablet 7f60ea5c5def47ee846d0186bbc90c18 with delete_type TABLET_DATA_DELETED (Table deleted at 2018-06-19 00:11:50 PDT) from {username='jenkins'} at 127.24.119.2:51757
I0619 00:11:51.838716 25727 ts_tablet_manager.cc:1073] T 292b164659e343158de8e7e3eeb9be31 P c007a00e65ad41a79da1a0c1050c55b4: Time spent starting tablet: real 0.038s user 0.004s sys 0.000s
I0619 00:11:51.839092 25464 ts_tablet_manager.cc:1173] T c244dec62a5b4ee492a9a110b656a561 P 10bda0b4856f4441b5aed24cdc4764a8: Registered tablet (data state: TABLET_DATA_READY)
I0619 00:11:51.839221 25727 ts_tablet_manager.cc:1028] T 3b80a302aacb418091aee54ab4be7249 P c007a00e65ad41a79da1a0c1050c55b4: Bootstrapping tablet
I0619 00:11:51.839323 25069 catalog_manager.cc:2891] Scheduling retry of 075076aaa16e4ea8a596a7a8c52f103e (table default.table_c74748783ca3450eb3c5c3397e03d506 [id=040c5029d5054cc48c9f066058cb6a45]) Alter Table RPC with a delay of 40 ms (attempt = 2)
W0619 00:11:51.839593 25069 catalog_manager.cc:2910] Async tablet task 075076aaa16e4ea8a596a7a8c52f103e (table default.table_c74748783ca3450eb3c5c3397e03d506 [id=040c5029d5054cc48c9f066058cb6a45]) Alter Table RPC failed: Not found: failed to reset TS proxy: No leader found: Tablet 075076aaa16e4ea8a596a7a8c52f103e consensus state has no leader
I0619 00:11:51.840272 25081 catalog_manager.cc:4025] T 00000000000000000000000000000000 P cb25d1bba5bf4c64914f300f122ec898: Sending DeleteTablet for 3 replicas of tablet 54373917567a479d93dc8a3fd006d2fe
I0619 00:11:51.840610 25081 catalog_manager.cc:3113] Sending DeleteTablet(TABLET_DATA_DELETED) for tablet 54373917567a479d93dc8a3fd006d2fe on c007a00e65ad41a79da1a0c1050c55b4 (127.24.119.1:32951) (Table deleted at 2018-06-19 00:11:51 PDT)
I0619 00:11:51.834925 25071 catalog_manager.cc:2891] Scheduling retry of 19ad911ec6704aef85d9b7f172f08bdc (table default.table_5a3f045aae58498688f23e73d119682e [id=9306f61885914c84acf74557c89d2c81]) Alter Table RPC with a delay of 94 ms (attempt = 3)
I0619 00:11:51.841042 25081 catalog_manager.cc:3113] Sending DeleteTablet(TABLET_DATA_DELETED) for tablet 54373917567a479d93dc8a3fd006d2fe on 10bda0b4856f4441b5aed24cdc4764a8 (127.24.119.2:38512) (Table deleted at 2018-06-19 00:11:51 PDT)
W0619 00:11:51.841135 25071 catalog_manager.cc:2910] Async tablet task 19ad911ec6704aef85d9b7f172f08bdc (table default.table_5a3f045aae58498688f23e73d119682e [id=9306f61885914c84acf74557c89d2c81]) Alter Table RPC failed: Not found: failed to reset TS proxy: No leader found: Tablet 19ad911ec6704aef85d9b7f172f08bdc consensus state has no leader
I0619 00:11:51.840324 25082 catalog_manager.cc:3663] Got report from deleted tablet 292b164659e343158de8e7e3eeb9be31 (table default.table_4c17e965f551446d965e5fa1499cad9a [id=e2a7900f428948bab0aefd132d8874d4]) (replaced by tablet ee4c4769f75141f9b2ef864ab8a8d9e0): Sending delete request for this tablet
I0619 00:11:51.841425 25081 catalog_manager.cc:3113] Sending DeleteTablet(TABLET_DATA_DELETED) for tablet 54373917567a479d93dc8a3fd006d2fe on 395763cf325d4ce19859830a7ad35c85 (127.24.119.3:39344) (Table deleted at 2018-06-19 00:11:51 PDT)
I0619 00:11:51.841928 25082 catalog_manager.cc:3113] Sending DeleteTablet(TABLET_DATA_DELETED) for tablet 292b164659e343158de8e7e3eeb9be31 on c007a00e65ad41a79da1a0c1050c55b4 (127.24.119.1:32951) (replaced by tablet ee4c4769f75141f9b2ef864ab8a8d9e0)
W0619 00:11:51.842074 25402 heartbeater.cc:587] Failed to heartbeat to 127.24.119.61:46325: Network error: Failed to ping master at 127.24.119.61:46325: Client connection negotiation failed: client connection to 127.24.119.61:46325: connect: Connection refused (error 111)
I0619 00:11:51.842900 25330 tablet_service.cc:800] Processing DeleteTablet for tablet 54373917567a479d93dc8a3fd006d2fe with delete_type TABLET_DATA_DELETED (Table deleted at 2018-06-19 00:11:51 PDT) from {username='jenkins'} at 127.24.119.1:46159
I0619 00:11:51.842993 25290 leader_election.cc:393] T 36f5eec972454080b7b434b4df7e62e3 P c007a00e65ad41a79da1a0c1050c55b4 [CANDIDATE]: Term 1 pre-election: Vote denied by peer 10bda0b4856f4441b5aed24cdc4764a8 (127.24.119.2:38512). Message: Invalid argument: T 36f5eec972454080b7b434b4df7e62e3 P 10bda0b4856f4441b5aed24cdc4764a8 [term 1 LEADER]: Leader pre-election vote request: Denying vote to candidate c007a00e65ad41a79da1a0c1050c55b4 for term 1 because replica is either leader or believes a valid leader to be alive.
I0619 00:11:51.844507 25330 tablet_service.cc:800] Processing DeleteTablet for tablet 292b164659e343158de8e7e3eeb9be31 with delete_type TABLET_DATA_DELETED (replaced by tablet ee4c4769f75141f9b2ef864ab8a8d9e0) from {username='jenkins'} at 127.24.119.1:46159
W0619 00:11:51.844655 25402 heartbeater.cc:587] Failed to heartbeat to 127.24.119.61:46325: Network error: Failed to ping master at 127.24.119.61:46325: Client connection negotiation failed: client connection to 127.24.119.61:46325: connect: Connection refused (error 111)
I0619 00:11:51.822012 25323 tablet_service.cc:759] Processing CreateTablet for tablet e0070a115e8540cda5f999394deac616 (table=default.table_c8d425c090594b149578c26728881c9d [id=85de8220b2024813a8fc84ffdd34106a]), partition=RANGE (key) PARTITION UNBOUNDED
I0619 00:11:51.791771 25724 ts_tablet_manager.cc:1073] T 075076aaa16e4ea8a596a7a8c52f103e P 395763cf325d4ce19859830a7ad35c85: Time spent starting tablet: real 0.011s user 0.005s sys 0.000s
I0619 00:11:51.845700 25323 data_dirs.cc:934] Could only allocate 1 dirs of requested 3 for tablet e0070a115e8540cda5f999394deac616. 1 dirs total, 0 dirs full, 0 dirs failed
I0619 00:11:51.848372 25067 catalog_manager.cc:3113] Sending DeleteTablet(TABLET_DATA_DELETED) for tablet 397ae10bb6d841b4ba561ec431d29864 on c007a00e65ad41a79da1a0c1050c55b4 (127.24.119.1:32951) (Table deleted at 2018-06-19 00:11:50 PDT)
I0619 00:11:51.849730 25727 tablet_bootstrap.cc:427] T 3b80a302aacb418091aee54ab4be7249 P c007a00e65ad41a79da1a0c1050c55b4: Bootstrap starting.
I0619 00:11:51.852337 25727 tablet_bootstrap.cc:578] T 3b80a302aacb418091aee54ab4be7249 P c007a00e65ad41a79da1a0c1050c55b4: No blocks or log segments found. Creating new log.
I0619 00:11:51.852267 25326 ts_tablet_manager.cc:1173] T c244dec62a5b4ee492a9a110b656a561 P c007a00e65ad41a79da1a0c1050c55b4: Registered tablet (data state: TABLET_DATA_READY)
I0619 00:11:51.852699 25071 catalog_manager.cc:3113] Sending DeleteTablet(TABLET_DATA_DELETED) for tablet cb57d196f0724247b6a7f9a34be8377a on 10bda0b4856f4441b5aed24cdc4764a8 (127.24.119.2:38512) (Table deleted at 2018-06-19 00:11:49 PDT)
I0619 00:11:51.853334 25069 catalog_manager.cc:2891] Scheduling retry of 075076aaa16e4ea8a596a7a8c52f103e (table default.table_c74748783ca3450eb3c5c3397e03d506 [id=040c5029d5054cc48c9f066058cb6a45]) Alter Table RPC with a delay of 76 ms (attempt = 2)
W0619 00:11:51.853603 25069 catalog_manager.cc:2910] Async tablet task 075076aaa16e4ea8a596a7a8c52f103e (table default.table_c74748783ca3450eb3c5c3397e03d506 [id=040c5029d5054cc48c9f066058cb6a45]) Alter Table RPC failed: Not found: failed to reset TS proxy: No leader found: Tablet 075076aaa16e4ea8a596a7a8c52f103e consensus state has no leader
W0619 00:11:51.853541 25071 consensus_peers.cc:434] T 00000000000000000000000000000000 P cb25d1bba5bf4c64914f300f122ec898 -> Peer b2a016cc9f274bc1979068306ec6d15e (127.24.119.61:46325): Couldn't send request to peer b2a016cc9f274bc1979068306ec6d15e for tablet 00000000000000000000000000000000. Status: Network error: Client connection negotiation failed: client connection to 127.24.119.61:46325: connect: Connection refused (error 111). Retrying in the next heartbeat period. Already tried 7 times.
I0619 00:11:51.853750 25336 tablet_service.cc:800] Processing DeleteTablet for tablet 292b164659e343158de8e7e3eeb9be31 with delete_type TABLET_DATA_DELETED (replaced by tablet ee4c4769f75141f9b2ef864ab8a8d9e0) from {username='jenkins'} at 127.24.119.1:46159
I0619 00:11:51.854017 25069 catalog_manager.cc:2891] Scheduling retry of 3722b203a516466489c74ef6013eacae (table default.table_fb89f806be98424aa43bd01b3f816a80 [id=a17737f9d2924cc09f372527fb91188b]) Alter Table RPC with a delay of 66 ms (attempt = 3)
W0619 00:11:51.854261 25069 catalog_manager.cc:2910] Async tablet task 3722b203a516466489c74ef6013eacae (table default.table_fb89f806be98424aa43bd01b3f816a80 [id=a17737f9d2924cc09f372527fb91188b]) Alter Table RPC failed: Not found: failed to reset TS proxy: No leader found: Tablet 3722b203a516466489c74ef6013eacae consensus state has no leader
I0619 00:11:51.854189 25601 ts_tablet_manager.cc:1173] T c244dec62a5b4ee492a9a110b656a561 P 395763cf325d4ce19859830a7ad35c85: Registered tablet (data state: TABLET_DATA_READY)
I0619 00:11:51.855038 25598 tablet_service.cc:800] Processing DeleteTablet for tablet 54373917567a479d93dc8a3fd006d2fe with delete_type TABLET_DATA_DELETED (Table deleted at 2018-06-19 00:11:51 PDT) from {username='jenkins'} at 127.24.119.3:34285
I0619 00:11:51.855093 25600 tablet_service.cc:759] Processing CreateTablet for tablet e0070a115e8540cda5f999394deac616 (table=default.table_c8d425c090594b149578c26728881c9d [id=85de8220b2024813a8fc84ffdd34106a]), partition=RANGE (key) PARTITION UNBOUNDED
I0619 00:11:51.855438 25325 ts_tablet_manager.cc:1173] T 981d862d1bab4b14bb10e6fc2174e1cc P c007a00e65ad41a79da1a0c1050c55b4: Registered tablet (data state: TABLET_DATA_READY)
I0619 00:11:51.855710 25082 catalog_manager.cc:1731] Servicing DeleteTable request from {username='jenkins'} at 127.24.119.62:54390: table { table_name: "default.table_e2e6deb5e5764586802390a904ba068f" }
I0619 00:11:51.856536 25325 tablet_service.cc:800] Processing DeleteTablet for tablet 397ae10bb6d841b4ba561ec431d29864 with delete_type TABLET_DATA_DELETED (Table deleted at 2018-06-19 00:11:50 PDT) from {username='jenkins'} at 127.24.119.1:46159
I0619 00:11:51.856618 25730 ts_tablet_manager.cc:1382] T a85577b0beba4276b963e5c360544bc7 P 395763cf325d4ce19859830a7ad35c85: tablet deleted with delete type TABLET_DATA_DELETED: last-logged OpId 0.0
I0619 00:11:51.856886 25730 log.cc:986] T a85577b0beba4276b963e5c360544bc7 P 395763cf325d4ce19859830a7ad35c85: Deleting WAL directory at /data/somelongdirectorytoavoidrpathissues/src/kudutest/master-stress-test.0.HmsConfigurations_MasterStressTest.Test_0.1529392303277196-25052/minicluster-data/ts-2/wal/wals/a85577b0beba4276b963e5c360544bc7
I0619 00:11:51.857357 25730 ts_tablet_manager.cc:1403] T a85577b0beba4276b963e5c360544bc7 P 395763cf325d4ce19859830a7ad35c85: Deleting consensus metadata
I0619 00:11:51.858458 25624 tablet_service.cc:995] Received RequestConsensusVote() RPC: tablet_id: "36f5eec972454080b7b434b4df7e62e3" candidate_uuid: "c007a00e65ad41a79da1a0c1050c55b4" candidate_term: 1 candidate_status { last_received { term: 0 index: 0 } } ignore_live_leader: false dest_uuid: "395763cf325d4ce19859830a7ad35c85" is_pre_election: true
I0619 00:11:51.859035 25624 raft_consensus.cc:2175] T 36f5eec972454080b7b434b4df7e62e3 P 395763cf325d4ce19859830a7ad35c85 [term 1 FOLLOWER]: Leader pre-election vote request: Denying vote to candidate c007a00e65ad41a79da1a0c1050c55b4 in current term 1: Already voted for candidate 10bda0b4856f4441b5aed24cdc4764a8 in this term.
I0619 00:11:51.860203 25622 tablet_service.cc:995] Received RequestConsensusVote() RPC: tablet_id: "35acf55f35064c1491122a13ff9f5744" candidate_uuid: "10bda0b4856f4441b5aed24cdc4764a8" candidate_term: 1 candidate_status { last_received { term: 0 index: 0 } } ignore_live_leader: false dest_uuid: "395763cf325d4ce19859830a7ad35c85" is_pre_election: true
I0619 00:11:51.860674 25622 raft_consensus.cc:2732] T 35acf55f35064c1491122a13ff9f5744 P 395763cf325d4ce19859830a7ad35c85: Snoozing failure detection for 2.345s (vote granted)
I0619 00:11:51.860913 25622 raft_consensus.cc:2245] T 35acf55f35064c1491122a13ff9f5744 P 395763cf325d4ce19859830a7ad35c85 [term 0 FOLLOWER]: Leader pre-election vote request: Granting yes vote for candidate 10bda0b4856f4441b5aed24cdc4764a8 in term 0.
I0619 00:11:51.862089 25423 leader_election.cc:379] T 35acf55f35064c1491122a13ff9f5744 P 10bda0b4856f4441b5aed24cdc4764a8 [CANDIDATE]: Term 1 pre-election: Vote granted by peer 395763cf325d4ce19859830a7ad35c85 (127.24.119.3:39344)
I0619 00:11:51.862344 25423 leader_election.cc:270] T 35acf55f35064c1491122a13ff9f5744 P 10bda0b4856f4441b5aed24cdc4764a8 [CANDIDATE]: Term 1 pre-election: Election decided. Result: candidate won.
I0619 00:11:51.862828 25796 raft_consensus.cc:2732] T 35acf55f35064c1491122a13ff9f5744 P 10bda0b4856f4441b5aed24cdc4764a8: Snoozing failure detection for 2.044s (election complete)
I0619 00:11:51.863075 25796 raft_consensus.cc:2539] T 35acf55f35064c1491122a13ff9f5744 P 10bda0b4856f4441b5aed24cdc4764a8 [term 0 FOLLOWER]: Leader pre-election won for term 1
I0619 00:11:51.863226 25600 data_dirs.cc:934] Could only allocate 1 dirs of requested 3 for tablet e0070a115e8540cda5f999394deac616. 1 dirs total, 0 dirs full, 0 dirs failed
I0619 00:11:51.863291 25796 raft_consensus.cc:457] T 35acf55f35064c1491122a13ff9f5744 P 10bda0b4856f4441b5aed24cdc4764a8 [term 0 FOLLOWER]: Starting leader election (no leader contacted us within the election timeout)
I0619 00:11:51.863569 25796 raft_consensus.cc:2732] T 35acf55f35064c1491122a13ff9f5744 P 10bda0b4856f4441b5aed24cdc4764a8: Snoozing failure detection for 2.234s (starting election)
I0619 00:11:51.863803 25796 raft_consensus.cc:2784] T 35acf55f35064c1491122a13ff9f5744 P 10bda0b4856f4441b5aed24cdc4764a8 [term 0 FOLLOWER]: Advancing to term 1
I0619 00:11:51.865108 25724 ts_tablet_manager.cc:1028] T 397ae10bb6d841b4ba561ec431d29864 P 395763cf325d4ce19859830a7ad35c85: Bootstrapping tablet
I0619 00:11:51.865492 25724 tablet_bootstrap.cc:427] T 397ae10bb6d841b4ba561ec431d29864 P 395763cf325d4ce19859830a7ad35c85: Bootstrap starting.
I0619 00:11:51.867300 25736 ts_tablet_manager.cc:1382] T aaf62da07a9740c1aa44359d3f604513 P 10bda0b4856f4441b5aed24cdc4764a8: tablet deleted with delete type TABLET_DATA_DELETED: last-logged OpId 1.1
I0619 00:11:51.867584 25736 log.cc:986] T aaf62da07a9740c1aa44359d3f604513 P 10bda0b4856f4441b5aed24cdc4764a8: Deleting WAL directory at /data/somelongdirectorytoavoidrpathissues/src/kudutest/master-stress-test.0.HmsConfigurations_MasterStressTest.Test_0.1529392303277196-25052/minicluster-data/ts-1/wal/wals/aaf62da07a9740c1aa44359d3f604513
W0619 00:11:51.868755 25668 heartbeater.cc:587] Failed to heartbeat to 127.24.119.61:46325: Network error: Failed to ping master at 127.24.119.61:46325: Client connection negotiation failed: client connection to 127.24.119.61:46325: connect: Connection refused (error 111)
I0619 00:11:51.869282 25736 ts_tablet_manager.cc:1403] T aaf62da07a9740c1aa44359d3f604513 P 10bda0b4856f4441b5aed24cdc4764a8: Deleting consensus metadata
I0619 00:11:51.870216 25067 catalog_manager.cc:3113] Sending DeleteTablet(TABLET_DATA_DELETED) for tablet f372b9fb174844eca1662c62039a3c71 on c007a00e65ad41a79da1a0c1050c55b4 (127.24.119.1:32951) (replaced by tablet 30a9d9fda8d34caeb8242c372439321b)
I0619 00:11:51.872781 25600 ts_tablet_manager.cc:1173] T e0070a115e8540cda5f999394deac616 P 395763cf325d4ce19859830a7ad35c85: Registered tablet (data state: TABLET_DATA_READY)
I0619 00:11:51.873149 25081 catalog_manager.cc:3881] TS 395763cf325d4ce19859830a7ad35c85 (127.24.119.3:39344) does not have the latest schema for tablet 36f5eec972454080b7b434b4df7e62e3 (table default.table_e4aaded22fbb4c60a591e5ff45bfe2bc [id=122dad4ddc134d21b827dca8587ed257]). Expected version 1 got 0
I0619 00:11:51.873488 25290 leader_election.cc:393] T 36f5eec972454080b7b434b4df7e62e3 P c007a00e65ad41a79da1a0c1050c55b4 [CANDIDATE]: Term 1 pre-election: Vote denied by peer 395763cf325d4ce19859830a7ad35c85 (127.24.119.3:39344). Message: Invalid argument: T 36f5eec972454080b7b434b4df7e62e3 P 395763cf325d4ce19859830a7ad35c85 [term 1 FOLLOWER]: Leader pre-election vote request: Denying vote to candidate c007a00e65ad41a79da1a0c1050c55b4 in current term 1: Already voted for candidate 10bda0b4856f4441b5aed24cdc4764a8 in this term.
I0619 00:11:51.874349 25290 leader_election.cc:270] T 36f5eec972454080b7b434b4df7e62e3 P c007a00e65ad41a79da1a0c1050c55b4 [CANDIDATE]: Term 1 pre-election: Election decided. Result: candidate lost.
I0619 00:11:51.870913 25796 raft_consensus.cc:479] T 35acf55f35064c1491122a13ff9f5744 P 10bda0b4856f4441b5aed24cdc4764a8 [term 1 FOLLOWER]: Starting leader election with config: opid_index: -1 OBSOLETE_local: false peers { permanent_uuid: "c007a00e65ad41a79da1a0c1050c55b4" member_type: VOTER last_known_addr { host: "127.24.119.1" port: 32951 } } peers { permanent_uuid: "10bda0b4856f4441b5aed24cdc4764a8" member_type: VOTER last_known_addr { host: "127.24.119.2" port: 38512 } } peers { permanent_uuid: "395763cf325d4ce19859830a7ad35c85" member_type: VOTER last_known_addr { host: "127.24.119.3" port: 39344 } }
I0619 00:11:51.875038 25796 leader_election.cc:243] T 35acf55f35064c1491122a13ff9f5744 P 10bda0b4856f4441b5aed24cdc4764a8 [CANDIDATE]: Term 1 election: Requesting vote from peer c007a00e65ad41a79da1a0c1050c55b4 (127.24.119.1:32951)
I0619 00:11:51.871666 25724 tablet_bootstrap.cc:578] T 397ae10bb6d841b4ba561ec431d29864 P 395763cf325d4ce19859830a7ad35c85: No blocks or log segments found. Creating new log.
I0619 00:11:51.875967 25796 leader_election.cc:243] T 35acf55f35064c1491122a13ff9f5744 P 10bda0b4856f4441b5aed24cdc4764a8 [CANDIDATE]: Term 1 election: Requesting vote from peer 395763cf325d4ce19859830a7ad35c85 (127.24.119.3:39344)
I0619 00:11:51.876494 25356 tablet_service.cc:995] Received RequestConsensusVote() RPC: tablet_id: "35acf55f35064c1491122a13ff9f5744" candidate_uuid: "10bda0b4856f4441b5aed24cdc4764a8" candidate_term: 1 candidate_status { last_received { term: 0 index: 0 } } ignore_live_leader: false dest_uuid: "c007a00e65ad41a79da1a0c1050c55b4"
I0619 00:11:51.876776 25807 raft_consensus.cc:2732] T 36f5eec972454080b7b434b4df7e62e3 P c007a00e65ad41a79da1a0c1050c55b4: Snoozing failure detection for 1.701s (election complete)
I0619 00:11:51.877014 25807 raft_consensus.cc:2487] T 36f5eec972454080b7b434b4df7e62e3 P c007a00e65ad41a79da1a0c1050c55b4 [term 1 FOLLOWER]: Leader pre-election lost for term 1. Reason: could not achieve majority
W0619 00:11:51.878574 25419 leader_election.cc:306] T 35acf55f35064c1491122a13ff9f5744 P 10bda0b4856f4441b5aed24cdc4764a8 [CANDIDATE]: Term 1 election: Tablet error from VoteRequest() call to peer c007a00e65ad41a79da1a0c1050c55b4 (127.24.119.1:32951): Illegal state: must be running to vote when last-logged opid is not known
I0619 00:11:51.878877 25081 catalog_manager.cc:3881] TS c007a00e65ad41a79da1a0c1050c55b4 (127.24.119.1:32951) does not have the latest schema for tablet 36f5eec972454080b7b434b4df7e62e3 (table default.table_e4aaded22fbb4c60a591e5ff45bfe2bc [id=122dad4ddc134d21b827dca8587ed257]). Expected version 1 got 0
I0619 00:11:51.879427 25622 tablet_service.cc:995] Received RequestConsensusVote() RPC: tablet_id: "35acf55f35064c1491122a13ff9f5744" candidate_uuid: "10bda0b4856f4441b5aed24cdc4764a8" candidate_term: 1 candidate_status { last_received { term: 0 index: 0 } } ignore_live_leader: false dest_uuid: "395763cf325d4ce19859830a7ad35c85"
I0619 00:11:51.879881 25622 raft_consensus.cc:2784] T 35acf55f35064c1491122a13ff9f5744 P 395763cf325d4ce19859830a7ad35c85 [term 0 FOLLOWER]: Advancing to term 1
I0619 00:11:51.880509 25622 raft_consensus.cc:2732] T 35acf55f35064c1491122a13ff9f5744 P 395763cf325d4ce19859830a7ad35c85: Snoozing failure detection for 1.974s (vote granted)
I0619 00:11:51.880669 25069 catalog_manager.cc:2891] Scheduling retry of 075076aaa16e4ea8a596a7a8c52f103e (table default.table_c74748783ca3450eb3c5c3397e03d506 [id=040c5029d5054cc48c9f066058cb6a45]) Alter Table RPC with a delay of 109 ms (attempt = 3)
I0619 00:11:51.854540 25071 catalog_manager.cc:3091] TS 10bda0b4856f4441b5aed24cdc4764a8 (127.24.119.2:38512): tablet 3b80a302aacb418091aee54ab4be7249 (table default.table_00f27d6b83d24c4e8088e0b0ac0d0cca [id=01235cbfa38b48a9bbfbb0b4630c5d23]) successfully deleted
W0619 00:11:51.880975 25069 catalog_manager.cc:2910] Async tablet task 075076aaa16e4ea8a596a7a8c52f103e (table default.table_c74748783ca3450eb3c5c3397e03d506 [id=040c5029d5054cc48c9f066058cb6a45]) Alter Table RPC failed: Not found: failed to reset TS proxy: No leader found: Tablet 075076aaa16e4ea8a596a7a8c52f103e consensus state has no leader
I0619 00:11:51.882242 25463 tablet_service.cc:800] Processing DeleteTablet for tablet acc89522b693498c987ca5d8ef8275ea with delete_type TABLET_DATA_DELETED (replaced by tablet 981d862d1bab4b14bb10e6fc2174e1cc) from {username='jenkins'} at 127.24.119.2:51757
I0619 00:11:51.882242 25470 tablet_service.cc:759] Processing CreateTablet for tablet e0070a115e8540cda5f999394deac616 (table=default.table_c8d425c090594b149578c26728881c9d [id=85de8220b2024813a8fc84ffdd34106a]), partition=RANGE (key) PARTITION UNBOUNDED
I0619 00:11:51.882702 25467 tablet_service.cc:800] Processing DeleteTablet for tablet cb57d196f0724247b6a7f9a34be8377a with delete_type TABLET_DATA_DELETED (Table deleted at 2018-06-19 00:11:49 PDT) from {username='jenkins'} at 127.24.119.2:51757
I0619 00:11:51.882910 25470 data_dirs.cc:934] Could only allocate 1 dirs of requested 3 for tablet e0070a115e8540cda5f999394deac616. 1 dirs total, 0 dirs full, 0 dirs failed
I0619 00:11:51.884678 25807 raft_consensus.cc:457] T 292b164659e343158de8e7e3eeb9be31 P c007a00e65ad41a79da1a0c1050c55b4 [term 0 FOLLOWER]: Starting pre-election (no leader contacted us within the election timeout)
I0619 00:11:51.884908 25807 raft_consensus.cc:2732] T 292b164659e343158de8e7e3eeb9be31 P c007a00e65ad41a79da1a0c1050c55b4: Snoozing failure detection for 1.621s (starting election)
W0619 00:11:51.884937 25071 catalog_manager.cc:3255] TS 10bda0b4856f4441b5aed24cdc4764a8 (127.24.119.2:38512): alter failed for tablet 72e28bc6b57442b782d8aa07e1152cf4 (table default.table_24cb60c44bca436082a96bb044ee559b [id=fa287205f19a461fa0ba005f9991513b]): Aborted: Transaction aborted
I0619 00:11:51.885247 25071 catalog_manager.cc:2891] Scheduling retry of 72e28bc6b57442b782d8aa07e1152cf4 (table default.table_24cb60c44bca436082a96bb044ee559b [id=fa287205f19a461fa0ba005f9991513b]) Alter Table RPC with a delay of 546 ms (attempt = 6)
I0619 00:11:51.885156 25807 raft_consensus.cc:479] T 292b164659e343158de8e7e3eeb9be31 P c007a00e65ad41a79da1a0c1050c55b4 [term 0 FOLLOWER]: Starting pre-election with config: opid_index: -1 OBSOLETE_local: false peers { permanent_uuid: "c007a00e65ad41a79da1a0c1050c55b4" member_type: VOTER last_known_addr { host: "127.24.119.1" port: 32951 } } peers { permanent_uuid: "10bda0b4856f4441b5aed24cdc4764a8" member_type: VOTER last_known_addr { host: "127.24.119.2" port: 38512 } } peers { permanent_uuid: "395763cf325d4ce19859830a7ad35c85" member_type: VOTER last_known_addr { host: "127.24.119.3" port: 39344 } }
I0619 00:11:51.885846 25468 tablet_service.cc:800] Processing DeleteTablet for tablet 54373917567a479d93dc8a3fd006d2fe with delete_type TABLET_DATA_DELETED (Table deleted at 2018-06-19 00:11:51 PDT) from {username='jenkins'} at 127.24.119.2:51757
I0619 00:11:51.885648 25464 tablet_service.cc:800] Processing DeleteTablet for tablet 53688f0e4a604bc4a07dec9278a8dad6 with delete_type TABLET_DATA_DELETED (Table deleted at 2018-06-19 00:11:50 PDT) from {username='jenkins'} at 127.24.119.2:51757
I0619 00:11:51.886106 25807 leader_election.cc:243] T 292b164659e343158de8e7e3eeb9be31 P c007a00e65ad41a79da1a0c1050c55b4 [CANDIDATE]: Term 1 pre-election: Requesting pre-vote from peer 10bda0b4856f4441b5aed24cdc4764a8 (127.24.119.2:38512)
I0619 00:11:51.886266 25837 tablet.cc:1200] T 36f5eec972454080b7b434b4df7e62e3 P 10bda0b4856f4441b5aed24cdc4764a8: Alter schema from Schema [ primary key (key), 10:key[int32 NOT NULL] ] version 0 to Schema [ primary key (key), 10:key[int32 NOT NULL] ] version 1
I0619 00:11:51.886471 25807 leader_election.cc:243] T 292b164659e343158de8e7e3eeb9be31 P c007a00e65ad41a79da1a0c1050c55b4 [CANDIDATE]: Term 1 pre-election: Requesting pre-vote from peer 395763cf325d4ce19859830a7ad35c85 (127.24.119.3:39344)
W0619 00:11:51.888504 25536 heartbeater.cc:587] Failed to heartbeat to 127.24.119.61:46325: Network error: Failed to ping master at 127.24.119.61:46325: Client connection negotiation failed: client connection to 127.24.119.61:46325: connect: Connection refused (error 111)
I0619 00:11:51.887362 25622 raft_consensus.cc:2245] T 35acf55f35064c1491122a13ff9f5744 P 395763cf325d4ce19859830a7ad35c85 [term 1 FOLLOWER]: Leader election vote request: Granting yes vote for candidate 10bda0b4856f4441b5aed24cdc4764a8 in term 1.
I0619 00:11:51.892138 25844 tablet.cc:1200] T 36f5eec972454080b7b434b4df7e62e3 P 395763cf325d4ce19859830a7ad35c85: Alter schema from Schema [ primary key (key), 10:key[int32 NOT NULL] ] version 0 to Schema [ primary key (key), 10:key[int32 NOT NULL] ] version 1
W0619 00:11:51.894412 25668 heartbeater.cc:587] Failed to heartbeat to 127.24.119.61:46325: Network error: Failed to ping master at 127.24.119.61:46325: Client connection negotiation failed: client connection to 127.24.119.61:46325: connect: Connection refused (error 111)
I0619 00:11:51.895082 25730 tablet_replica.cc:261] T 72e28bc6b57442b782d8aa07e1152cf4 P 395763cf325d4ce19859830a7ad35c85: stopping tablet replica
I0619 00:11:51.895360 25730 maintenance_manager.cc:237] P 395763cf325d4ce19859830a7ad35c85: Unregistered op CompactRowSetsOp(72e28bc6b57442b782d8aa07e1152cf4)
I0619 00:11:51.895603 25730 maintenance_manager.cc:237] P 395763cf325d4ce19859830a7ad35c85: Unregistered op MinorDeltaCompactionOp(72e28bc6b57442b782d8aa07e1152cf4)
I0619 00:11:51.895867 25730 maintenance_manager.cc:237] P 395763cf325d4ce19859830a7ad35c85: Unregistered op MajorDeltaCompactionOp(72e28bc6b57442b782d8aa07e1152cf4)
I0619 00:11:51.896106 25730 maintenance_manager.cc:237] P 395763cf325d4ce19859830a7ad35c85: Unregistered op UndoDeltaBlockGCOp(72e28bc6b57442b782d8aa07e1152cf4)
W0619 00:11:51.896603 25536 heartbeater.cc:587] Failed to heartbeat to 127.24.119.61:46325: Network error: Failed to ping master at 127.24.119.61:46325: Client connection negotiation failed: client connection to 127.24.119.61:46325: connect: Connection refused (error 111)
I0619 00:11:51.896365 25730 maintenance_manager.cc:237] P 395763cf325d4ce19859830a7ad35c85: Unregistered op FlushMRSOp(72e28bc6b57442b782d8aa07e1152cf4)
I0619 00:11:51.896757 25423 leader_election.cc:379] T 35acf55f35064c1491122a13ff9f5744 P 10bda0b4856f4441b5aed24cdc4764a8 [CANDIDATE]: Term 1 election: Vote granted by peer 395763cf325d4ce19859830a7ad35c85 (127.24.119.3:39344)
I0619 00:11:51.897001 25423 leader_election.cc:270] T 35acf55f35064c1491122a13ff9f5744 P 10bda0b4856f4441b5aed24cdc4764a8 [CANDIDATE]: Term 1 election: Election decided. Result: candidate won.
I0619 00:11:51.897054 25730 maintenance_manager.cc:237] P 395763cf325d4ce19859830a7ad35c85: Unregistered op FlushDeltaMemStoresOp(72e28bc6b57442b782d8aa07e1152cf4)
I0619 00:11:51.897305 25730 maintenance_manager.cc:237] P 395763cf325d4ce19859830a7ad35c85: Unregistered op LogGCOp(72e28bc6b57442b782d8aa07e1152cf4)
I0619 00:11:51.897516 25730 raft_consensus.cc:2042] T 72e28bc6b57442b782d8aa07e1152cf4 P 395763cf325d4ce19859830a7ad35c85 [term 1 FOLLOWER]: Raft consensus shutting down.
I0619 00:11:51.897835 25730 raft_consensus.cc:2069] T 72e28bc6b57442b782d8aa07e1152cf4 P 395763cf325d4ce19859830a7ad35c85 [term 1 FOLLOWER]: Raft consensus is shut down!
I0619 00:11:51.898463 25796 raft_consensus.cc:2732] T 35acf55f35064c1491122a13ff9f5744 P 10bda0b4856f4441b5aed24cdc4764a8: Snoozing failure detection for 1.832s (election complete)
I0619 00:11:51.899859 25796 raft_consensus.cc:2539] T 35acf55f35064c1491122a13ff9f5744 P 10bda0b4856f4441b5aed24cdc4764a8 [term 1 FOLLOWER]: Leader election won for term 1
I0619 00:11:51.900789 25819 tablet.cc:1200] T 36f5eec972454080b7b434b4df7e62e3 P c007a00e65ad41a79da1a0c1050c55b4: Alter schema from Schema [ primary key (key), 10:key[int32 NOT NULL] ] version 0 to Schema [ primary key (key), 10:key[int32 NOT NULL] ] version 1
I0619 00:11:51.900565 25796 raft_consensus.cc:593] T 35acf55f35064c1491122a13ff9f5744 P 10bda0b4856f4441b5aed24cdc4764a8 [term 1 LEADER]: Becoming Leader. State: Replica: 10bda0b4856f4441b5aed24cdc4764a8, State: Running, Role: LEADER
I0619 00:11:51.901971 25796 consensus_queue.cc:204] T 35acf55f35064c1491122a13ff9f5744 P 10bda0b4856f4441b5aed24cdc4764a8 [LEADER]: Queue going to LEADER mode. State: All replicated index: 0, Majority replicated index: 0, Committed index: 0, Last appended: 0.0, Last appended by leader: 0, Current term: 1, Majority size: 2, State: 0, Mode: LEADER, active raft config: opid_index: -1 OBSOLETE_local: false peers { permanent_uuid: "c007a00e65ad41a79da1a0c1050c55b4" member_type: VOTER last_known_addr { host: "127.24.119.1" port: 32951 } } peers { permanent_uuid: "10bda0b4856f4441b5aed24cdc4764a8" member_type: VOTER last_known_addr { host: "127.24.119.2" port: 38512 } } peers { permanent_uuid: "395763cf325d4ce19859830a7ad35c85" member_type: VOTER last_known_addr { host: "127.24.119.3" port: 39344 } }
I0619 00:11:51.906103 25470 ts_tablet_manager.cc:1173] T e0070a115e8540cda5f999394deac616 P 10bda0b4856f4441b5aed24cdc4764a8: Registered tablet (data state: TABLET_DATA_READY)
W0619 00:11:51.907678 25536 heartbeater.cc:587] Failed to heartbeat to 127.24.119.61:46325: Network error: Failed to ping master at 127.24.119.61:46325: Client connection negotiation failed: client connection to 127.24.119.61:46325: connect: Connection refused (error 111)
W0619 00:11:51.909682 25536 heartbeater.cc:587] Failed to heartbeat to 127.24.119.61:46325: Network error: Failed to ping master at 127.24.119.61:46325: Client connection negotiation failed: client connection to 127.24.119.61:46325: connect: Connection refused (error 111)
I0619 00:11:51.910166 25325 tablet_service.cc:800] Processing DeleteTablet for tablet f372b9fb174844eca1662c62039a3c71 with delete_type TABLET_DATA_DELETED (replaced by tablet 30a9d9fda8d34caeb8242c372439321b) from {username='jenkins'} at 127.24.119.1:46159
I0619 00:11:51.911895 25725 tablet_bootstrap.cc:427] T cb57d196f0724247b6a7f9a34be8377a P 10bda0b4856f4441b5aed24cdc4764a8: No bootstrap required, opened a new log
I0619 00:11:51.903563 25080 catalog_manager.cc:3881] TS c007a00e65ad41a79da1a0c1050c55b4 (127.24.119.1:32951) does not have the latest schema for tablet 36f5eec972454080b7b434b4df7e62e3 (table default.table_e4aaded22fbb4c60a591e5ff45bfe2bc [id=122dad4ddc134d21b827dca8587ed257]). Expected version 1 got 0
I0619 00:11:51.912221 25725 ts_tablet_manager.cc:1045] T cb57d196f0724247b6a7f9a34be8377a P 10bda0b4856f4441b5aed24cdc4764a8: Time spent bootstrapping tablet: real 0.205s user 0.004s sys 0.005s
