I0619 00:11:52.030606 25730 tablet_replica.cc:261] T c18355df78d344839a56189c7549ab1f P 395763cf325d4ce19859830a7ad35c85: stopping tablet replica
I0619 00:11:52.030666 25423 leader_election.cc:270] T acc89522b693498c987ca5d8ef8275ea P 10bda0b4856f4441b5aed24cdc4764a8 [CANDIDATE]: Term 1 election: Election decided. Result: candidate won.
I0619 00:11:52.030843 25730 maintenance_manager.cc:237] P 395763cf325d4ce19859830a7ad35c85: Unregistered op CompactRowSetsOp(c18355df78d344839a56189c7549ab1f)
I0619 00:11:52.031069 25730 maintenance_manager.cc:237] P 395763cf325d4ce19859830a7ad35c85: Unregistered op MinorDeltaCompactionOp(c18355df78d344839a56189c7549ab1f)
I0619 00:11:52.031286 25730 maintenance_manager.cc:237] P 395763cf325d4ce19859830a7ad35c85: Unregistered op MajorDeltaCompactionOp(c18355df78d344839a56189c7549ab1f)
I0619 00:11:52.031507 25730 maintenance_manager.cc:237] P 395763cf325d4ce19859830a7ad35c85: Unregistered op UndoDeltaBlockGCOp(c18355df78d344839a56189c7549ab1f)
I0619 00:11:52.031787 25730 maintenance_manager.cc:237] P 395763cf325d4ce19859830a7ad35c85: Unregistered op FlushMRSOp(c18355df78d344839a56189c7549ab1f)
I0619 00:11:52.031853 25323 data_dirs.cc:934] Could only allocate 1 dirs of requested 3 for tablet edfdedbd4eca4b62be24b1649f820d0e. 1 dirs total, 0 dirs full, 0 dirs failed
I0619 00:11:52.032040 25730 maintenance_manager.cc:237] P 395763cf325d4ce19859830a7ad35c85: Unregistered op FlushDeltaMemStoresOp(c18355df78d344839a56189c7549ab1f)
I0619 00:11:52.032258 25730 maintenance_manager.cc:237] P 395763cf325d4ce19859830a7ad35c85: Unregistered op LogGCOp(c18355df78d344839a56189c7549ab1f)
I0619 00:11:52.032454 25730 raft_consensus.cc:2042] T c18355df78d344839a56189c7549ab1f P 395763cf325d4ce19859830a7ad35c85 [term 0 FOLLOWER]: Raft consensus shutting down.
I0619 00:11:52.032817 25730 raft_consensus.cc:2069] T c18355df78d344839a56189c7549ab1f P 395763cf325d4ce19859830a7ad35c85 [term 0 FOLLOWER]: Raft consensus is shut down!
I0619 00:11:52.034032 25730 ts_tablet_manager.cc:1369] T c18355df78d344839a56189c7549ab1f P 395763cf325d4ce19859830a7ad35c85: Deleting tablet data with delete state TABLET_DATA_DELETED
W0619 00:11:52.034025 25558 leader_election.cc:306] T c18355df78d344839a56189c7549ab1f P 395763cf325d4ce19859830a7ad35c85 [CANDIDATE]: Term 1 pre-election: Tablet error from VoteRequest() call to peer 10bda0b4856f4441b5aed24cdc4764a8 (127.24.119.2:38512): Illegal state: must be running to vote when last-logged opid is not known
I0619 00:11:52.034332 25558 leader_election.cc:270] T c18355df78d344839a56189c7549ab1f P 395763cf325d4ce19859830a7ad35c85 [CANDIDATE]: Term 1 pre-election: Election decided. Result: candidate lost.
W0619 00:11:52.034736 25558 raft_consensus.cc:2442] T c18355df78d344839a56189c7549ab1f P 395763cf325d4ce19859830a7ad35c85: Unable to run election callback: Service unavailable: Thread pool token was shut down
I0619 00:11:52.035249 25725 consensus_queue.cc:227] T 03522c48c50943b38cae5aa88562e583 P 10bda0b4856f4441b5aed24cdc4764a8 [NON_LEADER]: Queue going to NON_LEADER mode. State: All replicated index: 0, Majority replicated index: 0, Committed index: 0, Last appended: 0.0, Last appended by leader: 0, Current term: 0, Majority size: -1, State: 0, Mode: NON_LEADER, active raft config: opid_index: -1 OBSOLETE_local: false peers { permanent_uuid: "10bda0b4856f4441b5aed24cdc4764a8" member_type: VOTER last_known_addr { host: "127.24.119.2" port: 38512 } } peers { permanent_uuid: "c007a00e65ad41a79da1a0c1050c55b4" member_type: VOTER last_known_addr { host: "127.24.119.1" port: 32951 } } peers { permanent_uuid: "395763cf325d4ce19859830a7ad35c85" member_type: VOTER last_known_addr { host: "127.24.119.3" port: 39344 } }
I0619 00:11:52.036231 25796 raft_consensus.cc:2732] T acc89522b693498c987ca5d8ef8275ea P 10bda0b4856f4441b5aed24cdc4764a8: Snoozing failure detection for 1.540s (election complete)
I0619 00:11:52.036502 25796 raft_consensus.cc:2539] T acc89522b693498c987ca5d8ef8275ea P 10bda0b4856f4441b5aed24cdc4764a8 [term 1 FOLLOWER]: Leader election won for term 1
I0619 00:11:52.036813 25796 raft_consensus.cc:593] T acc89522b693498c987ca5d8ef8275ea P 10bda0b4856f4441b5aed24cdc4764a8 [term 1 LEADER]: Becoming Leader. State: Replica: 10bda0b4856f4441b5aed24cdc4764a8, State: Running, Role: LEADER
I0619 00:11:52.037034 25081 catalog_manager.cc:4025] T 00000000000000000000000000000000 P cb25d1bba5bf4c64914f300f122ec898: Sending DeleteTablet for 3 replicas of tablet e3708e05f6054306b5bf7f1df2140e3d
I0619 00:11:52.037334 25081 catalog_manager.cc:3113] Sending DeleteTablet(TABLET_DATA_DELETED) for tablet e3708e05f6054306b5bf7f1df2140e3d on c007a00e65ad41a79da1a0c1050c55b4 (127.24.119.1:32951) (replaced by tablet 9d44681acacf4f04b6fcfbd4c9a18e87)
I0619 00:11:52.037221 25796 consensus_queue.cc:204] T acc89522b693498c987ca5d8ef8275ea P 10bda0b4856f4441b5aed24cdc4764a8 [LEADER]: Queue going to LEADER mode. State: All replicated index: 0, Majority replicated index: 0, Committed index: 0, Last appended: 0.0, Last appended by leader: 0, Current term: 1, Majority size: 2, State: 0, Mode: LEADER, active raft config: opid_index: -1 OBSOLETE_local: false peers { permanent_uuid: "c007a00e65ad41a79da1a0c1050c55b4" member_type: VOTER last_known_addr { host: "127.24.119.1" port: 32951 } } peers { permanent_uuid: "10bda0b4856f4441b5aed24cdc4764a8" member_type: VOTER last_known_addr { host: "127.24.119.2" port: 38512 } } peers { permanent_uuid: "395763cf325d4ce19859830a7ad35c85" member_type: VOTER last_known_addr { host: "127.24.119.3" port: 39344 } }
I0619 00:11:52.037739 25081 catalog_manager.cc:3113] Sending DeleteTablet(TABLET_DATA_DELETED) for tablet e3708e05f6054306b5bf7f1df2140e3d on 10bda0b4856f4441b5aed24cdc4764a8 (127.24.119.2:38512) (replaced by tablet 9d44681acacf4f04b6fcfbd4c9a18e87)
I0619 00:11:52.038462 25725 ts_tablet_manager.cc:1073] T 03522c48c50943b38cae5aa88562e583 P 10bda0b4856f4441b5aed24cdc4764a8: Time spent starting tablet: real 0.082s user 0.004s sys 0.000s
I0619 00:11:52.038879 25725 ts_tablet_manager.cc:1028] T f372b9fb174844eca1662c62039a3c71 P 10bda0b4856f4441b5aed24cdc4764a8: Bootstrapping tablet
I0619 00:11:52.038097 25081 catalog_manager.cc:3113] Sending DeleteTablet(TABLET_DATA_DELETED) for tablet e3708e05f6054306b5bf7f1df2140e3d on 395763cf325d4ce19859830a7ad35c85 (127.24.119.3:39344) (replaced by tablet 9d44681acacf4f04b6fcfbd4c9a18e87)
I0619 00:11:52.039520 25081 catalog_manager.cc:4596] ReplaceTablet: tablet e3708e05f6054306b5bf7f1df2140e3d deleted and replaced by tablet 9d44681acacf4f04b6fcfbd4c9a18e87
I0619 00:11:52.039217 25725 tablet_bootstrap.cc:427] T f372b9fb174844eca1662c62039a3c71 P 10bda0b4856f4441b5aed24cdc4764a8: Bootstrap starting.
I0619 00:11:52.042168 25725 tablet_bootstrap.cc:578] T f372b9fb174844eca1662c62039a3c71 P 10bda0b4856f4441b5aed24cdc4764a8: No blocks or log segments found. Creating new log.
I0619 00:11:52.042919 25601 ts_tablet_manager.cc:1173] T d6c3c7f783cb43d59b46502261aeced3 P 395763cf325d4ce19859830a7ad35c85: Registered tablet (data state: TABLET_DATA_READY)
I0619 00:11:52.043812 25081 catalog_manager.cc:3663] Got report from deleted tablet 03522c48c50943b38cae5aa88562e583 (table default.table_0a2ef368d0f945eaaeeb3e58d57ef718 [id=3af4854117e94c6a9ac3516c131ab144]) (Table deleted at 2018-06-19 00:11:50 PDT): Sending delete request for this tablet
I0619 00:11:52.044450 25081 catalog_manager.cc:3113] Sending DeleteTablet(TABLET_DATA_DELETED) for tablet 03522c48c50943b38cae5aa88562e583 on 10bda0b4856f4441b5aed24cdc4764a8 (127.24.119.2:38512) (Table deleted at 2018-06-19 00:11:50 PDT)
I0619 00:11:52.045164 25069 catalog_manager.cc:2891] Scheduling retry of 4a88e394b199431e8b794a1b1aec847f (table default.table_2c7f2c73082443ab869e2910097fa796 [id=9b96421847354087b7a4fa2afc633be3]) Alter Table RPC with a delay of 513 ms (attempt = 6)
W0619 00:11:52.045435 25069 catalog_manager.cc:2910] Async tablet task 4a88e394b199431e8b794a1b1aec847f (table default.table_2c7f2c73082443ab869e2910097fa796 [id=9b96421847354087b7a4fa2afc633be3]) Alter Table RPC failed: Not found: failed to reset TS proxy: No leader found: Tablet 4a88e394b199431e8b794a1b1aec847f consensus state has no leader
I0619 00:11:52.047237 25336 tablet_service.cc:800] Processing DeleteTablet for tablet 3b80a302aacb418091aee54ab4be7249 with delete_type TABLET_DATA_DELETED (replaced by tablet acc89522b693498c987ca5d8ef8275ea) from {username='jenkins'} at 127.24.119.1:46159
W0619 00:11:52.047813 25402 heartbeater.cc:587] Failed to heartbeat to 127.24.119.61:46325: Network error: Failed to ping master at 127.24.119.61:46325: Client connection negotiation failed: client connection to 127.24.119.61:46325: connect: Connection refused (error 111)
I0619 00:11:52.048606 25336 tablet_service.cc:800] Processing DeleteTablet for tablet 3b80a302aacb418091aee54ab4be7249 with delete_type TABLET_DATA_DELETED (replaced by tablet acc89522b693498c987ca5d8ef8275ea) from {username='jenkins'} at 127.24.119.1:46159
W0619 00:11:52.049183 25290 leader_election.cc:306] T 3b80a302aacb418091aee54ab4be7249 P c007a00e65ad41a79da1a0c1050c55b4 [CANDIDATE]: Term 1 pre-election: Tablet error from VoteRequest() call to peer 10bda0b4856f4441b5aed24cdc4764a8 (127.24.119.2:38512): Not found: Tablet not found: 3b80a302aacb418091aee54ab4be7249
I0619 00:11:52.049824 25336 tablet_service.cc:800] Processing DeleteTablet for tablet e3708e05f6054306b5bf7f1df2140e3d with delete_type TABLET_DATA_DELETED (replaced by tablet 9d44681acacf4f04b6fcfbd4c9a18e87) from {username='jenkins'} at 127.24.119.1:46159
W0619 00:11:52.050365 25290 leader_election.cc:306] T 3b80a302aacb418091aee54ab4be7249 P c007a00e65ad41a79da1a0c1050c55b4 [CANDIDATE]: Term 1 pre-election: Tablet error from VoteRequest() call to peer 395763cf325d4ce19859830a7ad35c85 (127.24.119.3:39344): Not found: Tablet not found: 3b80a302aacb418091aee54ab4be7249
I0619 00:11:52.050359 25087 catalog_manager.cc:2891] Scheduling retry of 981d862d1bab4b14bb10e6fc2174e1cc (table default.table_48d04a9a6f224dd983111f0215fb417b [id=01235cbfa38b48a9bbfbb0b4630c5d23]) Alter Table RPC with a delay of 28 ms (attempt = 1)
W0619 00:11:52.050659 25087 catalog_manager.cc:3998] Failed to send alter table request: Not found: failed to reset TS proxy: No leader found: Tablet 981d862d1bab4b14bb10e6fc2174e1cc consensus state has no leader
I0619 00:11:52.050693 25290 leader_election.cc:270] T 3b80a302aacb418091aee54ab4be7249 P c007a00e65ad41a79da1a0c1050c55b4 [CANDIDATE]: Term 1 pre-election: Election decided. Result: candidate lost.
I0619 00:11:52.051225 25807 raft_consensus.cc:2732] T 3b80a302aacb418091aee54ab4be7249 P c007a00e65ad41a79da1a0c1050c55b4: Snoozing failure detection for 2.246s (election complete)
I0619 00:11:52.051445 25807 raft_consensus.cc:2487] T 3b80a302aacb418091aee54ab4be7249 P c007a00e65ad41a79da1a0c1050c55b4 [term 0 FOLLOWER]: Leader pre-election lost for term 1. Reason: could not achieve majority
I0619 00:11:52.055091 25598 ts_tablet_manager.cc:1173] T edfdedbd4eca4b62be24b1649f820d0e P 395763cf325d4ce19859830a7ad35c85: Registered tablet (data state: TABLET_DATA_READY)
W0619 00:11:52.058444 25071 catalog_manager.cc:3071] TS 10bda0b4856f4441b5aed24cdc4764a8 (127.24.119.2:38512): delete failed for tablet 3b80a302aacb418091aee54ab4be7249 because the tablet was not found. No further retry: Not found: Tablet not found: 3b80a302aacb418091aee54ab4be7249
I0619 00:11:52.058864 25727 tablet_bootstrap.cc:578] T 35acf55f35064c1491122a13ff9f5744 P c007a00e65ad41a79da1a0c1050c55b4: No blocks or log segments found. Creating new log.
I0619 00:11:52.058639 25080 catalog_manager.cc:1339] Servicing CreateTable request from {username='jenkins'} at 127.24.119.62:54390: name: "default.table_6cd711ffd03644e8a98c73f5d95fa03f" schema { columns { name: "key" type: INT32 is_key: true is_nullable: false encoding: AUTO_ENCODING compression: DEFAULT_COMPRESSION cfile_block_size: 0 } } split_rows_range_bounds { } partition_schema { range_schema { columns { name: "key" } } }
I0619 00:11:52.059427 25069 catalog_manager.cc:2891] Scheduling retry of 0a7470bfeab041f9895e491231b57eb7 (table default.table_824bd974d1ae4fc398285c3a2393333f [id=1e6786c5c70b44d6ba8ad6a83b670b1e]) Alter Table RPC with a delay of 103 ms (attempt = 3)
W0619 00:11:52.059564 25080 catalog_manager.cc:1488] The number of live tablet servers is not enough to re-replicate a tablet replica of the newly created table default.table_6cd711ffd03644e8a98c73f5d95fa03f in case of a replica failure: 4 tablet servers are needed, 3 are alive. Consider bringing up additional tablet server(s) or running both the masters and all tablet servers with --raft_prepare_replacement_before_eviction=false flag (not recommended).
W0619 00:11:52.059722 25069 catalog_manager.cc:2910] Async tablet task 0a7470bfeab041f9895e491231b57eb7 (table default.table_824bd974d1ae4fc398285c3a2393333f [id=1e6786c5c70b44d6ba8ad6a83b670b1e]) Alter Table RPC failed: Not found: failed to reset TS proxy: No leader found: Tablet 0a7470bfeab041f9895e491231b57eb7 has no consensus state
I0619 00:11:52.060348 25071 catalog_manager.cc:2891] Scheduling retry of 3722b203a516466489c74ef6013eacae (table default.table_fb89f806be98424aa43bd01b3f816a80 [id=a17737f9d2924cc09f372527fb91188b]) Alter Table RPC with a delay of 132 ms (attempt = 4)
W0619 00:11:52.060605 25071 catalog_manager.cc:2910] Async tablet task 3722b203a516466489c74ef6013eacae (table default.table_fb89f806be98424aa43bd01b3f816a80 [id=a17737f9d2924cc09f372527fb91188b]) Alter Table RPC failed: Not found: failed to reset TS proxy: No leader found: Tablet 3722b203a516466489c74ef6013eacae consensus state has no leader
I0619 00:11:52.060885 25071 catalog_manager.cc:3091] TS 395763cf325d4ce19859830a7ad35c85 (127.24.119.3:39344): tablet 72e28bc6b57442b782d8aa07e1152cf4 (table default.table_24cb60c44bca436082a96bb044ee559b [id=fa287205f19a461fa0ba005f9991513b]) successfully deleted
I0619 00:11:52.062834 25087 catalog_manager.cc:1339] Servicing CreateTable request from {username='jenkins'} at 127.24.119.62:54390: name: "default.table_debbb4b8c339468c97105946dd3b40f4" schema { columns { name: "key" type: INT32 is_key: true is_nullable: false encoding: AUTO_ENCODING compression: DEFAULT_COMPRESSION cfile_block_size: 0 } } split_rows_range_bounds { } partition_schema { range_schema { columns { name: "key" } } }
W0619 00:11:52.063685 25087 catalog_manager.cc:1488] The number of live tablet servers is not enough to re-replicate a tablet replica of the newly created table default.table_debbb4b8c339468c97105946dd3b40f4 in case of a replica failure: 4 tablet servers are needed, 3 are alive. Consider bringing up additional tablet server(s) or running both the masters and all tablet servers with --raft_prepare_replacement_before_eviction=false flag (not recommended).
I0619 00:11:52.065959 25067 catalog_manager.cc:2891] Scheduling retry of d62715e230154e2abe126ef97feec7ce (table default.table_24cb60c44bca436082a96bb044ee559b [id=fa287205f19a461fa0ba005f9991513b]) Alter Table RPC with a delay of 560 ms (attempt = 6)
W0619 00:11:52.044837 25536 heartbeater.cc:587] Failed to heartbeat to 127.24.119.61:46325: Network error: Failed to ping master at 127.24.119.61:46325: Client connection negotiation failed: client connection to 127.24.119.61:46325: connect: Connection refused (error 111)
W0619 00:11:52.066220 25067 catalog_manager.cc:2910] Async tablet task d62715e230154e2abe126ef97feec7ce (table default.table_24cb60c44bca436082a96bb044ee559b [id=fa287205f19a461fa0ba005f9991513b]) Alter Table RPC failed: Not found: failed to reset TS proxy: No leader found: Tablet d62715e230154e2abe126ef97feec7ce consensus state has no leader
I0619 00:11:52.066241 25741 ts_tablet_manager.cc:1369] T 292b164659e343158de8e7e3eeb9be31 P c007a00e65ad41a79da1a0c1050c55b4: Deleting tablet data with delete state TABLET_DATA_DELETED
I0619 00:11:52.069196 25081 master_service.cc:523] ReplaceTablet: received request to replace tablet 292b164659e343158de8e7e3eeb9be31 from {username='jenkins'} at 127.24.119.62:54390
W0619 00:11:52.069375 25536 heartbeater.cc:587] Failed to heartbeat to 127.24.119.61:46325: Network error: Failed to ping master at 127.24.119.61:46325: Client connection negotiation failed: client connection to 127.24.119.61:46325: connect: Connection refused (error 111)
I0619 00:11:52.052060 25736 ts_tablet_manager.cc:1382] T 53688f0e4a604bc4a07dec9278a8dad6 P 10bda0b4856f4441b5aed24cdc4764a8: tablet deleted with delete type TABLET_DATA_DELETED: last-logged OpId 0.0
I0619 00:11:52.069867 25736 log.cc:986] T 53688f0e4a604bc4a07dec9278a8dad6 P 10bda0b4856f4441b5aed24cdc4764a8: Deleting WAL directory at /data/somelongdirectorytoavoidrpathissues/src/kudutest/master-stress-test.0.HmsConfigurations_MasterStressTest.Test_0.1529392303277196-25052/minicluster-data/ts-1/wal/wals/53688f0e4a604bc4a07dec9278a8dad6
I0619 00:11:52.070361 25736 ts_tablet_manager.cc:1403] T 53688f0e4a604bc4a07dec9278a8dad6 P 10bda0b4856f4441b5aed24cdc4764a8: Deleting consensus metadata
I0619 00:11:52.062713 25602 tablet_service.cc:800] Processing DeleteTablet for tablet e3708e05f6054306b5bf7f1df2140e3d with delete_type TABLET_DATA_DELETED (replaced by tablet 9d44681acacf4f04b6fcfbd4c9a18e87) from {username='jenkins'} at 127.24.119.3:34285
I0619 00:11:52.062763 25601 tablet_service.cc:800] Processing DeleteTablet for tablet 397ae10bb6d841b4ba561ec431d29864 with delete_type TABLET_DATA_DELETED (Table deleted at 2018-06-19 00:11:50 PDT) from {username='jenkins'} at 127.24.119.3:34285
I0619 00:11:52.073407 25724 tablet_bootstrap.cc:427] T 3537c79c30a1401e8a78b387f08eff58 P 395763cf325d4ce19859830a7ad35c85: No bootstrap required, opened a new log
I0619 00:11:52.078212 25323 ts_tablet_manager.cc:1173] T edfdedbd4eca4b62be24b1649f820d0e P c007a00e65ad41a79da1a0c1050c55b4: Registered tablet (data state: TABLET_DATA_READY)
I0619 00:11:52.078529 25724 ts_tablet_manager.cc:1045] T 3537c79c30a1401e8a78b387f08eff58 P 395763cf325d4ce19859830a7ad35c85: Time spent bootstrapping tablet: real 0.093s user 0.004s sys 0.000s
I0619 00:11:52.079458 25069 catalog_manager.cc:2891] Scheduling retry of 3722b203a516466489c74ef6013eacae (table default.table_fb89f806be98424aa43bd01b3f816a80 [id=a17737f9d2924cc09f372527fb91188b]) Alter Table RPC with a delay of 278 ms (attempt = 5)
W0619 00:11:52.079736 25069 catalog_manager.cc:2910] Async tablet task 3722b203a516466489c74ef6013eacae (table default.table_fb89f806be98424aa43bd01b3f816a80 [id=a17737f9d2924cc09f372527fb91188b]) Alter Table RPC failed: Not found: failed to reset TS proxy: No leader found: Tablet 3722b203a516466489c74ef6013eacae consensus state has no leader
I0619 00:11:52.080283 25724 raft_consensus.cc:325] T 3537c79c30a1401e8a78b387f08eff58 P 395763cf325d4ce19859830a7ad35c85 [term 0 FOLLOWER]: Replica starting. Triggering 0 pending transactions. Active config: opid_index: -1 OBSOLETE_local: false peers { permanent_uuid: "c007a00e65ad41a79da1a0c1050c55b4" member_type: VOTER last_known_addr { host: "127.24.119.1" port: 32951 } } peers { permanent_uuid: "10bda0b4856f4441b5aed24cdc4764a8" member_type: VOTER last_known_addr { host: "127.24.119.2" port: 38512 } } peers { permanent_uuid: "395763cf325d4ce19859830a7ad35c85" member_type: VOTER last_known_addr { host: "127.24.119.3" port: 39344 } }
I0619 00:11:52.081100 25724 raft_consensus.cc:351] T 3537c79c30a1401e8a78b387f08eff58 P 395763cf325d4ce19859830a7ad35c85 [term 0 FOLLOWER]: Consensus starting up: Expiring failure detector timer to make a prompt election more likely
I0619 00:11:52.081154 25325 ts_tablet_manager.cc:1173] T d6c3c7f783cb43d59b46502261aeced3 P c007a00e65ad41a79da1a0c1050c55b4: Registered tablet (data state: TABLET_DATA_READY)
I0619 00:11:52.081303 25724 raft_consensus.cc:628] T 3537c79c30a1401e8a78b387f08eff58 P 395763cf325d4ce19859830a7ad35c85 [term 0 FOLLOWER]: Becoming Follower/Learner. State: Replica: 395763cf325d4ce19859830a7ad35c85, State: Initialized, Role: FOLLOWER
I0619 00:11:52.081357 25067 catalog_manager.cc:2891] Scheduling retry of 981d862d1bab4b14bb10e6fc2174e1cc (table default.table_48d04a9a6f224dd983111f0215fb417b [id=01235cbfa38b48a9bbfbb0b4630c5d23]) Alter Table RPC with a delay of 60 ms (attempt = 2)
W0619 00:11:52.081622 25067 catalog_manager.cc:2910] Async tablet task 981d862d1bab4b14bb10e6fc2174e1cc (table default.table_48d04a9a6f224dd983111f0215fb417b [id=01235cbfa38b48a9bbfbb0b4630c5d23]) Alter Table RPC failed: Not found: failed to reset TS proxy: No leader found: Tablet 981d862d1bab4b14bb10e6fc2174e1cc consensus state has no leader
I0619 00:11:52.081820 25724 consensus_queue.cc:227] T 3537c79c30a1401e8a78b387f08eff58 P 395763cf325d4ce19859830a7ad35c85 [NON_LEADER]: Queue going to NON_LEADER mode. State: All replicated index: 0, Majority replicated index: 0, Committed index: 0, Last appended: 0.0, Last appended by leader: 0, Current term: 0, Majority size: -1, State: 0, Mode: NON_LEADER, active raft config: opid_index: -1 OBSOLETE_local: false peers { permanent_uuid: "c007a00e65ad41a79da1a0c1050c55b4" member_type: VOTER last_known_addr { host: "127.24.119.1" port: 32951 } } peers { permanent_uuid: "10bda0b4856f4441b5aed24cdc4764a8" member_type: VOTER last_known_addr { host: "127.24.119.2" port: 38512 } } peers { permanent_uuid: "395763cf325d4ce19859830a7ad35c85" member_type: VOTER last_known_addr { host: "127.24.119.3" port: 39344 } }
I0619 00:11:52.055454 25464 ts_tablet_manager.cc:1173] T edfdedbd4eca4b62be24b1649f820d0e P 10bda0b4856f4441b5aed24cdc4764a8: Registered tablet (data state: TABLET_DATA_READY)
I0619 00:11:52.083360 25724 ts_tablet_manager.cc:1073] T 3537c79c30a1401e8a78b387f08eff58 P 395763cf325d4ce19859830a7ad35c85: Time spent starting tablet: real 0.005s user 0.003s sys 0.000s
I0619 00:11:52.083741 25724 ts_tablet_manager.cc:1028] T 30a9d9fda8d34caeb8242c372439321b P 395763cf325d4ce19859830a7ad35c85: Bootstrapping tablet
I0619 00:11:52.084111 25724 tablet_bootstrap.cc:427] T 30a9d9fda8d34caeb8242c372439321b P 395763cf325d4ce19859830a7ad35c85: Bootstrap starting.
I0619 00:11:52.085535 25811 raft_consensus.cc:457] T 3537c79c30a1401e8a78b387f08eff58 P 395763cf325d4ce19859830a7ad35c85 [term 0 FOLLOWER]: Starting pre-election (no leader contacted us within the election timeout)
I0619 00:11:52.085798 25811 raft_consensus.cc:2732] T 3537c79c30a1401e8a78b387f08eff58 P 395763cf325d4ce19859830a7ad35c85: Snoozing failure detection for 1.573s (starting election)
I0619 00:11:52.086040 25811 raft_consensus.cc:479] T 3537c79c30a1401e8a78b387f08eff58 P 395763cf325d4ce19859830a7ad35c85 [term 0 FOLLOWER]: Starting pre-election with config: opid_index: -1 OBSOLETE_local: false peers { permanent_uuid: "c007a00e65ad41a79da1a0c1050c55b4" member_type: VOTER last_known_addr { host: "127.24.119.1" port: 32951 } } peers { permanent_uuid: "10bda0b4856f4441b5aed24cdc4764a8" member_type: VOTER last_known_addr { host: "127.24.119.2" port: 38512 } } peers { permanent_uuid: "395763cf325d4ce19859830a7ad35c85" member_type: VOTER last_known_addr { host: "127.24.119.3" port: 39344 } }
W0619 00:11:52.086503 25668 heartbeater.cc:587] Failed to heartbeat to 127.24.119.61:46325: Network error: Failed to ping master at 127.24.119.61:46325: Client connection negotiation failed: client connection to 127.24.119.61:46325: connect: Connection refused (error 111)
I0619 00:11:52.086501 25736 tablet_replica.cc:261] T acc89522b693498c987ca5d8ef8275ea P 10bda0b4856f4441b5aed24cdc4764a8: stopping tablet replica
I0619 00:11:52.086761 25736 maintenance_manager.cc:237] P 10bda0b4856f4441b5aed24cdc4764a8: Unregistered op CompactRowSetsOp(acc89522b693498c987ca5d8ef8275ea)
I0619 00:11:52.086963 25736 maintenance_manager.cc:237] P 10bda0b4856f4441b5aed24cdc4764a8: Unregistered op MinorDeltaCompactionOp(acc89522b693498c987ca5d8ef8275ea)
I0619 00:11:52.087023 25811 leader_election.cc:243] T 3537c79c30a1401e8a78b387f08eff58 P 395763cf325d4ce19859830a7ad35c85 [CANDIDATE]: Term 1 pre-election: Requesting pre-vote from peer c007a00e65ad41a79da1a0c1050c55b4 (127.24.119.1:32951)
I0619 00:11:52.087150 25736 maintenance_manager.cc:237] P 10bda0b4856f4441b5aed24cdc4764a8: Unregistered op MajorDeltaCompactionOp(acc89522b693498c987ca5d8ef8275ea)
I0619 00:11:52.087334 25736 maintenance_manager.cc:237] P 10bda0b4856f4441b5aed24cdc4764a8: Unregistered op UndoDeltaBlockGCOp(acc89522b693498c987ca5d8ef8275ea)
I0619 00:11:52.087424 25811 leader_election.cc:243] T 3537c79c30a1401e8a78b387f08eff58 P 395763cf325d4ce19859830a7ad35c85 [CANDIDATE]: Term 1 pre-election: Requesting pre-vote from peer 10bda0b4856f4441b5aed24cdc4764a8 (127.24.119.2:38512)
I0619 00:11:52.087550 25736 maintenance_manager.cc:237] P 10bda0b4856f4441b5aed24cdc4764a8: Unregistered op FlushMRSOp(acc89522b693498c987ca5d8ef8275ea)
I0619 00:11:52.088167 25736 maintenance_manager.cc:237] P 10bda0b4856f4441b5aed24cdc4764a8: Unregistered op FlushDeltaMemStoresOp(acc89522b693498c987ca5d8ef8275ea)
I0619 00:11:52.088373 25736 maintenance_manager.cc:237] P 10bda0b4856f4441b5aed24cdc4764a8: Unregistered op LogGCOp(acc89522b693498c987ca5d8ef8275ea)
I0619 00:11:52.088332 25068 catalog_manager.cc:2891] Scheduling retry of 3722b203a516466489c74ef6013eacae (table default.table_fb89f806be98424aa43bd01b3f816a80 [id=a17737f9d2924cc09f372527fb91188b]) Alter Table RPC with a delay of 1056 ms (attempt = 7)
W0619 00:11:52.088604 25068 catalog_manager.cc:2910] Async tablet task 3722b203a516466489c74ef6013eacae (table default.table_fb89f806be98424aa43bd01b3f816a80 [id=a17737f9d2924cc09f372527fb91188b]) Alter Table RPC failed: Not found: failed to reset TS proxy: No leader found: Tablet 3722b203a516466489c74ef6013eacae consensus state has no leader
I0619 00:11:52.088552 25736 raft_consensus.cc:2042] T acc89522b693498c987ca5d8ef8275ea P 10bda0b4856f4441b5aed24cdc4764a8 [term 1 LEADER]: Raft consensus shutting down.
I0619 00:11:52.088912 25736 consensus_peers.cc:456] T acc89522b693498c987ca5d8ef8275ea P 10bda0b4856f4441b5aed24cdc4764a8 -> Peer 395763cf325d4ce19859830a7ad35c85 (127.24.119.3:39344): Closing peer: 395763cf325d4ce19859830a7ad35c85
I0619 00:11:52.089148 25736 consensus_peers.cc:456] T acc89522b693498c987ca5d8ef8275ea P 10bda0b4856f4441b5aed24cdc4764a8 -> Peer c007a00e65ad41a79da1a0c1050c55b4 (127.24.119.1:32951): Closing peer: c007a00e65ad41a79da1a0c1050c55b4
I0619 00:11:52.089828 25736 pending_rounds.cc:63] T acc89522b693498c987ca5d8ef8275ea P 10bda0b4856f4441b5aed24cdc4764a8: Trying to abort 1 pending transactions.
I0619 00:11:52.090018 25736 pending_rounds.cc:68] T acc89522b693498c987ca5d8ef8275ea P 10bda0b4856f4441b5aed24cdc4764a8: Aborting transaction as it isn't in flight: id { term: 1 index: 1 } timestamp: 6264390910110580736 op_type: NO_OP noop_request { }
I0619 00:11:52.090358 25736 raft_consensus.cc:2622] T acc89522b693498c987ca5d8ef8275ea P 10bda0b4856f4441b5aed24cdc4764a8 [term 1 LEADER]: NO_OP replication failed: Aborted: Transaction aborted
I0619 00:11:52.090291 25354 tablet_service.cc:995] Received RequestConsensusVote() RPC: tablet_id: "3537c79c30a1401e8a78b387f08eff58" candidate_uuid: "395763cf325d4ce19859830a7ad35c85" candidate_term: 1 candidate_status { last_received { term: 0 index: 0 } } ignore_live_leader: false dest_uuid: "c007a00e65ad41a79da1a0c1050c55b4" is_pre_election: true
I0619 00:11:52.090694 25736 raft_consensus.cc:2069] T acc89522b693498c987ca5d8ef8275ea P 10bda0b4856f4441b5aed24cdc4764a8 [term 1 FOLLOWER]: Raft consensus is shut down!
W0619 00:11:52.091842 25553 leader_election.cc:306] T 3537c79c30a1401e8a78b387f08eff58 P 395763cf325d4ce19859830a7ad35c85 [CANDIDATE]: Term 1 pre-election: Tablet error from VoteRequest() call to peer c007a00e65ad41a79da1a0c1050c55b4 (127.24.119.1:32951): Illegal state: must be running to vote when last-logged opid is not known
W0619 00:11:52.092319 25668 heartbeater.cc:587] Failed to heartbeat to 127.24.119.61:46325: Network error: Failed to ping master at 127.24.119.61:46325: Client connection negotiation failed: client connection to 127.24.119.61:46325: connect: Connection refused (error 111)
I0619 00:11:52.093624 25080 catalog_manager.cc:3663] Got report from deleted tablet 03522c48c50943b38cae5aa88562e583 (table default.table_0a2ef368d0f945eaaeeb3e58d57ef718 [id=3af4854117e94c6a9ac3516c131ab144]) (Table deleted at 2018-06-19 00:11:50 PDT): Sending delete request for this tablet
I0619 00:11:52.093813 25724 tablet_bootstrap.cc:578] T 30a9d9fda8d34caeb8242c372439321b P 395763cf325d4ce19859830a7ad35c85: No blocks or log segments found. Creating new log.
I0619 00:11:52.094020 25080 catalog_manager.cc:3663] Got report from deleted tablet acc89522b693498c987ca5d8ef8275ea (table default.table_48d04a9a6f224dd983111f0215fb417b [id=01235cbfa38b48a9bbfbb0b4630c5d23]) (replaced by tablet 981d862d1bab4b14bb10e6fc2174e1cc): Sending delete request for this tablet
I0619 00:11:52.094514 25071 catalog_manager.cc:3091] TS 10bda0b4856f4441b5aed24cdc4764a8 (127.24.119.2:38512): tablet aaf62da07a9740c1aa44359d3f604513 (table default.table_48a6321c18954a77805c579d820e8d00 [id=f181d18c1f844c83a0640004333ae473]) successfully deleted
I0619 00:11:52.094776 25081 catalog_manager.cc:1339] Servicing CreateTable request from {username='jenkins'} at 127.24.119.62:54390: name: "default.table_c3660a004537433aaff9ead44b4615e4" schema { columns { name: "key" type: INT32 is_key: true is_nullable: false encoding: AUTO_ENCODING compression: DEFAULT_COMPRESSION cfile_block_size: 0 } } split_rows_range_bounds { } partition_schema { range_schema { columns { name: "key" } } }
W0619 00:11:52.095701 25081 catalog_manager.cc:1488] The number of live tablet servers is not enough to re-replicate a tablet replica of the newly created table default.table_c3660a004537433aaff9ead44b4615e4 in case of a replica failure: 4 tablet servers are needed, 3 are alive. Consider bringing up additional tablet server(s) or running both the masters and all tablet servers with --raft_prepare_replacement_before_eviction=false flag (not recommended).
I0619 00:11:52.095824 25082 catalog_manager.cc:1731] Servicing DeleteTable request from {username='jenkins'} at 127.24.119.62:54390: table { table_name: "default.table_1563f330df024855ab3d01187bdc7661" }
I0619 00:11:52.096181 25727 tablet_bootstrap.cc:427] T 35acf55f35064c1491122a13ff9f5744 P c007a00e65ad41a79da1a0c1050c55b4: No bootstrap required, opened a new log
I0619 00:11:52.096526 25727 ts_tablet_manager.cc:1045] T 35acf55f35064c1491122a13ff9f5744 P c007a00e65ad41a79da1a0c1050c55b4: Time spent bootstrapping tablet: real 0.113s user 0.005s sys 0.000s
W0619 00:11:52.097867 25071 catalog_manager.cc:3071] TS 10bda0b4856f4441b5aed24cdc4764a8 (127.24.119.2:38512): delete failed for tablet 72e28bc6b57442b782d8aa07e1152cf4 because the tablet was not found. No further retry: Not found: Tablet not found: 72e28bc6b57442b782d8aa07e1152cf4
I0619 00:11:52.097812 25727 raft_consensus.cc:325] T 35acf55f35064c1491122a13ff9f5744 P c007a00e65ad41a79da1a0c1050c55b4 [term 0 FOLLOWER]: Replica starting. Triggering 0 pending transactions. Active config: opid_index: -1 OBSOLETE_local: false peers { permanent_uuid: "c007a00e65ad41a79da1a0c1050c55b4" member_type: VOTER last_known_addr { host: "127.24.119.1" port: 32951 } } peers { permanent_uuid: "10bda0b4856f4441b5aed24cdc4764a8" member_type: VOTER last_known_addr { host: "127.24.119.2" port: 38512 } } peers { permanent_uuid: "395763cf325d4ce19859830a7ad35c85" member_type: VOTER last_known_addr { host: "127.24.119.3" port: 39344 } }
W0619 00:11:52.098333 25071 catalog_manager.cc:3083] TS 10bda0b4856f4441b5aed24cdc4764a8 (127.24.119.2:38512): delete failed for tablet a85577b0beba4276b963e5c360544bc7 with error code TABLET_NOT_RUNNING: Already present: State transition of tablet a85577b0beba4276b963e5c360544bc7 already in progress: creating tablet
I0619 00:11:52.098402 25727 raft_consensus.cc:351] T 35acf55f35064c1491122a13ff9f5744 P c007a00e65ad41a79da1a0c1050c55b4 [term 0 FOLLOWER]: Consensus starting up: Expiring failure detector timer to make a prompt election more likely
I0619 00:11:52.098625 25727 raft_consensus.cc:628] T 35acf55f35064c1491122a13ff9f5744 P c007a00e65ad41a79da1a0c1050c55b4 [term 0 FOLLOWER]: Becoming Follower/Learner. State: Replica: c007a00e65ad41a79da1a0c1050c55b4, State: Initialized, Role: FOLLOWER
I0619 00:11:52.099185 25727 consensus_queue.cc:227] T 35acf55f35064c1491122a13ff9f5744 P c007a00e65ad41a79da1a0c1050c55b4 [NON_LEADER]: Queue going to NON_LEADER mode. State: All replicated index: 0, Majority replicated index: 0, Committed index: 0, Last appended: 0.0, Last appended by leader: 0, Current term: 0, Majority size: -1, State: 0, Mode: NON_LEADER, active raft config: opid_index: -1 OBSOLETE_local: false peers { permanent_uuid: "c007a00e65ad41a79da1a0c1050c55b4" member_type: VOTER last_known_addr { host: "127.24.119.1" port: 32951 } } peers { permanent_uuid: "10bda0b4856f4441b5aed24cdc4764a8" member_type: VOTER last_known_addr { host: "127.24.119.2" port: 38512 } } peers { permanent_uuid: "395763cf325d4ce19859830a7ad35c85" member_type: VOTER last_known_addr { host: "127.24.119.3" port: 39344 } }
W0619 00:11:52.102308 25402 heartbeater.cc:587] Failed to heartbeat to 127.24.119.61:46325: Network error: Failed to ping master at 127.24.119.61:46325: Client connection negotiation failed: client connection to 127.24.119.61:46325: connect: Connection refused (error 111)
W0619 00:11:52.104677 25402 heartbeater.cc:587] Failed to heartbeat to 127.24.119.61:46325: Network error: Failed to ping master at 127.24.119.61:46325: Client connection negotiation failed: client connection to 127.24.119.61:46325: connect: Connection refused (error 111)
I0619 00:11:52.105744 25727 ts_tablet_manager.cc:1073] T 35acf55f35064c1491122a13ff9f5744 P c007a00e65ad41a79da1a0c1050c55b4: Time spent starting tablet: real 0.009s user 0.004s sys 0.000s
I0619 00:11:52.107244 25727 ts_tablet_manager.cc:1028] T 70b9c8c4af0945b69b5577e47b61c054 P c007a00e65ad41a79da1a0c1050c55b4: Bootstrapping tablet
I0619 00:11:52.107617 25727 tablet_bootstrap.cc:427] T 70b9c8c4af0945b69b5577e47b61c054 P c007a00e65ad41a79da1a0c1050c55b4: Bootstrap starting.
I0619 00:11:52.111636 25325 tablet_service.cc:759] Processing CreateTablet for tablet 0a7470bfeab041f9895e491231b57eb7 (table=default.table_824bd974d1ae4fc398285c3a2393333f [id=1e6786c5c70b44d6ba8ad6a83b670b1e]), partition=RANGE (key) PARTITION UNBOUNDED
I0619 00:11:52.112243 25325 data_dirs.cc:934] Could only allocate 1 dirs of requested 3 for tablet 0a7470bfeab041f9895e491231b57eb7. 1 dirs total, 0 dirs full, 0 dirs failed
I0619 00:11:52.112534 25730 ts_tablet_manager.cc:1382] T c18355df78d344839a56189c7549ab1f P 395763cf325d4ce19859830a7ad35c85: tablet deleted with delete type TABLET_DATA_DELETED: last-logged OpId 0.0
I0619 00:11:52.112874 25730 log.cc:986] T c18355df78d344839a56189c7549ab1f P 395763cf325d4ce19859830a7ad35c85: Deleting WAL directory at /data/somelongdirectorytoavoidrpathissues/src/kudutest/master-stress-test.0.HmsConfigurations_MasterStressTest.Test_0.1529392303277196-25052/minicluster-data/ts-2/wal/wals/c18355df78d344839a56189c7549ab1f
I0619 00:11:52.113382 25730 ts_tablet_manager.cc:1403] T c18355df78d344839a56189c7549ab1f P 395763cf325d4ce19859830a7ad35c85: Deleting consensus metadata
I0619 00:11:52.114886 25730 rpcz_store.cc:265] Call kudu.tserver.TabletServerAdminService.DeleteTablet from 127.24.119.3:34285 (request call id 105) took 1034ms. Request Metrics: {"tablet-delete.queue_time_us":949743}
I0619 00:11:52.115852 25727 tablet_bootstrap.cc:578] T 70b9c8c4af0945b69b5577e47b61c054 P c007a00e65ad41a79da1a0c1050c55b4: No blocks or log segments found. Creating new log.
I0619 00:11:52.118557 25730 tablet_replica.cc:261] T aaf62da07a9740c1aa44359d3f604513 P 395763cf325d4ce19859830a7ad35c85: stopping tablet replica
I0619 00:11:52.119304 25730 maintenance_manager.cc:237] P 395763cf325d4ce19859830a7ad35c85: Unregistered op CompactRowSetsOp(aaf62da07a9740c1aa44359d3f604513)
I0619 00:11:52.120295 25730 maintenance_manager.cc:237] P 395763cf325d4ce19859830a7ad35c85: Unregistered op MinorDeltaCompactionOp(aaf62da07a9740c1aa44359d3f604513)
I0619 00:11:52.120731 25730 maintenance_manager.cc:237] P 395763cf325d4ce19859830a7ad35c85: Unregistered op MajorDeltaCompactionOp(aaf62da07a9740c1aa44359d3f604513)
I0619 00:11:52.121192 25730 maintenance_manager.cc:237] P 395763cf325d4ce19859830a7ad35c85: Unregistered op UndoDeltaBlockGCOp(aaf62da07a9740c1aa44359d3f604513)
I0619 00:11:52.122119 25727 tablet_bootstrap.cc:427] T 70b9c8c4af0945b69b5577e47b61c054 P c007a00e65ad41a79da1a0c1050c55b4: No bootstrap required, opened a new log
I0619 00:11:52.092140 25489 tablet_service.cc:995] Received RequestConsensusVote() RPC: tablet_id: "3537c79c30a1401e8a78b387f08eff58" candidate_uuid: "395763cf325d4ce19859830a7ad35c85" candidate_term: 1 candidate_status { last_received { term: 0 index: 0 } } ignore_live_leader: false dest_uuid: "10bda0b4856f4441b5aed24cdc4764a8" is_pre_election: true
I0619 00:11:52.095688 25468 tablet_service.cc:800] Processing DeleteTablet for tablet 03522c48c50943b38cae5aa88562e583 with delete_type TABLET_DATA_DELETED (Table deleted at 2018-06-19 00:11:50 PDT) from {username='jenkins'} at 127.24.119.2:51757
I0619 00:11:52.122786 25811 raft_consensus.cc:457] T 075076aaa16e4ea8a596a7a8c52f103e P 395763cf325d4ce19859830a7ad35c85 [term 0 FOLLOWER]: Starting pre-election (no leader contacted us within the election timeout)
I0619 00:11:52.122954 25727 ts_tablet_manager.cc:1045] T 70b9c8c4af0945b69b5577e47b61c054 P c007a00e65ad41a79da1a0c1050c55b4: Time spent bootstrapping tablet: real 0.015s user 0.005s sys 0.000s
I0619 00:11:52.123030 25811 raft_consensus.cc:2732] T 075076aaa16e4ea8a596a7a8c52f103e P 395763cf325d4ce19859830a7ad35c85: Snoozing failure detection for 1.640s (starting election)
I0619 00:11:52.123275 25811 raft_consensus.cc:479] T 075076aaa16e4ea8a596a7a8c52f103e P 395763cf325d4ce19859830a7ad35c85 [term 0 FOLLOWER]: Starting pre-election with config: opid_index: -1 OBSOLETE_local: false peers { permanent_uuid: "10bda0b4856f4441b5aed24cdc4764a8" member_type: VOTER last_known_addr { host: "127.24.119.2" port: 38512 } } peers { permanent_uuid: "c007a00e65ad41a79da1a0c1050c55b4" member_type: VOTER last_known_addr { host: "127.24.119.1" port: 32951 } } peers { permanent_uuid: "395763cf325d4ce19859830a7ad35c85" member_type: VOTER last_known_addr { host: "127.24.119.3" port: 39344 } }
I0619 00:11:52.098675 25464 tablet_service.cc:800] Processing DeleteTablet for tablet e3708e05f6054306b5bf7f1df2140e3d with delete_type TABLET_DATA_DELETED (replaced by tablet 9d44681acacf4f04b6fcfbd4c9a18e87) from {username='jenkins'} at 127.24.119.2:51757
I0619 00:11:52.102838 25470 ts_tablet_manager.cc:1173] T d6c3c7f783cb43d59b46502261aeced3 P 10bda0b4856f4441b5aed24cdc4764a8: Registered tablet (data state: TABLET_DATA_READY)
I0619 00:11:52.102802 25083 catalog_manager.cc:3663] Got report from deleted tablet 35acf55f35064c1491122a13ff9f5744 (table default.table_e2e6deb5e5764586802390a904ba068f [id=76428d4b5c9a469998b9b5fe01c1d104]) (Table deleted at 2018-06-19 00:11:51 PDT): Sending delete request for this tablet
I0619 00:11:52.124299 25811 leader_election.cc:243] T 075076aaa16e4ea8a596a7a8c52f103e P 395763cf325d4ce19859830a7ad35c85 [CANDIDATE]: Term 1 pre-election: Requesting pre-vote from peer 10bda0b4856f4441b5aed24cdc4764a8 (127.24.119.2:38512)
I0619 00:11:52.105710 25796 raft_consensus.cc:457] T cb57d196f0724247b6a7f9a34be8377a P 10bda0b4856f4441b5aed24cdc4764a8 [term 0 FOLLOWER]: Starting pre-election (no leader contacted us within the election timeout)
I0619 00:11:52.111871 25725 tablet_bootstrap.cc:427] T f372b9fb174844eca1662c62039a3c71 P 10bda0b4856f4441b5aed24cdc4764a8: No bootstrap required, opened a new log
I0619 00:11:52.124704 25811 leader_election.cc:243] T 075076aaa16e4ea8a596a7a8c52f103e P 395763cf325d4ce19859830a7ad35c85 [CANDIDATE]: Term 1 pre-election: Requesting pre-vote from peer c007a00e65ad41a79da1a0c1050c55b4 (127.24.119.1:32951)
I0619 00:11:52.124722 25796 raft_consensus.cc:2732] T cb57d196f0724247b6a7f9a34be8377a P 10bda0b4856f4441b5aed24cdc4764a8: Snoozing failure detection for 1.831s (starting election)
I0619 00:11:52.124812 25083 catalog_manager.cc:3113] Sending DeleteTablet(TABLET_DATA_DELETED) for tablet 35acf55f35064c1491122a13ff9f5744 on c007a00e65ad41a79da1a0c1050c55b4 (127.24.119.1:32951) (Table deleted at 2018-06-19 00:11:51 PDT)
I0619 00:11:52.124999 25725 ts_tablet_manager.cc:1045] T f372b9fb174844eca1662c62039a3c71 P 10bda0b4856f4441b5aed24cdc4764a8: Time spent bootstrapping tablet: real 0.086s user 0.004s sys 0.001s
I0619 00:11:52.124999 25796 raft_consensus.cc:479] T cb57d196f0724247b6a7f9a34be8377a P 10bda0b4856f4441b5aed24cdc4764a8 [term 0 FOLLOWER]: Starting pre-election with config: opid_index: -1 OBSOLETE_local: false peers { permanent_uuid: "c007a00e65ad41a79da1a0c1050c55b4" member_type: VOTER last_known_addr { host: "127.24.119.1" port: 32951 } } peers { permanent_uuid: "10bda0b4856f4441b5aed24cdc4764a8" member_type: VOTER last_known_addr { host: "127.24.119.2" port: 38512 } } peers { permanent_uuid: "395763cf325d4ce19859830a7ad35c85" member_type: VOTER last_known_addr { host: "127.24.119.3" port: 39344 } }
I0619 00:11:52.126057 25796 leader_election.cc:243] T cb57d196f0724247b6a7f9a34be8377a P 10bda0b4856f4441b5aed24cdc4764a8 [CANDIDATE]: Term 1 pre-election: Requesting pre-vote from peer c007a00e65ad41a79da1a0c1050c55b4 (127.24.119.1:32951)
I0619 00:11:52.126467 25796 leader_election.cc:243] T cb57d196f0724247b6a7f9a34be8377a P 10bda0b4856f4441b5aed24cdc4764a8 [CANDIDATE]: Term 1 pre-election: Requesting pre-vote from peer 395763cf325d4ce19859830a7ad35c85 (127.24.119.3:39344)
I0619 00:11:52.126905 25323 tablet_service.cc:800] Processing DeleteTablet for tablet 35acf55f35064c1491122a13ff9f5744 with delete_type TABLET_DATA_DELETED (Table deleted at 2018-06-19 00:11:51 PDT) from {username='jenkins'} at 127.24.119.1:46159
W0619 00:11:52.126881 25558 leader_election.cc:306] T 3537c79c30a1401e8a78b387f08eff58 P 395763cf325d4ce19859830a7ad35c85 [CANDIDATE]: Term 1 pre-election: Tablet error from VoteRequest() call to peer 10bda0b4856f4441b5aed24cdc4764a8 (127.24.119.2:38512): Illegal state: must be running to vote when last-logged opid is not known
I0619 00:11:52.127147 25558 leader_election.cc:270] T 3537c79c30a1401e8a78b387f08eff58 P 395763cf325d4ce19859830a7ad35c85 [CANDIDATE]: Term 1 pre-election: Election decided. Result: candidate lost.
I0619 00:11:52.127228 25071 catalog_manager.cc:2891] Scheduling retry of a85577b0beba4276b963e5c360544bc7 Delete Tablet RPC for TS=10bda0b4856f4441b5aed24cdc4764a8 with a delay of 71 ms (attempt = 3)
I0619 00:11:52.128010 25071 catalog_manager.cc:3091] TS 395763cf325d4ce19859830a7ad35c85 (127.24.119.3:39344): tablet c18355df78d344839a56189c7549ab1f (table default.table_50bf60a48eb949a2b7c22f6b61030f66 [id=3e2a135384014c7b9626f9a8df3162aa]) successfully deleted
I0619 00:11:52.106319 25080 catalog_manager.cc:3113] Sending DeleteTablet(TABLET_DATA_DELETED) for tablet 03522c48c50943b38cae5aa88562e583 on 10bda0b4856f4441b5aed24cdc4764a8 (127.24.119.2:38512) (Table deleted at 2018-06-19 00:11:50 PDT)
I0619 00:11:52.128727 25354 tablet_service.cc:995] Received RequestConsensusVote() RPC: tablet_id: "075076aaa16e4ea8a596a7a8c52f103e" candidate_uuid: "395763cf325d4ce19859830a7ad35c85" candidate_term: 1 candidate_status { last_received { term: 0 index: 0 } } ignore_live_leader: false dest_uuid: "c007a00e65ad41a79da1a0c1050c55b4" is_pre_election: true
I0619 00:11:52.128931 25080 catalog_manager.cc:3113] Sending DeleteTablet(TABLET_DATA_DELETED) for tablet acc89522b693498c987ca5d8ef8275ea on 10bda0b4856f4441b5aed24cdc4764a8 (127.24.119.2:38512) (replaced by tablet 981d862d1bab4b14bb10e6fc2174e1cc)
I0619 00:11:52.130117 25725 raft_consensus.cc:325] T f372b9fb174844eca1662c62039a3c71 P 10bda0b4856f4441b5aed24cdc4764a8 [term 0 FOLLOWER]: Replica starting. Triggering 0 pending transactions. Active config: opid_index: -1 OBSOLETE_local: false peers { permanent_uuid: "10bda0b4856f4441b5aed24cdc4764a8" member_type: VOTER last_known_addr { host: "127.24.119.2" port: 38512 } } peers { permanent_uuid: "c007a00e65ad41a79da1a0c1050c55b4" member_type: VOTER last_known_addr { host: "127.24.119.1" port: 32951 } } peers { permanent_uuid: "395763cf325d4ce19859830a7ad35c85" member_type: VOTER last_known_addr { host: "127.24.119.3" port: 39344 } }
I0619 00:11:52.130748 25725 raft_consensus.cc:351] T f372b9fb174844eca1662c62039a3c71 P 10bda0b4856f4441b5aed24cdc4764a8 [term 0 FOLLOWER]: Consensus starting up: Expiring failure detector timer to make a prompt election more likely
W0619 00:11:52.130906 25553 leader_election.cc:306] T 075076aaa16e4ea8a596a7a8c52f103e P 395763cf325d4ce19859830a7ad35c85 [CANDIDATE]: Term 1 pre-election: Tablet error from VoteRequest() call to peer c007a00e65ad41a79da1a0c1050c55b4 (127.24.119.1:32951): Illegal state: must be running to vote when last-logged opid is not known
I0619 00:11:52.130939 25725 raft_consensus.cc:628] T f372b9fb174844eca1662c62039a3c71 P 10bda0b4856f4441b5aed24cdc4764a8 [term 0 FOLLOWER]: Becoming Follower/Learner. State: Replica: 10bda0b4856f4441b5aed24cdc4764a8, State: Initialized, Role: FOLLOWER
I0619 00:11:52.131778 25489 tablet_service.cc:995] Received RequestConsensusVote() RPC: tablet_id: "075076aaa16e4ea8a596a7a8c52f103e" candidate_uuid: "395763cf325d4ce19859830a7ad35c85" candidate_term: 1 candidate_status { last_received { term: 0 index: 0 } } ignore_live_leader: false dest_uuid: "10bda0b4856f4441b5aed24cdc4764a8" is_pre_election: true
I0619 00:11:52.132212 25354 tablet_service.cc:995] Received RequestConsensusVote() RPC: tablet_id: "cb57d196f0724247b6a7f9a34be8377a" candidate_uuid: "10bda0b4856f4441b5aed24cdc4764a8" candidate_term: 1 candidate_status { last_received { term: 0 index: 0 } } ignore_live_leader: false dest_uuid: "c007a00e65ad41a79da1a0c1050c55b4" is_pre_election: true
I0619 00:11:52.131464 25725 consensus_queue.cc:227] T f372b9fb174844eca1662c62039a3c71 P 10bda0b4856f4441b5aed24cdc4764a8 [NON_LEADER]: Queue going to NON_LEADER mode. State: All replicated index: 0, Majority replicated index: 0, Committed index: 0, Last appended: 0.0, Last appended by leader: 0, Current term: 0, Majority size: -1, State: 0, Mode: NON_LEADER, active raft config: opid_index: -1 OBSOLETE_local: false peers { permanent_uuid: "10bda0b4856f4441b5aed24cdc4764a8" member_type: VOTER last_known_addr { host: "127.24.119.2" port: 38512 } } peers { permanent_uuid: "c007a00e65ad41a79da1a0c1050c55b4" member_type: VOTER last_known_addr { host: "127.24.119.1" port: 32951 } } peers { permanent_uuid: "395763cf325d4ce19859830a7ad35c85" member_type: VOTER last_known_addr { host: "127.24.119.3" port: 39344 } }
I0619 00:11:52.133543 25811 raft_consensus.cc:2732] T 3537c79c30a1401e8a78b387f08eff58 P 395763cf325d4ce19859830a7ad35c85: Snoozing failure detection for 1.523s (election complete)
I0619 00:11:52.133797 25811 raft_consensus.cc:2487] T 3537c79c30a1401e8a78b387f08eff58 P 395763cf325d4ce19859830a7ad35c85 [term 0 FOLLOWER]: Leader pre-election lost for term 1. Reason: could not achieve majority
W0619 00:11:52.133841 25419 leader_election.cc:306] T cb57d196f0724247b6a7f9a34be8377a P 10bda0b4856f4441b5aed24cdc4764a8 [CANDIDATE]: Term 1 pre-election: Tablet error from VoteRequest() call to peer c007a00e65ad41a79da1a0c1050c55b4 (127.24.119.1:32951): Illegal state: must be running to vote when last-logged opid is not known
I0619 00:11:52.133275 25080 catalog_manager.cc:3663] Got report from deleted tablet 35acf55f35064c1491122a13ff9f5744 (table default.table_e2e6deb5e5764586802390a904ba068f [id=76428d4b5c9a469998b9b5fe01c1d104]) (Table deleted at 2018-06-19 00:11:51 PDT): Sending delete request for this tablet
I0619 00:11:52.134414 25725 ts_tablet_manager.cc:1073] T f372b9fb174844eca1662c62039a3c71 P 10bda0b4856f4441b5aed24cdc4764a8: Time spent starting tablet: real 0.009s user 0.003s sys 0.001s
I0619 00:11:52.134740 25080 catalog_manager.cc:3113] Sending DeleteTablet(TABLET_DATA_DELETED) for tablet 35acf55f35064c1491122a13ff9f5744 on c007a00e65ad41a79da1a0c1050c55b4 (127.24.119.1:32951) (Table deleted at 2018-06-19 00:11:51 PDT)
W0619 00:11:52.128473 25071 catalog_manager.cc:3083] TS 10bda0b4856f4441b5aed24cdc4764a8 (127.24.119.2:38512): delete failed for tablet a52cbcbe35374d518bca1e0fc24d88d4 with error code TABLET_NOT_RUNNING: Already present: State transition of tablet a52cbcbe35374d518bca1e0fc24d88d4 already in progress: creating tablet
I0619 00:11:52.135347 25071 catalog_manager.cc:2891] Scheduling retry of a52cbcbe35374d518bca1e0fc24d88d4 Delete Tablet RPC for TS=10bda0b4856f4441b5aed24cdc4764a8 with a delay of 70 ms (attempt = 2)
I0619 00:11:52.136202 25725 ts_tablet_manager.cc:1028] T a85577b0beba4276b963e5c360544bc7 P 10bda0b4856f4441b5aed24cdc4764a8: Bootstrapping tablet
W0619 00:11:52.136584 25071 catalog_manager.cc:3071] TS 10bda0b4856f4441b5aed24cdc4764a8 (127.24.119.2:38512): delete failed for tablet aaf62da07a9740c1aa44359d3f604513 because the tablet was not found. No further retry: Not found: Tablet not found: aaf62da07a9740c1aa44359d3f604513
I0619 00:11:52.136720 25725 tablet_bootstrap.cc:427] T a85577b0beba4276b963e5c360544bc7 P 10bda0b4856f4441b5aed24cdc4764a8: Bootstrap starting.
I0619 00:11:52.137303 25323 tablet_service.cc:800] Processing DeleteTablet for tablet 35acf55f35064c1491122a13ff9f5744 with delete_type TABLET_DATA_DELETED (Table deleted at 2018-06-19 00:11:51 PDT) from {username='jenkins'} at 127.24.119.1:46159
I0619 00:11:52.137254 25601 tablet_service.cc:759] Processing CreateTablet for tablet 0a7470bfeab041f9895e491231b57eb7 (table=default.table_824bd974d1ae4fc398285c3a2393333f [id=1e6786c5c70b44d6ba8ad6a83b670b1e]), partition=RANGE (key) PARTITION UNBOUNDED
