W0619 00:11:48.501897 25085 catalog_manager.cc:1488] The number of live tablet servers is not enough to re-replicate a tablet replica of the newly created table default.table_d946420480b24fe2810193b44fafa15b in case of a replica failure: 4 tablet servers are needed, 3 are alive. Consider bringing up additional tablet server(s) or running both the masters and all tablet servers with --raft_prepare_replacement_before_eviction=false flag (not recommended).
I0619 00:11:48.503767 25730 tablet_replica.cc:261] T 7507676a768e421dac27fe524538e0bb P 395763cf325d4ce19859830a7ad35c85: stopping tablet replica
I0619 00:11:48.508638 25068 catalog_manager.cc:2891] Scheduling retry of 7507676a768e421dac27fe524538e0bb (table default.table_bf9811157f1646299f1a2fa551667df3 [id=eeb1072dfe27492990409ab910065b9c]) Alter Table RPC with a delay of 139 ms (attempt = 4)
W0619 00:11:48.508963 25068 catalog_manager.cc:2910] Async tablet task 7507676a768e421dac27fe524538e0bb (table default.table_bf9811157f1646299f1a2fa551667df3 [id=eeb1072dfe27492990409ab910065b9c]) Alter Table RPC failed: Not found: failed to reset TS proxy: No leader found: Tablet 7507676a768e421dac27fe524538e0bb consensus state has no leader
I0619 00:11:48.508785 25087 catalog_manager.cc:1339] Servicing CreateTable request from {username='jenkins'} at 127.24.119.62:54390: name: "default.table_14eb07c70b3f485b87fdb436a2ab7c27" schema { columns { name: "key" type: INT32 is_key: true is_nullable: false encoding: AUTO_ENCODING compression: DEFAULT_COMPRESSION cfile_block_size: 0 } } split_rows_range_bounds { } partition_schema { range_schema { columns { name: "key" } } }
W0619 00:11:48.509683 25087 catalog_manager.cc:1488] The number of live tablet servers is not enough to re-replicate a tablet replica of the newly created table default.table_14eb07c70b3f485b87fdb436a2ab7c27 in case of a replica failure: 4 tablet servers are needed, 3 are alive. Consider bringing up additional tablet server(s) or running both the masters and all tablet servers with --raft_prepare_replacement_before_eviction=false flag (not recommended).
I0619 00:11:48.515429 25085 catalog_manager.cc:1339] Servicing CreateTable request from {username='jenkins'} at 127.24.119.62:54390: name: "default.table_4a989339185d4e3fa0c743cabbcbf619" schema { columns { name: "key" type: INT32 is_key: true is_nullable: false encoding: AUTO_ENCODING compression: DEFAULT_COMPRESSION cfile_block_size: 0 } } split_rows_range_bounds { } partition_schema { range_schema { columns { name: "key" } } }
W0619 00:11:48.516239 25085 catalog_manager.cc:1488] The number of live tablet servers is not enough to re-replicate a tablet replica of the newly created table default.table_4a989339185d4e3fa0c743cabbcbf619 in case of a replica failure: 4 tablet servers are needed, 3 are alive. Consider bringing up additional tablet server(s) or running both the masters and all tablet servers with --raft_prepare_replacement_before_eviction=false flag (not recommended).
I0619 00:11:48.518930 25086 catalog_manager.cc:1339] Servicing CreateTable request from {username='jenkins'} at 127.24.119.62:54390: name: "default.table_706cbf40bb854d3ebbdbdbf69f4e15d6" schema { columns { name: "key" type: INT32 is_key: true is_nullable: false encoding: AUTO_ENCODING compression: DEFAULT_COMPRESSION cfile_block_size: 0 } } split_rows_range_bounds { } partition_schema { range_schema { columns { name: "key" } } }
W0619 00:11:48.519783 25086 catalog_manager.cc:1488] The number of live tablet servers is not enough to re-replicate a tablet replica of the newly created table default.table_706cbf40bb854d3ebbdbdbf69f4e15d6 in case of a replica failure: 4 tablet servers are needed, 3 are alive. Consider bringing up additional tablet server(s) or running both the masters and all tablet servers with --raft_prepare_replacement_before_eviction=false flag (not recommended).
W0619 00:11:48.504228 25668 heartbeater.cc:587] Failed to heartbeat to 127.24.119.61:46325: Network error: Failed to ping master at 127.24.119.61:46325: Client connection negotiation failed: client connection to 127.24.119.61:46325: connect: Connection refused (error 111)
I0619 00:11:48.507335 25603 ts_tablet_manager.cc:1173] T baf80fd968c44e679987eb4ebe4473de P 395763cf325d4ce19859830a7ad35c85: Registered tablet (data state: TABLET_DATA_READY)
I0619 00:11:48.542162 25730 maintenance_manager.cc:237] P 395763cf325d4ce19859830a7ad35c85: Unregistered op CompactRowSetsOp(7507676a768e421dac27fe524538e0bb)
I0619 00:11:48.525336 25604 tablet_service.cc:759] Processing CreateTablet for tablet 985e23a32fa84104a06dd19d97117ab2 (table=default.table_d946420480b24fe2810193b44fafa15b [id=23387ae786214a72874c9ff28f39db49]), partition=RANGE (key) PARTITION UNBOUNDED
I0619 00:11:48.542604 25730 maintenance_manager.cc:237] P 395763cf325d4ce19859830a7ad35c85: Unregistered op MinorDeltaCompactionOp(7507676a768e421dac27fe524538e0bb)
I0619 00:11:48.542852 25730 maintenance_manager.cc:237] P 395763cf325d4ce19859830a7ad35c85: Unregistered op MajorDeltaCompactionOp(7507676a768e421dac27fe524538e0bb)
I0619 00:11:48.543071 25730 maintenance_manager.cc:237] P 395763cf325d4ce19859830a7ad35c85: Unregistered op UndoDeltaBlockGCOp(7507676a768e421dac27fe524538e0bb)
I0619 00:11:48.543315 25730 maintenance_manager.cc:237] P 395763cf325d4ce19859830a7ad35c85: Unregistered op FlushMRSOp(7507676a768e421dac27fe524538e0bb)
I0619 00:11:48.543505 25730 maintenance_manager.cc:237] P 395763cf325d4ce19859830a7ad35c85: Unregistered op FlushDeltaMemStoresOp(7507676a768e421dac27fe524538e0bb)
I0619 00:11:48.543725 25603 tablet_service.cc:759] Processing CreateTablet for tablet e3708e05f6054306b5bf7f1df2140e3d (table=default.table_14eb07c70b3f485b87fdb436a2ab7c27 [id=47a2f8c4d1f748a69c2bb0416bdb87e4]), partition=RANGE (key) PARTITION UNBOUNDED
I0619 00:11:48.551034 25730 maintenance_manager.cc:237] P 395763cf325d4ce19859830a7ad35c85: Unregistered op LogGCOp(7507676a768e421dac27fe524538e0bb)
I0619 00:11:48.542809 25604 data_dirs.cc:934] Could only allocate 1 dirs of requested 3 for tablet 985e23a32fa84104a06dd19d97117ab2. 1 dirs total, 0 dirs full, 0 dirs failed
I0619 00:11:48.551908 25724 tablet_bootstrap.cc:427] T 6d6363f6403b4104b15b329ab7f0e483 P 395763cf325d4ce19859830a7ad35c85: No bootstrap required, opened a new log
I0619 00:11:48.551973 25603 data_dirs.cc:934] Could only allocate 1 dirs of requested 3 for tablet e3708e05f6054306b5bf7f1df2140e3d. 1 dirs total, 0 dirs full, 0 dirs failed
I0619 00:11:48.552305 25724 ts_tablet_manager.cc:1045] T 6d6363f6403b4104b15b329ab7f0e483 P 395763cf325d4ce19859830a7ad35c85: Time spent bootstrapping tablet: real 0.068s user 0.006s sys 0.001s
I0619 00:11:48.554026 25602 tablet_service.cc:759] Processing CreateTablet for tablet dc04126054714196af6bdf7e771ffab0 (table=default.table_706cbf40bb854d3ebbdbdbf69f4e15d6 [id=091a66f5716e463293291bf5aba8723a]), partition=RANGE (key) PARTITION UNBOUNDED
I0619 00:11:48.553807 25724 raft_consensus.cc:325] T 6d6363f6403b4104b15b329ab7f0e483 P 395763cf325d4ce19859830a7ad35c85 [term 0 FOLLOWER]: Replica starting. Triggering 0 pending transactions. Active config: opid_index: -1 OBSOLETE_local: false peers { permanent_uuid: "c007a00e65ad41a79da1a0c1050c55b4" member_type: VOTER last_known_addr { host: "127.24.119.1" port: 32951 } } peers { permanent_uuid: "10bda0b4856f4441b5aed24cdc4764a8" member_type: VOTER last_known_addr { host: "127.24.119.2" port: 38512 } } peers { permanent_uuid: "395763cf325d4ce19859830a7ad35c85" member_type: VOTER last_known_addr { host: "127.24.119.3" port: 39344 } }
I0619 00:11:48.554504 25724 raft_consensus.cc:351] T 6d6363f6403b4104b15b329ab7f0e483 P 395763cf325d4ce19859830a7ad35c85 [term 0 FOLLOWER]: Consensus starting up: Expiring failure detector timer to make a prompt election more likely
I0619 00:11:48.554731 25724 raft_consensus.cc:628] T 6d6363f6403b4104b15b329ab7f0e483 P 395763cf325d4ce19859830a7ad35c85 [term 0 FOLLOWER]: Becoming Follower/Learner. State: Replica: 395763cf325d4ce19859830a7ad35c85, State: Initialized, Role: FOLLOWER
I0619 00:11:48.554844 25069 catalog_manager.cc:2891] Scheduling retry of 6d6363f6403b4104b15b329ab7f0e483 (table default.table_7ea77d77ddd04410989cd2735133a5e5 [id=dd175630a9ac4af5aa17edcb7226e141]) Alter Table RPC with a delay of 38 ms (attempt = 2)
W0619 00:11:48.555491 25069 catalog_manager.cc:2910] Async tablet task 6d6363f6403b4104b15b329ab7f0e483 (table default.table_7ea77d77ddd04410989cd2735133a5e5 [id=dd175630a9ac4af5aa17edcb7226e141]) Alter Table RPC failed: Not found: failed to reset TS proxy: No leader found: Tablet 6d6363f6403b4104b15b329ab7f0e483 consensus state has no leader
I0619 00:11:48.555241 25724 consensus_queue.cc:227] T 6d6363f6403b4104b15b329ab7f0e483 P 395763cf325d4ce19859830a7ad35c85 [NON_LEADER]: Queue going to NON_LEADER mode. State: All replicated index: 0, Majority replicated index: 0, Committed index: 0, Last appended: 0.0, Last appended by leader: 0, Current term: 0, Majority size: -1, State: 0, Mode: NON_LEADER, active raft config: opid_index: -1 OBSOLETE_local: false peers { permanent_uuid: "c007a00e65ad41a79da1a0c1050c55b4" member_type: VOTER last_known_addr { host: "127.24.119.1" port: 32951 } } peers { permanent_uuid: "10bda0b4856f4441b5aed24cdc4764a8" member_type: VOTER last_known_addr { host: "127.24.119.2" port: 38512 } } peers { permanent_uuid: "395763cf325d4ce19859830a7ad35c85" member_type: VOTER last_known_addr { host: "127.24.119.3" port: 39344 } }
I0619 00:11:48.555601 25601 tablet_service.cc:759] Processing CreateTablet for tablet 89a7ff9cdbc046779799e4e8f71adb42 (table=default.table_4a989339185d4e3fa0c743cabbcbf619 [id=f25f5cc3e1d64c95a0dcc4e36416c416]), partition=RANGE (key) PARTITION UNBOUNDED
I0619 00:11:48.558606 25724 ts_tablet_manager.cc:1073] T 6d6363f6403b4104b15b329ab7f0e483 P 395763cf325d4ce19859830a7ad35c85: Time spent starting tablet: real 0.006s user 0.004s sys 0.000s
W0619 00:11:48.558935 25668 heartbeater.cc:587] Failed to heartbeat to 127.24.119.61:46325: Network error: Failed to ping master at 127.24.119.61:46325: Client connection negotiation failed: client connection to 127.24.119.61:46325: connect: Connection refused (error 111)
I0619 00:11:48.559171 25730 raft_consensus.cc:2042] T 7507676a768e421dac27fe524538e0bb P 395763cf325d4ce19859830a7ad35c85 [term 0 FOLLOWER]: Raft consensus shutting down.
I0619 00:11:48.559505 25730 raft_consensus.cc:2069] T 7507676a768e421dac27fe524538e0bb P 395763cf325d4ce19859830a7ad35c85 [term 0 FOLLOWER]: Raft consensus is shut down!
I0619 00:11:48.561637 25730 ts_tablet_manager.cc:1369] T 7507676a768e421dac27fe524538e0bb P 395763cf325d4ce19859830a7ad35c85: Deleting tablet data with delete state TABLET_DATA_DELETED
W0619 00:11:48.561746 25668 heartbeater.cc:587] Failed to heartbeat to 127.24.119.61:46325: Network error: Failed to ping master at 127.24.119.61:46325: Client connection negotiation failed: client connection to 127.24.119.61:46325: connect: Connection refused (error 111)
I0619 00:11:48.558943 25724 ts_tablet_manager.cc:1028] T baf80fd968c44e679987eb4ebe4473de P 395763cf325d4ce19859830a7ad35c85: Bootstrapping tablet
I0619 00:11:48.562964 25724 tablet_bootstrap.cc:427] T baf80fd968c44e679987eb4ebe4473de P 395763cf325d4ce19859830a7ad35c85: Bootstrap starting.
I0619 00:11:48.563308 25086 catalog_manager.cc:3881] TS 395763cf325d4ce19859830a7ad35c85 (127.24.119.3:39344) does not have the latest schema for tablet 6d6363f6403b4104b15b329ab7f0e483 (table default.table_7ea77d77ddd04410989cd2735133a5e5 [id=dd175630a9ac4af5aa17edcb7226e141]). Expected version 1 got 0
I0619 00:11:48.564040 25086 catalog_manager.cc:2891] Scheduling retry of 6d6363f6403b4104b15b329ab7f0e483 (table default.table_7ea77d77ddd04410989cd2735133a5e5 [id=dd175630a9ac4af5aa17edcb7226e141]) Alter Table RPC with a delay of 50 ms (attempt = 1)
W0619 00:11:48.564296 25086 catalog_manager.cc:3945] Failed to send 6d6363f6403b4104b15b329ab7f0e483 (table default.table_7ea77d77ddd04410989cd2735133a5e5 [id=dd175630a9ac4af5aa17edcb7226e141]) Alter Table RPC: Not found: failed to reset TS proxy: No leader found: Tablet 6d6363f6403b4104b15b329ab7f0e483 consensus state has no leader
I0619 00:11:48.567018 25602 data_dirs.cc:934] Could only allocate 1 dirs of requested 3 for tablet dc04126054714196af6bdf7e771ffab0. 1 dirs total, 0 dirs full, 0 dirs failed
I0619 00:11:48.567878 25601 data_dirs.cc:934] Could only allocate 1 dirs of requested 3 for tablet 89a7ff9cdbc046779799e4e8f71adb42. 1 dirs total, 0 dirs full, 0 dirs failed
I0619 00:11:48.572604 25603 ts_tablet_manager.cc:1173] T e3708e05f6054306b5bf7f1df2140e3d P 395763cf325d4ce19859830a7ad35c85: Registered tablet (data state: TABLET_DATA_READY)
I0619 00:11:48.574173 25086 catalog_manager.cc:3881] TS 395763cf325d4ce19859830a7ad35c85 (127.24.119.3:39344) does not have the latest schema for tablet 6d6363f6403b4104b15b329ab7f0e483 (table default.table_7ea77d77ddd04410989cd2735133a5e5 [id=dd175630a9ac4af5aa17edcb7226e141]). Expected version 1 got 0
I0619 00:11:48.575284 25086 catalog_manager.cc:2891] Scheduling retry of 6d6363f6403b4104b15b329ab7f0e483 (table default.table_7ea77d77ddd04410989cd2735133a5e5 [id=dd175630a9ac4af5aa17edcb7226e141]) Alter Table RPC with a delay of 41 ms (attempt = 1)
W0619 00:11:48.575525 25086 catalog_manager.cc:3945] Failed to send 6d6363f6403b4104b15b329ab7f0e483 (table default.table_7ea77d77ddd04410989cd2735133a5e5 [id=dd175630a9ac4af5aa17edcb7226e141]) Alter Table RPC: Not found: failed to reset TS proxy: No leader found: Tablet 6d6363f6403b4104b15b329ab7f0e483 consensus state has no leader
I0619 00:11:48.577670 25071 catalog_manager.cc:2891] Scheduling retry of 6d6363f6403b4104b15b329ab7f0e483 (table default.table_7ea77d77ddd04410989cd2735133a5e5 [id=dd175630a9ac4af5aa17edcb7226e141]) Alter Table RPC with a delay of 156 ms (attempt = 4)
W0619 00:11:48.577916 25071 catalog_manager.cc:2910] Async tablet task 6d6363f6403b4104b15b329ab7f0e483 (table default.table_7ea77d77ddd04410989cd2735133a5e5 [id=dd175630a9ac4af5aa17edcb7226e141]) Alter Table RPC failed: Not found: failed to reset TS proxy: No leader found: Tablet 6d6363f6403b4104b15b329ab7f0e483 consensus state has no leader
I0619 00:11:48.580577 25604 ts_tablet_manager.cc:1173] T 985e23a32fa84104a06dd19d97117ab2 P 395763cf325d4ce19859830a7ad35c85: Registered tablet (data state: TABLET_DATA_READY)
I0619 00:11:48.584470 25086 catalog_manager.cc:2136] Servicing AlterTable request from {username='jenkins'} at 127.24.119.62:54390: table { table_name: "default.table_4a989339185d4e3fa0c743cabbcbf619" } new_table_name: "default.table_76fe64ca5bbd44279ae948d8df882d65" alter_external_catalogs: true
I0619 00:11:48.588933 25085 catalog_manager.cc:1731] Servicing DeleteTable request from {username='jenkins'} at 127.24.119.62:54390: table { table_name: "default.table_d946420480b24fe2810193b44fafa15b" }
I0619 00:11:48.589570 25084 catalog_manager.cc:2136] Servicing AlterTable request from {username='jenkins'} at 127.24.119.62:54390: table { table_name: "default.table_bf9811157f1646299f1a2fa551667df3" } new_table_name: "default.table_5e925f129a1043b7ab80c112a0ee33e0" alter_external_catalogs: true
I0619 00:11:48.591184 25087 catalog_manager.cc:1731] Servicing DeleteTable request from {username='jenkins'} at 127.24.119.62:54390: table { table_name: "default.table_7ea77d77ddd04410989cd2735133a5e5" }
I0619 00:11:48.593235 25602 ts_tablet_manager.cc:1173] T dc04126054714196af6bdf7e771ffab0 P 395763cf325d4ce19859830a7ad35c85: Registered tablet (data state: TABLET_DATA_READY)
I0619 00:11:48.594753 25069 catalog_manager.cc:2891] Scheduling retry of 6d6363f6403b4104b15b329ab7f0e483 (table default.table_7ea77d77ddd04410989cd2735133a5e5 [id=dd175630a9ac4af5aa17edcb7226e141]) Alter Table RPC with a delay of 111 ms (attempt = 3)
W0619 00:11:48.595018 25069 catalog_manager.cc:2910] Async tablet task 6d6363f6403b4104b15b329ab7f0e483 (table default.table_7ea77d77ddd04410989cd2735133a5e5 [id=dd175630a9ac4af5aa17edcb7226e141]) Alter Table RPC failed: Not found: failed to reset TS proxy: No leader found: Tablet 6d6363f6403b4104b15b329ab7f0e483 consensus state has no leader
I0619 00:11:48.596469 25086 catalog_manager.cc:2891] Scheduling retry of 89a7ff9cdbc046779799e4e8f71adb42 (table default.table_76fe64ca5bbd44279ae948d8df882d65 [id=f25f5cc3e1d64c95a0dcc4e36416c416]) Alter Table RPC with a delay of 29 ms (attempt = 1)
W0619 00:11:48.596763 25086 catalog_manager.cc:3998] Failed to send alter table request: Not found: failed to reset TS proxy: No leader found: Tablet 89a7ff9cdbc046779799e4e8f71adb42 consensus state has no leader
I0619 00:11:48.599524 25601 ts_tablet_manager.cc:1173] T 89a7ff9cdbc046779799e4e8f71adb42 P 395763cf325d4ce19859830a7ad35c85: Registered tablet (data state: TABLET_DATA_READY)
I0619 00:11:48.602423 25085 catalog_manager.cc:4025] T 00000000000000000000000000000000 P cb25d1bba5bf4c64914f300f122ec898: Sending DeleteTablet for 3 replicas of tablet 985e23a32fa84104a06dd19d97117ab2
I0619 00:11:48.602736 25085 catalog_manager.cc:3113] Sending DeleteTablet(TABLET_DATA_DELETED) for tablet 985e23a32fa84104a06dd19d97117ab2 on c007a00e65ad41a79da1a0c1050c55b4 (127.24.119.1:32951) (Table deleted at 2018-06-19 00:11:48 PDT)
I0619 00:11:48.603394 25085 catalog_manager.cc:3113] Sending DeleteTablet(TABLET_DATA_DELETED) for tablet 985e23a32fa84104a06dd19d97117ab2 on 10bda0b4856f4441b5aed24cdc4764a8 (127.24.119.2:38512) (Table deleted at 2018-06-19 00:11:48 PDT)
I0619 00:11:48.603790 25085 catalog_manager.cc:3113] Sending DeleteTablet(TABLET_DATA_DELETED) for tablet 985e23a32fa84104a06dd19d97117ab2 on 395763cf325d4ce19859830a7ad35c85 (127.24.119.3:39344) (Table deleted at 2018-06-19 00:11:48 PDT)
I0619 00:11:48.605924 25601 tablet_service.cc:800] Processing DeleteTablet for tablet 985e23a32fa84104a06dd19d97117ab2 with delete_type TABLET_DATA_DELETED (Table deleted at 2018-06-19 00:11:48 PDT) from {username='jenkins'} at 127.24.119.3:34285
I0619 00:11:48.607520 25084 catalog_manager.cc:2891] Scheduling retry of baf80fd968c44e679987eb4ebe4473de (table default.table_5e925f129a1043b7ab80c112a0ee33e0 [id=eeb1072dfe27492990409ab910065b9c]) Alter Table RPC with a delay of 31 ms (attempt = 1)
W0619 00:11:48.607815 25084 catalog_manager.cc:3998] Failed to send alter table request: Not found: failed to reset TS proxy: No leader found: Tablet baf80fd968c44e679987eb4ebe4473de consensus state has no leader
I0619 00:11:48.606765 25724 tablet_bootstrap.cc:578] T baf80fd968c44e679987eb4ebe4473de P 395763cf325d4ce19859830a7ad35c85: No blocks or log segments found. Creating new log.
I0619 00:11:48.612655 25087 catalog_manager.cc:4025] T 00000000000000000000000000000000 P cb25d1bba5bf4c64914f300f122ec898: Sending DeleteTablet for 3 replicas of tablet 6d6363f6403b4104b15b329ab7f0e483
I0619 00:11:48.612931 25087 catalog_manager.cc:3113] Sending DeleteTablet(TABLET_DATA_DELETED) for tablet 6d6363f6403b4104b15b329ab7f0e483 on c007a00e65ad41a79da1a0c1050c55b4 (127.24.119.1:32951) (Table deleted at 2018-06-19 00:11:48 PDT)
I0619 00:11:48.613289 25087 catalog_manager.cc:3113] Sending DeleteTablet(TABLET_DATA_DELETED) for tablet 6d6363f6403b4104b15b329ab7f0e483 on 10bda0b4856f4441b5aed24cdc4764a8 (127.24.119.2:38512) (Table deleted at 2018-06-19 00:11:48 PDT)
I0619 00:11:48.613680 25087 catalog_manager.cc:3113] Sending DeleteTablet(TABLET_DATA_DELETED) for tablet 6d6363f6403b4104b15b329ab7f0e483 on 395763cf325d4ce19859830a7ad35c85 (127.24.119.3:39344) (Table deleted at 2018-06-19 00:11:48 PDT)
W0619 00:11:48.615836 25071 catalog_manager.cc:2910] Async tablet task 6d6363f6403b4104b15b329ab7f0e483 (table default.table_7ea77d77ddd04410989cd2735133a5e5 [id=dd175630a9ac4af5aa17edcb7226e141]) Alter Table RPC failed: Not found: failed to reset TS proxy: No leader found: Tablet 6d6363f6403b4104b15b329ab7f0e483 consensus state has no leader
I0619 00:11:48.616430 25601 tablet_service.cc:800] Processing DeleteTablet for tablet 6d6363f6403b4104b15b329ab7f0e483 with delete_type TABLET_DATA_DELETED (Table deleted at 2018-06-19 00:11:48 PDT) from {username='jenkins'} at 127.24.119.3:34285
W0619 00:11:48.618058 25067 catalog_manager.cc:2910] Async tablet task 6d6363f6403b4104b15b329ab7f0e483 (table default.table_7ea77d77ddd04410989cd2735133a5e5 [id=dd175630a9ac4af5aa17edcb7226e141]) Alter Table RPC failed: Not found: failed to reset TS proxy: No leader found: Tablet 6d6363f6403b4104b15b329ab7f0e483 consensus state has no leader
I0619 00:11:48.619896 25730 ts_tablet_manager.cc:1382] T 7507676a768e421dac27fe524538e0bb P 395763cf325d4ce19859830a7ad35c85: tablet deleted with delete type TABLET_DATA_DELETED: last-logged OpId 0.0
I0619 00:11:48.620151 25730 log.cc:986] T 7507676a768e421dac27fe524538e0bb P 395763cf325d4ce19859830a7ad35c85: Deleting WAL directory at /data/somelongdirectorytoavoidrpathissues/src/kudutest/master-stress-test.0.HmsConfigurations_MasterStressTest.Test_0.1529392303277196-25052/minicluster-data/ts-2/wal/wals/7507676a768e421dac27fe524538e0bb
I0619 00:11:48.623492 25730 ts_tablet_manager.cc:1403] T 7507676a768e421dac27fe524538e0bb P 395763cf325d4ce19859830a7ad35c85: Deleting consensus metadata
I0619 00:11:48.626673 25071 catalog_manager.cc:3091] TS 395763cf325d4ce19859830a7ad35c85 (127.24.119.3:39344): tablet 7507676a768e421dac27fe524538e0bb (table default.table_5e925f129a1043b7ab80c112a0ee33e0 [id=eeb1072dfe27492990409ab910065b9c]) successfully deleted
I0619 00:11:48.626700 25068 catalog_manager.cc:2891] Scheduling retry of 89a7ff9cdbc046779799e4e8f71adb42 (table default.table_76fe64ca5bbd44279ae948d8df882d65 [id=f25f5cc3e1d64c95a0dcc4e36416c416]) Alter Table RPC with a delay of 63 ms (attempt = 2)
W0619 00:11:48.627005 25068 catalog_manager.cc:2910] Async tablet task 89a7ff9cdbc046779799e4e8f71adb42 (table default.table_76fe64ca5bbd44279ae948d8df882d65 [id=f25f5cc3e1d64c95a0dcc4e36416c416]) Alter Table RPC failed: Not found: failed to reset TS proxy: No leader found: Tablet 89a7ff9cdbc046779799e4e8f71adb42 consensus state has no leader
I0619 00:11:48.627240 25724 tablet_bootstrap.cc:427] T baf80fd968c44e679987eb4ebe4473de P 395763cf325d4ce19859830a7ad35c85: No bootstrap required, opened a new log
I0619 00:11:48.627542 25724 ts_tablet_manager.cc:1045] T baf80fd968c44e679987eb4ebe4473de P 395763cf325d4ce19859830a7ad35c85: Time spent bootstrapping tablet: real 0.065s user 0.004s sys 0.003s
W0619 00:11:48.628566 25071 catalog_manager.cc:3071] TS 395763cf325d4ce19859830a7ad35c85 (127.24.119.3:39344): delete failed for tablet 7507676a768e421dac27fe524538e0bb because the tablet was not found. No further retry: Not found: Tablet not found: 7507676a768e421dac27fe524538e0bb
I0619 00:11:48.628877 25730 tablet_replica.cc:261] T 6d6363f6403b4104b15b329ab7f0e483 P 395763cf325d4ce19859830a7ad35c85: stopping tablet replica
W0619 00:11:48.629045 25071 catalog_manager.cc:3083] TS 395763cf325d4ce19859830a7ad35c85 (127.24.119.3:39344): delete failed for tablet 985e23a32fa84104a06dd19d97117ab2 with error code TABLET_NOT_RUNNING: Already present: State transition of tablet 985e23a32fa84104a06dd19d97117ab2 already in progress: creating tablet
I0619 00:11:48.629115 25730 maintenance_manager.cc:237] P 395763cf325d4ce19859830a7ad35c85: Unregistered op CompactRowSetsOp(6d6363f6403b4104b15b329ab7f0e483)
I0619 00:11:48.629267 25071 catalog_manager.cc:2891] Scheduling retry of 985e23a32fa84104a06dd19d97117ab2 Delete Tablet RPC for TS=395763cf325d4ce19859830a7ad35c85 with a delay of 30 ms (attempt = 1)
I0619 00:11:48.629302 25730 maintenance_manager.cc:237] P 395763cf325d4ce19859830a7ad35c85: Unregistered op MinorDeltaCompactionOp(6d6363f6403b4104b15b329ab7f0e483)
I0619 00:11:48.629472 25730 maintenance_manager.cc:237] P 395763cf325d4ce19859830a7ad35c85: Unregistered op MajorDeltaCompactionOp(6d6363f6403b4104b15b329ab7f0e483)
I0619 00:11:48.629683 25730 maintenance_manager.cc:237] P 395763cf325d4ce19859830a7ad35c85: Unregistered op UndoDeltaBlockGCOp(6d6363f6403b4104b15b329ab7f0e483)
I0619 00:11:48.629890 25730 maintenance_manager.cc:237] P 395763cf325d4ce19859830a7ad35c85: Unregistered op FlushMRSOp(6d6363f6403b4104b15b329ab7f0e483)
I0619 00:11:48.630075 25730 maintenance_manager.cc:237] P 395763cf325d4ce19859830a7ad35c85: Unregistered op FlushDeltaMemStoresOp(6d6363f6403b4104b15b329ab7f0e483)
I0619 00:11:48.630267 25730 maintenance_manager.cc:237] P 395763cf325d4ce19859830a7ad35c85: Unregistered op LogGCOp(6d6363f6403b4104b15b329ab7f0e483)
I0619 00:11:48.630466 25730 raft_consensus.cc:2042] T 6d6363f6403b4104b15b329ab7f0e483 P 395763cf325d4ce19859830a7ad35c85 [term 0 FOLLOWER]: Raft consensus shutting down.
I0619 00:11:48.630123 25724 raft_consensus.cc:325] T baf80fd968c44e679987eb4ebe4473de P 395763cf325d4ce19859830a7ad35c85 [term 0 FOLLOWER]: Replica starting. Triggering 0 pending transactions. Active config: opid_index: -1 OBSOLETE_local: false peers { permanent_uuid: "c007a00e65ad41a79da1a0c1050c55b4" member_type: VOTER last_known_addr { host: "127.24.119.1" port: 32951 } } peers { permanent_uuid: "10bda0b4856f4441b5aed24cdc4764a8" member_type: VOTER last_known_addr { host: "127.24.119.2" port: 38512 } } peers { permanent_uuid: "395763cf325d4ce19859830a7ad35c85" member_type: VOTER last_known_addr { host: "127.24.119.3" port: 39344 } }
I0619 00:11:48.630965 25724 raft_consensus.cc:351] T baf80fd968c44e679987eb4ebe4473de P 395763cf325d4ce19859830a7ad35c85 [term 0 FOLLOWER]: Consensus starting up: Expiring failure detector timer to make a prompt election more likely
I0619 00:11:48.631145 25730 raft_consensus.cc:2069] T 6d6363f6403b4104b15b329ab7f0e483 P 395763cf325d4ce19859830a7ad35c85 [term 0 FOLLOWER]: Raft consensus is shut down!
I0619 00:11:48.631167 25724 raft_consensus.cc:628] T baf80fd968c44e679987eb4ebe4473de P 395763cf325d4ce19859830a7ad35c85 [term 0 FOLLOWER]: Becoming Follower/Learner. State: Replica: 395763cf325d4ce19859830a7ad35c85, State: Initialized, Role: FOLLOWER
I0619 00:11:48.632095 25724 consensus_queue.cc:227] T baf80fd968c44e679987eb4ebe4473de P 395763cf325d4ce19859830a7ad35c85 [NON_LEADER]: Queue going to NON_LEADER mode. State: All replicated index: 0, Majority replicated index: 0, Committed index: 0, Last appended: 0.0, Last appended by leader: 0, Current term: 0, Majority size: -1, State: 0, Mode: NON_LEADER, active raft config: opid_index: -1 OBSOLETE_local: false peers { permanent_uuid: "c007a00e65ad41a79da1a0c1050c55b4" member_type: VOTER last_known_addr { host: "127.24.119.1" port: 32951 } } peers { permanent_uuid: "10bda0b4856f4441b5aed24cdc4764a8" member_type: VOTER last_known_addr { host: "127.24.119.2" port: 38512 } } peers { permanent_uuid: "395763cf325d4ce19859830a7ad35c85" member_type: VOTER last_known_addr { host: "127.24.119.3" port: 39344 } }
W0619 00:11:48.634663 25668 heartbeater.cc:587] Failed to heartbeat to 127.24.119.61:46325: Network error: Failed to ping master at 127.24.119.61:46325: Client connection negotiation failed: client connection to 127.24.119.61:46325: connect: Connection refused (error 111)
I0619 00:11:48.635473 25724 ts_tablet_manager.cc:1073] T baf80fd968c44e679987eb4ebe4473de P 395763cf325d4ce19859830a7ad35c85: Time spent starting tablet: real 0.008s user 0.004s sys 0.000s
I0619 00:11:48.635846 25724 ts_tablet_manager.cc:1028] T e3708e05f6054306b5bf7f1df2140e3d P 395763cf325d4ce19859830a7ad35c85: Bootstrapping tablet
I0619 00:11:48.636204 25724 tablet_bootstrap.cc:427] T e3708e05f6054306b5bf7f1df2140e3d P 395763cf325d4ce19859830a7ad35c85: Bootstrap starting.
I0619 00:11:48.636471 25087 catalog_manager.cc:3881] TS 395763cf325d4ce19859830a7ad35c85 (127.24.119.3:39344) does not have the latest schema for tablet baf80fd968c44e679987eb4ebe4473de (table default.table_5e925f129a1043b7ab80c112a0ee33e0 [id=eeb1072dfe27492990409ab910065b9c]). Expected version 2 got 0
I0619 00:11:48.637241 25087 catalog_manager.cc:2891] Scheduling retry of baf80fd968c44e679987eb4ebe4473de (table default.table_5e925f129a1043b7ab80c112a0ee33e0 [id=eeb1072dfe27492990409ab910065b9c]) Alter Table RPC with a delay of 51 ms (attempt = 1)
W0619 00:11:48.637490 25087 catalog_manager.cc:3945] Failed to send baf80fd968c44e679987eb4ebe4473de (table default.table_5e925f129a1043b7ab80c112a0ee33e0 [id=eeb1072dfe27492990409ab910065b9c]) Alter Table RPC: Not found: failed to reset TS proxy: No leader found: Tablet baf80fd968c44e679987eb4ebe4473de consensus state has no leader
W0619 00:11:48.638814 25668 heartbeater.cc:587] Failed to heartbeat to 127.24.119.61:46325: Network error: Failed to ping master at 127.24.119.61:46325: Client connection negotiation failed: client connection to 127.24.119.61:46325: connect: Connection refused (error 111)
I0619 00:11:48.639375 25067 catalog_manager.cc:2891] Scheduling retry of baf80fd968c44e679987eb4ebe4473de (table default.table_5e925f129a1043b7ab80c112a0ee33e0 [id=eeb1072dfe27492990409ab910065b9c]) Alter Table RPC with a delay of 32 ms (attempt = 2)
W0619 00:11:48.639652 25067 catalog_manager.cc:2910] Async tablet task baf80fd968c44e679987eb4ebe4473de (table default.table_5e925f129a1043b7ab80c112a0ee33e0 [id=eeb1072dfe27492990409ab910065b9c]) Alter Table RPC failed: Not found: failed to reset TS proxy: No leader found: Tablet baf80fd968c44e679987eb4ebe4473de consensus state has no leader
I0619 00:11:48.641047 25087 catalog_manager.cc:3881] TS 395763cf325d4ce19859830a7ad35c85 (127.24.119.3:39344) does not have the latest schema for tablet baf80fd968c44e679987eb4ebe4473de (table default.table_5e925f129a1043b7ab80c112a0ee33e0 [id=eeb1072dfe27492990409ab910065b9c]). Expected version 2 got 0
I0619 00:11:48.641752 25087 catalog_manager.cc:2891] Scheduling retry of baf80fd968c44e679987eb4ebe4473de (table default.table_5e925f129a1043b7ab80c112a0ee33e0 [id=eeb1072dfe27492990409ab910065b9c]) Alter Table RPC with a delay of 63 ms (attempt = 1)
W0619 00:11:48.642102 25087 catalog_manager.cc:3945] Failed to send baf80fd968c44e679987eb4ebe4473de (table default.table_5e925f129a1043b7ab80c112a0ee33e0 [id=eeb1072dfe27492990409ab910065b9c]) Alter Table RPC: Not found: failed to reset TS proxy: No leader found: Tablet baf80fd968c44e679987eb4ebe4473de consensus state has no leader
I0619 00:11:48.642225 25724 tablet_bootstrap.cc:578] T e3708e05f6054306b5bf7f1df2140e3d P 395763cf325d4ce19859830a7ad35c85: No blocks or log segments found. Creating new log.
I0619 00:11:48.642477 25730 ts_tablet_manager.cc:1369] T 6d6363f6403b4104b15b329ab7f0e483 P 395763cf325d4ce19859830a7ad35c85: Deleting tablet data with delete state TABLET_DATA_DELETED
I0619 00:11:48.647416 25729 raft_consensus.cc:457] T baf80fd968c44e679987eb4ebe4473de P 395763cf325d4ce19859830a7ad35c85 [term 0 FOLLOWER]: Starting pre-election (no leader contacted us within the election timeout)
I0619 00:11:48.647703 25729 raft_consensus.cc:2732] T baf80fd968c44e679987eb4ebe4473de P 395763cf325d4ce19859830a7ad35c85: Snoozing failure detection for 1.848s (starting election)
I0619 00:11:48.647979 25729 raft_consensus.cc:479] T baf80fd968c44e679987eb4ebe4473de P 395763cf325d4ce19859830a7ad35c85 [term 0 FOLLOWER]: Starting pre-election with config: opid_index: -1 OBSOLETE_local: false peers { permanent_uuid: "c007a00e65ad41a79da1a0c1050c55b4" member_type: VOTER last_known_addr { host: "127.24.119.1" port: 32951 } } peers { permanent_uuid: "10bda0b4856f4441b5aed24cdc4764a8" member_type: VOTER last_known_addr { host: "127.24.119.2" port: 38512 } } peers { permanent_uuid: "395763cf325d4ce19859830a7ad35c85" member_type: VOTER last_known_addr { host: "127.24.119.3" port: 39344 } }
I0619 00:11:48.649998 25729 leader_election.cc:243] T baf80fd968c44e679987eb4ebe4473de P 395763cf325d4ce19859830a7ad35c85 [CANDIDATE]: Term 1 pre-election: Requesting pre-vote from peer c007a00e65ad41a79da1a0c1050c55b4 (127.24.119.1:32951)
I0619 00:11:48.650920 25068 catalog_manager.cc:2891] Scheduling retry of 7507676a768e421dac27fe524538e0bb (table default.table_5e925f129a1043b7ab80c112a0ee33e0 [id=eeb1072dfe27492990409ab910065b9c]) Alter Table RPC with a delay of 285 ms (attempt = 5)
W0619 00:11:48.651168 25068 catalog_manager.cc:2910] Async tablet task 7507676a768e421dac27fe524538e0bb (table default.table_5e925f129a1043b7ab80c112a0ee33e0 [id=eeb1072dfe27492990409ab910065b9c]) Alter Table RPC failed: Not found: failed to reset TS proxy: No leader found: Tablet 7507676a768e421dac27fe524538e0bb consensus state has no leader
I0619 00:11:48.650516 25729 leader_election.cc:243] T baf80fd968c44e679987eb4ebe4473de P 395763cf325d4ce19859830a7ad35c85 [CANDIDATE]: Term 1 pre-election: Requesting pre-vote from peer 10bda0b4856f4441b5aed24cdc4764a8 (127.24.119.2:38512)
W0619 00:11:48.655040 25676 tablet.cc:1678] T baf80fd968c44e679987eb4ebe4473de P 395763cf325d4ce19859830a7ad35c85: Can't schedule compaction. Clean time has not been advanced past its initial value.
I0619 00:11:48.656705 25724 tablet_bootstrap.cc:427] T e3708e05f6054306b5bf7f1df2140e3d P 395763cf325d4ce19859830a7ad35c85: No bootstrap required, opened a new log
I0619 00:11:48.657035 25724 ts_tablet_manager.cc:1045] T e3708e05f6054306b5bf7f1df2140e3d P 395763cf325d4ce19859830a7ad35c85: Time spent bootstrapping tablet: real 0.021s user 0.004s sys 0.005s
I0619 00:11:48.658382 25724 raft_consensus.cc:325] T e3708e05f6054306b5bf7f1df2140e3d P 395763cf325d4ce19859830a7ad35c85 [term 0 FOLLOWER]: Replica starting. Triggering 0 pending transactions. Active config: opid_index: -1 OBSOLETE_local: false peers { permanent_uuid: "c007a00e65ad41a79da1a0c1050c55b4" member_type: VOTER last_known_addr { host: "127.24.119.1" port: 32951 } } peers { permanent_uuid: "10bda0b4856f4441b5aed24cdc4764a8" member_type: VOTER last_known_addr { host: "127.24.119.2" port: 38512 } } peers { permanent_uuid: "395763cf325d4ce19859830a7ad35c85" member_type: VOTER last_known_addr { host: "127.24.119.3" port: 39344 } }
I0619 00:11:48.659037 25724 raft_consensus.cc:351] T e3708e05f6054306b5bf7f1df2140e3d P 395763cf325d4ce19859830a7ad35c85 [term 0 FOLLOWER]: Consensus starting up: Expiring failure detector timer to make a prompt election more likely
I0619 00:11:48.659242 25724 raft_consensus.cc:628] T e3708e05f6054306b5bf7f1df2140e3d P 395763cf325d4ce19859830a7ad35c85 [term 0 FOLLOWER]: Becoming Follower/Learner. State: Replica: 395763cf325d4ce19859830a7ad35c85, State: Initialized, Role: FOLLOWER
I0619 00:11:48.660006 25071 catalog_manager.cc:3113] Sending DeleteTablet(TABLET_DATA_DELETED) for tablet 985e23a32fa84104a06dd19d97117ab2 on 395763cf325d4ce19859830a7ad35c85 (127.24.119.3:39344) (Table deleted at 2018-06-19 00:11:48 PDT)
I0619 00:11:48.659806 25724 consensus_queue.cc:227] T e3708e05f6054306b5bf7f1df2140e3d P 395763cf325d4ce19859830a7ad35c85 [NON_LEADER]: Queue going to NON_LEADER mode. State: All replicated index: 0, Majority replicated index: 0, Committed index: 0, Last appended: 0.0, Last appended by leader: 0, Current term: 0, Majority size: -1, State: 0, Mode: NON_LEADER, active raft config: opid_index: -1 OBSOLETE_local: false peers { permanent_uuid: "c007a00e65ad41a79da1a0c1050c55b4" member_type: VOTER last_known_addr { host: "127.24.119.1" port: 32951 } } peers { permanent_uuid: "10bda0b4856f4441b5aed24cdc4764a8" member_type: VOTER last_known_addr { host: "127.24.119.2" port: 38512 } } peers { permanent_uuid: "395763cf325d4ce19859830a7ad35c85" member_type: VOTER last_known_addr { host: "127.24.119.3" port: 39344 } }
I0619 00:11:48.661006 25601 tablet_service.cc:800] Processing DeleteTablet for tablet 985e23a32fa84104a06dd19d97117ab2 with delete_type TABLET_DATA_DELETED (Table deleted at 2018-06-19 00:11:48 PDT) from {username='jenkins'} at 127.24.119.3:34285
W0619 00:11:48.663131 25668 heartbeater.cc:587] Failed to heartbeat to 127.24.119.61:46325: Network error: Failed to ping master at 127.24.119.61:46325: Client connection negotiation failed: client connection to 127.24.119.61:46325: connect: Connection refused (error 111)
W0619 00:11:48.666913 25668 heartbeater.cc:587] Failed to heartbeat to 127.24.119.61:46325: Network error: Failed to ping master at 127.24.119.61:46325: Client connection negotiation failed: client connection to 127.24.119.61:46325: connect: Connection refused (error 111)
I0619 00:11:48.669387 25730 ts_tablet_manager.cc:1382] T 6d6363f6403b4104b15b329ab7f0e483 P 395763cf325d4ce19859830a7ad35c85: tablet deleted with delete type TABLET_DATA_DELETED: last-logged OpId 0.0
I0619 00:11:48.669642 25730 log.cc:986] T 6d6363f6403b4104b15b329ab7f0e483 P 395763cf325d4ce19859830a7ad35c85: Deleting WAL directory at /data/somelongdirectorytoavoidrpathissues/src/kudutest/master-stress-test.0.HmsConfigurations_MasterStressTest.Test_0.1529392303277196-25052/minicluster-data/ts-2/wal/wals/6d6363f6403b4104b15b329ab7f0e483
I0619 00:11:48.670099 25730 ts_tablet_manager.cc:1403] T 6d6363f6403b4104b15b329ab7f0e483 P 395763cf325d4ce19859830a7ad35c85: Deleting consensus metadata
I0619 00:11:48.672453 25067 catalog_manager.cc:2891] Scheduling retry of baf80fd968c44e679987eb4ebe4473de (table default.table_5e925f129a1043b7ab80c112a0ee33e0 [id=eeb1072dfe27492990409ab910065b9c]) Alter Table RPC with a delay of 113 ms (attempt = 3)
W0619 00:11:48.672749 25067 catalog_manager.cc:2910] Async tablet task baf80fd968c44e679987eb4ebe4473de (table default.table_5e925f129a1043b7ab80c112a0ee33e0 [id=eeb1072dfe27492990409ab910065b9c]) Alter Table RPC failed: Not found: failed to reset TS proxy: No leader found: Tablet baf80fd968c44e679987eb4ebe4473de consensus state has no leader
I0619 00:11:48.673919 25724 ts_tablet_manager.cc:1073] T e3708e05f6054306b5bf7f1df2140e3d P 395763cf325d4ce19859830a7ad35c85: Time spent starting tablet: real 0.017s user 0.003s sys 0.000s
I0619 00:11:48.674330 25724 ts_tablet_manager.cc:1028] T 985e23a32fa84104a06dd19d97117ab2 P 395763cf325d4ce19859830a7ad35c85: Bootstrapping tablet
I0619 00:11:48.674701 25724 tablet_bootstrap.cc:427] T 985e23a32fa84104a06dd19d97117ab2 P 395763cf325d4ce19859830a7ad35c85: Bootstrap starting.
W0619 00:11:48.676192 25553 leader_election.cc:306] T baf80fd968c44e679987eb4ebe4473de P 395763cf325d4ce19859830a7ad35c85 [CANDIDATE]: Term 1 pre-election: Tablet error from VoteRequest() call to peer c007a00e65ad41a79da1a0c1050c55b4 (127.24.119.1:32951): Not found: Tablet not found: baf80fd968c44e679987eb4ebe4473de
I0619 00:11:48.678112 25724 tablet_bootstrap.cc:578] T 985e23a32fa84104a06dd19d97117ab2 P 395763cf325d4ce19859830a7ad35c85: No blocks or log segments found. Creating new log.
I0619 00:11:48.679949 25071 catalog_manager.cc:3091] TS 395763cf325d4ce19859830a7ad35c85 (127.24.119.3:39344): tablet 6d6363f6403b4104b15b329ab7f0e483 (table default.table_7ea77d77ddd04410989cd2735133a5e5 [id=dd175630a9ac4af5aa17edcb7226e141]) successfully deleted
W0619 00:11:48.680793 25071 catalog_manager.cc:3083] TS 395763cf325d4ce19859830a7ad35c85 (127.24.119.3:39344): delete failed for tablet 985e23a32fa84104a06dd19d97117ab2 with error code TABLET_NOT_RUNNING: Already present: State transition of tablet 985e23a32fa84104a06dd19d97117ab2 already in progress: creating tablet
I0619 00:11:48.681041 25071 catalog_manager.cc:2891] Scheduling retry of 985e23a32fa84104a06dd19d97117ab2 Delete Tablet RPC for TS=395763cf325d4ce19859830a7ad35c85 with a delay of 45 ms (attempt = 2)
I0619 00:11:48.404873 25469 tablet_service.cc:759] Processing CreateTablet for tablet 6d6363f6403b4104b15b329ab7f0e483 (table=default.table_7ea77d77ddd04410989cd2735133a5e5 [id=dd175630a9ac4af5aa17edcb7226e141]), partition=RANGE (key) PARTITION UNBOUNDED
I0619 00:11:48.682332 25469 data_dirs.cc:934] Could only allocate 1 dirs of requested 3 for tablet 6d6363f6403b4104b15b329ab7f0e483. 1 dirs total, 0 dirs full, 0 dirs failed
I0619 00:11:48.686691 25087 master_service.cc:523] ReplaceTablet: received request to replace tablet 7507676a768e421dac27fe524538e0bb from {username='jenkins'} at 127.24.119.62:54390
I0619 00:11:48.689064 25724 tablet_bootstrap.cc:427] T 985e23a32fa84104a06dd19d97117ab2 P 395763cf325d4ce19859830a7ad35c85: No bootstrap required, opened a new log
I0619 00:11:48.689642 25068 catalog_manager.cc:2891] Scheduling retry of baf80fd968c44e679987eb4ebe4473de (table default.table_5e925f129a1043b7ab80c112a0ee33e0 [id=eeb1072dfe27492990409ab910065b9c]) Alter Table RPC with a delay of 61 ms (attempt = 2)
W0619 00:11:48.689950 25068 catalog_manager.cc:2910] Async tablet task baf80fd968c44e679987eb4ebe4473de (table default.table_5e925f129a1043b7ab80c112a0ee33e0 [id=eeb1072dfe27492990409ab910065b9c]) Alter Table RPC failed: Not found: failed to reset TS proxy: No leader found: Tablet baf80fd968c44e679987eb4ebe4473de consensus state has no leader
I0619 00:11:48.689368 25724 ts_tablet_manager.cc:1045] T 985e23a32fa84104a06dd19d97117ab2 P 395763cf325d4ce19859830a7ad35c85: Time spent bootstrapping tablet: real 0.015s user 0.003s sys 0.006s
I0619 00:11:48.690179 25087 master_service.cc:523] ReplaceTablet: received request to replace tablet 7507676a768e421dac27fe524538e0bb from {username='jenkins'} at 127.24.119.62:54390
I0619 00:11:48.691470 25068 catalog_manager.cc:2891] Scheduling retry of 89a7ff9cdbc046779799e4e8f71adb42 (table default.table_76fe64ca5bbd44279ae948d8df882d65 [id=f25f5cc3e1d64c95a0dcc4e36416c416]) Alter Table RPC with a delay of 98 ms (attempt = 3)
W0619 00:11:48.691731 25068 catalog_manager.cc:2910] Async tablet task 89a7ff9cdbc046779799e4e8f71adb42 (table default.table_76fe64ca5bbd44279ae948d8df882d65 [id=f25f5cc3e1d64c95a0dcc4e36416c416]) Alter Table RPC failed: Not found: failed to reset TS proxy: No leader found: Tablet 89a7ff9cdbc046779799e4e8f71adb42 consensus state has no leader
I0619 00:11:48.692083 25724 raft_consensus.cc:325] T 985e23a32fa84104a06dd19d97117ab2 P 395763cf325d4ce19859830a7ad35c85 [term 0 FOLLOWER]: Replica starting. Triggering 0 pending transactions. Active config: opid_index: -1 OBSOLETE_local: false peers { permanent_uuid: "c007a00e65ad41a79da1a0c1050c55b4" member_type: VOTER last_known_addr { host: "127.24.119.1" port: 32951 } } peers { permanent_uuid: "10bda0b4856f4441b5aed24cdc4764a8" member_type: VOTER last_known_addr { host: "127.24.119.2" port: 38512 } } peers { permanent_uuid: "395763cf325d4ce19859830a7ad35c85" member_type: VOTER last_known_addr { host: "127.24.119.3" port: 39344 } }
I0619 00:11:48.692654 25724 raft_consensus.cc:351] T 985e23a32fa84104a06dd19d97117ab2 P 395763cf325d4ce19859830a7ad35c85 [term 0 FOLLOWER]: Consensus starting up: Expiring failure detector timer to make a prompt election more likely
I0619 00:11:48.692872 25724 raft_consensus.cc:628] T 985e23a32fa84104a06dd19d97117ab2 P 395763cf325d4ce19859830a7ad35c85 [term 0 FOLLOWER]: Becoming Follower/Learner. State: Replica: 395763cf325d4ce19859830a7ad35c85, State: Initialized, Role: FOLLOWER
I0619 00:11:48.693354 25724 consensus_queue.cc:227] T 985e23a32fa84104a06dd19d97117ab2 P 395763cf325d4ce19859830a7ad35c85 [NON_LEADER]: Queue going to NON_LEADER mode. State: All replicated index: 0, Majority replicated index: 0, Committed index: 0, Last appended: 0.0, Last appended by leader: 0, Current term: 0, Majority size: -1, State: 0, Mode: NON_LEADER, active raft config: opid_index: -1 OBSOLETE_local: false peers { permanent_uuid: "c007a00e65ad41a79da1a0c1050c55b4" member_type: VOTER last_known_addr { host: "127.24.119.1" port: 32951 } } peers { permanent_uuid: "10bda0b4856f4441b5aed24cdc4764a8" member_type: VOTER last_known_addr { host: "127.24.119.2" port: 38512 } } peers { permanent_uuid: "395763cf325d4ce19859830a7ad35c85" member_type: VOTER last_known_addr { host: "127.24.119.3" port: 39344 } }
I0619 00:11:48.695093 25469 ts_tablet_manager.cc:1173] T 6d6363f6403b4104b15b329ab7f0e483 P 10bda0b4856f4441b5aed24cdc4764a8: Registered tablet (data state: TABLET_DATA_READY)
W0619 00:11:48.698128 25668 heartbeater.cc:587] Failed to heartbeat to 127.24.119.61:46325: Network error: Failed to ping master at 127.24.119.61:46325: Client connection negotiation failed: client connection to 127.24.119.61:46325: connect: Connection refused (error 111)
I0619 00:11:48.699481 25087 catalog_manager.cc:3663] Got report from deleted tablet 985e23a32fa84104a06dd19d97117ab2 (table default.table_d946420480b24fe2810193b44fafa15b [id=23387ae786214a72874c9ff28f39db49]) (Table deleted at 2018-06-19 00:11:48 PDT): Sending delete request for this tablet
I0619 00:11:48.700212 25087 catalog_manager.cc:3113] Sending DeleteTablet(TABLET_DATA_DELETED) for tablet 985e23a32fa84104a06dd19d97117ab2 on 395763cf325d4ce19859830a7ad35c85 (127.24.119.3:39344) (Table deleted at 2018-06-19 00:11:48 PDT)
W0619 00:11:48.700515 25668 heartbeater.cc:587] Failed to heartbeat to 127.24.119.61:46325: Network error: Failed to ping master at 127.24.119.61:46325: Client connection negotiation failed: client connection to 127.24.119.61:46325: connect: Connection refused (error 111)
I0619 00:11:48.701784 25601 tablet_service.cc:800] Processing DeleteTablet for tablet 985e23a32fa84104a06dd19d97117ab2 with delete_type TABLET_DATA_DELETED (Table deleted at 2018-06-19 00:11:48 PDT) from {username='jenkins'} at 127.24.119.3:34285
W0619 00:11:48.703191 25071 catalog_manager.cc:3083] TS 395763cf325d4ce19859830a7ad35c85 (127.24.119.3:39344): delete failed for tablet 985e23a32fa84104a06dd19d97117ab2 with error code TABLET_NOT_RUNNING: Already present: State transition of tablet 985e23a32fa84104a06dd19d97117ab2 already in progress: creating tablet
I0619 00:11:48.703415 25071 catalog_manager.cc:2891] Scheduling retry of 985e23a32fa84104a06dd19d97117ab2 Delete Tablet RPC for TS=395763cf325d4ce19859830a7ad35c85 with a delay of 32 ms (attempt = 1)
I0619 00:11:48.704294 25087 catalog_manager.cc:3663] Got report from deleted tablet 985e23a32fa84104a06dd19d97117ab2 (table default.table_d946420480b24fe2810193b44fafa15b [id=23387ae786214a72874c9ff28f39db49]) (Table deleted at 2018-06-19 00:11:48 PDT): Sending delete request for this tablet
I0619 00:11:48.704640 25724 ts_tablet_manager.cc:1073] T 985e23a32fa84104a06dd19d97117ab2 P 395763cf325d4ce19859830a7ad35c85: Time spent starting tablet: real 0.014s user 0.003s sys 0.000s
I0619 00:11:48.704937 25087 catalog_manager.cc:3113] Sending DeleteTablet(TABLET_DATA_DELETED) for tablet 985e23a32fa84104a06dd19d97117ab2 on 395763cf325d4ce19859830a7ad35c85 (127.24.119.3:39344) (Table deleted at 2018-06-19 00:11:48 PDT)
I0619 00:11:48.704991 25724 ts_tablet_manager.cc:1028] T dc04126054714196af6bdf7e771ffab0 P 395763cf325d4ce19859830a7ad35c85: Bootstrapping tablet
I0619 00:11:48.705688 25067 catalog_manager.cc:2891] Scheduling retry of baf80fd968c44e679987eb4ebe4473de (table default.table_5e925f129a1043b7ab80c112a0ee33e0 [id=eeb1072dfe27492990409ab910065b9c]) Alter Table RPC with a delay of 46 ms (attempt = 2)
W0619 00:11:48.705957 25067 catalog_manager.cc:2910] Async tablet task baf80fd968c44e679987eb4ebe4473de (table default.table_5e925f129a1043b7ab80c112a0ee33e0 [id=eeb1072dfe27492990409ab910065b9c]) Alter Table RPC failed: Not found: failed to reset TS proxy: No leader found: Tablet baf80fd968c44e679987eb4ebe4473de consensus state has no leader
I0619 00:11:48.706813 25601 tablet_service.cc:800] Processing DeleteTablet for tablet 985e23a32fa84104a06dd19d97117ab2 with delete_type TABLET_DATA_DELETED (Table deleted at 2018-06-19 00:11:48 PDT) from {username='jenkins'} at 127.24.119.3:34285
I0619 00:11:48.705325 25724 tablet_bootstrap.cc:427] T dc04126054714196af6bdf7e771ffab0 P 395763cf325d4ce19859830a7ad35c85: Bootstrap starting.
I0619 00:11:48.707226 25730 tablet_replica.cc:261] T 985e23a32fa84104a06dd19d97117ab2 P 395763cf325d4ce19859830a7ad35c85: stopping tablet replica
I0619 00:11:48.707451 25730 maintenance_manager.cc:237] P 395763cf325d4ce19859830a7ad35c85: Unregistered op CompactRowSetsOp(985e23a32fa84104a06dd19d97117ab2)
W0619 00:11:48.707571 25069 catalog_manager.cc:2910] Async tablet task 6d6363f6403b4104b15b329ab7f0e483 (table default.table_7ea77d77ddd04410989cd2735133a5e5 [id=dd175630a9ac4af5aa17edcb7226e141]) Alter Table RPC failed: Not found: failed to reset TS proxy: No leader found: Tablet 6d6363f6403b4104b15b329ab7f0e483 consensus state has no leader
I0619 00:11:48.707666 25730 maintenance_manager.cc:237] P 395763cf325d4ce19859830a7ad35c85: Unregistered op MinorDeltaCompactionOp(985e23a32fa84104a06dd19d97117ab2)
I0619 00:11:48.707844 25730 maintenance_manager.cc:237] P 395763cf325d4ce19859830a7ad35c85: Unregistered op MajorDeltaCompactionOp(985e23a32fa84104a06dd19d97117ab2)
I0619 00:11:48.708030 25730 maintenance_manager.cc:237] P 395763cf325d4ce19859830a7ad35c85: Unregistered op UndoDeltaBlockGCOp(985e23a32fa84104a06dd19d97117ab2)
I0619 00:11:48.708238 25730 maintenance_manager.cc:237] P 395763cf325d4ce19859830a7ad35c85: Unregistered op FlushMRSOp(985e23a32fa84104a06dd19d97117ab2)
I0619 00:11:48.708437 25730 maintenance_manager.cc:237] P 395763cf325d4ce19859830a7ad35c85: Unregistered op FlushDeltaMemStoresOp(985e23a32fa84104a06dd19d97117ab2)
I0619 00:11:48.708631 25730 maintenance_manager.cc:237] P 395763cf325d4ce19859830a7ad35c85: Unregistered op LogGCOp(985e23a32fa84104a06dd19d97117ab2)
I0619 00:11:48.708813 25730 raft_consensus.cc:2042] T 985e23a32fa84104a06dd19d97117ab2 P 395763cf325d4ce19859830a7ad35c85 [term 0 FOLLOWER]: Raft consensus shutting down.
I0619 00:11:48.709066 25730 raft_consensus.cc:2069] T 985e23a32fa84104a06dd19d97117ab2 P 395763cf325d4ce19859830a7ad35c85 [term 0 FOLLOWER]: Raft consensus is shut down!
W0619 00:11:48.420666 25423 connection.cc:512] client connection to 127.24.119.61:46325 recv error: Network error: failed to read from TLS socket (remote: 0.0.0.0:0): Connection reset by peer (error 104)
W0619 00:11:48.710373 25536 heartbeater.cc:587] Failed to heartbeat to 127.24.119.61:46325: Network error: Failed to send heartbeat to master: failed to read from TLS socket (remote: 0.0.0.0:0): Connection reset by peer (error 104)
W0619 00:11:48.710686 25423 connection.cc:185] Error closing socket: Network error: TlsSocket::Close: Broken pipe
I0619 00:11:48.710853 25724 tablet_bootstrap.cc:578] T dc04126054714196af6bdf7e771ffab0 P 395763cf325d4ce19859830a7ad35c85: No blocks or log segments found. Creating new log.
