I0619 00:11:49.342684 25071 catalog_manager.cc:2891] Scheduling retry of fc22ad98ed2e4e3eb2c62360626a6f87 Delete Tablet RPC for TS=10bda0b4856f4441b5aed24cdc4764a8 with a delay of 53 ms (attempt = 1)
I0619 00:11:49.337203 25067 catalog_manager.cc:3091] TS c007a00e65ad41a79da1a0c1050c55b4 (127.24.119.1:32951): tablet 7507676a768e421dac27fe524538e0bb (table default.table_5e925f129a1043b7ab80c112a0ee33e0 [id=eeb1072dfe27492990409ab910065b9c]) successfully deleted
W0619 00:11:49.345522 25067 catalog_manager.cc:3083] TS c007a00e65ad41a79da1a0c1050c55b4 (127.24.119.1:32951): delete failed for tablet 6d6363f6403b4104b15b329ab7f0e483 with error code TABLET_NOT_RUNNING: Already present: State transition of tablet 6d6363f6403b4104b15b329ab7f0e483 already in progress: creating tablet
I0619 00:11:49.345758 25067 catalog_manager.cc:2891] Scheduling retry of 6d6363f6403b4104b15b329ab7f0e483 Delete Tablet RPC for TS=c007a00e65ad41a79da1a0c1050c55b4 with a delay of 165 ms (attempt = 4)
W0619 00:11:49.346555 25402 heartbeater.cc:587] Failed to heartbeat to 127.24.119.61:46325: Network error: Failed to ping master at 127.24.119.61:46325: Client connection negotiation failed: client connection to 127.24.119.61:46325: connect: Connection refused (error 111)
W0619 00:11:49.346547 25067 catalog_manager.cc:3071] TS c007a00e65ad41a79da1a0c1050c55b4 (127.24.119.1:32951): delete failed for tablet 7507676a768e421dac27fe524538e0bb because the tablet was not found. No further retry: Not found: Tablet not found: 7507676a768e421dac27fe524538e0bb
I0619 00:11:49.346524 25336 tablet_service.cc:800] Processing DeleteTablet for tablet a226a7e97a7e44af8301ed4e6363effb with delete_type TABLET_DATA_DELETED (replaced by tablet 36f5eec972454080b7b434b4df7e62e3) from {username='jenkins'} at 127.24.119.1:46159
I0619 00:11:49.346915 25725 tablet_bootstrap.cc:427] T baf80fd968c44e679987eb4ebe4473de P 10bda0b4856f4441b5aed24cdc4764a8: Bootstrap starting.
W0619 00:11:49.348268 25402 heartbeater.cc:587] Failed to heartbeat to 127.24.119.61:46325: Network error: Failed to ping master at 127.24.119.61:46325: Client connection negotiation failed: client connection to 127.24.119.61:46325: connect: Connection refused (error 111)
I0619 00:11:49.348966 25727 ts_tablet_manager.cc:1073] T 6d6363f6403b4104b15b329ab7f0e483 P c007a00e65ad41a79da1a0c1050c55b4: Time spent starting tablet: real 0.010s user 0.002s sys 0.002s
I0619 00:11:49.349306 25727 ts_tablet_manager.cc:1028] T a226a7e97a7e44af8301ed4e6363effb P c007a00e65ad41a79da1a0c1050c55b4: Bootstrapping tablet
I0619 00:11:49.349669 25727 tablet_bootstrap.cc:427] T a226a7e97a7e44af8301ed4e6363effb P c007a00e65ad41a79da1a0c1050c55b4: Bootstrap starting.
I0619 00:11:49.351902 25736 tablet_replica.cc:261] T a226a7e97a7e44af8301ed4e6363effb P 10bda0b4856f4441b5aed24cdc4764a8: stopping tablet replica
I0619 00:11:49.352164 25727 tablet_bootstrap.cc:578] T a226a7e97a7e44af8301ed4e6363effb P c007a00e65ad41a79da1a0c1050c55b4: No blocks or log segments found. Creating new log.
I0619 00:11:49.353339 25736 maintenance_manager.cc:237] P 10bda0b4856f4441b5aed24cdc4764a8: Unregistered op CompactRowSetsOp(a226a7e97a7e44af8301ed4e6363effb)
I0619 00:11:49.353564 25736 maintenance_manager.cc:237] P 10bda0b4856f4441b5aed24cdc4764a8: Unregistered op MinorDeltaCompactionOp(a226a7e97a7e44af8301ed4e6363effb)
I0619 00:11:49.355760 25736 maintenance_manager.cc:237] P 10bda0b4856f4441b5aed24cdc4764a8: Unregistered op MajorDeltaCompactionOp(a226a7e97a7e44af8301ed4e6363effb)
I0619 00:11:49.355988 25736 maintenance_manager.cc:237] P 10bda0b4856f4441b5aed24cdc4764a8: Unregistered op UndoDeltaBlockGCOp(a226a7e97a7e44af8301ed4e6363effb)
I0619 00:11:49.356241 25736 maintenance_manager.cc:237] P 10bda0b4856f4441b5aed24cdc4764a8: Unregistered op FlushMRSOp(a226a7e97a7e44af8301ed4e6363effb)
I0619 00:11:49.356343 25087 catalog_manager.cc:3663] Got report from deleted tablet 6d6363f6403b4104b15b329ab7f0e483 (table default.table_7ea77d77ddd04410989cd2735133a5e5 [id=dd175630a9ac4af5aa17edcb7226e141]) (Table deleted at 2018-06-19 00:11:48 PDT): Sending delete request for this tablet
W0619 00:11:49.356546 25067 catalog_manager.cc:3083] TS c007a00e65ad41a79da1a0c1050c55b4 (127.24.119.1:32951): delete failed for tablet fc22ad98ed2e4e3eb2c62360626a6f87 with error code TABLET_NOT_RUNNING: Already present: State transition of tablet fc22ad98ed2e4e3eb2c62360626a6f87 already in progress: creating tablet
I0619 00:11:49.356802 25067 catalog_manager.cc:2891] Scheduling retry of fc22ad98ed2e4e3eb2c62360626a6f87 Delete Tablet RPC for TS=c007a00e65ad41a79da1a0c1050c55b4 with a delay of 43 ms (attempt = 2)
I0619 00:11:49.357040 25087 catalog_manager.cc:3113] Sending DeleteTablet(TABLET_DATA_DELETED) for tablet 6d6363f6403b4104b15b329ab7f0e483 on c007a00e65ad41a79da1a0c1050c55b4 (127.24.119.1:32951) (Table deleted at 2018-06-19 00:11:48 PDT)
W0619 00:11:49.357187 25067 catalog_manager.cc:3083] TS c007a00e65ad41a79da1a0c1050c55b4 (127.24.119.1:32951): delete failed for tablet a226a7e97a7e44af8301ed4e6363effb with error code TABLET_NOT_RUNNING: Already present: State transition of tablet a226a7e97a7e44af8301ed4e6363effb already in progress: creating tablet
I0619 00:11:49.357481 25724 tablet_bootstrap.cc:427] T 72e28bc6b57442b782d8aa07e1152cf4 P 395763cf325d4ce19859830a7ad35c85: No bootstrap required, opened a new log
I0619 00:11:49.357903 25724 ts_tablet_manager.cc:1045] T 72e28bc6b57442b782d8aa07e1152cf4 P 395763cf325d4ce19859830a7ad35c85: Time spent bootstrapping tablet: real 0.040s user 0.006s sys 0.000s
I0619 00:11:49.359364 25724 raft_consensus.cc:325] T 72e28bc6b57442b782d8aa07e1152cf4 P 395763cf325d4ce19859830a7ad35c85 [term 0 FOLLOWER]: Replica starting. Triggering 0 pending transactions. Active config: opid_index: -1 OBSOLETE_local: false peers { permanent_uuid: "c007a00e65ad41a79da1a0c1050c55b4" member_type: VOTER last_known_addr { host: "127.24.119.1" port: 32951 } } peers { permanent_uuid: "10bda0b4856f4441b5aed24cdc4764a8" member_type: VOTER last_known_addr { host: "127.24.119.2" port: 38512 } } peers { permanent_uuid: "395763cf325d4ce19859830a7ad35c85" member_type: VOTER last_known_addr { host: "127.24.119.3" port: 39344 } }
I0619 00:11:49.360046 25724 raft_consensus.cc:351] T 72e28bc6b57442b782d8aa07e1152cf4 P 395763cf325d4ce19859830a7ad35c85 [term 0 FOLLOWER]: Consensus starting up: Expiring failure detector timer to make a prompt election more likely
I0619 00:11:49.360262 25724 raft_consensus.cc:628] T 72e28bc6b57442b782d8aa07e1152cf4 P 395763cf325d4ce19859830a7ad35c85 [term 0 FOLLOWER]: Becoming Follower/Learner. State: Replica: 395763cf325d4ce19859830a7ad35c85, State: Initialized, Role: FOLLOWER
I0619 00:11:49.360822 25724 consensus_queue.cc:227] T 72e28bc6b57442b782d8aa07e1152cf4 P 395763cf325d4ce19859830a7ad35c85 [NON_LEADER]: Queue going to NON_LEADER mode. State: All replicated index: 0, Majority replicated index: 0, Committed index: 0, Last appended: 0.0, Last appended by leader: 0, Current term: 0, Majority size: -1, State: 0, Mode: NON_LEADER, active raft config: opid_index: -1 OBSOLETE_local: false peers { permanent_uuid: "c007a00e65ad41a79da1a0c1050c55b4" member_type: VOTER last_known_addr { host: "127.24.119.1" port: 32951 } } peers { permanent_uuid: "10bda0b4856f4441b5aed24cdc4764a8" member_type: VOTER last_known_addr { host: "127.24.119.2" port: 38512 } } peers { permanent_uuid: "395763cf325d4ce19859830a7ad35c85" member_type: VOTER last_known_addr { host: "127.24.119.3" port: 39344 } }
I0619 00:11:49.362471 25080 catalog_manager.cc:2891] Scheduling retry of 1d10fb4561924e2e8d53c7a0b22a426e (table default.table_f4fd4524d920428fa515c1266d90fb2a [id=b46718e25afb4950af6cacec1d51a9ba]) Alter Table RPC with a delay of 47 ms (attempt = 1)
W0619 00:11:49.362783 25080 catalog_manager.cc:3998] Failed to send alter table request: Not found: failed to reset TS proxy: No leader found: Tablet 1d10fb4561924e2e8d53c7a0b22a426e consensus state has no leader
I0619 00:11:49.363709 25724 ts_tablet_manager.cc:1073] T 72e28bc6b57442b782d8aa07e1152cf4 P 395763cf325d4ce19859830a7ad35c85: Time spent starting tablet: real 0.006s user 0.004s sys 0.000s
I0619 00:11:49.364472 25724 ts_tablet_manager.cc:1028] T 1d10fb4561924e2e8d53c7a0b22a426e P 395763cf325d4ce19859830a7ad35c85: Bootstrapping tablet
I0619 00:11:49.364856 25724 tablet_bootstrap.cc:427] T 1d10fb4561924e2e8d53c7a0b22a426e P 395763cf325d4ce19859830a7ad35c85: Bootstrap starting.
W0619 00:11:49.366808 25668 heartbeater.cc:587] Failed to heartbeat to 127.24.119.61:46325: Network error: Failed to ping master at 127.24.119.61:46325: Client connection negotiation failed: client connection to 127.24.119.61:46325: connect: Connection refused (error 111)
I0619 00:11:49.368013 25082 catalog_manager.cc:3881] TS 395763cf325d4ce19859830a7ad35c85 (127.24.119.3:39344) does not have the latest schema for tablet 72e28bc6b57442b782d8aa07e1152cf4 (table default.table_95a48b4d8a824265bb7291a68eb33dc3 [id=fa287205f19a461fa0ba005f9991513b]). Expected version 1 got 0
I0619 00:11:49.368242 25071 catalog_manager.cc:2891] Scheduling retry of fb8e94875a8347a0a473c95a77c38795 (table default.table_84d38522d00a488c82a136b79665c4cd [id=41f48f0e1f87464eb43c5bf2a36f70ef]) Alter Table RPC with a delay of 70 ms (attempt = 2)
W0619 00:11:49.368582 25668 heartbeater.cc:587] Failed to heartbeat to 127.24.119.61:46325: Network error: Failed to ping master at 127.24.119.61:46325: Client connection negotiation failed: client connection to 127.24.119.61:46325: connect: Connection refused (error 111)
W0619 00:11:49.368793 25071 catalog_manager.cc:2910] Async tablet task fb8e94875a8347a0a473c95a77c38795 (table default.table_84d38522d00a488c82a136b79665c4cd [id=41f48f0e1f87464eb43c5bf2a36f70ef]) Alter Table RPC failed: Not found: failed to reset TS proxy: No leader found: Tablet fb8e94875a8347a0a473c95a77c38795 consensus state has no leader
I0619 00:11:49.368808 25082 catalog_manager.cc:2891] Scheduling retry of 72e28bc6b57442b782d8aa07e1152cf4 (table default.table_95a48b4d8a824265bb7291a68eb33dc3 [id=fa287205f19a461fa0ba005f9991513b]) Alter Table RPC with a delay of 45 ms (attempt = 1)
W0619 00:11:49.369072 25082 catalog_manager.cc:3945] Failed to send 72e28bc6b57442b782d8aa07e1152cf4 (table default.table_95a48b4d8a824265bb7291a68eb33dc3 [id=fa287205f19a461fa0ba005f9991513b]) Alter Table RPC: Not found: failed to reset TS proxy: No leader found: Tablet 72e28bc6b57442b782d8aa07e1152cf4 consensus state has no leader
I0619 00:11:49.371309 25604 tablet_service.cc:759] Processing CreateTablet for tablet aaf62da07a9740c1aa44359d3f604513 (table=default.table_dda28a7d27fb424e8e0e9f6657a52c6c [id=f181d18c1f844c83a0640004333ae473]), partition=RANGE (key) PARTITION UNBOUNDED
I0619 00:11:49.371775 25727 tablet_bootstrap.cc:427] T a226a7e97a7e44af8301ed4e6363effb P c007a00e65ad41a79da1a0c1050c55b4: No bootstrap required, opened a new log
I0619 00:11:49.372087 25727 ts_tablet_manager.cc:1045] T a226a7e97a7e44af8301ed4e6363effb P c007a00e65ad41a79da1a0c1050c55b4: Time spent bootstrapping tablet: real 0.023s user 0.004s sys 0.002s
I0619 00:11:49.372206 25463 tablet_service.cc:759] Processing CreateTablet for tablet aaf62da07a9740c1aa44359d3f604513 (table=default.table_dda28a7d27fb424e8e0e9f6657a52c6c [id=f181d18c1f844c83a0640004333ae473]), partition=RANGE (key) PARTITION UNBOUNDED
I0619 00:11:49.372876 25463 data_dirs.cc:934] Could only allocate 1 dirs of requested 3 for tablet aaf62da07a9740c1aa44359d3f604513. 1 dirs total, 0 dirs full, 0 dirs failed
I0619 00:11:49.373291 25069 catalog_manager.cc:2891] Scheduling retry of fb8e94875a8347a0a473c95a77c38795 (table default.table_84d38522d00a488c82a136b79665c4cd [id=41f48f0e1f87464eb43c5bf2a36f70ef]) Alter Table RPC with a delay of 169 ms (attempt = 4)
W0619 00:11:49.373622 25069 catalog_manager.cc:2910] Async tablet task fb8e94875a8347a0a473c95a77c38795 (table default.table_84d38522d00a488c82a136b79665c4cd [id=41f48f0e1f87464eb43c5bf2a36f70ef]) Alter Table RPC failed: Not found: failed to reset TS proxy: No leader found: Tablet fb8e94875a8347a0a473c95a77c38795 consensus state has no leader
I0619 00:11:49.373719 25603 tablet_service.cc:759] Processing CreateTablet for tablet 292b164659e343158de8e7e3eeb9be31 (table=default.table_aecb1278dc98420aa83aaae47fb56937 [id=e2a7900f428948bab0aefd132d8874d4]), partition=RANGE (key) PARTITION UNBOUNDED
I0619 00:11:49.374508 25467 tablet_service.cc:759] Processing CreateTablet for tablet 292b164659e343158de8e7e3eeb9be31 (table=default.table_aecb1278dc98420aa83aaae47fb56937 [id=e2a7900f428948bab0aefd132d8874d4]), partition=RANGE (key) PARTITION UNBOUNDED
I0619 00:11:49.357393 25067 catalog_manager.cc:2891] Scheduling retry of a226a7e97a7e44af8301ed4e6363effb Delete Tablet RPC for TS=c007a00e65ad41a79da1a0c1050c55b4 with a delay of 34 ms (attempt = 2)
I0619 00:11:49.376886 25067 catalog_manager.cc:3113] Sending DeleteTablet(TABLET_DATA_DELETED) for tablet baf80fd968c44e679987eb4ebe4473de on c007a00e65ad41a79da1a0c1050c55b4 (127.24.119.1:32951) (Table deleted at 2018-06-19 00:11:49 PDT)
I0619 00:11:49.375452 25727 raft_consensus.cc:325] T a226a7e97a7e44af8301ed4e6363effb P c007a00e65ad41a79da1a0c1050c55b4 [term 0 FOLLOWER]: Replica starting. Triggering 0 pending transactions. Active config: opid_index: -1 OBSOLETE_local: false peers { permanent_uuid: "c007a00e65ad41a79da1a0c1050c55b4" member_type: VOTER last_known_addr { host: "127.24.119.1" port: 32951 } } peers { permanent_uuid: "10bda0b4856f4441b5aed24cdc4764a8" member_type: VOTER last_known_addr { host: "127.24.119.2" port: 38512 } } peers { permanent_uuid: "395763cf325d4ce19859830a7ad35c85" member_type: VOTER last_known_addr { host: "127.24.119.3" port: 39344 } }
I0619 00:11:49.377418 25727 raft_consensus.cc:351] T a226a7e97a7e44af8301ed4e6363effb P c007a00e65ad41a79da1a0c1050c55b4 [term 0 FOLLOWER]: Consensus starting up: Expiring failure detector timer to make a prompt election more likely
I0619 00:11:49.357640 25736 maintenance_manager.cc:237] P 10bda0b4856f4441b5aed24cdc4764a8: Unregistered op FlushDeltaMemStoresOp(a226a7e97a7e44af8301ed4e6363effb)
I0619 00:11:49.378187 25736 maintenance_manager.cc:237] P 10bda0b4856f4441b5aed24cdc4764a8: Unregistered op LogGCOp(a226a7e97a7e44af8301ed4e6363effb)
I0619 00:11:49.378403 25736 raft_consensus.cc:2042] T a226a7e97a7e44af8301ed4e6363effb P 10bda0b4856f4441b5aed24cdc4764a8 [term 0 FOLLOWER]: Raft consensus shutting down.
I0619 00:11:49.378489 25336 tablet_service.cc:800] Processing DeleteTablet for tablet 6d6363f6403b4104b15b329ab7f0e483 with delete_type TABLET_DATA_DELETED (Table deleted at 2018-06-19 00:11:48 PDT) from {username='jenkins'} at 127.24.119.1:46159
I0619 00:11:49.378645 25736 raft_consensus.cc:2069] T a226a7e97a7e44af8301ed4e6363effb P 10bda0b4856f4441b5aed24cdc4764a8 [term 0 FOLLOWER]: Raft consensus is shut down!
I0619 00:11:49.378908 25325 tablet_service.cc:759] Processing CreateTablet for tablet aaf62da07a9740c1aa44359d3f604513 (table=default.table_dda28a7d27fb424e8e0e9f6657a52c6c [id=f181d18c1f844c83a0640004333ae473]), partition=RANGE (key) PARTITION UNBOUNDED
I0619 00:11:49.379201 25336 tablet_service.cc:800] Processing DeleteTablet for tablet baf80fd968c44e679987eb4ebe4473de with delete_type TABLET_DATA_DELETED (Table deleted at 2018-06-19 00:11:49 PDT) from {username='jenkins'} at 127.24.119.1:46159
I0619 00:11:49.379503 25325 data_dirs.cc:934] Could only allocate 1 dirs of requested 3 for tablet aaf62da07a9740c1aa44359d3f604513. 1 dirs total, 0 dirs full, 0 dirs failed
I0619 00:11:49.379667 25741 tablet_replica.cc:261] T 6d6363f6403b4104b15b329ab7f0e483 P c007a00e65ad41a79da1a0c1050c55b4: stopping tablet replica
I0619 00:11:49.379885 25741 maintenance_manager.cc:237] P c007a00e65ad41a79da1a0c1050c55b4: Unregistered op CompactRowSetsOp(6d6363f6403b4104b15b329ab7f0e483)
I0619 00:11:49.380070 25741 maintenance_manager.cc:237] P c007a00e65ad41a79da1a0c1050c55b4: Unregistered op MinorDeltaCompactionOp(6d6363f6403b4104b15b329ab7f0e483)
I0619 00:11:49.380131 25736 ts_tablet_manager.cc:1369] T a226a7e97a7e44af8301ed4e6363effb P 10bda0b4856f4441b5aed24cdc4764a8: Deleting tablet data with delete state TABLET_DATA_DELETED
I0619 00:11:49.380249 25741 maintenance_manager.cc:237] P c007a00e65ad41a79da1a0c1050c55b4: Unregistered op MajorDeltaCompactionOp(6d6363f6403b4104b15b329ab7f0e483)
I0619 00:11:49.380131 25326 tablet_service.cc:759] Processing CreateTablet for tablet 292b164659e343158de8e7e3eeb9be31 (table=default.table_aecb1278dc98420aa83aaae47fb56937 [id=e2a7900f428948bab0aefd132d8874d4]), partition=RANGE (key) PARTITION UNBOUNDED
I0619 00:11:49.380767 25326 data_dirs.cc:934] Could only allocate 1 dirs of requested 3 for tablet 292b164659e343158de8e7e3eeb9be31. 1 dirs total, 0 dirs full, 0 dirs failed
I0619 00:11:49.381016 25725 tablet_bootstrap.cc:578] T baf80fd968c44e679987eb4ebe4473de P 10bda0b4856f4441b5aed24cdc4764a8: No blocks or log segments found. Creating new log.
I0619 00:11:49.381722 25082 catalog_manager.cc:3663] Got report from deleted tablet 6d6363f6403b4104b15b329ab7f0e483 (table default.table_7ea77d77ddd04410989cd2735133a5e5 [id=dd175630a9ac4af5aa17edcb7226e141]) (Table deleted at 2018-06-19 00:11:48 PDT): Sending delete request for this tablet
I0619 00:11:49.382370 25082 catalog_manager.cc:3113] Sending DeleteTablet(TABLET_DATA_DELETED) for tablet 6d6363f6403b4104b15b329ab7f0e483 on c007a00e65ad41a79da1a0c1050c55b4 (127.24.119.1:32951) (Table deleted at 2018-06-19 00:11:48 PDT)
I0619 00:11:49.384259 25467 data_dirs.cc:934] Could only allocate 1 dirs of requested 3 for tablet 292b164659e343158de8e7e3eeb9be31. 1 dirs total, 0 dirs full, 0 dirs failed
I0619 00:11:49.384428 25067 catalog_manager.cc:2891] Scheduling retry of e3708e05f6054306b5bf7f1df2140e3d (table default.table_514667669c72462a95c41b6bb68dc0fe [id=47a2f8c4d1f748a69c2bb0416bdb87e4]) Alter Table RPC with a delay of 171 ms (attempt = 4)
W0619 00:11:49.384722 25067 catalog_manager.cc:2910] Async tablet task e3708e05f6054306b5bf7f1df2140e3d (table default.table_514667669c72462a95c41b6bb68dc0fe [id=47a2f8c4d1f748a69c2bb0416bdb87e4]) Alter Table RPC failed: Not found: failed to reset TS proxy: No leader found: Tablet e3708e05f6054306b5bf7f1df2140e3d consensus state has no leader
I0619 00:11:49.385669 25336 tablet_service.cc:800] Processing DeleteTablet for tablet 6d6363f6403b4104b15b329ab7f0e483 with delete_type TABLET_DATA_DELETED (Table deleted at 2018-06-19 00:11:48 PDT) from {username='jenkins'} at 127.24.119.1:46159
I0619 00:11:49.385761 25727 raft_consensus.cc:628] T a226a7e97a7e44af8301ed4e6363effb P c007a00e65ad41a79da1a0c1050c55b4 [term 0 FOLLOWER]: Becoming Follower/Learner. State: Replica: c007a00e65ad41a79da1a0c1050c55b4, State: Initialized, Role: FOLLOWER
I0619 00:11:49.386248 25727 consensus_queue.cc:227] T a226a7e97a7e44af8301ed4e6363effb P c007a00e65ad41a79da1a0c1050c55b4 [NON_LEADER]: Queue going to NON_LEADER mode. State: All replicated index: 0, Majority replicated index: 0, Committed index: 0, Last appended: 0.0, Last appended by leader: 0, Current term: 0, Majority size: -1, State: 0, Mode: NON_LEADER, active raft config: opid_index: -1 OBSOLETE_local: false peers { permanent_uuid: "c007a00e65ad41a79da1a0c1050c55b4" member_type: VOTER last_known_addr { host: "127.24.119.1" port: 32951 } } peers { permanent_uuid: "10bda0b4856f4441b5aed24cdc4764a8" member_type: VOTER last_known_addr { host: "127.24.119.2" port: 38512 } } peers { permanent_uuid: "395763cf325d4ce19859830a7ad35c85" member_type: VOTER last_known_addr { host: "127.24.119.3" port: 39344 } }
I0619 00:11:49.386782 25741 maintenance_manager.cc:237] P c007a00e65ad41a79da1a0c1050c55b4: Unregistered op UndoDeltaBlockGCOp(6d6363f6403b4104b15b329ab7f0e483)
I0619 00:11:49.387847 25741 maintenance_manager.cc:237] P c007a00e65ad41a79da1a0c1050c55b4: Unregistered op FlushMRSOp(6d6363f6403b4104b15b329ab7f0e483)
I0619 00:11:49.388057 25741 maintenance_manager.cc:237] P c007a00e65ad41a79da1a0c1050c55b4: Unregistered op FlushDeltaMemStoresOp(6d6363f6403b4104b15b329ab7f0e483)
I0619 00:11:49.389379 25741 maintenance_manager.cc:237] P c007a00e65ad41a79da1a0c1050c55b4: Unregistered op LogGCOp(6d6363f6403b4104b15b329ab7f0e483)
I0619 00:11:49.389600 25741 raft_consensus.cc:2042] T 6d6363f6403b4104b15b329ab7f0e483 P c007a00e65ad41a79da1a0c1050c55b4 [term 0 FOLLOWER]: Raft consensus shutting down.
I0619 00:11:49.389919 25741 raft_consensus.cc:2069] T 6d6363f6403b4104b15b329ab7f0e483 P c007a00e65ad41a79da1a0c1050c55b4 [term 0 FOLLOWER]: Raft consensus is shut down!
W0619 00:11:49.390974 25402 heartbeater.cc:587] Failed to heartbeat to 127.24.119.61:46325: Network error: Failed to ping master at 127.24.119.61:46325: Client connection negotiation failed: client connection to 127.24.119.61:46325: connect: Connection refused (error 111)
I0619 00:11:49.395426 25462 tablet_service.cc:759] Processing CreateTablet for tablet 3b80a302aacb418091aee54ab4be7249 (table=default.table_b4370a7e80854fd8965e81d09a545d89 [id=01235cbfa38b48a9bbfbb0b4630c5d23]), partition=RANGE (key) PARTITION UNBOUNDED
I0619 00:11:49.395668 25469 tablet_service.cc:759] Processing CreateTablet for tablet 53688f0e4a604bc4a07dec9278a8dad6 (table=default.table_15724e9cddcb457a8edaebf78d6afc15 [id=bd7b4ec53e7b418a968d1a7e3dd368ed]), partition=RANGE (key) PARTITION UNBOUNDED
I0619 00:11:49.396033 25462 data_dirs.cc:934] Could only allocate 1 dirs of requested 3 for tablet 3b80a302aacb418091aee54ab4be7249. 1 dirs total, 0 dirs full, 0 dirs failed
I0619 00:11:49.397377 25336 tablet_service.cc:759] Processing CreateTablet for tablet 3b80a302aacb418091aee54ab4be7249 (table=default.table_b4370a7e80854fd8965e81d09a545d89 [id=01235cbfa38b48a9bbfbb0b4630c5d23]), partition=RANGE (key) PARTITION UNBOUNDED
I0619 00:11:49.397418 25069 catalog_manager.cc:2891] Scheduling retry of e3708e05f6054306b5bf7f1df2140e3d (table default.table_514667669c72462a95c41b6bb68dc0fe [id=47a2f8c4d1f748a69c2bb0416bdb87e4]) Alter Table RPC with a delay of 536 ms (attempt = 6)
W0619 00:11:49.397718 25069 catalog_manager.cc:2910] Async tablet task e3708e05f6054306b5bf7f1df2140e3d (table default.table_514667669c72462a95c41b6bb68dc0fe [id=47a2f8c4d1f748a69c2bb0416bdb87e4]) Alter Table RPC failed: Not found: failed to reset TS proxy: No leader found: Tablet e3708e05f6054306b5bf7f1df2140e3d consensus state has no leader
I0619 00:11:49.398308 25330 tablet_service.cc:759] Processing CreateTablet for tablet 53688f0e4a604bc4a07dec9278a8dad6 (table=default.table_15724e9cddcb457a8edaebf78d6afc15 [id=bd7b4ec53e7b418a968d1a7e3dd368ed]), partition=RANGE (key) PARTITION UNBOUNDED
I0619 00:11:49.398922 25071 catalog_manager.cc:3113] Sending DeleteTablet(TABLET_DATA_DELETED) for tablet fc22ad98ed2e4e3eb2c62360626a6f87 on 10bda0b4856f4441b5aed24cdc4764a8 (127.24.119.2:38512) (Table deleted at 2018-06-19 00:11:49 PDT)
I0619 00:11:49.399868 25470 tablet_service.cc:800] Processing DeleteTablet for tablet fc22ad98ed2e4e3eb2c62360626a6f87 with delete_type TABLET_DATA_DELETED (Table deleted at 2018-06-19 00:11:49 PDT) from {username='jenkins'} at 127.24.119.2:51757
W0619 00:11:49.400321 25402 heartbeater.cc:587] Failed to heartbeat to 127.24.119.61:46325: Network error: Failed to ping master at 127.24.119.61:46325: Client connection negotiation failed: client connection to 127.24.119.61:46325: connect: Connection refused (error 111)
I0619 00:11:49.399879 25469 data_dirs.cc:934] Could only allocate 1 dirs of requested 3 for tablet 53688f0e4a604bc4a07dec9278a8dad6. 1 dirs total, 0 dirs full, 0 dirs failed
I0619 00:11:49.400709 25067 catalog_manager.cc:3113] Sending DeleteTablet(TABLET_DATA_DELETED) for tablet fc22ad98ed2e4e3eb2c62360626a6f87 on c007a00e65ad41a79da1a0c1050c55b4 (127.24.119.1:32951) (Table deleted at 2018-06-19 00:11:49 PDT)
I0619 00:11:49.401919 25082 catalog_manager.cc:3663] Got report from deleted tablet a226a7e97a7e44af8301ed4e6363effb (table default.table_de92feb7880c4ea2b3fd76c65c6b3df5 [id=122dad4ddc134d21b827dca8587ed257]) (replaced by tablet 36f5eec972454080b7b434b4df7e62e3): Sending delete request for this tablet
I0619 00:11:49.402554 25082 catalog_manager.cc:3113] Sending DeleteTablet(TABLET_DATA_DELETED) for tablet a226a7e97a7e44af8301ed4e6363effb on c007a00e65ad41a79da1a0c1050c55b4 (127.24.119.1:32951) (replaced by tablet 36f5eec972454080b7b434b4df7e62e3)
I0619 00:11:49.403267 25323 tablet_service.cc:800] Processing DeleteTablet for tablet fc22ad98ed2e4e3eb2c62360626a6f87 with delete_type TABLET_DATA_DELETED (Table deleted at 2018-06-19 00:11:49 PDT) from {username='jenkins'} at 127.24.119.1:46159
I0619 00:11:49.403759 25467 ts_tablet_manager.cc:1173] T 292b164659e343158de8e7e3eeb9be31 P 10bda0b4856f4441b5aed24cdc4764a8: Registered tablet (data state: TABLET_DATA_READY)
I0619 00:11:49.387107 25724 tablet_bootstrap.cc:578] T 1d10fb4561924e2e8d53c7a0b22a426e P 395763cf325d4ce19859830a7ad35c85: No blocks or log segments found. Creating new log.
I0619 00:11:49.391109 25604 data_dirs.cc:934] Could only allocate 1 dirs of requested 3 for tablet aaf62da07a9740c1aa44359d3f604513. 1 dirs total, 0 dirs full, 0 dirs failed
I0619 00:11:49.404498 25323 tablet_service.cc:800] Processing DeleteTablet for tablet a226a7e97a7e44af8301ed4e6363effb with delete_type TABLET_DATA_DELETED (replaced by tablet 36f5eec972454080b7b434b4df7e62e3) from {username='jenkins'} at 127.24.119.1:46159
I0619 00:11:49.398726 25601 tablet_service.cc:759] Processing CreateTablet for tablet 53688f0e4a604bc4a07dec9278a8dad6 (table=default.table_15724e9cddcb457a8edaebf78d6afc15 [id=bd7b4ec53e7b418a968d1a7e3dd368ed]), partition=RANGE (key) PARTITION UNBOUNDED
I0619 00:11:49.405112 25603 data_dirs.cc:934] Could only allocate 1 dirs of requested 3 for tablet 292b164659e343158de8e7e3eeb9be31. 1 dirs total, 0 dirs full, 0 dirs failed
I0619 00:11:49.398703 25602 tablet_service.cc:759] Processing CreateTablet for tablet 3b80a302aacb418091aee54ab4be7249 (table=default.table_b4370a7e80854fd8965e81d09a545d89 [id=01235cbfa38b48a9bbfbb0b4630c5d23]), partition=RANGE (key) PARTITION UNBOUNDED
I0619 00:11:49.406059 25725 tablet_bootstrap.cc:427] T baf80fd968c44e679987eb4ebe4473de P 10bda0b4856f4441b5aed24cdc4764a8: No bootstrap required, opened a new log
I0619 00:11:49.406402 25725 ts_tablet_manager.cc:1045] T baf80fd968c44e679987eb4ebe4473de P 10bda0b4856f4441b5aed24cdc4764a8: Time spent bootstrapping tablet: real 0.077s user 0.006s sys 0.003s
I0619 00:11:49.406731 25082 catalog_manager.cc:3663] Got report from deleted tablet a226a7e97a7e44af8301ed4e6363effb (table default.table_de92feb7880c4ea2b3fd76c65c6b3df5 [id=122dad4ddc134d21b827dca8587ed257]) (replaced by tablet 36f5eec972454080b7b434b4df7e62e3): Sending delete request for this tablet
I0619 00:11:49.407369 25082 catalog_manager.cc:3113] Sending DeleteTablet(TABLET_DATA_DELETED) for tablet a226a7e97a7e44af8301ed4e6363effb on c007a00e65ad41a79da1a0c1050c55b4 (127.24.119.1:32951) (replaced by tablet 36f5eec972454080b7b434b4df7e62e3)
I0619 00:11:49.397449 25741 ts_tablet_manager.cc:1369] T 6d6363f6403b4104b15b329ab7f0e483 P c007a00e65ad41a79da1a0c1050c55b4: Deleting tablet data with delete state TABLET_DATA_DELETED
I0619 00:11:49.391165 25730 ts_tablet_manager.cc:1382] T a226a7e97a7e44af8301ed4e6363effb P 395763cf325d4ce19859830a7ad35c85: tablet deleted with delete type TABLET_DATA_DELETED: last-logged OpId 0.0
I0619 00:11:49.408243 25730 log.cc:986] T a226a7e97a7e44af8301ed4e6363effb P 395763cf325d4ce19859830a7ad35c85: Deleting WAL directory at /data/somelongdirectorytoavoidrpathissues/src/kudutest/master-stress-test.0.HmsConfigurations_MasterStressTest.Test_0.1529392303277196-25052/minicluster-data/ts-2/wal/wals/a226a7e97a7e44af8301ed4e6363effb
I0619 00:11:49.408769 25730 ts_tablet_manager.cc:1403] T a226a7e97a7e44af8301ed4e6363effb P 395763cf325d4ce19859830a7ad35c85: Deleting consensus metadata
I0619 00:11:49.408843 25323 tablet_service.cc:800] Processing DeleteTablet for tablet a226a7e97a7e44af8301ed4e6363effb with delete_type TABLET_DATA_DELETED (replaced by tablet 36f5eec972454080b7b434b4df7e62e3) from {username='jenkins'} at 127.24.119.1:46159
I0619 00:11:49.399925 25727 ts_tablet_manager.cc:1073] T a226a7e97a7e44af8301ed4e6363effb P c007a00e65ad41a79da1a0c1050c55b4: Time spent starting tablet: real 0.028s user 0.004s sys 0.000s
I0619 00:11:49.407979 25725 raft_consensus.cc:325] T baf80fd968c44e679987eb4ebe4473de P 10bda0b4856f4441b5aed24cdc4764a8 [term 0 FOLLOWER]: Replica starting. Triggering 0 pending transactions. Active config: opid_index: -1 OBSOLETE_local: false peers { permanent_uuid: "c007a00e65ad41a79da1a0c1050c55b4" member_type: VOTER last_known_addr { host: "127.24.119.1" port: 32951 } } peers { permanent_uuid: "10bda0b4856f4441b5aed24cdc4764a8" member_type: VOTER last_known_addr { host: "127.24.119.2" port: 38512 } } peers { permanent_uuid: "395763cf325d4ce19859830a7ad35c85" member_type: VOTER last_known_addr { host: "127.24.119.3" port: 39344 } }
I0619 00:11:49.409704 25725 raft_consensus.cc:351] T baf80fd968c44e679987eb4ebe4473de P 10bda0b4856f4441b5aed24cdc4764a8 [term 0 FOLLOWER]: Consensus starting up: Expiring failure detector timer to make a prompt election more likely
I0619 00:11:49.409847 25727 ts_tablet_manager.cc:1028] T 60dfd91c98d94bfbbc6416268c65c378 P c007a00e65ad41a79da1a0c1050c55b4: Bootstrapping tablet
I0619 00:11:49.409920 25725 raft_consensus.cc:628] T baf80fd968c44e679987eb4ebe4473de P 10bda0b4856f4441b5aed24cdc4764a8 [term 0 FOLLOWER]: Becoming Follower/Learner. State: Replica: 10bda0b4856f4441b5aed24cdc4764a8, State: Initialized, Role: FOLLOWER
I0619 00:11:49.410753 25601 data_dirs.cc:934] Could only allocate 1 dirs of requested 3 for tablet 53688f0e4a604bc4a07dec9278a8dad6. 1 dirs total, 0 dirs full, 0 dirs failed
I0619 00:11:49.410902 25067 catalog_manager.cc:3113] Sending DeleteTablet(TABLET_DATA_DELETED) for tablet a226a7e97a7e44af8301ed4e6363effb on c007a00e65ad41a79da1a0c1050c55b4 (127.24.119.1:32951) (replaced by tablet 36f5eec972454080b7b434b4df7e62e3)
I0619 00:11:49.411765 25323 tablet_service.cc:800] Processing DeleteTablet for tablet a226a7e97a7e44af8301ed4e6363effb with delete_type TABLET_DATA_DELETED (replaced by tablet 36f5eec972454080b7b434b4df7e62e3) from {username='jenkins'} at 127.24.119.1:46159
I0619 00:11:49.412334 25727 tablet_bootstrap.cc:427] T 60dfd91c98d94bfbbc6416268c65c378 P c007a00e65ad41a79da1a0c1050c55b4: Bootstrap starting.
I0619 00:11:49.413864 25336 data_dirs.cc:934] Could only allocate 1 dirs of requested 3 for tablet 3b80a302aacb418091aee54ab4be7249. 1 dirs total, 0 dirs full, 0 dirs failed
I0619 00:11:49.413836 25071 catalog_manager.cc:3113] Sending DeleteTablet(TABLET_DATA_DELETED) for tablet dc04126054714196af6bdf7e771ffab0 on 10bda0b4856f4441b5aed24cdc4764a8 (127.24.119.2:38512) (Table deleted at 2018-06-19 00:11:48 PDT)
I0619 00:11:49.417269 25330 data_dirs.cc:934] Could only allocate 1 dirs of requested 3 for tablet 53688f0e4a604bc4a07dec9278a8dad6. 1 dirs total, 0 dirs full, 0 dirs failed
I0619 00:11:49.417819 25602 data_dirs.cc:934] Could only allocate 1 dirs of requested 3 for tablet 3b80a302aacb418091aee54ab4be7249. 1 dirs total, 0 dirs full, 0 dirs failed
I0619 00:11:49.421473 25601 ts_tablet_manager.cc:1173] T 53688f0e4a604bc4a07dec9278a8dad6 P 395763cf325d4ce19859830a7ad35c85: Registered tablet (data state: TABLET_DATA_READY)
I0619 00:11:49.410405 25725 consensus_queue.cc:227] T baf80fd968c44e679987eb4ebe4473de P 10bda0b4856f4441b5aed24cdc4764a8 [NON_LEADER]: Queue going to NON_LEADER mode. State: All replicated index: 0, Majority replicated index: 0, Committed index: 0, Last appended: 0.0, Last appended by leader: 0, Current term: 0, Majority size: -1, State: 0, Mode: NON_LEADER, active raft config: opid_index: -1 OBSOLETE_local: false peers { permanent_uuid: "c007a00e65ad41a79da1a0c1050c55b4" member_type: VOTER last_known_addr { host: "127.24.119.1" port: 32951 } } peers { permanent_uuid: "10bda0b4856f4441b5aed24cdc4764a8" member_type: VOTER last_known_addr { host: "127.24.119.2" port: 38512 } } peers { permanent_uuid: "395763cf325d4ce19859830a7ad35c85" member_type: VOTER last_known_addr { host: "127.24.119.3" port: 39344 } }
I0619 00:11:49.422916 25069 catalog_manager.cc:2891] Scheduling retry of fb8e94875a8347a0a473c95a77c38795 (table default.table_84d38522d00a488c82a136b79665c4cd [id=41f48f0e1f87464eb43c5bf2a36f70ef]) Alter Table RPC with a delay of 156 ms (attempt = 4)
W0619 00:11:49.423202 25069 catalog_manager.cc:2910] Async tablet task fb8e94875a8347a0a473c95a77c38795 (table default.table_84d38522d00a488c82a136b79665c4cd [id=41f48f0e1f87464eb43c5bf2a36f70ef]) Alter Table RPC failed: Not found: failed to reset TS proxy: No leader found: Tablet fb8e94875a8347a0a473c95a77c38795 consensus state has no leader
W0619 00:11:49.424973 25536 heartbeater.cc:587] Failed to heartbeat to 127.24.119.61:46325: Network error: Failed to ping master at 127.24.119.61:46325: Client connection negotiation failed: client connection to 127.24.119.61:46325: connect: Connection refused (error 111)
I0619 00:11:49.426815 25067 catalog_manager.cc:2891] Scheduling retry of 72e28bc6b57442b782d8aa07e1152cf4 (table default.table_95a48b4d8a824265bb7291a68eb33dc3 [id=fa287205f19a461fa0ba005f9991513b]) Alter Table RPC with a delay of 67 ms (attempt = 2)
W0619 00:11:49.427129 25067 catalog_manager.cc:2910] Async tablet task 72e28bc6b57442b782d8aa07e1152cf4 (table default.table_95a48b4d8a824265bb7291a68eb33dc3 [id=fa287205f19a461fa0ba005f9991513b]) Alter Table RPC failed: Not found: failed to reset TS proxy: No leader found: Tablet 72e28bc6b57442b782d8aa07e1152cf4 consensus state has no leader
I0619 00:11:49.427462 25067 catalog_manager.cc:2891] Scheduling retry of 1d10fb4561924e2e8d53c7a0b22a426e (table default.table_f4fd4524d920428fa515c1266d90fb2a [id=b46718e25afb4950af6cacec1d51a9ba]) Alter Table RPC with a delay of 40 ms (attempt = 2)
W0619 00:11:49.427795 25067 catalog_manager.cc:2910] Async tablet task 1d10fb4561924e2e8d53c7a0b22a426e (table default.table_f4fd4524d920428fa515c1266d90fb2a [id=b46718e25afb4950af6cacec1d51a9ba]) Alter Table RPC failed: Not found: failed to reset TS proxy: No leader found: Tablet 1d10fb4561924e2e8d53c7a0b22a426e consensus state has no leader
I0619 00:11:49.429184 25082 catalog_manager.cc:3663] Got report from deleted tablet baf80fd968c44e679987eb4ebe4473de (table default.table_5e925f129a1043b7ab80c112a0ee33e0 [id=eeb1072dfe27492990409ab910065b9c]) (Table deleted at 2018-06-19 00:11:49 PDT): Sending delete request for this tablet
I0619 00:11:49.429913 25082 catalog_manager.cc:3113] Sending DeleteTablet(TABLET_DATA_DELETED) for tablet baf80fd968c44e679987eb4ebe4473de on 10bda0b4856f4441b5aed24cdc4764a8 (127.24.119.2:38512) (Table deleted at 2018-06-19 00:11:49 PDT)
I0619 00:11:49.429214 25071 catalog_manager.cc:3091] TS 395763cf325d4ce19859830a7ad35c85 (127.24.119.3:39344): tablet a226a7e97a7e44af8301ed4e6363effb (table default.table_de92feb7880c4ea2b3fd76c65c6b3df5 [id=122dad4ddc134d21b827dca8587ed257]) successfully deleted
I0619 00:11:49.432416 25470 tablet_service.cc:800] Processing DeleteTablet for tablet baf80fd968c44e679987eb4ebe4473de with delete_type TABLET_DATA_DELETED (Table deleted at 2018-06-19 00:11:49 PDT) from {username='jenkins'} at 127.24.119.2:51757
I0619 00:11:49.433663 25462 ts_tablet_manager.cc:1173] T 3b80a302aacb418091aee54ab4be7249 P 10bda0b4856f4441b5aed24cdc4764a8: Registered tablet (data state: TABLET_DATA_READY)
I0619 00:11:49.434020 25467 tablet_service.cc:800] Processing DeleteTablet for tablet dc04126054714196af6bdf7e771ffab0 with delete_type TABLET_DATA_DELETED (Table deleted at 2018-06-19 00:11:48 PDT) from {username='jenkins'} at 127.24.119.2:51757
I0619 00:11:49.434561 25463 ts_tablet_manager.cc:1173] T aaf62da07a9740c1aa44359d3f604513 P 10bda0b4856f4441b5aed24cdc4764a8: Registered tablet (data state: TABLET_DATA_READY)
I0619 00:11:49.435382 25469 ts_tablet_manager.cc:1173] T 53688f0e4a604bc4a07dec9278a8dad6 P 10bda0b4856f4441b5aed24cdc4764a8: Registered tablet (data state: TABLET_DATA_READY)
I0619 00:11:49.436975 25067 catalog_manager.cc:2891] Scheduling retry of 72e28bc6b57442b782d8aa07e1152cf4 (table default.table_95a48b4d8a824265bb7291a68eb33dc3 [id=fa287205f19a461fa0ba005f9991513b]) Alter Table RPC with a delay of 268 ms (attempt = 5)
W0619 00:11:49.437237 25067 catalog_manager.cc:2910] Async tablet task 72e28bc6b57442b782d8aa07e1152cf4 (table default.table_95a48b4d8a824265bb7291a68eb33dc3 [id=fa287205f19a461fa0ba005f9991513b]) Alter Table RPC failed: Not found: failed to reset TS proxy: No leader found: Tablet 72e28bc6b57442b782d8aa07e1152cf4 consensus state has no leader
I0619 00:11:49.439182 25082 catalog_manager.cc:1731] Servicing DeleteTable request from {username='jenkins'} at 127.24.119.62:54390: table { table_name: "default.table_041edc89d445491abcd8368e840c196f" }
I0619 00:11:49.442011 25071 catalog_manager.cc:2891] Scheduling retry of fb8e94875a8347a0a473c95a77c38795 (table default.table_84d38522d00a488c82a136b79665c4cd [id=41f48f0e1f87464eb43c5bf2a36f70ef]) Alter Table RPC with a delay of 106 ms (attempt = 3)
W0619 00:11:49.442270 25071 catalog_manager.cc:2910] Async tablet task fb8e94875a8347a0a473c95a77c38795 (table default.table_84d38522d00a488c82a136b79665c4cd [id=41f48f0e1f87464eb43c5bf2a36f70ef]) Alter Table RPC failed: Not found: failed to reset TS proxy: No leader found: Tablet fb8e94875a8347a0a473c95a77c38795 consensus state has no leader
I0619 00:11:49.446128 25725 ts_tablet_manager.cc:1073] T baf80fd968c44e679987eb4ebe4473de P 10bda0b4856f4441b5aed24cdc4764a8: Time spent starting tablet: real 0.040s user 0.003s sys 0.001s
I0619 00:11:49.446504 25725 ts_tablet_manager.cc:1028] T 985e23a32fa84104a06dd19d97117ab2 P 10bda0b4856f4441b5aed24cdc4764a8: Bootstrapping tablet
I0619 00:11:49.446893 25725 tablet_bootstrap.cc:427] T 985e23a32fa84104a06dd19d97117ab2 P 10bda0b4856f4441b5aed24cdc4764a8: Bootstrap starting.
I0619 00:11:49.447463 25604 ts_tablet_manager.cc:1173] T aaf62da07a9740c1aa44359d3f604513 P 395763cf325d4ce19859830a7ad35c85: Registered tablet (data state: TABLET_DATA_READY)
W0619 00:11:49.448649 25536 heartbeater.cc:587] Failed to heartbeat to 127.24.119.61:46325: Network error: Failed to ping master at 127.24.119.61:46325: Client connection negotiation failed: client connection to 127.24.119.61:46325: connect: Connection refused (error 111)
I0619 00:11:49.448948 25602 ts_tablet_manager.cc:1173] T 3b80a302aacb418091aee54ab4be7249 P 395763cf325d4ce19859830a7ad35c85: Registered tablet (data state: TABLET_DATA_READY)
W0619 00:11:49.449939 25068 catalog_manager.cc:2910] Async tablet task 7507676a768e421dac27fe524538e0bb (table default.table_5e925f129a1043b7ab80c112a0ee33e0 [id=eeb1072dfe27492990409ab910065b9c]) Alter Table RPC failed: Not found: failed to reset TS proxy: No leader found: Tablet 7507676a768e421dac27fe524538e0bb consensus state has no leader
I0619 00:11:49.449966 25603 ts_tablet_manager.cc:1173] T 292b164659e343158de8e7e3eeb9be31 P 395763cf325d4ce19859830a7ad35c85: Registered tablet (data state: TABLET_DATA_READY)
I0619 00:11:49.451818 25725 tablet_bootstrap.cc:578] T 985e23a32fa84104a06dd19d97117ab2 P 10bda0b4856f4441b5aed24cdc4764a8: No blocks or log segments found. Creating new log.
I0619 00:11:49.453927 25082 catalog_manager.cc:4025] T 00000000000000000000000000000000 P cb25d1bba5bf4c64914f300f122ec898: Sending DeleteTablet for 3 replicas of tablet 60dfd91c98d94bfbbc6416268c65c378
I0619 00:11:49.454200 25736 ts_tablet_manager.cc:1382] T a226a7e97a7e44af8301ed4e6363effb P 10bda0b4856f4441b5aed24cdc4764a8: tablet deleted with delete type TABLET_DATA_DELETED: last-logged OpId 0.0
I0619 00:11:49.454242 25082 catalog_manager.cc:3113] Sending DeleteTablet(TABLET_DATA_DELETED) for tablet 60dfd91c98d94bfbbc6416268c65c378 on c007a00e65ad41a79da1a0c1050c55b4 (127.24.119.1:32951) (Table deleted at 2018-06-19 00:11:49 PDT)
I0619 00:11:49.454386 25724 tablet_bootstrap.cc:427] T 1d10fb4561924e2e8d53c7a0b22a426e P 395763cf325d4ce19859830a7ad35c85: No bootstrap required, opened a new log
I0619 00:11:49.454435 25736 log.cc:986] T a226a7e97a7e44af8301ed4e6363effb P 10bda0b4856f4441b5aed24cdc4764a8: Deleting WAL directory at /data/somelongdirectorytoavoidrpathissues/src/kudutest/master-stress-test.0.HmsConfigurations_MasterStressTest.Test_0.1529392303277196-25052/minicluster-data/ts-1/wal/wals/a226a7e97a7e44af8301ed4e6363effb
I0619 00:11:49.454653 25082 catalog_manager.cc:3113] Sending DeleteTablet(TABLET_DATA_DELETED) for tablet 60dfd91c98d94bfbbc6416268c65c378 on 10bda0b4856f4441b5aed24cdc4764a8 (127.24.119.2:38512) (Table deleted at 2018-06-19 00:11:49 PDT)
I0619 00:11:49.454912 25736 ts_tablet_manager.cc:1403] T a226a7e97a7e44af8301ed4e6363effb P 10bda0b4856f4441b5aed24cdc4764a8: Deleting consensus metadata
I0619 00:11:49.455034 25082 catalog_manager.cc:3113] Sending DeleteTablet(TABLET_DATA_DELETED) for tablet 60dfd91c98d94bfbbc6416268c65c378 on 395763cf325d4ce19859830a7ad35c85 (127.24.119.3:39344) (Table deleted at 2018-06-19 00:11:49 PDT)
I0619 00:11:49.454793 25724 ts_tablet_manager.cc:1045] T 1d10fb4561924e2e8d53c7a0b22a426e P 395763cf325d4ce19859830a7ad35c85: Time spent bootstrapping tablet: real 0.090s user 0.007s sys 0.001s
I0619 00:11:49.456377 25323 tablet_service.cc:800] Processing DeleteTablet for tablet 60dfd91c98d94bfbbc6416268c65c378 with delete_type TABLET_DATA_DELETED (Table deleted at 2018-06-19 00:11:49 PDT) from {username='jenkins'} at 127.24.119.1:46159
I0619 00:11:49.455546 25469 tablet_service.cc:800] Processing DeleteTablet for tablet 60dfd91c98d94bfbbc6416268c65c378 with delete_type TABLET_DATA_DELETED (Table deleted at 2018-06-19 00:11:49 PDT) from {username='jenkins'} at 127.24.119.2:51757
I0619 00:11:49.457198 25604 tablet_service.cc:800] Processing DeleteTablet for tablet 60dfd91c98d94bfbbc6416268c65c378 with delete_type TABLET_DATA_DELETED (Table deleted at 2018-06-19 00:11:49 PDT) from {username='jenkins'} at 127.24.119.3:34285
I0619 00:11:49.457695 25727 tablet_bootstrap.cc:578] T 60dfd91c98d94bfbbc6416268c65c378 P c007a00e65ad41a79da1a0c1050c55b4: No blocks or log segments found. Creating new log.
I0619 00:11:49.458118 25730 tablet_replica.cc:261] T 60dfd91c98d94bfbbc6416268c65c378 P 395763cf325d4ce19859830a7ad35c85: stopping tablet replica
I0619 00:11:49.458371 25730 maintenance_manager.cc:237] P 395763cf325d4ce19859830a7ad35c85: Unregistered op CompactRowSetsOp(60dfd91c98d94bfbbc6416268c65c378)
I0619 00:11:49.457999 25724 raft_consensus.cc:325] T 1d10fb4561924e2e8d53c7a0b22a426e P 395763cf325d4ce19859830a7ad35c85 [term 0 FOLLOWER]: Replica starting. Triggering 0 pending transactions. Active config: opid_index: -1 OBSOLETE_local: false peers { permanent_uuid: "c007a00e65ad41a79da1a0c1050c55b4" member_type: VOTER last_known_addr { host: "127.24.119.1" port: 32951 } } peers { permanent_uuid: "10bda0b4856f4441b5aed24cdc4764a8" member_type: VOTER last_known_addr { host: "127.24.119.2" port: 38512 } } peers { permanent_uuid: "395763cf325d4ce19859830a7ad35c85" member_type: VOTER last_known_addr { host: "127.24.119.3" port: 39344 } }
I0619 00:11:49.458566 25730 maintenance_manager.cc:237] P 395763cf325d4ce19859830a7ad35c85: Unregistered op MinorDeltaCompactionOp(60dfd91c98d94bfbbc6416268c65c378)
I0619 00:11:49.458837 25730 maintenance_manager.cc:237] P 395763cf325d4ce19859830a7ad35c85: Unregistered op MajorDeltaCompactionOp(60dfd91c98d94bfbbc6416268c65c378)
I0619 00:11:49.459041 25730 maintenance_manager.cc:237] P 395763cf325d4ce19859830a7ad35c85: Unregistered op UndoDeltaBlockGCOp(60dfd91c98d94bfbbc6416268c65c378)
I0619 00:11:49.459237 25730 maintenance_manager.cc:237] P 395763cf325d4ce19859830a7ad35c85: Unregistered op FlushMRSOp(60dfd91c98d94bfbbc6416268c65c378)
I0619 00:11:49.459403 25730 maintenance_manager.cc:237] P 395763cf325d4ce19859830a7ad35c85: Unregistered op FlushDeltaMemStoresOp(60dfd91c98d94bfbbc6416268c65c378)
I0619 00:11:49.426517 25330 ts_tablet_manager.cc:1173] T 53688f0e4a604bc4a07dec9278a8dad6 P c007a00e65ad41a79da1a0c1050c55b4: Registered tablet (data state: TABLET_DATA_READY)
I0619 00:11:49.459573 25730 maintenance_manager.cc:237] P 395763cf325d4ce19859830a7ad35c85: Unregistered op LogGCOp(60dfd91c98d94bfbbc6416268c65c378)
I0619 00:11:49.459733 25736 tablet_replica.cc:261] T 89a7ff9cdbc046779799e4e8f71adb42 P 10bda0b4856f4441b5aed24cdc4764a8: stopping tablet replica
I0619 00:11:49.459766 25730 raft_consensus.cc:2042] T 60dfd91c98d94bfbbc6416268c65c378 P 395763cf325d4ce19859830a7ad35c85 [term 0 FOLLOWER]: Raft consensus shutting down.
I0619 00:11:49.459955 25736 maintenance_manager.cc:237] P 10bda0b4856f4441b5aed24cdc4764a8: Unregistered op CompactRowSetsOp(89a7ff9cdbc046779799e4e8f71adb42)
I0619 00:11:49.459915 25071 catalog_manager.cc:3091] TS 10bda0b4856f4441b5aed24cdc4764a8 (127.24.119.2:38512): tablet a226a7e97a7e44af8301ed4e6363effb (table default.table_de92feb7880c4ea2b3fd76c65c6b3df5 [id=122dad4ddc134d21b827dca8587ed257]) successfully deleted
I0619 00:11:49.460016 25730 raft_consensus.cc:2069] T 60dfd91c98d94bfbbc6416268c65c378 P 395763cf325d4ce19859830a7ad35c85 [term 0 FOLLOWER]: Raft consensus is shut down!
I0619 00:11:49.460140 25736 maintenance_manager.cc:237] P 10bda0b4856f4441b5aed24cdc4764a8: Unregistered op MinorDeltaCompactionOp(89a7ff9cdbc046779799e4e8f71adb42)
I0619 00:11:49.460423 25325 ts_tablet_manager.cc:1173] T aaf62da07a9740c1aa44359d3f604513 P c007a00e65ad41a79da1a0c1050c55b4: Registered tablet (data state: TABLET_DATA_READY)
I0619 00:11:49.460750 25326 ts_tablet_manager.cc:1173] T 292b164659e343158de8e7e3eeb9be31 P c007a00e65ad41a79da1a0c1050c55b4: Registered tablet (data state: TABLET_DATA_READY)
I0619 00:11:49.460497 25736 maintenance_manager.cc:237] P 10bda0b4856f4441b5aed24cdc4764a8: Unregistered op MajorDeltaCompactionOp(89a7ff9cdbc046779799e4e8f71adb42)
I0619 00:11:49.461001 25736 maintenance_manager.cc:237] P 10bda0b4856f4441b5aed24cdc4764a8: Unregistered op UndoDeltaBlockGCOp(89a7ff9cdbc046779799e4e8f71adb42)
I0619 00:11:49.461211 25736 maintenance_manager.cc:237] P 10bda0b4856f4441b5aed24cdc4764a8: Unregistered op FlushMRSOp(89a7ff9cdbc046779799e4e8f71adb42)
I0619 00:11:49.461395 25736 maintenance_manager.cc:237] P 10bda0b4856f4441b5aed24cdc4764a8: Unregistered op FlushDeltaMemStoresOp(89a7ff9cdbc046779799e4e8f71adb42)
I0619 00:11:49.461334 25336 ts_tablet_manager.cc:1173] T 3b80a302aacb418091aee54ab4be7249 P c007a00e65ad41a79da1a0c1050c55b4: Registered tablet (data state: TABLET_DATA_READY)
I0619 00:11:49.461565 25736 maintenance_manager.cc:237] P 10bda0b4856f4441b5aed24cdc4764a8: Unregistered op LogGCOp(89a7ff9cdbc046779799e4e8f71adb42)
I0619 00:11:49.461758 25736 raft_consensus.cc:2042] T 89a7ff9cdbc046779799e4e8f71adb42 P 10bda0b4856f4441b5aed24cdc4764a8 [term 0 FOLLOWER]: Raft consensus shutting down.
I0619 00:11:49.461632 25730 ts_tablet_manager.cc:1369] T 60dfd91c98d94bfbbc6416268c65c378 P 395763cf325d4ce19859830a7ad35c85: Deleting tablet data with delete state TABLET_DATA_DELETED
I0619 00:11:49.462002 25736 raft_consensus.cc:2069] T 89a7ff9cdbc046779799e4e8f71adb42 P 10bda0b4856f4441b5aed24cdc4764a8 [term 0 FOLLOWER]: Raft consensus is shut down!
I0619 00:11:49.463199 25082 catalog_manager.cc:1731] Servicing DeleteTable request from {username='jenkins'} at 127.24.119.62:54390: table { table_name: "default.table_581afad997184fb0830cb18cbe8804c3" }
I0619 00:11:49.467241 25068 catalog_manager.cc:2891] Scheduling retry of fb8e94875a8347a0a473c95a77c38795 (table default.table_84d38522d00a488c82a136b79665c4cd [id=41f48f0e1f87464eb43c5bf2a36f70ef]) Alter Table RPC with a delay of 532 ms (attempt = 6)
W0619 00:11:49.467533 25068 catalog_manager.cc:2910] Async tablet task fb8e94875a8347a0a473c95a77c38795 (table default.table_84d38522d00a488c82a136b79665c4cd [id=41f48f0e1f87464eb43c5bf2a36f70ef]) Alter Table RPC failed: Not found: failed to reset TS proxy: No leader found: Tablet fb8e94875a8347a0a473c95a77c38795 consensus state has no leader
I0619 00:11:49.467556 25724 raft_consensus.cc:351] T 1d10fb4561924e2e8d53c7a0b22a426e P 395763cf325d4ce19859830a7ad35c85 [term 0 FOLLOWER]: Consensus starting up: Expiring failure detector timer to make a prompt election more likely
I0619 00:11:49.467833 25724 raft_consensus.cc:628] T 1d10fb4561924e2e8d53c7a0b22a426e P 395763cf325d4ce19859830a7ad35c85 [term 0 FOLLOWER]: Becoming Follower/Learner. State: Replica: 395763cf325d4ce19859830a7ad35c85, State: Initialized, Role: FOLLOWER
I0619 00:11:49.468729 25080 master_service.cc:523] ReplaceTablet: received request to replace tablet ac129ed44f68432f800420175aa0a630 from {username='jenkins'} at 127.24.119.62:54390
I0619 00:11:49.468907 25067 catalog_manager.cc:2891] Scheduling retry of 1d10fb4561924e2e8d53c7a0b22a426e (table default.table_f4fd4524d920428fa515c1266d90fb2a [id=b46718e25afb4950af6cacec1d51a9ba]) Alter Table RPC with a delay of 110 ms (attempt = 3)
I0619 00:11:49.469048 25736 ts_tablet_manager.cc:1369] T 89a7ff9cdbc046779799e4e8f71adb42 P 10bda0b4856f4441b5aed24cdc4764a8: Deleting tablet data with delete state TABLET_DATA_DELETED
W0619 00:11:49.469228 25067 catalog_manager.cc:2910] Async tablet task 1d10fb4561924e2e8d53c7a0b22a426e (table default.table_f4fd4524d920428fa515c1266d90fb2a [id=b46718e25afb4950af6cacec1d51a9ba]) Alter Table RPC failed: Not found: failed to reset TS proxy: No leader found: Tablet 1d10fb4561924e2e8d53c7a0b22a426e consensus state has no leader
I0619 00:11:49.472786 25730 ts_tablet_manager.cc:1382] T 60dfd91c98d94bfbbc6416268c65c378 P 395763cf325d4ce19859830a7ad35c85: tablet deleted with delete type TABLET_DATA_DELETED: last-logged OpId 0.0
I0619 00:11:49.473934 25741 ts_tablet_manager.cc:1382] T 6d6363f6403b4104b15b329ab7f0e483 P c007a00e65ad41a79da1a0c1050c55b4: tablet deleted with delete type TABLET_DATA_DELETED: last-logged OpId 0.0
