I0619 00:11:52.230321 25725 consensus_queue.cc:227] T a85577b0beba4276b963e5c360544bc7 P 10bda0b4856f4441b5aed24cdc4764a8 [NON_LEADER]: Queue going to NON_LEADER mode. State: All replicated index: 0, Majority replicated index: 0, Committed index: 0, Last appended: 0.0, Last appended by leader: 0, Current term: 0, Majority size: -1, State: 0, Mode: NON_LEADER, active raft config: opid_index: -1 OBSOLETE_local: false peers { permanent_uuid: "c007a00e65ad41a79da1a0c1050c55b4" member_type: VOTER last_known_addr { host: "127.24.119.1" port: 32951 } } peers { permanent_uuid: "10bda0b4856f4441b5aed24cdc4764a8" member_type: VOTER last_known_addr { host: "127.24.119.2" port: 38512 } } peers { permanent_uuid: "395763cf325d4ce19859830a7ad35c85" member_type: VOTER last_known_addr { host: "127.24.119.3" port: 39344 } }
I0619 00:11:52.234395 25082 catalog_manager.cc:3663] Got report from deleted tablet a85577b0beba4276b963e5c360544bc7 (table default.table_d8b3984991a442fe95208294f57d466f [id=91bbf689574642628414fb1fb25efc63]) (Table deleted at 2018-06-19 00:11:49 PDT): Sending delete request for this tablet
I0619 00:11:52.235054 25082 catalog_manager.cc:3113] Sending DeleteTablet(TABLET_DATA_DELETED) for tablet a85577b0beba4276b963e5c360544bc7 on 10bda0b4856f4441b5aed24cdc4764a8 (127.24.119.2:38512) (Table deleted at 2018-06-19 00:11:49 PDT)
I0619 00:11:52.236522 25602 ts_tablet_manager.cc:1173] T fc534f75faf345f487abeda223ad88db P 395763cf325d4ce19859830a7ad35c85: Registered tablet (data state: TABLET_DATA_READY)
I0619 00:11:52.236624 25464 ts_tablet_manager.cc:1173] T fc534f75faf345f487abeda223ad88db P 10bda0b4856f4441b5aed24cdc4764a8: Registered tablet (data state: TABLET_DATA_READY)
I0619 00:11:52.237457 25080 catalog_manager.cc:2136] Servicing AlterTable request from {username='jenkins'} at 127.24.119.62:54390: table { table_name: "default.table_24cb60c44bca436082a96bb044ee559b" } new_table_name: "default.table_cc45383880634c41948247ee9fa098d1" alter_external_catalogs: true
W0619 00:11:52.238842 25536 heartbeater.cc:587] Failed to heartbeat to 127.24.119.61:46325: Network error: Failed to ping master at 127.24.119.61:46325: Client connection negotiation failed: client connection to 127.24.119.61:46325: connect: Connection refused (error 111)
I0619 00:11:52.238421 25470 tablet_service.cc:759] Processing CreateTablet for tablet 1c4c69294cb945938004e5b9a0550e72 (table=default.table_6cd711ffd03644e8a98c73f5d95fa03f [id=9c66376e1d444a928cdf40dbb2292f5f]), partition=RANGE (key) PARTITION UNBOUNDED
I0619 00:11:52.239359 25847 raft_consensus.cc:457] T a85577b0beba4276b963e5c360544bc7 P 10bda0b4856f4441b5aed24cdc4764a8 [term 0 FOLLOWER]: Starting pre-election (no leader contacted us within the election timeout)
I0619 00:11:52.239631 25847 raft_consensus.cc:2732] T a85577b0beba4276b963e5c360544bc7 P 10bda0b4856f4441b5aed24cdc4764a8: Snoozing failure detection for 1.808s (starting election)
I0619 00:11:52.240011 25069 catalog_manager.cc:2891] Scheduling retry of 30a9d9fda8d34caeb8242c372439321b (table default.table_45dd93d67cc94f2c8e9e784347d14167 [id=60a6d49e09f04230abe707ed433d2e9a]) Alter Table RPC with a delay of 49 ms (attempt = 2)
I0619 00:11:52.239881 25847 raft_consensus.cc:479] T a85577b0beba4276b963e5c360544bc7 P 10bda0b4856f4441b5aed24cdc4764a8 [term 0 FOLLOWER]: Starting pre-election with config: opid_index: -1 OBSOLETE_local: false peers { permanent_uuid: "c007a00e65ad41a79da1a0c1050c55b4" member_type: VOTER last_known_addr { host: "127.24.119.1" port: 32951 } } peers { permanent_uuid: "10bda0b4856f4441b5aed24cdc4764a8" member_type: VOTER last_known_addr { host: "127.24.119.2" port: 38512 } } peers { permanent_uuid: "395763cf325d4ce19859830a7ad35c85" member_type: VOTER last_known_addr { host: "127.24.119.3" port: 39344 } }
I0619 00:11:52.240276 25082 catalog_manager.cc:3663] Got report from deleted tablet a85577b0beba4276b963e5c360544bc7 (table default.table_d8b3984991a442fe95208294f57d466f [id=91bbf689574642628414fb1fb25efc63]) (Table deleted at 2018-06-19 00:11:49 PDT): Sending delete request for this tablet
W0619 00:11:52.240537 25536 heartbeater.cc:587] Failed to heartbeat to 127.24.119.61:46325: Network error: Failed to ping master at 127.24.119.61:46325: Client connection negotiation failed: client connection to 127.24.119.61:46325: connect: Connection refused (error 111)
I0619 00:11:52.240859 25847 leader_election.cc:243] T a85577b0beba4276b963e5c360544bc7 P 10bda0b4856f4441b5aed24cdc4764a8 [CANDIDATE]: Term 1 pre-election: Requesting pre-vote from peer c007a00e65ad41a79da1a0c1050c55b4 (127.24.119.1:32951)
I0619 00:11:52.240926 25082 catalog_manager.cc:3113] Sending DeleteTablet(TABLET_DATA_DELETED) for tablet a85577b0beba4276b963e5c360544bc7 on 10bda0b4856f4441b5aed24cdc4764a8 (127.24.119.2:38512) (Table deleted at 2018-06-19 00:11:49 PDT)
I0619 00:11:52.241279 25847 leader_election.cc:243] T a85577b0beba4276b963e5c360544bc7 P 10bda0b4856f4441b5aed24cdc4764a8 [CANDIDATE]: Term 1 pre-election: Requesting pre-vote from peer 395763cf325d4ce19859830a7ad35c85 (127.24.119.3:39344)
I0619 00:11:52.241364 25796 leader_election.cc:243] T 03522c48c50943b38cae5aa88562e583 P 10bda0b4856f4441b5aed24cdc4764a8 [CANDIDATE]: Term 1 pre-election: Requesting pre-vote from peer c007a00e65ad41a79da1a0c1050c55b4 (127.24.119.1:32951)
W0619 00:11:52.240276 25069 catalog_manager.cc:2910] Async tablet task 30a9d9fda8d34caeb8242c372439321b (table default.table_45dd93d67cc94f2c8e9e784347d14167 [id=60a6d49e09f04230abe707ed433d2e9a]) Alter Table RPC failed: Not found: failed to reset TS proxy: No leader found: Tablet 30a9d9fda8d34caeb8242c372439321b consensus state has no leader
I0619 00:11:52.241840 25796 leader_election.cc:243] T 03522c48c50943b38cae5aa88562e583 P 10bda0b4856f4441b5aed24cdc4764a8 [CANDIDATE]: Term 1 pre-election: Requesting pre-vote from peer 395763cf325d4ce19859830a7ad35c85 (127.24.119.3:39344)
I0619 00:11:52.240538 25470 data_dirs.cc:934] Could only allocate 1 dirs of requested 3 for tablet 1c4c69294cb945938004e5b9a0550e72. 1 dirs total, 0 dirs full, 0 dirs failed
I0619 00:11:52.245743 25725 ts_tablet_manager.cc:1073] T a85577b0beba4276b963e5c360544bc7 P 10bda0b4856f4441b5aed24cdc4764a8: Time spent starting tablet: real 0.021s user 0.006s sys 0.000s
I0619 00:11:52.246119 25725 ts_tablet_manager.cc:1028] T c18355df78d344839a56189c7549ab1f P 10bda0b4856f4441b5aed24cdc4764a8: Bootstrapping tablet
I0619 00:11:52.246480 25725 tablet_bootstrap.cc:427] T c18355df78d344839a56189c7549ab1f P 10bda0b4856f4441b5aed24cdc4764a8: Bootstrap starting.
W0619 00:11:52.247802 25423 leader_election.cc:306] T a85577b0beba4276b963e5c360544bc7 P 10bda0b4856f4441b5aed24cdc4764a8 [CANDIDATE]: Term 1 pre-election: Tablet error from VoteRequest() call to peer 395763cf325d4ce19859830a7ad35c85 (127.24.119.3:39344): Not found: Tablet not found: a85577b0beba4276b963e5c360544bc7
I0619 00:11:52.248692 25601 ts_tablet_manager.cc:1173] T 1c4c69294cb945938004e5b9a0550e72 P 395763cf325d4ce19859830a7ad35c85: Registered tablet (data state: TABLET_DATA_READY)
I0619 00:11:52.219177 25325 data_dirs.cc:934] Could only allocate 1 dirs of requested 3 for tablet 9e5e691e6d374cd4bba1f18d8c821723. 1 dirs total, 0 dirs full, 0 dirs failed
I0619 00:11:52.224196 25326 tablet_service.cc:800] Processing DeleteTablet for tablet 70b9c8c4af0945b69b5577e47b61c054 with delete_type TABLET_DATA_DELETED (replaced by tablet a85577b0beba4276b963e5c360544bc7) from {username='jenkins'} at 127.24.119.1:46159
I0619 00:11:52.229284 25336 ts_tablet_manager.cc:1173] T fc534f75faf345f487abeda223ad88db P c007a00e65ad41a79da1a0c1050c55b4: Registered tablet (data state: TABLET_DATA_READY)
I0619 00:11:52.252213 25323 ts_tablet_manager.cc:1173] T 1c4c69294cb945938004e5b9a0550e72 P c007a00e65ad41a79da1a0c1050c55b4: Registered tablet (data state: TABLET_DATA_READY)
I0619 00:11:52.252681 25354 tablet_service.cc:995] Received RequestConsensusVote() RPC: tablet_id: "a85577b0beba4276b963e5c360544bc7" candidate_uuid: "10bda0b4856f4441b5aed24cdc4764a8" candidate_term: 1 candidate_status { last_received { term: 0 index: 0 } } ignore_live_leader: false dest_uuid: "c007a00e65ad41a79da1a0c1050c55b4" is_pre_election: true
I0619 00:11:52.252725 25356 tablet_service.cc:995] Received RequestConsensusVote() RPC: tablet_id: "03522c48c50943b38cae5aa88562e583" candidate_uuid: "10bda0b4856f4441b5aed24cdc4764a8" candidate_term: 1 candidate_status { last_received { term: 0 index: 0 } } ignore_live_leader: false dest_uuid: "c007a00e65ad41a79da1a0c1050c55b4" is_pre_election: true
W0619 00:11:52.254318 25419 leader_election.cc:306] T 03522c48c50943b38cae5aa88562e583 P 10bda0b4856f4441b5aed24cdc4764a8 [CANDIDATE]: Term 1 pre-election: Tablet error from VoteRequest() call to peer c007a00e65ad41a79da1a0c1050c55b4 (127.24.119.1:32951): Illegal state: must be running to vote when last-logged opid is not known
W0619 00:11:52.254997 25419 leader_election.cc:306] T a85577b0beba4276b963e5c360544bc7 P 10bda0b4856f4441b5aed24cdc4764a8 [CANDIDATE]: Term 1 pre-election: Tablet error from VoteRequest() call to peer c007a00e65ad41a79da1a0c1050c55b4 (127.24.119.1:32951): Illegal state: must be running to vote when last-logged opid is not known
I0619 00:11:52.255241 25419 leader_election.cc:270] T a85577b0beba4276b963e5c360544bc7 P 10bda0b4856f4441b5aed24cdc4764a8 [CANDIDATE]: Term 1 pre-election: Election decided. Result: candidate lost.
I0619 00:11:52.255681 25796 raft_consensus.cc:2732] T a85577b0beba4276b963e5c360544bc7 P 10bda0b4856f4441b5aed24cdc4764a8: Snoozing failure detection for 1.614s (election complete)
I0619 00:11:52.255735 25082 catalog_manager.cc:1731] Servicing DeleteTable request from {username='jenkins'} at 127.24.119.62:54390: table { table_name: "default.table_2c7f2c73082443ab869e2910097fa796" }
I0619 00:11:52.255903 25796 raft_consensus.cc:2487] T a85577b0beba4276b963e5c360544bc7 P 10bda0b4856f4441b5aed24cdc4764a8 [term 0 FOLLOWER]: Leader pre-election lost for term 1. Reason: could not achieve majority
I0619 00:11:52.261144 25725 tablet_bootstrap.cc:578] T c18355df78d344839a56189c7549ab1f P 10bda0b4856f4441b5aed24cdc4764a8: No blocks or log segments found. Creating new log.
I0619 00:11:52.255133 25736 ts_tablet_manager.cc:1382] T acc89522b693498c987ca5d8ef8275ea P 10bda0b4856f4441b5aed24cdc4764a8: tablet deleted with delete type TABLET_DATA_DELETED: last-logged OpId 1.1
I0619 00:11:52.262171 25736 log.cc:986] T acc89522b693498c987ca5d8ef8275ea P 10bda0b4856f4441b5aed24cdc4764a8: Deleting WAL directory at /data/somelongdirectorytoavoidrpathissues/src/kudutest/master-stress-test.0.HmsConfigurations_MasterStressTest.Test_0.1529392303277196-25052/minicluster-data/ts-1/wal/wals/acc89522b693498c987ca5d8ef8275ea
I0619 00:11:52.261303 25071 catalog_manager.cc:3113] Sending DeleteTablet(TABLET_DATA_DELETED) for tablet 03522c48c50943b38cae5aa88562e583 on 10bda0b4856f4441b5aed24cdc4764a8 (127.24.119.2:38512) (Table deleted at 2018-06-19 00:11:50 PDT)
I0619 00:11:52.268811 25082 catalog_manager.cc:4025] T 00000000000000000000000000000000 P cb25d1bba5bf4c64914f300f122ec898: Sending DeleteTablet for 3 replicas of tablet 4a88e394b199431e8b794a1b1aec847f
I0619 00:11:52.269121 25082 catalog_manager.cc:3113] Sending DeleteTablet(TABLET_DATA_DELETED) for tablet 4a88e394b199431e8b794a1b1aec847f on c007a00e65ad41a79da1a0c1050c55b4 (127.24.119.1:32951) (Table deleted at 2018-06-19 00:11:52 PDT)
I0619 00:11:52.270085 25082 catalog_manager.cc:3113] Sending DeleteTablet(TABLET_DATA_DELETED) for tablet 4a88e394b199431e8b794a1b1aec847f on 10bda0b4856f4441b5aed24cdc4764a8 (127.24.119.2:38512) (Table deleted at 2018-06-19 00:11:52 PDT)
I0619 00:11:52.270478 25082 catalog_manager.cc:3113] Sending DeleteTablet(TABLET_DATA_DELETED) for tablet 4a88e394b199431e8b794a1b1aec847f on 395763cf325d4ce19859830a7ad35c85 (127.24.119.3:39344) (Table deleted at 2018-06-19 00:11:52 PDT)
I0619 00:11:52.271106 25323 tablet_service.cc:800] Processing DeleteTablet for tablet 4a88e394b199431e8b794a1b1aec847f with delete_type TABLET_DATA_DELETED (Table deleted at 2018-06-19 00:11:52 PDT) from {username='jenkins'} at 127.24.119.1:46159
I0619 00:11:52.273514 25080 catalog_manager.cc:2891] Scheduling retry of d62715e230154e2abe126ef97feec7ce (table default.table_cc45383880634c41948247ee9fa098d1 [id=fa287205f19a461fa0ba005f9991513b]) Alter Table RPC with a delay of 50 ms (attempt = 1)
W0619 00:11:52.273926 25080 catalog_manager.cc:3998] Failed to send alter table request: Not found: failed to reset TS proxy: No leader found: Tablet d62715e230154e2abe126ef97feec7ce consensus state has no leader
I0619 00:11:52.273919 25468 tablet_service.cc:759] Processing CreateTablet for tablet 9e5e691e6d374cd4bba1f18d8c821723 (table=default.table_b6fb03b2b1ed49ab94d4e017c1ba1408 [id=9249a51147764492bf0fb06b5c500da7]), partition=RANGE (key) PARTITION UNBOUNDED
I0619 00:11:52.251722 25602 tablet_service.cc:759] Processing CreateTablet for tablet 9d44681acacf4f04b6fcfbd4c9a18e87 (table=default.table_6ace57434b5243c7bd22bd60752a065d [id=47a2f8c4d1f748a69c2bb0416bdb87e4]), partition=RANGE (key) PARTITION UNBOUNDED
I0619 00:11:52.274585 25468 data_dirs.cc:934] Could only allocate 1 dirs of requested 3 for tablet 9e5e691e6d374cd4bba1f18d8c821723. 1 dirs total, 0 dirs full, 0 dirs failed
I0619 00:11:52.274982 25602 data_dirs.cc:934] Could only allocate 1 dirs of requested 3 for tablet 9d44681acacf4f04b6fcfbd4c9a18e87. 1 dirs total, 0 dirs full, 0 dirs failed
I0619 00:11:52.272758 25600 tablet_service.cc:800] Processing DeleteTablet for tablet 4a88e394b199431e8b794a1b1aec847f with delete_type TABLET_DATA_DELETED (Table deleted at 2018-06-19 00:11:52 PDT) from {username='jenkins'} at 127.24.119.3:34285
I0619 00:11:52.272702 25598 tablet_service.cc:759] Processing CreateTablet for tablet 9e5e691e6d374cd4bba1f18d8c821723 (table=default.table_b6fb03b2b1ed49ab94d4e017c1ba1408 [id=9249a51147764492bf0fb06b5c500da7]), partition=RANGE (key) PARTITION UNBOUNDED
I0619 00:11:52.275847 25598 data_dirs.cc:934] Could only allocate 1 dirs of requested 3 for tablet 9e5e691e6d374cd4bba1f18d8c821723. 1 dirs total, 0 dirs full, 0 dirs failed
I0619 00:11:52.264674 25727 tablet_bootstrap.cc:427] T acc89522b693498c987ca5d8ef8275ea P c007a00e65ad41a79da1a0c1050c55b4: No bootstrap required, opened a new log
I0619 00:11:52.278259 25727 ts_tablet_manager.cc:1045] T acc89522b693498c987ca5d8ef8275ea P c007a00e65ad41a79da1a0c1050c55b4: Time spent bootstrapping tablet: real 0.068s user 0.003s sys 0.002s
I0619 00:11:52.279893 25741 ts_tablet_manager.cc:1382] T aaf62da07a9740c1aa44359d3f604513 P c007a00e65ad41a79da1a0c1050c55b4: tablet deleted with delete type TABLET_DATA_DELETED: last-logged OpId 0.0
I0619 00:11:52.280164 25741 log.cc:986] T aaf62da07a9740c1aa44359d3f604513 P c007a00e65ad41a79da1a0c1050c55b4: Deleting WAL directory at /data/somelongdirectorytoavoidrpathissues/src/kudutest/master-stress-test.0.HmsConfigurations_MasterStressTest.Test_0.1529392303277196-25052/minicluster-data/ts-0/wal/wals/aaf62da07a9740c1aa44359d3f604513
I0619 00:11:52.280488 25736 ts_tablet_manager.cc:1403] T acc89522b693498c987ca5d8ef8275ea P 10bda0b4856f4441b5aed24cdc4764a8: Deleting consensus metadata
I0619 00:11:52.280717 25741 ts_tablet_manager.cc:1403] T aaf62da07a9740c1aa44359d3f604513 P c007a00e65ad41a79da1a0c1050c55b4: Deleting consensus metadata
I0619 00:11:52.282486 25067 catalog_manager.cc:3091] TS c007a00e65ad41a79da1a0c1050c55b4 (127.24.119.1:32951): tablet aaf62da07a9740c1aa44359d3f604513 (table default.table_48a6321c18954a77805c579d820e8d00 [id=f181d18c1f844c83a0640004333ae473]) successfully deleted
I0619 00:11:52.283411 25468 ts_tablet_manager.cc:1173] T 9e5e691e6d374cd4bba1f18d8c821723 P 10bda0b4856f4441b5aed24cdc4764a8: Registered tablet (data state: TABLET_DATA_READY)
W0619 00:11:52.284698 25423 leader_election.cc:306] T 03522c48c50943b38cae5aa88562e583 P 10bda0b4856f4441b5aed24cdc4764a8 [CANDIDATE]: Term 1 pre-election: Tablet error from VoteRequest() call to peer 395763cf325d4ce19859830a7ad35c85 (127.24.119.3:39344): Not found: Tablet not found: 03522c48c50943b38cae5aa88562e583
I0619 00:11:52.284955 25423 leader_election.cc:270] T 03522c48c50943b38cae5aa88562e583 P 10bda0b4856f4441b5aed24cdc4764a8 [CANDIDATE]: Term 1 pre-election: Election decided. Result: candidate lost.
I0619 00:11:52.285385 25796 raft_consensus.cc:2732] T 03522c48c50943b38cae5aa88562e583 P 10bda0b4856f4441b5aed24cdc4764a8: Snoozing failure detection for 1.631s (election complete)
I0619 00:11:52.285704 25796 raft_consensus.cc:2487] T 03522c48c50943b38cae5aa88562e583 P 10bda0b4856f4441b5aed24cdc4764a8 [term 0 FOLLOWER]: Leader pre-election lost for term 1. Reason: could not achieve majority
I0619 00:11:52.285876 25467 tablet_service.cc:800] Processing DeleteTablet for tablet a52cbcbe35374d518bca1e0fc24d88d4 with delete_type TABLET_DATA_DELETED (Table deleted at 2018-06-19 00:11:50 PDT) from {username='jenkins'} at 127.24.119.2:51757
I0619 00:11:52.286303 25463 tablet_service.cc:800] Processing DeleteTablet for tablet a52cbcbe35374d518bca1e0fc24d88d4 with delete_type TABLET_DATA_DELETED (Table deleted at 2018-06-19 00:11:50 PDT) from {username='jenkins'} at 127.24.119.2:51757
I0619 00:11:52.286579 25462 tablet_service.cc:800] Processing DeleteTablet for tablet a85577b0beba4276b963e5c360544bc7 with delete_type TABLET_DATA_DELETED (Table deleted at 2018-06-19 00:11:49 PDT) from {username='jenkins'} at 127.24.119.2:51757
I0619 00:11:52.279639 25727 raft_consensus.cc:325] T acc89522b693498c987ca5d8ef8275ea P c007a00e65ad41a79da1a0c1050c55b4 [term 0 FOLLOWER]: Replica starting. Triggering 0 pending transactions. Active config: opid_index: -1 OBSOLETE_local: false peers { permanent_uuid: "c007a00e65ad41a79da1a0c1050c55b4" member_type: VOTER last_known_addr { host: "127.24.119.1" port: 32951 } } peers { permanent_uuid: "10bda0b4856f4441b5aed24cdc4764a8" member_type: VOTER last_known_addr { host: "127.24.119.2" port: 38512 } } peers { permanent_uuid: "395763cf325d4ce19859830a7ad35c85" member_type: VOTER last_known_addr { host: "127.24.119.3" port: 39344 } }
I0619 00:11:52.286931 25463 tablet_service.cc:800] Processing DeleteTablet for tablet 03522c48c50943b38cae5aa88562e583 with delete_type TABLET_DATA_DELETED (Table deleted at 2018-06-19 00:11:50 PDT) from {username='jenkins'} at 127.24.119.2:51757
I0619 00:11:52.287073 25462 tablet_service.cc:800] Processing DeleteTablet for tablet 4a88e394b199431e8b794a1b1aec847f with delete_type TABLET_DATA_DELETED (Table deleted at 2018-06-19 00:11:52 PDT) from {username='jenkins'} at 127.24.119.2:51757
I0619 00:11:52.286721 25467 tablet_service.cc:800] Processing DeleteTablet for tablet a85577b0beba4276b963e5c360544bc7 with delete_type TABLET_DATA_DELETED (Table deleted at 2018-06-19 00:11:49 PDT) from {username='jenkins'} at 127.24.119.2:51757
I0619 00:11:52.287883 25736 tablet_replica.cc:261] T f372b9fb174844eca1662c62039a3c71 P 10bda0b4856f4441b5aed24cdc4764a8: stopping tablet replica
I0619 00:11:52.287212 25727 raft_consensus.cc:351] T acc89522b693498c987ca5d8ef8275ea P c007a00e65ad41a79da1a0c1050c55b4 [term 0 FOLLOWER]: Consensus starting up: Expiring failure detector timer to make a prompt election more likely
I0619 00:11:52.289599 25727 raft_consensus.cc:628] T acc89522b693498c987ca5d8ef8275ea P c007a00e65ad41a79da1a0c1050c55b4 [term 0 FOLLOWER]: Becoming Follower/Learner. State: Replica: c007a00e65ad41a79da1a0c1050c55b4, State: Initialized, Role: FOLLOWER
I0619 00:11:52.290508 25727 consensus_queue.cc:227] T acc89522b693498c987ca5d8ef8275ea P c007a00e65ad41a79da1a0c1050c55b4 [NON_LEADER]: Queue going to NON_LEADER mode. State: All replicated index: 0, Majority replicated index: 0, Committed index: 0, Last appended: 0.0, Last appended by leader: 0, Current term: 0, Majority size: -1, State: 0, Mode: NON_LEADER, active raft config: opid_index: -1 OBSOLETE_local: false peers { permanent_uuid: "c007a00e65ad41a79da1a0c1050c55b4" member_type: VOTER last_known_addr { host: "127.24.119.1" port: 32951 } } peers { permanent_uuid: "10bda0b4856f4441b5aed24cdc4764a8" member_type: VOTER last_known_addr { host: "127.24.119.2" port: 38512 } } peers { permanent_uuid: "395763cf325d4ce19859830a7ad35c85" member_type: VOTER last_known_addr { host: "127.24.119.3" port: 39344 } }
I0619 00:11:52.291254 25069 catalog_manager.cc:2891] Scheduling retry of 30a9d9fda8d34caeb8242c372439321b (table default.table_45dd93d67cc94f2c8e9e784347d14167 [id=60a6d49e09f04230abe707ed433d2e9a]) Alter Table RPC with a delay of 113 ms (attempt = 3)
W0619 00:11:52.291541 25069 catalog_manager.cc:2910] Async tablet task 30a9d9fda8d34caeb8242c372439321b (table default.table_45dd93d67cc94f2c8e9e784347d14167 [id=60a6d49e09f04230abe707ed433d2e9a]) Alter Table RPC failed: Not found: failed to reset TS proxy: No leader found: Tablet 30a9d9fda8d34caeb8242c372439321b consensus state has no leader
I0619 00:11:52.292040 25724 tablet_bootstrap.cc:427] T a52cbcbe35374d518bca1e0fc24d88d4 P 395763cf325d4ce19859830a7ad35c85: No bootstrap required, opened a new log
I0619 00:11:52.292382 25724 ts_tablet_manager.cc:1045] T a52cbcbe35374d518bca1e0fc24d88d4 P 395763cf325d4ce19859830a7ad35c85: Time spent bootstrapping tablet: real 0.113s user 0.007s sys 0.001s
I0619 00:11:52.293030 25598 ts_tablet_manager.cc:1173] T 9e5e691e6d374cd4bba1f18d8c821723 P 395763cf325d4ce19859830a7ad35c85: Registered tablet (data state: TABLET_DATA_READY)
I0619 00:11:52.294034 25724 raft_consensus.cc:325] T a52cbcbe35374d518bca1e0fc24d88d4 P 395763cf325d4ce19859830a7ad35c85 [term 0 FOLLOWER]: Replica starting. Triggering 0 pending transactions. Active config: opid_index: -1 OBSOLETE_local: false peers { permanent_uuid: "c007a00e65ad41a79da1a0c1050c55b4" member_type: VOTER last_known_addr { host: "127.24.119.1" port: 32951 } } peers { permanent_uuid: "10bda0b4856f4441b5aed24cdc4764a8" member_type: VOTER last_known_addr { host: "127.24.119.2" port: 38512 } } peers { permanent_uuid: "395763cf325d4ce19859830a7ad35c85" member_type: VOTER last_known_addr { host: "127.24.119.3" port: 39344 } }
I0619 00:11:52.294735 25736 maintenance_manager.cc:237] P 10bda0b4856f4441b5aed24cdc4764a8: Unregistered op CompactRowSetsOp(f372b9fb174844eca1662c62039a3c71)
I0619 00:11:52.294970 25736 maintenance_manager.cc:237] P 10bda0b4856f4441b5aed24cdc4764a8: Unregistered op MinorDeltaCompactionOp(f372b9fb174844eca1662c62039a3c71)
I0619 00:11:52.295186 25736 maintenance_manager.cc:237] P 10bda0b4856f4441b5aed24cdc4764a8: Unregistered op MajorDeltaCompactionOp(f372b9fb174844eca1662c62039a3c71)
I0619 00:11:52.295401 25736 maintenance_manager.cc:237] P 10bda0b4856f4441b5aed24cdc4764a8: Unregistered op UndoDeltaBlockGCOp(f372b9fb174844eca1662c62039a3c71)
I0619 00:11:52.295675 25736 maintenance_manager.cc:237] P 10bda0b4856f4441b5aed24cdc4764a8: Unregistered op FlushMRSOp(f372b9fb174844eca1662c62039a3c71)
I0619 00:11:52.295899 25736 maintenance_manager.cc:237] P 10bda0b4856f4441b5aed24cdc4764a8: Unregistered op FlushDeltaMemStoresOp(f372b9fb174844eca1662c62039a3c71)
I0619 00:11:52.296109 25736 maintenance_manager.cc:237] P 10bda0b4856f4441b5aed24cdc4764a8: Unregistered op LogGCOp(f372b9fb174844eca1662c62039a3c71)
I0619 00:11:52.296304 25736 raft_consensus.cc:2042] T f372b9fb174844eca1662c62039a3c71 P 10bda0b4856f4441b5aed24cdc4764a8 [term 0 FOLLOWER]: Raft consensus shutting down.
I0619 00:11:52.296602 25736 raft_consensus.cc:2069] T f372b9fb174844eca1662c62039a3c71 P 10bda0b4856f4441b5aed24cdc4764a8 [term 0 FOLLOWER]: Raft consensus is shut down!
I0619 00:11:52.297382 25468 tablet_service.cc:800] Processing DeleteTablet for tablet a85577b0beba4276b963e5c360544bc7 with delete_type TABLET_DATA_DELETED (Table deleted at 2018-06-19 00:11:49 PDT) from {username='jenkins'} at 127.24.119.2:51757
I0619 00:11:52.291550 25464 tablet_service.cc:759] Processing CreateTablet for tablet 9d44681acacf4f04b6fcfbd4c9a18e87 (table=default.table_6ace57434b5243c7bd22bd60752a065d [id=47a2f8c4d1f748a69c2bb0416bdb87e4]), partition=RANGE (key) PARTITION UNBOUNDED
I0619 00:11:52.298300 25069 catalog_manager.cc:2891] Scheduling retry of 0a7470bfeab041f9895e491231b57eb7 (table default.table_824bd974d1ae4fc398285c3a2393333f [id=1e6786c5c70b44d6ba8ad6a83b670b1e]) Alter Table RPC with a delay of 280 ms (attempt = 5)
W0619 00:11:52.298553 25069 catalog_manager.cc:2910] Async tablet task 0a7470bfeab041f9895e491231b57eb7 (table default.table_824bd974d1ae4fc398285c3a2393333f [id=1e6786c5c70b44d6ba8ad6a83b670b1e]) Alter Table RPC failed: Not found: failed to reset TS proxy: No leader found: Tablet 0a7470bfeab041f9895e491231b57eb7 consensus state has no leader
I0619 00:11:52.289342 25725 tablet_bootstrap.cc:427] T c18355df78d344839a56189c7549ab1f P 10bda0b4856f4441b5aed24cdc4764a8: No bootstrap required, opened a new log
I0619 00:11:52.298867 25724 raft_consensus.cc:351] T a52cbcbe35374d518bca1e0fc24d88d4 P 395763cf325d4ce19859830a7ad35c85 [term 0 FOLLOWER]: Consensus starting up: Expiring failure detector timer to make a prompt election more likely
I0619 00:11:52.299052 25724 raft_consensus.cc:628] T a52cbcbe35374d518bca1e0fc24d88d4 P 395763cf325d4ce19859830a7ad35c85 [term 0 FOLLOWER]: Becoming Follower/Learner. State: Replica: 395763cf325d4ce19859830a7ad35c85, State: Initialized, Role: FOLLOWER
I0619 00:11:52.299182 25071 catalog_manager.cc:3091] TS 10bda0b4856f4441b5aed24cdc4764a8 (127.24.119.2:38512): tablet acc89522b693498c987ca5d8ef8275ea (table default.table_48d04a9a6f224dd983111f0215fb417b [id=01235cbfa38b48a9bbfbb0b4630c5d23]) successfully deleted
I0619 00:11:52.299660 25724 consensus_queue.cc:227] T a52cbcbe35374d518bca1e0fc24d88d4 P 395763cf325d4ce19859830a7ad35c85 [NON_LEADER]: Queue going to NON_LEADER mode. State: All replicated index: 0, Majority replicated index: 0, Committed index: 0, Last appended: 0.0, Last appended by leader: 0, Current term: 0, Majority size: -1, State: 0, Mode: NON_LEADER, active raft config: opid_index: -1 OBSOLETE_local: false peers { permanent_uuid: "c007a00e65ad41a79da1a0c1050c55b4" member_type: VOTER last_known_addr { host: "127.24.119.1" port: 32951 } } peers { permanent_uuid: "10bda0b4856f4441b5aed24cdc4764a8" member_type: VOTER last_known_addr { host: "127.24.119.2" port: 38512 } } peers { permanent_uuid: "395763cf325d4ce19859830a7ad35c85" member_type: VOTER last_known_addr { host: "127.24.119.3" port: 39344 } }
I0619 00:11:52.300803 25082 catalog_manager.cc:2136] Servicing AlterTable request from {username='jenkins'} at 127.24.119.62:54390: table { table_name: "default.table_84d38522d00a488c82a136b79665c4cd" } new_table_name: "default.table_caad097bfc684f938c5e58f0eaa18870" alter_external_catalogs: true
I0619 00:11:52.303642 25080 master_service.cc:523] ReplaceTablet: received request to replace tablet 35acf55f35064c1491122a13ff9f5744 from {username='jenkins'} at 127.24.119.62:54390
W0619 00:11:52.304718 25668 heartbeater.cc:587] Failed to heartbeat to 127.24.119.61:46325: Network error: Failed to ping master at 127.24.119.61:46325: Client connection negotiation failed: client connection to 127.24.119.61:46325: connect: Connection refused (error 111)
I0619 00:11:52.307358 25083 catalog_manager.cc:3663] Got report from deleted tablet a52cbcbe35374d518bca1e0fc24d88d4 (table default.table_8687a04df04444c6a3f710f1b9884ce5 [id=c857914eef2b4b74828b67746881df9d]) (Table deleted at 2018-06-19 00:11:50 PDT): Sending delete request for this tablet
W0619 00:11:52.307670 25071 catalog_manager.cc:3071] TS 10bda0b4856f4441b5aed24cdc4764a8 (127.24.119.2:38512): delete failed for tablet 72e28bc6b57442b782d8aa07e1152cf4 because the tablet was not found. No further retry: Not found: Tablet not found: 72e28bc6b57442b782d8aa07e1152cf4
I0619 00:11:52.308040 25083 catalog_manager.cc:3113] Sending DeleteTablet(TABLET_DATA_DELETED) for tablet a52cbcbe35374d518bca1e0fc24d88d4 on 395763cf325d4ce19859830a7ad35c85 (127.24.119.3:39344) (Table deleted at 2018-06-19 00:11:50 PDT)
I0619 00:11:52.308725 25080 catalog_manager.cc:1339] Servicing CreateTable request from {username='jenkins'} at 127.24.119.62:54390: name: "default.table_3828fbda3c26454f85595d8e6fbb70e5" schema { columns { name: "key" type: INT32 is_key: true is_nullable: false encoding: AUTO_ENCODING compression: DEFAULT_COMPRESSION cfile_block_size: 0 } } split_rows_range_bounds { } partition_schema { range_schema { columns { name: "key" } } }
W0619 00:11:52.309588 25080 catalog_manager.cc:1488] The number of live tablet servers is not enough to re-replicate a tablet replica of the newly created table default.table_3828fbda3c26454f85595d8e6fbb70e5 in case of a replica failure: 4 tablet servers are needed, 3 are alive. Consider bringing up additional tablet server(s) or running both the masters and all tablet servers with --raft_prepare_replacement_before_eviction=false flag (not recommended).
W0619 00:11:52.309660 25668 heartbeater.cc:587] Failed to heartbeat to 127.24.119.61:46325: Network error: Failed to ping master at 127.24.119.61:46325: Client connection negotiation failed: client connection to 127.24.119.61:46325: connect: Connection refused (error 111)
I0619 00:11:52.311729 25724 ts_tablet_manager.cc:1073] T a52cbcbe35374d518bca1e0fc24d88d4 P 395763cf325d4ce19859830a7ad35c85: Time spent starting tablet: real 0.019s user 0.004s sys 0.000s
I0619 00:11:52.312163 25724 ts_tablet_manager.cc:1028] T 7f60ea5c5def47ee846d0186bbc90c18 P 395763cf325d4ce19859830a7ad35c85: Bootstrapping tablet
I0619 00:11:52.312530 25724 tablet_bootstrap.cc:427] T 7f60ea5c5def47ee846d0186bbc90c18 P 395763cf325d4ce19859830a7ad35c85: Bootstrap starting.
I0619 00:11:52.291419 25325 ts_tablet_manager.cc:1173] T 9e5e691e6d374cd4bba1f18d8c821723 P c007a00e65ad41a79da1a0c1050c55b4: Registered tablet (data state: TABLET_DATA_READY)
I0619 00:11:52.315423 25081 catalog_manager.cc:1339] Servicing CreateTable request from {username='jenkins'} at 127.24.119.62:54390: name: "default.table_6bb13c214301415189d296eaabe6884b" schema { columns { name: "key" type: INT32 is_key: true is_nullable: false encoding: AUTO_ENCODING compression: DEFAULT_COMPRESSION cfile_block_size: 0 } } split_rows_range_bounds { } partition_schema { range_schema { columns { name: "key" } } }
W0619 00:11:52.316143 25402 heartbeater.cc:587] Failed to heartbeat to 127.24.119.61:46325: Network error: Failed to ping master at 127.24.119.61:46325: Client connection negotiation failed: client connection to 127.24.119.61:46325: connect: Connection refused (error 111)
W0619 00:11:52.316294 25081 catalog_manager.cc:1488] The number of live tablet servers is not enough to re-replicate a tablet replica of the newly created table default.table_6bb13c214301415189d296eaabe6884b in case of a replica failure: 4 tablet servers are needed, 3 are alive. Consider bringing up additional tablet server(s) or running both the masters and all tablet servers with --raft_prepare_replacement_before_eviction=false flag (not recommended).
I0619 00:11:52.318557 25083 catalog_manager.cc:3663] Got report from deleted tablet acc89522b693498c987ca5d8ef8275ea (table default.table_48d04a9a6f224dd983111f0215fb417b [id=01235cbfa38b48a9bbfbb0b4630c5d23]) (replaced by tablet 981d862d1bab4b14bb10e6fc2174e1cc): Sending delete request for this tablet
I0619 00:11:52.319223 25083 catalog_manager.cc:3113] Sending DeleteTablet(TABLET_DATA_DELETED) for tablet acc89522b693498c987ca5d8ef8275ea on c007a00e65ad41a79da1a0c1050c55b4 (127.24.119.1:32951) (replaced by tablet 981d862d1bab4b14bb10e6fc2174e1cc)
I0619 00:11:52.319321 25082 catalog_manager.cc:3663] Got report from deleted tablet a52cbcbe35374d518bca1e0fc24d88d4 (table default.table_8687a04df04444c6a3f710f1b9884ce5 [id=c857914eef2b4b74828b67746881df9d]) (Table deleted at 2018-06-19 00:11:50 PDT): Sending delete request for this tablet
I0619 00:11:52.319972 25336 tablet_service.cc:759] Processing CreateTablet for tablet 1dd3f7afe05f49199b18220f9c11ccd2 (table=default.table_c3660a004537433aaff9ead44b4615e4 [id=4b052b0654fd4377a294deee53dce6af]), partition=RANGE (key) PARTITION UNBOUNDED
I0619 00:11:52.320055 25082 catalog_manager.cc:3113] Sending DeleteTablet(TABLET_DATA_DELETED) for tablet a52cbcbe35374d518bca1e0fc24d88d4 on 395763cf325d4ce19859830a7ad35c85 (127.24.119.3:39344) (Table deleted at 2018-06-19 00:11:50 PDT)
I0619 00:11:52.320606 25336 data_dirs.cc:934] Could only allocate 1 dirs of requested 3 for tablet 1dd3f7afe05f49199b18220f9c11ccd2. 1 dirs total, 0 dirs full, 0 dirs failed
I0619 00:11:52.323087 25325 tablet_service.cc:800] Processing DeleteTablet for tablet acc89522b693498c987ca5d8ef8275ea with delete_type TABLET_DATA_DELETED (replaced by tablet 981d862d1bab4b14bb10e6fc2174e1cc) from {username='jenkins'} at 127.24.119.1:46159
I0619 00:11:52.324906 25068 catalog_manager.cc:2891] Scheduling retry of d62715e230154e2abe126ef97feec7ce (table default.table_cc45383880634c41948247ee9fa098d1 [id=fa287205f19a461fa0ba005f9991513b]) Alter Table RPC with a delay of 36 ms (attempt = 2)
W0619 00:11:52.325151 25068 catalog_manager.cc:2910] Async tablet task d62715e230154e2abe126ef97feec7ce (table default.table_cc45383880634c41948247ee9fa098d1 [id=fa287205f19a461fa0ba005f9991513b]) Alter Table RPC failed: Not found: failed to reset TS proxy: No leader found: Tablet d62715e230154e2abe126ef97feec7ce consensus state has no leader
W0619 00:11:52.328182 25067 catalog_manager.cc:3083] TS c007a00e65ad41a79da1a0c1050c55b4 (127.24.119.1:32951): delete failed for tablet c18355df78d344839a56189c7549ab1f with error code TABLET_NOT_RUNNING: Already present: State transition of tablet c18355df78d344839a56189c7549ab1f already in progress: creating tablet
I0619 00:11:52.328430 25067 catalog_manager.cc:2891] Scheduling retry of c18355df78d344839a56189c7549ab1f Delete Tablet RPC for TS=c007a00e65ad41a79da1a0c1050c55b4 with a delay of 128 ms (attempt = 4)
W0619 00:11:52.330335 25067 catalog_manager.cc:3071] TS c007a00e65ad41a79da1a0c1050c55b4 (127.24.119.1:32951): delete failed for tablet fc22ad98ed2e4e3eb2c62360626a6f87 because the tablet was not found. No further retry: Not found: Tablet not found: fc22ad98ed2e4e3eb2c62360626a6f87
W0619 00:11:52.331087 25067 catalog_manager.cc:3083] TS c007a00e65ad41a79da1a0c1050c55b4 (127.24.119.1:32951): delete failed for tablet a4c653a255984d3bac88df63362b9334 with error code TABLET_NOT_RUNNING: Already present: State transition of tablet a4c653a255984d3bac88df63362b9334 already in progress: creating tablet
I0619 00:11:52.331338 25067 catalog_manager.cc:2891] Scheduling retry of a4c653a255984d3bac88df63362b9334 Delete Tablet RPC for TS=c007a00e65ad41a79da1a0c1050c55b4 with a delay of 52 ms (attempt = 1)
I0619 00:11:52.331701 25087 catalog_manager.cc:1339] Servicing CreateTable request from {username='jenkins'} at 127.24.119.62:54390: name: "default.table_43102886b675447088b4319ef7a3b947" schema { columns { name: "key" type: INT32 is_key: true is_nullable: false encoding: AUTO_ENCODING compression: DEFAULT_COMPRESSION cfile_block_size: 0 } } split_rows_range_bounds { } partition_schema { range_schema { columns { name: "key" } } }
W0619 00:11:52.332573 25087 catalog_manager.cc:1488] The number of live tablet servers is not enough to re-replicate a tablet replica of the newly created table default.table_43102886b675447088b4319ef7a3b947 in case of a replica failure: 4 tablet servers are needed, 3 are alive. Consider bringing up additional tablet server(s) or running both the masters and all tablet servers with --raft_prepare_replacement_before_eviction=false flag (not recommended).
I0619 00:11:52.311163 25470 ts_tablet_manager.cc:1173] T 1c4c69294cb945938004e5b9a0550e72 P 10bda0b4856f4441b5aed24cdc4764a8: Registered tablet (data state: TABLET_DATA_READY)
I0619 00:11:52.340548 25725 ts_tablet_manager.cc:1045] T c18355df78d344839a56189c7549ab1f P 10bda0b4856f4441b5aed24cdc4764a8: Time spent bootstrapping tablet: real 0.094s user 0.004s sys 0.004s
I0619 00:11:52.340939 25464 data_dirs.cc:934] Could only allocate 1 dirs of requested 3 for tablet 9d44681acacf4f04b6fcfbd4c9a18e87. 1 dirs total, 0 dirs full, 0 dirs failed
I0619 00:11:52.342188 25725 raft_consensus.cc:325] T c18355df78d344839a56189c7549ab1f P 10bda0b4856f4441b5aed24cdc4764a8 [term 0 FOLLOWER]: Replica starting. Triggering 0 pending transactions. Active config: opid_index: -1 OBSOLETE_local: false peers { permanent_uuid: "c007a00e65ad41a79da1a0c1050c55b4" member_type: VOTER last_known_addr { host: "127.24.119.1" port: 32951 } } peers { permanent_uuid: "10bda0b4856f4441b5aed24cdc4764a8" member_type: VOTER last_known_addr { host: "127.24.119.2" port: 38512 } } peers { permanent_uuid: "395763cf325d4ce19859830a7ad35c85" member_type: VOTER last_known_addr { host: "127.24.119.3" port: 39344 } }
I0619 00:11:52.342820 25725 raft_consensus.cc:351] T c18355df78d344839a56189c7549ab1f P 10bda0b4856f4441b5aed24cdc4764a8 [term 0 FOLLOWER]: Consensus starting up: Expiring failure detector timer to make a prompt election more likely
I0619 00:11:52.343008 25725 raft_consensus.cc:628] T c18355df78d344839a56189c7549ab1f P 10bda0b4856f4441b5aed24cdc4764a8 [term 0 FOLLOWER]: Becoming Follower/Learner. State: Replica: 10bda0b4856f4441b5aed24cdc4764a8, State: Initialized, Role: FOLLOWER
W0619 00:11:52.344135 25402 heartbeater.cc:587] Failed to heartbeat to 127.24.119.61:46325: Network error: Failed to ping master at 127.24.119.61:46325: Client connection negotiation failed: client connection to 127.24.119.61:46325: connect: Connection refused (error 111)
I0619 00:11:52.345338 25354 raft_consensus.cc:1081] T 35acf55f35064c1491122a13ff9f5744 P c007a00e65ad41a79da1a0c1050c55b4 [term 1 FOLLOWER]: Refusing update from remote peer 10bda0b4856f4441b5aed24cdc4764a8: Log matching property violated. Preceding OpId in replica: term: 0 index: 0. Preceding OpId from leader: term: 1 index: 1. (index mismatch)
I0619 00:11:52.345515 25819 tablet.cc:1200] T fb8e94875a8347a0a473c95a77c38795 P c007a00e65ad41a79da1a0c1050c55b4: Alter schema from Schema [ primary key (key), 10:key[int32 NOT NULL] ] version 2 to Schema [ primary key (key), 10:key[int32 NOT NULL] ] version 3
I0619 00:11:52.348459 25796 consensus_queue.cc:963] T 35acf55f35064c1491122a13ff9f5744 P 10bda0b4856f4441b5aed24cdc4764a8 [LEADER]: Connected to new peer: Peer: permanent_uuid: "c007a00e65ad41a79da1a0c1050c55b4" member_type: VOTER last_known_addr { host: "127.24.119.1" port: 32951 }, Status: LMP_MISMATCH, Last received: 0.0, Next index: 1, Last known committed idx: 0, Time since last communication: 0.000s
W0619 00:11:52.353147 25402 heartbeater.cc:587] Failed to heartbeat to 127.24.119.61:46325: Network error: Failed to ping master at 127.24.119.61:46325: Client connection negotiation failed: client connection to 127.24.119.61:46325: connect: Connection refused (error 111)
I0619 00:11:52.354358 25081 catalog_manager.cc:1339] Servicing CreateTable request from {username='jenkins'} at 127.24.119.62:54390: name: "default.table_eb0f587538da43c39a0017ca0930cda9" schema { columns { name: "key" type: INT32 is_key: true is_nullable: false encoding: AUTO_ENCODING compression: DEFAULT_COMPRESSION cfile_block_size: 0 } } split_rows_range_bounds { } partition_schema { range_schema { columns { name: "key" } } }
W0619 00:11:52.355286 25081 catalog_manager.cc:1488] The number of live tablet servers is not enough to re-replicate a tablet replica of the newly created table default.table_eb0f587538da43c39a0017ca0930cda9 in case of a replica failure: 4 tablet servers are needed, 3 are alive. Consider bringing up additional tablet server(s) or running both the masters and all tablet servers with --raft_prepare_replacement_before_eviction=false flag (not recommended).
I0619 00:11:52.357625 25470 tablet_service.cc:759] Processing CreateTablet for tablet 1dd3f7afe05f49199b18220f9c11ccd2 (table=default.table_c3660a004537433aaff9ead44b4615e4 [id=4b052b0654fd4377a294deee53dce6af]), partition=RANGE (key) PARTITION UNBOUNDED
I0619 00:11:52.358340 25470 data_dirs.cc:934] Could only allocate 1 dirs of requested 3 for tablet 1dd3f7afe05f49199b18220f9c11ccd2. 1 dirs total, 0 dirs full, 0 dirs failed
I0619 00:11:52.359225 25069 catalog_manager.cc:2891] Scheduling retry of 3722b203a516466489c74ef6013eacae (table default.table_fb89f806be98424aa43bd01b3f816a80 [id=a17737f9d2924cc09f372527fb91188b]) Alter Table RPC with a delay of 522 ms (attempt = 6)
W0619 00:11:52.359495 25069 catalog_manager.cc:2910] Async tablet task 3722b203a516466489c74ef6013eacae (table default.table_fb89f806be98424aa43bd01b3f816a80 [id=a17737f9d2924cc09f372527fb91188b]) Alter Table RPC failed: Not found: failed to reset TS proxy: No leader found: Tablet 3722b203a516466489c74ef6013eacae consensus state has no leader
I0619 00:11:52.298069 25736 ts_tablet_manager.cc:1369] T f372b9fb174844eca1662c62039a3c71 P 10bda0b4856f4441b5aed24cdc4764a8: Deleting tablet data with delete state TABLET_DATA_DELETED
I0619 00:11:52.362262 25068 catalog_manager.cc:2891] Scheduling retry of d62715e230154e2abe126ef97feec7ce (table default.table_cc45383880634c41948247ee9fa098d1 [id=fa287205f19a461fa0ba005f9991513b]) Alter Table RPC with a delay of 106 ms (attempt = 3)
W0619 00:11:52.362584 25068 catalog_manager.cc:2910] Async tablet task d62715e230154e2abe126ef97feec7ce (table default.table_cc45383880634c41948247ee9fa098d1 [id=fa287205f19a461fa0ba005f9991513b]) Alter Table RPC failed: Not found: failed to reset TS proxy: No leader found: Tablet d62715e230154e2abe126ef97feec7ce consensus state has no leader
I0619 00:11:52.362725 25727 ts_tablet_manager.cc:1073] T acc89522b693498c987ca5d8ef8275ea P c007a00e65ad41a79da1a0c1050c55b4: Time spent starting tablet: real 0.084s user 0.006s sys 0.001s
I0619 00:11:52.364352 25602 ts_tablet_manager.cc:1173] T 9d44681acacf4f04b6fcfbd4c9a18e87 P 395763cf325d4ce19859830a7ad35c85: Registered tablet (data state: TABLET_DATA_READY)
I0619 00:11:52.347707 25844 tablet.cc:1200] T fb8e94875a8347a0a473c95a77c38795 P 395763cf325d4ce19859830a7ad35c85: Alter schema from Schema [ primary key (key), 10:key[int32 NOT NULL] ] version 2 to Schema [ primary key (key), 10:key[int32 NOT NULL] ] version 3
I0619 00:11:52.350168 25601 tablet_service.cc:800] Processing DeleteTablet for tablet a52cbcbe35374d518bca1e0fc24d88d4 with delete_type TABLET_DATA_DELETED (Table deleted at 2018-06-19 00:11:50 PDT) from {username='jenkins'} at 127.24.119.3:34285
I0619 00:11:52.351045 25600 tablet_service.cc:759] Processing CreateTablet for tablet 1dd3f7afe05f49199b18220f9c11ccd2 (table=default.table_c3660a004537433aaff9ead44b4615e4 [id=4b052b0654fd4377a294deee53dce6af]), partition=RANGE (key) PARTITION UNBOUNDED
I0619 00:11:52.353529 25598 tablet_service.cc:800] Processing DeleteTablet for tablet a52cbcbe35374d518bca1e0fc24d88d4 with delete_type TABLET_DATA_DELETED (Table deleted at 2018-06-19 00:11:50 PDT) from {username='jenkins'} at 127.24.119.3:34285
I0619 00:11:52.260233 25730 ts_tablet_manager.cc:1382] T aaf62da07a9740c1aa44359d3f604513 P 395763cf325d4ce19859830a7ad35c85: tablet deleted with delete type TABLET_DATA_DELETED: last-logged OpId 0.0
I0619 00:11:52.365566 25730 log.cc:986] T aaf62da07a9740c1aa44359d3f604513 P 395763cf325d4ce19859830a7ad35c85: Deleting WAL directory at /data/somelongdirectorytoavoidrpathissues/src/kudutest/master-stress-test.0.HmsConfigurations_MasterStressTest.Test_0.1529392303277196-25052/minicluster-data/ts-2/wal/wals/aaf62da07a9740c1aa44359d3f604513
I0619 00:11:52.366119 25730 ts_tablet_manager.cc:1403] T aaf62da07a9740c1aa44359d3f604513 P 395763cf325d4ce19859830a7ad35c85: Deleting consensus metadata
I0619 00:11:52.369235 25080 catalog_manager.cc:3663] Got report from deleted tablet acc89522b693498c987ca5d8ef8275ea (table default.table_48d04a9a6f224dd983111f0215fb417b [id=01235cbfa38b48a9bbfbb0b4630c5d23]) (replaced by tablet 981d862d1bab4b14bb10e6fc2174e1cc): Sending delete request for this tablet
W0619 00:11:52.368216 25402 heartbeater.cc:587] Failed to heartbeat to 127.24.119.61:46325: Network error: Failed to ping master at 127.24.119.61:46325: Client connection negotiation failed: client connection to 127.24.119.61:46325: connect: Connection refused (error 111)
I0619 00:11:52.371170 25727 ts_tablet_manager.cc:1028] T cb57d196f0724247b6a7f9a34be8377a P c007a00e65ad41a79da1a0c1050c55b4: Bootstrapping tablet
W0619 00:11:52.371217 25668 heartbeater.cc:587] Failed to heartbeat to 127.24.119.61:46325: Network error: Failed to ping master at 127.24.119.61:46325: Client connection negotiation failed: client connection to 127.24.119.61:46325: connect: Connection refused (error 111)
I0619 00:11:52.371879 25080 catalog_manager.cc:3113] Sending DeleteTablet(TABLET_DATA_DELETED) for tablet acc89522b693498c987ca5d8ef8275ea on c007a00e65ad41a79da1a0c1050c55b4 (127.24.119.1:32951) (replaced by tablet 981d862d1bab4b14bb10e6fc2174e1cc)
I0619 00:11:52.374250 25067 catalog_manager.cc:2891] Scheduling retry of 981d862d1bab4b14bb10e6fc2174e1cc (table default.table_48d04a9a6f224dd983111f0215fb417b [id=01235cbfa38b48a9bbfbb0b4630c5d23]) Alter Table RPC with a delay of 298 ms (attempt = 5)
I0619 00:11:52.374527 25600 data_dirs.cc:934] Could only allocate 1 dirs of requested 3 for tablet 1dd3f7afe05f49199b18220f9c11ccd2. 1 dirs total, 0 dirs full, 0 dirs failed
W0619 00:11:52.374534 25067 catalog_manager.cc:2910] Async tablet task 981d862d1bab4b14bb10e6fc2174e1cc (table default.table_48d04a9a6f224dd983111f0215fb417b [id=01235cbfa38b48a9bbfbb0b4630c5d23]) Alter Table RPC failed: Not found: failed to reset TS proxy: No leader found: Tablet 981d862d1bab4b14bb10e6fc2174e1cc consensus state has no leader
W0619 00:11:52.375402 25067 catalog_manager.cc:3071] TS c007a00e65ad41a79da1a0c1050c55b4 (127.24.119.1:32951): delete failed for tablet fc22ad98ed2e4e3eb2c62360626a6f87 because the tablet was not found. No further retry: Not found: Tablet not found: fc22ad98ed2e4e3eb2c62360626a6f87
W0619 00:11:52.377027 25067 catalog_manager.cc:3083] TS c007a00e65ad41a79da1a0c1050c55b4 (127.24.119.1:32951): delete failed for tablet a85577b0beba4276b963e5c360544bc7 with error code TABLET_NOT_RUNNING: Already present: State transition of tablet a85577b0beba4276b963e5c360544bc7 already in progress: creating tablet
I0619 00:11:52.377274 25067 catalog_manager.cc:2891] Scheduling retry of a85577b0beba4276b963e5c360544bc7 Delete Tablet RPC for TS=c007a00e65ad41a79da1a0c1050c55b4 with a delay of 520 ms (attempt = 6)
I0619 00:11:52.375592 25323 tablet_service.cc:800] Processing DeleteTablet for tablet acc89522b693498c987ca5d8ef8275ea with delete_type TABLET_DATA_DELETED (replaced by tablet 981d862d1bab4b14bb10e6fc2174e1cc) from {username='jenkins'} at 127.24.119.1:46159
W0619 00:11:52.377710 25067 catalog_manager.cc:3083] TS c007a00e65ad41a79da1a0c1050c55b4 (127.24.119.1:32951): delete failed for tablet 7f60ea5c5def47ee846d0186bbc90c18 with error code TABLET_NOT_RUNNING: Already present: State transition of tablet 7f60ea5c5def47ee846d0186bbc90c18 already in progress: creating tablet
I0619 00:11:52.378008 25727 tablet_bootstrap.cc:427] T cb57d196f0724247b6a7f9a34be8377a P c007a00e65ad41a79da1a0c1050c55b4: Bootstrap starting.
I0619 00:11:52.378123 25067 catalog_manager.cc:2891] Scheduling retry of 7f60ea5c5def47ee846d0186bbc90c18 Delete Tablet RPC for TS=c007a00e65ad41a79da1a0c1050c55b4 with a delay of 78 ms (attempt = 3)
I0619 00:11:52.379333 25724 tablet_bootstrap.cc:578] T 7f60ea5c5def47ee846d0186bbc90c18 P 395763cf325d4ce19859830a7ad35c85: No blocks or log segments found. Creating new log.
I0619 00:11:52.380538 25623 raft_consensus.cc:1081] T 35acf55f35064c1491122a13ff9f5744 P 395763cf325d4ce19859830a7ad35c85 [term 1 FOLLOWER]: Refusing update from remote peer 10bda0b4856f4441b5aed24cdc4764a8: Log matching property violated. Preceding OpId in replica: term: 0 index: 0. Preceding OpId from leader: term: 1 index: 1. (index mismatch)
I0619 00:11:52.379231 25741 tablet_replica.cc:261] T 4c0614e9ed96420886243a6868f2e75e P c007a00e65ad41a79da1a0c1050c55b4: stopping tablet replica
I0619 00:11:52.381460 25741 maintenance_manager.cc:237] P c007a00e65ad41a79da1a0c1050c55b4: Unregistered op CompactRowSetsOp(4c0614e9ed96420886243a6868f2e75e)
I0619 00:11:52.381713 25741 maintenance_manager.cc:237] P c007a00e65ad41a79da1a0c1050c55b4: Unregistered op MinorDeltaCompactionOp(4c0614e9ed96420886243a6868f2e75e)
W0619 00:11:52.379550 25067 catalog_manager.cc:3071] TS c007a00e65ad41a79da1a0c1050c55b4 (127.24.119.1:32951): delete failed for tablet 72e28bc6b57442b782d8aa07e1152cf4 because the tablet was not found. No further retry: Not found: Tablet not found: 72e28bc6b57442b782d8aa07e1152cf4
I0619 00:11:52.381943 25741 maintenance_manager.cc:237] P c007a00e65ad41a79da1a0c1050c55b4: Unregistered op MajorDeltaCompactionOp(4c0614e9ed96420886243a6868f2e75e)
I0619 00:11:52.382174 25741 maintenance_manager.cc:237] P c007a00e65ad41a79da1a0c1050c55b4: Unregistered op UndoDeltaBlockGCOp(4c0614e9ed96420886243a6868f2e75e)
I0619 00:11:52.382421 25741 maintenance_manager.cc:237] P c007a00e65ad41a79da1a0c1050c55b4: Unregistered op FlushMRSOp(4c0614e9ed96420886243a6868f2e75e)
I0619 00:11:52.382675 25741 maintenance_manager.cc:237] P c007a00e65ad41a79da1a0c1050c55b4: Unregistered op FlushDeltaMemStoresOp(4c0614e9ed96420886243a6868f2e75e)
I0619 00:11:52.383078 25741 maintenance_manager.cc:237] P c007a00e65ad41a79da1a0c1050c55b4: Unregistered op LogGCOp(4c0614e9ed96420886243a6868f2e75e)
I0619 00:11:52.383498 25741 raft_consensus.cc:2042] T 4c0614e9ed96420886243a6868f2e75e P c007a00e65ad41a79da1a0c1050c55b4 [term 0 FOLLOWER]: Raft consensus shutting down.
I0619 00:11:52.383400 25796 consensus_queue.cc:963] T 35acf55f35064c1491122a13ff9f5744 P 10bda0b4856f4441b5aed24cdc4764a8 [LEADER]: Connected to new peer: Peer: permanent_uuid: "395763cf325d4ce19859830a7ad35c85" member_type: VOTER last_known_addr { host: "127.24.119.3" port: 39344 }, Status: LMP_MISMATCH, Last received: 0.0, Next index: 1, Last known committed idx: 0, Time since last communication: 0.000s
