W0619 00:11:50.318387 25553 leader_election.cc:306] T 53688f0e4a604bc4a07dec9278a8dad6 P 395763cf325d4ce19859830a7ad35c85 [CANDIDATE]: Term 1 pre-election: Tablet error from VoteRequest() call to peer c007a00e65ad41a79da1a0c1050c55b4 (127.24.119.1:32951): Illegal state: must be running to vote when last-logged opid is not known
I0619 00:11:50.320375 25082 catalog_manager.cc:3881] TS c007a00e65ad41a79da1a0c1050c55b4 (127.24.119.1:32951) does not have the latest schema for tablet e3708e05f6054306b5bf7f1df2140e3d (table default.table_6ace57434b5243c7bd22bd60752a065d [id=47a2f8c4d1f748a69c2bb0416bdb87e4]). Expected version 3 got 0
I0619 00:11:50.320472 25725 tablet_bootstrap.cc:427] T 60dfd91c98d94bfbbc6416268c65c378 P 10bda0b4856f4441b5aed24cdc4764a8: No bootstrap required, opened a new log
I0619 00:11:50.320964 25725 ts_tablet_manager.cc:1045] T 60dfd91c98d94bfbbc6416268c65c378 P 10bda0b4856f4441b5aed24cdc4764a8: Time spent bootstrapping tablet: real 0.107s user 0.005s sys 0.005s
W0619 00:11:50.322047 25290 outbound_call.cc:287] RPC callback for RPC call kudu.consensus.ConsensusService.RequestConsensusVote -> {remote=127.24.119.2:38512, user_credentials={real_user=jenkins}} blocked reactor thread for 147186us
W0619 00:11:50.324509 25071 catalog_manager.cc:3083] TS 395763cf325d4ce19859830a7ad35c85 (127.24.119.3:39344): delete failed for tablet 292b164659e343158de8e7e3eeb9be31 with error code TABLET_NOT_RUNNING: Already present: State transition of tablet 292b164659e343158de8e7e3eeb9be31 already in progress: creating tablet
I0619 00:11:50.324995 25290 leader_election.cc:379] T fb8e94875a8347a0a473c95a77c38795 P c007a00e65ad41a79da1a0c1050c55b4 [CANDIDATE]: Term 1 pre-election: Vote granted by peer 395763cf325d4ce19859830a7ad35c85 (127.24.119.3:39344)
I0619 00:11:50.325224 25290 leader_election.cc:270] T fb8e94875a8347a0a473c95a77c38795 P c007a00e65ad41a79da1a0c1050c55b4 [CANDIDATE]: Term 1 pre-election: Election decided. Result: candidate won.
I0619 00:11:50.325271 25071 catalog_manager.cc:2891] Scheduling retry of 292b164659e343158de8e7e3eeb9be31 Delete Tablet RPC for TS=395763cf325d4ce19859830a7ad35c85 with a delay of 77 ms (attempt = 2)
I0619 00:11:50.325681 25756 raft_consensus.cc:2732] T fb8e94875a8347a0a473c95a77c38795 P c007a00e65ad41a79da1a0c1050c55b4: Snoozing failure detection for 2.212s (election complete)
I0619 00:11:50.325918 25756 raft_consensus.cc:2539] T fb8e94875a8347a0a473c95a77c38795 P c007a00e65ad41a79da1a0c1050c55b4 [term 0 FOLLOWER]: Leader pre-election won for term 1
I0619 00:11:50.326126 25756 raft_consensus.cc:457] T fb8e94875a8347a0a473c95a77c38795 P c007a00e65ad41a79da1a0c1050c55b4 [term 0 FOLLOWER]: Starting leader election (no leader contacted us within the election timeout)
I0619 00:11:50.326344 25756 raft_consensus.cc:2732] T fb8e94875a8347a0a473c95a77c38795 P c007a00e65ad41a79da1a0c1050c55b4: Snoozing failure detection for 2.049s (starting election)
I0619 00:11:50.326545 25756 raft_consensus.cc:2784] T fb8e94875a8347a0a473c95a77c38795 P c007a00e65ad41a79da1a0c1050c55b4 [term 0 FOLLOWER]: Advancing to term 1
I0619 00:11:50.326880 25067 catalog_manager.cc:2891] Scheduling retry of 72e28bc6b57442b782d8aa07e1152cf4 (table default.table_95a48b4d8a824265bb7291a68eb33dc3 [id=fa287205f19a461fa0ba005f9991513b]) Alter Table RPC with a delay of 112 ms (attempt = 3)
W0619 00:11:50.327143 25067 catalog_manager.cc:2910] Async tablet task 72e28bc6b57442b782d8aa07e1152cf4 (table default.table_95a48b4d8a824265bb7291a68eb33dc3 [id=fa287205f19a461fa0ba005f9991513b]) Alter Table RPC failed: Not found: failed to reset TS proxy: No leader found: Tablet 72e28bc6b57442b782d8aa07e1152cf4 consensus state has no leader
I0619 00:11:50.327960 25330 tablet_service.cc:800] Processing DeleteTablet for tablet 4c0614e9ed96420886243a6868f2e75e with delete_type TABLET_DATA_DELETED (Table deleted at 2018-06-19 00:11:49 PDT) from {username='jenkins'} at 127.24.119.1:46159
I0619 00:11:50.328089 25290 leader_election.cc:379] T fb8e94875a8347a0a473c95a77c38795 P c007a00e65ad41a79da1a0c1050c55b4 [CANDIDATE]: Term 1 pre-election: Vote granted by peer 10bda0b4856f4441b5aed24cdc4764a8 (127.24.119.2:38512)
I0619 00:11:50.330518 25325 tablet_service.cc:759] Processing CreateTablet for tablet 30a9d9fda8d34caeb8242c372439321b (table=default.table_45dd93d67cc94f2c8e9e784347d14167 [id=60a6d49e09f04230abe707ed433d2e9a]), partition=RANGE (key) PARTITION UNBOUNDED
I0619 00:11:50.331125 25325 data_dirs.cc:934] Could only allocate 1 dirs of requested 3 for tablet 30a9d9fda8d34caeb8242c372439321b. 1 dirs total, 0 dirs full, 0 dirs failed
I0619 00:11:50.331261 25071 catalog_manager.cc:2891] Scheduling retry of fb8e94875a8347a0a473c95a77c38795 (table default.table_84d38522d00a488c82a136b79665c4cd [id=41f48f0e1f87464eb43c5bf2a36f70ef]) Alter Table RPC with a delay of 266 ms (attempt = 5)
W0619 00:11:50.331718 25071 catalog_manager.cc:2910] Async tablet task fb8e94875a8347a0a473c95a77c38795 (table default.table_84d38522d00a488c82a136b79665c4cd [id=41f48f0e1f87464eb43c5bf2a36f70ef]) Alter Table RPC failed: Not found: failed to reset TS proxy: No leader found: Tablet fb8e94875a8347a0a473c95a77c38795 consensus state has no leader
I0619 00:11:50.332450 25290 leader_election.cc:393] T e3708e05f6054306b5bf7f1df2140e3d P c007a00e65ad41a79da1a0c1050c55b4 [CANDIDATE]: Term 1 pre-election: Vote denied by peer 395763cf325d4ce19859830a7ad35c85 (127.24.119.3:39344). Message: Service unavailable: T e3708e05f6054306b5bf7f1df2140e3d P 395763cf325d4ce19859830a7ad35c85 [term 1 FOLLOWER]: Leader pre-election vote request: Denying vote to candidate c007a00e65ad41a79da1a0c1050c55b4 for term 1 because replica is already servicing an update from a current leader or another vote.
I0619 00:11:50.332917 25083 catalog_manager.cc:1339] Servicing CreateTable request from {username='jenkins'} at 127.24.119.62:54390: name: "default.table_2e052476ba2c4ab08ef5774928db6084" schema { columns { name: "key" type: INT32 is_key: true is_nullable: false encoding: AUTO_ENCODING compression: DEFAULT_COMPRESSION cfile_block_size: 0 } } split_rows_range_bounds { } partition_schema { range_schema { columns { name: "key" } } }
I0619 00:11:50.333808 25603 tablet_service.cc:800] Processing DeleteTablet for tablet 3b80a302aacb418091aee54ab4be7249 with delete_type TABLET_DATA_DELETED (replaced by tablet acc89522b693498c987ca5d8ef8275ea) from {username='jenkins'} at 127.24.119.3:34285
W0619 00:11:50.334151 25083 catalog_manager.cc:1488] The number of live tablet servers is not enough to re-replicate a tablet replica of the newly created table default.table_2e052476ba2c4ab08ef5774928db6084 in case of a replica failure: 4 tablet servers are needed, 3 are alive. Consider bringing up additional tablet server(s) or running both the masters and all tablet servers with --raft_prepare_replacement_before_eviction=false flag (not recommended).
I0619 00:11:50.335422 25756 raft_consensus.cc:479] T fb8e94875a8347a0a473c95a77c38795 P c007a00e65ad41a79da1a0c1050c55b4 [term 1 FOLLOWER]: Starting leader election with config: opid_index: -1 OBSOLETE_local: false peers { permanent_uuid: "10bda0b4856f4441b5aed24cdc4764a8" member_type: VOTER last_known_addr { host: "127.24.119.2" port: 38512 } } peers { permanent_uuid: "c007a00e65ad41a79da1a0c1050c55b4" member_type: VOTER last_known_addr { host: "127.24.119.1" port: 32951 } } peers { permanent_uuid: "395763cf325d4ce19859830a7ad35c85" member_type: VOTER last_known_addr { host: "127.24.119.3" port: 39344 } }
I0619 00:11:50.336354 25756 leader_election.cc:243] T fb8e94875a8347a0a473c95a77c38795 P c007a00e65ad41a79da1a0c1050c55b4 [CANDIDATE]: Term 1 election: Requesting vote from peer 10bda0b4856f4441b5aed24cdc4764a8 (127.24.119.2:38512)
I0619 00:11:50.336733 25756 leader_election.cc:243] T fb8e94875a8347a0a473c95a77c38795 P c007a00e65ad41a79da1a0c1050c55b4 [CANDIDATE]: Term 1 election: Requesting vote from peer 395763cf325d4ce19859830a7ad35c85 (127.24.119.3:39344)
I0619 00:11:50.332587 25725 raft_consensus.cc:325] T 60dfd91c98d94bfbbc6416268c65c378 P 10bda0b4856f4441b5aed24cdc4764a8 [term 0 FOLLOWER]: Replica starting. Triggering 0 pending transactions. Active config: opid_index: -1 OBSOLETE_local: false peers { permanent_uuid: "c007a00e65ad41a79da1a0c1050c55b4" member_type: VOTER last_known_addr { host: "127.24.119.1" port: 32951 } } peers { permanent_uuid: "10bda0b4856f4441b5aed24cdc4764a8" member_type: VOTER last_known_addr { host: "127.24.119.2" port: 38512 } } peers { permanent_uuid: "395763cf325d4ce19859830a7ad35c85" member_type: VOTER last_known_addr { host: "127.24.119.3" port: 39344 } }
I0619 00:11:50.340497 25725 raft_consensus.cc:351] T 60dfd91c98d94bfbbc6416268c65c378 P 10bda0b4856f4441b5aed24cdc4764a8 [term 0 FOLLOWER]: Consensus starting up: Expiring failure detector timer to make a prompt election more likely
W0619 00:11:50.341106 25071 catalog_manager.cc:3083] TS 395763cf325d4ce19859830a7ad35c85 (127.24.119.3:39344): delete failed for tablet cb57d196f0724247b6a7f9a34be8377a with error code TABLET_NOT_RUNNING: Already present: State transition of tablet cb57d196f0724247b6a7f9a34be8377a already in progress: creating tablet
I0619 00:11:50.341325 25330 tablet_service.cc:800] Processing DeleteTablet for tablet dc04126054714196af6bdf7e771ffab0 with delete_type TABLET_DATA_DELETED (Table deleted at 2018-06-19 00:11:48 PDT) from {username='jenkins'} at 127.24.119.1:46159
I0619 00:11:50.341553 25071 catalog_manager.cc:2891] Scheduling retry of cb57d196f0724247b6a7f9a34be8377a Delete Tablet RPC for TS=395763cf325d4ce19859830a7ad35c85 with a delay of 58 ms (attempt = 2)
I0619 00:11:50.341791 25741 tablet_replica.cc:261] T dc04126054714196af6bdf7e771ffab0 P c007a00e65ad41a79da1a0c1050c55b4: stopping tablet replica
I0619 00:11:50.342037 25741 maintenance_manager.cc:237] P c007a00e65ad41a79da1a0c1050c55b4: Unregistered op CompactRowSetsOp(dc04126054714196af6bdf7e771ffab0)
I0619 00:11:50.342116 25290 leader_election.cc:393] T e3708e05f6054306b5bf7f1df2140e3d P c007a00e65ad41a79da1a0c1050c55b4 [CANDIDATE]: Term 1 pre-election: Vote denied by peer 10bda0b4856f4441b5aed24cdc4764a8 (127.24.119.2:38512). Message: Invalid argument: T e3708e05f6054306b5bf7f1df2140e3d P 10bda0b4856f4441b5aed24cdc4764a8 [term 1 LEADER]: Leader pre-election vote request: Denying vote to candidate c007a00e65ad41a79da1a0c1050c55b4 for term 1 because replica is either leader or believes a valid leader to be alive.
I0619 00:11:50.342180 25067 catalog_manager.cc:2891] Scheduling retry of 72e28bc6b57442b782d8aa07e1152cf4 (table default.table_95a48b4d8a824265bb7291a68eb33dc3 [id=fa287205f19a461fa0ba005f9991513b]) Alter Table RPC with a delay of 82 ms (attempt = 3)
I0619 00:11:50.342388 25290 leader_election.cc:270] T e3708e05f6054306b5bf7f1df2140e3d P c007a00e65ad41a79da1a0c1050c55b4 [CANDIDATE]: Term 1 pre-election: Election decided. Result: candidate lost.
W0619 00:11:50.342443 25067 catalog_manager.cc:2910] Async tablet task 72e28bc6b57442b782d8aa07e1152cf4 (table default.table_95a48b4d8a824265bb7291a68eb33dc3 [id=fa287205f19a461fa0ba005f9991513b]) Alter Table RPC failed: Not found: failed to reset TS proxy: No leader found: Tablet 72e28bc6b57442b782d8aa07e1152cf4 consensus state has no leader
W0619 00:11:50.342819 25067 catalog_manager.cc:3083] TS c007a00e65ad41a79da1a0c1050c55b4 (127.24.119.1:32951): delete failed for tablet 4c0614e9ed96420886243a6868f2e75e with error code TABLET_NOT_RUNNING: Already present: State transition of tablet 4c0614e9ed96420886243a6868f2e75e already in progress: creating tablet
I0619 00:11:50.343073 25067 catalog_manager.cc:2891] Scheduling retry of 4c0614e9ed96420886243a6868f2e75e Delete Tablet RPC for TS=c007a00e65ad41a79da1a0c1050c55b4 with a delay of 137 ms (attempt = 4)
I0619 00:11:50.343466 25330 tablet_service.cc:800] Processing DeleteTablet for tablet ac129ed44f68432f800420175aa0a630 with delete_type TABLET_DATA_DELETED (replaced by tablet 35acf55f35064c1491122a13ff9f5744) from {username='jenkins'} at 127.24.119.1:46159
I0619 00:11:50.343493 25080 master_service.cc:523] ReplaceTablet: received request to replace tablet 3b80a302aacb418091aee54ab4be7249 from {username='jenkins'} at 127.24.119.62:54390
I0619 00:11:50.343854 25741 maintenance_manager.cc:237] P c007a00e65ad41a79da1a0c1050c55b4: Unregistered op MinorDeltaCompactionOp(dc04126054714196af6bdf7e771ffab0)
I0619 00:11:50.344055 25741 maintenance_manager.cc:237] P c007a00e65ad41a79da1a0c1050c55b4: Unregistered op MajorDeltaCompactionOp(dc04126054714196af6bdf7e771ffab0)
I0619 00:11:50.344246 25741 maintenance_manager.cc:237] P c007a00e65ad41a79da1a0c1050c55b4: Unregistered op UndoDeltaBlockGCOp(dc04126054714196af6bdf7e771ffab0)
I0619 00:11:50.344054 25624 tablet_service.cc:995] Received RequestConsensusVote() RPC: tablet_id: "fb8e94875a8347a0a473c95a77c38795" candidate_uuid: "c007a00e65ad41a79da1a0c1050c55b4" candidate_term: 1 candidate_status { last_received { term: 0 index: 0 } } ignore_live_leader: false dest_uuid: "395763cf325d4ce19859830a7ad35c85"
I0619 00:11:50.344457 25741 maintenance_manager.cc:237] P c007a00e65ad41a79da1a0c1050c55b4: Unregistered op FlushMRSOp(dc04126054714196af6bdf7e771ffab0)
I0619 00:11:50.344646 25741 maintenance_manager.cc:237] P c007a00e65ad41a79da1a0c1050c55b4: Unregistered op FlushDeltaMemStoresOp(dc04126054714196af6bdf7e771ffab0)
I0619 00:11:50.344856 25741 maintenance_manager.cc:237] P c007a00e65ad41a79da1a0c1050c55b4: Unregistered op LogGCOp(dc04126054714196af6bdf7e771ffab0)
I0619 00:11:50.344578 25602 tablet_service.cc:759] Processing CreateTablet for tablet a52cbcbe35374d518bca1e0fc24d88d4 (table=default.table_8687a04df04444c6a3f710f1b9884ce5 [id=c857914eef2b4b74828b67746881df9d]), partition=RANGE (key) PARTITION UNBOUNDED
I0619 00:11:50.345024 25741 raft_consensus.cc:2042] T dc04126054714196af6bdf7e771ffab0 P c007a00e65ad41a79da1a0c1050c55b4 [term 0 FOLLOWER]: Raft consensus shutting down.
I0619 00:11:50.345046 25069 catalog_manager.cc:2891] Scheduling retry of fb8e94875a8347a0a473c95a77c38795 (table default.table_84d38522d00a488c82a136b79665c4cd [id=41f48f0e1f87464eb43c5bf2a36f70ef]) Alter Table RPC with a delay of 1047 ms (attempt = 7)
I0619 00:11:50.345293 25741 raft_consensus.cc:2069] T dc04126054714196af6bdf7e771ffab0 P c007a00e65ad41a79da1a0c1050c55b4 [term 0 FOLLOWER]: Raft consensus is shut down!
W0619 00:11:50.345324 25069 catalog_manager.cc:2910] Async tablet task fb8e94875a8347a0a473c95a77c38795 (table default.table_84d38522d00a488c82a136b79665c4cd [id=41f48f0e1f87464eb43c5bf2a36f70ef]) Alter Table RPC failed: Not found: failed to reset TS proxy: No leader found: Tablet fb8e94875a8347a0a473c95a77c38795 consensus state has no leader
I0619 00:11:50.345508 25602 data_dirs.cc:934] Could only allocate 1 dirs of requested 3 for tablet a52cbcbe35374d518bca1e0fc24d88d4. 1 dirs total, 0 dirs full, 0 dirs failed
I0619 00:11:50.345713 25336 tablet_service.cc:800] Processing DeleteTablet for tablet 397ae10bb6d841b4ba561ec431d29864 with delete_type TABLET_DATA_DELETED (Table deleted at 2018-06-19 00:11:50 PDT) from {username='jenkins'} at 127.24.119.1:46159
I0619 00:11:50.344527 25624 raft_consensus.cc:2784] T fb8e94875a8347a0a473c95a77c38795 P 395763cf325d4ce19859830a7ad35c85 [term 0 FOLLOWER]: Advancing to term 1
I0619 00:11:50.345836 25489 tablet_service.cc:995] Received RequestConsensusVote() RPC: tablet_id: "fb8e94875a8347a0a473c95a77c38795" candidate_uuid: "c007a00e65ad41a79da1a0c1050c55b4" candidate_term: 1 candidate_status { last_received { term: 0 index: 0 } } ignore_live_leader: false dest_uuid: "10bda0b4856f4441b5aed24cdc4764a8"
I0619 00:11:50.346211 25624 raft_consensus.cc:2732] T fb8e94875a8347a0a473c95a77c38795 P 395763cf325d4ce19859830a7ad35c85: Snoozing failure detection for 3.158s (vote granted)
I0619 00:11:50.346277 25489 raft_consensus.cc:2784] T fb8e94875a8347a0a473c95a77c38795 P 10bda0b4856f4441b5aed24cdc4764a8 [term 0 FOLLOWER]: Advancing to term 1
I0619 00:11:50.346518 25489 raft_consensus.cc:2732] T fb8e94875a8347a0a473c95a77c38795 P 10bda0b4856f4441b5aed24cdc4764a8: Snoozing failure detection for 1.971s (vote granted)
I0619 00:11:50.347234 25601 tablet_service.cc:759] Processing CreateTablet for tablet 7f60ea5c5def47ee846d0186bbc90c18 (table=default.table_62e2a91242c24687b8c59b83aa396c02 [id=9df75da386114e098e64d8388744a316]), partition=RANGE (key) PARTITION UNBOUNDED
I0619 00:11:50.347805 25601 data_dirs.cc:934] Could only allocate 1 dirs of requested 3 for tablet 7f60ea5c5def47ee846d0186bbc90c18. 1 dirs total, 0 dirs full, 0 dirs failed
I0619 00:11:50.348749 25323 tablet_service.cc:800] Processing DeleteTablet for tablet fc22ad98ed2e4e3eb2c62360626a6f87 with delete_type TABLET_DATA_DELETED (Table deleted at 2018-06-19 00:11:49 PDT) from {username='jenkins'} at 127.24.119.1:46159
I0619 00:11:50.348842 25326 tablet_service.cc:800] Processing DeleteTablet for tablet a85577b0beba4276b963e5c360544bc7 with delete_type TABLET_DATA_DELETED (Table deleted at 2018-06-19 00:11:49 PDT) from {username='jenkins'} at 127.24.119.1:46159
I0619 00:11:50.349503 25330 tablet_service.cc:800] Processing DeleteTablet for tablet f372b9fb174844eca1662c62039a3c71 with delete_type TABLET_DATA_DELETED (replaced by tablet 30a9d9fda8d34caeb8242c372439321b) from {username='jenkins'} at 127.24.119.1:46159
I0619 00:11:50.344820 25604 tablet_service.cc:800] Processing DeleteTablet for tablet f372b9fb174844eca1662c62039a3c71 with delete_type TABLET_DATA_DELETED (replaced by tablet 30a9d9fda8d34caeb8242c372439321b) from {username='jenkins'} at 127.24.119.3:34285
I0619 00:11:50.350700 25741 ts_tablet_manager.cc:1369] T dc04126054714196af6bdf7e771ffab0 P c007a00e65ad41a79da1a0c1050c55b4: Deleting tablet data with delete state TABLET_DATA_DELETED
I0619 00:11:50.350816 25600 tablet_service.cc:800] Processing DeleteTablet for tablet 03522c48c50943b38cae5aa88562e583 with delete_type TABLET_DATA_DELETED (Table deleted at 2018-06-19 00:11:50 PDT) from {username='jenkins'} at 127.24.119.3:34285
I0619 00:11:50.351486 25624 raft_consensus.cc:2245] T fb8e94875a8347a0a473c95a77c38795 P 395763cf325d4ce19859830a7ad35c85 [term 1 FOLLOWER]: Leader election vote request: Granting yes vote for candidate c007a00e65ad41a79da1a0c1050c55b4 in term 1.
I0619 00:11:50.353391 25727 tablet_bootstrap.cc:427] T 985e23a32fa84104a06dd19d97117ab2 P c007a00e65ad41a79da1a0c1050c55b4: No bootstrap required, opened a new log
I0619 00:11:50.353727 25727 ts_tablet_manager.cc:1045] T 985e23a32fa84104a06dd19d97117ab2 P c007a00e65ad41a79da1a0c1050c55b4: Time spent bootstrapping tablet: real 0.197s user 0.006s sys 0.000s
I0619 00:11:50.355480 25727 raft_consensus.cc:325] T 985e23a32fa84104a06dd19d97117ab2 P c007a00e65ad41a79da1a0c1050c55b4 [term 0 FOLLOWER]: Replica starting. Triggering 0 pending transactions. Active config: opid_index: -1 OBSOLETE_local: false peers { permanent_uuid: "c007a00e65ad41a79da1a0c1050c55b4" member_type: VOTER last_known_addr { host: "127.24.119.1" port: 32951 } } peers { permanent_uuid: "10bda0b4856f4441b5aed24cdc4764a8" member_type: VOTER last_known_addr { host: "127.24.119.2" port: 38512 } } peers { permanent_uuid: "395763cf325d4ce19859830a7ad35c85" member_type: VOTER last_known_addr { host: "127.24.119.3" port: 39344 } }
I0619 00:11:50.355957 25797 tablet.cc:1195] T e3708e05f6054306b5bf7f1df2140e3d P 10bda0b4856f4441b5aed24cdc4764a8: Already running schema version 3 got alter request for version 3
I0619 00:11:50.356091 25727 raft_consensus.cc:351] T 985e23a32fa84104a06dd19d97117ab2 P c007a00e65ad41a79da1a0c1050c55b4 [term 0 FOLLOWER]: Consensus starting up: Expiring failure detector timer to make a prompt election more likely
I0619 00:11:50.340798 25725 raft_consensus.cc:628] T 60dfd91c98d94bfbbc6416268c65c378 P 10bda0b4856f4441b5aed24cdc4764a8 [term 0 FOLLOWER]: Becoming Follower/Learner. State: Replica: 10bda0b4856f4441b5aed24cdc4764a8, State: Initialized, Role: FOLLOWER
I0619 00:11:50.356807 25603 tablet_service.cc:800] Processing DeleteTablet for tablet a52cbcbe35374d518bca1e0fc24d88d4 with delete_type TABLET_DATA_DELETED (Table deleted at 2018-06-19 00:11:50 PDT) from {username='jenkins'} at 127.24.119.3:34285
I0619 00:11:50.356262 25727 raft_consensus.cc:628] T 985e23a32fa84104a06dd19d97117ab2 P c007a00e65ad41a79da1a0c1050c55b4 [term 0 FOLLOWER]: Becoming Follower/Learner. State: Replica: c007a00e65ad41a79da1a0c1050c55b4, State: Initialized, Role: FOLLOWER
I0619 00:11:50.357251 25727 consensus_queue.cc:227] T 985e23a32fa84104a06dd19d97117ab2 P c007a00e65ad41a79da1a0c1050c55b4 [NON_LEADER]: Queue going to NON_LEADER mode. State: All replicated index: 0, Majority replicated index: 0, Committed index: 0, Last appended: 0.0, Last appended by leader: 0, Current term: 0, Majority size: -1, State: 0, Mode: NON_LEADER, active raft config: opid_index: -1 OBSOLETE_local: false peers { permanent_uuid: "c007a00e65ad41a79da1a0c1050c55b4" member_type: VOTER last_known_addr { host: "127.24.119.1" port: 32951 } } peers { permanent_uuid: "10bda0b4856f4441b5aed24cdc4764a8" member_type: VOTER last_known_addr { host: "127.24.119.2" port: 38512 } } peers { permanent_uuid: "395763cf325d4ce19859830a7ad35c85" member_type: VOTER last_known_addr { host: "127.24.119.3" port: 39344 } }
I0619 00:11:50.357558 25725 consensus_queue.cc:227] T 60dfd91c98d94bfbbc6416268c65c378 P 10bda0b4856f4441b5aed24cdc4764a8 [NON_LEADER]: Queue going to NON_LEADER mode. State: All replicated index: 0, Majority replicated index: 0, Committed index: 0, Last appended: 0.0, Last appended by leader: 0, Current term: 0, Majority size: -1, State: 0, Mode: NON_LEADER, active raft config: opid_index: -1 OBSOLETE_local: false peers { permanent_uuid: "c007a00e65ad41a79da1a0c1050c55b4" member_type: VOTER last_known_addr { host: "127.24.119.1" port: 32951 } } peers { permanent_uuid: "10bda0b4856f4441b5aed24cdc4764a8" member_type: VOTER last_known_addr { host: "127.24.119.2" port: 38512 } } peers { permanent_uuid: "395763cf325d4ce19859830a7ad35c85" member_type: VOTER last_known_addr { host: "127.24.119.3" port: 39344 } }
I0619 00:11:50.361150 25725 ts_tablet_manager.cc:1073] T 60dfd91c98d94bfbbc6416268c65c378 P 10bda0b4856f4441b5aed24cdc4764a8: Time spent starting tablet: real 0.040s user 0.005s sys 0.000s
I0619 00:11:50.363721 25489 raft_consensus.cc:2245] T fb8e94875a8347a0a473c95a77c38795 P 10bda0b4856f4441b5aed24cdc4764a8 [term 1 FOLLOWER]: Leader election vote request: Granting yes vote for candidate c007a00e65ad41a79da1a0c1050c55b4 in term 1.
I0619 00:11:50.366727 25490 tablet_service.cc:995] Received RequestConsensusVote() RPC: tablet_id: "53688f0e4a604bc4a07dec9278a8dad6" candidate_uuid: "395763cf325d4ce19859830a7ad35c85" candidate_term: 1 candidate_status { last_received { term: 0 index: 0 } } ignore_live_leader: false dest_uuid: "10bda0b4856f4441b5aed24cdc4764a8" is_pre_election: true
I0619 00:11:50.370807 25080 catalog_manager.cc:3663] Got report from deleted tablet 60dfd91c98d94bfbbc6416268c65c378 (table default.table_041edc89d445491abcd8368e840c196f [id=e5be765de16c4735a50c3acb4a261add]) (Table deleted at 2018-06-19 00:11:49 PDT): Sending delete request for this tablet
I0619 00:11:50.371708 25080 catalog_manager.cc:3113] Sending DeleteTablet(TABLET_DATA_DELETED) for tablet 60dfd91c98d94bfbbc6416268c65c378 on 10bda0b4856f4441b5aed24cdc4764a8 (127.24.119.2:38512) (Table deleted at 2018-06-19 00:11:49 PDT)
I0619 00:11:50.374384 25756 raft_consensus.cc:2732] T e3708e05f6054306b5bf7f1df2140e3d P c007a00e65ad41a79da1a0c1050c55b4: Snoozing failure detection for 2.110s (election complete)
I0619 00:11:50.374476 25330 tablet_service.cc:800] Processing DeleteTablet for tablet a52cbcbe35374d518bca1e0fc24d88d4 with delete_type TABLET_DATA_DELETED (Table deleted at 2018-06-19 00:11:50 PDT) from {username='jenkins'} at 127.24.119.1:46159
I0619 00:11:50.374719 25756 raft_consensus.cc:2487] T e3708e05f6054306b5bf7f1df2140e3d P c007a00e65ad41a79da1a0c1050c55b4 [term 1 FOLLOWER]: Leader pre-election lost for term 1. Reason: could not achieve majority
I0619 00:11:50.375039 25330 tablet_service.cc:800] Processing DeleteTablet for tablet 292b164659e343158de8e7e3eeb9be31 with delete_type TABLET_DATA_DELETED (replaced by tablet ee4c4769f75141f9b2ef864ab8a8d9e0) from {username='jenkins'} at 127.24.119.1:46159
W0619 00:11:50.375624 25536 heartbeater.cc:587] Failed to heartbeat to 127.24.119.61:46325: Network error: Failed to ping master at 127.24.119.61:46325: Client connection negotiation failed: client connection to 127.24.119.61:46325: connect: Connection refused (error 111)
I0619 00:11:50.377486 25083 catalog_manager.cc:3663] Got report from deleted tablet 985e23a32fa84104a06dd19d97117ab2 (table default.table_d946420480b24fe2810193b44fafa15b [id=23387ae786214a72874c9ff28f39db49]) (Table deleted at 2018-06-19 00:11:48 PDT): Sending delete request for this tablet
I0619 00:11:50.378243 25083 catalog_manager.cc:3113] Sending DeleteTablet(TABLET_DATA_DELETED) for tablet 985e23a32fa84104a06dd19d97117ab2 on c007a00e65ad41a79da1a0c1050c55b4 (127.24.119.1:32951) (Table deleted at 2018-06-19 00:11:48 PDT)
I0619 00:11:50.378562 25068 catalog_manager.cc:2891] Scheduling retry of aaf62da07a9740c1aa44359d3f604513 (table default.table_48a6321c18954a77805c579d820e8d00 [id=f181d18c1f844c83a0640004333ae473]) Alter Table RPC with a delay of 131 ms (attempt = 4)
W0619 00:11:50.378882 25068 catalog_manager.cc:2910] Async tablet task aaf62da07a9740c1aa44359d3f604513 (table default.table_48a6321c18954a77805c579d820e8d00 [id=f181d18c1f844c83a0640004333ae473]) Alter Table RPC failed: Not found: failed to reset TS proxy: No leader found: Tablet aaf62da07a9740c1aa44359d3f604513 consensus state has no leader
I0619 00:11:50.378983 25776 raft_consensus.cc:457] T aaf62da07a9740c1aa44359d3f604513 P 395763cf325d4ce19859830a7ad35c85 [term 0 FOLLOWER]: Starting pre-election (no leader contacted us within the election timeout)
I0619 00:11:50.379240 25776 raft_consensus.cc:2732] T aaf62da07a9740c1aa44359d3f604513 P 395763cf325d4ce19859830a7ad35c85: Snoozing failure detection for 1.532s (starting election)
I0619 00:11:50.379489 25776 raft_consensus.cc:479] T aaf62da07a9740c1aa44359d3f604513 P 395763cf325d4ce19859830a7ad35c85 [term 0 FOLLOWER]: Starting pre-election with config: opid_index: -1 OBSOLETE_local: false peers { permanent_uuid: "c007a00e65ad41a79da1a0c1050c55b4" member_type: VOTER last_known_addr { host: "127.24.119.1" port: 32951 } } peers { permanent_uuid: "10bda0b4856f4441b5aed24cdc4764a8" member_type: VOTER last_known_addr { host: "127.24.119.2" port: 38512 } } peers { permanent_uuid: "395763cf325d4ce19859830a7ad35c85" member_type: VOTER last_known_addr { host: "127.24.119.3" port: 39344 } }
I0619 00:11:50.380467 25776 leader_election.cc:243] T aaf62da07a9740c1aa44359d3f604513 P 395763cf325d4ce19859830a7ad35c85 [CANDIDATE]: Term 1 pre-election: Requesting pre-vote from peer c007a00e65ad41a79da1a0c1050c55b4 (127.24.119.1:32951)
I0619 00:11:50.380883 25776 leader_election.cc:243] T aaf62da07a9740c1aa44359d3f604513 P 395763cf325d4ce19859830a7ad35c85 [CANDIDATE]: Term 1 pre-election: Requesting pre-vote from peer 10bda0b4856f4441b5aed24cdc4764a8 (127.24.119.2:38512)
I0619 00:11:50.382073 25356 tablet_service.cc:995] Received RequestConsensusVote() RPC: tablet_id: "aaf62da07a9740c1aa44359d3f604513" candidate_uuid: "395763cf325d4ce19859830a7ad35c85" candidate_term: 1 candidate_status { last_received { term: 0 index: 0 } } ignore_live_leader: false dest_uuid: "c007a00e65ad41a79da1a0c1050c55b4" is_pre_election: true
I0619 00:11:50.384187 25071 catalog_manager.cc:2891] Scheduling retry of f372b9fb174844eca1662c62039a3c71 (table default.table_45dd93d67cc94f2c8e9e784347d14167 [id=60a6d49e09f04230abe707ed433d2e9a]) Alter Table RPC with a delay of 293 ms (attempt = 5)
W0619 00:11:50.384212 25553 leader_election.cc:306] T aaf62da07a9740c1aa44359d3f604513 P 395763cf325d4ce19859830a7ad35c85 [CANDIDATE]: Term 1 pre-election: Tablet error from VoteRequest() call to peer c007a00e65ad41a79da1a0c1050c55b4 (127.24.119.1:32951): Illegal state: must be running to vote when last-logged opid is not known
W0619 00:11:50.384822 25071 catalog_manager.cc:2910] Async tablet task f372b9fb174844eca1662c62039a3c71 (table default.table_45dd93d67cc94f2c8e9e784347d14167 [id=60a6d49e09f04230abe707ed433d2e9a]) Alter Table RPC failed: Not found: failed to reset TS proxy: No leader found: Tablet f372b9fb174844eca1662c62039a3c71 consensus state has no leader
I0619 00:11:50.385182 25071 catalog_manager.cc:2891] Scheduling retry of acc89522b693498c987ca5d8ef8275ea (table default.table_00f27d6b83d24c4e8088e0b0ac0d0cca [id=01235cbfa38b48a9bbfbb0b4630c5d23]) Alter Table RPC with a delay of 68 ms (attempt = 3)
I0619 00:11:50.361776 25725 ts_tablet_manager.cc:1028] T 4c0614e9ed96420886243a6868f2e75e P 10bda0b4856f4441b5aed24cdc4764a8: Bootstrapping tablet
I0619 00:11:50.386091 25727 ts_tablet_manager.cc:1073] T 985e23a32fa84104a06dd19d97117ab2 P c007a00e65ad41a79da1a0c1050c55b4: Time spent starting tablet: real 0.032s user 0.003s sys 0.002s
I0619 00:11:50.386667 25725 tablet_bootstrap.cc:427] T 4c0614e9ed96420886243a6868f2e75e P 10bda0b4856f4441b5aed24cdc4764a8: Bootstrap starting.
I0619 00:11:50.387297 25727 ts_tablet_manager.cc:1028] T 72e28bc6b57442b782d8aa07e1152cf4 P c007a00e65ad41a79da1a0c1050c55b4: Bootstrapping tablet
I0619 00:11:50.387663 25727 tablet_bootstrap.cc:427] T 72e28bc6b57442b782d8aa07e1152cf4 P c007a00e65ad41a79da1a0c1050c55b4: Bootstrap starting.
I0619 00:11:50.387708 25083 catalog_manager.cc:3663] Got report from deleted tablet 985e23a32fa84104a06dd19d97117ab2 (table default.table_d946420480b24fe2810193b44fafa15b [id=23387ae786214a72874c9ff28f39db49]) (Table deleted at 2018-06-19 00:11:48 PDT): Sending delete request for this tablet
I0619 00:11:50.388334 25083 catalog_manager.cc:3113] Sending DeleteTablet(TABLET_DATA_DELETED) for tablet 985e23a32fa84104a06dd19d97117ab2 on c007a00e65ad41a79da1a0c1050c55b4 (127.24.119.1:32951) (Table deleted at 2018-06-19 00:11:48 PDT)
I0619 00:11:50.391232 25727 tablet_bootstrap.cc:578] T 72e28bc6b57442b782d8aa07e1152cf4 P c007a00e65ad41a79da1a0c1050c55b4: No blocks or log segments found. Creating new log.
W0619 00:11:50.392256 25668 heartbeater.cc:587] Failed to heartbeat to 127.24.119.61:46325: Network error: Failed to ping master at 127.24.119.61:46325: Client connection negotiation failed: client connection to 127.24.119.61:46325: connect: Connection refused (error 111)
I0619 00:11:50.391819 25799 tablet.cc:1195] T e3708e05f6054306b5bf7f1df2140e3d P 395763cf325d4ce19859830a7ad35c85: Already running schema version 3 got alter request for version 3
W0619 00:11:50.396324 25668 heartbeater.cc:587] Failed to heartbeat to 127.24.119.61:46325: Network error: Failed to ping master at 127.24.119.61:46325: Client connection negotiation failed: client connection to 127.24.119.61:46325: connect: Connection refused (error 111)
I0619 00:11:50.396870 25741 ts_tablet_manager.cc:1382] T dc04126054714196af6bdf7e771ffab0 P c007a00e65ad41a79da1a0c1050c55b4: tablet deleted with delete type TABLET_DATA_DELETED: last-logged OpId 0.0
I0619 00:11:50.397114 25741 log.cc:986] T dc04126054714196af6bdf7e771ffab0 P c007a00e65ad41a79da1a0c1050c55b4: Deleting WAL directory at /data/somelongdirectorytoavoidrpathissues/src/kudutest/master-stress-test.0.HmsConfigurations_MasterStressTest.Test_0.1529392303277196-25052/minicluster-data/ts-0/wal/wals/dc04126054714196af6bdf7e771ffab0
I0619 00:11:50.397593 25741 ts_tablet_manager.cc:1403] T dc04126054714196af6bdf7e771ffab0 P c007a00e65ad41a79da1a0c1050c55b4: Deleting consensus metadata
I0619 00:11:50.398607 25725 tablet_bootstrap.cc:578] T 4c0614e9ed96420886243a6868f2e75e P 10bda0b4856f4441b5aed24cdc4764a8: No blocks or log segments found. Creating new log.
W0619 00:11:50.398699 25558 leader_election.cc:306] T 53688f0e4a604bc4a07dec9278a8dad6 P 395763cf325d4ce19859830a7ad35c85 [CANDIDATE]: Term 1 pre-election: Tablet error from VoteRequest() call to peer 10bda0b4856f4441b5aed24cdc4764a8 (127.24.119.2:38512): Illegal state: must be running to vote when last-logged opid is not known
I0619 00:11:50.399039 25558 leader_election.cc:270] T 53688f0e4a604bc4a07dec9278a8dad6 P 395763cf325d4ce19859830a7ad35c85 [CANDIDATE]: Term 1 pre-election: Election decided. Result: candidate lost.
I0619 00:11:50.399488 25776 raft_consensus.cc:2732] T 53688f0e4a604bc4a07dec9278a8dad6 P 395763cf325d4ce19859830a7ad35c85: Snoozing failure detection for 1.742s (election complete)
I0619 00:11:50.399734 25776 raft_consensus.cc:2487] T 53688f0e4a604bc4a07dec9278a8dad6 P 395763cf325d4ce19859830a7ad35c85 [term 0 FOLLOWER]: Leader pre-election lost for term 1. Reason: could not achieve majority
I0619 00:11:50.402724 25601 ts_tablet_manager.cc:1173] T 7f60ea5c5def47ee846d0186bbc90c18 P 395763cf325d4ce19859830a7ad35c85: Registered tablet (data state: TABLET_DATA_READY)
I0619 00:11:50.402806 25290 leader_election.cc:379] T fb8e94875a8347a0a473c95a77c38795 P c007a00e65ad41a79da1a0c1050c55b4 [CANDIDATE]: Term 1 election: Vote granted by peer 10bda0b4856f4441b5aed24cdc4764a8 (127.24.119.2:38512)
I0619 00:11:50.398747 25470 tablet_service.cc:800] Processing DeleteTablet for tablet 60dfd91c98d94bfbbc6416268c65c378 with delete_type TABLET_DATA_DELETED (Table deleted at 2018-06-19 00:11:49 PDT) from {username='jenkins'} at 127.24.119.2:51757
W0619 00:11:50.399380 25536 heartbeater.cc:587] Failed to heartbeat to 127.24.119.61:46325: Network error: Failed to ping master at 127.24.119.61:46325: Client connection negotiation failed: client connection to 127.24.119.61:46325: connect: Connection refused (error 111)
I0619 00:11:50.400969 25797 tablet.cc:1195] T e3708e05f6054306b5bf7f1df2140e3d P 10bda0b4856f4441b5aed24cdc4764a8: Already running schema version 3 got alter request for version 3
I0619 00:11:50.401568 25462 tablet_service.cc:800] Processing DeleteTablet for tablet a85577b0beba4276b963e5c360544bc7 with delete_type TABLET_DATA_DELETED (Table deleted at 2018-06-19 00:11:49 PDT) from {username='jenkins'} at 127.24.119.2:51757
I0619 00:11:50.401851 25463 tablet_service.cc:800] Processing DeleteTablet for tablet a52cbcbe35374d518bca1e0fc24d88d4 with delete_type TABLET_DATA_DELETED (Table deleted at 2018-06-19 00:11:50 PDT) from {username='jenkins'} at 127.24.119.2:51757
I0619 00:11:50.403239 25290 leader_election.cc:270] T fb8e94875a8347a0a473c95a77c38795 P c007a00e65ad41a79da1a0c1050c55b4 [CANDIDATE]: Term 1 election: Election decided. Result: candidate won.
I0619 00:11:50.403406 25736 tablet_replica.cc:261] T 60dfd91c98d94bfbbc6416268c65c378 P 10bda0b4856f4441b5aed24cdc4764a8: stopping tablet replica
I0619 00:11:50.403664 25736 maintenance_manager.cc:237] P 10bda0b4856f4441b5aed24cdc4764a8: Unregistered op CompactRowSetsOp(60dfd91c98d94bfbbc6416268c65c378)
I0619 00:11:50.403868 25736 maintenance_manager.cc:237] P 10bda0b4856f4441b5aed24cdc4764a8: Unregistered op MinorDeltaCompactionOp(60dfd91c98d94bfbbc6416268c65c378)
I0619 00:11:50.403808 25804 raft_consensus.cc:2732] T fb8e94875a8347a0a473c95a77c38795 P c007a00e65ad41a79da1a0c1050c55b4: Snoozing failure detection for 1.739s (election complete)
I0619 00:11:50.404053 25736 maintenance_manager.cc:237] P 10bda0b4856f4441b5aed24cdc4764a8: Unregistered op MajorDeltaCompactionOp(60dfd91c98d94bfbbc6416268c65c378)
I0619 00:11:50.396270 25724 raft_consensus.cc:351] T 292b164659e343158de8e7e3eeb9be31 P 395763cf325d4ce19859830a7ad35c85 [term 0 FOLLOWER]: Consensus starting up: Expiring failure detector timer to make a prompt election more likely
I0619 00:11:50.404136 25804 raft_consensus.cc:2539] T fb8e94875a8347a0a473c95a77c38795 P c007a00e65ad41a79da1a0c1050c55b4 [term 1 FOLLOWER]: Leader election won for term 1
I0619 00:11:50.404244 25736 maintenance_manager.cc:237] P 10bda0b4856f4441b5aed24cdc4764a8: Unregistered op UndoDeltaBlockGCOp(60dfd91c98d94bfbbc6416268c65c378)
I0619 00:11:50.404285 25724 raft_consensus.cc:628] T 292b164659e343158de8e7e3eeb9be31 P 395763cf325d4ce19859830a7ad35c85 [term 0 FOLLOWER]: Becoming Follower/Learner. State: Replica: 395763cf325d4ce19859830a7ad35c85, State: Initialized, Role: FOLLOWER
I0619 00:11:50.404469 25736 maintenance_manager.cc:237] P 10bda0b4856f4441b5aed24cdc4764a8: Unregistered op FlushMRSOp(60dfd91c98d94bfbbc6416268c65c378)
I0619 00:11:50.404690 25736 maintenance_manager.cc:237] P 10bda0b4856f4441b5aed24cdc4764a8: Unregistered op FlushDeltaMemStoresOp(60dfd91c98d94bfbbc6416268c65c378)
I0619 00:11:50.404896 25736 maintenance_manager.cc:237] P 10bda0b4856f4441b5aed24cdc4764a8: Unregistered op LogGCOp(60dfd91c98d94bfbbc6416268c65c378)
I0619 00:11:50.405081 25736 raft_consensus.cc:2042] T 60dfd91c98d94bfbbc6416268c65c378 P 10bda0b4856f4441b5aed24cdc4764a8 [term 0 FOLLOWER]: Raft consensus shutting down.
I0619 00:11:50.405195 25602 ts_tablet_manager.cc:1173] T a52cbcbe35374d518bca1e0fc24d88d4 P 395763cf325d4ce19859830a7ad35c85: Registered tablet (data state: TABLET_DATA_READY)
I0619 00:11:50.405356 25736 raft_consensus.cc:2069] T 60dfd91c98d94bfbbc6416268c65c378 P 10bda0b4856f4441b5aed24cdc4764a8 [term 0 FOLLOWER]: Raft consensus is shut down!
I0619 00:11:50.404940 25724 consensus_queue.cc:227] T 292b164659e343158de8e7e3eeb9be31 P 395763cf325d4ce19859830a7ad35c85 [NON_LEADER]: Queue going to NON_LEADER mode. State: All replicated index: 0, Majority replicated index: 0, Committed index: 0, Last appended: 0.0, Last appended by leader: 0, Current term: 0, Majority size: -1, State: 0, Mode: NON_LEADER, active raft config: opid_index: -1 OBSOLETE_local: false peers { permanent_uuid: "c007a00e65ad41a79da1a0c1050c55b4" member_type: VOTER last_known_addr { host: "127.24.119.1" port: 32951 } } peers { permanent_uuid: "10bda0b4856f4441b5aed24cdc4764a8" member_type: VOTER last_known_addr { host: "127.24.119.2" port: 38512 } } peers { permanent_uuid: "395763cf325d4ce19859830a7ad35c85" member_type: VOTER last_known_addr { host: "127.24.119.3" port: 39344 } }
I0619 00:11:50.408095 25724 ts_tablet_manager.cc:1073] T 292b164659e343158de8e7e3eeb9be31 P 395763cf325d4ce19859830a7ad35c85: Time spent starting tablet: real 0.143s user 0.003s sys 0.001s
I0619 00:11:50.408471 25724 ts_tablet_manager.cc:1028] T 35acf55f35064c1491122a13ff9f5744 P 395763cf325d4ce19859830a7ad35c85: Bootstrapping tablet
I0619 00:11:50.408838 25724 tablet_bootstrap.cc:427] T 35acf55f35064c1491122a13ff9f5744 P 395763cf325d4ce19859830a7ad35c85: Bootstrap starting.
W0619 00:11:50.409595 25668 heartbeater.cc:587] Failed to heartbeat to 127.24.119.61:46325: Network error: Failed to ping master at 127.24.119.61:46325: Client connection negotiation failed: client connection to 127.24.119.61:46325: connect: Connection refused (error 111)
I0619 00:11:50.403960 25290 leader_election.cc:379] T fb8e94875a8347a0a473c95a77c38795 P c007a00e65ad41a79da1a0c1050c55b4 [CANDIDATE]: Term 1 election: Vote granted by peer 395763cf325d4ce19859830a7ad35c85 (127.24.119.3:39344)
I0619 00:11:50.415359 25330 tablet_service.cc:800] Processing DeleteTablet for tablet cb57d196f0724247b6a7f9a34be8377a with delete_type TABLET_DATA_DELETED (Table deleted at 2018-06-19 00:11:49 PDT) from {username='jenkins'} at 127.24.119.1:46159
I0619 00:11:50.402372 25489 tablet_service.cc:995] Received RequestConsensusVote() RPC: tablet_id: "aaf62da07a9740c1aa44359d3f604513" candidate_uuid: "395763cf325d4ce19859830a7ad35c85" candidate_term: 1 candidate_status { last_received { term: 0 index: 0 } } ignore_live_leader: false dest_uuid: "10bda0b4856f4441b5aed24cdc4764a8" is_pre_election: true
I0619 00:11:50.415834 25736 ts_tablet_manager.cc:1369] T 60dfd91c98d94bfbbc6416268c65c378 P 10bda0b4856f4441b5aed24cdc4764a8: Deleting tablet data with delete state TABLET_DATA_DELETED
W0619 00:11:50.419287 25402 heartbeater.cc:587] Failed to heartbeat to 127.24.119.61:46325: Network error: Failed to ping master at 127.24.119.61:46325: Client connection negotiation failed: client connection to 127.24.119.61:46325: connect: Connection refused (error 111)
I0619 00:11:50.404989 25730 ts_tablet_manager.cc:1382] T 3b80a302aacb418091aee54ab4be7249 P 395763cf325d4ce19859830a7ad35c85: tablet deleted with delete type TABLET_DATA_DELETED: last-logged OpId 0.0
I0619 00:11:50.420212 25730 log.cc:986] T 3b80a302aacb418091aee54ab4be7249 P 395763cf325d4ce19859830a7ad35c85: Deleting WAL directory at /data/somelongdirectorytoavoidrpathissues/src/kudutest/master-stress-test.0.HmsConfigurations_MasterStressTest.Test_0.1529392303277196-25052/minicluster-data/ts-2/wal/wals/3b80a302aacb418091aee54ab4be7249
I0619 00:11:50.420189 25330 tablet_service.cc:800] Processing DeleteTablet for tablet 3b80a302aacb418091aee54ab4be7249 with delete_type TABLET_DATA_DELETED (replaced by tablet acc89522b693498c987ca5d8ef8275ea) from {username='jenkins'} at 127.24.119.1:46159
I0619 00:11:50.420984 25730 ts_tablet_manager.cc:1403] T 3b80a302aacb418091aee54ab4be7249 P 395763cf325d4ce19859830a7ad35c85: Deleting consensus metadata
I0619 00:11:50.421059 25330 tablet_service.cc:800] Processing DeleteTablet for tablet a52cbcbe35374d518bca1e0fc24d88d4 with delete_type TABLET_DATA_DELETED (Table deleted at 2018-06-19 00:11:50 PDT) from {username='jenkins'} at 127.24.119.1:46159
I0619 00:11:50.421766 25067 catalog_manager.cc:3091] TS c007a00e65ad41a79da1a0c1050c55b4 (127.24.119.1:32951): tablet dc04126054714196af6bdf7e771ffab0 (table default.table_706cbf40bb854d3ebbdbdbf69f4e15d6 [id=091a66f5716e463293291bf5aba8723a]) successfully deleted
W0619 00:11:50.422232 25067 catalog_manager.cc:3083] TS c007a00e65ad41a79da1a0c1050c55b4 (127.24.119.1:32951): delete failed for tablet ac129ed44f68432f800420175aa0a630 with error code TABLET_NOT_RUNNING: Already present: State transition of tablet ac129ed44f68432f800420175aa0a630 already in progress: creating tablet
I0619 00:11:50.422446 25067 catalog_manager.cc:2891] Scheduling retry of ac129ed44f68432f800420175aa0a630 Delete Tablet RPC for TS=c007a00e65ad41a79da1a0c1050c55b4 with a delay of 151 ms (attempt = 4)
W0619 00:11:50.422842 25067 catalog_manager.cc:3083] TS c007a00e65ad41a79da1a0c1050c55b4 (127.24.119.1:32951): delete failed for tablet 397ae10bb6d841b4ba561ec431d29864 with error code TABLET_NOT_RUNNING: Already present: State transition of tablet 397ae10bb6d841b4ba561ec431d29864 already in progress: creating tablet
I0619 00:11:50.423050 25067 catalog_manager.cc:2891] Scheduling retry of 397ae10bb6d841b4ba561ec431d29864 Delete Tablet RPC for TS=c007a00e65ad41a79da1a0c1050c55b4 with a delay of 39 ms (attempt = 2)
W0619 00:11:50.423413 25067 catalog_manager.cc:3083] TS c007a00e65ad41a79da1a0c1050c55b4 (127.24.119.1:32951): delete failed for tablet fc22ad98ed2e4e3eb2c62360626a6f87 with error code TABLET_NOT_RUNNING: Already present: State transition of tablet fc22ad98ed2e4e3eb2c62360626a6f87 already in progress: creating tablet
I0619 00:11:50.423633 25067 catalog_manager.cc:2891] Scheduling retry of fc22ad98ed2e4e3eb2c62360626a6f87 Delete Tablet RPC for TS=c007a00e65ad41a79da1a0c1050c55b4 with a delay of 543 ms (attempt = 6)
I0619 00:11:50.423701 25804 raft_consensus.cc:593] T fb8e94875a8347a0a473c95a77c38795 P c007a00e65ad41a79da1a0c1050c55b4 [term 1 LEADER]: Becoming Leader. State: Replica: c007a00e65ad41a79da1a0c1050c55b4, State: Running, Role: LEADER
W0619 00:11:50.424037 25067 catalog_manager.cc:3083] TS c007a00e65ad41a79da1a0c1050c55b4 (127.24.119.1:32951): delete failed for tablet a85577b0beba4276b963e5c360544bc7 with error code TABLET_NOT_RUNNING: Already present: State transition of tablet a85577b0beba4276b963e5c360544bc7 already in progress: creating tablet
I0619 00:11:50.425482 25468 tablet_service.cc:800] Processing DeleteTablet for tablet a52cbcbe35374d518bca1e0fc24d88d4 with delete_type TABLET_DATA_DELETED (Table deleted at 2018-06-19 00:11:50 PDT) from {username='jenkins'} at 127.24.119.2:51757
W0619 00:11:50.426703 25668 heartbeater.cc:587] Failed to heartbeat to 127.24.119.61:46325: Network error: Failed to ping master at 127.24.119.61:46325: Client connection negotiation failed: client connection to 127.24.119.61:46325: connect: Connection refused (error 111)
I0619 00:11:50.426775 25805 tablet.cc:1195] T e3708e05f6054306b5bf7f1df2140e3d P 395763cf325d4ce19859830a7ad35c85: Already running schema version 3 got alter request for version 3
I0619 00:11:50.424249 25067 catalog_manager.cc:2891] Scheduling retry of a85577b0beba4276b963e5c360544bc7 Delete Tablet RPC for TS=c007a00e65ad41a79da1a0c1050c55b4 with a delay of 87 ms (attempt = 3)
I0619 00:11:50.427989 25805 tablet.cc:1195] T e3708e05f6054306b5bf7f1df2140e3d P 395763cf325d4ce19859830a7ad35c85: Already running schema version 3 got alter request for version 3
I0619 00:11:50.428373 25067 catalog_manager.cc:2891] Scheduling retry of 72e28bc6b57442b782d8aa07e1152cf4 (table default.table_95a48b4d8a824265bb7291a68eb33dc3 [id=fa287205f19a461fa0ba005f9991513b]) Alter Table RPC with a delay of 157 ms (attempt = 4)
W0619 00:11:50.428679 25067 catalog_manager.cc:2910] Async tablet task 72e28bc6b57442b782d8aa07e1152cf4 (table default.table_95a48b4d8a824265bb7291a68eb33dc3 [id=fa287205f19a461fa0ba005f9991513b]) Alter Table RPC failed: Not found: failed to reset TS proxy: No leader found: Tablet 72e28bc6b57442b782d8aa07e1152cf4 consensus state has no leader
W0619 00:11:50.429113 25067 catalog_manager.cc:3083] TS c007a00e65ad41a79da1a0c1050c55b4 (127.24.119.1:32951): delete failed for tablet f372b9fb174844eca1662c62039a3c71 with error code TABLET_NOT_RUNNING: Already present: State transition of tablet f372b9fb174844eca1662c62039a3c71 already in progress: creating tablet
I0619 00:11:50.429291 25724 tablet_bootstrap.cc:578] T 35acf55f35064c1491122a13ff9f5744 P 395763cf325d4ce19859830a7ad35c85: No blocks or log segments found. Creating new log.
I0619 00:11:50.429343 25067 catalog_manager.cc:2891] Scheduling retry of f372b9fb174844eca1662c62039a3c71 Delete Tablet RPC for TS=c007a00e65ad41a79da1a0c1050c55b4 with a delay of 78 ms (attempt = 2)
I0619 00:11:50.430971 25069 catalog_manager.cc:2891] Scheduling retry of fb8e94875a8347a0a473c95a77c38795 (table default.table_84d38522d00a488c82a136b79665c4cd [id=41f48f0e1f87464eb43c5bf2a36f70ef]) Alter Table RPC with a delay of 1068 ms (attempt = 7)
W0619 00:11:50.431237 25069 catalog_manager.cc:2910] Async tablet task fb8e94875a8347a0a473c95a77c38795 (table default.table_84d38522d00a488c82a136b79665c4cd [id=41f48f0e1f87464eb43c5bf2a36f70ef]) Alter Table RPC failed: Not found: failed to reset TS proxy: No leader found: Tablet fb8e94875a8347a0a473c95a77c38795 consensus state has no leader
W0619 00:11:50.431741 25668 heartbeater.cc:587] Failed to heartbeat to 127.24.119.61:46325: Network error: Failed to ping master at 127.24.119.61:46325: Client connection negotiation failed: client connection to 127.24.119.61:46325: connect: Connection refused (error 111)
W0619 00:11:50.433682 25668 heartbeater.cc:587] Failed to heartbeat to 127.24.119.61:46325: Network error: Failed to ping master at 127.24.119.61:46325: Client connection negotiation failed: client connection to 127.24.119.61:46325: connect: Connection refused (error 111)
W0619 00:11:50.434546 25071 catalog_manager.cc:2910] Async tablet task acc89522b693498c987ca5d8ef8275ea (table default.table_00f27d6b83d24c4e8088e0b0ac0d0cca [id=01235cbfa38b48a9bbfbb0b4630c5d23]) Alter Table RPC failed: Not found: failed to reset TS proxy: No leader found: Tablet acc89522b693498c987ca5d8ef8275ea consensus state has no leader
I0619 00:11:50.435338 25468 tablet_service.cc:759] Processing CreateTablet for tablet a52cbcbe35374d518bca1e0fc24d88d4 (table=default.table_8687a04df04444c6a3f710f1b9884ce5 [id=c857914eef2b4b74828b67746881df9d]), partition=RANGE (key) PARTITION UNBOUNDED
I0619 00:11:50.435848 25071 catalog_manager.cc:3113] Sending DeleteTablet(TABLET_DATA_DELETED) for tablet cb57d196f0724247b6a7f9a34be8377a on 395763cf325d4ce19859830a7ad35c85 (127.24.119.3:39344) (Table deleted at 2018-06-19 00:11:49 PDT)
I0619 00:11:50.435961 25468 data_dirs.cc:934] Could only allocate 1 dirs of requested 3 for tablet a52cbcbe35374d518bca1e0fc24d88d4. 1 dirs total, 0 dirs full, 0 dirs failed
I0619 00:11:50.436265 25071 catalog_manager.cc:3113] Sending DeleteTablet(TABLET_DATA_DELETED) for tablet 292b164659e343158de8e7e3eeb9be31 on 395763cf325d4ce19859830a7ad35c85 (127.24.119.3:39344) (replaced by tablet ee4c4769f75141f9b2ef864ab8a8d9e0)
I0619 00:11:50.437094 25082 catalog_manager.cc:1339] Servicing CreateTable request from {username='jenkins'} at 127.24.119.62:54390: name: "default.table_33483e8524674ab0a5207eb14818073b" schema { columns { name: "key" type: INT32 is_key: true is_nullable: false encoding: AUTO_ENCODING compression: DEFAULT_COMPRESSION cfile_block_size: 0 } } split_rows_range_bounds { } partition_schema { range_schema { columns { name: "key" } } }
I0619 00:11:50.437691 25071 catalog_manager.cc:3091] TS 10bda0b4856f4441b5aed24cdc4764a8 (127.24.119.2:38512): tablet ac129ed44f68432f800420175aa0a630 (table default.table_e2e6deb5e5764586802390a904ba068f [id=76428d4b5c9a469998b9b5fe01c1d104]) successfully deleted
W0619 00:11:50.438004 25082 catalog_manager.cc:1488] The number of live tablet servers is not enough to re-replicate a tablet replica of the newly created table default.table_33483e8524674ab0a5207eb14818073b in case of a replica failure: 4 tablet servers are needed, 3 are alive. Consider bringing up additional tablet server(s) or running both the masters and all tablet servers with --raft_prepare_replacement_before_eviction=false flag (not recommended).
W0619 00:11:50.438872 25071 catalog_manager.cc:3071] TS 10bda0b4856f4441b5aed24cdc4764a8 (127.24.119.2:38512): delete failed for tablet ac129ed44f68432f800420175aa0a630 because the tablet was not found. No further retry: Not found: Tablet not found: ac129ed44f68432f800420175aa0a630
W0619 00:11:50.439640 25071 catalog_manager.cc:3071] TS 10bda0b4856f4441b5aed24cdc4764a8 (127.24.119.2:38512): delete failed for tablet fc22ad98ed2e4e3eb2c62360626a6f87 because the tablet was not found. No further retry: Not found: Tablet not found: fc22ad98ed2e4e3eb2c62360626a6f87
