I0619 00:11:49.738859 25336 ts_tablet_manager.cc:1173] T 03522c48c50943b38cae5aa88562e583 P c007a00e65ad41a79da1a0c1050c55b4: Registered tablet (data state: TABLET_DATA_READY)
I0619 00:11:49.737421 25463 ts_tablet_manager.cc:1173] T cb57d196f0724247b6a7f9a34be8377a P 10bda0b4856f4441b5aed24cdc4764a8: Registered tablet (data state: TABLET_DATA_READY)
I0619 00:11:49.736191 25743 consensus_queue.cc:204] T e3708e05f6054306b5bf7f1df2140e3d P 10bda0b4856f4441b5aed24cdc4764a8 [LEADER]: Queue going to LEADER mode. State: All replicated index: 0, Majority replicated index: 0, Committed index: 0, Last appended: 0.0, Last appended by leader: 0, Current term: 1, Majority size: 2, State: 0, Mode: LEADER, active raft config: opid_index: -1 OBSOLETE_local: false peers { permanent_uuid: "c007a00e65ad41a79da1a0c1050c55b4" member_type: VOTER last_known_addr { host: "127.24.119.1" port: 32951 } } peers { permanent_uuid: "10bda0b4856f4441b5aed24cdc4764a8" member_type: VOTER last_known_addr { host: "127.24.119.2" port: 38512 } } peers { permanent_uuid: "395763cf325d4ce19859830a7ad35c85" member_type: VOTER last_known_addr { host: "127.24.119.3" port: 39344 } }
W0619 00:11:49.739756 25071 catalog_manager.cc:2910] Async tablet task acc89522b693498c987ca5d8ef8275ea (table default.table_31a3ade4f34e4e7a96d0bc91603e471d [id=01235cbfa38b48a9bbfbb0b4630c5d23]) Alter Table RPC failed: Not found: failed to reset TS proxy: No leader found: Tablet acc89522b693498c987ca5d8ef8275ea consensus state has no leader
I0619 00:11:49.734777 25082 catalog_manager.cc:4025] T 00000000000000000000000000000000 P cb25d1bba5bf4c64914f300f122ec898: Sending DeleteTablet for 3 replicas of tablet 292b164659e343158de8e7e3eeb9be31
W0619 00:11:49.740061 25071 catalog_manager.cc:3083] TS 395763cf325d4ce19859830a7ad35c85 (127.24.119.3:39344): delete failed for tablet 3b80a302aacb418091aee54ab4be7249 with error code TABLET_NOT_RUNNING: Already present: State transition of tablet 3b80a302aacb418091aee54ab4be7249 already in progress: creating tablet
I0619 00:11:49.740088 25082 catalog_manager.cc:3113] Sending DeleteTablet(TABLET_DATA_DELETED) for tablet 292b164659e343158de8e7e3eeb9be31 on c007a00e65ad41a79da1a0c1050c55b4 (127.24.119.1:32951) (replaced by tablet ee4c4769f75141f9b2ef864ab8a8d9e0)
I0619 00:11:49.740293 25071 catalog_manager.cc:2891] Scheduling retry of 3b80a302aacb418091aee54ab4be7249 Delete Tablet RPC for TS=395763cf325d4ce19859830a7ad35c85 with a delay of 49 ms (attempt = 1)
I0619 00:11:49.740504 25082 catalog_manager.cc:3113] Sending DeleteTablet(TABLET_DATA_DELETED) for tablet 292b164659e343158de8e7e3eeb9be31 on 10bda0b4856f4441b5aed24cdc4764a8 (127.24.119.2:38512) (replaced by tablet ee4c4769f75141f9b2ef864ab8a8d9e0)
I0619 00:11:49.741503 25082 catalog_manager.cc:3113] Sending DeleteTablet(TABLET_DATA_DELETED) for tablet 292b164659e343158de8e7e3eeb9be31 on 395763cf325d4ce19859830a7ad35c85 (127.24.119.3:39344) (replaced by tablet ee4c4769f75141f9b2ef864ab8a8d9e0)
I0619 00:11:49.741868 25087 catalog_manager.cc:1731] Servicing DeleteTable request from {username='jenkins'} at 127.24.119.62:54390: table { table_name: "default.table_62055e93837844cd9a5dc2a343a23878" }
I0619 00:11:49.742094 25082 catalog_manager.cc:4596] ReplaceTablet: tablet 292b164659e343158de8e7e3eeb9be31 deleted and replaced by tablet ee4c4769f75141f9b2ef864ab8a8d9e0
W0619 00:11:49.732154 25067 catalog_manager.cc:3083] TS c007a00e65ad41a79da1a0c1050c55b4 (127.24.119.1:32951): delete failed for tablet ac129ed44f68432f800420175aa0a630 with error code TABLET_NOT_RUNNING: Already present: State transition of tablet ac129ed44f68432f800420175aa0a630 already in progress: creating tablet
I0619 00:11:49.742195 25080 catalog_manager.cc:1339] Servicing CreateTable request from {username='jenkins'} at 127.24.119.62:54390: name: "default.table_50bf60a48eb949a2b7c22f6b61030f66" schema { columns { name: "key" type: INT32 is_key: true is_nullable: false encoding: AUTO_ENCODING compression: DEFAULT_COMPRESSION cfile_block_size: 0 } } split_rows_range_bounds { } partition_schema { range_schema { columns { name: "key" } } }
I0619 00:11:49.742655 25067 catalog_manager.cc:2891] Scheduling retry of ac129ed44f68432f800420175aa0a630 Delete Tablet RPC for TS=c007a00e65ad41a79da1a0c1050c55b4 with a delay of 65 ms (attempt = 1)
I0619 00:11:49.742776 25603 tablet_service.cc:800] Processing DeleteTablet for tablet 70b9c8c4af0945b69b5577e47b61c054 with delete_type TABLET_DATA_DELETED (replaced by tablet a85577b0beba4276b963e5c360544bc7) from {username='jenkins'} at 127.24.119.3:34285
W0619 00:11:49.743118 25080 catalog_manager.cc:1488] The number of live tablet servers is not enough to re-replicate a tablet replica of the newly created table default.table_50bf60a48eb949a2b7c22f6b61030f66 in case of a replica failure: 4 tablet servers are needed, 3 are alive. Consider bringing up additional tablet server(s) or running both the masters and all tablet servers with --raft_prepare_replacement_before_eviction=false flag (not recommended).
W0619 00:11:49.743428 25067 catalog_manager.cc:3083] TS c007a00e65ad41a79da1a0c1050c55b4 (127.24.119.1:32951): delete failed for tablet 3b80a302aacb418091aee54ab4be7249 with error code TABLET_NOT_RUNNING: Already present: State transition of tablet 3b80a302aacb418091aee54ab4be7249 already in progress: creating tablet
I0619 00:11:49.743676 25067 catalog_manager.cc:2891] Scheduling retry of 3b80a302aacb418091aee54ab4be7249 Delete Tablet RPC for TS=c007a00e65ad41a79da1a0c1050c55b4 with a delay of 43 ms (attempt = 1)
W0619 00:11:49.744151 25067 catalog_manager.cc:3071] TS c007a00e65ad41a79da1a0c1050c55b4 (127.24.119.1:32951): delete failed for tablet 6d6363f6403b4104b15b329ab7f0e483 because the tablet was not found. No further retry: Not found: Tablet not found: 6d6363f6403b4104b15b329ab7f0e483
I0619 00:11:49.744726 25067 catalog_manager.cc:2891] Scheduling retry of 72e28bc6b57442b782d8aa07e1152cf4 (table default.table_95a48b4d8a824265bb7291a68eb33dc3 [id=fa287205f19a461fa0ba005f9991513b]) Alter Table RPC with a delay of 291 ms (attempt = 5)
W0619 00:11:49.744999 25067 catalog_manager.cc:2910] Async tablet task 72e28bc6b57442b782d8aa07e1152cf4 (table default.table_95a48b4d8a824265bb7291a68eb33dc3 [id=fa287205f19a461fa0ba005f9991513b]) Alter Table RPC failed: Not found: failed to reset TS proxy: No leader found: Tablet 72e28bc6b57442b782d8aa07e1152cf4 consensus state has no leader
W0619 00:11:49.745352 25067 catalog_manager.cc:3071] TS c007a00e65ad41a79da1a0c1050c55b4 (127.24.119.1:32951): delete failed for tablet 60dfd91c98d94bfbbc6416268c65c378 because the tablet was not found. No further retry: Not found: Tablet not found: 60dfd91c98d94bfbbc6416268c65c378
I0619 00:11:49.745625 25730 ts_tablet_manager.cc:1369] T 4c0614e9ed96420886243a6868f2e75e P 395763cf325d4ce19859830a7ad35c85: Deleting tablet data with delete state TABLET_DATA_DELETED
W0619 00:11:49.745854 25067 catalog_manager.cc:3083] TS c007a00e65ad41a79da1a0c1050c55b4 (127.24.119.1:32951): delete failed for tablet fc22ad98ed2e4e3eb2c62360626a6f87 with error code TABLET_NOT_RUNNING: Already present: State transition of tablet fc22ad98ed2e4e3eb2c62360626a6f87 already in progress: creating tablet
I0619 00:11:49.746063 25067 catalog_manager.cc:2891] Scheduling retry of fc22ad98ed2e4e3eb2c62360626a6f87 Delete Tablet RPC for TS=c007a00e65ad41a79da1a0c1050c55b4 with a delay of 142 ms (attempt = 4)
I0619 00:11:49.744607 25325 tablet_service.cc:800] Processing DeleteTablet for tablet 292b164659e343158de8e7e3eeb9be31 with delete_type TABLET_DATA_DELETED (replaced by tablet ee4c4769f75141f9b2ef864ab8a8d9e0) from {username='jenkins'} at 127.24.119.1:46159
I0619 00:11:49.745009 25330 tablet_service.cc:800] Processing DeleteTablet for tablet 70b9c8c4af0945b69b5577e47b61c054 with delete_type TABLET_DATA_DELETED (replaced by tablet a85577b0beba4276b963e5c360544bc7) from {username='jenkins'} at 127.24.119.1:46159
I0619 00:11:49.746474 25069 catalog_manager.cc:2891] Scheduling retry of e3708e05f6054306b5bf7f1df2140e3d (table default.table_5ee63bff24ae439588b05c825c6c9282 [id=47a2f8c4d1f748a69c2bb0416bdb87e4]) Alter Table RPC with a delay of 142 ms (attempt = 4)
W0619 00:11:49.746794 25069 catalog_manager.cc:2910] Async tablet task e3708e05f6054306b5bf7f1df2140e3d (table default.table_5ee63bff24ae439588b05c825c6c9282 [id=47a2f8c4d1f748a69c2bb0416bdb87e4]) Alter Table RPC failed: Not found: failed to reset TS proxy: No leader found: Tablet e3708e05f6054306b5bf7f1df2140e3d consensus state has no leader
I0619 00:11:49.747543 25725 tablet_bootstrap.cc:427] T ac129ed44f68432f800420175aa0a630 P 10bda0b4856f4441b5aed24cdc4764a8: No bootstrap required, opened a new log
I0619 00:11:49.747905 25725 ts_tablet_manager.cc:1045] T ac129ed44f68432f800420175aa0a630 P 10bda0b4856f4441b5aed24cdc4764a8: Time spent bootstrapping tablet: real 0.133s user 0.006s sys 0.007s
I0619 00:11:49.747618 25083 catalog_manager.cc:1339] Servicing CreateTable request from {username='jenkins'} at 127.24.119.62:54390: name: "default.table_6eabaa2225f44436880ea396f6bc6acd" schema { columns { name: "key" type: INT32 is_key: true is_nullable: false encoding: AUTO_ENCODING compression: DEFAULT_COMPRESSION cfile_block_size: 0 } } split_rows_range_bounds { } partition_schema { range_schema { columns { name: "key" } } }
W0619 00:11:49.748456 25083 catalog_manager.cc:1488] The number of live tablet servers is not enough to re-replicate a tablet replica of the newly created table default.table_6eabaa2225f44436880ea396f6bc6acd in case of a replica failure: 4 tablet servers are needed, 3 are alive. Consider bringing up additional tablet server(s) or running both the masters and all tablet servers with --raft_prepare_replacement_before_eviction=false flag (not recommended).
I0619 00:11:49.749362 25725 raft_consensus.cc:325] T ac129ed44f68432f800420175aa0a630 P 10bda0b4856f4441b5aed24cdc4764a8 [term 0 FOLLOWER]: Replica starting. Triggering 0 pending transactions. Active config: opid_index: -1 OBSOLETE_local: false peers { permanent_uuid: "10bda0b4856f4441b5aed24cdc4764a8" member_type: VOTER last_known_addr { host: "127.24.119.2" port: 38512 } } peers { permanent_uuid: "c007a00e65ad41a79da1a0c1050c55b4" member_type: VOTER last_known_addr { host: "127.24.119.1" port: 32951 } } peers { permanent_uuid: "395763cf325d4ce19859830a7ad35c85" member_type: VOTER last_known_addr { host: "127.24.119.3" port: 39344 } }
I0619 00:11:49.750006 25725 raft_consensus.cc:351] T ac129ed44f68432f800420175aa0a630 P 10bda0b4856f4441b5aed24cdc4764a8 [term 0 FOLLOWER]: Consensus starting up: Expiring failure detector timer to make a prompt election more likely
I0619 00:11:49.750278 25725 raft_consensus.cc:628] T ac129ed44f68432f800420175aa0a630 P 10bda0b4856f4441b5aed24cdc4764a8 [term 0 FOLLOWER]: Becoming Follower/Learner. State: Replica: 10bda0b4856f4441b5aed24cdc4764a8, State: Initialized, Role: FOLLOWER
I0619 00:11:49.752259 25727 tablet_bootstrap.cc:427] T fb8e94875a8347a0a473c95a77c38795 P c007a00e65ad41a79da1a0c1050c55b4: No bootstrap required, opened a new log
I0619 00:11:49.752648 25727 ts_tablet_manager.cc:1045] T fb8e94875a8347a0a473c95a77c38795 P c007a00e65ad41a79da1a0c1050c55b4: Time spent bootstrapping tablet: real 0.046s user 0.004s sys 0.002s
I0619 00:11:49.738920 25736 raft_consensus.cc:2042] T 985e23a32fa84104a06dd19d97117ab2 P 10bda0b4856f4441b5aed24cdc4764a8 [term 0 FOLLOWER]: Raft consensus shutting down.
I0619 00:11:49.753355 25736 raft_consensus.cc:2069] T 985e23a32fa84104a06dd19d97117ab2 P 10bda0b4856f4441b5aed24cdc4764a8 [term 0 FOLLOWER]: Raft consensus is shut down!
I0619 00:11:49.754055 25727 raft_consensus.cc:325] T fb8e94875a8347a0a473c95a77c38795 P c007a00e65ad41a79da1a0c1050c55b4 [term 0 FOLLOWER]: Replica starting. Triggering 0 pending transactions. Active config: opid_index: -1 OBSOLETE_local: false peers { permanent_uuid: "10bda0b4856f4441b5aed24cdc4764a8" member_type: VOTER last_known_addr { host: "127.24.119.2" port: 38512 } } peers { permanent_uuid: "c007a00e65ad41a79da1a0c1050c55b4" member_type: VOTER last_known_addr { host: "127.24.119.1" port: 32951 } } peers { permanent_uuid: "395763cf325d4ce19859830a7ad35c85" member_type: VOTER last_known_addr { host: "127.24.119.3" port: 39344 } }
I0619 00:11:49.754729 25727 raft_consensus.cc:351] T fb8e94875a8347a0a473c95a77c38795 P c007a00e65ad41a79da1a0c1050c55b4 [term 0 FOLLOWER]: Consensus starting up: Expiring failure detector timer to make a prompt election more likely
I0619 00:11:49.754941 25727 raft_consensus.cc:628] T fb8e94875a8347a0a473c95a77c38795 P c007a00e65ad41a79da1a0c1050c55b4 [term 0 FOLLOWER]: Becoming Follower/Learner. State: Replica: c007a00e65ad41a79da1a0c1050c55b4, State: Initialized, Role: FOLLOWER
I0619 00:11:49.755307 25469 tablet_service.cc:800] Processing DeleteTablet for tablet 1d10fb4561924e2e8d53c7a0b22a426e with delete_type TABLET_DATA_DELETED (Table deleted at 2018-06-19 00:11:49 PDT) from {username='jenkins'} at 127.24.119.2:51757
I0619 00:11:49.755532 25727 consensus_queue.cc:227] T fb8e94875a8347a0a473c95a77c38795 P c007a00e65ad41a79da1a0c1050c55b4 [NON_LEADER]: Queue going to NON_LEADER mode. State: All replicated index: 0, Majority replicated index: 0, Committed index: 0, Last appended: 0.0, Last appended by leader: 0, Current term: 0, Majority size: -1, State: 0, Mode: NON_LEADER, active raft config: opid_index: -1 OBSOLETE_local: false peers { permanent_uuid: "10bda0b4856f4441b5aed24cdc4764a8" member_type: VOTER last_known_addr { host: "127.24.119.2" port: 38512 } } peers { permanent_uuid: "c007a00e65ad41a79da1a0c1050c55b4" member_type: VOTER last_known_addr { host: "127.24.119.1" port: 32951 } } peers { permanent_uuid: "395763cf325d4ce19859830a7ad35c85" member_type: VOTER last_known_addr { host: "127.24.119.3" port: 39344 } }
I0619 00:11:49.756206 25463 tablet_service.cc:759] Processing CreateTablet for tablet f372b9fb174844eca1662c62039a3c71 (table=default.table_80d7e883b20847feb66d8a68bae7d094 [id=60a6d49e09f04230abe707ed433d2e9a]), partition=RANGE (key) PARTITION UNBOUNDED
I0619 00:11:49.756819 25463 data_dirs.cc:934] Could only allocate 1 dirs of requested 3 for tablet f372b9fb174844eca1662c62039a3c71. 1 dirs total, 0 dirs full, 0 dirs failed
W0619 00:11:49.758600 25409 tablet.cc:1678] T e3708e05f6054306b5bf7f1df2140e3d P c007a00e65ad41a79da1a0c1050c55b4: Can't schedule compaction. Clean time has not been advanced past its initial value.
W0619 00:11:49.760726 25402 heartbeater.cc:587] Failed to heartbeat to 127.24.119.61:46325: Network error: Failed to ping master at 127.24.119.61:46325: Client connection negotiation failed: client connection to 127.24.119.61:46325: connect: Connection refused (error 111)
W0619 00:11:49.763465 25402 heartbeater.cc:587] Failed to heartbeat to 127.24.119.61:46325: Network error: Failed to ping master at 127.24.119.61:46325: Client connection negotiation failed: client connection to 127.24.119.61:46325: connect: Connection refused (error 111)
I0619 00:11:49.764449 25736 ts_tablet_manager.cc:1369] T 985e23a32fa84104a06dd19d97117ab2 P 10bda0b4856f4441b5aed24cdc4764a8: Deleting tablet data with delete state TABLET_DATA_DELETED
I0619 00:11:49.766106 25729 raft_consensus.cc:457] T 72e28bc6b57442b782d8aa07e1152cf4 P 395763cf325d4ce19859830a7ad35c85 [term 0 FOLLOWER]: Starting pre-election (no leader contacted us within the election timeout)
I0619 00:11:49.766356 25729 raft_consensus.cc:2732] T 72e28bc6b57442b782d8aa07e1152cf4 P 395763cf325d4ce19859830a7ad35c85: Snoozing failure detection for 1.891s (starting election)
I0619 00:11:49.766595 25729 raft_consensus.cc:479] T 72e28bc6b57442b782d8aa07e1152cf4 P 395763cf325d4ce19859830a7ad35c85 [term 0 FOLLOWER]: Starting pre-election with config: opid_index: -1 OBSOLETE_local: false peers { permanent_uuid: "c007a00e65ad41a79da1a0c1050c55b4" member_type: VOTER last_known_addr { host: "127.24.119.1" port: 32951 } } peers { permanent_uuid: "10bda0b4856f4441b5aed24cdc4764a8" member_type: VOTER last_known_addr { host: "127.24.119.2" port: 38512 } } peers { permanent_uuid: "395763cf325d4ce19859830a7ad35c85" member_type: VOTER last_known_addr { host: "127.24.119.3" port: 39344 } }
I0619 00:11:49.767570 25729 leader_election.cc:243] T 72e28bc6b57442b782d8aa07e1152cf4 P 395763cf325d4ce19859830a7ad35c85 [CANDIDATE]: Term 1 pre-election: Requesting pre-vote from peer c007a00e65ad41a79da1a0c1050c55b4 (127.24.119.1:32951)
I0619 00:11:49.767973 25729 leader_election.cc:243] T 72e28bc6b57442b782d8aa07e1152cf4 P 395763cf325d4ce19859830a7ad35c85 [CANDIDATE]: Term 1 pre-election: Requesting pre-vote from peer 10bda0b4856f4441b5aed24cdc4764a8 (127.24.119.2:38512)
W0619 00:11:49.746502 25067 catalog_manager.cc:3083] TS c007a00e65ad41a79da1a0c1050c55b4 (127.24.119.1:32951): delete failed for tablet baf80fd968c44e679987eb4ebe4473de with error code TABLET_NOT_RUNNING: Already present: State transition of tablet baf80fd968c44e679987eb4ebe4473de already in progress: creating tablet
I0619 00:11:49.769953 25067 catalog_manager.cc:2891] Scheduling retry of baf80fd968c44e679987eb4ebe4473de Delete Tablet RPC for TS=c007a00e65ad41a79da1a0c1050c55b4 with a delay of 275 ms (attempt = 5)
I0619 00:11:49.769881 25354 tablet_service.cc:995] Received RequestConsensusVote() RPC: tablet_id: "72e28bc6b57442b782d8aa07e1152cf4" candidate_uuid: "395763cf325d4ce19859830a7ad35c85" candidate_term: 1 candidate_status { last_received { term: 0 index: 0 } } ignore_live_leader: false dest_uuid: "c007a00e65ad41a79da1a0c1050c55b4" is_pre_election: true
I0619 00:11:49.770582 25067 catalog_manager.cc:2891] Scheduling retry of e3708e05f6054306b5bf7f1df2140e3d (table default.table_5ee63bff24ae439588b05c825c6c9282 [id=47a2f8c4d1f748a69c2bb0416bdb87e4]) Alter Table RPC with a delay of 78 ms (attempt = 2)
W0619 00:11:49.770895 25067 catalog_manager.cc:2910] Async tablet task e3708e05f6054306b5bf7f1df2140e3d (table default.table_5ee63bff24ae439588b05c825c6c9282 [id=47a2f8c4d1f748a69c2bb0416bdb87e4]) Alter Table RPC failed: Not found: failed to reset TS proxy: No leader found: Tablet e3708e05f6054306b5bf7f1df2140e3d consensus state has no leader
W0619 00:11:49.771405 25067 catalog_manager.cc:3083] TS c007a00e65ad41a79da1a0c1050c55b4 (127.24.119.1:32951): delete failed for tablet 1d10fb4561924e2e8d53c7a0b22a426e with error code TABLET_NOT_RUNNING: Already present: State transition of tablet 1d10fb4561924e2e8d53c7a0b22a426e already in progress: creating tablet
W0619 00:11:49.771380 25553 leader_election.cc:306] T 72e28bc6b57442b782d8aa07e1152cf4 P 395763cf325d4ce19859830a7ad35c85 [CANDIDATE]: Term 1 pre-election: Tablet error from VoteRequest() call to peer c007a00e65ad41a79da1a0c1050c55b4 (127.24.119.1:32951): Illegal state: must be running to vote when last-logged opid is not known
I0619 00:11:49.771672 25067 catalog_manager.cc:2891] Scheduling retry of 1d10fb4561924e2e8d53c7a0b22a426e Delete Tablet RPC for TS=c007a00e65ad41a79da1a0c1050c55b4 with a delay of 23 ms (attempt = 1)
I0619 00:11:49.771971 25467 ts_tablet_manager.cc:1173] T 03522c48c50943b38cae5aa88562e583 P 10bda0b4856f4441b5aed24cdc4764a8: Registered tablet (data state: TABLET_DATA_READY)
I0619 00:11:49.772783 25727 ts_tablet_manager.cc:1073] T fb8e94875a8347a0a473c95a77c38795 P c007a00e65ad41a79da1a0c1050c55b4: Time spent starting tablet: real 0.020s user 0.005s sys 0.000s
I0619 00:11:49.773171 25727 ts_tablet_manager.cc:1028] T baf80fd968c44e679987eb4ebe4473de P c007a00e65ad41a79da1a0c1050c55b4: Bootstrapping tablet
I0619 00:11:49.773574 25080 catalog_manager.cc:3881] TS c007a00e65ad41a79da1a0c1050c55b4 (127.24.119.1:32951) does not have the latest schema for tablet fb8e94875a8347a0a473c95a77c38795 (table default.table_84d38522d00a488c82a136b79665c4cd [id=41f48f0e1f87464eb43c5bf2a36f70ef]). Expected version 2 got 0
I0619 00:11:49.774307 25080 catalog_manager.cc:2891] Scheduling retry of fb8e94875a8347a0a473c95a77c38795 (table default.table_84d38522d00a488c82a136b79665c4cd [id=41f48f0e1f87464eb43c5bf2a36f70ef]) Alter Table RPC with a delay of 38 ms (attempt = 1)
I0619 00:11:49.774528 25727 tablet_bootstrap.cc:427] T baf80fd968c44e679987eb4ebe4473de P c007a00e65ad41a79da1a0c1050c55b4: Bootstrap starting.
W0619 00:11:49.774567 25080 catalog_manager.cc:3945] Failed to send fb8e94875a8347a0a473c95a77c38795 (table default.table_84d38522d00a488c82a136b79665c4cd [id=41f48f0e1f87464eb43c5bf2a36f70ef]) Alter Table RPC: Not found: failed to reset TS proxy: No leader found: Tablet fb8e94875a8347a0a473c95a77c38795 consensus state has no leader
I0619 00:11:49.776973 25727 tablet_bootstrap.cc:578] T baf80fd968c44e679987eb4ebe4473de P c007a00e65ad41a79da1a0c1050c55b4: No blocks or log segments found. Creating new log.
I0619 00:11:49.775862 25725 consensus_queue.cc:227] T ac129ed44f68432f800420175aa0a630 P 10bda0b4856f4441b5aed24cdc4764a8 [NON_LEADER]: Queue going to NON_LEADER mode. State: All replicated index: 0, Majority replicated index: 0, Committed index: 0, Last appended: 0.0, Last appended by leader: 0, Current term: 0, Majority size: -1, State: 0, Mode: NON_LEADER, active raft config: opid_index: -1 OBSOLETE_local: false peers { permanent_uuid: "10bda0b4856f4441b5aed24cdc4764a8" member_type: VOTER last_known_addr { host: "127.24.119.2" port: 38512 } } peers { permanent_uuid: "c007a00e65ad41a79da1a0c1050c55b4" member_type: VOTER last_known_addr { host: "127.24.119.1" port: 32951 } } peers { permanent_uuid: "395763cf325d4ce19859830a7ad35c85" member_type: VOTER last_known_addr { host: "127.24.119.3" port: 39344 } }
I0619 00:11:49.778654 25725 ts_tablet_manager.cc:1073] T ac129ed44f68432f800420175aa0a630 P 10bda0b4856f4441b5aed24cdc4764a8: Time spent starting tablet: real 0.030s user 0.004s sys 0.000s
I0619 00:11:49.779007 25725 ts_tablet_manager.cc:1028] T fc22ad98ed2e4e3eb2c62360626a6f87 P 10bda0b4856f4441b5aed24cdc4764a8: Bootstrapping tablet
I0619 00:11:49.779783 25087 catalog_manager.cc:4025] T 00000000000000000000000000000000 P cb25d1bba5bf4c64914f300f122ec898: Sending DeleteTablet for 3 replicas of tablet cb57d196f0724247b6a7f9a34be8377a
I0619 00:11:49.780074 25087 catalog_manager.cc:3113] Sending DeleteTablet(TABLET_DATA_DELETED) for tablet cb57d196f0724247b6a7f9a34be8377a on c007a00e65ad41a79da1a0c1050c55b4 (127.24.119.1:32951) (Table deleted at 2018-06-19 00:11:49 PDT)
I0619 00:11:49.780460 25087 catalog_manager.cc:3113] Sending DeleteTablet(TABLET_DATA_DELETED) for tablet cb57d196f0724247b6a7f9a34be8377a on 10bda0b4856f4441b5aed24cdc4764a8 (127.24.119.2:38512) (Table deleted at 2018-06-19 00:11:49 PDT)
I0619 00:11:49.780861 25087 catalog_manager.cc:3113] Sending DeleteTablet(TABLET_DATA_DELETED) for tablet cb57d196f0724247b6a7f9a34be8377a on 395763cf325d4ce19859830a7ad35c85 (127.24.119.3:39344) (Table deleted at 2018-06-19 00:11:49 PDT)
W0619 00:11:49.779268 25071 catalog_manager.cc:3083] TS 10bda0b4856f4441b5aed24cdc4764a8 (127.24.119.2:38512): delete failed for tablet fc22ad98ed2e4e3eb2c62360626a6f87 with error code TABLET_NOT_RUNNING: Already present: State transition of tablet fc22ad98ed2e4e3eb2c62360626a6f87 already in progress: creating tablet
I0619 00:11:49.781265 25336 tablet_service.cc:759] Processing CreateTablet for tablet a85577b0beba4276b963e5c360544bc7 (table=default.table_d8b3984991a442fe95208294f57d466f [id=91bbf689574642628414fb1fb25efc63]), partition=RANGE (key) PARTITION UNBOUNDED
I0619 00:11:49.781388 25071 catalog_manager.cc:2891] Scheduling retry of fc22ad98ed2e4e3eb2c62360626a6f87 Delete Tablet RPC for TS=10bda0b4856f4441b5aed24cdc4764a8 with a delay of 72 ms (attempt = 2)
I0619 00:11:49.781913 25336 data_dirs.cc:934] Could only allocate 1 dirs of requested 3 for tablet a85577b0beba4276b963e5c360544bc7. 1 dirs total, 0 dirs full, 0 dirs failed
I0619 00:11:49.782251 25087 catalog_manager.cc:1339] Servicing CreateTable request from {username='jenkins'} at 127.24.119.62:54390: name: "default.table_3d4be1da5dd54e91b7a565ceded2dae3" schema { columns { name: "key" type: INT32 is_key: true is_nullable: false encoding: AUTO_ENCODING compression: DEFAULT_COMPRESSION cfile_block_size: 0 } } split_rows_range_bounds { } partition_schema { range_schema { columns { name: "key" } } }
W0619 00:11:49.783123 25087 catalog_manager.cc:1488] The number of live tablet servers is not enough to re-replicate a tablet replica of the newly created table default.table_3d4be1da5dd54e91b7a565ceded2dae3 in case of a replica failure: 4 tablet servers are needed, 3 are alive. Consider bringing up additional tablet server(s) or running both the masters and all tablet servers with --raft_prepare_replacement_before_eviction=false flag (not recommended).
W0619 00:11:49.785114 25071 catalog_manager.cc:3071] TS 10bda0b4856f4441b5aed24cdc4764a8 (127.24.119.2:38512): delete failed for tablet baf80fd968c44e679987eb4ebe4473de because the tablet was not found. No further retry: Not found: Tablet not found: baf80fd968c44e679987eb4ebe4473de
I0619 00:11:49.785807 25603 tablet_service.cc:800] Processing DeleteTablet for tablet 292b164659e343158de8e7e3eeb9be31 with delete_type TABLET_DATA_DELETED (replaced by tablet ee4c4769f75141f9b2ef864ab8a8d9e0) from {username='jenkins'} at 127.24.119.3:34285
W0619 00:11:49.786280 25071 catalog_manager.cc:3071] TS 10bda0b4856f4441b5aed24cdc4764a8 (127.24.119.2:38512): delete failed for tablet dc04126054714196af6bdf7e771ffab0 because the tablet was not found. No further retry: Not found: Tablet not found: dc04126054714196af6bdf7e771ffab0
I0619 00:11:49.786824 25601 tablet_service.cc:800] Processing DeleteTablet for tablet cb57d196f0724247b6a7f9a34be8377a with delete_type TABLET_DATA_DELETED (Table deleted at 2018-06-19 00:11:49 PDT) from {username='jenkins'} at 127.24.119.3:34285
I0619 00:11:49.787981 25469 tablet_service.cc:800] Processing DeleteTablet for tablet 70b9c8c4af0945b69b5577e47b61c054 with delete_type TABLET_DATA_DELETED (replaced by tablet a85577b0beba4276b963e5c360544bc7) from {username='jenkins'} at 127.24.119.2:51757
I0619 00:11:49.791029 25725 tablet_bootstrap.cc:427] T fc22ad98ed2e4e3eb2c62360626a6f87 P 10bda0b4856f4441b5aed24cdc4764a8: Bootstrap starting.
I0619 00:11:49.789147 25467 tablet_service.cc:800] Processing DeleteTablet for tablet 292b164659e343158de8e7e3eeb9be31 with delete_type TABLET_DATA_DELETED (replaced by tablet ee4c4769f75141f9b2ef864ab8a8d9e0) from {username='jenkins'} at 127.24.119.2:51757
I0619 00:11:49.789522 25490 tablet_service.cc:995] Received RequestConsensusVote() RPC: tablet_id: "72e28bc6b57442b782d8aa07e1152cf4" candidate_uuid: "395763cf325d4ce19859830a7ad35c85" candidate_term: 1 candidate_status { last_received { term: 0 index: 0 } } ignore_live_leader: false dest_uuid: "10bda0b4856f4441b5aed24cdc4764a8" is_pre_election: true
I0619 00:11:49.789918 25462 tablet_service.cc:759] Processing CreateTablet for tablet a85577b0beba4276b963e5c360544bc7 (table=default.table_d8b3984991a442fe95208294f57d466f [id=91bbf689574642628414fb1fb25efc63]), partition=RANGE (key) PARTITION UNBOUNDED
W0619 00:11:49.788847 25536 heartbeater.cc:587] Failed to heartbeat to 127.24.119.61:46325: Network error: Failed to ping master at 127.24.119.61:46325: Client connection negotiation failed: client connection to 127.24.119.61:46325: connect: Connection refused (error 111)
I0619 00:11:49.791993 25462 data_dirs.cc:934] Could only allocate 1 dirs of requested 3 for tablet a85577b0beba4276b963e5c360544bc7. 1 dirs total, 0 dirs full, 0 dirs failed
I0619 00:11:49.802476 25336 ts_tablet_manager.cc:1173] T a85577b0beba4276b963e5c360544bc7 P c007a00e65ad41a79da1a0c1050c55b4: Registered tablet (data state: TABLET_DATA_READY)
I0619 00:11:49.803357 25725 tablet_bootstrap.cc:578] T fc22ad98ed2e4e3eb2c62360626a6f87 P 10bda0b4856f4441b5aed24cdc4764a8: No blocks or log segments found. Creating new log.
I0619 00:11:49.805065 25724 ts_tablet_manager.cc:1073] T 36f5eec972454080b7b434b4df7e62e3 P 395763cf325d4ce19859830a7ad35c85: Time spent starting tablet: real 0.105s user 0.005s sys 0.001s
I0619 00:11:49.805407 25724 ts_tablet_manager.cc:1028] T 53688f0e4a604bc4a07dec9278a8dad6 P 395763cf325d4ce19859830a7ad35c85: Bootstrapping tablet
I0619 00:11:49.805788 25724 tablet_bootstrap.cc:427] T 53688f0e4a604bc4a07dec9278a8dad6 P 395763cf325d4ce19859830a7ad35c85: Bootstrap starting.
I0619 00:11:49.808137 25724 tablet_bootstrap.cc:578] T 53688f0e4a604bc4a07dec9278a8dad6 P 395763cf325d4ce19859830a7ad35c85: No blocks or log segments found. Creating new log.
W0619 00:11:49.810958 25668 heartbeater.cc:587] Failed to heartbeat to 127.24.119.61:46325: Network error: Failed to ping master at 127.24.119.61:46325: Client connection negotiation failed: client connection to 127.24.119.61:46325: connect: Connection refused (error 111)
W0619 00:11:49.811278 25558 leader_election.cc:306] T 72e28bc6b57442b782d8aa07e1152cf4 P 395763cf325d4ce19859830a7ad35c85 [CANDIDATE]: Term 1 pre-election: Tablet error from VoteRequest() call to peer 10bda0b4856f4441b5aed24cdc4764a8 (127.24.119.2:38512): Illegal state: must be running to vote when last-logged opid is not known
I0619 00:11:49.811545 25558 leader_election.cc:270] T 72e28bc6b57442b782d8aa07e1152cf4 P 395763cf325d4ce19859830a7ad35c85 [CANDIDATE]: Term 1 pre-election: Election decided. Result: candidate lost.
I0619 00:11:49.815151 25776 raft_consensus.cc:2732] T 72e28bc6b57442b782d8aa07e1152cf4 P 395763cf325d4ce19859830a7ad35c85: Snoozing failure detection for 1.802s (election complete)
I0619 00:11:49.815402 25776 raft_consensus.cc:2487] T 72e28bc6b57442b782d8aa07e1152cf4 P 395763cf325d4ce19859830a7ad35c85 [term 0 FOLLOWER]: Leader pre-election lost for term 1. Reason: could not achieve majority
I0619 00:11:49.817019 25604 tablet_service.cc:759] Processing CreateTablet for tablet a85577b0beba4276b963e5c360544bc7 (table=default.table_d8b3984991a442fe95208294f57d466f [id=91bbf689574642628414fb1fb25efc63]), partition=RANGE (key) PARTITION UNBOUNDED
I0619 00:11:49.817730 25604 data_dirs.cc:934] Could only allocate 1 dirs of requested 3 for tablet a85577b0beba4276b963e5c360544bc7. 1 dirs total, 0 dirs full, 0 dirs failed
I0619 00:11:49.789901 25080 catalog_manager.cc:2136] Servicing AlterTable request from {username='jenkins'} at 127.24.119.62:54390: table { table_name: "default.table_80d7e883b20847feb66d8a68bae7d094" } new_table_name: "default.table_45dd93d67cc94f2c8e9e784347d14167" alter_external_catalogs: true
I0619 00:11:49.820559 25071 catalog_manager.cc:3113] Sending DeleteTablet(TABLET_DATA_DELETED) for tablet 3b80a302aacb418091aee54ab4be7249 on 395763cf325d4ce19859830a7ad35c85 (127.24.119.3:39344) (replaced by tablet acc89522b693498c987ca5d8ef8275ea)
I0619 00:11:49.800513 25069 catalog_manager.cc:2891] Scheduling retry of fb8e94875a8347a0a473c95a77c38795 (table default.table_84d38522d00a488c82a136b79665c4cd [id=41f48f0e1f87464eb43c5bf2a36f70ef]) Alter Table RPC with a delay of 523 ms (attempt = 6)
W0619 00:11:49.820863 25069 catalog_manager.cc:2910] Async tablet task fb8e94875a8347a0a473c95a77c38795 (table default.table_84d38522d00a488c82a136b79665c4cd [id=41f48f0e1f87464eb43c5bf2a36f70ef]) Alter Table RPC failed: Not found: failed to reset TS proxy: No leader found: Tablet fb8e94875a8347a0a473c95a77c38795 consensus state has no leader
I0619 00:11:49.821403 25071 catalog_manager.cc:2891] Scheduling retry of fb8e94875a8347a0a473c95a77c38795 (table default.table_84d38522d00a488c82a136b79665c4cd [id=41f48f0e1f87464eb43c5bf2a36f70ef]) Alter Table RPC with a delay of 55 ms (attempt = 2)
W0619 00:11:49.821676 25071 catalog_manager.cc:2910] Async tablet task fb8e94875a8347a0a473c95a77c38795 (table default.table_84d38522d00a488c82a136b79665c4cd [id=41f48f0e1f87464eb43c5bf2a36f70ef]) Alter Table RPC failed: Not found: failed to reset TS proxy: No leader found: Tablet fb8e94875a8347a0a473c95a77c38795 consensus state has no leader
I0619 00:11:49.795253 25067 catalog_manager.cc:3113] Sending DeleteTablet(TABLET_DATA_DELETED) for tablet 4c0614e9ed96420886243a6868f2e75e on c007a00e65ad41a79da1a0c1050c55b4 (127.24.119.1:32951) (Table deleted at 2018-06-19 00:11:49 PDT)
I0619 00:11:49.821995 25071 catalog_manager.cc:2891] Scheduling retry of acc89522b693498c987ca5d8ef8275ea (table default.table_31a3ade4f34e4e7a96d0bc91603e471d [id=01235cbfa38b48a9bbfbb0b4630c5d23]) Alter Table RPC with a delay of 165 ms (attempt = 4)
W0619 00:11:49.822237 25071 catalog_manager.cc:2910] Async tablet task acc89522b693498c987ca5d8ef8275ea (table default.table_31a3ade4f34e4e7a96d0bc91603e471d [id=01235cbfa38b48a9bbfbb0b4630c5d23]) Alter Table RPC failed: Not found: failed to reset TS proxy: No leader found: Tablet acc89522b693498c987ca5d8ef8275ea consensus state has no leader
I0619 00:11:49.822428 25067 catalog_manager.cc:3113] Sending DeleteTablet(TABLET_DATA_DELETED) for tablet 3b80a302aacb418091aee54ab4be7249 on c007a00e65ad41a79da1a0c1050c55b4 (127.24.119.1:32951) (replaced by tablet acc89522b693498c987ca5d8ef8275ea)
W0619 00:11:49.822790 25071 catalog_manager.cc:3083] TS 10bda0b4856f4441b5aed24cdc4764a8 (127.24.119.2:38512): delete failed for tablet 60dfd91c98d94bfbbc6416268c65c378 with error code TABLET_NOT_RUNNING: Already present: State transition of tablet 60dfd91c98d94bfbbc6416268c65c378 already in progress: creating tablet
I0619 00:11:49.823084 25067 catalog_manager.cc:3113] Sending DeleteTablet(TABLET_DATA_DELETED) for tablet 1d10fb4561924e2e8d53c7a0b22a426e on c007a00e65ad41a79da1a0c1050c55b4 (127.24.119.1:32951) (Table deleted at 2018-06-19 00:11:49 PDT)
I0619 00:11:49.823194 25730 ts_tablet_manager.cc:1382] T 4c0614e9ed96420886243a6868f2e75e P 395763cf325d4ce19859830a7ad35c85: tablet deleted with delete type TABLET_DATA_DELETED: last-logged OpId 0.0
I0619 00:11:49.823004 25087 catalog_manager.cc:1339] Servicing CreateTable request from {username='jenkins'} at 127.24.119.62:54390: name: "default.table_0a0cd847ea574c2eb82ae9dfaf67e95f" schema { columns { name: "key" type: INT32 is_key: true is_nullable: false encoding: AUTO_ENCODING compression: DEFAULT_COMPRESSION cfile_block_size: 0 } } split_rows_range_bounds { } partition_schema { range_schema { columns { name: "key" } } }
I0619 00:11:49.823493 25730 log.cc:986] T 4c0614e9ed96420886243a6868f2e75e P 395763cf325d4ce19859830a7ad35c85: Deleting WAL directory at /data/somelongdirectorytoavoidrpathissues/src/kudutest/master-stress-test.0.HmsConfigurations_MasterStressTest.Test_0.1529392303277196-25052/minicluster-data/ts-2/wal/wals/4c0614e9ed96420886243a6868f2e75e
W0619 00:11:49.823973 25087 catalog_manager.cc:1488] The number of live tablet servers is not enough to re-replicate a tablet replica of the newly created table default.table_0a0cd847ea574c2eb82ae9dfaf67e95f in case of a replica failure: 4 tablet servers are needed, 3 are alive. Consider bringing up additional tablet server(s) or running both the masters and all tablet servers with --raft_prepare_replacement_before_eviction=false flag (not recommended).
W0619 00:11:49.823904 25067 catalog_manager.cc:3083] TS c007a00e65ad41a79da1a0c1050c55b4 (127.24.119.1:32951): delete failed for tablet 292b164659e343158de8e7e3eeb9be31 with error code TABLET_NOT_RUNNING: Already present: State transition of tablet 292b164659e343158de8e7e3eeb9be31 already in progress: creating tablet
I0619 00:11:49.824156 25730 ts_tablet_manager.cc:1403] T 4c0614e9ed96420886243a6868f2e75e P 395763cf325d4ce19859830a7ad35c85: Deleting consensus metadata
I0619 00:11:49.824225 25067 catalog_manager.cc:2891] Scheduling retry of 292b164659e343158de8e7e3eeb9be31 Delete Tablet RPC for TS=c007a00e65ad41a79da1a0c1050c55b4 with a delay of 52 ms (attempt = 1)
I0619 00:11:49.825620 25067 catalog_manager.cc:3113] Sending DeleteTablet(TABLET_DATA_DELETED) for tablet ac129ed44f68432f800420175aa0a630 on c007a00e65ad41a79da1a0c1050c55b4 (127.24.119.1:32951) (replaced by tablet 35acf55f35064c1491122a13ff9f5744)
W0619 00:11:49.829614 25069 catalog_manager.cc:2910] Async tablet task 1d10fb4561924e2e8d53c7a0b22a426e (table default.table_f4fd4524d920428fa515c1266d90fb2a [id=b46718e25afb4950af6cacec1d51a9ba]) Alter Table RPC failed: Not found: failed to reset TS proxy: No leader found: Tablet 1d10fb4561924e2e8d53c7a0b22a426e consensus state has no leader
I0619 00:11:49.829802 25727 tablet_bootstrap.cc:427] T baf80fd968c44e679987eb4ebe4473de P c007a00e65ad41a79da1a0c1050c55b4: No bootstrap required, opened a new log
W0619 00:11:49.811398 25536 heartbeater.cc:587] Failed to heartbeat to 127.24.119.61:46325: Network error: Failed to ping master at 127.24.119.61:46325: Client connection negotiation failed: client connection to 127.24.119.61:46325: connect: Connection refused (error 111)
I0619 00:11:49.824282 25467 tablet_service.cc:800] Processing DeleteTablet for tablet cb57d196f0724247b6a7f9a34be8377a with delete_type TABLET_DATA_DELETED (Table deleted at 2018-06-19 00:11:49 PDT) from {username='jenkins'} at 127.24.119.2:51757
I0619 00:11:49.830274 25727 ts_tablet_manager.cc:1045] T baf80fd968c44e679987eb4ebe4473de P c007a00e65ad41a79da1a0c1050c55b4: Time spent bootstrapping tablet: real 0.057s user 0.005s sys 0.001s
I0619 00:11:49.831755 25727 raft_consensus.cc:325] T baf80fd968c44e679987eb4ebe4473de P c007a00e65ad41a79da1a0c1050c55b4 [term 0 FOLLOWER]: Replica starting. Triggering 0 pending transactions. Active config: opid_index: -1 OBSOLETE_local: false peers { permanent_uuid: "c007a00e65ad41a79da1a0c1050c55b4" member_type: VOTER last_known_addr { host: "127.24.119.1" port: 32951 } } peers { permanent_uuid: "10bda0b4856f4441b5aed24cdc4764a8" member_type: VOTER last_known_addr { host: "127.24.119.2" port: 38512 } } peers { permanent_uuid: "395763cf325d4ce19859830a7ad35c85" member_type: VOTER last_known_addr { host: "127.24.119.3" port: 39344 } }
I0619 00:11:49.832438 25727 raft_consensus.cc:351] T baf80fd968c44e679987eb4ebe4473de P c007a00e65ad41a79da1a0c1050c55b4 [term 0 FOLLOWER]: Consensus starting up: Expiring failure detector timer to make a prompt election more likely
I0619 00:11:49.832670 25727 raft_consensus.cc:628] T baf80fd968c44e679987eb4ebe4473de P c007a00e65ad41a79da1a0c1050c55b4 [term 0 FOLLOWER]: Becoming Follower/Learner. State: Replica: c007a00e65ad41a79da1a0c1050c55b4, State: Initialized, Role: FOLLOWER
I0619 00:11:49.823019 25071 catalog_manager.cc:2891] Scheduling retry of 60dfd91c98d94bfbbc6416268c65c378 Delete Tablet RPC for TS=10bda0b4856f4441b5aed24cdc4764a8 with a delay of 23 ms (attempt = 1)
I0619 00:11:49.833505 25071 catalog_manager.cc:3091] TS 395763cf325d4ce19859830a7ad35c85 (127.24.119.3:39344): tablet 4c0614e9ed96420886243a6868f2e75e (table default.table_581afad997184fb0830cb18cbe8804c3 [id=4a881e07c2634f30bfb601e33cb5d7f0]) successfully deleted
I0619 00:11:49.833251 25727 consensus_queue.cc:227] T baf80fd968c44e679987eb4ebe4473de P c007a00e65ad41a79da1a0c1050c55b4 [NON_LEADER]: Queue going to NON_LEADER mode. State: All replicated index: 0, Majority replicated index: 0, Committed index: 0, Last appended: 0.0, Last appended by leader: 0, Current term: 0, Majority size: -1, State: 0, Mode: NON_LEADER, active raft config: opid_index: -1 OBSOLETE_local: false peers { permanent_uuid: "c007a00e65ad41a79da1a0c1050c55b4" member_type: VOTER last_known_addr { host: "127.24.119.1" port: 32951 } } peers { permanent_uuid: "10bda0b4856f4441b5aed24cdc4764a8" member_type: VOTER last_known_addr { host: "127.24.119.2" port: 38512 } } peers { permanent_uuid: "395763cf325d4ce19859830a7ad35c85" member_type: VOTER last_known_addr { host: "127.24.119.3" port: 39344 } }
I0619 00:11:49.835057 25601 tablet_service.cc:759] Processing CreateTablet for tablet c18355df78d344839a56189c7549ab1f (table=default.table_50bf60a48eb949a2b7c22f6b61030f66 [id=3e2a135384014c7b9626f9a8df3162aa]), partition=RANGE (key) PARTITION UNBOUNDED
W0619 00:11:49.835937 25402 heartbeater.cc:587] Failed to heartbeat to 127.24.119.61:46325: Network error: Failed to ping master at 127.24.119.61:46325: Client connection negotiation failed: client connection to 127.24.119.61:46325: connect: Connection refused (error 111)
I0619 00:11:49.836248 25601 data_dirs.cc:934] Could only allocate 1 dirs of requested 3 for tablet c18355df78d344839a56189c7549ab1f. 1 dirs total, 0 dirs full, 0 dirs failed
I0619 00:11:49.836436 25602 tablet_service.cc:800] Processing DeleteTablet for tablet 3b80a302aacb418091aee54ab4be7249 with delete_type TABLET_DATA_DELETED (replaced by tablet acc89522b693498c987ca5d8ef8275ea) from {username='jenkins'} at 127.24.119.3:34285
I0619 00:11:49.837093 25082 catalog_manager.cc:2136] Servicing AlterTable request from {username='jenkins'} at 127.24.119.62:54390: table { table_name: "default.table_5ee63bff24ae439588b05c825c6c9282" } new_table_name: "default.table_6ace57434b5243c7bd22bd60752a065d" alter_external_catalogs: true
W0619 00:11:49.838518 25402 heartbeater.cc:587] Failed to heartbeat to 127.24.119.61:46325: Network error: Failed to ping master at 127.24.119.61:46325: Client connection negotiation failed: client connection to 127.24.119.61:46325: connect: Connection refused (error 111)
I0619 00:11:49.835461 25603 tablet_service.cc:759] Processing CreateTablet for tablet ee4c4769f75141f9b2ef864ab8a8d9e0 (table=default.table_aecb1278dc98420aa83aaae47fb56937 [id=e2a7900f428948bab0aefd132d8874d4]), partition=RANGE (key) PARTITION UNBOUNDED
I0619 00:11:49.840176 25603 data_dirs.cc:934] Could only allocate 1 dirs of requested 3 for tablet ee4c4769f75141f9b2ef864ab8a8d9e0. 1 dirs total, 0 dirs full, 0 dirs failed
W0619 00:11:49.841872 25071 catalog_manager.cc:3083] TS 10bda0b4856f4441b5aed24cdc4764a8 (127.24.119.2:38512): delete failed for tablet ac129ed44f68432f800420175aa0a630 with error code TABLET_NOT_RUNNING: Already present: State transition of tablet ac129ed44f68432f800420175aa0a630 already in progress: creating tablet
I0619 00:11:49.842247 25071 catalog_manager.cc:2891] Scheduling retry of ac129ed44f68432f800420175aa0a630 Delete Tablet RPC for TS=10bda0b4856f4441b5aed24cdc4764a8 with a delay of 59 ms (attempt = 1)
I0619 00:11:49.843369 25467 tablet_service.cc:759] Processing CreateTablet for tablet c18355df78d344839a56189c7549ab1f (table=default.table_50bf60a48eb949a2b7c22f6b61030f66 [id=3e2a135384014c7b9626f9a8df3162aa]), partition=RANGE (key) PARTITION UNBOUNDED
W0619 00:11:49.847774 25067 catalog_manager.cc:3083] TS c007a00e65ad41a79da1a0c1050c55b4 (127.24.119.1:32951): delete failed for tablet 70b9c8c4af0945b69b5577e47b61c054 with error code TABLET_NOT_RUNNING: Already present: State transition of tablet 70b9c8c4af0945b69b5577e47b61c054 already in progress: creating tablet
I0619 00:11:49.848033 25067 catalog_manager.cc:2891] Scheduling retry of 70b9c8c4af0945b69b5577e47b61c054 Delete Tablet RPC for TS=c007a00e65ad41a79da1a0c1050c55b4 with a delay of 55 ms (attempt = 1)
I0619 00:11:49.826292 25463 ts_tablet_manager.cc:1173] T f372b9fb174844eca1662c62039a3c71 P 10bda0b4856f4441b5aed24cdc4764a8: Registered tablet (data state: TABLET_DATA_READY)
I0619 00:11:49.849313 25462 ts_tablet_manager.cc:1173] T a85577b0beba4276b963e5c360544bc7 P 10bda0b4856f4441b5aed24cdc4764a8: Registered tablet (data state: TABLET_DATA_READY)
I0619 00:11:49.849314 25330 tablet_service.cc:759] Processing CreateTablet for tablet c18355df78d344839a56189c7549ab1f (table=default.table_50bf60a48eb949a2b7c22f6b61030f66 [id=3e2a135384014c7b9626f9a8df3162aa]), partition=RANGE (key) PARTITION UNBOUNDED
I0619 00:11:49.849874 25467 data_dirs.cc:934] Could only allocate 1 dirs of requested 3 for tablet c18355df78d344839a56189c7549ab1f. 1 dirs total, 0 dirs full, 0 dirs failed
I0619 00:11:49.849937 25330 data_dirs.cc:934] Could only allocate 1 dirs of requested 3 for tablet c18355df78d344839a56189c7549ab1f. 1 dirs total, 0 dirs full, 0 dirs failed
W0619 00:11:49.851819 25071 catalog_manager.cc:3071] TS 395763cf325d4ce19859830a7ad35c85 (127.24.119.3:39344): delete failed for tablet 4c0614e9ed96420886243a6868f2e75e because the tablet was not found. No further retry: Not found: Tablet not found: 4c0614e9ed96420886243a6868f2e75e
W0619 00:11:49.852227 25071 catalog_manager.cc:3083] TS 10bda0b4856f4441b5aed24cdc4764a8 (127.24.119.2:38512): delete failed for tablet 4c0614e9ed96420886243a6868f2e75e with error code TABLET_NOT_RUNNING: Already present: State transition of tablet 4c0614e9ed96420886243a6868f2e75e already in progress: creating tablet
I0619 00:11:49.852432 25071 catalog_manager.cc:2891] Scheduling retry of 4c0614e9ed96420886243a6868f2e75e Delete Tablet RPC for TS=10bda0b4856f4441b5aed24cdc4764a8 with a delay of 47 ms (attempt = 1)
W0619 00:11:49.852823 25071 catalog_manager.cc:3071] TS 395763cf325d4ce19859830a7ad35c85 (127.24.119.3:39344): delete failed for tablet 4c0614e9ed96420886243a6868f2e75e because the tablet was not found. No further retry: Not found: Tablet not found: 4c0614e9ed96420886243a6868f2e75e
W0619 00:11:49.853206 25071 catalog_manager.cc:3083] TS 10bda0b4856f4441b5aed24cdc4764a8 (127.24.119.2:38512): delete failed for tablet 3b80a302aacb418091aee54ab4be7249 with error code TABLET_NOT_RUNNING: Already present: State transition of tablet 3b80a302aacb418091aee54ab4be7249 already in progress: creating tablet
I0619 00:11:49.853835 25071 catalog_manager.cc:2891] Scheduling retry of 3b80a302aacb418091aee54ab4be7249 Delete Tablet RPC for TS=10bda0b4856f4441b5aed24cdc4764a8 with a delay of 36 ms (attempt = 1)
I0619 00:11:49.855034 25462 tablet_service.cc:759] Processing CreateTablet for tablet ee4c4769f75141f9b2ef864ab8a8d9e0 (table=default.table_aecb1278dc98420aa83aaae47fb56937 [id=e2a7900f428948bab0aefd132d8874d4]), partition=RANGE (key) PARTITION UNBOUNDED
I0619 00:11:49.855684 25462 data_dirs.cc:934] Could only allocate 1 dirs of requested 3 for tablet ee4c4769f75141f9b2ef864ab8a8d9e0. 1 dirs total, 0 dirs full, 0 dirs failed
I0619 00:11:49.857421 25326 tablet_service.cc:800] Processing DeleteTablet for tablet 4c0614e9ed96420886243a6868f2e75e with delete_type TABLET_DATA_DELETED (Table deleted at 2018-06-19 00:11:49 PDT) from {username='jenkins'} at 127.24.119.1:46159
I0619 00:11:49.857558 25325 tablet_service.cc:759] Processing CreateTablet for tablet ee4c4769f75141f9b2ef864ab8a8d9e0 (table=default.table_aecb1278dc98420aa83aaae47fb56937 [id=e2a7900f428948bab0aefd132d8874d4]), partition=RANGE (key) PARTITION UNBOUNDED
I0619 00:11:49.857678 25080 catalog_manager.cc:2891] Scheduling retry of f372b9fb174844eca1662c62039a3c71 (table default.table_45dd93d67cc94f2c8e9e784347d14167 [id=60a6d49e09f04230abe707ed433d2e9a]) Alter Table RPC with a delay of 30 ms (attempt = 1)
W0619 00:11:49.857945 25080 catalog_manager.cc:3998] Failed to send alter table request: Not found: failed to reset TS proxy: No leader found: Tablet f372b9fb174844eca1662c62039a3c71 consensus state has no leader
I0619 00:11:49.858465 25325 data_dirs.cc:934] Could only allocate 1 dirs of requested 3 for tablet ee4c4769f75141f9b2ef864ab8a8d9e0. 1 dirs total, 0 dirs full, 0 dirs failed
I0619 00:11:49.858889 25067 catalog_manager.cc:2891] Scheduling retry of e3708e05f6054306b5bf7f1df2140e3d (table default.table_5ee63bff24ae439588b05c825c6c9282 [id=47a2f8c4d1f748a69c2bb0416bdb87e4]) Alter Table RPC with a delay of 85 ms (attempt = 3)
W0619 00:11:49.859163 25067 catalog_manager.cc:2910] Async tablet task e3708e05f6054306b5bf7f1df2140e3d (table default.table_5ee63bff24ae439588b05c825c6c9282 [id=47a2f8c4d1f748a69c2bb0416bdb87e4]) Alter Table RPC failed: Not found: failed to reset TS proxy: No leader found: Tablet e3708e05f6054306b5bf7f1df2140e3d consensus state has no leader
I0619 00:11:49.859516 25336 tablet_service.cc:800] Processing DeleteTablet for tablet cb57d196f0724247b6a7f9a34be8377a with delete_type TABLET_DATA_DELETED (Table deleted at 2018-06-19 00:11:49 PDT) from {username='jenkins'} at 127.24.119.1:46159
I0619 00:11:49.862324 25330 ts_tablet_manager.cc:1173] T c18355df78d344839a56189c7549ab1f P c007a00e65ad41a79da1a0c1050c55b4: Registered tablet (data state: TABLET_DATA_READY)
I0619 00:11:49.862859 25082 catalog_manager.cc:2891] Scheduling retry of e3708e05f6054306b5bf7f1df2140e3d (table default.table_6ace57434b5243c7bd22bd60752a065d [id=47a2f8c4d1f748a69c2bb0416bdb87e4]) Alter Table RPC with a delay of 34 ms (attempt = 1)
W0619 00:11:49.863129 25082 catalog_manager.cc:3998] Failed to send alter table request: Not found: failed to reset TS proxy: No leader found: Tablet e3708e05f6054306b5bf7f1df2140e3d consensus state has no leader
I0619 00:11:49.863709 25336 tablet_service.cc:800] Processing DeleteTablet for tablet 1d10fb4561924e2e8d53c7a0b22a426e with delete_type TABLET_DATA_DELETED (Table deleted at 2018-06-19 00:11:49 PDT) from {username='jenkins'} at 127.24.119.1:46159
I0619 00:11:49.864310 25724 tablet_bootstrap.cc:427] T 53688f0e4a604bc4a07dec9278a8dad6 P 395763cf325d4ce19859830a7ad35c85: No bootstrap required, opened a new log
I0619 00:11:49.864567 25067 catalog_manager.cc:2891] Scheduling retry of e3708e05f6054306b5bf7f1df2140e3d (table default.table_6ace57434b5243c7bd22bd60752a065d [id=47a2f8c4d1f748a69c2bb0416bdb87e4]) Alter Table RPC with a delay of 546 ms (attempt = 6)
I0619 00:11:49.864689 25724 ts_tablet_manager.cc:1045] T 53688f0e4a604bc4a07dec9278a8dad6 P 395763cf325d4ce19859830a7ad35c85: Time spent bootstrapping tablet: real 0.059s user 0.006s sys 0.000s
W0619 00:11:49.864902 25067 catalog_manager.cc:2910] Async tablet task e3708e05f6054306b5bf7f1df2140e3d (table default.table_6ace57434b5243c7bd22bd60752a065d [id=47a2f8c4d1f748a69c2bb0416bdb87e4]) Alter Table RPC failed: Not found: failed to reset TS proxy: No leader found: Tablet e3708e05f6054306b5bf7f1df2140e3d consensus state has no leader
W0619 00:11:49.865972 25067 catalog_manager.cc:3083] TS c007a00e65ad41a79da1a0c1050c55b4 (127.24.119.1:32951): delete failed for tablet 4c0614e9ed96420886243a6868f2e75e with error code TABLET_NOT_RUNNING: Already present: State transition of tablet 4c0614e9ed96420886243a6868f2e75e already in progress: creating tablet
