I0619 00:11:48.711189 25730 ts_tablet_manager.cc:1369] T 985e23a32fa84104a06dd19d97117ab2 P 395763cf325d4ce19859830a7ad35c85: Deleting tablet data with delete state TABLET_DATA_DELETED
I0619 00:11:48.714381 25469 tablet_service.cc:800] Processing DeleteTablet for tablet 7507676a768e421dac27fe524538e0bb with delete_type TABLET_DATA_DELETED (replaced by tablet baf80fd968c44e679987eb4ebe4473de) from {username='jenkins'} at 127.24.119.2:51757
I0619 00:11:48.716295 25087 catalog_manager.cc:1339] Servicing CreateTable request from {username='jenkins'} at 127.24.119.62:54390: name: "default.table_de92feb7880c4ea2b3fd76c65c6b3df5" schema { columns { name: "key" type: INT32 is_key: true is_nullable: false encoding: AUTO_ENCODING compression: DEFAULT_COMPRESSION cfile_block_size: 0 } } split_rows_range_bounds { } partition_schema { range_schema { columns { name: "key" } } }
W0619 00:11:48.717232 25087 catalog_manager.cc:1488] The number of live tablet servers is not enough to re-replicate a tablet replica of the newly created table default.table_de92feb7880c4ea2b3fd76c65c6b3df5 in case of a replica failure: 4 tablet servers are needed, 3 are alive. Consider bringing up additional tablet server(s) or running both the masters and all tablet servers with --raft_prepare_replacement_before_eviction=false flag (not recommended).
I0619 00:11:48.718295 25724 tablet_bootstrap.cc:427] T dc04126054714196af6bdf7e771ffab0 P 395763cf325d4ce19859830a7ad35c85: No bootstrap required, opened a new log
I0619 00:11:48.718830 25724 ts_tablet_manager.cc:1045] T dc04126054714196af6bdf7e771ffab0 P 395763cf325d4ce19859830a7ad35c85: Time spent bootstrapping tablet: real 0.014s user 0.005s sys 0.006s
I0619 00:11:48.714694 25465 tablet_service.cc:759] Processing CreateTablet for tablet dc04126054714196af6bdf7e771ffab0 (table=default.table_706cbf40bb854d3ebbdbdbf69f4e15d6 [id=091a66f5716e463293291bf5aba8723a]), partition=RANGE (key) PARTITION UNBOUNDED
I0619 00:11:48.720132 25724 raft_consensus.cc:325] T dc04126054714196af6bdf7e771ffab0 P 395763cf325d4ce19859830a7ad35c85 [term 0 FOLLOWER]: Replica starting. Triggering 0 pending transactions. Active config: opid_index: -1 OBSOLETE_local: false peers { permanent_uuid: "10bda0b4856f4441b5aed24cdc4764a8" member_type: VOTER last_known_addr { host: "127.24.119.2" port: 38512 } } peers { permanent_uuid: "c007a00e65ad41a79da1a0c1050c55b4" member_type: VOTER last_known_addr { host: "127.24.119.1" port: 32951 } } peers { permanent_uuid: "395763cf325d4ce19859830a7ad35c85" member_type: VOTER last_known_addr { host: "127.24.119.3" port: 39344 } }
I0619 00:11:48.721489 25724 raft_consensus.cc:351] T dc04126054714196af6bdf7e771ffab0 P 395763cf325d4ce19859830a7ad35c85 [term 0 FOLLOWER]: Consensus starting up: Expiring failure detector timer to make a prompt election more likely
I0619 00:11:48.721731 25724 raft_consensus.cc:628] T dc04126054714196af6bdf7e771ffab0 P 395763cf325d4ce19859830a7ad35c85 [term 0 FOLLOWER]: Becoming Follower/Learner. State: Replica: 395763cf325d4ce19859830a7ad35c85, State: Initialized, Role: FOLLOWER
I0619 00:11:48.722281 25724 consensus_queue.cc:227] T dc04126054714196af6bdf7e771ffab0 P 395763cf325d4ce19859830a7ad35c85 [NON_LEADER]: Queue going to NON_LEADER mode. State: All replicated index: 0, Majority replicated index: 0, Committed index: 0, Last appended: 0.0, Last appended by leader: 0, Current term: 0, Majority size: -1, State: 0, Mode: NON_LEADER, active raft config: opid_index: -1 OBSOLETE_local: false peers { permanent_uuid: "10bda0b4856f4441b5aed24cdc4764a8" member_type: VOTER last_known_addr { host: "127.24.119.2" port: 38512 } } peers { permanent_uuid: "c007a00e65ad41a79da1a0c1050c55b4" member_type: VOTER last_known_addr { host: "127.24.119.1" port: 32951 } } peers { permanent_uuid: "395763cf325d4ce19859830a7ad35c85" member_type: VOTER last_known_addr { host: "127.24.119.3" port: 39344 } }
I0619 00:11:48.726804 25071 catalog_manager.cc:3113] Sending DeleteTablet(TABLET_DATA_DELETED) for tablet 985e23a32fa84104a06dd19d97117ab2 on 395763cf325d4ce19859830a7ad35c85 (127.24.119.3:39344) (Table deleted at 2018-06-19 00:11:48 PDT)
I0619 00:11:48.728250 25601 tablet_service.cc:800] Processing DeleteTablet for tablet 985e23a32fa84104a06dd19d97117ab2 with delete_type TABLET_DATA_DELETED (Table deleted at 2018-06-19 00:11:48 PDT) from {username='jenkins'} at 127.24.119.3:34285
W0619 00:11:48.733119 25668 heartbeater.cc:587] Failed to heartbeat to 127.24.119.61:46325: Network error: Failed to ping master at 127.24.119.61:46325: Client connection negotiation failed: client connection to 127.24.119.61:46325: connect: Connection refused (error 111)
I0619 00:11:48.733608 25084 catalog_manager.cc:1339] Servicing CreateTable request from {username='jenkins'} at 127.24.119.62:54390: name: "default.table_77bc6b25b36d4879ba67ea600dcc9114" schema { columns { name: "key" type: INT32 is_key: true is_nullable: false encoding: AUTO_ENCODING compression: DEFAULT_COMPRESSION cfile_block_size: 0 } } split_rows_range_bounds { } partition_schema { range_schema { columns { name: "key" } } }
I0619 00:11:48.734220 25463 tablet_service.cc:800] Processing DeleteTablet for tablet 985e23a32fa84104a06dd19d97117ab2 with delete_type TABLET_DATA_DELETED (Table deleted at 2018-06-19 00:11:48 PDT) from {username='jenkins'} at 127.24.119.2:51757
W0619 00:11:48.734510 25084 catalog_manager.cc:1488] The number of live tablet servers is not enough to re-replicate a tablet replica of the newly created table default.table_77bc6b25b36d4879ba67ea600dcc9114 in case of a replica failure: 4 tablet servers are needed, 3 are alive. Consider bringing up additional tablet server(s) or running both the masters and all tablet servers with --raft_prepare_replacement_before_eviction=false flag (not recommended).
W0619 00:11:48.735082 25071 catalog_manager.cc:2910] Async tablet task 6d6363f6403b4104b15b329ab7f0e483 (table default.table_7ea77d77ddd04410989cd2735133a5e5 [id=dd175630a9ac4af5aa17edcb7226e141]) Alter Table RPC failed: Not found: failed to reset TS proxy: No leader found: Tablet 6d6363f6403b4104b15b329ab7f0e483 consensus state has no leader
I0619 00:11:48.734519 25087 catalog_manager.cc:1339] Servicing CreateTable request from {username='jenkins'} at 127.24.119.62:54390: name: "default.table_e2e6deb5e5764586802390a904ba068f" schema { columns { name: "key" type: INT32 is_key: true is_nullable: false encoding: AUTO_ENCODING compression: DEFAULT_COMPRESSION cfile_block_size: 0 } } split_rows_range_bounds { } partition_schema { range_schema { columns { name: "key" } } }
W0619 00:11:48.736359 25087 catalog_manager.cc:1488] The number of live tablet servers is not enough to re-replicate a tablet replica of the newly created table default.table_e2e6deb5e5764586802390a904ba068f in case of a replica failure: 4 tablet servers are needed, 3 are alive. Consider bringing up additional tablet server(s) or running both the masters and all tablet servers with --raft_prepare_replacement_before_eviction=false flag (not recommended).
I0619 00:11:48.720927 25468 tablet_service.cc:759] Processing CreateTablet for tablet baf80fd968c44e679987eb4ebe4473de (table=default.table_bf9811157f1646299f1a2fa551667df3 [id=eeb1072dfe27492990409ab910065b9c]), partition=RANGE (key) PARTITION UNBOUNDED
I0619 00:11:48.737813 25465 data_dirs.cc:934] Could only allocate 1 dirs of requested 3 for tablet dc04126054714196af6bdf7e771ffab0. 1 dirs total, 0 dirs full, 0 dirs failed
I0619 00:11:48.740058 25730 ts_tablet_manager.cc:1382] T 985e23a32fa84104a06dd19d97117ab2 P 395763cf325d4ce19859830a7ad35c85: tablet deleted with delete type TABLET_DATA_DELETED: last-logged OpId 0.0
I0619 00:11:48.740293 25730 log.cc:986] T 985e23a32fa84104a06dd19d97117ab2 P 395763cf325d4ce19859830a7ad35c85: Deleting WAL directory at /data/somelongdirectorytoavoidrpathissues/src/kudutest/master-stress-test.0.HmsConfigurations_MasterStressTest.Test_0.1529392303277196-25052/minicluster-data/ts-2/wal/wals/985e23a32fa84104a06dd19d97117ab2
I0619 00:11:48.734127 25467 tablet_service.cc:759] Processing CreateTablet for tablet 985e23a32fa84104a06dd19d97117ab2 (table=default.table_d946420480b24fe2810193b44fafa15b [id=23387ae786214a72874c9ff28f39db49]), partition=RANGE (key) PARTITION UNBOUNDED
I0619 00:11:48.742686 25468 data_dirs.cc:934] Could only allocate 1 dirs of requested 3 for tablet baf80fd968c44e679987eb4ebe4473de. 1 dirs total, 0 dirs full, 0 dirs failed
I0619 00:11:48.742936 25464 tablet_service.cc:759] Processing CreateTablet for tablet 89a7ff9cdbc046779799e4e8f71adb42 (table=default.table_4a989339185d4e3fa0c743cabbcbf619 [id=f25f5cc3e1d64c95a0dcc4e36416c416]), partition=RANGE (key) PARTITION UNBOUNDED
I0619 00:11:48.743324 25071 catalog_manager.cc:3113] Sending DeleteTablet(TABLET_DATA_DELETED) for tablet 985e23a32fa84104a06dd19d97117ab2 on 395763cf325d4ce19859830a7ad35c85 (127.24.119.3:39344) (Table deleted at 2018-06-19 00:11:48 PDT)
I0619 00:11:48.735198 25462 tablet_service.cc:800] Processing DeleteTablet for tablet 6d6363f6403b4104b15b329ab7f0e483 with delete_type TABLET_DATA_DELETED (Table deleted at 2018-06-19 00:11:48 PDT) from {username='jenkins'} at 127.24.119.2:51757
I0619 00:11:48.745108 25730 ts_tablet_manager.cc:1403] T 985e23a32fa84104a06dd19d97117ab2 P 395763cf325d4ce19859830a7ad35c85: Deleting consensus metadata
I0619 00:11:48.744992 25086 catalog_manager.cc:1339] Servicing CreateTable request from {username='jenkins'} at 127.24.119.62:54390: name: "default.table_9bbf1c0d460e4aafa3551e40c25513c4" schema { columns { name: "key" type: INT32 is_key: true is_nullable: false encoding: AUTO_ENCODING compression: DEFAULT_COMPRESSION cfile_block_size: 0 } } split_rows_range_bounds { } partition_schema { range_schema { columns { name: "key" } } }
W0619 00:11:48.745841 25086 catalog_manager.cc:1488] The number of live tablet servers is not enough to re-replicate a tablet replica of the newly created table default.table_9bbf1c0d460e4aafa3551e40c25513c4 in case of a replica failure: 4 tablet servers are needed, 3 are alive. Consider bringing up additional tablet server(s) or running both the masters and all tablet servers with --raft_prepare_replacement_before_eviction=false flag (not recommended).
I0619 00:11:48.747282 25071 catalog_manager.cc:3091] TS 395763cf325d4ce19859830a7ad35c85 (127.24.119.3:39344): tablet 985e23a32fa84104a06dd19d97117ab2 (table default.table_d946420480b24fe2810193b44fafa15b [id=23387ae786214a72874c9ff28f39db49]) successfully deleted
W0619 00:11:48.747805 25071 catalog_manager.cc:3071] TS 395763cf325d4ce19859830a7ad35c85 (127.24.119.3:39344): delete failed for tablet 985e23a32fa84104a06dd19d97117ab2 because the tablet was not found. No further retry: Not found: Tablet not found: 985e23a32fa84104a06dd19d97117ab2
I0619 00:11:48.748594 25601 tablet_service.cc:800] Processing DeleteTablet for tablet 985e23a32fa84104a06dd19d97117ab2 with delete_type TABLET_DATA_DELETED (Table deleted at 2018-06-19 00:11:48 PDT) from {username='jenkins'} at 127.24.119.3:34285
I0619 00:11:48.743350 25466 tablet_service.cc:759] Processing CreateTablet for tablet e3708e05f6054306b5bf7f1df2140e3d (table=default.table_14eb07c70b3f485b87fdb436a2ab7c27 [id=47a2f8c4d1f748a69c2bb0416bdb87e4]), partition=RANGE (key) PARTITION UNBOUNDED
I0619 00:11:48.753623 25067 catalog_manager.cc:2891] Scheduling retry of baf80fd968c44e679987eb4ebe4473de (table default.table_5e925f129a1043b7ab80c112a0ee33e0 [id=eeb1072dfe27492990409ab910065b9c]) Alter Table RPC with a delay of 99 ms (attempt = 3)
W0619 00:11:48.753906 25067 catalog_manager.cc:2910] Async tablet task baf80fd968c44e679987eb4ebe4473de (table default.table_5e925f129a1043b7ab80c112a0ee33e0 [id=eeb1072dfe27492990409ab910065b9c]) Alter Table RPC failed: Not found: failed to reset TS proxy: No leader found: Tablet baf80fd968c44e679987eb4ebe4473de consensus state has no leader
I0619 00:11:48.755266 25068 catalog_manager.cc:2891] Scheduling retry of baf80fd968c44e679987eb4ebe4473de (table default.table_5e925f129a1043b7ab80c112a0ee33e0 [id=eeb1072dfe27492990409ab910065b9c]) Alter Table RPC with a delay of 89 ms (attempt = 3)
W0619 00:11:48.755530 25068 catalog_manager.cc:2910] Async tablet task baf80fd968c44e679987eb4ebe4473de (table default.table_5e925f129a1043b7ab80c112a0ee33e0 [id=eeb1072dfe27492990409ab910065b9c]) Alter Table RPC failed: Not found: failed to reset TS proxy: No leader found: Tablet baf80fd968c44e679987eb4ebe4473de consensus state has no leader
I0619 00:11:48.755802 25725 ts_tablet_manager.cc:1028] T 7507676a768e421dac27fe524538e0bb P 10bda0b4856f4441b5aed24cdc4764a8: Bootstrapping tablet
I0619 00:11:48.756364 25725 tablet_bootstrap.cc:427] T 7507676a768e421dac27fe524538e0bb P 10bda0b4856f4441b5aed24cdc4764a8: Bootstrap starting.
W0619 00:11:48.758792 25071 catalog_manager.cc:3071] TS 395763cf325d4ce19859830a7ad35c85 (127.24.119.3:39344): delete failed for tablet 985e23a32fa84104a06dd19d97117ab2 because the tablet was not found. No further retry: Not found: Tablet not found: 985e23a32fa84104a06dd19d97117ab2
I0619 00:11:48.760682 25467 data_dirs.cc:934] Could only allocate 1 dirs of requested 3 for tablet 985e23a32fa84104a06dd19d97117ab2. 1 dirs total, 0 dirs full, 0 dirs failed
I0619 00:11:48.762090 25466 data_dirs.cc:934] Could only allocate 1 dirs of requested 3 for tablet e3708e05f6054306b5bf7f1df2140e3d. 1 dirs total, 0 dirs full, 0 dirs failed
I0619 00:11:48.761500 25725 tablet_bootstrap.cc:578] T 7507676a768e421dac27fe524538e0bb P 10bda0b4856f4441b5aed24cdc4764a8: No blocks or log segments found. Creating new log.
W0619 00:11:48.764405 25558 leader_election.cc:306] T baf80fd968c44e679987eb4ebe4473de P 395763cf325d4ce19859830a7ad35c85 [CANDIDATE]: Term 1 pre-election: Tablet error from VoteRequest() call to peer 10bda0b4856f4441b5aed24cdc4764a8 (127.24.119.2:38512): Not found: Tablet not found: baf80fd968c44e679987eb4ebe4473de
I0619 00:11:48.764684 25558 leader_election.cc:270] T baf80fd968c44e679987eb4ebe4473de P 395763cf325d4ce19859830a7ad35c85 [CANDIDATE]: Term 1 pre-election: Election decided. Result: candidate lost.
I0619 00:11:48.764747 25470 tablet_service.cc:759] Processing CreateTablet for tablet a226a7e97a7e44af8301ed4e6363effb (table=default.table_de92feb7880c4ea2b3fd76c65c6b3df5 [id=122dad4ddc134d21b827dca8587ed257]), partition=RANGE (key) PARTITION UNBOUNDED
I0619 00:11:48.764748 25601 tablet_service.cc:759] Processing CreateTablet for tablet a226a7e97a7e44af8301ed4e6363effb (table=default.table_de92feb7880c4ea2b3fd76c65c6b3df5 [id=122dad4ddc134d21b827dca8587ed257]), partition=RANGE (key) PARTITION UNBOUNDED
I0619 00:11:48.765321 25601 data_dirs.cc:934] Could only allocate 1 dirs of requested 3 for tablet a226a7e97a7e44af8301ed4e6363effb. 1 dirs total, 0 dirs full, 0 dirs failed
I0619 00:11:48.766916 25464 data_dirs.cc:934] Could only allocate 1 dirs of requested 3 for tablet 89a7ff9cdbc046779799e4e8f71adb42. 1 dirs total, 0 dirs full, 0 dirs failed
I0619 00:11:48.767786 25729 raft_consensus.cc:2732] T baf80fd968c44e679987eb4ebe4473de P 395763cf325d4ce19859830a7ad35c85: Snoozing failure detection for 1.890s (election complete)
I0619 00:11:48.768054 25729 raft_consensus.cc:2487] T baf80fd968c44e679987eb4ebe4473de P 395763cf325d4ce19859830a7ad35c85 [term 0 FOLLOWER]: Leader pre-election lost for term 1. Reason: could not achieve majority
W0619 00:11:48.775527 25668 heartbeater.cc:587] Failed to heartbeat to 127.24.119.61:46325: Network error: Failed to ping master at 127.24.119.61:46325: Client connection negotiation failed: client connection to 127.24.119.61:46325: connect: Connection refused (error 111)
I0619 00:11:48.776130 25470 data_dirs.cc:934] Could only allocate 1 dirs of requested 3 for tablet a226a7e97a7e44af8301ed4e6363effb. 1 dirs total, 0 dirs full, 0 dirs failed
I0619 00:11:48.785179 25724 ts_tablet_manager.cc:1073] T dc04126054714196af6bdf7e771ffab0 P 395763cf325d4ce19859830a7ad35c85: Time spent starting tablet: real 0.066s user 0.004s sys 0.000s
I0619 00:11:48.785606 25724 ts_tablet_manager.cc:1028] T 89a7ff9cdbc046779799e4e8f71adb42 P 395763cf325d4ce19859830a7ad35c85: Bootstrapping tablet
I0619 00:11:48.786043 25724 tablet_bootstrap.cc:427] T 89a7ff9cdbc046779799e4e8f71adb42 P 395763cf325d4ce19859830a7ad35c85: Bootstrap starting.
I0619 00:11:48.787819 25067 catalog_manager.cc:2891] Scheduling retry of baf80fd968c44e679987eb4ebe4473de (table default.table_5e925f129a1043b7ab80c112a0ee33e0 [id=eeb1072dfe27492990409ab910065b9c]) Alter Table RPC with a delay of 143 ms (attempt = 4)
W0619 00:11:48.788094 25067 catalog_manager.cc:2910] Async tablet task baf80fd968c44e679987eb4ebe4473de (table default.table_5e925f129a1043b7ab80c112a0ee33e0 [id=eeb1072dfe27492990409ab910065b9c]) Alter Table RPC failed: Not found: failed to reset TS proxy: No leader found: Tablet baf80fd968c44e679987eb4ebe4473de consensus state has no leader
I0619 00:11:48.788043 25602 tablet_service.cc:759] Processing CreateTablet for tablet ac129ed44f68432f800420175aa0a630 (table=default.table_e2e6deb5e5764586802390a904ba068f [id=76428d4b5c9a469998b9b5fe01c1d104]), partition=RANGE (key) PARTITION UNBOUNDED
I0619 00:11:48.788044 25604 tablet_service.cc:759] Processing CreateTablet for tablet fb8e94875a8347a0a473c95a77c38795 (table=default.table_77bc6b25b36d4879ba67ea600dcc9114 [id=41f48f0e1f87464eb43c5bf2a36f70ef]), partition=RANGE (key) PARTITION UNBOUNDED
I0619 00:11:48.788650 25602 data_dirs.cc:934] Could only allocate 1 dirs of requested 3 for tablet ac129ed44f68432f800420175aa0a630. 1 dirs total, 0 dirs full, 0 dirs failed
I0619 00:11:48.789005 25604 data_dirs.cc:934] Could only allocate 1 dirs of requested 3 for tablet fb8e94875a8347a0a473c95a77c38795. 1 dirs total, 0 dirs full, 0 dirs failed
I0619 00:11:48.788877 25469 tablet_service.cc:759] Processing CreateTablet for tablet ac129ed44f68432f800420175aa0a630 (table=default.table_e2e6deb5e5764586802390a904ba068f [id=76428d4b5c9a469998b9b5fe01c1d104]), partition=RANGE (key) PARTITION UNBOUNDED
I0619 00:11:48.789343 25725 log.cc:525] T 7507676a768e421dac27fe524538e0bb P 10bda0b4856f4441b5aed24cdc4764a8: Log is configured to *not* fsync() on all Append() calls
I0619 00:11:48.789458 25469 data_dirs.cc:934] Could only allocate 1 dirs of requested 3 for tablet ac129ed44f68432f800420175aa0a630. 1 dirs total, 0 dirs full, 0 dirs failed
I0619 00:11:48.792935 25068 catalog_manager.cc:2891] Scheduling retry of 89a7ff9cdbc046779799e4e8f71adb42 (table default.table_76fe64ca5bbd44279ae948d8df882d65 [id=f25f5cc3e1d64c95a0dcc4e36416c416]) Alter Table RPC with a delay of 164 ms (attempt = 4)
W0619 00:11:48.793254 25068 catalog_manager.cc:2910] Async tablet task 89a7ff9cdbc046779799e4e8f71adb42 (table default.table_76fe64ca5bbd44279ae948d8df882d65 [id=f25f5cc3e1d64c95a0dcc4e36416c416]) Alter Table RPC failed: Not found: failed to reset TS proxy: No leader found: Tablet 89a7ff9cdbc046779799e4e8f71adb42 consensus state has no leader
I0619 00:11:48.800945 25086 catalog_manager.cc:2136] Servicing AlterTable request from {username='jenkins'} at 127.24.119.62:54390: table { table_name: "default.table_14eb07c70b3f485b87fdb436a2ab7c27" } new_table_name: "default.table_514667669c72462a95c41b6bb68dc0fe" alter_external_catalogs: true
I0619 00:11:48.803503 25601 ts_tablet_manager.cc:1173] T a226a7e97a7e44af8301ed4e6363effb P 395763cf325d4ce19859830a7ad35c85: Registered tablet (data state: TABLET_DATA_READY)
I0619 00:11:48.807723 25087 catalog_manager.cc:1731] Servicing DeleteTable request from {username='jenkins'} at 127.24.119.62:54390: table { table_name: "default.table_706cbf40bb854d3ebbdbdbf69f4e15d6" }
I0619 00:11:48.809146 25603 tablet_service.cc:759] Processing CreateTablet for tablet fc22ad98ed2e4e3eb2c62360626a6f87 (table=default.table_9bbf1c0d460e4aafa3551e40c25513c4 [id=60acf6cc649c418c86934f212402a49d]), partition=RANGE (key) PARTITION UNBOUNDED
I0619 00:11:48.810303 25084 catalog_manager.cc:2136] Servicing AlterTable request from {username='jenkins'} at 127.24.119.62:54390: table { table_name: "default.table_77bc6b25b36d4879ba67ea600dcc9114" } new_table_name: "default.table_c297d9ff075944df87aac8f56d2f9d95" alter_external_catalogs: true
I0619 00:11:48.814085 25086 catalog_manager.cc:2891] Scheduling retry of e3708e05f6054306b5bf7f1df2140e3d (table default.table_514667669c72462a95c41b6bb68dc0fe [id=47a2f8c4d1f748a69c2bb0416bdb87e4]) Alter Table RPC with a delay of 46 ms (attempt = 1)
W0619 00:11:48.814363 25086 catalog_manager.cc:3998] Failed to send alter table request: Not found: failed to reset TS proxy: No leader found: Tablet e3708e05f6054306b5bf7f1df2140e3d consensus state has no leader
I0619 00:11:48.816860 25086 catalog_manager.cc:1731] Servicing DeleteTable request from {username='jenkins'} at 127.24.119.62:54390: table { table_name: "default.table_76fe64ca5bbd44279ae948d8df882d65" }
I0619 00:11:48.818753 25724 tablet_bootstrap.cc:578] T 89a7ff9cdbc046779799e4e8f71adb42 P 395763cf325d4ce19859830a7ad35c85: No blocks or log segments found. Creating new log.
I0619 00:11:48.805541 25462 tablet_service.cc:759] Processing CreateTablet for tablet fb8e94875a8347a0a473c95a77c38795 (table=default.table_77bc6b25b36d4879ba67ea600dcc9114 [id=41f48f0e1f87464eb43c5bf2a36f70ef]), partition=RANGE (key) PARTITION UNBOUNDED
I0619 00:11:48.816035 25470 ts_tablet_manager.cc:1173] T a226a7e97a7e44af8301ed4e6363effb P 10bda0b4856f4441b5aed24cdc4764a8: Registered tablet (data state: TABLET_DATA_READY)
W0619 00:11:48.823631 25071 catalog_manager.cc:3083] TS 10bda0b4856f4441b5aed24cdc4764a8 (127.24.119.2:38512): delete failed for tablet 7507676a768e421dac27fe524538e0bb with error code TABLET_NOT_RUNNING: Already present: State transition of tablet 7507676a768e421dac27fe524538e0bb already in progress: creating tablet
I0619 00:11:48.823899 25071 catalog_manager.cc:2891] Scheduling retry of 7507676a768e421dac27fe524538e0bb Delete Tablet RPC for TS=10bda0b4856f4441b5aed24cdc4764a8 with a delay of 58 ms (attempt = 1)
I0619 00:11:48.824322 25087 catalog_manager.cc:4025] T 00000000000000000000000000000000 P cb25d1bba5bf4c64914f300f122ec898: Sending DeleteTablet for 3 replicas of tablet dc04126054714196af6bdf7e771ffab0
I0619 00:11:48.824774 25462 data_dirs.cc:934] Could only allocate 1 dirs of requested 3 for tablet fb8e94875a8347a0a473c95a77c38795. 1 dirs total, 0 dirs full, 0 dirs failed
I0619 00:11:48.824636 25087 catalog_manager.cc:3113] Sending DeleteTablet(TABLET_DATA_DELETED) for tablet dc04126054714196af6bdf7e771ffab0 on 10bda0b4856f4441b5aed24cdc4764a8 (127.24.119.2:38512) (Table deleted at 2018-06-19 00:11:48 PDT)
I0619 00:11:48.825495 25087 catalog_manager.cc:3113] Sending DeleteTablet(TABLET_DATA_DELETED) for tablet dc04126054714196af6bdf7e771ffab0 on c007a00e65ad41a79da1a0c1050c55b4 (127.24.119.1:32951) (Table deleted at 2018-06-19 00:11:48 PDT)
I0619 00:11:48.825553 25466 ts_tablet_manager.cc:1173] T e3708e05f6054306b5bf7f1df2140e3d P 10bda0b4856f4441b5aed24cdc4764a8: Registered tablet (data state: TABLET_DATA_READY)
I0619 00:11:48.826225 25087 catalog_manager.cc:3113] Sending DeleteTablet(TABLET_DATA_DELETED) for tablet dc04126054714196af6bdf7e771ffab0 on 395763cf325d4ce19859830a7ad35c85 (127.24.119.3:39344) (Table deleted at 2018-06-19 00:11:48 PDT)
I0619 00:11:48.829780 25601 tablet_service.cc:800] Processing DeleteTablet for tablet dc04126054714196af6bdf7e771ffab0 with delete_type TABLET_DATA_DELETED (Table deleted at 2018-06-19 00:11:48 PDT) from {username='jenkins'} at 127.24.119.3:34285
I0619 00:11:48.830162 25604 ts_tablet_manager.cc:1173] T fb8e94875a8347a0a473c95a77c38795 P 395763cf325d4ce19859830a7ad35c85: Registered tablet (data state: TABLET_DATA_READY)
I0619 00:11:48.830498 25730 tablet_replica.cc:261] T dc04126054714196af6bdf7e771ffab0 P 395763cf325d4ce19859830a7ad35c85: stopping tablet replica
I0619 00:11:48.830726 25730 maintenance_manager.cc:237] P 395763cf325d4ce19859830a7ad35c85: Unregistered op CompactRowSetsOp(dc04126054714196af6bdf7e771ffab0)
I0619 00:11:48.830833 25603 data_dirs.cc:934] Could only allocate 1 dirs of requested 3 for tablet fc22ad98ed2e4e3eb2c62360626a6f87. 1 dirs total, 0 dirs full, 0 dirs failed
I0619 00:11:48.830911 25730 maintenance_manager.cc:237] P 395763cf325d4ce19859830a7ad35c85: Unregistered op MinorDeltaCompactionOp(dc04126054714196af6bdf7e771ffab0)
I0619 00:11:48.831162 25730 maintenance_manager.cc:237] P 395763cf325d4ce19859830a7ad35c85: Unregistered op MajorDeltaCompactionOp(dc04126054714196af6bdf7e771ffab0)
I0619 00:11:48.831349 25730 maintenance_manager.cc:237] P 395763cf325d4ce19859830a7ad35c85: Unregistered op UndoDeltaBlockGCOp(dc04126054714196af6bdf7e771ffab0)
I0619 00:11:48.831562 25730 maintenance_manager.cc:237] P 395763cf325d4ce19859830a7ad35c85: Unregistered op FlushMRSOp(dc04126054714196af6bdf7e771ffab0)
I0619 00:11:48.831748 25730 maintenance_manager.cc:237] P 395763cf325d4ce19859830a7ad35c85: Unregistered op FlushDeltaMemStoresOp(dc04126054714196af6bdf7e771ffab0)
I0619 00:11:48.831825 25465 ts_tablet_manager.cc:1173] T dc04126054714196af6bdf7e771ffab0 P 10bda0b4856f4441b5aed24cdc4764a8: Registered tablet (data state: TABLET_DATA_READY)
I0619 00:11:48.831918 25730 maintenance_manager.cc:237] P 395763cf325d4ce19859830a7ad35c85: Unregistered op LogGCOp(dc04126054714196af6bdf7e771ffab0)
I0619 00:11:48.832085 25730 raft_consensus.cc:2042] T dc04126054714196af6bdf7e771ffab0 P 395763cf325d4ce19859830a7ad35c85 [term 0 FOLLOWER]: Raft consensus shutting down.
I0619 00:11:48.832326 25730 raft_consensus.cc:2069] T dc04126054714196af6bdf7e771ffab0 P 395763cf325d4ce19859830a7ad35c85 [term 0 FOLLOWER]: Raft consensus is shut down!
I0619 00:11:48.833722 25730 ts_tablet_manager.cc:1369] T dc04126054714196af6bdf7e771ffab0 P 395763cf325d4ce19859830a7ad35c85: Deleting tablet data with delete state TABLET_DATA_DELETED
I0619 00:11:48.826707 25463 tablet_service.cc:759] Processing CreateTablet for tablet fc22ad98ed2e4e3eb2c62360626a6f87 (table=default.table_9bbf1c0d460e4aafa3551e40c25513c4 [id=60acf6cc649c418c86934f212402a49d]), partition=RANGE (key) PARTITION UNBOUNDED
W0619 00:11:48.835939 25071 catalog_manager.cc:3071] TS 10bda0b4856f4441b5aed24cdc4764a8 (127.24.119.2:38512): delete failed for tablet 985e23a32fa84104a06dd19d97117ab2 because the tablet was not found. No further retry: Not found: Tablet not found: 985e23a32fa84104a06dd19d97117ab2
W0619 00:11:48.836401 25071 catalog_manager.cc:3083] TS 10bda0b4856f4441b5aed24cdc4764a8 (127.24.119.2:38512): delete failed for tablet 6d6363f6403b4104b15b329ab7f0e483 with error code TABLET_NOT_RUNNING: Already present: State transition of tablet 6d6363f6403b4104b15b329ab7f0e483 already in progress: creating tablet
I0619 00:11:48.836637 25071 catalog_manager.cc:2891] Scheduling retry of 6d6363f6403b4104b15b329ab7f0e483 Delete Tablet RPC for TS=10bda0b4856f4441b5aed24cdc4764a8 with a delay of 32 ms (attempt = 1)
I0619 00:11:48.836889 25602 ts_tablet_manager.cc:1173] T ac129ed44f68432f800420175aa0a630 P 395763cf325d4ce19859830a7ad35c85: Registered tablet (data state: TABLET_DATA_READY)
I0619 00:11:48.827069 25470 tablet_service.cc:800] Processing DeleteTablet for tablet dc04126054714196af6bdf7e771ffab0 with delete_type TABLET_DATA_DELETED (Table deleted at 2018-06-19 00:11:48 PDT) from {username='jenkins'} at 127.24.119.2:51757
I0619 00:11:48.840173 25603 ts_tablet_manager.cc:1173] T fc22ad98ed2e4e3eb2c62360626a6f87 P 395763cf325d4ce19859830a7ad35c85: Registered tablet (data state: TABLET_DATA_READY)
I0619 00:11:48.843413 25084 catalog_manager.cc:2891] Scheduling retry of fb8e94875a8347a0a473c95a77c38795 (table default.table_c297d9ff075944df87aac8f56d2f9d95 [id=41f48f0e1f87464eb43c5bf2a36f70ef]) Alter Table RPC with a delay of 45 ms (attempt = 1)
W0619 00:11:48.843711 25084 catalog_manager.cc:3998] Failed to send alter table request: Not found: failed to reset TS proxy: No leader found: Tablet fb8e94875a8347a0a473c95a77c38795 consensus state has no leader
I0619 00:11:48.843706 25464 ts_tablet_manager.cc:1173] T 89a7ff9cdbc046779799e4e8f71adb42 P 10bda0b4856f4441b5aed24cdc4764a8: Registered tablet (data state: TABLET_DATA_READY)
I0619 00:11:48.844249 25463 data_dirs.cc:934] Could only allocate 1 dirs of requested 3 for tablet fc22ad98ed2e4e3eb2c62360626a6f87. 1 dirs total, 0 dirs full, 0 dirs failed
I0619 00:11:48.847883 25068 catalog_manager.cc:2891] Scheduling retry of baf80fd968c44e679987eb4ebe4473de (table default.table_5e925f129a1043b7ab80c112a0ee33e0 [id=eeb1072dfe27492990409ab910065b9c]) Alter Table RPC with a delay of 130 ms (attempt = 4)
W0619 00:11:48.848153 25068 catalog_manager.cc:2910] Async tablet task baf80fd968c44e679987eb4ebe4473de (table default.table_5e925f129a1043b7ab80c112a0ee33e0 [id=eeb1072dfe27492990409ab910065b9c]) Alter Table RPC failed: Not found: failed to reset TS proxy: No leader found: Tablet baf80fd968c44e679987eb4ebe4473de consensus state has no leader
I0619 00:11:48.850934 25468 ts_tablet_manager.cc:1173] T baf80fd968c44e679987eb4ebe4473de P 10bda0b4856f4441b5aed24cdc4764a8: Registered tablet (data state: TABLET_DATA_READY)
I0619 00:11:48.851330 25467 ts_tablet_manager.cc:1173] T 985e23a32fa84104a06dd19d97117ab2 P 10bda0b4856f4441b5aed24cdc4764a8: Registered tablet (data state: TABLET_DATA_READY)
I0619 00:11:48.852953 25086 catalog_manager.cc:4025] T 00000000000000000000000000000000 P cb25d1bba5bf4c64914f300f122ec898: Sending DeleteTablet for 3 replicas of tablet 89a7ff9cdbc046779799e4e8f71adb42
I0619 00:11:48.853238 25086 catalog_manager.cc:3113] Sending DeleteTablet(TABLET_DATA_DELETED) for tablet 89a7ff9cdbc046779799e4e8f71adb42 on c007a00e65ad41a79da1a0c1050c55b4 (127.24.119.1:32951) (Table deleted at 2018-06-19 00:11:48 PDT)
I0619 00:11:48.853641 25086 catalog_manager.cc:3113] Sending DeleteTablet(TABLET_DATA_DELETED) for tablet 89a7ff9cdbc046779799e4e8f71adb42 on 10bda0b4856f4441b5aed24cdc4764a8 (127.24.119.2:38512) (Table deleted at 2018-06-19 00:11:48 PDT)
I0619 00:11:48.854005 25086 catalog_manager.cc:3113] Sending DeleteTablet(TABLET_DATA_DELETED) for tablet 89a7ff9cdbc046779799e4e8f71adb42 on 395763cf325d4ce19859830a7ad35c85 (127.24.119.3:39344) (Table deleted at 2018-06-19 00:11:48 PDT)
I0619 00:11:48.854842 25067 catalog_manager.cc:2891] Scheduling retry of baf80fd968c44e679987eb4ebe4473de (table default.table_5e925f129a1043b7ab80c112a0ee33e0 [id=eeb1072dfe27492990409ab910065b9c]) Alter Table RPC with a delay of 137 ms (attempt = 4)
W0619 00:11:48.855098 25067 catalog_manager.cc:2910] Async tablet task baf80fd968c44e679987eb4ebe4473de (table default.table_5e925f129a1043b7ab80c112a0ee33e0 [id=eeb1072dfe27492990409ab910065b9c]) Alter Table RPC failed: Not found: failed to reset TS proxy: No leader found: Tablet baf80fd968c44e679987eb4ebe4473de consensus state has no leader
I0619 00:11:48.856456 25604 tablet_service.cc:800] Processing DeleteTablet for tablet 89a7ff9cdbc046779799e4e8f71adb42 with delete_type TABLET_DATA_DELETED (Table deleted at 2018-06-19 00:11:48 PDT) from {username='jenkins'} at 127.24.119.3:34285
I0619 00:11:48.856577 25467 tablet_service.cc:800] Processing DeleteTablet for tablet 89a7ff9cdbc046779799e4e8f71adb42 with delete_type TABLET_DATA_DELETED (Table deleted at 2018-06-19 00:11:48 PDT) from {username='jenkins'} at 127.24.119.2:51757
I0619 00:11:48.416308 25335 tablet_service.cc:759] Processing CreateTablet for tablet 6d6363f6403b4104b15b329ab7f0e483 (table=default.table_7ea77d77ddd04410989cd2735133a5e5 [id=dd175630a9ac4af5aa17edcb7226e141]), partition=RANGE (key) PARTITION UNBOUNDED
I0619 00:11:48.857784 25335 data_dirs.cc:934] Could only allocate 1 dirs of requested 3 for tablet 6d6363f6403b4104b15b329ab7f0e483. 1 dirs total, 0 dirs full, 0 dirs failed
I0619 00:11:48.860935 25469 ts_tablet_manager.cc:1173] T ac129ed44f68432f800420175aa0a630 P 10bda0b4856f4441b5aed24cdc4764a8: Registered tablet (data state: TABLET_DATA_READY)
I0619 00:11:48.861848 25069 catalog_manager.cc:2891] Scheduling retry of e3708e05f6054306b5bf7f1df2140e3d (table default.table_514667669c72462a95c41b6bb68dc0fe [id=47a2f8c4d1f748a69c2bb0416bdb87e4]) Alter Table RPC with a delay of 48 ms (attempt = 2)
W0619 00:11:48.862126 25069 catalog_manager.cc:2910] Async tablet task e3708e05f6054306b5bf7f1df2140e3d (table default.table_514667669c72462a95c41b6bb68dc0fe [id=47a2f8c4d1f748a69c2bb0416bdb87e4]) Alter Table RPC failed: Not found: failed to reset TS proxy: No leader found: Tablet e3708e05f6054306b5bf7f1df2140e3d consensus state has no leader
I0619 00:11:48.864406 25730 ts_tablet_manager.cc:1382] T dc04126054714196af6bdf7e771ffab0 P 395763cf325d4ce19859830a7ad35c85: tablet deleted with delete type TABLET_DATA_DELETED: last-logged OpId 0.0
I0619 00:11:48.864640 25730 log.cc:986] T dc04126054714196af6bdf7e771ffab0 P 395763cf325d4ce19859830a7ad35c85: Deleting WAL directory at /data/somelongdirectorytoavoidrpathissues/src/kudutest/master-stress-test.0.HmsConfigurations_MasterStressTest.Test_0.1529392303277196-25052/minicluster-data/ts-2/wal/wals/dc04126054714196af6bdf7e771ffab0
I0619 00:11:48.865130 25730 ts_tablet_manager.cc:1403] T dc04126054714196af6bdf7e771ffab0 P 395763cf325d4ce19859830a7ad35c85: Deleting consensus metadata
I0619 00:11:48.869168 25463 ts_tablet_manager.cc:1173] T fc22ad98ed2e4e3eb2c62360626a6f87 P 10bda0b4856f4441b5aed24cdc4764a8: Registered tablet (data state: TABLET_DATA_READY)
I0619 00:11:48.869964 25071 catalog_manager.cc:3113] Sending DeleteTablet(TABLET_DATA_DELETED) for tablet 6d6363f6403b4104b15b329ab7f0e483 on 10bda0b4856f4441b5aed24cdc4764a8 (127.24.119.2:38512) (Table deleted at 2018-06-19 00:11:48 PDT)
I0619 00:11:48.870512 25724 tablet_bootstrap.cc:427] T 89a7ff9cdbc046779799e4e8f71adb42 P 395763cf325d4ce19859830a7ad35c85: No bootstrap required, opened a new log
I0619 00:11:48.870841 25724 ts_tablet_manager.cc:1045] T 89a7ff9cdbc046779799e4e8f71adb42 P 395763cf325d4ce19859830a7ad35c85: Time spent bootstrapping tablet: real 0.085s user 0.004s sys 0.002s
I0619 00:11:48.871206 25467 tablet_service.cc:800] Processing DeleteTablet for tablet 6d6363f6403b4104b15b329ab7f0e483 with delete_type TABLET_DATA_DELETED (Table deleted at 2018-06-19 00:11:48 PDT) from {username='jenkins'} at 127.24.119.2:51757
I0619 00:11:48.872297 25335 ts_tablet_manager.cc:1173] T 6d6363f6403b4104b15b329ab7f0e483 P c007a00e65ad41a79da1a0c1050c55b4: Registered tablet (data state: TABLET_DATA_READY)
W0619 00:11:48.872368 25071 catalog_manager.cc:3083] TS 10bda0b4856f4441b5aed24cdc4764a8 (127.24.119.2:38512): delete failed for tablet dc04126054714196af6bdf7e771ffab0 with error code TABLET_NOT_RUNNING: Already present: State transition of tablet dc04126054714196af6bdf7e771ffab0 already in progress: creating tablet
I0619 00:11:48.872613 25071 catalog_manager.cc:2891] Scheduling retry of dc04126054714196af6bdf7e771ffab0 Delete Tablet RPC for TS=10bda0b4856f4441b5aed24cdc4764a8 with a delay of 31 ms (attempt = 1)
I0619 00:11:48.872197 25724 raft_consensus.cc:325] T 89a7ff9cdbc046779799e4e8f71adb42 P 395763cf325d4ce19859830a7ad35c85 [term 0 FOLLOWER]: Replica starting. Triggering 0 pending transactions. Active config: opid_index: -1 OBSOLETE_local: false peers { permanent_uuid: "c007a00e65ad41a79da1a0c1050c55b4" member_type: VOTER last_known_addr { host: "127.24.119.1" port: 32951 } } peers { permanent_uuid: "10bda0b4856f4441b5aed24cdc4764a8" member_type: VOTER last_known_addr { host: "127.24.119.2" port: 38512 } } peers { permanent_uuid: "395763cf325d4ce19859830a7ad35c85" member_type: VOTER last_known_addr { host: "127.24.119.3" port: 39344 } }
I0619 00:11:48.872848 25724 raft_consensus.cc:351] T 89a7ff9cdbc046779799e4e8f71adb42 P 395763cf325d4ce19859830a7ad35c85 [term 0 FOLLOWER]: Consensus starting up: Expiring failure detector timer to make a prompt election more likely
I0619 00:11:48.873034 25724 raft_consensus.cc:628] T 89a7ff9cdbc046779799e4e8f71adb42 P 395763cf325d4ce19859830a7ad35c85 [term 0 FOLLOWER]: Becoming Follower/Learner. State: Replica: 395763cf325d4ce19859830a7ad35c85, State: Initialized, Role: FOLLOWER
W0619 00:11:48.873351 25071 catalog_manager.cc:3083] TS 10bda0b4856f4441b5aed24cdc4764a8 (127.24.119.2:38512): delete failed for tablet 89a7ff9cdbc046779799e4e8f71adb42 with error code TABLET_NOT_RUNNING: Already present: State transition of tablet 89a7ff9cdbc046779799e4e8f71adb42 already in progress: creating tablet
I0619 00:11:48.873558 25071 catalog_manager.cc:2891] Scheduling retry of 89a7ff9cdbc046779799e4e8f71adb42 Delete Tablet RPC for TS=10bda0b4856f4441b5aed24cdc4764a8 with a delay of 61 ms (attempt = 1)
I0619 00:11:48.873520 25724 consensus_queue.cc:227] T 89a7ff9cdbc046779799e4e8f71adb42 P 395763cf325d4ce19859830a7ad35c85 [NON_LEADER]: Queue going to NON_LEADER mode. State: All replicated index: 0, Majority replicated index: 0, Committed index: 0, Last appended: 0.0, Last appended by leader: 0, Current term: 0, Majority size: -1, State: 0, Mode: NON_LEADER, active raft config: opid_index: -1 OBSOLETE_local: false peers { permanent_uuid: "c007a00e65ad41a79da1a0c1050c55b4" member_type: VOTER last_known_addr { host: "127.24.119.1" port: 32951 } } peers { permanent_uuid: "10bda0b4856f4441b5aed24cdc4764a8" member_type: VOTER last_known_addr { host: "127.24.119.2" port: 38512 } } peers { permanent_uuid: "395763cf325d4ce19859830a7ad35c85" member_type: VOTER last_known_addr { host: "127.24.119.3" port: 39344 } }
W0619 00:11:48.873942 25071 catalog_manager.cc:3083] TS 10bda0b4856f4441b5aed24cdc4764a8 (127.24.119.2:38512): delete failed for tablet 6d6363f6403b4104b15b329ab7f0e483 with error code TABLET_NOT_RUNNING: Already present: State transition of tablet 6d6363f6403b4104b15b329ab7f0e483 already in progress: creating tablet
I0619 00:11:48.874155 25071 catalog_manager.cc:2891] Scheduling retry of 6d6363f6403b4104b15b329ab7f0e483 Delete Tablet RPC for TS=10bda0b4856f4441b5aed24cdc4764a8 with a delay of 65 ms (attempt = 2)
W0619 00:11:48.876096 25668 heartbeater.cc:587] Failed to heartbeat to 127.24.119.61:46325: Network error: Failed to ping master at 127.24.119.61:46325: Client connection negotiation failed: client connection to 127.24.119.61:46325: connect: Connection refused (error 111)
I0619 00:11:48.876137 25724 ts_tablet_manager.cc:1073] T 89a7ff9cdbc046779799e4e8f71adb42 P 395763cf325d4ce19859830a7ad35c85: Time spent starting tablet: real 0.005s user 0.003s sys 0.000s
I0619 00:11:48.876510 25724 ts_tablet_manager.cc:1028] T a226a7e97a7e44af8301ed4e6363effb P 395763cf325d4ce19859830a7ad35c85: Bootstrapping tablet
I0619 00:11:48.876863 25724 tablet_bootstrap.cc:427] T a226a7e97a7e44af8301ed4e6363effb P 395763cf325d4ce19859830a7ad35c85: Bootstrap starting.
W0619 00:11:48.878412 25668 heartbeater.cc:587] Failed to heartbeat to 127.24.119.61:46325: Network error: Failed to ping master at 127.24.119.61:46325: Client connection negotiation failed: client connection to 127.24.119.61:46325: connect: Connection refused (error 111)
I0619 00:11:48.878739 25086 catalog_manager.cc:3663] Got report from deleted tablet 89a7ff9cdbc046779799e4e8f71adb42 (table default.table_76fe64ca5bbd44279ae948d8df882d65 [id=f25f5cc3e1d64c95a0dcc4e36416c416]) (Table deleted at 2018-06-19 00:11:48 PDT): Sending delete request for this tablet
I0619 00:11:48.879237 25462 ts_tablet_manager.cc:1173] T fb8e94875a8347a0a473c95a77c38795 P 10bda0b4856f4441b5aed24cdc4764a8: Registered tablet (data state: TABLET_DATA_READY)
I0619 00:11:48.879412 25086 catalog_manager.cc:3113] Sending DeleteTablet(TABLET_DATA_DELETED) for tablet 89a7ff9cdbc046779799e4e8f71adb42 on 395763cf325d4ce19859830a7ad35c85 (127.24.119.3:39344) (Table deleted at 2018-06-19 00:11:48 PDT)
I0619 00:11:48.880484 25071 catalog_manager.cc:3091] TS 395763cf325d4ce19859830a7ad35c85 (127.24.119.3:39344): tablet dc04126054714196af6bdf7e771ffab0 (table default.table_706cbf40bb854d3ebbdbdbf69f4e15d6 [id=091a66f5716e463293291bf5aba8723a]) successfully deleted
I0619 00:11:48.881733 25603 tablet_service.cc:800] Processing DeleteTablet for tablet 89a7ff9cdbc046779799e4e8f71adb42 with delete_type TABLET_DATA_DELETED (Table deleted at 2018-06-19 00:11:48 PDT) from {username='jenkins'} at 127.24.119.3:34285
I0619 00:11:48.882637 25730 tablet_replica.cc:261] T 89a7ff9cdbc046779799e4e8f71adb42 P 395763cf325d4ce19859830a7ad35c85: stopping tablet replica
I0619 00:11:48.882964 25086 catalog_manager.cc:3663] Got report from deleted tablet 89a7ff9cdbc046779799e4e8f71adb42 (table default.table_76fe64ca5bbd44279ae948d8df882d65 [id=f25f5cc3e1d64c95a0dcc4e36416c416]) (Table deleted at 2018-06-19 00:11:48 PDT): Sending delete request for this tablet
I0619 00:11:48.883505 25730 maintenance_manager.cc:237] P 395763cf325d4ce19859830a7ad35c85: Unregistered op CompactRowSetsOp(89a7ff9cdbc046779799e4e8f71adb42)
I0619 00:11:48.883500 25725 tablet_bootstrap.cc:427] T 7507676a768e421dac27fe524538e0bb P 10bda0b4856f4441b5aed24cdc4764a8: No bootstrap required, opened a new log
I0619 00:11:48.883601 25086 catalog_manager.cc:3113] Sending DeleteTablet(TABLET_DATA_DELETED) for tablet 89a7ff9cdbc046779799e4e8f71adb42 on 395763cf325d4ce19859830a7ad35c85 (127.24.119.3:39344) (Table deleted at 2018-06-19 00:11:48 PDT)
I0619 00:11:48.883934 25725 ts_tablet_manager.cc:1045] T 7507676a768e421dac27fe524538e0bb P 10bda0b4856f4441b5aed24cdc4764a8: Time spent bootstrapping tablet: real 0.128s user 0.008s sys 0.016s
I0619 00:11:48.884516 25071 catalog_manager.cc:3113] Sending DeleteTablet(TABLET_DATA_DELETED) for tablet 7507676a768e421dac27fe524538e0bb on 10bda0b4856f4441b5aed24cdc4764a8 (127.24.119.2:38512) (replaced by tablet baf80fd968c44e679987eb4ebe4473de)
I0619 00:11:48.885480 25603 tablet_service.cc:800] Processing DeleteTablet for tablet 89a7ff9cdbc046779799e4e8f71adb42 with delete_type TABLET_DATA_DELETED (Table deleted at 2018-06-19 00:11:48 PDT) from {username='jenkins'} at 127.24.119.3:34285
I0619 00:11:48.885913 25462 tablet_service.cc:800] Processing DeleteTablet for tablet 7507676a768e421dac27fe524538e0bb with delete_type TABLET_DATA_DELETED (replaced by tablet baf80fd968c44e679987eb4ebe4473de) from {username='jenkins'} at 127.24.119.2:51757
I0619 00:11:48.886240 25730 maintenance_manager.cc:237] P 395763cf325d4ce19859830a7ad35c85: Unregistered op MinorDeltaCompactionOp(89a7ff9cdbc046779799e4e8f71adb42)
I0619 00:11:48.886445 25730 maintenance_manager.cc:237] P 395763cf325d4ce19859830a7ad35c85: Unregistered op MajorDeltaCompactionOp(89a7ff9cdbc046779799e4e8f71adb42)
I0619 00:11:48.886629 25730 maintenance_manager.cc:237] P 395763cf325d4ce19859830a7ad35c85: Unregistered op UndoDeltaBlockGCOp(89a7ff9cdbc046779799e4e8f71adb42)
I0619 00:11:48.886870 25730 maintenance_manager.cc:237] P 395763cf325d4ce19859830a7ad35c85: Unregistered op FlushMRSOp(89a7ff9cdbc046779799e4e8f71adb42)
W0619 00:11:48.887217 25071 catalog_manager.cc:3083] TS 10bda0b4856f4441b5aed24cdc4764a8 (127.24.119.2:38512): delete failed for tablet 7507676a768e421dac27fe524538e0bb with error code TABLET_NOT_RUNNING: Already present: State transition of tablet 7507676a768e421dac27fe524538e0bb already in progress: creating tablet
I0619 00:11:48.887300 25730 maintenance_manager.cc:237] P 395763cf325d4ce19859830a7ad35c85: Unregistered op FlushDeltaMemStoresOp(89a7ff9cdbc046779799e4e8f71adb42)
I0619 00:11:48.887429 25071 catalog_manager.cc:2891] Scheduling retry of 7507676a768e421dac27fe524538e0bb Delete Tablet RPC for TS=10bda0b4856f4441b5aed24cdc4764a8 with a delay of 60 ms (attempt = 2)
I0619 00:11:48.887513 25730 maintenance_manager.cc:237] P 395763cf325d4ce19859830a7ad35c85: Unregistered op LogGCOp(89a7ff9cdbc046779799e4e8f71adb42)
I0619 00:11:48.887766 25730 raft_consensus.cc:2042] T 89a7ff9cdbc046779799e4e8f71adb42 P 395763cf325d4ce19859830a7ad35c85 [term 0 FOLLOWER]: Raft consensus shutting down.
I0619 00:11:48.888041 25730 raft_consensus.cc:2069] T 89a7ff9cdbc046779799e4e8f71adb42 P 395763cf325d4ce19859830a7ad35c85 [term 0 FOLLOWER]: Raft consensus is shut down!
I0619 00:11:48.890238 25068 catalog_manager.cc:2891] Scheduling retry of fb8e94875a8347a0a473c95a77c38795 (table default.table_c297d9ff075944df87aac8f56d2f9d95 [id=41f48f0e1f87464eb43c5bf2a36f70ef]) Alter Table RPC with a delay of 58 ms (attempt = 2)
W0619 00:11:48.890509 25068 catalog_manager.cc:2910] Async tablet task fb8e94875a8347a0a473c95a77c38795 (table default.table_c297d9ff075944df87aac8f56d2f9d95 [id=41f48f0e1f87464eb43c5bf2a36f70ef]) Alter Table RPC failed: Not found: failed to reset TS proxy: No leader found: Tablet fb8e94875a8347a0a473c95a77c38795 consensus state has no leader
I0619 00:11:48.889941 25730 ts_tablet_manager.cc:1369] T 89a7ff9cdbc046779799e4e8f71adb42 P 395763cf325d4ce19859830a7ad35c85: Deleting tablet data with delete state TABLET_DATA_DELETED
I0619 00:11:48.892087 25086 master_service.cc:523] ReplaceTablet: received request to replace tablet 6d6363f6403b4104b15b329ab7f0e483 from {username='jenkins'} at 127.24.119.62:54390
I0619 00:11:48.895778 25086 master_service.cc:523] ReplaceTablet: received request to replace tablet 7507676a768e421dac27fe524538e0bb from {username='jenkins'} at 127.24.119.62:54390
I0619 00:11:48.896070 25724 tablet_bootstrap.cc:578] T a226a7e97a7e44af8301ed4e6363effb P 395763cf325d4ce19859830a7ad35c85: No blocks or log segments found. Creating new log.
W0619 00:11:48.417999 25290 connection.cc:512] client connection to 127.24.119.61:46325 recv error: Network error: failed to read from TLS socket (remote: 127.24.119.61:46325): Connection reset by peer (error 104)
I0619 00:11:48.903911 25727 ts_tablet_manager.cc:1028] T 7507676a768e421dac27fe524538e0bb P c007a00e65ad41a79da1a0c1050c55b4: Bootstrapping tablet
I0619 00:11:48.905467 25071 catalog_manager.cc:3113] Sending DeleteTablet(TABLET_DATA_DELETED) for tablet dc04126054714196af6bdf7e771ffab0 on 10bda0b4856f4441b5aed24cdc4764a8 (127.24.119.2:38512) (Table deleted at 2018-06-19 00:11:48 PDT)
I0619 00:11:48.905531 25727 tablet_bootstrap.cc:427] T 7507676a768e421dac27fe524538e0bb P c007a00e65ad41a79da1a0c1050c55b4: Bootstrap starting.
I0619 00:11:48.906747 25462 tablet_service.cc:800] Processing DeleteTablet for tablet dc04126054714196af6bdf7e771ffab0 with delete_type TABLET_DATA_DELETED (Table deleted at 2018-06-19 00:11:48 PDT) from {username='jenkins'} at 127.24.119.2:51757
I0619 00:11:48.905485 25334 tablet_service.cc:759] Processing CreateTablet for tablet baf80fd968c44e679987eb4ebe4473de (table=default.table_bf9811157f1646299f1a2fa551667df3 [id=eeb1072dfe27492990409ab910065b9c]), partition=RANGE (key) PARTITION UNBOUNDED
I0619 00:11:48.906167 25335 tablet_service.cc:800] Processing DeleteTablet for tablet 7507676a768e421dac27fe524538e0bb with delete_type TABLET_DATA_DELETED (replaced by tablet baf80fd968c44e679987eb4ebe4473de) from {username='jenkins'} at 127.24.119.1:46159
W0619 00:11:48.907752 25071 catalog_manager.cc:3083] TS 10bda0b4856f4441b5aed24cdc4764a8 (127.24.119.2:38512): delete failed for tablet dc04126054714196af6bdf7e771ffab0 with error code TABLET_NOT_RUNNING: Already present: State transition of tablet dc04126054714196af6bdf7e771ffab0 already in progress: creating tablet
I0619 00:11:48.907971 25071 catalog_manager.cc:2891] Scheduling retry of dc04126054714196af6bdf7e771ffab0 Delete Tablet RPC for TS=10bda0b4856f4441b5aed24cdc4764a8 with a delay of 79 ms (attempt = 2)
I0619 00:11:48.907258 25332 tablet_service.cc:759] Processing CreateTablet for tablet e3708e05f6054306b5bf7f1df2140e3d (table=default.table_14eb07c70b3f485b87fdb436a2ab7c27 [id=47a2f8c4d1f748a69c2bb0416bdb87e4]), partition=RANGE (key) PARTITION UNBOUNDED
I0619 00:11:48.909307 25328 tablet_service.cc:800] Processing DeleteTablet for tablet 6d6363f6403b4104b15b329ab7f0e483 with delete_type TABLET_DATA_DELETED (Table deleted at 2018-06-19 00:11:48 PDT) from {username='jenkins'} at 127.24.119.1:46159
I0619 00:11:48.910181 25333 tablet_service.cc:759] Processing CreateTablet for tablet 985e23a32fa84104a06dd19d97117ab2 (table=default.table_d946420480b24fe2810193b44fafa15b [id=23387ae786214a72874c9ff28f39db49]), partition=RANGE (key) PARTITION UNBOUNDED
I0619 00:11:48.910882 25069 catalog_manager.cc:2891] Scheduling retry of e3708e05f6054306b5bf7f1df2140e3d (table default.table_514667669c72462a95c41b6bb68dc0fe [id=47a2f8c4d1f748a69c2bb0416bdb87e4]) Alter Table RPC with a delay of 77 ms (attempt = 3)
W0619 00:11:48.911161 25069 catalog_manager.cc:2910] Async tablet task e3708e05f6054306b5bf7f1df2140e3d (table default.table_514667669c72462a95c41b6bb68dc0fe [id=47a2f8c4d1f748a69c2bb0416bdb87e4]) Alter Table RPC failed: Not found: failed to reset TS proxy: No leader found: Tablet e3708e05f6054306b5bf7f1df2140e3d consensus state has no leader
I0619 00:11:48.909299 25329 tablet_service.cc:800] Processing DeleteTablet for tablet 985e23a32fa84104a06dd19d97117ab2 with delete_type TABLET_DATA_DELETED (Table deleted at 2018-06-19 00:11:48 PDT) from {username='jenkins'} at 127.24.119.1:46159
I0619 00:11:48.909448 25334 data_dirs.cc:934] Could only allocate 1 dirs of requested 3 for tablet baf80fd968c44e679987eb4ebe4473de. 1 dirs total, 0 dirs full, 0 dirs failed
I0619 00:11:48.912942 25724 tablet_bootstrap.cc:427] T a226a7e97a7e44af8301ed4e6363effb P 395763cf325d4ce19859830a7ad35c85: No bootstrap required, opened a new log
I0619 00:11:48.913256 25724 ts_tablet_manager.cc:1045] T a226a7e97a7e44af8301ed4e6363effb P 395763cf325d4ce19859830a7ad35c85: Time spent bootstrapping tablet: real 0.036s user 0.005s sys 0.002s
I0619 00:11:48.914613 25724 raft_consensus.cc:325] T a226a7e97a7e44af8301ed4e6363effb P 395763cf325d4ce19859830a7ad35c85 [term 0 FOLLOWER]: Replica starting. Triggering 0 pending transactions. Active config: opid_index: -1 OBSOLETE_local: false peers { permanent_uuid: "c007a00e65ad41a79da1a0c1050c55b4" member_type: VOTER last_known_addr { host: "127.24.119.1" port: 32951 } } peers { permanent_uuid: "10bda0b4856f4441b5aed24cdc4764a8" member_type: VOTER last_known_addr { host: "127.24.119.2" port: 38512 } } peers { permanent_uuid: "395763cf325d4ce19859830a7ad35c85" member_type: VOTER last_known_addr { host: "127.24.119.3" port: 39344 } }
