I0619 00:11:48.915225 25724 raft_consensus.cc:351] T a226a7e97a7e44af8301ed4e6363effb P 395763cf325d4ce19859830a7ad35c85 [term 0 FOLLOWER]: Consensus starting up: Expiring failure detector timer to make a prompt election more likely
I0619 00:11:48.915411 25724 raft_consensus.cc:628] T a226a7e97a7e44af8301ed4e6363effb P 395763cf325d4ce19859830a7ad35c85 [term 0 FOLLOWER]: Becoming Follower/Learner. State: Replica: 395763cf325d4ce19859830a7ad35c85, State: Initialized, Role: FOLLOWER
I0619 00:11:48.918334 25724 consensus_queue.cc:227] T a226a7e97a7e44af8301ed4e6363effb P 395763cf325d4ce19859830a7ad35c85 [NON_LEADER]: Queue going to NON_LEADER mode. State: All replicated index: 0, Majority replicated index: 0, Committed index: 0, Last appended: 0.0, Last appended by leader: 0, Current term: 0, Majority size: -1, State: 0, Mode: NON_LEADER, active raft config: opid_index: -1 OBSOLETE_local: false peers { permanent_uuid: "c007a00e65ad41a79da1a0c1050c55b4" member_type: VOTER last_known_addr { host: "127.24.119.1" port: 32951 } } peers { permanent_uuid: "10bda0b4856f4441b5aed24cdc4764a8" member_type: VOTER last_known_addr { host: "127.24.119.2" port: 38512 } } peers { permanent_uuid: "395763cf325d4ce19859830a7ad35c85" member_type: VOTER last_known_addr { host: "127.24.119.3" port: 39344 } }
W0619 00:11:48.921455 25668 heartbeater.cc:587] Failed to heartbeat to 127.24.119.61:46325: Network error: Failed to ping master at 127.24.119.61:46325: Client connection negotiation failed: client connection to 127.24.119.61:46325: connect: Connection refused (error 111)
W0619 00:11:48.923209 25668 heartbeater.cc:587] Failed to heartbeat to 127.24.119.61:46325: Network error: Failed to ping master at 127.24.119.61:46325: Client connection negotiation failed: client connection to 127.24.119.61:46325: connect: Connection refused (error 111)
I0619 00:11:48.919785 25333 data_dirs.cc:934] Could only allocate 1 dirs of requested 3 for tablet 985e23a32fa84104a06dd19d97117ab2. 1 dirs total, 0 dirs full, 0 dirs failed
I0619 00:11:48.924366 25324 tablet_service.cc:800] Processing DeleteTablet for tablet dc04126054714196af6bdf7e771ffab0 with delete_type TABLET_DATA_DELETED (Table deleted at 2018-06-19 00:11:48 PDT) from {username='jenkins'} at 127.24.119.1:46159
I0619 00:11:48.925118 25724 ts_tablet_manager.cc:1073] T a226a7e97a7e44af8301ed4e6363effb P 395763cf325d4ce19859830a7ad35c85: Time spent starting tablet: real 0.009s user 0.003s sys 0.001s
I0619 00:11:48.925732 25724 ts_tablet_manager.cc:1028] T ac129ed44f68432f800420175aa0a630 P 395763cf325d4ce19859830a7ad35c85: Bootstrapping tablet
I0619 00:11:48.926106 25724 tablet_bootstrap.cc:427] T ac129ed44f68432f800420175aa0a630 P 395763cf325d4ce19859830a7ad35c85: Bootstrap starting.
I0619 00:11:48.925334 25730 ts_tablet_manager.cc:1382] T 89a7ff9cdbc046779799e4e8f71adb42 P 395763cf325d4ce19859830a7ad35c85: tablet deleted with delete type TABLET_DATA_DELETED: last-logged OpId 0.0
I0619 00:11:48.927767 25730 log.cc:986] T 89a7ff9cdbc046779799e4e8f71adb42 P 395763cf325d4ce19859830a7ad35c85: Deleting WAL directory at /data/somelongdirectorytoavoidrpathissues/src/kudutest/master-stress-test.0.HmsConfigurations_MasterStressTest.Test_0.1529392303277196-25052/minicluster-data/ts-2/wal/wals/89a7ff9cdbc046779799e4e8f71adb42
I0619 00:11:48.928329 25730 ts_tablet_manager.cc:1403] T 89a7ff9cdbc046779799e4e8f71adb42 P 395763cf325d4ce19859830a7ad35c85: Deleting consensus metadata
I0619 00:11:48.930003 25071 catalog_manager.cc:3091] TS 395763cf325d4ce19859830a7ad35c85 (127.24.119.3:39344): tablet 89a7ff9cdbc046779799e4e8f71adb42 (table default.table_76fe64ca5bbd44279ae948d8df882d65 [id=f25f5cc3e1d64c95a0dcc4e36416c416]) successfully deleted
W0619 00:11:48.932374 25071 catalog_manager.cc:3071] TS 395763cf325d4ce19859830a7ad35c85 (127.24.119.3:39344): delete failed for tablet 89a7ff9cdbc046779799e4e8f71adb42 because the tablet was not found. No further retry: Not found: Tablet not found: 89a7ff9cdbc046779799e4e8f71adb42
I0619 00:11:48.932291 25725 raft_consensus.cc:325] T 7507676a768e421dac27fe524538e0bb P 10bda0b4856f4441b5aed24cdc4764a8 [term 0 FOLLOWER]: Replica starting. Triggering 0 pending transactions. Active config: opid_index: -1 OBSOLETE_local: false peers { permanent_uuid: "395763cf325d4ce19859830a7ad35c85" member_type: VOTER last_known_addr { host: "127.24.119.3" port: 39344 } } peers { permanent_uuid: "10bda0b4856f4441b5aed24cdc4764a8" member_type: VOTER last_known_addr { host: "127.24.119.2" port: 38512 } } peers { permanent_uuid: "c007a00e65ad41a79da1a0c1050c55b4" member_type: VOTER last_known_addr { host: "127.24.119.1" port: 32951 } }
I0619 00:11:48.932904 25067 catalog_manager.cc:2891] Scheduling retry of baf80fd968c44e679987eb4ebe4473de (table default.table_5e925f129a1043b7ab80c112a0ee33e0 [id=eeb1072dfe27492990409ab910065b9c]) Alter Table RPC with a delay of 282 ms (attempt = 5)
I0619 00:11:48.933102 25725 raft_consensus.cc:351] T 7507676a768e421dac27fe524538e0bb P 10bda0b4856f4441b5aed24cdc4764a8 [term 0 FOLLOWER]: Consensus starting up: Expiring failure detector timer to make a prompt election more likely
W0619 00:11:48.933171 25067 catalog_manager.cc:2910] Async tablet task baf80fd968c44e679987eb4ebe4473de (table default.table_5e925f129a1043b7ab80c112a0ee33e0 [id=eeb1072dfe27492990409ab910065b9c]) Alter Table RPC failed: Not found: failed to reset TS proxy: No leader found: Tablet baf80fd968c44e679987eb4ebe4473de consensus state has no leader
I0619 00:11:48.933256 25725 raft_consensus.cc:628] T 7507676a768e421dac27fe524538e0bb P 10bda0b4856f4441b5aed24cdc4764a8 [term 0 FOLLOWER]: Becoming Follower/Learner. State: Replica: 10bda0b4856f4441b5aed24cdc4764a8, State: Initialized, Role: FOLLOWER
W0619 00:11:48.933739 25071 catalog_manager.cc:3071] TS 395763cf325d4ce19859830a7ad35c85 (127.24.119.3:39344): delete failed for tablet 89a7ff9cdbc046779799e4e8f71adb42 because the tablet was not found. No further retry: Not found: Tablet not found: 89a7ff9cdbc046779799e4e8f71adb42
I0619 00:11:48.935251 25071 catalog_manager.cc:3113] Sending DeleteTablet(TABLET_DATA_DELETED) for tablet 89a7ff9cdbc046779799e4e8f71adb42 on 10bda0b4856f4441b5aed24cdc4764a8 (127.24.119.2:38512) (Table deleted at 2018-06-19 00:11:48 PDT)
I0619 00:11:48.936424 25462 tablet_service.cc:800] Processing DeleteTablet for tablet 89a7ff9cdbc046779799e4e8f71adb42 with delete_type TABLET_DATA_DELETED (Table deleted at 2018-06-19 00:11:48 PDT) from {username='jenkins'} at 127.24.119.2:51757
I0619 00:11:48.936420 25086 catalog_manager.cc:1339] Servicing CreateTable request from {username='jenkins'} at 127.24.119.62:54390: name: "default.table_a7e58e3f197748a2999b58edaa8e4fc6" schema { columns { name: "key" type: INT32 is_key: true is_nullable: false encoding: AUTO_ENCODING compression: DEFAULT_COMPRESSION cfile_block_size: 0 } } split_rows_range_bounds { } partition_schema { range_schema { columns { name: "key" } } }
I0619 00:11:48.936976 25068 catalog_manager.cc:2891] Scheduling retry of 7507676a768e421dac27fe524538e0bb (table default.table_5e925f129a1043b7ab80c112a0ee33e0 [id=eeb1072dfe27492990409ab910065b9c]) Alter Table RPC with a delay of 512 ms (attempt = 6)
W0619 00:11:48.937300 25068 catalog_manager.cc:2910] Async tablet task 7507676a768e421dac27fe524538e0bb (table default.table_5e925f129a1043b7ab80c112a0ee33e0 [id=eeb1072dfe27492990409ab910065b9c]) Alter Table RPC failed: Not found: failed to reset TS proxy: No leader found: Tablet 7507676a768e421dac27fe524538e0bb consensus state has no leader
W0619 00:11:48.937304 25086 catalog_manager.cc:1488] The number of live tablet servers is not enough to re-replicate a tablet replica of the newly created table default.table_a7e58e3f197748a2999b58edaa8e4fc6 in case of a replica failure: 4 tablet servers are needed, 3 are alive. Consider bringing up additional tablet server(s) or running both the masters and all tablet servers with --raft_prepare_replacement_before_eviction=false flag (not recommended).
I0619 00:11:48.938093 25724 tablet_bootstrap.cc:578] T ac129ed44f68432f800420175aa0a630 P 395763cf325d4ce19859830a7ad35c85: No blocks or log segments found. Creating new log.
I0619 00:11:48.941875 25071 catalog_manager.cc:3113] Sending DeleteTablet(TABLET_DATA_DELETED) for tablet 6d6363f6403b4104b15b329ab7f0e483 on 10bda0b4856f4441b5aed24cdc4764a8 (127.24.119.2:38512) (Table deleted at 2018-06-19 00:11:48 PDT)
I0619 00:11:48.941543 25725 consensus_queue.cc:227] T 7507676a768e421dac27fe524538e0bb P 10bda0b4856f4441b5aed24cdc4764a8 [NON_LEADER]: Queue going to NON_LEADER mode. State: All replicated index: 0, Majority replicated index: 0, Committed index: 0, Last appended: 0.0, Last appended by leader: 0, Current term: 0, Majority size: -1, State: 0, Mode: NON_LEADER, active raft config: opid_index: -1 OBSOLETE_local: false peers { permanent_uuid: "395763cf325d4ce19859830a7ad35c85" member_type: VOTER last_known_addr { host: "127.24.119.3" port: 39344 } } peers { permanent_uuid: "10bda0b4856f4441b5aed24cdc4764a8" member_type: VOTER last_known_addr { host: "127.24.119.2" port: 38512 } } peers { permanent_uuid: "c007a00e65ad41a79da1a0c1050c55b4" member_type: VOTER last_known_addr { host: "127.24.119.1" port: 32951 } }
W0619 00:11:48.942422 25071 catalog_manager.cc:3083] TS 10bda0b4856f4441b5aed24cdc4764a8 (127.24.119.2:38512): delete failed for tablet 89a7ff9cdbc046779799e4e8f71adb42 with error code TABLET_NOT_RUNNING: Already present: State transition of tablet 89a7ff9cdbc046779799e4e8f71adb42 already in progress: creating tablet
I0619 00:11:48.942656 25071 catalog_manager.cc:2891] Scheduling retry of 89a7ff9cdbc046779799e4e8f71adb42 Delete Tablet RPC for TS=10bda0b4856f4441b5aed24cdc4764a8 with a delay of 44 ms (attempt = 2)
I0619 00:11:48.919378 25331 tablet_service.cc:759] Processing CreateTablet for tablet dc04126054714196af6bdf7e771ffab0 (table=default.table_706cbf40bb854d3ebbdbdbf69f4e15d6 [id=091a66f5716e463293291bf5aba8723a]), partition=RANGE (key) PARTITION UNBOUNDED
I0619 00:11:48.944036 25462 tablet_service.cc:800] Processing DeleteTablet for tablet 6d6363f6403b4104b15b329ab7f0e483 with delete_type TABLET_DATA_DELETED (Table deleted at 2018-06-19 00:11:48 PDT) from {username='jenkins'} at 127.24.119.2:51757
I0619 00:11:48.920048 25330 tablet_service.cc:759] Processing CreateTablet for tablet 89a7ff9cdbc046779799e4e8f71adb42 (table=default.table_4a989339185d4e3fa0c743cabbcbf619 [id=f25f5cc3e1d64c95a0dcc4e36416c416]), partition=RANGE (key) PARTITION UNBOUNDED
I0619 00:11:48.930470 25323 tablet_service.cc:800] Processing DeleteTablet for tablet 89a7ff9cdbc046779799e4e8f71adb42 with delete_type TABLET_DATA_DELETED (Table deleted at 2018-06-19 00:11:48 PDT) from {username='jenkins'} at 127.24.119.1:46159
I0619 00:11:48.923851 25326 tablet_service.cc:759] Processing CreateTablet for tablet ac129ed44f68432f800420175aa0a630 (table=default.table_e2e6deb5e5764586802390a904ba068f [id=76428d4b5c9a469998b9b5fe01c1d104]), partition=RANGE (key) PARTITION UNBOUNDED
I0619 00:11:48.941459 25328 tablet_service.cc:759] Processing CreateTablet for tablet fb8e94875a8347a0a473c95a77c38795 (table=default.table_77bc6b25b36d4879ba67ea600dcc9114 [id=41f48f0e1f87464eb43c5bf2a36f70ef]), partition=RANGE (key) PARTITION UNBOUNDED
I0619 00:11:48.925189 25327 tablet_service.cc:759] Processing CreateTablet for tablet a226a7e97a7e44af8301ed4e6363effb (table=default.table_de92feb7880c4ea2b3fd76c65c6b3df5 [id=122dad4ddc134d21b827dca8587ed257]), partition=RANGE (key) PARTITION UNBOUNDED
W0619 00:11:48.930424 25402 heartbeater.cc:587] Failed to heartbeat to 127.24.119.61:46325: Network error: Failed to send heartbeat to master: Client connection negotiation failed: client connection to 127.24.119.61:46325: connect: Connection refused (error 111)
I0619 00:11:48.945899 25330 data_dirs.cc:934] Could only allocate 1 dirs of requested 3 for tablet 89a7ff9cdbc046779799e4e8f71adb42. 1 dirs total, 0 dirs full, 0 dirs failed
I0619 00:11:48.944730 25325 tablet_service.cc:759] Processing CreateTablet for tablet fc22ad98ed2e4e3eb2c62360626a6f87 (table=default.table_9bbf1c0d460e4aafa3551e40c25513c4 [id=60acf6cc649c418c86934f212402a49d]), partition=RANGE (key) PARTITION UNBOUNDED
I0619 00:11:48.948686 25331 data_dirs.cc:934] Could only allocate 1 dirs of requested 3 for tablet dc04126054714196af6bdf7e771ffab0. 1 dirs total, 0 dirs full, 0 dirs failed
I0619 00:11:48.949064 25068 catalog_manager.cc:2891] Scheduling retry of fb8e94875a8347a0a473c95a77c38795 (table default.table_c297d9ff075944df87aac8f56d2f9d95 [id=41f48f0e1f87464eb43c5bf2a36f70ef]) Alter Table RPC with a delay of 100 ms (attempt = 3)
W0619 00:11:48.949367 25068 catalog_manager.cc:2910] Async tablet task fb8e94875a8347a0a473c95a77c38795 (table default.table_c297d9ff075944df87aac8f56d2f9d95 [id=41f48f0e1f87464eb43c5bf2a36f70ef]) Alter Table RPC failed: Not found: failed to reset TS proxy: No leader found: Tablet fb8e94875a8347a0a473c95a77c38795 consensus state has no leader
I0619 00:11:48.952352 25698 sys_catalog.cc:337] T 00000000000000000000000000000000 P cb25d1bba5bf4c64914f300f122ec898 [sys.catalog]: SysCatalogTable state changed. Reason: Peer health change. Latest consensus state: current_term: 1 leader_uuid: "cb25d1bba5bf4c64914f300f122ec898" committed_config { opid_index: -1 OBSOLETE_local: false peers { permanent_uuid: "cb25d1bba5bf4c64914f300f122ec898" member_type: VOTER last_known_addr { host: "127.24.119.62" port: 37587 } } peers { permanent_uuid: "b2a016cc9f274bc1979068306ec6d15e" member_type: VOTER last_known_addr { host: "127.24.119.61" port: 46325 } } peers { permanent_uuid: "8c39479445934adb9bdbb6e60c3bf712" member_type: VOTER last_known_addr { host: "127.24.119.60" port: 57058 } } }
I0619 00:11:48.952924 25725 ts_tablet_manager.cc:1073] T 7507676a768e421dac27fe524538e0bb P 10bda0b4856f4441b5aed24cdc4764a8: Time spent starting tablet: real 0.069s user 0.019s sys 0.002s
I0619 00:11:48.953006 25698 sys_catalog.cc:340] T 00000000000000000000000000000000 P cb25d1bba5bf4c64914f300f122ec898 [sys.catalog]: This master's current role is: LEADER
I0619 00:11:48.953240 25725 ts_tablet_manager.cc:1028] T 6d6363f6403b4104b15b329ab7f0e483 P 10bda0b4856f4441b5aed24cdc4764a8: Bootstrapping tablet
I0619 00:11:48.953574 25725 tablet_bootstrap.cc:427] T 6d6363f6403b4104b15b329ab7f0e483 P 10bda0b4856f4441b5aed24cdc4764a8: Bootstrap starting.
I0619 00:11:48.955772 25086 catalog_manager.cc:3663] Got report from deleted tablet 7507676a768e421dac27fe524538e0bb (table default.table_5e925f129a1043b7ab80c112a0ee33e0 [id=eeb1072dfe27492990409ab910065b9c]) (replaced by tablet baf80fd968c44e679987eb4ebe4473de): Sending delete request for this tablet
I0619 00:11:48.956426 25086 catalog_manager.cc:3113] Sending DeleteTablet(TABLET_DATA_DELETED) for tablet 7507676a768e421dac27fe524538e0bb on 10bda0b4856f4441b5aed24cdc4764a8 (127.24.119.2:38512) (replaced by tablet baf80fd968c44e679987eb4ebe4473de)
W0619 00:11:48.957888 25068 catalog_manager.cc:2910] Async tablet task 89a7ff9cdbc046779799e4e8f71adb42 (table default.table_76fe64ca5bbd44279ae948d8df882d65 [id=f25f5cc3e1d64c95a0dcc4e36416c416]) Alter Table RPC failed: Not found: failed to reset TS proxy: No leader found: Tablet 89a7ff9cdbc046779799e4e8f71adb42 consensus state has no leader
I0619 00:11:48.958914 25327 data_dirs.cc:934] Could only allocate 1 dirs of requested 3 for tablet a226a7e97a7e44af8301ed4e6363effb. 1 dirs total, 0 dirs full, 0 dirs failed
I0619 00:11:48.959779 25328 data_dirs.cc:934] Could only allocate 1 dirs of requested 3 for tablet fb8e94875a8347a0a473c95a77c38795. 1 dirs total, 0 dirs full, 0 dirs failed
I0619 00:11:48.963744 25323 tablet_service.cc:759] Processing CreateTablet for tablet 72e28bc6b57442b782d8aa07e1152cf4 (table=default.table_a7e58e3f197748a2999b58edaa8e4fc6 [id=fa287205f19a461fa0ba005f9991513b]), partition=RANGE (key) PARTITION UNBOUNDED
W0619 00:11:48.968240 25536 heartbeater.cc:587] Failed to heartbeat to 127.24.119.61:46325: Network error: Failed to ping master at 127.24.119.61:46325: Client connection negotiation failed: client connection to 127.24.119.61:46325: connect: Connection refused (error 111)
W0619 00:11:48.971138 25536 heartbeater.cc:587] Failed to heartbeat to 127.24.119.61:46325: Network error: Failed to ping master at 127.24.119.61:46325: Client connection negotiation failed: client connection to 127.24.119.61:46325: connect: Connection refused (error 111)
I0619 00:11:48.971565 25071 catalog_manager.cc:3113] Sending DeleteTablet(TABLET_DATA_DELETED) for tablet 7507676a768e421dac27fe524538e0bb on 10bda0b4856f4441b5aed24cdc4764a8 (127.24.119.2:38512) (replaced by tablet baf80fd968c44e679987eb4ebe4473de)
W0619 00:11:48.972017 25071 catalog_manager.cc:3083] TS 10bda0b4856f4441b5aed24cdc4764a8 (127.24.119.2:38512): delete failed for tablet 6d6363f6403b4104b15b329ab7f0e483 with error code TABLET_NOT_RUNNING: Already present: State transition of tablet 6d6363f6403b4104b15b329ab7f0e483 already in progress: creating tablet
I0619 00:11:48.972285 25071 catalog_manager.cc:2891] Scheduling retry of 6d6363f6403b4104b15b329ab7f0e483 Delete Tablet RPC for TS=10bda0b4856f4441b5aed24cdc4764a8 with a delay of 93 ms (attempt = 3)
I0619 00:11:48.972486 25332 data_dirs.cc:934] Could only allocate 1 dirs of requested 3 for tablet e3708e05f6054306b5bf7f1df2140e3d. 1 dirs total, 0 dirs full, 0 dirs failed
I0619 00:11:48.973675 25462 tablet_service.cc:800] Processing DeleteTablet for tablet 7507676a768e421dac27fe524538e0bb with delete_type TABLET_DATA_DELETED (replaced by tablet baf80fd968c44e679987eb4ebe4473de) from {username='jenkins'} at 127.24.119.2:51757
I0619 00:11:48.974218 25736 tablet_replica.cc:261] T 7507676a768e421dac27fe524538e0bb P 10bda0b4856f4441b5aed24cdc4764a8: stopping tablet replica
I0619 00:11:48.974337 25467 tablet_service.cc:759] Processing CreateTablet for tablet 72e28bc6b57442b782d8aa07e1152cf4 (table=default.table_a7e58e3f197748a2999b58edaa8e4fc6 [id=fa287205f19a461fa0ba005f9991513b]), partition=RANGE (key) PARTITION UNBOUNDED
I0619 00:11:48.974598 25736 maintenance_manager.cc:237] P 10bda0b4856f4441b5aed24cdc4764a8: Unregistered op CompactRowSetsOp(7507676a768e421dac27fe524538e0bb)
I0619 00:11:48.974315 25086 catalog_manager.cc:1339] Servicing CreateTable request from {username='jenkins'} at 127.24.119.62:54390: name: "default.table_041edc89d445491abcd8368e840c196f" schema { columns { name: "key" type: INT32 is_key: true is_nullable: false encoding: AUTO_ENCODING compression: DEFAULT_COMPRESSION cfile_block_size: 0 } } split_rows_range_bounds { } partition_schema { range_schema { columns { name: "key" } } }
I0619 00:11:48.974838 25736 maintenance_manager.cc:237] P 10bda0b4856f4441b5aed24cdc4764a8: Unregistered op MinorDeltaCompactionOp(7507676a768e421dac27fe524538e0bb)
I0619 00:11:48.975018 25736 maintenance_manager.cc:237] P 10bda0b4856f4441b5aed24cdc4764a8: Unregistered op MajorDeltaCompactionOp(7507676a768e421dac27fe524538e0bb)
I0619 00:11:48.974969 25467 data_dirs.cc:934] Could only allocate 1 dirs of requested 3 for tablet 72e28bc6b57442b782d8aa07e1152cf4. 1 dirs total, 0 dirs full, 0 dirs failed
I0619 00:11:48.975214 25736 maintenance_manager.cc:237] P 10bda0b4856f4441b5aed24cdc4764a8: Unregistered op UndoDeltaBlockGCOp(7507676a768e421dac27fe524538e0bb)
W0619 00:11:48.975412 25086 catalog_manager.cc:1488] The number of live tablet servers is not enough to re-replicate a tablet replica of the newly created table default.table_041edc89d445491abcd8368e840c196f in case of a replica failure: 4 tablet servers are needed, 3 are alive. Consider bringing up additional tablet server(s) or running both the masters and all tablet servers with --raft_prepare_replacement_before_eviction=false flag (not recommended).
I0619 00:11:48.975524 25736 maintenance_manager.cc:237] P 10bda0b4856f4441b5aed24cdc4764a8: Unregistered op FlushMRSOp(7507676a768e421dac27fe524538e0bb)
I0619 00:11:48.975767 25736 maintenance_manager.cc:237] P 10bda0b4856f4441b5aed24cdc4764a8: Unregistered op FlushDeltaMemStoresOp(7507676a768e421dac27fe524538e0bb)
I0619 00:11:48.975930 25736 maintenance_manager.cc:237] P 10bda0b4856f4441b5aed24cdc4764a8: Unregistered op LogGCOp(7507676a768e421dac27fe524538e0bb)
I0619 00:11:48.976142 25736 raft_consensus.cc:2042] T 7507676a768e421dac27fe524538e0bb P 10bda0b4856f4441b5aed24cdc4764a8 [term 0 FOLLOWER]: Raft consensus shutting down.
I0619 00:11:48.976454 25736 raft_consensus.cc:2069] T 7507676a768e421dac27fe524538e0bb P 10bda0b4856f4441b5aed24cdc4764a8 [term 0 FOLLOWER]: Raft consensus is shut down!
I0619 00:11:48.977389 25462 tablet_service.cc:800] Processing DeleteTablet for tablet 7507676a768e421dac27fe524538e0bb with delete_type TABLET_DATA_DELETED (replaced by tablet baf80fd968c44e679987eb4ebe4473de) from {username='jenkins'} at 127.24.119.2:51757
W0619 00:11:48.977411 25071 consensus_peers.cc:434] T 00000000000000000000000000000000 P cb25d1bba5bf4c64914f300f122ec898 -> Peer b2a016cc9f274bc1979068306ec6d15e (127.24.119.61:46325): Couldn't send request to peer b2a016cc9f274bc1979068306ec6d15e for tablet 00000000000000000000000000000000. Status: Network error: Client connection negotiation failed: client connection to 127.24.119.61:46325: connect: Connection refused (error 111). Retrying in the next heartbeat period. Already tried 2 times.
I0619 00:11:48.978765 25068 catalog_manager.cc:2891] Scheduling retry of baf80fd968c44e679987eb4ebe4473de (table default.table_5e925f129a1043b7ab80c112a0ee33e0 [id=eeb1072dfe27492990409ab910065b9c]) Alter Table RPC with a delay of 269 ms (attempt = 5)
I0619 00:11:48.978448 25603 tablet_service.cc:759] Processing CreateTablet for tablet 72e28bc6b57442b782d8aa07e1152cf4 (table=default.table_a7e58e3f197748a2999b58edaa8e4fc6 [id=fa287205f19a461fa0ba005f9991513b]), partition=RANGE (key) PARTITION UNBOUNDED
W0619 00:11:48.979058 25068 catalog_manager.cc:2910] Async tablet task baf80fd968c44e679987eb4ebe4473de (table default.table_5e925f129a1043b7ab80c112a0ee33e0 [id=eeb1072dfe27492990409ab910065b9c]) Alter Table RPC failed: Not found: failed to reset TS proxy: No leader found: Tablet baf80fd968c44e679987eb4ebe4473de consensus state has no leader
I0619 00:11:48.978821 25084 catalog_manager.cc:1339] Servicing CreateTable request from {username='jenkins'} at 127.24.119.62:54390: name: "default.table_581afad997184fb0830cb18cbe8804c3" schema { columns { name: "key" type: INT32 is_key: true is_nullable: false encoding: AUTO_ENCODING compression: DEFAULT_COMPRESSION cfile_block_size: 0 } } split_rows_range_bounds { } partition_schema { range_schema { columns { name: "key" } } }
I0619 00:11:48.979451 25603 data_dirs.cc:934] Could only allocate 1 dirs of requested 3 for tablet 72e28bc6b57442b782d8aa07e1152cf4. 1 dirs total, 0 dirs full, 0 dirs failed
W0619 00:11:48.979688 25084 catalog_manager.cc:1488] The number of live tablet servers is not enough to re-replicate a tablet replica of the newly created table default.table_581afad997184fb0830cb18cbe8804c3 in case of a replica failure: 4 tablet servers are needed, 3 are alive. Consider bringing up additional tablet server(s) or running both the masters and all tablet servers with --raft_prepare_replacement_before_eviction=false flag (not recommended).
I0619 00:11:48.981717 25087 catalog_manager.cc:1339] Servicing CreateTable request from {username='jenkins'} at 127.24.119.62:54390: name: "default.table_48993904805645d49d4f0185d407c89a" schema { columns { name: "key" type: INT32 is_key: true is_nullable: false encoding: AUTO_ENCODING compression: DEFAULT_COMPRESSION cfile_block_size: 0 } } split_rows_range_bounds { } partition_schema { range_schema { columns { name: "key" } } }
W0619 00:11:48.982537 25087 catalog_manager.cc:1488] The number of live tablet servers is not enough to re-replicate a tablet replica of the newly created table default.table_48993904805645d49d4f0185d407c89a in case of a replica failure: 4 tablet servers are needed, 3 are alive. Consider bringing up additional tablet server(s) or running both the masters and all tablet servers with --raft_prepare_replacement_before_eviction=false flag (not recommended).
I0619 00:11:48.984129 25736 ts_tablet_manager.cc:1369] T 7507676a768e421dac27fe524538e0bb P 10bda0b4856f4441b5aed24cdc4764a8: Deleting tablet data with delete state TABLET_DATA_DELETED
I0619 00:11:48.988790 25071 catalog_manager.cc:3113] Sending DeleteTablet(TABLET_DATA_DELETED) for tablet 89a7ff9cdbc046779799e4e8f71adb42 on 10bda0b4856f4441b5aed24cdc4764a8 (127.24.119.2:38512) (Table deleted at 2018-06-19 00:11:48 PDT)
I0619 00:11:48.989240 25071 catalog_manager.cc:3113] Sending DeleteTablet(TABLET_DATA_DELETED) for tablet dc04126054714196af6bdf7e771ffab0 on 10bda0b4856f4441b5aed24cdc4764a8 (127.24.119.2:38512) (Table deleted at 2018-06-19 00:11:48 PDT)
I0619 00:11:48.990568 25463 tablet_service.cc:800] Processing DeleteTablet for tablet dc04126054714196af6bdf7e771ffab0 with delete_type TABLET_DATA_DELETED (Table deleted at 2018-06-19 00:11:48 PDT) from {username='jenkins'} at 127.24.119.2:51757
I0619 00:11:48.991080 25069 catalog_manager.cc:2891] Scheduling retry of e3708e05f6054306b5bf7f1df2140e3d (table default.table_514667669c72462a95c41b6bb68dc0fe [id=47a2f8c4d1f748a69c2bb0416bdb87e4]) Alter Table RPC with a delay of 128 ms (attempt = 4)
W0619 00:11:48.991413 25069 catalog_manager.cc:2910] Async tablet task e3708e05f6054306b5bf7f1df2140e3d (table default.table_514667669c72462a95c41b6bb68dc0fe [id=47a2f8c4d1f748a69c2bb0416bdb87e4]) Alter Table RPC failed: Not found: failed to reset TS proxy: No leader found: Tablet e3708e05f6054306b5bf7f1df2140e3d consensus state has no leader
I0619 00:11:48.992791 25462 tablet_service.cc:800] Processing DeleteTablet for tablet 89a7ff9cdbc046779799e4e8f71adb42 with delete_type TABLET_DATA_DELETED (Table deleted at 2018-06-19 00:11:48 PDT) from {username='jenkins'} at 127.24.119.2:51757
I0619 00:11:48.993031 25326 data_dirs.cc:934] Could only allocate 1 dirs of requested 3 for tablet ac129ed44f68432f800420175aa0a630. 1 dirs total, 0 dirs full, 0 dirs failed
I0619 00:11:48.994407 25067 catalog_manager.cc:2891] Scheduling retry of baf80fd968c44e679987eb4ebe4473de (table default.table_5e925f129a1043b7ab80c112a0ee33e0 [id=eeb1072dfe27492990409ab910065b9c]) Alter Table RPC with a delay of 264 ms (attempt = 5)
W0619 00:11:48.994694 25067 catalog_manager.cc:2910] Async tablet task baf80fd968c44e679987eb4ebe4473de (table default.table_5e925f129a1043b7ab80c112a0ee33e0 [id=eeb1072dfe27492990409ab910065b9c]) Alter Table RPC failed: Not found: failed to reset TS proxy: No leader found: Tablet baf80fd968c44e679987eb4ebe4473de consensus state has no leader
I0619 00:11:49.000461 25725 tablet_bootstrap.cc:578] T 6d6363f6403b4104b15b329ab7f0e483 P 10bda0b4856f4441b5aed24cdc4764a8: No blocks or log segments found. Creating new log.
I0619 00:11:49.000591 25325 data_dirs.cc:934] Could only allocate 1 dirs of requested 3 for tablet fc22ad98ed2e4e3eb2c62360626a6f87. 1 dirs total, 0 dirs full, 0 dirs failed
I0619 00:11:49.008796 25729 raft_consensus.cc:457] T a226a7e97a7e44af8301ed4e6363effb P 395763cf325d4ce19859830a7ad35c85 [term 0 FOLLOWER]: Starting pre-election (no leader contacted us within the election timeout)
I0619 00:11:49.009068 25729 raft_consensus.cc:2732] T a226a7e97a7e44af8301ed4e6363effb P 395763cf325d4ce19859830a7ad35c85: Snoozing failure detection for 1.595s (starting election)
I0619 00:11:49.009377 25336 tablet_service.cc:759] Processing CreateTablet for tablet 60dfd91c98d94bfbbc6416268c65c378 (table=default.table_041edc89d445491abcd8368e840c196f [id=e5be765de16c4735a50c3acb4a261add]), partition=RANGE (key) PARTITION UNBOUNDED
I0619 00:11:49.009325 25729 raft_consensus.cc:479] T a226a7e97a7e44af8301ed4e6363effb P 395763cf325d4ce19859830a7ad35c85 [term 0 FOLLOWER]: Starting pre-election with config: opid_index: -1 OBSOLETE_local: false peers { permanent_uuid: "c007a00e65ad41a79da1a0c1050c55b4" member_type: VOTER last_known_addr { host: "127.24.119.1" port: 32951 } } peers { permanent_uuid: "10bda0b4856f4441b5aed24cdc4764a8" member_type: VOTER last_known_addr { host: "127.24.119.2" port: 38512 } } peers { permanent_uuid: "395763cf325d4ce19859830a7ad35c85" member_type: VOTER last_known_addr { host: "127.24.119.3" port: 39344 } }
I0619 00:11:49.010385 25729 leader_election.cc:243] T a226a7e97a7e44af8301ed4e6363effb P 395763cf325d4ce19859830a7ad35c85 [CANDIDATE]: Term 1 pre-election: Requesting pre-vote from peer c007a00e65ad41a79da1a0c1050c55b4 (127.24.119.1:32951)
I0619 00:11:49.010820 25729 leader_election.cc:243] T a226a7e97a7e44af8301ed4e6363effb P 395763cf325d4ce19859830a7ad35c85 [CANDIDATE]: Term 1 pre-election: Requesting pre-vote from peer 10bda0b4856f4441b5aed24cdc4764a8 (127.24.119.2:38512)
I0619 00:11:49.013258 25490 tablet_service.cc:995] Received RequestConsensusVote() RPC: tablet_id: "a226a7e97a7e44af8301ed4e6363effb" candidate_uuid: "395763cf325d4ce19859830a7ad35c85" candidate_term: 1 candidate_status { last_received { term: 0 index: 0 } } ignore_live_leader: false dest_uuid: "10bda0b4856f4441b5aed24cdc4764a8" is_pre_election: true
I0619 00:11:49.014163 25604 tablet_service.cc:759] Processing CreateTablet for tablet 60dfd91c98d94bfbbc6416268c65c378 (table=default.table_041edc89d445491abcd8368e840c196f [id=e5be765de16c4735a50c3acb4a261add]), partition=RANGE (key) PARTITION UNBOUNDED
I0619 00:11:49.014780 25604 data_dirs.cc:934] Could only allocate 1 dirs of requested 3 for tablet 60dfd91c98d94bfbbc6416268c65c378. 1 dirs total, 0 dirs full, 0 dirs failed
W0619 00:11:49.014899 25558 leader_election.cc:306] T a226a7e97a7e44af8301ed4e6363effb P 395763cf325d4ce19859830a7ad35c85 [CANDIDATE]: Term 1 pre-election: Tablet error from VoteRequest() call to peer 10bda0b4856f4441b5aed24cdc4764a8 (127.24.119.2:38512): Illegal state: must be running to vote when last-logged opid is not known
I0619 00:11:49.015738 25323 data_dirs.cc:934] Could only allocate 1 dirs of requested 3 for tablet 72e28bc6b57442b782d8aa07e1152cf4. 1 dirs total, 0 dirs full, 0 dirs failed
I0619 00:11:49.016136 25336 data_dirs.cc:934] Could only allocate 1 dirs of requested 3 for tablet 60dfd91c98d94bfbbc6416268c65c378. 1 dirs total, 0 dirs full, 0 dirs failed
W0619 00:11:49.016573 25553 leader_election.cc:306] T a226a7e97a7e44af8301ed4e6363effb P 395763cf325d4ce19859830a7ad35c85 [CANDIDATE]: Term 1 pre-election: Tablet error from VoteRequest() call to peer c007a00e65ad41a79da1a0c1050c55b4 (127.24.119.1:32951): Not found: Tablet not found: a226a7e97a7e44af8301ed4e6363effb
I0619 00:11:49.016877 25553 leader_election.cc:270] T a226a7e97a7e44af8301ed4e6363effb P 395763cf325d4ce19859830a7ad35c85 [CANDIDATE]: Term 1 pre-election: Election decided. Result: candidate lost.
I0619 00:11:49.017607 25729 raft_consensus.cc:2732] T a226a7e97a7e44af8301ed4e6363effb P 395763cf325d4ce19859830a7ad35c85: Snoozing failure detection for 1.572s (election complete)
I0619 00:11:49.017850 25729 raft_consensus.cc:2487] T a226a7e97a7e44af8301ed4e6363effb P 395763cf325d4ce19859830a7ad35c85 [term 0 FOLLOWER]: Leader pre-election lost for term 1. Reason: could not achieve majority
I0619 00:11:49.018738 25087 catalog_manager.cc:2136] Servicing AlterTable request from {username='jenkins'} at 127.24.119.62:54390: table { table_name: "default.table_a7e58e3f197748a2999b58edaa8e4fc6" } new_table_name: "default.table_95a48b4d8a824265bb7291a68eb33dc3" alter_external_catalogs: true
I0619 00:11:49.019560 25462 tablet_service.cc:759] Processing CreateTablet for tablet 60dfd91c98d94bfbbc6416268c65c378 (table=default.table_041edc89d445491abcd8368e840c196f [id=e5be765de16c4735a50c3acb4a261add]), partition=RANGE (key) PARTITION UNBOUNDED
I0619 00:11:49.020162 25462 data_dirs.cc:934] Could only allocate 1 dirs of requested 3 for tablet 60dfd91c98d94bfbbc6416268c65c378. 1 dirs total, 0 dirs full, 0 dirs failed
I0619 00:11:49.026473 25604 ts_tablet_manager.cc:1173] T 60dfd91c98d94bfbbc6416268c65c378 P 395763cf325d4ce19859830a7ad35c85: Registered tablet (data state: TABLET_DATA_READY)
I0619 00:11:49.029382 25084 catalog_manager.cc:1731] Servicing DeleteTable request from {username='jenkins'} at 127.24.119.62:54390: table { table_name: "default.table_5e925f129a1043b7ab80c112a0ee33e0" }
I0619 00:11:49.031249 25603 ts_tablet_manager.cc:1173] T 72e28bc6b57442b782d8aa07e1152cf4 P 395763cf325d4ce19859830a7ad35c85: Registered tablet (data state: TABLET_DATA_READY)
I0619 00:11:49.033143 25467 ts_tablet_manager.cc:1173] T 72e28bc6b57442b782d8aa07e1152cf4 P 10bda0b4856f4441b5aed24cdc4764a8: Registered tablet (data state: TABLET_DATA_READY)
I0619 00:11:49.034515 25327 ts_tablet_manager.cc:1173] T a226a7e97a7e44af8301ed4e6363effb P c007a00e65ad41a79da1a0c1050c55b4: Registered tablet (data state: TABLET_DATA_READY)
I0619 00:11:49.039654 25725 tablet_bootstrap.cc:427] T 6d6363f6403b4104b15b329ab7f0e483 P 10bda0b4856f4441b5aed24cdc4764a8: No bootstrap required, opened a new log
I0619 00:11:49.040016 25725 ts_tablet_manager.cc:1045] T 6d6363f6403b4104b15b329ab7f0e483 P 10bda0b4856f4441b5aed24cdc4764a8: Time spent bootstrapping tablet: real 0.087s user 0.005s sys 0.002s
I0619 00:11:49.041601 25725 raft_consensus.cc:325] T 6d6363f6403b4104b15b329ab7f0e483 P 10bda0b4856f4441b5aed24cdc4764a8 [term 0 FOLLOWER]: Replica starting. Triggering 0 pending transactions. Active config: opid_index: -1 OBSOLETE_local: false peers { permanent_uuid: "c007a00e65ad41a79da1a0c1050c55b4" member_type: VOTER last_known_addr { host: "127.24.119.1" port: 32951 } } peers { permanent_uuid: "10bda0b4856f4441b5aed24cdc4764a8" member_type: VOTER last_known_addr { host: "127.24.119.2" port: 38512 } } peers { permanent_uuid: "395763cf325d4ce19859830a7ad35c85" member_type: VOTER last_known_addr { host: "127.24.119.3" port: 39344 } }
I0619 00:11:49.042300 25725 raft_consensus.cc:351] T 6d6363f6403b4104b15b329ab7f0e483 P 10bda0b4856f4441b5aed24cdc4764a8 [term 0 FOLLOWER]: Consensus starting up: Expiring failure detector timer to make a prompt election more likely
I0619 00:11:49.042517 25725 raft_consensus.cc:628] T 6d6363f6403b4104b15b329ab7f0e483 P 10bda0b4856f4441b5aed24cdc4764a8 [term 0 FOLLOWER]: Becoming Follower/Learner. State: Replica: 10bda0b4856f4441b5aed24cdc4764a8, State: Initialized, Role: FOLLOWER
I0619 00:11:49.047343 25336 ts_tablet_manager.cc:1173] T 60dfd91c98d94bfbbc6416268c65c378 P c007a00e65ad41a79da1a0c1050c55b4: Registered tablet (data state: TABLET_DATA_READY)
I0619 00:11:49.047554 25052 external_mini_cluster.cc:794] Running /data/somelongdirectorytoavoidrpathissues/src/kudu/build/tsan/bin/kudu-master /data/somelongdirectorytoavoidrpathissues/src/kudu/build/tsan/bin/kudu-master --fs_wal_dir=/data/somelongdirectorytoavoidrpathissues/src/kudutest/master-stress-test.0.HmsConfigurations_MasterStressTest.Test_0.1529392303277196-25052/minicluster-data/master-1/wal --fs_data_dirs=/data/somelongdirectorytoavoidrpathissues/src/kudutest/master-stress-test.0.HmsConfigurations_MasterStressTest.Test_0.1529392303277196-25052/minicluster-data/master-1/data --block_manager=log --webserver_interface=localhost --ipki_ca_key_size=1024 --tsk_num_rsa_bits=512 --rpc_bind_addresses=127.24.119.61:46325 --webserver_interface=127.24.119.61 --webserver_port=33317 --never_fsync --ipki_server_key_size=1024 --enable_minidumps=false --redact=none --metrics_log_interval_ms=1000 --logtostderr --logbuflevel=-1 --log_dir=/data/somelongdirectorytoavoidrpathissues/src/kudutest/master-stress-test.0.HmsConfigurations_MasterStressTest.Test_0.1529392303277196-25052/minicluster-data/master-1/logs --server_dump_info_path=/data/somelongdirectorytoavoidrpathissues/src/kudutest/master-stress-test.0.HmsConfigurations_MasterStressTest.Test_0.1529392303277196-25052/minicluster-data/master-1/data/info.pb --server_dump_info_format=pb --rpc_server_allow_ephemeral_ports --unlock_experimental_flags --unlock_unsafe_flags --hive_metastore_notification_log_poll_period_seconds=1 --log_preallocate_segments=false --leader_failure_max_missed_heartbeat_periods=1.0 --rpc_reuseport=true --master_addresses=127.24.119.62:37587,127.24.119.61:46325,127.24.119.60:57058 with env {}
I0619 00:11:49.048316 25332 ts_tablet_manager.cc:1173] T e3708e05f6054306b5bf7f1df2140e3d P c007a00e65ad41a79da1a0c1050c55b4: Registered tablet (data state: TABLET_DATA_READY)
I0619 00:11:49.049855 25463 tablet_service.cc:759] Processing CreateTablet for tablet 4c0614e9ed96420886243a6868f2e75e (table=default.table_581afad997184fb0830cb18cbe8804c3 [id=4a881e07c2634f30bfb601e33cb5d7f0]), partition=RANGE (key) PARTITION UNBOUNDED
I0619 00:11:49.050467 25463 data_dirs.cc:934] Could only allocate 1 dirs of requested 3 for tablet 4c0614e9ed96420886243a6868f2e75e. 1 dirs total, 0 dirs full, 0 dirs failed
I0619 00:11:49.051384 25087 catalog_manager.cc:2891] Scheduling retry of 72e28bc6b57442b782d8aa07e1152cf4 (table default.table_95a48b4d8a824265bb7291a68eb33dc3 [id=fa287205f19a461fa0ba005f9991513b]) Alter Table RPC with a delay of 63 ms (attempt = 1)
W0619 00:11:49.051683 25087 catalog_manager.cc:3998] Failed to send alter table request: Not found: failed to reset TS proxy: No leader found: Tablet 72e28bc6b57442b782d8aa07e1152cf4 consensus state has no leader
I0619 00:11:49.052608 25068 catalog_manager.cc:2891] Scheduling retry of fb8e94875a8347a0a473c95a77c38795 (table default.table_c297d9ff075944df87aac8f56d2f9d95 [id=41f48f0e1f87464eb43c5bf2a36f70ef]) Alter Table RPC with a delay of 153 ms (attempt = 4)
W0619 00:11:49.052932 25068 catalog_manager.cc:2910] Async tablet task fb8e94875a8347a0a473c95a77c38795 (table default.table_c297d9ff075944df87aac8f56d2f9d95 [id=41f48f0e1f87464eb43c5bf2a36f70ef]) Alter Table RPC failed: Not found: failed to reset TS proxy: No leader found: Tablet fb8e94875a8347a0a473c95a77c38795 consensus state has no leader
I0619 00:11:49.055398 25604 tablet_service.cc:759] Processing CreateTablet for tablet 4c0614e9ed96420886243a6868f2e75e (table=default.table_581afad997184fb0830cb18cbe8804c3 [id=4a881e07c2634f30bfb601e33cb5d7f0]), partition=RANGE (key) PARTITION UNBOUNDED
I0619 00:11:49.056715 25604 data_dirs.cc:934] Could only allocate 1 dirs of requested 3 for tablet 4c0614e9ed96420886243a6868f2e75e. 1 dirs total, 0 dirs full, 0 dirs failed
I0619 00:11:49.057323 25724 tablet_bootstrap.cc:427] T ac129ed44f68432f800420175aa0a630 P 395763cf325d4ce19859830a7ad35c85: No bootstrap required, opened a new log
I0619 00:11:49.057660 25724 ts_tablet_manager.cc:1045] T ac129ed44f68432f800420175aa0a630 P 395763cf325d4ce19859830a7ad35c85: Time spent bootstrapping tablet: real 0.132s user 0.003s sys 0.008s
I0619 00:11:49.059104 25724 raft_consensus.cc:325] T ac129ed44f68432f800420175aa0a630 P 395763cf325d4ce19859830a7ad35c85 [term 0 FOLLOWER]: Replica starting. Triggering 0 pending transactions. Active config: opid_index: -1 OBSOLETE_local: false peers { permanent_uuid: "10bda0b4856f4441b5aed24cdc4764a8" member_type: VOTER last_known_addr { host: "127.24.119.2" port: 38512 } } peers { permanent_uuid: "c007a00e65ad41a79da1a0c1050c55b4" member_type: VOTER last_known_addr { host: "127.24.119.1" port: 32951 } } peers { permanent_uuid: "395763cf325d4ce19859830a7ad35c85" member_type: VOTER last_known_addr { host: "127.24.119.3" port: 39344 } }
I0619 00:11:49.059748 25724 raft_consensus.cc:351] T ac129ed44f68432f800420175aa0a630 P 395763cf325d4ce19859830a7ad35c85 [term 0 FOLLOWER]: Consensus starting up: Expiring failure detector timer to make a prompt election more likely
I0619 00:11:49.059957 25724 raft_consensus.cc:628] T ac129ed44f68432f800420175aa0a630 P 395763cf325d4ce19859830a7ad35c85 [term 0 FOLLOWER]: Becoming Follower/Learner. State: Replica: 395763cf325d4ce19859830a7ad35c85, State: Initialized, Role: FOLLOWER
I0619 00:11:49.043164 25725 consensus_queue.cc:227] T 6d6363f6403b4104b15b329ab7f0e483 P 10bda0b4856f4441b5aed24cdc4764a8 [NON_LEADER]: Queue going to NON_LEADER mode. State: All replicated index: 0, Majority replicated index: 0, Committed index: 0, Last appended: 0.0, Last appended by leader: 0, Current term: 0, Majority size: -1, State: 0, Mode: NON_LEADER, active raft config: opid_index: -1 OBSOLETE_local: false peers { permanent_uuid: "c007a00e65ad41a79da1a0c1050c55b4" member_type: VOTER last_known_addr { host: "127.24.119.1" port: 32951 } } peers { permanent_uuid: "10bda0b4856f4441b5aed24cdc4764a8" member_type: VOTER last_known_addr { host: "127.24.119.2" port: 38512 } } peers { permanent_uuid: "395763cf325d4ce19859830a7ad35c85" member_type: VOTER last_known_addr { host: "127.24.119.3" port: 39344 } }
I0619 00:11:49.060552 25724 consensus_queue.cc:227] T ac129ed44f68432f800420175aa0a630 P 395763cf325d4ce19859830a7ad35c85 [NON_LEADER]: Queue going to NON_LEADER mode. State: All replicated index: 0, Majority replicated index: 0, Committed index: 0, Last appended: 0.0, Last appended by leader: 0, Current term: 0, Majority size: -1, State: 0, Mode: NON_LEADER, active raft config: opid_index: -1 OBSOLETE_local: false peers { permanent_uuid: "10bda0b4856f4441b5aed24cdc4764a8" member_type: VOTER last_known_addr { host: "127.24.119.2" port: 38512 } } peers { permanent_uuid: "c007a00e65ad41a79da1a0c1050c55b4" member_type: VOTER last_known_addr { host: "127.24.119.1" port: 32951 } } peers { permanent_uuid: "395763cf325d4ce19859830a7ad35c85" member_type: VOTER last_known_addr { host: "127.24.119.3" port: 39344 } }
W0619 00:11:49.063866 25668 heartbeater.cc:587] Failed to heartbeat to 127.24.119.61:46325: Network error: Failed to ping master at 127.24.119.61:46325: Client connection negotiation failed: client connection to 127.24.119.61:46325: connect: Connection refused (error 111)
W0619 00:11:49.065773 25668 heartbeater.cc:587] Failed to heartbeat to 127.24.119.61:46325: Network error: Failed to ping master at 127.24.119.61:46325: Client connection negotiation failed: client connection to 127.24.119.61:46325: connect: Connection refused (error 111)
I0619 00:11:49.066406 25729 raft_consensus.cc:457] T ac129ed44f68432f800420175aa0a630 P 395763cf325d4ce19859830a7ad35c85 [term 0 FOLLOWER]: Starting pre-election (no leader contacted us within the election timeout)
I0619 00:11:49.066660 25729 raft_consensus.cc:2732] T ac129ed44f68432f800420175aa0a630 P 395763cf325d4ce19859830a7ad35c85: Snoozing failure detection for 1.686s (starting election)
I0619 00:11:49.066937 25729 raft_consensus.cc:479] T ac129ed44f68432f800420175aa0a630 P 395763cf325d4ce19859830a7ad35c85 [term 0 FOLLOWER]: Starting pre-election with config: opid_index: -1 OBSOLETE_local: false peers { permanent_uuid: "10bda0b4856f4441b5aed24cdc4764a8" member_type: VOTER last_known_addr { host: "127.24.119.2" port: 38512 } } peers { permanent_uuid: "c007a00e65ad41a79da1a0c1050c55b4" member_type: VOTER last_known_addr { host: "127.24.119.1" port: 32951 } } peers { permanent_uuid: "395763cf325d4ce19859830a7ad35c85" member_type: VOTER last_known_addr { host: "127.24.119.3" port: 39344 } }
I0619 00:11:49.068373 25729 leader_election.cc:243] T ac129ed44f68432f800420175aa0a630 P 395763cf325d4ce19859830a7ad35c85 [CANDIDATE]: Term 1 pre-election: Requesting pre-vote from peer 10bda0b4856f4441b5aed24cdc4764a8 (127.24.119.2:38512)
I0619 00:11:49.068764 25729 leader_election.cc:243] T ac129ed44f68432f800420175aa0a630 P 395763cf325d4ce19859830a7ad35c85 [CANDIDATE]: Term 1 pre-election: Requesting pre-vote from peer c007a00e65ad41a79da1a0c1050c55b4 (127.24.119.1:32951)
I0619 00:11:49.069109 25328 ts_tablet_manager.cc:1173] T fb8e94875a8347a0a473c95a77c38795 P c007a00e65ad41a79da1a0c1050c55b4: Registered tablet (data state: TABLET_DATA_READY)
I0619 00:11:49.069186 25087 catalog_manager.cc:3663] Got report from deleted tablet 6d6363f6403b4104b15b329ab7f0e483 (table default.table_7ea77d77ddd04410989cd2735133a5e5 [id=dd175630a9ac4af5aa17edcb7226e141]) (Table deleted at 2018-06-19 00:11:48 PDT): Sending delete request for this tablet
I0619 00:11:49.069902 25087 catalog_manager.cc:3113] Sending DeleteTablet(TABLET_DATA_DELETED) for tablet 6d6363f6403b4104b15b329ab7f0e483 on 10bda0b4856f4441b5aed24cdc4764a8 (127.24.119.2:38512) (Table deleted at 2018-06-19 00:11:48 PDT)
I0619 00:11:49.070010 25727 tablet_bootstrap.cc:578] T 7507676a768e421dac27fe524538e0bb P c007a00e65ad41a79da1a0c1050c55b4: No blocks or log segments found. Creating new log.
I0619 00:11:49.071843 25490 tablet_service.cc:995] Received RequestConsensusVote() RPC: tablet_id: "ac129ed44f68432f800420175aa0a630" candidate_uuid: "395763cf325d4ce19859830a7ad35c85" candidate_term: 1 candidate_status { last_received { term: 0 index: 0 } } ignore_live_leader: false dest_uuid: "10bda0b4856f4441b5aed24cdc4764a8" is_pre_election: true
W0619 00:11:49.074420 25553 leader_election.cc:306] T ac129ed44f68432f800420175aa0a630 P 395763cf325d4ce19859830a7ad35c85 [CANDIDATE]: Term 1 pre-election: Tablet error from VoteRequest() call to peer c007a00e65ad41a79da1a0c1050c55b4 (127.24.119.1:32951): Not found: Tablet not found: ac129ed44f68432f800420175aa0a630
I0619 00:11:49.074815 25603 tablet_service.cc:759] Processing CreateTablet for tablet 1d10fb4561924e2e8d53c7a0b22a426e (table=default.table_48993904805645d49d4f0185d407c89a [id=b46718e25afb4950af6cacec1d51a9ba]), partition=RANGE (key) PARTITION UNBOUNDED
I0619 00:11:49.073261 25336 tablet_service.cc:759] Processing CreateTablet for tablet 4c0614e9ed96420886243a6868f2e75e (table=default.table_581afad997184fb0830cb18cbe8804c3 [id=4a881e07c2634f30bfb601e33cb5d7f0]), partition=RANGE (key) PARTITION UNBOUNDED
W0619 00:11:49.075273 25558 leader_election.cc:306] T ac129ed44f68432f800420175aa0a630 P 395763cf325d4ce19859830a7ad35c85 [CANDIDATE]: Term 1 pre-election: Tablet error from VoteRequest() call to peer 10bda0b4856f4441b5aed24cdc4764a8 (127.24.119.2:38512): Illegal state: must be running to vote when last-logged opid is not known
I0619 00:11:49.075522 25558 leader_election.cc:270] T ac129ed44f68432f800420175aa0a630 P 395763cf325d4ce19859830a7ad35c85 [CANDIDATE]: Term 1 pre-election: Election decided. Result: candidate lost.
I0619 00:11:49.076690 25071 catalog_manager.cc:3113] Sending DeleteTablet(TABLET_DATA_DELETED) for tablet 6d6363f6403b4104b15b329ab7f0e483 on 10bda0b4856f4441b5aed24cdc4764a8 (127.24.119.2:38512) (Table deleted at 2018-06-19 00:11:48 PDT)
I0619 00:11:49.076220 25729 raft_consensus.cc:2732] T ac129ed44f68432f800420175aa0a630 P 395763cf325d4ce19859830a7ad35c85: Snoozing failure detection for 1.654s (election complete)
I0619 00:11:49.077628 25729 raft_consensus.cc:2487] T ac129ed44f68432f800420175aa0a630 P 395763cf325d4ce19859830a7ad35c85 [term 0 FOLLOWER]: Leader pre-election lost for term 1. Reason: could not achieve majority
I0619 00:11:49.078550 25470 tablet_service.cc:800] Processing DeleteTablet for tablet 6d6363f6403b4104b15b329ab7f0e483 with delete_type TABLET_DATA_DELETED (Table deleted at 2018-06-19 00:11:48 PDT) from {username='jenkins'} at 127.24.119.2:51757
I0619 00:11:49.078982 25469 tablet_service.cc:800] Processing DeleteTablet for tablet 6d6363f6403b4104b15b329ab7f0e483 with delete_type TABLET_DATA_DELETED (Table deleted at 2018-06-19 00:11:48 PDT) from {username='jenkins'} at 127.24.119.2:51757
W0619 00:11:49.079568 25067 catalog_manager.cc:3083] TS c007a00e65ad41a79da1a0c1050c55b4 (127.24.119.1:32951): delete failed for tablet 7507676a768e421dac27fe524538e0bb with error code TABLET_NOT_RUNNING: Already present: State transition of tablet 7507676a768e421dac27fe524538e0bb already in progress: creating tablet
I0619 00:11:49.079825 25067 catalog_manager.cc:2891] Scheduling retry of 7507676a768e421dac27fe524538e0bb Delete Tablet RPC for TS=c007a00e65ad41a79da1a0c1050c55b4 with a delay of 48 ms (attempt = 1)
W0619 00:11:49.080204 25067 catalog_manager.cc:3083] TS c007a00e65ad41a79da1a0c1050c55b4 (127.24.119.1:32951): delete failed for tablet 6d6363f6403b4104b15b329ab7f0e483 with error code TABLET_NOT_RUNNING: Already present: State transition of tablet 6d6363f6403b4104b15b329ab7f0e483 already in progress: creating tablet
I0619 00:11:49.080397 25067 catalog_manager.cc:2891] Scheduling retry of 6d6363f6403b4104b15b329ab7f0e483 Delete Tablet RPC for TS=c007a00e65ad41a79da1a0c1050c55b4 with a delay of 60 ms (attempt = 1)
W0619 00:11:49.080922 25067 catalog_manager.cc:3071] TS c007a00e65ad41a79da1a0c1050c55b4 (127.24.119.1:32951): delete failed for tablet 985e23a32fa84104a06dd19d97117ab2 because the tablet was not found. No further retry: Not found: Tablet not found: 985e23a32fa84104a06dd19d97117ab2
I0619 00:11:49.081388 25729 raft_consensus.cc:457] T e3708e05f6054306b5bf7f1df2140e3d P 395763cf325d4ce19859830a7ad35c85 [term 0 FOLLOWER]: Starting pre-election (no leader contacted us within the election timeout)
I0619 00:11:49.081601 25729 raft_consensus.cc:2732] T e3708e05f6054306b5bf7f1df2140e3d P 395763cf325d4ce19859830a7ad35c85: Snoozing failure detection for 1.932s (starting election)
W0619 00:11:49.081737 25536 heartbeater.cc:587] Failed to heartbeat to 127.24.119.61:46325: Network error: Failed to ping master at 127.24.119.61:46325: Client connection negotiation failed: client connection to 127.24.119.61:46325: connect: Connection refused (error 111)
I0619 00:11:49.081863 25729 raft_consensus.cc:479] T e3708e05f6054306b5bf7f1df2140e3d P 395763cf325d4ce19859830a7ad35c85 [term 0 FOLLOWER]: Starting pre-election with config: opid_index: -1 OBSOLETE_local: false peers { permanent_uuid: "c007a00e65ad41a79da1a0c1050c55b4" member_type: VOTER last_known_addr { host: "127.24.119.1" port: 32951 } } peers { permanent_uuid: "10bda0b4856f4441b5aed24cdc4764a8" member_type: VOTER last_known_addr { host: "127.24.119.2" port: 38512 } } peers { permanent_uuid: "395763cf325d4ce19859830a7ad35c85" member_type: VOTER last_known_addr { host: "127.24.119.3" port: 39344 } }
I0619 00:11:49.082871 25729 leader_election.cc:243] T e3708e05f6054306b5bf7f1df2140e3d P 395763cf325d4ce19859830a7ad35c85 [CANDIDATE]: Term 1 pre-election: Requesting pre-vote from peer c007a00e65ad41a79da1a0c1050c55b4 (127.24.119.1:32951)
