I0619 00:11:50.743459 25602 tablet_service.cc:800] Processing DeleteTablet for tablet a52cbcbe35374d518bca1e0fc24d88d4 with delete_type TABLET_DATA_DELETED (Table deleted at 2018-06-19 00:11:50 PDT) from {username='jenkins'} at 127.24.119.3:34285
I0619 00:11:50.742513 25601 data_dirs.cc:934] Could only allocate 1 dirs of requested 3 for tablet 775f0b6b309c49278066a5e7cf623af2. 1 dirs total, 0 dirs full, 0 dirs failed
I0619 00:11:50.745805 25071 catalog_manager.cc:2891] Scheduling retry of f372b9fb174844eca1662c62039a3c71 (table default.table_45dd93d67cc94f2c8e9e784347d14167 [id=60a6d49e09f04230abe707ed433d2e9a]) Alter Table RPC with a delay of 520 ms (attempt = 6)
W0619 00:11:50.746121 25071 catalog_manager.cc:2910] Async tablet task f372b9fb174844eca1662c62039a3c71 (table default.table_45dd93d67cc94f2c8e9e784347d14167 [id=60a6d49e09f04230abe707ed433d2e9a]) Alter Table RPC failed: Not found: failed to reset TS proxy: No leader found: Tablet f372b9fb174844eca1662c62039a3c71 consensus state has no leader
I0619 00:11:50.746515 25604 data_dirs.cc:934] Could only allocate 1 dirs of requested 3 for tablet 7277051d52dd4be1a6dfa06488c98293. 1 dirs total, 0 dirs full, 0 dirs failed
I0619 00:11:50.746484 25071 catalog_manager.cc:2891] Scheduling retry of acc89522b693498c987ca5d8ef8275ea (table default.table_00f27d6b83d24c4e8088e0b0ac0d0cca [id=01235cbfa38b48a9bbfbb0b4630c5d23]) Alter Table RPC with a delay of 292 ms (attempt = 5)
W0619 00:11:50.746815 25071 catalog_manager.cc:2910] Async tablet task acc89522b693498c987ca5d8ef8275ea (table default.table_00f27d6b83d24c4e8088e0b0ac0d0cca [id=01235cbfa38b48a9bbfbb0b4630c5d23]) Alter Table RPC failed: Not found: failed to reset TS proxy: No leader found: Tablet acc89522b693498c987ca5d8ef8275ea consensus state has no leader
I0619 00:11:50.746811 25730 ts_tablet_manager.cc:1369] T 70b9c8c4af0945b69b5577e47b61c054 P 395763cf325d4ce19859830a7ad35c85: Deleting tablet data with delete state TABLET_DATA_DELETED
I0619 00:11:50.747532 25083 catalog_manager.cc:1339] Servicing CreateTable request from {username='jenkins'} at 127.24.119.62:54390: name: "default.table_c771d75362c64504aed46e585f8fbdf3" schema { columns { name: "key" type: INT32 is_key: true is_nullable: false encoding: AUTO_ENCODING compression: DEFAULT_COMPRESSION cfile_block_size: 0 } } split_rows_range_bounds { } partition_schema { range_schema { columns { name: "key" } } }
W0619 00:11:50.748399 25083 catalog_manager.cc:1488] The number of live tablet servers is not enough to re-replicate a tablet replica of the newly created table default.table_c771d75362c64504aed46e585f8fbdf3 in case of a replica failure: 4 tablet servers are needed, 3 are alive. Consider bringing up additional tablet server(s) or running both the masters and all tablet servers with --raft_prepare_replacement_before_eviction=false flag (not recommended).
I0619 00:11:50.751040 25724 tablet_bootstrap.cc:427] T f372b9fb174844eca1662c62039a3c71 P 395763cf325d4ce19859830a7ad35c85: No bootstrap required, opened a new log
I0619 00:11:50.751368 25724 ts_tablet_manager.cc:1045] T f372b9fb174844eca1662c62039a3c71 P 395763cf325d4ce19859830a7ad35c85: Time spent bootstrapping tablet: real 0.070s user 0.005s sys 0.007s
I0619 00:11:50.752796 25724 raft_consensus.cc:325] T f372b9fb174844eca1662c62039a3c71 P 395763cf325d4ce19859830a7ad35c85 [term 0 FOLLOWER]: Replica starting. Triggering 0 pending transactions. Active config: opid_index: -1 OBSOLETE_local: false peers { permanent_uuid: "10bda0b4856f4441b5aed24cdc4764a8" member_type: VOTER last_known_addr { host: "127.24.119.2" port: 38512 } } peers { permanent_uuid: "c007a00e65ad41a79da1a0c1050c55b4" member_type: VOTER last_known_addr { host: "127.24.119.1" port: 32951 } } peers { permanent_uuid: "395763cf325d4ce19859830a7ad35c85" member_type: VOTER last_known_addr { host: "127.24.119.3" port: 39344 } }
I0619 00:11:50.753432 25724 raft_consensus.cc:351] T f372b9fb174844eca1662c62039a3c71 P 395763cf325d4ce19859830a7ad35c85 [term 0 FOLLOWER]: Consensus starting up: Expiring failure detector timer to make a prompt election more likely
I0619 00:11:50.753666 25724 raft_consensus.cc:628] T f372b9fb174844eca1662c62039a3c71 P 395763cf325d4ce19859830a7ad35c85 [term 0 FOLLOWER]: Becoming Follower/Learner. State: Replica: 395763cf325d4ce19859830a7ad35c85, State: Initialized, Role: FOLLOWER
I0619 00:11:50.754377 25082 catalog_manager.cc:3786] T 72e28bc6b57442b782d8aa07e1152cf4 P 10bda0b4856f4441b5aed24cdc4764a8 reported cstate change: term changed from 0 to 1, leader changed from to 10bda0b4856f4441b5aed24cdc4764a8 (127.24.119.2). New cstate: current_term: 1 leader_uuid: "10bda0b4856f4441b5aed24cdc4764a8" committed_config { opid_index: -1 OBSOLETE_local: false peers { permanent_uuid: "c007a00e65ad41a79da1a0c1050c55b4" member_type: VOTER last_known_addr { host: "127.24.119.1" port: 32951 } health_report { overall_health: UNKNOWN } } peers { permanent_uuid: "10bda0b4856f4441b5aed24cdc4764a8" member_type: VOTER last_known_addr { host: "127.24.119.2" port: 38512 } health_report { overall_health: HEALTHY } } peers { permanent_uuid: "395763cf325d4ce19859830a7ad35c85" member_type: VOTER last_known_addr { host: "127.24.119.3" port: 39344 } health_report { overall_health: UNKNOWN } } }
I0619 00:11:50.755358 25082 catalog_manager.cc:3881] TS 10bda0b4856f4441b5aed24cdc4764a8 (127.24.119.2:38512) does not have the latest schema for tablet 72e28bc6b57442b782d8aa07e1152cf4 (table default.table_ce167e3b89b8423a827ae8559f500233 [id=fa287205f19a461fa0ba005f9991513b]). Expected version 2 got 0
I0619 00:11:50.755761 25724 consensus_queue.cc:227] T f372b9fb174844eca1662c62039a3c71 P 395763cf325d4ce19859830a7ad35c85 [NON_LEADER]: Queue going to NON_LEADER mode. State: All replicated index: 0, Majority replicated index: 0, Committed index: 0, Last appended: 0.0, Last appended by leader: 0, Current term: 0, Majority size: -1, State: 0, Mode: NON_LEADER, active raft config: opid_index: -1 OBSOLETE_local: false peers { permanent_uuid: "10bda0b4856f4441b5aed24cdc4764a8" member_type: VOTER last_known_addr { host: "127.24.119.2" port: 38512 } } peers { permanent_uuid: "c007a00e65ad41a79da1a0c1050c55b4" member_type: VOTER last_known_addr { host: "127.24.119.1" port: 32951 } } peers { permanent_uuid: "395763cf325d4ce19859830a7ad35c85" member_type: VOTER last_known_addr { host: "127.24.119.3" port: 39344 } }
I0619 00:11:50.760321 25736 tablet_replica.cc:261] T 1d10fb4561924e2e8d53c7a0b22a426e P 10bda0b4856f4441b5aed24cdc4764a8: stopping tablet replica
I0619 00:11:50.760607 25736 maintenance_manager.cc:237] P 10bda0b4856f4441b5aed24cdc4764a8: Unregistered op CompactRowSetsOp(1d10fb4561924e2e8d53c7a0b22a426e)
I0619 00:11:50.760871 25736 maintenance_manager.cc:237] P 10bda0b4856f4441b5aed24cdc4764a8: Unregistered op MinorDeltaCompactionOp(1d10fb4561924e2e8d53c7a0b22a426e)
I0619 00:11:50.764003 25080 catalog_manager.cc:3663] Got report from deleted tablet f372b9fb174844eca1662c62039a3c71 (table default.table_45dd93d67cc94f2c8e9e784347d14167 [id=60a6d49e09f04230abe707ed433d2e9a]) (replaced by tablet 30a9d9fda8d34caeb8242c372439321b): Sending delete request for this tablet
I0619 00:11:50.765087 25080 catalog_manager.cc:3113] Sending DeleteTablet(TABLET_DATA_DELETED) for tablet f372b9fb174844eca1662c62039a3c71 on 395763cf325d4ce19859830a7ad35c85 (127.24.119.3:39344) (replaced by tablet 30a9d9fda8d34caeb8242c372439321b)
W0619 00:11:50.769793 25668 heartbeater.cc:587] Failed to heartbeat to 127.24.119.61:46325: Network error: Failed to ping master at 127.24.119.61:46325: Client connection negotiation failed: client connection to 127.24.119.61:46325: connect: Connection refused (error 111)
I0619 00:11:50.771677 25071 catalog_manager.cc:3091] TS 395763cf325d4ce19859830a7ad35c85 (127.24.119.3:39344): tablet 292b164659e343158de8e7e3eeb9be31 (table default.table_4c17e965f551446d965e5fa1499cad9a [id=e2a7900f428948bab0aefd132d8874d4]) successfully deleted
W0619 00:11:50.737525 25402 heartbeater.cc:587] Failed to heartbeat to 127.24.119.61:46325: Network error: Failed to ping master at 127.24.119.61:46325: Client connection negotiation failed: client connection to 127.24.119.61:46325: connect: Connection refused (error 111)
I0619 00:11:50.772763 25736 maintenance_manager.cc:237] P 10bda0b4856f4441b5aed24cdc4764a8: Unregistered op MajorDeltaCompactionOp(1d10fb4561924e2e8d53c7a0b22a426e)
I0619 00:11:50.772852 25326 tablet_service.cc:800] Processing DeleteTablet for tablet cb57d196f0724247b6a7f9a34be8377a with delete_type TABLET_DATA_DELETED (Table deleted at 2018-06-19 00:11:49 PDT) from {username='jenkins'} at 127.24.119.1:46159
I0619 00:11:50.774158 25736 maintenance_manager.cc:237] P 10bda0b4856f4441b5aed24cdc4764a8: Unregistered op UndoDeltaBlockGCOp(1d10fb4561924e2e8d53c7a0b22a426e)
I0619 00:11:50.773808 25470 tablet_service.cc:759] Processing CreateTablet for tablet 7277051d52dd4be1a6dfa06488c98293 (table=default.table_50bf60a48eb949a2b7c22f6b61030f66 [id=3e2a135384014c7b9626f9a8df3162aa]), partition=RANGE (key) PARTITION UNBOUNDED
W0619 00:11:50.775743 25067 catalog_manager.cc:3083] TS c007a00e65ad41a79da1a0c1050c55b4 (127.24.119.1:32951): delete failed for tablet 292b164659e343158de8e7e3eeb9be31 with error code TABLET_NOT_RUNNING: Already present: State transition of tablet 292b164659e343158de8e7e3eeb9be31 already in progress: creating tablet
I0619 00:11:50.775969 25067 catalog_manager.cc:2891] Scheduling retry of 292b164659e343158de8e7e3eeb9be31 Delete Tablet RPC for TS=c007a00e65ad41a79da1a0c1050c55b4 with a delay of 296 ms (attempt = 5)
I0619 00:11:50.776244 25325 tablet_service.cc:759] Processing CreateTablet for tablet 7277051d52dd4be1a6dfa06488c98293 (table=default.table_50bf60a48eb949a2b7c22f6b61030f66 [id=3e2a135384014c7b9626f9a8df3162aa]), partition=RANGE (key) PARTITION UNBOUNDED
I0619 00:11:50.776290 25080 catalog_manager.cc:3663] Got report from deleted tablet f372b9fb174844eca1662c62039a3c71 (table default.table_45dd93d67cc94f2c8e9e784347d14167 [id=60a6d49e09f04230abe707ed433d2e9a]) (replaced by tablet 30a9d9fda8d34caeb8242c372439321b): Sending delete request for this tablet
W0619 00:11:50.776490 25668 heartbeater.cc:587] Failed to heartbeat to 127.24.119.61:46325: Network error: Failed to ping master at 127.24.119.61:46325: Client connection negotiation failed: client connection to 127.24.119.61:46325: connect: Connection refused (error 111)
I0619 00:11:50.776839 25325 data_dirs.cc:934] Could only allocate 1 dirs of requested 3 for tablet 7277051d52dd4be1a6dfa06488c98293. 1 dirs total, 0 dirs full, 0 dirs failed
I0619 00:11:50.777037 25080 catalog_manager.cc:3113] Sending DeleteTablet(TABLET_DATA_DELETED) for tablet f372b9fb174844eca1662c62039a3c71 on 395763cf325d4ce19859830a7ad35c85 (127.24.119.3:39344) (replaced by tablet 30a9d9fda8d34caeb8242c372439321b)
W0619 00:11:50.777971 25067 catalog_manager.cc:3083] TS c007a00e65ad41a79da1a0c1050c55b4 (127.24.119.1:32951): delete failed for tablet 3b80a302aacb418091aee54ab4be7249 with error code TABLET_NOT_RUNNING: Already present: State transition of tablet 3b80a302aacb418091aee54ab4be7249 already in progress: creating tablet
I0619 00:11:50.778208 25067 catalog_manager.cc:2891] Scheduling retry of 3b80a302aacb418091aee54ab4be7249 Delete Tablet RPC for TS=c007a00e65ad41a79da1a0c1050c55b4 with a delay of 266 ms (attempt = 5)
I0619 00:11:50.733585 25725 consensus_queue.cc:227] T 292b164659e343158de8e7e3eeb9be31 P 10bda0b4856f4441b5aed24cdc4764a8 [NON_LEADER]: Queue going to NON_LEADER mode. State: All replicated index: 0, Majority replicated index: 0, Committed index: 0, Last appended: 0.0, Last appended by leader: 0, Current term: 0, Majority size: -1, State: 0, Mode: NON_LEADER, active raft config: opid_index: -1 OBSOLETE_local: false peers { permanent_uuid: "c007a00e65ad41a79da1a0c1050c55b4" member_type: VOTER last_known_addr { host: "127.24.119.1" port: 32951 } } peers { permanent_uuid: "10bda0b4856f4441b5aed24cdc4764a8" member_type: VOTER last_known_addr { host: "127.24.119.2" port: 38512 } } peers { permanent_uuid: "395763cf325d4ce19859830a7ad35c85" member_type: VOTER last_known_addr { host: "127.24.119.3" port: 39344 } }
W0619 00:11:50.778578 25067 catalog_manager.cc:3083] TS c007a00e65ad41a79da1a0c1050c55b4 (127.24.119.1:32951): delete failed for tablet c18355df78d344839a56189c7549ab1f with error code TABLET_NOT_RUNNING: Already present: State transition of tablet c18355df78d344839a56189c7549ab1f already in progress: creating tablet
I0619 00:11:50.778723 25796 raft_consensus.cc:457] T 292b164659e343158de8e7e3eeb9be31 P 10bda0b4856f4441b5aed24cdc4764a8 [term 0 FOLLOWER]: Starting pre-election (no leader contacted us within the election timeout)
I0619 00:11:50.778817 25067 catalog_manager.cc:2891] Scheduling retry of c18355df78d344839a56189c7549ab1f Delete Tablet RPC for TS=c007a00e65ad41a79da1a0c1050c55b4 with a delay of 58 ms (attempt = 2)
I0619 00:11:50.778959 25796 raft_consensus.cc:2732] T 292b164659e343158de8e7e3eeb9be31 P 10bda0b4856f4441b5aed24cdc4764a8: Snoozing failure detection for 1.520s (starting election)
W0619 00:11:50.779202 25067 catalog_manager.cc:3083] TS c007a00e65ad41a79da1a0c1050c55b4 (127.24.119.1:32951): delete failed for tablet cb57d196f0724247b6a7f9a34be8377a with error code TABLET_NOT_RUNNING: Already present: State transition of tablet cb57d196f0724247b6a7f9a34be8377a already in progress: creating tablet
I0619 00:11:50.779021 25724 ts_tablet_manager.cc:1073] T f372b9fb174844eca1662c62039a3c71 P 395763cf325d4ce19859830a7ad35c85: Time spent starting tablet: real 0.027s user 0.003s sys 0.001s
I0619 00:11:50.779417 25067 catalog_manager.cc:2891] Scheduling retry of cb57d196f0724247b6a7f9a34be8377a Delete Tablet RPC for TS=c007a00e65ad41a79da1a0c1050c55b4 with a delay of 270 ms (attempt = 5)
I0619 00:11:50.779232 25796 raft_consensus.cc:479] T 292b164659e343158de8e7e3eeb9be31 P 10bda0b4856f4441b5aed24cdc4764a8 [term 0 FOLLOWER]: Starting pre-election with config: opid_index: -1 OBSOLETE_local: false peers { permanent_uuid: "c007a00e65ad41a79da1a0c1050c55b4" member_type: VOTER last_known_addr { host: "127.24.119.1" port: 32951 } } peers { permanent_uuid: "10bda0b4856f4441b5aed24cdc4764a8" member_type: VOTER last_known_addr { host: "127.24.119.2" port: 38512 } } peers { permanent_uuid: "395763cf325d4ce19859830a7ad35c85" member_type: VOTER last_known_addr { host: "127.24.119.3" port: 39344 } }
I0619 00:11:50.779984 25724 ts_tablet_manager.cc:1028] T 03522c48c50943b38cae5aa88562e583 P 395763cf325d4ce19859830a7ad35c85: Bootstrapping tablet
I0619 00:11:50.780416 25796 leader_election.cc:243] T 292b164659e343158de8e7e3eeb9be31 P 10bda0b4856f4441b5aed24cdc4764a8 [CANDIDATE]: Term 1 pre-election: Requesting pre-vote from peer c007a00e65ad41a79da1a0c1050c55b4 (127.24.119.1:32951)
I0619 00:11:50.780992 25724 tablet_bootstrap.cc:427] T 03522c48c50943b38cae5aa88562e583 P 395763cf325d4ce19859830a7ad35c85: Bootstrap starting.
I0619 00:11:50.781289 25796 leader_election.cc:243] T 292b164659e343158de8e7e3eeb9be31 P 10bda0b4856f4441b5aed24cdc4764a8 [CANDIDATE]: Term 1 pre-election: Requesting pre-vote from peer 395763cf325d4ce19859830a7ad35c85 (127.24.119.3:39344) WARNING: Logging before InitGoogleLogging() is written to STDERR
W0619 00:11:50.783061 25748 flags.cc:406] Enabled unsafe flag: --rpc_server_allow_ephemeral_ports=true
I0619 00:11:50.783193 25356 tablet_service.cc:995] Received RequestConsensusVote() RPC: tablet_id: "292b164659e343158de8e7e3eeb9be31" candidate_uuid: "10bda0b4856f4441b5aed24cdc4764a8" candidate_term: 1 candidate_status { last_received { term: 0 index: 0 } } ignore_live_leader: false dest_uuid: "c007a00e65ad41a79da1a0c1050c55b4" is_pre_election: true
I0619 00:11:50.783427 25725 ts_tablet_manager.cc:1073] T 292b164659e343158de8e7e3eeb9be31 P 10bda0b4856f4441b5aed24cdc4764a8: Time spent starting tablet: real 0.054s user 0.003s sys 0.000s
W0619 00:11:50.783782 25748 flags.cc:406] Enabled unsafe flag: --never_fsync=true
W0619 00:11:50.784935 25536 heartbeater.cc:587] Failed to heartbeat to 127.24.119.61:46325: Network error: Failed to ping master at 127.24.119.61:46325: Client connection negotiation failed: client connection to 127.24.119.61:46325: connect: Connection refused (error 111)
W0619 00:11:50.785547 25419 leader_election.cc:306] T 292b164659e343158de8e7e3eeb9be31 P 10bda0b4856f4441b5aed24cdc4764a8 [CANDIDATE]: Term 1 pre-election: Tablet error from VoteRequest() call to peer c007a00e65ad41a79da1a0c1050c55b4 (127.24.119.1:32951): Illegal state: must be running to vote when last-logged opid is not known
W0619 00:11:50.786671 25423 leader_election.cc:306] T 292b164659e343158de8e7e3eeb9be31 P 10bda0b4856f4441b5aed24cdc4764a8 [CANDIDATE]: Term 1 pre-election: Tablet error from VoteRequest() call to peer 395763cf325d4ce19859830a7ad35c85 (127.24.119.3:39344): Not found: Tablet not found: 292b164659e343158de8e7e3eeb9be31
I0619 00:11:50.786928 25423 leader_election.cc:270] T 292b164659e343158de8e7e3eeb9be31 P 10bda0b4856f4441b5aed24cdc4764a8 [CANDIDATE]: Term 1 pre-election: Election decided. Result: candidate lost.
W0619 00:11:50.787662 25536 heartbeater.cc:587] Failed to heartbeat to 127.24.119.61:46325: Network error: Failed to ping master at 127.24.119.61:46325: Client connection negotiation failed: client connection to 127.24.119.61:46325: connect: Connection refused (error 111)
I0619 00:11:50.788043 25796 raft_consensus.cc:2732] T 292b164659e343158de8e7e3eeb9be31 P 10bda0b4856f4441b5aed24cdc4764a8: Snoozing failure detection for 1.966s (election complete)
I0619 00:11:50.788125 25325 ts_tablet_manager.cc:1173] T 7277051d52dd4be1a6dfa06488c98293 P c007a00e65ad41a79da1a0c1050c55b4: Registered tablet (data state: TABLET_DATA_READY)
I0619 00:11:50.788278 25796 raft_consensus.cc:2487] T 292b164659e343158de8e7e3eeb9be31 P 10bda0b4856f4441b5aed24cdc4764a8 [term 0 FOLLOWER]: Leader pre-election lost for term 1. Reason: could not achieve majority
I0619 00:11:50.788759 25068 catalog_manager.cc:2891] Scheduling retry of ee4c4769f75141f9b2ef864ab8a8d9e0 (table default.table_4c17e965f551446d965e5fa1499cad9a [id=e2a7900f428948bab0aefd132d8874d4]) Alter Table RPC with a delay of 151 ms (attempt = 4)
W0619 00:11:50.789033 25068 catalog_manager.cc:2910] Async tablet task ee4c4769f75141f9b2ef864ab8a8d9e0 (table default.table_4c17e965f551446d965e5fa1499cad9a [id=e2a7900f428948bab0aefd132d8874d4]) Alter Table RPC failed: Not found: failed to reset TS proxy: No leader found: Tablet ee4c4769f75141f9b2ef864ab8a8d9e0 consensus state has no leader
I0619 00:11:50.789399 25819 tablet.cc:1195] T e3708e05f6054306b5bf7f1df2140e3d P c007a00e65ad41a79da1a0c1050c55b4: Already running schema version 3 got alter request for version 3
I0619 00:11:50.790153 25071 catalog_manager.cc:3113] Sending DeleteTablet(TABLET_DATA_DELETED) for tablet a52cbcbe35374d518bca1e0fc24d88d4 on 395763cf325d4ce19859830a7ad35c85 (127.24.119.3:39344) (Table deleted at 2018-06-19 00:11:50 PDT)
I0619 00:11:50.791110 25080 catalog_manager.cc:1339] Servicing CreateTable request from {username='jenkins'} at 127.24.119.62:54390: name: "default.table_2e9154601fc34c21a4a6c3e101a644dc" schema { columns { name: "key" type: INT32 is_key: true is_nullable: false encoding: AUTO_ENCODING compression: DEFAULT_COMPRESSION cfile_block_size: 0 } } split_rows_range_bounds { } partition_schema { range_schema { columns { name: "key" } } }
I0619 00:11:50.791749 25323 tablet_service.cc:800] Processing DeleteTablet for tablet f372b9fb174844eca1662c62039a3c71 with delete_type TABLET_DATA_DELETED (replaced by tablet 30a9d9fda8d34caeb8242c372439321b) from {username='jenkins'} at 127.24.119.1:46159
W0619 00:11:50.792100 25080 catalog_manager.cc:1488] The number of live tablet servers is not enough to re-replicate a tablet replica of the newly created table default.table_2e9154601fc34c21a4a6c3e101a644dc in case of a replica failure: 4 tablet servers are needed, 3 are alive. Consider bringing up additional tablet server(s) or running both the masters and all tablet servers with --raft_prepare_replacement_before_eviction=false flag (not recommended).
W0619 00:11:50.795521 25402 heartbeater.cc:587] Failed to heartbeat to 127.24.119.61:46325: Network error: Failed to ping master at 127.24.119.61:46325: Client connection negotiation failed: client connection to 127.24.119.61:46325: connect: Connection refused (error 111)
I0619 00:11:50.796170 25323 tablet_service.cc:800] Processing DeleteTablet for tablet 397ae10bb6d841b4ba561ec431d29864 with delete_type TABLET_DATA_DELETED (Table deleted at 2018-06-19 00:11:50 PDT) from {username='jenkins'} at 127.24.119.1:46159
I0619 00:11:50.798902 25087 catalog_manager.cc:4025] T 00000000000000000000000000000000 P cb25d1bba5bf4c64914f300f122ec898: Sending DeleteTablet for 3 replicas of tablet 53688f0e4a604bc4a07dec9278a8dad6
I0619 00:11:50.798861 25323 tablet_service.cc:800] Processing DeleteTablet for tablet 7f60ea5c5def47ee846d0186bbc90c18 with delete_type TABLET_DATA_DELETED (Table deleted at 2018-06-19 00:11:50 PDT) from {username='jenkins'} at 127.24.119.1:46159
I0619 00:11:50.799188 25087 catalog_manager.cc:3113] Sending DeleteTablet(TABLET_DATA_DELETED) for tablet 53688f0e4a604bc4a07dec9278a8dad6 on 10bda0b4856f4441b5aed24cdc4764a8 (127.24.119.2:38512) (Table deleted at 2018-06-19 00:11:50 PDT)
I0619 00:11:50.799563 25087 catalog_manager.cc:3113] Sending DeleteTablet(TABLET_DATA_DELETED) for tablet 53688f0e4a604bc4a07dec9278a8dad6 on c007a00e65ad41a79da1a0c1050c55b4 (127.24.119.1:32951) (Table deleted at 2018-06-19 00:11:50 PDT)
I0619 00:11:50.799995 25087 catalog_manager.cc:3113] Sending DeleteTablet(TABLET_DATA_DELETED) for tablet 53688f0e4a604bc4a07dec9278a8dad6 on 395763cf325d4ce19859830a7ad35c85 (127.24.119.3:39344) (Table deleted at 2018-06-19 00:11:50 PDT)
I0619 00:11:50.800945 25730 ts_tablet_manager.cc:1382] T 70b9c8c4af0945b69b5577e47b61c054 P 395763cf325d4ce19859830a7ad35c85: tablet deleted with delete type TABLET_DATA_DELETED: last-logged OpId 0.0
W0619 00:11:50.800988 25067 catalog_manager.cc:3083] TS c007a00e65ad41a79da1a0c1050c55b4 (127.24.119.1:32951): delete failed for tablet f372b9fb174844eca1662c62039a3c71 with error code TABLET_NOT_RUNNING: Already present: State transition of tablet f372b9fb174844eca1662c62039a3c71 already in progress: creating tablet
I0619 00:11:50.801225 25067 catalog_manager.cc:2891] Scheduling retry of f372b9fb174844eca1662c62039a3c71 Delete Tablet RPC for TS=c007a00e65ad41a79da1a0c1050c55b4 with a delay of 165 ms (attempt = 4)
I0619 00:11:50.801618 25730 log.cc:986] T 70b9c8c4af0945b69b5577e47b61c054 P 395763cf325d4ce19859830a7ad35c85: Deleting WAL directory at /data/somelongdirectorytoavoidrpathissues/src/kudutest/master-stress-test.0.HmsConfigurations_MasterStressTest.Test_0.1529392303277196-25052/minicluster-data/ts-2/wal/wals/70b9c8c4af0945b69b5577e47b61c054
W0619 00:11:50.801975 25067 catalog_manager.cc:3083] TS c007a00e65ad41a79da1a0c1050c55b4 (127.24.119.1:32951): delete failed for tablet 397ae10bb6d841b4ba561ec431d29864 with error code TABLET_NOT_RUNNING: Already present: State transition of tablet 397ae10bb6d841b4ba561ec431d29864 already in progress: creating tablet
I0619 00:11:50.802188 25727 tablet_bootstrap.cc:427] T 89a7ff9cdbc046779799e4e8f71adb42 P c007a00e65ad41a79da1a0c1050c55b4: No bootstrap required, opened a new log
I0619 00:11:50.802192 25067 catalog_manager.cc:2891] Scheduling retry of 397ae10bb6d841b4ba561ec431d29864 Delete Tablet RPC for TS=c007a00e65ad41a79da1a0c1050c55b4 with a delay of 143 ms (attempt = 4)
I0619 00:11:50.801352 25724 tablet_bootstrap.cc:578] T 03522c48c50943b38cae5aa88562e583 P 395763cf325d4ce19859830a7ad35c85: No blocks or log segments found. Creating new log.
I0619 00:11:50.802512 25727 ts_tablet_manager.cc:1045] T 89a7ff9cdbc046779799e4e8f71adb42 P c007a00e65ad41a79da1a0c1050c55b4: Time spent bootstrapping tablet: real 0.221s user 0.006s sys 0.011s
I0619 00:11:50.802880 25811 raft_consensus.cc:457] T 35acf55f35064c1491122a13ff9f5744 P 395763cf325d4ce19859830a7ad35c85 [term 0 FOLLOWER]: Starting pre-election (no leader contacted us within the election timeout)
I0619 00:11:50.803123 25811 raft_consensus.cc:2732] T 35acf55f35064c1491122a13ff9f5744 P 395763cf325d4ce19859830a7ad35c85: Snoozing failure detection for 1.745s (starting election)
W0619 00:11:50.803593 25402 heartbeater.cc:587] Failed to heartbeat to 127.24.119.61:46325: Network error: Failed to ping master at 127.24.119.61:46325: Client connection negotiation failed: client connection to 127.24.119.61:46325: connect: Connection refused (error 111)
I0619 00:11:50.803361 25811 raft_consensus.cc:479] T 35acf55f35064c1491122a13ff9f5744 P 395763cf325d4ce19859830a7ad35c85 [term 0 FOLLOWER]: Starting pre-election with config: opid_index: -1 OBSOLETE_local: false peers { permanent_uuid: "c007a00e65ad41a79da1a0c1050c55b4" member_type: VOTER last_known_addr { host: "127.24.119.1" port: 32951 } } peers { permanent_uuid: "10bda0b4856f4441b5aed24cdc4764a8" member_type: VOTER last_known_addr { host: "127.24.119.2" port: 38512 } } peers { permanent_uuid: "395763cf325d4ce19859830a7ad35c85" member_type: VOTER last_known_addr { host: "127.24.119.3" port: 39344 } }
I0619 00:11:50.804376 25811 leader_election.cc:243] T 35acf55f35064c1491122a13ff9f5744 P 395763cf325d4ce19859830a7ad35c85 [CANDIDATE]: Term 1 pre-election: Requesting pre-vote from peer c007a00e65ad41a79da1a0c1050c55b4 (127.24.119.1:32951)
I0619 00:11:50.804154 25727 raft_consensus.cc:325] T 89a7ff9cdbc046779799e4e8f71adb42 P c007a00e65ad41a79da1a0c1050c55b4 [term 0 FOLLOWER]: Replica starting. Triggering 0 pending transactions. Active config: opid_index: -1 OBSOLETE_local: false peers { permanent_uuid: "c007a00e65ad41a79da1a0c1050c55b4" member_type: VOTER last_known_addr { host: "127.24.119.1" port: 32951 } } peers { permanent_uuid: "10bda0b4856f4441b5aed24cdc4764a8" member_type: VOTER last_known_addr { host: "127.24.119.2" port: 38512 } } peers { permanent_uuid: "395763cf325d4ce19859830a7ad35c85" member_type: VOTER last_known_addr { host: "127.24.119.3" port: 39344 } }
I0619 00:11:50.804795 25727 raft_consensus.cc:351] T 89a7ff9cdbc046779799e4e8f71adb42 P c007a00e65ad41a79da1a0c1050c55b4 [term 0 FOLLOWER]: Consensus starting up: Expiring failure detector timer to make a prompt election more likely
I0619 00:11:50.804797 25811 leader_election.cc:243] T 35acf55f35064c1491122a13ff9f5744 P 395763cf325d4ce19859830a7ad35c85 [CANDIDATE]: Term 1 pre-election: Requesting pre-vote from peer 10bda0b4856f4441b5aed24cdc4764a8 (127.24.119.2:38512)
I0619 00:11:50.804978 25727 raft_consensus.cc:628] T 89a7ff9cdbc046779799e4e8f71adb42 P c007a00e65ad41a79da1a0c1050c55b4 [term 0 FOLLOWER]: Becoming Follower/Learner. State: Replica: c007a00e65ad41a79da1a0c1050c55b4, State: Initialized, Role: FOLLOWER
I0619 00:11:50.805371 25463 tablet_service.cc:800] Processing DeleteTablet for tablet 7f60ea5c5def47ee846d0186bbc90c18 with delete_type TABLET_DATA_DELETED (Table deleted at 2018-06-19 00:11:50 PDT) from {username='jenkins'} at 127.24.119.2:51757
I0619 00:11:50.805423 25727 consensus_queue.cc:227] T 89a7ff9cdbc046779799e4e8f71adb42 P c007a00e65ad41a79da1a0c1050c55b4 [NON_LEADER]: Queue going to NON_LEADER mode. State: All replicated index: 0, Majority replicated index: 0, Committed index: 0, Last appended: 0.0, Last appended by leader: 0, Current term: 0, Majority size: -1, State: 0, Mode: NON_LEADER, active raft config: opid_index: -1 OBSOLETE_local: false peers { permanent_uuid: "c007a00e65ad41a79da1a0c1050c55b4" member_type: VOTER last_known_addr { host: "127.24.119.1" port: 32951 } } peers { permanent_uuid: "10bda0b4856f4441b5aed24cdc4764a8" member_type: VOTER last_known_addr { host: "127.24.119.2" port: 38512 } } peers { permanent_uuid: "395763cf325d4ce19859830a7ad35c85" member_type: VOTER last_known_addr { host: "127.24.119.3" port: 39344 } }
I0619 00:11:50.806319 25463 tablet_service.cc:800] Processing DeleteTablet for tablet 4c0614e9ed96420886243a6868f2e75e with delete_type TABLET_DATA_DELETED (Table deleted at 2018-06-19 00:11:49 PDT) from {username='jenkins'} at 127.24.119.2:51757
I0619 00:11:50.806340 25356 tablet_service.cc:995] Received RequestConsensusVote() RPC: tablet_id: "35acf55f35064c1491122a13ff9f5744" candidate_uuid: "395763cf325d4ce19859830a7ad35c85" candidate_term: 1 candidate_status { last_received { term: 0 index: 0 } } ignore_live_leader: false dest_uuid: "c007a00e65ad41a79da1a0c1050c55b4" is_pre_election: true
I0619 00:11:50.808326 25730 ts_tablet_manager.cc:1403] T 70b9c8c4af0945b69b5577e47b61c054 P 395763cf325d4ce19859830a7ad35c85: Deleting consensus metadata
W0619 00:11:50.808881 25553 leader_election.cc:306] T 35acf55f35064c1491122a13ff9f5744 P 395763cf325d4ce19859830a7ad35c85 [CANDIDATE]: Term 1 pre-election: Tablet error from VoteRequest() call to peer c007a00e65ad41a79da1a0c1050c55b4 (127.24.119.1:32951): Illegal state: must be running to vote when last-logged opid is not known
I0619 00:11:50.810189 25819 tablet.cc:1195] T e3708e05f6054306b5bf7f1df2140e3d P c007a00e65ad41a79da1a0c1050c55b4: Already running schema version 3 got alter request for version 3
I0619 00:11:50.813758 25068 catalog_manager.cc:2891] Scheduling retry of aaf62da07a9740c1aa44359d3f604513 (table default.table_48a6321c18954a77805c579d820e8d00 [id=f181d18c1f844c83a0640004333ae473]) Alter Table RPC with a delay of 560 ms (attempt = 6)
W0619 00:11:50.814030 25068 catalog_manager.cc:2910] Async tablet task aaf62da07a9740c1aa44359d3f604513 (table default.table_48a6321c18954a77805c579d820e8d00 [id=f181d18c1f844c83a0640004333ae473]) Alter Table RPC failed: Not found: failed to reset TS proxy: No leader found: Tablet aaf62da07a9740c1aa44359d3f604513 consensus state has no leader
I0619 00:11:50.814860 25604 ts_tablet_manager.cc:1173] T 7277051d52dd4be1a6dfa06488c98293 P 395763cf325d4ce19859830a7ad35c85: Registered tablet (data state: TABLET_DATA_READY)
I0619 00:11:50.815397 25624 raft_consensus.cc:1081] T fb8e94875a8347a0a473c95a77c38795 P 395763cf325d4ce19859830a7ad35c85 [term 1 FOLLOWER]: Refusing update from remote peer c007a00e65ad41a79da1a0c1050c55b4: Log matching property violated. Preceding OpId in replica: term: 0 index: 0. Preceding OpId from leader: term: 1 index: 2. (index mismatch)
I0619 00:11:50.815965 25463 tablet_service.cc:800] Processing DeleteTablet for tablet cb57d196f0724247b6a7f9a34be8377a with delete_type TABLET_DATA_DELETED (Table deleted at 2018-06-19 00:11:49 PDT) from {username='jenkins'} at 127.24.119.2:51757
I0619 00:11:50.818908 25323 tablet_service.cc:800] Processing DeleteTablet for tablet 03522c48c50943b38cae5aa88562e583 with delete_type TABLET_DATA_DELETED (Table deleted at 2018-06-19 00:11:50 PDT) from {username='jenkins'} at 127.24.119.1:46159
I0619 00:11:50.819061 25727 ts_tablet_manager.cc:1073] T 89a7ff9cdbc046779799e4e8f71adb42 P c007a00e65ad41a79da1a0c1050c55b4: Time spent starting tablet: real 0.016s user 0.004s sys 0.000s
I0619 00:11:50.819605 25727 ts_tablet_manager.cc:1028] T ac129ed44f68432f800420175aa0a630 P c007a00e65ad41a79da1a0c1050c55b4: Bootstrapping tablet
I0619 00:11:50.820165 25727 tablet_bootstrap.cc:427] T ac129ed44f68432f800420175aa0a630 P c007a00e65ad41a79da1a0c1050c55b4: Bootstrap starting.
I0619 00:11:50.824314 25736 maintenance_manager.cc:237] P 10bda0b4856f4441b5aed24cdc4764a8: Unregistered op FlushMRSOp(1d10fb4561924e2e8d53c7a0b22a426e)
I0619 00:11:50.824597 25736 maintenance_manager.cc:237] P 10bda0b4856f4441b5aed24cdc4764a8: Unregistered op FlushDeltaMemStoresOp(1d10fb4561924e2e8d53c7a0b22a426e)
I0619 00:11:50.824846 25736 maintenance_manager.cc:237] P 10bda0b4856f4441b5aed24cdc4764a8: Unregistered op LogGCOp(1d10fb4561924e2e8d53c7a0b22a426e)
I0619 00:11:50.825054 25736 raft_consensus.cc:2042] T 1d10fb4561924e2e8d53c7a0b22a426e P 10bda0b4856f4441b5aed24cdc4764a8 [term 0 FOLLOWER]: Raft consensus shutting down.
I0619 00:11:50.825347 25736 raft_consensus.cc:2069] T 1d10fb4561924e2e8d53c7a0b22a426e P 10bda0b4856f4441b5aed24cdc4764a8 [term 0 FOLLOWER]: Raft consensus is shut down!
W0619 00:11:50.826174 25067 catalog_manager.cc:3083] TS c007a00e65ad41a79da1a0c1050c55b4 (127.24.119.1:32951): delete failed for tablet 7f60ea5c5def47ee846d0186bbc90c18 with error code TABLET_NOT_RUNNING: Already present: State transition of tablet 7f60ea5c5def47ee846d0186bbc90c18 already in progress: creating tablet
I0619 00:11:50.826436 25067 catalog_manager.cc:2891] Scheduling retry of 7f60ea5c5def47ee846d0186bbc90c18 Delete Tablet RPC for TS=c007a00e65ad41a79da1a0c1050c55b4 with a delay of 37 ms (attempt = 1)
I0619 00:11:50.770357 25462 ts_tablet_manager.cc:1173] T 0a33940e5347489993ab4679e9aeafde P 10bda0b4856f4441b5aed24cdc4764a8: Registered tablet (data state: TABLET_DATA_READY)
W0619 00:11:50.827046 25067 catalog_manager.cc:3083] TS c007a00e65ad41a79da1a0c1050c55b4 (127.24.119.1:32951): delete failed for tablet 03522c48c50943b38cae5aa88562e583 with error code TABLET_NOT_RUNNING: Already present: State transition of tablet 03522c48c50943b38cae5aa88562e583 already in progress: creating tablet
I0619 00:11:50.827297 25067 catalog_manager.cc:2891] Scheduling retry of 03522c48c50943b38cae5aa88562e583 Delete Tablet RPC for TS=c007a00e65ad41a79da1a0c1050c55b4 with a delay of 84 ms (attempt = 3)
W0619 00:11:50.827529 25071 catalog_manager.cc:3083] TS 395763cf325d4ce19859830a7ad35c85 (127.24.119.3:39344): delete failed for tablet cb57d196f0724247b6a7f9a34be8377a with error code TABLET_NOT_RUNNING: Already present: State transition of tablet cb57d196f0724247b6a7f9a34be8377a already in progress: creating tablet
I0619 00:11:50.827797 25071 catalog_manager.cc:2891] Scheduling retry of cb57d196f0724247b6a7f9a34be8377a Delete Tablet RPC for TS=395763cf325d4ce19859830a7ad35c85 with a delay of 73 ms (attempt = 3)
I0619 00:11:50.828011 25724 tablet_bootstrap.cc:427] T 03522c48c50943b38cae5aa88562e583 P 395763cf325d4ce19859830a7ad35c85: No bootstrap required, opened a new log
I0619 00:11:50.828353 25724 ts_tablet_manager.cc:1045] T 03522c48c50943b38cae5aa88562e583 P 395763cf325d4ce19859830a7ad35c85: Time spent bootstrapping tablet: real 0.047s user 0.003s sys 0.002s
I0619 00:11:50.828712 25602 tablet_service.cc:800] Processing DeleteTablet for tablet 03522c48c50943b38cae5aa88562e583 with delete_type TABLET_DATA_DELETED (Table deleted at 2018-06-19 00:11:50 PDT) from {username='jenkins'} at 127.24.119.3:34285
I0619 00:11:50.829167 25602 tablet_service.cc:800] Processing DeleteTablet for tablet f372b9fb174844eca1662c62039a3c71 with delete_type TABLET_DATA_DELETED (replaced by tablet 30a9d9fda8d34caeb8242c372439321b) from {username='jenkins'} at 127.24.119.3:34285
W0619 00:11:50.829422 25402 heartbeater.cc:587] Failed to heartbeat to 127.24.119.61:46325: Network error: Failed to ping master at 127.24.119.61:46325: Client connection negotiation failed: client connection to 127.24.119.61:46325: connect: Connection refused (error 111)
I0619 00:11:50.829396 25603 tablet_service.cc:800] Processing DeleteTablet for tablet f372b9fb174844eca1662c62039a3c71 with delete_type TABLET_DATA_DELETED (replaced by tablet 30a9d9fda8d34caeb8242c372439321b) from {username='jenkins'} at 127.24.119.3:34285
I0619 00:11:50.829954 25724 raft_consensus.cc:325] T 03522c48c50943b38cae5aa88562e583 P 395763cf325d4ce19859830a7ad35c85 [term 0 FOLLOWER]: Replica starting. Triggering 0 pending transactions. Active config: opid_index: -1 OBSOLETE_local: false peers { permanent_uuid: "10bda0b4856f4441b5aed24cdc4764a8" member_type: VOTER last_known_addr { host: "127.24.119.2" port: 38512 } } peers { permanent_uuid: "c007a00e65ad41a79da1a0c1050c55b4" member_type: VOTER last_known_addr { host: "127.24.119.1" port: 32951 } } peers { permanent_uuid: "395763cf325d4ce19859830a7ad35c85" member_type: VOTER last_known_addr { host: "127.24.119.3" port: 39344 } }
I0619 00:11:50.830621 25724 raft_consensus.cc:351] T 03522c48c50943b38cae5aa88562e583 P 395763cf325d4ce19859830a7ad35c85 [term 0 FOLLOWER]: Consensus starting up: Expiring failure detector timer to make a prompt election more likely
I0619 00:11:50.830667 25736 ts_tablet_manager.cc:1369] T 1d10fb4561924e2e8d53c7a0b22a426e P 10bda0b4856f4441b5aed24cdc4764a8: Deleting tablet data with delete state TABLET_DATA_DELETED
I0619 00:11:50.830863 25724 raft_consensus.cc:628] T 03522c48c50943b38cae5aa88562e583 P 395763cf325d4ce19859830a7ad35c85 [term 0 FOLLOWER]: Becoming Follower/Learner. State: Replica: 395763cf325d4ce19859830a7ad35c85, State: Initialized, Role: FOLLOWER
I0619 00:11:50.831620 25601 ts_tablet_manager.cc:1173] T 775f0b6b309c49278066a5e7cf623af2 P 395763cf325d4ce19859830a7ad35c85: Registered tablet (data state: TABLET_DATA_READY)
I0619 00:11:50.831524 25724 consensus_queue.cc:227] T 03522c48c50943b38cae5aa88562e583 P 395763cf325d4ce19859830a7ad35c85 [NON_LEADER]: Queue going to NON_LEADER mode. State: All replicated index: 0, Majority replicated index: 0, Committed index: 0, Last appended: 0.0, Last appended by leader: 0, Current term: 0, Majority size: -1, State: 0, Mode: NON_LEADER, active raft config: opid_index: -1 OBSOLETE_local: false peers { permanent_uuid: "10bda0b4856f4441b5aed24cdc4764a8" member_type: VOTER last_known_addr { host: "127.24.119.2" port: 38512 } } peers { permanent_uuid: "c007a00e65ad41a79da1a0c1050c55b4" member_type: VOTER last_known_addr { host: "127.24.119.1" port: 32951 } } peers { permanent_uuid: "395763cf325d4ce19859830a7ad35c85" member_type: VOTER last_known_addr { host: "127.24.119.3" port: 39344 } }
I0619 00:11:50.831651 25600 tablet_service.cc:759] Processing CreateTablet for tablet 0474be659e5e4a4cbfc181b8c812b1eb (table=default.table_e248c37d574c4073ad57f7b09e7bf793 [id=ef686082956f4a898d38d2526484ec1b]), partition=RANGE (key) PARTITION UNBOUNDED
I0619 00:11:50.832801 25600 data_dirs.cc:934] Could only allocate 1 dirs of requested 3 for tablet 0474be659e5e4a4cbfc181b8c812b1eb. 1 dirs total, 0 dirs full, 0 dirs failed
I0619 00:11:50.833684 25725 ts_tablet_manager.cc:1028] T 3b80a302aacb418091aee54ab4be7249 P 10bda0b4856f4441b5aed24cdc4764a8: Bootstrapping tablet
I0619 00:11:50.834218 25725 tablet_bootstrap.cc:427] T 3b80a302aacb418091aee54ab4be7249 P 10bda0b4856f4441b5aed24cdc4764a8: Bootstrap starting.
W0619 00:11:50.834846 25668 heartbeater.cc:587] Failed to heartbeat to 127.24.119.61:46325: Network error: Failed to ping master at 127.24.119.61:46325: Client connection negotiation failed: client connection to 127.24.119.61:46325: connect: Connection refused (error 111)
I0619 00:11:50.835839 25604 tablet_service.cc:800] Processing DeleteTablet for tablet 7f60ea5c5def47ee846d0186bbc90c18 with delete_type TABLET_DATA_DELETED (Table deleted at 2018-06-19 00:11:50 PDT) from {username='jenkins'} at 127.24.119.3:34285
I0619 00:11:50.836778 25470 data_dirs.cc:934] Could only allocate 1 dirs of requested 3 for tablet 7277051d52dd4be1a6dfa06488c98293. 1 dirs total, 0 dirs full, 0 dirs failed
I0619 00:11:50.836891 25489 raft_consensus.cc:1081] T fb8e94875a8347a0a473c95a77c38795 P 10bda0b4856f4441b5aed24cdc4764a8 [term 1 FOLLOWER]: Refusing update from remote peer c007a00e65ad41a79da1a0c1050c55b4: Log matching property violated. Preceding OpId in replica: term: 0 index: 0. Preceding OpId from leader: term: 1 index: 2. (index mismatch)
I0619 00:11:50.837056 25725 tablet_bootstrap.cc:578] T 3b80a302aacb418091aee54ab4be7249 P 10bda0b4856f4441b5aed24cdc4764a8: No blocks or log segments found. Creating new log.
I0619 00:11:50.839365 25083 catalog_manager.cc:3663] Got report from deleted tablet 03522c48c50943b38cae5aa88562e583 (table default.table_0a2ef368d0f945eaaeeb3e58d57ef718 [id=3af4854117e94c6a9ac3516c131ab144]) (Table deleted at 2018-06-19 00:11:50 PDT): Sending delete request for this tablet
I0619 00:11:50.840090 25083 catalog_manager.cc:3113] Sending DeleteTablet(TABLET_DATA_DELETED) for tablet 03522c48c50943b38cae5aa88562e583 on 395763cf325d4ce19859830a7ad35c85 (127.24.119.3:39344) (Table deleted at 2018-06-19 00:11:50 PDT)
I0619 00:11:50.842734 25807 raft_consensus.cc:457] T 89a7ff9cdbc046779799e4e8f71adb42 P c007a00e65ad41a79da1a0c1050c55b4 [term 0 FOLLOWER]: Starting pre-election (no leader contacted us within the election timeout)
I0619 00:11:50.842974 25807 raft_consensus.cc:2732] T 89a7ff9cdbc046779799e4e8f71adb42 P c007a00e65ad41a79da1a0c1050c55b4: Snoozing failure detection for 1.610s (starting election)
I0619 00:11:50.843228 25807 raft_consensus.cc:479] T 89a7ff9cdbc046779799e4e8f71adb42 P c007a00e65ad41a79da1a0c1050c55b4 [term 0 FOLLOWER]: Starting pre-election with config: opid_index: -1 OBSOLETE_local: false peers { permanent_uuid: "c007a00e65ad41a79da1a0c1050c55b4" member_type: VOTER last_known_addr { host: "127.24.119.1" port: 32951 } } peers { permanent_uuid: "10bda0b4856f4441b5aed24cdc4764a8" member_type: VOTER last_known_addr { host: "127.24.119.2" port: 38512 } } peers { permanent_uuid: "395763cf325d4ce19859830a7ad35c85" member_type: VOTER last_known_addr { host: "127.24.119.3" port: 39344 } }
I0619 00:11:50.844211 25807 leader_election.cc:243] T 89a7ff9cdbc046779799e4e8f71adb42 P c007a00e65ad41a79da1a0c1050c55b4 [CANDIDATE]: Term 1 pre-election: Requesting pre-vote from peer 10bda0b4856f4441b5aed24cdc4764a8 (127.24.119.2:38512)
I0619 00:11:50.844630 25807 leader_election.cc:243] T 89a7ff9cdbc046779799e4e8f71adb42 P c007a00e65ad41a79da1a0c1050c55b4 [CANDIDATE]: Term 1 pre-election: Requesting pre-vote from peer 395763cf325d4ce19859830a7ad35c85 (127.24.119.3:39344)
I0619 00:11:50.844940 25067 catalog_manager.cc:3113] Sending DeleteTablet(TABLET_DATA_DELETED) for tablet c18355df78d344839a56189c7549ab1f on c007a00e65ad41a79da1a0c1050c55b4 (127.24.119.1:32951) (replaced by tablet 7277051d52dd4be1a6dfa06488c98293)
I0619 00:11:50.845424 25490 tablet_service.cc:995] Received RequestConsensusVote() RPC: tablet_id: "35acf55f35064c1491122a13ff9f5744" candidate_uuid: "395763cf325d4ce19859830a7ad35c85" candidate_term: 1 candidate_status { last_received { term: 0 index: 0 } } ignore_live_leader: false dest_uuid: "10bda0b4856f4441b5aed24cdc4764a8" is_pre_election: true
I0619 00:11:50.845705 25067 catalog_manager.cc:3113] Sending DeleteTablet(TABLET_DATA_DELETED) for tablet 4c0614e9ed96420886243a6868f2e75e on c007a00e65ad41a79da1a0c1050c55b4 (127.24.119.1:32951) (Table deleted at 2018-06-19 00:11:49 PDT)
I0619 00:11:50.844992 25727 tablet_bootstrap.cc:578] T ac129ed44f68432f800420175aa0a630 P c007a00e65ad41a79da1a0c1050c55b4: No blocks or log segments found. Creating new log.
I0619 00:11:50.847136 25083 catalog_manager.cc:3663] Got report from deleted tablet 292b164659e343158de8e7e3eeb9be31 (table default.table_4c17e965f551446d965e5fa1499cad9a [id=e2a7900f428948bab0aefd132d8874d4]) (replaced by tablet ee4c4769f75141f9b2ef864ab8a8d9e0): Sending delete request for this tablet
I0619 00:11:50.847812 25083 catalog_manager.cc:3113] Sending DeleteTablet(TABLET_DATA_DELETED) for tablet 292b164659e343158de8e7e3eeb9be31 on 10bda0b4856f4441b5aed24cdc4764a8 (127.24.119.2:38512) (replaced by tablet ee4c4769f75141f9b2ef864ab8a8d9e0)
I0619 00:11:50.850328 25807 consensus_queue.cc:963] T fb8e94875a8347a0a473c95a77c38795 P c007a00e65ad41a79da1a0c1050c55b4 [LEADER]: Connected to new peer: Peer: permanent_uuid: "395763cf325d4ce19859830a7ad35c85" member_type: VOTER last_known_addr { host: "127.24.119.3" port: 39344 }, Status: LMP_MISMATCH, Last received: 0.0, Next index: 1, Last known committed idx: 0, Time since last communication: 0.000s
I0619 00:11:50.851817 25323 tablet_service.cc:800] Processing DeleteTablet for tablet a85577b0beba4276b963e5c360544bc7 with delete_type TABLET_DATA_DELETED (Table deleted at 2018-06-19 00:11:49 PDT) from {username='jenkins'} at 127.24.119.1:46159
I0619 00:11:50.852211 25083 catalog_manager.cc:3663] Got report from deleted tablet 89a7ff9cdbc046779799e4e8f71adb42 (table default.table_76fe64ca5bbd44279ae948d8df882d65 [id=f25f5cc3e1d64c95a0dcc4e36416c416]) (Table deleted at 2018-06-19 00:11:48 PDT): Sending delete request for this tablet
I0619 00:11:50.853052 25083 catalog_manager.cc:3113] Sending DeleteTablet(TABLET_DATA_DELETED) for tablet 89a7ff9cdbc046779799e4e8f71adb42 on c007a00e65ad41a79da1a0c1050c55b4 (127.24.119.1:32951) (Table deleted at 2018-06-19 00:11:48 PDT)
I0619 00:11:50.854861 25323 tablet_service.cc:759] Processing CreateTablet for tablet 0474be659e5e4a4cbfc181b8c812b1eb (table=default.table_e248c37d574c4073ad57f7b09e7bf793 [id=ef686082956f4a898d38d2526484ec1b]), partition=RANGE (key) PARTITION UNBOUNDED
I0619 00:11:50.855396 25323 data_dirs.cc:934] Could only allocate 1 dirs of requested 3 for tablet 0474be659e5e4a4cbfc181b8c812b1eb. 1 dirs total, 0 dirs full, 0 dirs failed
I0619 00:11:50.854315 25071 catalog_manager.cc:3113] Sending DeleteTablet(TABLET_DATA_DELETED) for tablet 3b80a302aacb418091aee54ab4be7249 on 10bda0b4856f4441b5aed24cdc4764a8 (127.24.119.2:38512) (replaced by tablet acc89522b693498c987ca5d8ef8275ea)
I0619 00:11:50.858471 25083 catalog_manager.cc:1339] Servicing CreateTable request from {username='jenkins'} at 127.24.119.62:54390: name: "default.table_ef7e3bdd5d4043abbae5282cce9c6fd7" schema { columns { name: "key" type: INT32 is_key: true is_nullable: false encoding: AUTO_ENCODING compression: DEFAULT_COMPRESSION cfile_block_size: 0 } } split_rows_range_bounds { } partition_schema { range_schema { columns { name: "key" } } }
W0619 00:11:50.859407 25083 catalog_manager.cc:1488] The number of live tablet servers is not enough to re-replicate a tablet replica of the newly created table default.table_ef7e3bdd5d4043abbae5282cce9c6fd7 in case of a replica failure: 4 tablet servers are needed, 3 are alive. Consider bringing up additional tablet server(s) or running both the masters and all tablet servers with --raft_prepare_replacement_before_eviction=false flag (not recommended).
I0619 00:11:50.863864 25323 ts_tablet_manager.cc:1173] T 0474be659e5e4a4cbfc181b8c812b1eb P c007a00e65ad41a79da1a0c1050c55b4: Registered tablet (data state: TABLET_DATA_READY)
I0619 00:11:50.868554 25730 tablet_replica.cc:261] T f372b9fb174844eca1662c62039a3c71 P 395763cf325d4ce19859830a7ad35c85: stopping tablet replica
I0619 00:11:50.868855 25730 maintenance_manager.cc:237] P 395763cf325d4ce19859830a7ad35c85: Unregistered op CompactRowSetsOp(f372b9fb174844eca1662c62039a3c71)
I0619 00:11:50.869089 25730 maintenance_manager.cc:237] P 395763cf325d4ce19859830a7ad35c85: Unregistered op MinorDeltaCompactionOp(f372b9fb174844eca1662c62039a3c71)
I0619 00:11:50.869302 25730 maintenance_manager.cc:237] P 395763cf325d4ce19859830a7ad35c85: Unregistered op MajorDeltaCompactionOp(f372b9fb174844eca1662c62039a3c71)
I0619 00:11:50.869514 25730 maintenance_manager.cc:237] P 395763cf325d4ce19859830a7ad35c85: Unregistered op UndoDeltaBlockGCOp(f372b9fb174844eca1662c62039a3c71)
I0619 00:11:50.869777 25730 maintenance_manager.cc:237] P 395763cf325d4ce19859830a7ad35c85: Unregistered op FlushMRSOp(f372b9fb174844eca1662c62039a3c71)
I0619 00:11:50.869988 25730 maintenance_manager.cc:237] P 395763cf325d4ce19859830a7ad35c85: Unregistered op FlushDeltaMemStoresOp(f372b9fb174844eca1662c62039a3c71)
I0619 00:11:50.870198 25730 maintenance_manager.cc:237] P 395763cf325d4ce19859830a7ad35c85: Unregistered op LogGCOp(f372b9fb174844eca1662c62039a3c71)
I0619 00:11:50.870383 25730 raft_consensus.cc:2042] T f372b9fb174844eca1662c62039a3c71 P 395763cf325d4ce19859830a7ad35c85 [term 0 FOLLOWER]: Raft consensus shutting down.
I0619 00:11:50.870666 25730 raft_consensus.cc:2069] T f372b9fb174844eca1662c62039a3c71 P 395763cf325d4ce19859830a7ad35c85 [term 0 FOLLOWER]: Raft consensus is shut down!
I0619 00:11:50.872207 25730 ts_tablet_manager.cc:1369] T f372b9fb174844eca1662c62039a3c71 P 395763cf325d4ce19859830a7ad35c85: Deleting tablet data with delete state TABLET_DATA_DELETED
W0619 00:11:50.861114 25071 catalog_manager.cc:3071] TS 395763cf325d4ce19859830a7ad35c85 (127.24.119.3:39344): delete failed for tablet 292b164659e343158de8e7e3eeb9be31 because the tablet was not found. No further retry: Not found: Tablet not found: 292b164659e343158de8e7e3eeb9be31
I0619 00:11:50.879122 25067 catalog_manager.cc:3113] Sending DeleteTablet(TABLET_DATA_DELETED) for tablet 7f60ea5c5def47ee846d0186bbc90c18 on c007a00e65ad41a79da1a0c1050c55b4 (127.24.119.1:32951) (Table deleted at 2018-06-19 00:11:50 PDT)
I0619 00:11:50.884479 25080 catalog_manager.cc:3663] Got report from deleted tablet 03522c48c50943b38cae5aa88562e583 (table default.table_0a2ef368d0f945eaaeeb3e58d57ef718 [id=3af4854117e94c6a9ac3516c131ab144]) (Table deleted at 2018-06-19 00:11:50 PDT): Sending delete request for this tablet
I0619 00:11:50.885110 25080 catalog_manager.cc:3113] Sending DeleteTablet(TABLET_DATA_DELETED) for tablet 03522c48c50943b38cae5aa88562e583 on 395763cf325d4ce19859830a7ad35c85 (127.24.119.3:39344) (Table deleted at 2018-06-19 00:11:50 PDT)
I0619 00:11:50.888605 25071 catalog_manager.cc:2891] Scheduling retry of acc89522b693498c987ca5d8ef8275ea (table default.table_00f27d6b83d24c4e8088e0b0ac0d0cca [id=01235cbfa38b48a9bbfbb0b4630c5d23]) Alter Table RPC with a delay of 1037 ms (attempt = 7)
W0619 00:11:50.888880 25071 catalog_manager.cc:2910] Async tablet task acc89522b693498c987ca5d8ef8275ea (table default.table_00f27d6b83d24c4e8088e0b0ac0d0cca [id=01235cbfa38b48a9bbfbb0b4630c5d23]) Alter Table RPC failed: Not found: failed to reset TS proxy: No leader found: Tablet acc89522b693498c987ca5d8ef8275ea consensus state has no leader
I0619 00:11:50.889340 25080 master_service.cc:523] ReplaceTablet: received request to replace tablet 72e28bc6b57442b782d8aa07e1152cf4 from {username='jenkins'} at 127.24.119.62:54390
W0619 00:11:50.891252 25071 catalog_manager.cc:3083] TS 395763cf325d4ce19859830a7ad35c85 (127.24.119.3:39344): delete failed for tablet a85577b0beba4276b963e5c360544bc7 with error code TABLET_NOT_RUNNING: Already present: State transition of tablet a85577b0beba4276b963e5c360544bc7 already in progress: creating tablet
