I0619 00:11:52.748004 25741 maintenance_manager.cc:237] P c007a00e65ad41a79da1a0c1050c55b4: Unregistered op LogGCOp(f372b9fb174844eca1662c62039a3c71)
I0619 00:11:52.748204 25741 raft_consensus.cc:2042] T f372b9fb174844eca1662c62039a3c71 P c007a00e65ad41a79da1a0c1050c55b4 [term 0 FOLLOWER]: Raft consensus shutting down.
I0619 00:11:52.748481 25741 raft_consensus.cc:2069] T f372b9fb174844eca1662c62039a3c71 P c007a00e65ad41a79da1a0c1050c55b4 [term 0 FOLLOWER]: Raft consensus is shut down!
W0619 00:11:52.751302 25536 heartbeater.cc:587] Failed to heartbeat to 127.24.119.61:46325: Network error: Failed to ping master at 127.24.119.61:46325: Client connection negotiation failed: client connection to 127.24.119.61:46325: connect: Connection refused (error 111)
W0619 00:11:52.721822 25071 catalog_manager.cc:2910] Async tablet task 3722b203a516466489c74ef6013eacae (table default.table_fb89f806be98424aa43bd01b3f816a80 [id=a17737f9d2924cc09f372527fb91188b]) Alter Table RPC failed: Not found: failed to reset TS proxy: No leader found: Tablet 3722b203a516466489c74ef6013eacae consensus state has no leader
I0619 00:11:52.752789 25081 master_service.cc:523] ReplaceTablet: received request to replace tablet d6c3c7f783cb43d59b46502261aeced3 from {username='jenkins'} at 127.24.119.62:54390
W0619 00:11:52.754000 25536 heartbeater.cc:587] Failed to heartbeat to 127.24.119.61:46325: Network error: Failed to ping master at 127.24.119.61:46325: Client connection negotiation failed: client connection to 127.24.119.61:46325: connect: Connection refused (error 111)
I0619 00:11:52.750094 25336 tablet_service.cc:800] Processing DeleteTablet for tablet 03522c48c50943b38cae5aa88562e583 with delete_type TABLET_DATA_DELETED (Table deleted at 2018-06-19 00:11:50 PDT) from {username='jenkins'} at 127.24.119.1:46159
W0619 00:11:52.750484 25402 heartbeater.cc:587] Failed to heartbeat to 127.24.119.61:46325: Network error: Failed to ping master at 127.24.119.61:46325: Client connection negotiation failed: client connection to 127.24.119.61:46325: connect: Connection refused (error 111)
W0619 00:11:52.752821 25290 leader_election.cc:306] T cb57d196f0724247b6a7f9a34be8377a P c007a00e65ad41a79da1a0c1050c55b4 [CANDIDATE]: Term 1 election: Tablet error from VoteRequest() call to peer 395763cf325d4ce19859830a7ad35c85 (127.24.119.3:39344): Not found: Tablet not found: cb57d196f0724247b6a7f9a34be8377a
I0619 00:11:52.754390 25068 catalog_manager.cc:2891] Scheduling retry of 1dd3f7afe05f49199b18220f9c11ccd2 (table default.table_c24f1b02a5b54618aca5028342d84b7d [id=4b052b0654fd4377a294deee53dce6af]) Alter Table RPC with a delay of 100 ms (attempt = 3)
W0619 00:11:52.754710 25068 catalog_manager.cc:2910] Async tablet task 1dd3f7afe05f49199b18220f9c11ccd2 (table default.table_c24f1b02a5b54618aca5028342d84b7d [id=4b052b0654fd4377a294deee53dce6af]) Alter Table RPC failed: Not found: failed to reset TS proxy: No leader found: Tablet 1dd3f7afe05f49199b18220f9c11ccd2 consensus state has no leader
I0619 00:11:52.755098 25807 raft_consensus.cc:457] T 03522c48c50943b38cae5aa88562e583 P c007a00e65ad41a79da1a0c1050c55b4 [term 0 FOLLOWER]: Starting pre-election (no leader contacted us within the election timeout)
I0619 00:11:52.755313 25807 raft_consensus.cc:2732] T 03522c48c50943b38cae5aa88562e583 P c007a00e65ad41a79da1a0c1050c55b4: Snoozing failure detection for 2.192s (starting election)
I0619 00:11:52.755569 25807 raft_consensus.cc:479] T 03522c48c50943b38cae5aa88562e583 P c007a00e65ad41a79da1a0c1050c55b4 [term 0 FOLLOWER]: Starting pre-election with config: opid_index: -1 OBSOLETE_local: false peers { permanent_uuid: "10bda0b4856f4441b5aed24cdc4764a8" member_type: VOTER last_known_addr { host: "127.24.119.2" port: 38512 } } peers { permanent_uuid: "c007a00e65ad41a79da1a0c1050c55b4" member_type: VOTER last_known_addr { host: "127.24.119.1" port: 32951 } } peers { permanent_uuid: "395763cf325d4ce19859830a7ad35c85" member_type: VOTER last_known_addr { host: "127.24.119.3" port: 39344 } }
I0619 00:11:52.756961 25725 ts_tablet_manager.cc:1073] T 075076aaa16e4ea8a596a7a8c52f103e P 10bda0b4856f4441b5aed24cdc4764a8: Time spent starting tablet: real 0.062s user 0.004s sys 0.000s
I0619 00:11:52.756548 25807 leader_election.cc:243] T 03522c48c50943b38cae5aa88562e583 P c007a00e65ad41a79da1a0c1050c55b4 [CANDIDATE]: Term 1 pre-election: Requesting pre-vote from peer 10bda0b4856f4441b5aed24cdc4764a8 (127.24.119.2:38512)
I0619 00:11:52.757558 25807 leader_election.cc:243] T 03522c48c50943b38cae5aa88562e583 P c007a00e65ad41a79da1a0c1050c55b4 [CANDIDATE]: Term 1 pre-election: Requesting pre-vote from peer 395763cf325d4ce19859830a7ad35c85 (127.24.119.3:39344)
I0619 00:11:52.757510 25725 ts_tablet_manager.cc:1028] T 397ae10bb6d841b4ba561ec431d29864 P 10bda0b4856f4441b5aed24cdc4764a8: Bootstrapping tablet
I0619 00:11:52.758086 25725 tablet_bootstrap.cc:427] T 397ae10bb6d841b4ba561ec431d29864 P 10bda0b4856f4441b5aed24cdc4764a8: Bootstrap starting.
I0619 00:11:52.757524 25080 catalog_manager.cc:3786] T 3722b203a516466489c74ef6013eacae P 10bda0b4856f4441b5aed24cdc4764a8 reported cstate change: term changed from 0 to 1, leader changed from to 10bda0b4856f4441b5aed24cdc4764a8 (127.24.119.2). New cstate: current_term: 1 leader_uuid: "10bda0b4856f4441b5aed24cdc4764a8" committed_config { opid_index: -1 OBSOLETE_local: false peers { permanent_uuid: "10bda0b4856f4441b5aed24cdc4764a8" member_type: VOTER last_known_addr { host: "127.24.119.2" port: 38512 } health_report { overall_health: HEALTHY } } peers { permanent_uuid: "c007a00e65ad41a79da1a0c1050c55b4" member_type: VOTER last_known_addr { host: "127.24.119.1" port: 32951 } health_report { overall_health: UNKNOWN } } peers { permanent_uuid: "395763cf325d4ce19859830a7ad35c85" member_type: VOTER last_known_addr { host: "127.24.119.3" port: 39344 } health_report { overall_health: UNKNOWN } } }
I0619 00:11:52.758613 25080 catalog_manager.cc:3881] TS 10bda0b4856f4441b5aed24cdc4764a8 (127.24.119.2:38512) does not have the latest schema for tablet 3722b203a516466489c74ef6013eacae (table default.table_fb89f806be98424aa43bd01b3f816a80 [id=a17737f9d2924cc09f372527fb91188b]). Expected version 1 got 0
I0619 00:11:52.760521 25725 tablet_bootstrap.cc:578] T 397ae10bb6d841b4ba561ec431d29864 P 10bda0b4856f4441b5aed24cdc4764a8: No blocks or log segments found. Creating new log.
I0619 00:11:52.762344 25067 catalog_manager.cc:3113] Sending DeleteTablet(TABLET_DATA_DELETED) for tablet 775f0b6b309c49278066a5e7cf623af2 on c007a00e65ad41a79da1a0c1050c55b4 (127.24.119.1:32951) (Table deleted at 2018-06-19 00:11:51 PDT)
W0619 00:11:52.763782 25071 catalog_manager.cc:2910] Async tablet task acc89522b693498c987ca5d8ef8275ea (table default.table_48d04a9a6f224dd983111f0215fb417b [id=01235cbfa38b48a9bbfbb0b4630c5d23]) Alter Table RPC failed: Not found: failed to reset TS proxy: No leader found: Tablet acc89522b693498c987ca5d8ef8275ea consensus state has no leader
I0619 00:11:52.763846 25741 ts_tablet_manager.cc:1369] T f372b9fb174844eca1662c62039a3c71 P c007a00e65ad41a79da1a0c1050c55b4: Deleting tablet data with delete state TABLET_DATA_DELETED
I0619 00:11:52.764580 25071 catalog_manager.cc:2891] Scheduling retry of 3722b203a516466489c74ef6013eacae (table default.table_fb89f806be98424aa43bd01b3f816a80 [id=a17737f9d2924cc09f372527fb91188b]) Alter Table RPC with a delay of 99 ms (attempt = 3)
I0619 00:11:52.766309 25730 ts_tablet_manager.cc:1382] T acc89522b693498c987ca5d8ef8275ea P 395763cf325d4ce19859830a7ad35c85: tablet deleted with delete type TABLET_DATA_DELETED: last-logged OpId 0.0
I0619 00:11:52.767824 25323 tablet_service.cc:759] Processing CreateTablet for tablet 41e052fdd92b4c3d9803fa43433e60d5 (table=default.table_c644f13df4b147a08114a4e3d266c0d4 [id=e3efb205417f4b40b4f48094be7d1e1e]), partition=RANGE (key) PARTITION UNBOUNDED
I0619 00:11:52.768452 25323 data_dirs.cc:934] Could only allocate 1 dirs of requested 3 for tablet 41e052fdd92b4c3d9803fa43433e60d5. 1 dirs total, 0 dirs full, 0 dirs failed
W0619 00:11:52.769312 25071 catalog_manager.cc:2910] Async tablet task 3722b203a516466489c74ef6013eacae (table default.table_fb89f806be98424aa43bd01b3f816a80 [id=a17737f9d2924cc09f372527fb91188b]) Alter Table RPC failed: Not found: failed to reset TS proxy: No leader found: Tablet 3722b203a516466489c74ef6013eacae consensus state has no leader
I0619 00:11:52.771438 25336 tablet_service.cc:759] Processing CreateTablet for tablet e60ecc51c92c461889b360dde1dc5cf2 (table=default.table_b2764b59c43146a8ae54b361c93b3406 [id=464afb6b12f4446b89a9682f1d407e8b]), partition=RANGE (key) PARTITION UNBOUNDED
I0619 00:11:52.768645 25067 catalog_manager.cc:3113] Sending DeleteTablet(TABLET_DATA_DELETED) for tablet 54373917567a479d93dc8a3fd006d2fe on c007a00e65ad41a79da1a0c1050c55b4 (127.24.119.1:32951) (Table deleted at 2018-06-19 00:11:51 PDT)
I0619 00:11:52.772078 25336 data_dirs.cc:934] Could only allocate 1 dirs of requested 3 for tablet e60ecc51c92c461889b360dde1dc5cf2. 1 dirs total, 0 dirs full, 0 dirs failed
I0619 00:11:52.772814 25068 catalog_manager.cc:2891] Scheduling retry of ee4c4769f75141f9b2ef864ab8a8d9e0 (table default.table_4c17e965f551446d965e5fa1499cad9a [id=e2a7900f428948bab0aefd132d8874d4]) Alter Table RPC with a delay of 2091 ms (attempt = 8)
W0619 00:11:52.773088 25068 catalog_manager.cc:2910] Async tablet task ee4c4769f75141f9b2ef864ab8a8d9e0 (table default.table_4c17e965f551446d965e5fa1499cad9a [id=e2a7900f428948bab0aefd132d8874d4]) Alter Table RPC failed: Not found: failed to reset TS proxy: No leader found: Tablet ee4c4769f75141f9b2ef864ab8a8d9e0 consensus state has no leader
W0619 00:11:52.773815 25290 leader_election.cc:306] T 03522c48c50943b38cae5aa88562e583 P c007a00e65ad41a79da1a0c1050c55b4 [CANDIDATE]: Term 1 pre-election: Tablet error from VoteRequest() call to peer 395763cf325d4ce19859830a7ad35c85 (127.24.119.3:39344): Not found: Tablet not found: 03522c48c50943b38cae5aa88562e583
I0619 00:11:52.774188 25080 catalog_manager.cc:3663] Got report from deleted tablet cb57d196f0724247b6a7f9a34be8377a (table default.table_62055e93837844cd9a5dc2a343a23878 [id=ec5adc7107aa4f16b420ba18f4bc1f63]) (Table deleted at 2018-06-19 00:11:49 PDT): Sending delete request for this tablet
I0619 00:11:52.774705 25325 tablet_service.cc:800] Processing DeleteTablet for tablet 775f0b6b309c49278066a5e7cf623af2 with delete_type TABLET_DATA_DELETED (Table deleted at 2018-06-19 00:11:51 PDT) from {username='jenkins'} at 127.24.119.1:46159
I0619 00:11:52.774844 25080 catalog_manager.cc:3113] Sending DeleteTablet(TABLET_DATA_DELETED) for tablet cb57d196f0724247b6a7f9a34be8377a on c007a00e65ad41a79da1a0c1050c55b4 (127.24.119.1:32951) (Table deleted at 2018-06-19 00:11:49 PDT)
I0619 00:11:52.776338 25325 tablet_service.cc:800] Processing DeleteTablet for tablet 54373917567a479d93dc8a3fd006d2fe with delete_type TABLET_DATA_DELETED (Table deleted at 2018-06-19 00:11:51 PDT) from {username='jenkins'} at 127.24.119.1:46159
I0619 00:11:52.778893 25080 catalog_manager.cc:3881] TS 10bda0b4856f4441b5aed24cdc4764a8 (127.24.119.2:38512) does not have the latest schema for tablet 075076aaa16e4ea8a596a7a8c52f103e (table default.table_c74748783ca3450eb3c5c3397e03d506 [id=040c5029d5054cc48c9f066058cb6a45]). Expected version 1 got 0
I0619 00:11:52.779579 25080 catalog_manager.cc:2891] Scheduling retry of 075076aaa16e4ea8a596a7a8c52f103e (table default.table_c74748783ca3450eb3c5c3397e03d506 [id=040c5029d5054cc48c9f066058cb6a45]) Alter Table RPC with a delay of 53 ms (attempt = 1)
W0619 00:11:52.779952 25080 catalog_manager.cc:3945] Failed to send 075076aaa16e4ea8a596a7a8c52f103e (table default.table_c74748783ca3450eb3c5c3397e03d506 [id=040c5029d5054cc48c9f066058cb6a45]) Alter Table RPC: Not found: failed to reset TS proxy: No leader found: Tablet 075076aaa16e4ea8a596a7a8c52f103e consensus state has no leader
W0619 00:11:52.781461 25071 catalog_manager.cc:3071] TS 10bda0b4856f4441b5aed24cdc4764a8 (127.24.119.2:38512): delete failed for tablet 72e28bc6b57442b782d8aa07e1152cf4 because the tablet was not found. No further retry: Not found: Tablet not found: 72e28bc6b57442b782d8aa07e1152cf4
I0619 00:11:52.781713 25730 log.cc:986] T acc89522b693498c987ca5d8ef8275ea P 395763cf325d4ce19859830a7ad35c85: Deleting WAL directory at /data/somelongdirectorytoavoidrpathissues/src/kudutest/master-stress-test.0.HmsConfigurations_MasterStressTest.Test_0.1529392303277196-25052/minicluster-data/ts-2/wal/wals/acc89522b693498c987ca5d8ef8275ea
I0619 00:11:52.782207 25730 ts_tablet_manager.cc:1403] T acc89522b693498c987ca5d8ef8275ea P 395763cf325d4ce19859830a7ad35c85: Deleting consensus metadata
I0619 00:11:52.773438 25724 tablet_bootstrap.cc:427] T 4a88e394b199431e8b794a1b1aec847f P 395763cf325d4ce19859830a7ad35c85: No bootstrap required, opened a new log
I0619 00:11:52.782846 25724 ts_tablet_manager.cc:1045] T 4a88e394b199431e8b794a1b1aec847f P 395763cf325d4ce19859830a7ad35c85: Time spent bootstrapping tablet: real 0.059s user 0.004s sys 0.001s
I0619 00:11:52.784533 25724 raft_consensus.cc:325] T 4a88e394b199431e8b794a1b1aec847f P 395763cf325d4ce19859830a7ad35c85 [term 0 FOLLOWER]: Replica starting. Triggering 0 pending transactions. Active config: opid_index: -1 OBSOLETE_local: false peers { permanent_uuid: "c007a00e65ad41a79da1a0c1050c55b4" member_type: VOTER last_known_addr { host: "127.24.119.1" port: 32951 } } peers { permanent_uuid: "10bda0b4856f4441b5aed24cdc4764a8" member_type: VOTER last_known_addr { host: "127.24.119.2" port: 38512 } } peers { permanent_uuid: "395763cf325d4ce19859830a7ad35c85" member_type: VOTER last_known_addr { host: "127.24.119.3" port: 39344 } }
I0619 00:11:52.785220 25724 raft_consensus.cc:351] T 4a88e394b199431e8b794a1b1aec847f P 395763cf325d4ce19859830a7ad35c85 [term 0 FOLLOWER]: Consensus starting up: Expiring failure detector timer to make a prompt election more likely
I0619 00:11:52.785804 25724 raft_consensus.cc:628] T 4a88e394b199431e8b794a1b1aec847f P 395763cf325d4ce19859830a7ad35c85 [term 0 FOLLOWER]: Becoming Follower/Learner. State: Replica: 395763cf325d4ce19859830a7ad35c85, State: Initialized, Role: FOLLOWER
I0619 00:11:52.785935 25336 ts_tablet_manager.cc:1173] T e60ecc51c92c461889b360dde1dc5cf2 P c007a00e65ad41a79da1a0c1050c55b4: Registered tablet (data state: TABLET_DATA_READY)
I0619 00:11:52.747632 25727 tablet_bootstrap.cc:578] T a85577b0beba4276b963e5c360544bc7 P c007a00e65ad41a79da1a0c1050c55b4: No blocks or log segments found. Creating new log.
I0619 00:11:52.786398 25724 consensus_queue.cc:227] T 4a88e394b199431e8b794a1b1aec847f P 395763cf325d4ce19859830a7ad35c85 [NON_LEADER]: Queue going to NON_LEADER mode. State: All replicated index: 0, Majority replicated index: 0, Committed index: 0, Last appended: 0.0, Last appended by leader: 0, Current term: 0, Majority size: -1, State: 0, Mode: NON_LEADER, active raft config: opid_index: -1 OBSOLETE_local: false peers { permanent_uuid: "c007a00e65ad41a79da1a0c1050c55b4" member_type: VOTER last_known_addr { host: "127.24.119.1" port: 32951 } } peers { permanent_uuid: "10bda0b4856f4441b5aed24cdc4764a8" member_type: VOTER last_known_addr { host: "127.24.119.2" port: 38512 } } peers { permanent_uuid: "395763cf325d4ce19859830a7ad35c85" member_type: VOTER last_known_addr { host: "127.24.119.3" port: 39344 } }
I0619 00:11:52.770979 25602 ts_tablet_manager.cc:1173] T 71510e2112fd4dc9ba08de08648d7ad7 P 395763cf325d4ce19859830a7ad35c85: Registered tablet (data state: TABLET_DATA_READY)
I0619 00:11:52.763195 25489 tablet_service.cc:995] Received RequestConsensusVote() RPC: tablet_id: "03522c48c50943b38cae5aa88562e583" candidate_uuid: "c007a00e65ad41a79da1a0c1050c55b4" candidate_term: 1 candidate_status { last_received { term: 0 index: 0 } } ignore_live_leader: false dest_uuid: "10bda0b4856f4441b5aed24cdc4764a8" is_pre_election: true
I0619 00:11:52.791265 25489 raft_consensus.cc:2732] T 03522c48c50943b38cae5aa88562e583 P 10bda0b4856f4441b5aed24cdc4764a8: Snoozing failure detection for 2.005s (vote granted)
I0619 00:11:52.791504 25489 raft_consensus.cc:2245] T 03522c48c50943b38cae5aa88562e583 P 10bda0b4856f4441b5aed24cdc4764a8 [term 0 FOLLOWER]: Leader pre-election vote request: Granting yes vote for candidate c007a00e65ad41a79da1a0c1050c55b4 in term 0.
I0619 00:11:52.792011 25081 catalog_manager.cc:4025] T 00000000000000000000000000000000 P cb25d1bba5bf4c64914f300f122ec898: Sending DeleteTablet for 3 replicas of tablet d6c3c7f783cb43d59b46502261aeced3
I0619 00:11:52.794142 25470 tablet_service.cc:759] Processing CreateTablet for tablet e60ecc51c92c461889b360dde1dc5cf2 (table=default.table_b2764b59c43146a8ae54b361c93b3406 [id=464afb6b12f4446b89a9682f1d407e8b]), partition=RANGE (key) PARTITION UNBOUNDED
I0619 00:11:52.794584 25081 catalog_manager.cc:3113] Sending DeleteTablet(TABLET_DATA_DELETED) for tablet d6c3c7f783cb43d59b46502261aeced3 on 10bda0b4856f4441b5aed24cdc4764a8 (127.24.119.2:38512) (replaced by tablet 29ee1c11105e4d1e9ac74a247cd2953d)
I0619 00:11:52.794775 25470 data_dirs.cc:934] Could only allocate 1 dirs of requested 3 for tablet e60ecc51c92c461889b360dde1dc5cf2. 1 dirs total, 0 dirs full, 0 dirs failed
I0619 00:11:52.794751 25468 tablet_service.cc:759] Processing CreateTablet for tablet 41e052fdd92b4c3d9803fa43433e60d5 (table=default.table_c644f13df4b147a08114a4e3d266c0d4 [id=e3efb205417f4b40b4f48094be7d1e1e]), partition=RANGE (key) PARTITION UNBOUNDED
I0619 00:11:52.795218 25081 catalog_manager.cc:3113] Sending DeleteTablet(TABLET_DATA_DELETED) for tablet d6c3c7f783cb43d59b46502261aeced3 on c007a00e65ad41a79da1a0c1050c55b4 (127.24.119.1:32951) (replaced by tablet 29ee1c11105e4d1e9ac74a247cd2953d)
I0619 00:11:52.795352 25468 data_dirs.cc:934] Could only allocate 1 dirs of requested 3 for tablet 41e052fdd92b4c3d9803fa43433e60d5. 1 dirs total, 0 dirs full, 0 dirs failed
I0619 00:11:52.795614 25081 catalog_manager.cc:3113] Sending DeleteTablet(TABLET_DATA_DELETED) for tablet d6c3c7f783cb43d59b46502261aeced3 on 395763cf325d4ce19859830a7ad35c85 (127.24.119.3:39344) (replaced by tablet 29ee1c11105e4d1e9ac74a247cd2953d)
I0619 00:11:52.795835 25323 ts_tablet_manager.cc:1173] T 41e052fdd92b4c3d9803fa43433e60d5 P c007a00e65ad41a79da1a0c1050c55b4: Registered tablet (data state: TABLET_DATA_READY)
I0619 00:11:52.796010 25081 catalog_manager.cc:4596] ReplaceTablet: tablet d6c3c7f783cb43d59b46502261aeced3 deleted and replaced by tablet 29ee1c11105e4d1e9ac74a247cd2953d
I0619 00:11:52.797621 25602 tablet_service.cc:759] Processing CreateTablet for tablet e60ecc51c92c461889b360dde1dc5cf2 (table=default.table_b2764b59c43146a8ae54b361c93b3406 [id=464afb6b12f4446b89a9682f1d407e8b]), partition=RANGE (key) PARTITION UNBOUNDED
I0619 00:11:52.798252 25602 data_dirs.cc:934] Could only allocate 1 dirs of requested 3 for tablet e60ecc51c92c461889b360dde1dc5cf2. 1 dirs total, 0 dirs full, 0 dirs failed
I0619 00:11:52.798254 25736 ts_tablet_manager.cc:1382] T 70b9c8c4af0945b69b5577e47b61c054 P 10bda0b4856f4441b5aed24cdc4764a8: tablet deleted with delete type TABLET_DATA_DELETED: last-logged OpId 0.0
W0619 00:11:52.799238 25668 heartbeater.cc:587] Failed to heartbeat to 127.24.119.61:46325: Network error: Failed to ping master at 127.24.119.61:46325: Client connection negotiation failed: client connection to 127.24.119.61:46325: connect: Connection refused (error 111)
I0619 00:11:52.800351 25730 rpcz_store.cc:265] Call kudu.tserver.TabletServerAdminService.DeleteTablet from 127.24.119.3:34285 (request call id 123) took 1293ms. Request Metrics: {"mutex_wait_us":9583,"tablet-delete.queue_time_us":1107339}
I0619 00:11:52.801331 25730 rpcz_store.cc:265] Call kudu.tserver.TabletServerAdminService.DeleteTablet from 127.24.119.3:34285 (request call id 124) took 1258ms. Request Metrics: {"tablet-delete.queue_time_us":1257265}
I0619 00:11:52.802266 25730 rpcz_store.cc:265] Call kudu.tserver.TabletServerAdminService.DeleteTablet from 127.24.119.3:34285 (request call id 125) took 1245ms. Request Metrics: {"tablet-delete.queue_time_us":1245082}
I0619 00:11:52.803146 25730 rpcz_store.cc:265] Call kudu.tserver.TabletServerAdminService.DeleteTablet from 127.24.119.3:34285 (request call id 127) took 1242ms. Request Metrics: {"tablet-delete.queue_time_us":1241716}
I0619 00:11:52.804018 25730 rpcz_store.cc:265] Call kudu.tserver.TabletServerAdminService.DeleteTablet from 127.24.119.3:34285 (request call id 126) took 1244ms. Request Metrics: {"tablet-delete.queue_time_us":1241909}
I0619 00:11:52.805222 25730 tablet_replica.cc:261] T 7f60ea5c5def47ee846d0186bbc90c18 P 395763cf325d4ce19859830a7ad35c85: stopping tablet replica
I0619 00:11:52.805354 25600 tablet_service.cc:759] Processing CreateTablet for tablet 41e052fdd92b4c3d9803fa43433e60d5 (table=default.table_c644f13df4b147a08114a4e3d266c0d4 [id=e3efb205417f4b40b4f48094be7d1e1e]), partition=RANGE (key) PARTITION UNBOUNDED
I0619 00:11:52.805850 25736 log.cc:986] T 70b9c8c4af0945b69b5577e47b61c054 P 10bda0b4856f4441b5aed24cdc4764a8: Deleting WAL directory at /data/somelongdirectorytoavoidrpathissues/src/kudutest/master-stress-test.0.HmsConfigurations_MasterStressTest.Test_0.1529392303277196-25052/minicluster-data/ts-1/wal/wals/70b9c8c4af0945b69b5577e47b61c054
I0619 00:11:52.805945 25600 data_dirs.cc:934] Could only allocate 1 dirs of requested 3 for tablet 41e052fdd92b4c3d9803fa43433e60d5. 1 dirs total, 0 dirs full, 0 dirs failed
I0619 00:11:52.806326 25736 ts_tablet_manager.cc:1403] T 70b9c8c4af0945b69b5577e47b61c054 P 10bda0b4856f4441b5aed24cdc4764a8: Deleting consensus metadata
W0619 00:11:52.808652 25668 heartbeater.cc:587] Failed to heartbeat to 127.24.119.61:46325: Network error: Failed to ping master at 127.24.119.61:46325: Client connection negotiation failed: client connection to 127.24.119.61:46325: connect: Connection refused (error 111)
I0619 00:11:52.810407 25081 catalog_manager.cc:3663] Got report from deleted tablet 4a88e394b199431e8b794a1b1aec847f (table default.table_2c7f2c73082443ab869e2910097fa796 [id=9b96421847354087b7a4fa2afc633be3]) (Table deleted at 2018-06-19 00:11:52 PDT): Sending delete request for this tablet
I0619 00:11:52.811141 25081 catalog_manager.cc:3113] Sending DeleteTablet(TABLET_DATA_DELETED) for tablet 4a88e394b199431e8b794a1b1aec847f on 395763cf325d4ce19859830a7ad35c85 (127.24.119.3:39344) (Table deleted at 2018-06-19 00:11:52 PDT)
I0619 00:11:52.813642 25071 catalog_manager.cc:2891] Scheduling retry of ee4c4769f75141f9b2ef864ab8a8d9e0 (table default.table_4c17e965f551446d965e5fa1499cad9a [id=e2a7900f428948bab0aefd132d8874d4]) Alter Table RPC with a delay of 147 ms (attempt = 4)
I0619 00:11:52.814486 25464 ts_tablet_manager.cc:1173] T f1b566b2b58f4955aa25ae990a4a8a1a P 10bda0b4856f4441b5aed24cdc4764a8: Registered tablet (data state: TABLET_DATA_READY)
I0619 00:11:52.814846 25724 ts_tablet_manager.cc:1073] T 4a88e394b199431e8b794a1b1aec847f P 395763cf325d4ce19859830a7ad35c85: Time spent starting tablet: real 0.032s user 0.004s sys 0.000s
I0619 00:11:52.815249 25724 ts_tablet_manager.cc:1028] T 7277051d52dd4be1a6dfa06488c98293 P 395763cf325d4ce19859830a7ad35c85: Bootstrapping tablet
I0619 00:11:52.815670 25724 tablet_bootstrap.cc:427] T 7277051d52dd4be1a6dfa06488c98293 P 395763cf325d4ce19859830a7ad35c85: Bootstrap starting.
I0619 00:11:52.815593 25081 catalog_manager.cc:3663] Got report from deleted tablet 4a88e394b199431e8b794a1b1aec847f (table default.table_2c7f2c73082443ab869e2910097fa796 [id=9b96421847354087b7a4fa2afc633be3]) (Table deleted at 2018-06-19 00:11:52 PDT): Sending delete request for this tablet
I0619 00:11:52.815815 25069 catalog_manager.cc:2891] Scheduling retry of 30a9d9fda8d34caeb8242c372439321b (table default.table_45dd93d67cc94f2c8e9e784347d14167 [id=60a6d49e09f04230abe707ed433d2e9a]) Alter Table RPC with a delay of 529 ms (attempt = 6)
W0619 00:11:52.816109 25069 catalog_manager.cc:2910] Async tablet task 30a9d9fda8d34caeb8242c372439321b (table default.table_45dd93d67cc94f2c8e9e784347d14167 [id=60a6d49e09f04230abe707ed433d2e9a]) Alter Table RPC failed: Not found: failed to reset TS proxy: No leader found: Tablet 30a9d9fda8d34caeb8242c372439321b consensus state has no leader
I0619 00:11:52.819680 25623 raft_consensus.cc:1081] T 3722b203a516466489c74ef6013eacae P 395763cf325d4ce19859830a7ad35c85 [term 1 FOLLOWER]: Refusing update from remote peer 10bda0b4856f4441b5aed24cdc4764a8: Log matching property violated. Preceding OpId in replica: term: 0 index: 0. Preceding OpId from leader: term: 1 index: 2. (index mismatch)
I0619 00:11:52.821096 25847 consensus_queue.cc:963] T 3722b203a516466489c74ef6013eacae P 10bda0b4856f4441b5aed24cdc4764a8 [LEADER]: Connected to new peer: Peer: permanent_uuid: "395763cf325d4ce19859830a7ad35c85" member_type: VOTER last_known_addr { host: "127.24.119.3" port: 39344 }, Status: LMP_MISMATCH, Last received: 0.0, Next index: 1, Last known committed idx: 0, Time since last communication: 0.000s
I0619 00:11:52.821869 25068 catalog_manager.cc:2891] Scheduling retry of 7c57c5ca55f24621b66197a3698504bd (table default.table_aa87e3f6cd96435ab36cdbbc83a51374 [id=68b201dd31454f02838aaa70b04c3c31]) Alter Table RPC with a delay of 140 ms (attempt = 4)
W0619 00:11:52.822137 25068 catalog_manager.cc:2910] Async tablet task 7c57c5ca55f24621b66197a3698504bd (table default.table_aa87e3f6cd96435ab36cdbbc83a51374 [id=68b201dd31454f02838aaa70b04c3c31]) Alter Table RPC failed: Not found: failed to reset TS proxy: No leader found: Tablet 7c57c5ca55f24621b66197a3698504bd consensus state has no leader
I0619 00:11:52.825856 25468 ts_tablet_manager.cc:1173] T 41e052fdd92b4c3d9803fa43433e60d5 P 10bda0b4856f4441b5aed24cdc4764a8: Registered tablet (data state: TABLET_DATA_READY)
W0619 00:11:52.826634 25668 heartbeater.cc:587] Failed to heartbeat to 127.24.119.61:46325: Network error: Failed to ping master at 127.24.119.61:46325: Client connection negotiation failed: client connection to 127.24.119.61:46325: connect: Connection refused (error 111)
I0619 00:11:52.827097 25067 catalog_manager.cc:3113] Sending DeleteTablet(TABLET_DATA_DELETED) for tablet 03522c48c50943b38cae5aa88562e583 on c007a00e65ad41a79da1a0c1050c55b4 (127.24.119.1:32951) (Table deleted at 2018-06-19 00:11:50 PDT)
I0619 00:11:52.828393 25081 catalog_manager.cc:3113] Sending DeleteTablet(TABLET_DATA_DELETED) for tablet 4a88e394b199431e8b794a1b1aec847f on 395763cf325d4ce19859830a7ad35c85 (127.24.119.3:39344) (Table deleted at 2018-06-19 00:11:52 PDT)
I0619 00:11:52.831765 25470 ts_tablet_manager.cc:1173] T e60ecc51c92c461889b360dde1dc5cf2 P 10bda0b4856f4441b5aed24cdc4764a8: Registered tablet (data state: TABLET_DATA_READY)
I0619 00:11:52.797224 25290 leader_election.cc:379] T 03522c48c50943b38cae5aa88562e583 P c007a00e65ad41a79da1a0c1050c55b4 [CANDIDATE]: Term 1 pre-election: Vote granted by peer 10bda0b4856f4441b5aed24cdc4764a8 (127.24.119.2:38512)
I0619 00:11:52.799809 25336 tablet_service.cc:800] Processing DeleteTablet for tablet cb57d196f0724247b6a7f9a34be8377a with delete_type TABLET_DATA_DELETED (Table deleted at 2018-06-19 00:11:49 PDT) from {username='jenkins'} at 127.24.119.1:46159
I0619 00:11:52.833784 25290 leader_election.cc:270] T 03522c48c50943b38cae5aa88562e583 P c007a00e65ad41a79da1a0c1050c55b4 [CANDIDATE]: Term 1 pre-election: Election decided. Result: candidate won.
I0619 00:11:52.833905 25069 catalog_manager.cc:2891] Scheduling retry of 075076aaa16e4ea8a596a7a8c52f103e (table default.table_c74748783ca3450eb3c5c3397e03d506 [id=040c5029d5054cc48c9f066058cb6a45]) Alter Table RPC with a delay of 78 ms (attempt = 2)
W0619 00:11:52.834175 25069 catalog_manager.cc:2910] Async tablet task 075076aaa16e4ea8a596a7a8c52f103e (table default.table_c74748783ca3450eb3c5c3397e03d506 [id=040c5029d5054cc48c9f066058cb6a45]) Alter Table RPC failed: Not found: failed to reset TS proxy: No leader found: Tablet 075076aaa16e4ea8a596a7a8c52f103e consensus state has no leader
I0619 00:11:52.834458 25891 raft_consensus.cc:2732] T 03522c48c50943b38cae5aa88562e583 P c007a00e65ad41a79da1a0c1050c55b4: Snoozing failure detection for 1.762s (election complete)
I0619 00:11:52.834718 25891 raft_consensus.cc:2539] T 03522c48c50943b38cae5aa88562e583 P c007a00e65ad41a79da1a0c1050c55b4 [term 0 FOLLOWER]: Leader pre-election won for term 1
W0619 00:11:52.813930 25071 catalog_manager.cc:2910] Async tablet task ee4c4769f75141f9b2ef864ab8a8d9e0 (table default.table_4c17e965f551446d965e5fa1499cad9a [id=e2a7900f428948bab0aefd132d8874d4]) Alter Table RPC failed: Not found: failed to reset TS proxy: No leader found: Tablet ee4c4769f75141f9b2ef864ab8a8d9e0 consensus state has no leader
I0619 00:11:52.834926 25891 raft_consensus.cc:457] T 03522c48c50943b38cae5aa88562e583 P c007a00e65ad41a79da1a0c1050c55b4 [term 0 FOLLOWER]: Starting leader election (no leader contacted us within the election timeout)
I0619 00:11:52.835054 25727 tablet_bootstrap.cc:427] T a85577b0beba4276b963e5c360544bc7 P c007a00e65ad41a79da1a0c1050c55b4: No bootstrap required, opened a new log
I0619 00:11:52.835289 25325 tablet_service.cc:800] Processing DeleteTablet for tablet 03522c48c50943b38cae5aa88562e583 with delete_type TABLET_DATA_DELETED (Table deleted at 2018-06-19 00:11:50 PDT) from {username='jenkins'} at 127.24.119.1:46159
I0619 00:11:52.835433 25727 ts_tablet_manager.cc:1045] T a85577b0beba4276b963e5c360544bc7 P c007a00e65ad41a79da1a0c1050c55b4: Time spent bootstrapping tablet: real 0.103s user 0.005s sys 0.001s
I0619 00:11:52.835984 25071 catalog_manager.cc:2891] Scheduling retry of ee4c4769f75141f9b2ef864ab8a8d9e0 (table default.table_4c17e965f551446d965e5fa1499cad9a [id=e2a7900f428948bab0aefd132d8874d4]) Alter Table RPC with a delay of 162 ms (attempt = 4)
W0619 00:11:52.836033 25419 consensus_peers.cc:434] T 3722b203a516466489c74ef6013eacae P 10bda0b4856f4441b5aed24cdc4764a8 -> Peer c007a00e65ad41a79da1a0c1050c55b4 (127.24.119.1:32951): Couldn't send request to peer c007a00e65ad41a79da1a0c1050c55b4 for tablet 3722b203a516466489c74ef6013eacae. Error code: TABLET_NOT_RUNNING (12). Status: Illegal state: Tablet not RUNNING: INITIALIZED. Retrying in the next heartbeat period. Already tried 1 times.
I0619 00:11:52.835116 25891 raft_consensus.cc:2732] T 03522c48c50943b38cae5aa88562e583 P c007a00e65ad41a79da1a0c1050c55b4: Snoozing failure detection for 1.801s (starting election)
I0619 00:11:52.836555 25891 raft_consensus.cc:2784] T 03522c48c50943b38cae5aa88562e583 P c007a00e65ad41a79da1a0c1050c55b4 [term 0 FOLLOWER]: Advancing to term 1
I0619 00:11:52.837405 25727 raft_consensus.cc:325] T a85577b0beba4276b963e5c360544bc7 P c007a00e65ad41a79da1a0c1050c55b4 [term 0 FOLLOWER]: Replica starting. Triggering 0 pending transactions. Active config: opid_index: -1 OBSOLETE_local: false peers { permanent_uuid: "c007a00e65ad41a79da1a0c1050c55b4" member_type: VOTER last_known_addr { host: "127.24.119.1" port: 32951 } } peers { permanent_uuid: "10bda0b4856f4441b5aed24cdc4764a8" member_type: VOTER last_known_addr { host: "127.24.119.2" port: 38512 } } peers { permanent_uuid: "395763cf325d4ce19859830a7ad35c85" member_type: VOTER last_known_addr { host: "127.24.119.3" port: 39344 } }
I0619 00:11:52.838017 25727 raft_consensus.cc:351] T a85577b0beba4276b963e5c360544bc7 P c007a00e65ad41a79da1a0c1050c55b4 [term 0 FOLLOWER]: Consensus starting up: Expiring failure detector timer to make a prompt election more likely
I0619 00:11:52.838196 25727 raft_consensus.cc:628] T a85577b0beba4276b963e5c360544bc7 P c007a00e65ad41a79da1a0c1050c55b4 [term 0 FOLLOWER]: Becoming Follower/Learner. State: Replica: c007a00e65ad41a79da1a0c1050c55b4, State: Initialized, Role: FOLLOWER
I0619 00:11:52.839473 25727 consensus_queue.cc:227] T a85577b0beba4276b963e5c360544bc7 P c007a00e65ad41a79da1a0c1050c55b4 [NON_LEADER]: Queue going to NON_LEADER mode. State: All replicated index: 0, Majority replicated index: 0, Committed index: 0, Last appended: 0.0, Last appended by leader: 0, Current term: 0, Majority size: -1, State: 0, Mode: NON_LEADER, active raft config: opid_index: -1 OBSOLETE_local: false peers { permanent_uuid: "c007a00e65ad41a79da1a0c1050c55b4" member_type: VOTER last_known_addr { host: "127.24.119.1" port: 32951 } } peers { permanent_uuid: "10bda0b4856f4441b5aed24cdc4764a8" member_type: VOTER last_known_addr { host: "127.24.119.2" port: 38512 } } peers { permanent_uuid: "395763cf325d4ce19859830a7ad35c85" member_type: VOTER last_known_addr { host: "127.24.119.3" port: 39344 } }
W0619 00:11:52.839995 25071 catalog_manager.cc:2910] Async tablet task ee4c4769f75141f9b2ef864ab8a8d9e0 (table default.table_4c17e965f551446d965e5fa1499cad9a [id=e2a7900f428948bab0aefd132d8874d4]) Alter Table RPC failed: Not found: failed to reset TS proxy: No leader found: Tablet ee4c4769f75141f9b2ef864ab8a8d9e0 consensus state has no leader
I0619 00:11:52.840221 25336 tablet_service.cc:800] Processing DeleteTablet for tablet d6c3c7f783cb43d59b46502261aeced3 with delete_type TABLET_DATA_DELETED (replaced by tablet 29ee1c11105e4d1e9ac74a247cd2953d) from {username='jenkins'} at 127.24.119.1:46159
I0619 00:11:52.841543 25602 ts_tablet_manager.cc:1173] T e60ecc51c92c461889b360dde1dc5cf2 P 395763cf325d4ce19859830a7ad35c85: Registered tablet (data state: TABLET_DATA_READY)
I0619 00:11:52.841043 25891 raft_consensus.cc:479] T 03522c48c50943b38cae5aa88562e583 P c007a00e65ad41a79da1a0c1050c55b4 [term 1 FOLLOWER]: Starting leader election with config: opid_index: -1 OBSOLETE_local: false peers { permanent_uuid: "10bda0b4856f4441b5aed24cdc4764a8" member_type: VOTER last_known_addr { host: "127.24.119.2" port: 38512 } } peers { permanent_uuid: "c007a00e65ad41a79da1a0c1050c55b4" member_type: VOTER last_known_addr { host: "127.24.119.1" port: 32951 } } peers { permanent_uuid: "395763cf325d4ce19859830a7ad35c85" member_type: VOTER last_known_addr { host: "127.24.119.3" port: 39344 } }
I0619 00:11:52.842993 25891 leader_election.cc:243] T 03522c48c50943b38cae5aa88562e583 P c007a00e65ad41a79da1a0c1050c55b4 [CANDIDATE]: Term 1 election: Requesting vote from peer 10bda0b4856f4441b5aed24cdc4764a8 (127.24.119.2:38512)
I0619 00:11:52.843391 25891 leader_election.cc:243] T 03522c48c50943b38cae5aa88562e583 P c007a00e65ad41a79da1a0c1050c55b4 [CANDIDATE]: Term 1 election: Requesting vote from peer 395763cf325d4ce19859830a7ad35c85 (127.24.119.3:39344)
W0619 00:11:52.844600 25071 catalog_manager.cc:3071] TS 395763cf325d4ce19859830a7ad35c85 (127.24.119.3:39344): delete failed for tablet 72e28bc6b57442b782d8aa07e1152cf4 because the tablet was not found. No further retry: Not found: Tablet not found: 72e28bc6b57442b782d8aa07e1152cf4
I0619 00:11:52.844858 25470 tablet_service.cc:800] Processing DeleteTablet for tablet d6c3c7f783cb43d59b46502261aeced3 with delete_type TABLET_DATA_DELETED (replaced by tablet 29ee1c11105e4d1e9ac74a247cd2953d) from {username='jenkins'} at 127.24.119.2:51757
I0619 00:11:52.846266 25736 rpcz_store.cc:265] Call kudu.tserver.TabletServerAdminService.DeleteTablet from 127.24.119.2:51757 (request call id 167) took 1196ms. Request Metrics: {"tablet-delete.queue_time_us":1045973}
I0619 00:11:52.847329 25736 rpcz_store.cc:265] Call kudu.tserver.TabletServerAdminService.DeleteTablet from 127.24.119.2:51757 (request call id 171) took 1016ms. Request Metrics: {"tablet-delete.queue_time_us":1015337}
I0619 00:11:52.805491 25730 maintenance_manager.cc:237] P 395763cf325d4ce19859830a7ad35c85: Unregistered op CompactRowSetsOp(7f60ea5c5def47ee846d0186bbc90c18)
I0619 00:11:52.849321 25489 tablet_service.cc:995] Received RequestConsensusVote() RPC: tablet_id: "03522c48c50943b38cae5aa88562e583" candidate_uuid: "c007a00e65ad41a79da1a0c1050c55b4" candidate_term: 1 candidate_status { last_received { term: 0 index: 0 } } ignore_live_leader: false dest_uuid: "10bda0b4856f4441b5aed24cdc4764a8"
I0619 00:11:52.849776 25489 raft_consensus.cc:2784] T 03522c48c50943b38cae5aa88562e583 P 10bda0b4856f4441b5aed24cdc4764a8 [term 0 FOLLOWER]: Advancing to term 1
I0619 00:11:52.850019 25489 raft_consensus.cc:2732] T 03522c48c50943b38cae5aa88562e583 P 10bda0b4856f4441b5aed24cdc4764a8: Snoozing failure detection for 1.648s (vote granted)
W0619 00:11:52.851137 25290 leader_election.cc:306] T 03522c48c50943b38cae5aa88562e583 P c007a00e65ad41a79da1a0c1050c55b4 [CANDIDATE]: Term 1 election: Tablet error from VoteRequest() call to peer 395763cf325d4ce19859830a7ad35c85 (127.24.119.3:39344): Not found: Tablet not found: 03522c48c50943b38cae5aa88562e583
I0619 00:11:52.853281 25600 ts_tablet_manager.cc:1173] T 41e052fdd92b4c3d9803fa43433e60d5 P 395763cf325d4ce19859830a7ad35c85: Registered tablet (data state: TABLET_DATA_READY)
I0619 00:11:52.851511 25727 ts_tablet_manager.cc:1073] T a85577b0beba4276b963e5c360544bc7 P c007a00e65ad41a79da1a0c1050c55b4: Time spent starting tablet: real 0.016s user 0.003s sys 0.000s
W0619 00:11:52.851475 25402 heartbeater.cc:587] Failed to heartbeat to 127.24.119.61:46325: Network error: Failed to ping master at 127.24.119.61:46325: Client connection negotiation failed: client connection to 127.24.119.61:46325: connect: Connection refused (error 111)
I0619 00:11:52.856127 25727 ts_tablet_manager.cc:1028] T c18355df78d344839a56189c7549ab1f P c007a00e65ad41a79da1a0c1050c55b4: Bootstrapping tablet
I0619 00:11:52.855871 25068 catalog_manager.cc:2891] Scheduling retry of 1dd3f7afe05f49199b18220f9c11ccd2 (table default.table_c24f1b02a5b54618aca5028342d84b7d [id=4b052b0654fd4377a294deee53dce6af]) Alter Table RPC with a delay of 168 ms (attempt = 4)
W0619 00:11:52.857870 25068 catalog_manager.cc:2910] Async tablet task 1dd3f7afe05f49199b18220f9c11ccd2 (table default.table_c24f1b02a5b54618aca5028342d84b7d [id=4b052b0654fd4377a294deee53dce6af]) Alter Table RPC failed: Not found: failed to reset TS proxy: No leader found: Tablet 1dd3f7afe05f49199b18220f9c11ccd2 consensus state has no leader
I0619 00:11:52.859033 25601 tablet_service.cc:800] Processing DeleteTablet for tablet 4a88e394b199431e8b794a1b1aec847f with delete_type TABLET_DATA_DELETED (Table deleted at 2018-06-19 00:11:52 PDT) from {username='jenkins'} at 127.24.119.3:34285
I0619 00:11:52.859503 25730 maintenance_manager.cc:237] P 395763cf325d4ce19859830a7ad35c85: Unregistered op MinorDeltaCompactionOp(7f60ea5c5def47ee846d0186bbc90c18)
I0619 00:11:52.859539 25080 catalog_manager.cc:3881] TS 395763cf325d4ce19859830a7ad35c85 (127.24.119.3:39344) does not have the latest schema for tablet 3722b203a516466489c74ef6013eacae (table default.table_fb89f806be98424aa43bd01b3f816a80 [id=a17737f9d2924cc09f372527fb91188b]). Expected version 1 got 0
I0619 00:11:52.860008 25730 maintenance_manager.cc:237] P 395763cf325d4ce19859830a7ad35c85: Unregistered op MajorDeltaCompactionOp(7f60ea5c5def47ee846d0186bbc90c18)
I0619 00:11:52.857877 25727 tablet_bootstrap.cc:427] T c18355df78d344839a56189c7549ab1f P c007a00e65ad41a79da1a0c1050c55b4: Bootstrap starting.
W0619 00:11:52.860085 25402 heartbeater.cc:587] Failed to heartbeat to 127.24.119.61:46325: Network error: Failed to ping master at 127.24.119.61:46325: Client connection negotiation failed: client connection to 127.24.119.61:46325: connect: Connection refused (error 111)
I0619 00:11:52.860740 25730 maintenance_manager.cc:237] P 395763cf325d4ce19859830a7ad35c85: Unregistered op UndoDeltaBlockGCOp(7f60ea5c5def47ee846d0186bbc90c18)
I0619 00:11:52.857134 25081 catalog_manager.cc:3663] Got report from deleted tablet a85577b0beba4276b963e5c360544bc7 (table default.table_d8b3984991a442fe95208294f57d466f [id=91bbf689574642628414fb1fb25efc63]) (Table deleted at 2018-06-19 00:11:49 PDT): Sending delete request for this tablet
I0619 00:11:52.861444 25601 tablet_service.cc:800] Processing DeleteTablet for tablet 4a88e394b199431e8b794a1b1aec847f with delete_type TABLET_DATA_DELETED (Table deleted at 2018-06-19 00:11:52 PDT) from {username='jenkins'} at 127.24.119.3:34285
I0619 00:11:52.861549 25081 catalog_manager.cc:3113] Sending DeleteTablet(TABLET_DATA_DELETED) for tablet a85577b0beba4276b963e5c360544bc7 on c007a00e65ad41a79da1a0c1050c55b4 (127.24.119.1:32951) (Table deleted at 2018-06-19 00:11:49 PDT)
I0619 00:11:52.861265 25724 tablet_bootstrap.cc:578] T 7277051d52dd4be1a6dfa06488c98293 P 395763cf325d4ce19859830a7ad35c85: No blocks or log segments found. Creating new log.
W0619 00:11:52.864239 25071 catalog_manager.cc:3083] TS 395763cf325d4ce19859830a7ad35c85 (127.24.119.3:39344): delete failed for tablet 0474be659e5e4a4cbfc181b8c812b1eb with error code TABLET_NOT_RUNNING: Already present: State transition of tablet 0474be659e5e4a4cbfc181b8c812b1eb already in progress: creating tablet
I0619 00:11:52.864464 25071 catalog_manager.cc:2891] Scheduling retry of 0474be659e5e4a4cbfc181b8c812b1eb Delete Tablet RPC for TS=395763cf325d4ce19859830a7ad35c85 with a delay of 33 ms (attempt = 1)
I0619 00:11:52.864835 25727 tablet_bootstrap.cc:578] T c18355df78d344839a56189c7549ab1f P c007a00e65ad41a79da1a0c1050c55b4: No blocks or log segments found. Creating new log.
I0619 00:11:52.865211 25323 tablet_service.cc:800] Processing DeleteTablet for tablet a85577b0beba4276b963e5c360544bc7 with delete_type TABLET_DATA_DELETED (Table deleted at 2018-06-19 00:11:49 PDT) from {username='jenkins'} at 127.24.119.1:46159
I0619 00:11:52.861465 25730 maintenance_manager.cc:237] P 395763cf325d4ce19859830a7ad35c85: Unregistered op FlushMRSOp(7f60ea5c5def47ee846d0186bbc90c18)
I0619 00:11:52.866688 25730 maintenance_manager.cc:237] P 395763cf325d4ce19859830a7ad35c85: Unregistered op FlushDeltaMemStoresOp(7f60ea5c5def47ee846d0186bbc90c18)
I0619 00:11:52.866915 25730 maintenance_manager.cc:237] P 395763cf325d4ce19859830a7ad35c85: Unregistered op LogGCOp(7f60ea5c5def47ee846d0186bbc90c18)
I0619 00:11:52.867120 25730 raft_consensus.cc:2042] T 7f60ea5c5def47ee846d0186bbc90c18 P 395763cf325d4ce19859830a7ad35c85 [term 0 FOLLOWER]: Raft consensus shutting down.
I0619 00:11:52.867416 25730 raft_consensus.cc:2069] T 7f60ea5c5def47ee846d0186bbc90c18 P 395763cf325d4ce19859830a7ad35c85 [term 0 FOLLOWER]: Raft consensus is shut down!
I0619 00:11:52.869078 25730 ts_tablet_manager.cc:1369] T 7f60ea5c5def47ee846d0186bbc90c18 P 395763cf325d4ce19859830a7ad35c85: Deleting tablet data with delete state TABLET_DATA_DELETED
I0619 00:11:52.870090 25489 raft_consensus.cc:2245] T 03522c48c50943b38cae5aa88562e583 P 10bda0b4856f4441b5aed24cdc4764a8 [term 1 FOLLOWER]: Leader election vote request: Granting yes vote for candidate c007a00e65ad41a79da1a0c1050c55b4 in term 1.
I0619 00:11:52.848392 25736 rpcz_store.cc:265] Call kudu.tserver.TabletServerAdminService.DeleteTablet from 127.24.119.2:51757 (request call id 172) took 1012ms. Request Metrics: {"tablet-delete.queue_time_us":1011573}
I0619 00:11:52.871692 25290 leader_election.cc:379] T 03522c48c50943b38cae5aa88562e583 P c007a00e65ad41a79da1a0c1050c55b4 [CANDIDATE]: Term 1 election: Vote granted by peer 10bda0b4856f4441b5aed24cdc4764a8 (127.24.119.2:38512)
I0619 00:11:52.872086 25290 leader_election.cc:270] T 03522c48c50943b38cae5aa88562e583 P c007a00e65ad41a79da1a0c1050c55b4 [CANDIDATE]: Term 1 election: Election decided. Result: candidate won.
I0619 00:11:52.872120 25082 catalog_manager.cc:3663] Got report from deleted tablet a85577b0beba4276b963e5c360544bc7 (table default.table_d8b3984991a442fe95208294f57d466f [id=91bbf689574642628414fb1fb25efc63]) (Table deleted at 2018-06-19 00:11:49 PDT): Sending delete request for this tablet
I0619 00:11:52.872174 25080 catalog_manager.cc:1731] Servicing DeleteTable request from {username='jenkins'} at 127.24.119.62:54390: table { table_name: "default.table_cc45383880634c41948247ee9fa098d1" }
I0619 00:11:52.872853 25081 catalog_manager.cc:1731] Servicing DeleteTable request from {username='jenkins'} at 127.24.119.62:54390: table { table_name: "default.table_aa87e3f6cd96435ab36cdbbc83a51374" }
I0619 00:11:52.873092 25891 raft_consensus.cc:2732] T 03522c48c50943b38cae5aa88562e583 P c007a00e65ad41a79da1a0c1050c55b4: Snoozing failure detection for 2.024s (election complete)
I0619 00:11:52.873180 25082 catalog_manager.cc:3113] Sending DeleteTablet(TABLET_DATA_DELETED) for tablet a85577b0beba4276b963e5c360544bc7 on c007a00e65ad41a79da1a0c1050c55b4 (127.24.119.1:32951) (Table deleted at 2018-06-19 00:11:49 PDT)
I0619 00:11:52.873461 25891 raft_consensus.cc:2539] T 03522c48c50943b38cae5aa88562e583 P c007a00e65ad41a79da1a0c1050c55b4 [term 1 FOLLOWER]: Leader election won for term 1
I0619 00:11:52.875280 25600 tablet_service.cc:800] Processing DeleteTablet for tablet d6c3c7f783cb43d59b46502261aeced3 with delete_type TABLET_DATA_DELETED (replaced by tablet 29ee1c11105e4d1e9ac74a247cd2953d) from {username='jenkins'} at 127.24.119.3:34285
I0619 00:11:52.874050 25891 raft_consensus.cc:593] T 03522c48c50943b38cae5aa88562e583 P c007a00e65ad41a79da1a0c1050c55b4 [term 1 LEADER]: Becoming Leader. State: Replica: c007a00e65ad41a79da1a0c1050c55b4, State: Running, Role: LEADER
W0619 00:11:52.876446 25402 heartbeater.cc:587] Failed to heartbeat to 127.24.119.61:46325: Network error: Failed to ping master at 127.24.119.61:46325: Client connection negotiation failed: client connection to 127.24.119.61:46325: connect: Connection refused (error 111)
I0619 00:11:52.876521 25323 tablet_service.cc:800] Processing DeleteTablet for tablet a85577b0beba4276b963e5c360544bc7 with delete_type TABLET_DATA_DELETED (Table deleted at 2018-06-19 00:11:49 PDT) from {username='jenkins'} at 127.24.119.1:46159
W0619 00:11:52.874202 25071 catalog_manager.cc:3071] TS 395763cf325d4ce19859830a7ad35c85 (127.24.119.3:39344): delete failed for tablet c18355df78d344839a56189c7549ab1f because the tablet was not found. No further retry: Not found: Tablet not found: c18355df78d344839a56189c7549ab1f
I0619 00:11:52.875979 25891 consensus_queue.cc:204] T 03522c48c50943b38cae5aa88562e583 P c007a00e65ad41a79da1a0c1050c55b4 [LEADER]: Queue going to LEADER mode. State: All replicated index: 0, Majority replicated index: 0, Committed index: 0, Last appended: 0.0, Last appended by leader: 0, Current term: 1, Majority size: 2, State: 0, Mode: LEADER, active raft config: opid_index: -1 OBSOLETE_local: false peers { permanent_uuid: "10bda0b4856f4441b5aed24cdc4764a8" member_type: VOTER last_known_addr { host: "127.24.119.2" port: 38512 } } peers { permanent_uuid: "c007a00e65ad41a79da1a0c1050c55b4" member_type: VOTER last_known_addr { host: "127.24.119.1" port: 32951 } } peers { permanent_uuid: "395763cf325d4ce19859830a7ad35c85" member_type: VOTER last_known_addr { host: "127.24.119.3" port: 39344 } }
I0619 00:11:52.878496 25082 catalog_manager.cc:2136] Servicing AlterTable request from {username='jenkins'} at 127.24.119.62:54390: table { table_name: "default.table_e4aaded22fbb4c60a591e5ff45bfe2bc" } new_table_name: "default.table_970d5da055774f58881ea62e91e2f1f4" alter_external_catalogs: true
I0619 00:11:52.879065 25741 ts_tablet_manager.cc:1382] T f372b9fb174844eca1662c62039a3c71 P c007a00e65ad41a79da1a0c1050c55b4: tablet deleted with delete type TABLET_DATA_DELETED: last-logged OpId 0.0
I0619 00:11:52.879300 25741 log.cc:986] T f372b9fb174844eca1662c62039a3c71 P c007a00e65ad41a79da1a0c1050c55b4: Deleting WAL directory at /data/somelongdirectorytoavoidrpathissues/src/kudutest/master-stress-test.0.HmsConfigurations_MasterStressTest.Test_0.1529392303277196-25052/minicluster-data/ts-0/wal/wals/f372b9fb174844eca1662c62039a3c71
I0619 00:11:52.880288 25725 tablet_bootstrap.cc:427] T 397ae10bb6d841b4ba561ec431d29864 P 10bda0b4856f4441b5aed24cdc4764a8: No bootstrap required, opened a new log
I0619 00:11:52.880621 25725 ts_tablet_manager.cc:1045] T 397ae10bb6d841b4ba561ec431d29864 P 10bda0b4856f4441b5aed24cdc4764a8: Time spent bootstrapping tablet: real 0.123s user 0.004s sys 0.003s
I0619 00:11:52.880749 25736 tablet_replica.cc:261] T cb57d196f0724247b6a7f9a34be8377a P 10bda0b4856f4441b5aed24cdc4764a8: stopping tablet replica
I0619 00:11:52.881109 25736 maintenance_manager.cc:237] P 10bda0b4856f4441b5aed24cdc4764a8: Unregistered op CompactRowSetsOp(cb57d196f0724247b6a7f9a34be8377a)
I0619 00:11:52.881458 25736 maintenance_manager.cc:237] P 10bda0b4856f4441b5aed24cdc4764a8: Unregistered op MinorDeltaCompactionOp(cb57d196f0724247b6a7f9a34be8377a)
I0619 00:11:52.881752 25736 maintenance_manager.cc:237] P 10bda0b4856f4441b5aed24cdc4764a8: Unregistered op MajorDeltaCompactionOp(cb57d196f0724247b6a7f9a34be8377a)
I0619 00:11:52.882046 25736 maintenance_manager.cc:237] P 10bda0b4856f4441b5aed24cdc4764a8: Unregistered op UndoDeltaBlockGCOp(cb57d196f0724247b6a7f9a34be8377a)
I0619 00:11:52.881959 25725 raft_consensus.cc:325] T 397ae10bb6d841b4ba561ec431d29864 P 10bda0b4856f4441b5aed24cdc4764a8 [term 0 FOLLOWER]: Replica starting. Triggering 0 pending transactions. Active config: opid_index: -1 OBSOLETE_local: false peers { permanent_uuid: "c007a00e65ad41a79da1a0c1050c55b4" member_type: VOTER last_known_addr { host: "127.24.119.1" port: 32951 } } peers { permanent_uuid: "10bda0b4856f4441b5aed24cdc4764a8" member_type: VOTER last_known_addr { host: "127.24.119.2" port: 38512 } } peers { permanent_uuid: "395763cf325d4ce19859830a7ad35c85" member_type: VOTER last_known_addr { host: "127.24.119.3" port: 39344 } }
I0619 00:11:52.882452 25736 maintenance_manager.cc:237] P 10bda0b4856f4441b5aed24cdc4764a8: Unregistered op FlushMRSOp(cb57d196f0724247b6a7f9a34be8377a)
I0619 00:11:52.882513 25071 catalog_manager.cc:3091] TS 10bda0b4856f4441b5aed24cdc4764a8 (127.24.119.2:38512): tablet 70b9c8c4af0945b69b5577e47b61c054 (table default.table_d8b3984991a442fe95208294f57d466f [id=91bbf689574642628414fb1fb25efc63]) successfully deleted
I0619 00:11:52.882808 25736 maintenance_manager.cc:237] P 10bda0b4856f4441b5aed24cdc4764a8: Unregistered op FlushDeltaMemStoresOp(cb57d196f0724247b6a7f9a34be8377a)
I0619 00:11:52.883209 25736 maintenance_manager.cc:237] P 10bda0b4856f4441b5aed24cdc4764a8: Unregistered op LogGCOp(cb57d196f0724247b6a7f9a34be8377a)
I0619 00:11:52.883491 25736 raft_consensus.cc:2042] T cb57d196f0724247b6a7f9a34be8377a P 10bda0b4856f4441b5aed24cdc4764a8 [term 1 FOLLOWER]: Raft consensus shutting down.
