I0517 06:45:21.377805 13516 fs_report.cc:347] Block manager report -------------------- 1 data directories: /tmp/dist-test-task4QLboq/test-tmp/kudu-admin-test.0.AdminCliTest.TestLeaderStepDown.1526539434354140-4480/raft_consensus-itest-cluster/ts-2/data/data Total live blocks: 0 Total live bytes: 0 Total live bytes (after alignment): 0 Total number of LBM containers: 0 (0 full) Did not check for missing blocks Did not check for orphaned blocks Total full LBM containers with extra space: 0 (0 repaired) Total full LBM container extra space in bytes: 0 (0 repaired) Total incomplete LBM containers: 0 (0 repaired) Total LBM partial records: 0 (0 repaired)
I0517 06:45:21.380906 13387 heartbeater.cc:467] Master 127.4.96.62:34571 was elected leader, sending a full tablet report...
I0517 06:45:21.584971 13516 env_posix.cc:1643] Not raising this process' running threads per effective uid limit of 60284; it is already as high as it can go
I0517 06:45:21.587291 13516 ts_tablet_manager.cc:356] Loaded tablet metadata (0 live tablets)
I0517 06:45:21.588210 13516 tablet_server_main.cc:90] Starting tablet server...
I0517 06:45:21.672835 13516 rpc_server.cc:205] RPC server started. Bound to: 127.4.96.3:59847
I0517 06:45:21.673707 13516 webserver.cc:173] Starting webserver on 127.4.96.3:0
I0517 06:45:21.673802 13516 webserver.cc:184] Document root disabled
I0517 06:45:21.674979 13516 webserver.cc:311] Webserver started. Bound to: http://127.4.96.3:50097/
I0517 06:45:21.675639 13516 server_base.cc:607] Dumped server information to /tmp/dist-test-task4QLboq/test-tmp/kudu-admin-test.0.AdminCliTest.TestLeaderStepDown.1526539434354140-4480/raft_consensus-itest-cluster/ts-2/data/info.pb
I0517 06:45:21.680423 13516 tablet_server_main.cc:93] Tablet server successfully started.
I0517 06:45:21.681601 4480 external_mini_cluster.cc:848] Started /tmp/dist-test-task4QLboq/build/tsan/bin/kudu-tserver as pid 13516
I0517 06:45:21.697244 13637 heartbeater.cc:346] Connected to a master server at 127.4.96.62:34571
I0517 06:45:21.697530 13637 heartbeater.cc:426] Registering TS with master...
I0517 06:45:21.698113 13637 heartbeater.cc:475] Master 127.4.96.62:34571 requested a full tablet report, sending...
I0517 06:45:21.699652 13222 ts_manager.cc:81] Registered new tserver with Master: 4b0d7495352c44fe87e7c441ff955e98 (127.4.96.3:59847)
I0517 06:45:21.700927 13222 master_service.cc:249] Signed X509 certificate for tserver {username='slave'} at 127.4.96.3:34533
I0517 06:45:21.702673 4480 external_mini_cluster.cc:482] 3 TS(s) registered with all masters
I0517 06:45:21.720470 13221 catalog_manager.cc:1315] Servicing CreateTable request from {username='slave'} at 127.0.0.1:50040: name: "TestTable" schema { columns { name: "key" type: INT32 is_key: true is_nullable: false encoding: AUTO_ENCODING compression: DEFAULT_COMPRESSION cfile_block_size: 0 } columns { name: "int_val" type: INT32 is_key: false is_nullable: false encoding: AUTO_ENCODING compression: DEFAULT_COMPRESSION cfile_block_size: 0 } columns { name: "string_val" type: STRING is_key: false is_nullable: true encoding: AUTO_ENCODING compression: DEFAULT_COMPRESSION cfile_block_size: 0 } } num_replicas: 3 split_rows_range_bounds { } partition_schema { range_schema { columns { name: "key" } } }
W0517 06:45:21.728960 13221 catalog_manager.cc:1463] The number of live tablet servers is not enough to re-replicate a tablet replica of the newly created table TestTable in case of a replica failure: 4 tablet servers are needed, 3 are alive. Consider bringing up additional tablet server(s) or running both the masters and all tablet servers with --raft_prepare_replacement_before_eviction=false flag (not recommended).
I0517 06:45:21.758041 13324 tablet_service.cc:759] Processing CreateTablet for tablet 69e4a297899a4d6785d0745bbe5a3ffd (table=TestTable [id=de8c7b2085ff428995c6b96e30da116c]), partition=RANGE (key) PARTITION UNBOUNDED
I0517 06:45:21.758857 13324 data_dirs.cc:934] Could only allocate 1 dirs of requested 3 for tablet 69e4a297899a4d6785d0745bbe5a3ffd. 1 dirs total, 0 dirs full, 0 dirs failed
I0517 06:45:21.766819 13449 tablet_service.cc:759] Processing CreateTablet for tablet 69e4a297899a4d6785d0745bbe5a3ffd (table=TestTable [id=de8c7b2085ff428995c6b96e30da116c]), partition=RANGE (key) PARTITION UNBOUNDED
I0517 06:45:21.767460 13449 data_dirs.cc:934] Could only allocate 1 dirs of requested 3 for tablet 69e4a297899a4d6785d0745bbe5a3ffd. 1 dirs total, 0 dirs full, 0 dirs failed
I0517 06:45:21.774111 13324 ts_tablet_manager.cc:1173] T 69e4a297899a4d6785d0745bbe5a3ffd P 95463d19beac48dda9314dd2e97c2774: Registered tablet (data state: TABLET_DATA_READY)
I0517 06:45:21.775766 13657 ts_tablet_manager.cc:1028] T 69e4a297899a4d6785d0745bbe5a3ffd P 95463d19beac48dda9314dd2e97c2774: Bootstrapping tablet
I0517 06:45:21.776257 13657 tablet_bootstrap.cc:436] T 69e4a297899a4d6785d0745bbe5a3ffd P 95463d19beac48dda9314dd2e97c2774: Bootstrap starting.
I0517 06:45:21.778226 13574 tablet_service.cc:759] Processing CreateTablet for tablet 69e4a297899a4d6785d0745bbe5a3ffd (table=TestTable [id=de8c7b2085ff428995c6b96e30da116c]), partition=RANGE (key) PARTITION UNBOUNDED
I0517 06:45:21.778867 13574 data_dirs.cc:934] Could only allocate 1 dirs of requested 3 for tablet 69e4a297899a4d6785d0745bbe5a3ffd. 1 dirs total, 0 dirs full, 0 dirs failed
I0517 06:45:21.779707 13657 tablet_bootstrap.cc:587] T 69e4a297899a4d6785d0745bbe5a3ffd P 95463d19beac48dda9314dd2e97c2774: No blocks or log segments found. Creating new log.
I0517 06:45:21.780756 13449 ts_tablet_manager.cc:1173] T 69e4a297899a4d6785d0745bbe5a3ffd P e7a082460a324e97b17b1e7660ab3e7b: Registered tablet (data state: TABLET_DATA_READY)
I0517 06:45:21.781240 13657 log.cc:520] T 69e4a297899a4d6785d0745bbe5a3ffd P 95463d19beac48dda9314dd2e97c2774: Log is configured to *not* fsync() on all Append() calls
I0517 06:45:21.790357 13574 ts_tablet_manager.cc:1173] T 69e4a297899a4d6785d0745bbe5a3ffd P 4b0d7495352c44fe87e7c441ff955e98: Registered tablet (data state: TABLET_DATA_READY)
I0517 06:45:21.794673 13660 ts_tablet_manager.cc:1028] T 69e4a297899a4d6785d0745bbe5a3ffd P 4b0d7495352c44fe87e7c441ff955e98: Bootstrapping tablet
I0517 06:45:21.795123 13660 tablet_bootstrap.cc:436] T 69e4a297899a4d6785d0745bbe5a3ffd P 4b0d7495352c44fe87e7c441ff955e98: Bootstrap starting.
I0517 06:45:21.797979 13660 tablet_bootstrap.cc:587] T 69e4a297899a4d6785d0745bbe5a3ffd P 4b0d7495352c44fe87e7c441ff955e98: No blocks or log segments found. Creating new log.
I0517 06:45:21.799500 13660 log.cc:520] T 69e4a297899a4d6785d0745bbe5a3ffd P 4b0d7495352c44fe87e7c441ff955e98: Log is configured to *not* fsync() on all Append() calls
I0517 06:45:21.801100 13658 ts_tablet_manager.cc:1028] T 69e4a297899a4d6785d0745bbe5a3ffd P e7a082460a324e97b17b1e7660ab3e7b: Bootstrapping tablet
I0517 06:45:21.801491 13658 tablet_bootstrap.cc:436] T 69e4a297899a4d6785d0745bbe5a3ffd P e7a082460a324e97b17b1e7660ab3e7b: Bootstrap starting.
I0517 06:45:21.801582 13657 tablet_bootstrap.cc:436] T 69e4a297899a4d6785d0745bbe5a3ffd P 95463d19beac48dda9314dd2e97c2774: No bootstrap required, opened a new log
I0517 06:45:21.801995 13657 ts_tablet_manager.cc:1045] T 69e4a297899a4d6785d0745bbe5a3ffd P 95463d19beac48dda9314dd2e97c2774: Time spent bootstrapping tablet: real 0.026s user 0.008s sys 0.004s
I0517 06:45:21.802398 13660 tablet_bootstrap.cc:436] T 69e4a297899a4d6785d0745bbe5a3ffd P 4b0d7495352c44fe87e7c441ff955e98: No bootstrap required, opened a new log
I0517 06:45:21.802721 13660 ts_tablet_manager.cc:1045] T 69e4a297899a4d6785d0745bbe5a3ffd P 4b0d7495352c44fe87e7c441ff955e98: Time spent bootstrapping tablet: real 0.008s user 0.008s sys 0.000s
I0517 06:45:21.804347 13658 tablet_bootstrap.cc:587] T 69e4a297899a4d6785d0745bbe5a3ffd P e7a082460a324e97b17b1e7660ab3e7b: No blocks or log segments found. Creating new log.
I0517 06:45:21.805528 13658 log.cc:520] T 69e4a297899a4d6785d0745bbe5a3ffd P e7a082460a324e97b17b1e7660ab3e7b: Log is configured to *not* fsync() on all Append() calls
I0517 06:45:21.817520 13657 raft_consensus.cc:303] T 69e4a297899a4d6785d0745bbe5a3ffd P 95463d19beac48dda9314dd2e97c2774 [term 0 FOLLOWER]: Replica starting. Triggering 0 pending transactions. Active config: opid_index: -1 OBSOLETE_local: false peers { permanent_uuid: "95463d19beac48dda9314dd2e97c2774" member_type: VOTER last_known_addr { host: "127.4.96.1" port: 48936 } } peers { permanent_uuid: "4b0d7495352c44fe87e7c441ff955e98" member_type: VOTER last_known_addr { host: "127.4.96.3" port: 59847 } } peers { permanent_uuid: "e7a082460a324e97b17b1e7660ab3e7b" member_type: VOTER last_known_addr { host: "127.4.96.2" port: 56429 } }
I0517 06:45:21.818297 13657 raft_consensus.cc:329] T 69e4a297899a4d6785d0745bbe5a3ffd P 95463d19beac48dda9314dd2e97c2774 [term 0 FOLLOWER]: Consensus starting up: Expiring failure detector timer to make a prompt election more likely
I0517 06:45:21.818493 13657 raft_consensus.cc:604] T 69e4a297899a4d6785d0745bbe5a3ffd P 95463d19beac48dda9314dd2e97c2774 [term 0 FOLLOWER]: Becoming Follower/Learner. State: Replica: 95463d19beac48dda9314dd2e97c2774, State: Initialized, Role: FOLLOWER
I0517 06:45:21.819095 13657 consensus_queue.cc:227] T 69e4a297899a4d6785d0745bbe5a3ffd P 95463d19beac48dda9314dd2e97c2774 [NON_LEADER]: Queue going to NON_LEADER mode. State: All replicated index: 0, Majority replicated index: 0, Committed index: 0, Last appended: 0.0, Last appended by leader: 0, Current term: 0, Majority size: -1, State: 0, Mode: NON_LEADER, active raft config: opid_index: -1 OBSOLETE_local: false peers { permanent_uuid: "95463d19beac48dda9314dd2e97c2774" member_type: VOTER last_known_addr { host: "127.4.96.1" port: 48936 } } peers { permanent_uuid: "4b0d7495352c44fe87e7c441ff955e98" member_type: VOTER last_known_addr { host: "127.4.96.3" port: 59847 } } peers { permanent_uuid: "e7a082460a324e97b17b1e7660ab3e7b" member_type: VOTER last_known_addr { host: "127.4.96.2" port: 56429 } }
I0517 06:45:21.820061 13660 raft_consensus.cc:303] T 69e4a297899a4d6785d0745bbe5a3ffd P 4b0d7495352c44fe87e7c441ff955e98 [term 0 FOLLOWER]: Replica starting. Triggering 0 pending transactions. Active config: opid_index: -1 OBSOLETE_local: false peers { permanent_uuid: "95463d19beac48dda9314dd2e97c2774" member_type: VOTER last_known_addr { host: "127.4.96.1" port: 48936 } } peers { permanent_uuid: "4b0d7495352c44fe87e7c441ff955e98" member_type: VOTER last_known_addr { host: "127.4.96.3" port: 59847 } } peers { permanent_uuid: "e7a082460a324e97b17b1e7660ab3e7b" member_type: VOTER last_known_addr { host: "127.4.96.2" port: 56429 } }
I0517 06:45:21.820772 13660 raft_consensus.cc:329] T 69e4a297899a4d6785d0745bbe5a3ffd P 4b0d7495352c44fe87e7c441ff955e98 [term 0 FOLLOWER]: Consensus starting up: Expiring failure detector timer to make a prompt election more likely
I0517 06:45:21.820948 13660 raft_consensus.cc:604] T 69e4a297899a4d6785d0745bbe5a3ffd P 4b0d7495352c44fe87e7c441ff955e98 [term 0 FOLLOWER]: Becoming Follower/Learner. State: Replica: 4b0d7495352c44fe87e7c441ff955e98, State: Initialized, Role: FOLLOWER
I0517 06:45:21.821496 13660 consensus_queue.cc:227] T 69e4a297899a4d6785d0745bbe5a3ffd P 4b0d7495352c44fe87e7c441ff955e98 [NON_LEADER]: Queue going to NON_LEADER mode. State: All replicated index: 0, Majority replicated index: 0, Committed index: 0, Last appended: 0.0, Last appended by leader: 0, Current term: 0, Majority size: -1, State: 0, Mode: NON_LEADER, active raft config: opid_index: -1 OBSOLETE_local: false peers { permanent_uuid: "95463d19beac48dda9314dd2e97c2774" member_type: VOTER last_known_addr { host: "127.4.96.1" port: 48936 } } peers { permanent_uuid: "4b0d7495352c44fe87e7c441ff955e98" member_type: VOTER last_known_addr { host: "127.4.96.3" port: 59847 } } peers { permanent_uuid: "e7a082460a324e97b17b1e7660ab3e7b" member_type: VOTER last_known_addr { host: "127.4.96.2" port: 56429 } }
I0517 06:45:21.823972 13637 heartbeater.cc:467] Master 127.4.96.62:34571 was elected leader, sending a full tablet report...
I0517 06:45:21.824535 13658 tablet_bootstrap.cc:436] T 69e4a297899a4d6785d0745bbe5a3ffd P e7a082460a324e97b17b1e7660ab3e7b: No bootstrap required, opened a new log
I0517 06:45:21.824868 13658 ts_tablet_manager.cc:1045] T 69e4a297899a4d6785d0745bbe5a3ffd P e7a082460a324e97b17b1e7660ab3e7b: Time spent bootstrapping tablet: real 0.024s user 0.004s sys 0.016s
I0517 06:45:21.826761 13657 ts_tablet_manager.cc:1073] T 69e4a297899a4d6785d0745bbe5a3ffd P 95463d19beac48dda9314dd2e97c2774: Time spent starting tablet: real 0.025s user 0.016s sys 0.004s
I0517 06:45:21.834873 13660 ts_tablet_manager.cc:1073] T 69e4a297899a4d6785d0745bbe5a3ffd P 4b0d7495352c44fe87e7c441ff955e98: Time spent starting tablet: real 0.032s user 0.016s sys 0.000s
I0517 06:45:21.840185 13658 raft_consensus.cc:303] T 69e4a297899a4d6785d0745bbe5a3ffd P e7a082460a324e97b17b1e7660ab3e7b [term 0 FOLLOWER]: Replica starting. Triggering 0 pending transactions. Active config: opid_index: -1 OBSOLETE_local: false peers { permanent_uuid: "95463d19beac48dda9314dd2e97c2774" member_type: VOTER last_known_addr { host: "127.4.96.1" port: 48936 } } peers { permanent_uuid: "4b0d7495352c44fe87e7c441ff955e98" member_type: VOTER last_known_addr { host: "127.4.96.3" port: 59847 } } peers { permanent_uuid: "e7a082460a324e97b17b1e7660ab3e7b" member_type: VOTER last_known_addr { host: "127.4.96.2" port: 56429 } }
I0517 06:45:21.840916 13658 raft_consensus.cc:329] T 69e4a297899a4d6785d0745bbe5a3ffd P e7a082460a324e97b17b1e7660ab3e7b [term 0 FOLLOWER]: Consensus starting up: Expiring failure detector timer to make a prompt election more likely
I0517 06:45:21.841127 13658 raft_consensus.cc:604] T 69e4a297899a4d6785d0745bbe5a3ffd P e7a082460a324e97b17b1e7660ab3e7b [term 0 FOLLOWER]: Becoming Follower/Learner. State: Replica: e7a082460a324e97b17b1e7660ab3e7b, State: Initialized, Role: FOLLOWER
I0517 06:45:21.841632 13658 consensus_queue.cc:227] T 69e4a297899a4d6785d0745bbe5a3ffd P e7a082460a324e97b17b1e7660ab3e7b [NON_LEADER]: Queue going to NON_LEADER mode. State: All replicated index: 0, Majority replicated index: 0, Committed index: 0, Last appended: 0.0, Last appended by leader: 0, Current term: 0, Majority size: -1, State: 0, Mode: NON_LEADER, active raft config: opid_index: -1 OBSOLETE_local: false peers { permanent_uuid: "95463d19beac48dda9314dd2e97c2774" member_type: VOTER last_known_addr { host: "127.4.96.1" port: 48936 } } peers { permanent_uuid: "4b0d7495352c44fe87e7c441ff955e98" member_type: VOTER last_known_addr { host: "127.4.96.3" port: 59847 } } peers { permanent_uuid: "e7a082460a324e97b17b1e7660ab3e7b" member_type: VOTER last_known_addr { host: "127.4.96.2" port: 56429 } }
I0517 06:45:21.843814 13512 heartbeater.cc:467] Master 127.4.96.62:34571 was elected leader, sending a full tablet report...
I0517 06:45:21.844959 13658 ts_tablet_manager.cc:1073] T 69e4a297899a4d6785d0745bbe5a3ffd P e7a082460a324e97b17b1e7660ab3e7b: Time spent starting tablet: real 0.020s user 0.020s sys 0.000s
W0517 06:45:21.831496 13388 tablet.cc:1678] T 69e4a297899a4d6785d0745bbe5a3ffd P 95463d19beac48dda9314dd2e97c2774: Can't schedule compaction. Clean time has not been advanced past its initial value.
W0517 06:45:21.930405 13638 tablet.cc:1678] T 69e4a297899a4d6785d0745bbe5a3ffd P 4b0d7495352c44fe87e7c441ff955e98: Can't schedule compaction. Clean time has not been advanced past its initial value.
I0517 06:45:21.985116 13664 raft_consensus.cc:435] T 69e4a297899a4d6785d0745bbe5a3ffd P 4b0d7495352c44fe87e7c441ff955e98 [term 0 FOLLOWER]: Starting pre-election (no leader contacted us within the election timeout)
I0517 06:45:22.010013 13664 raft_consensus.cc:2704] T 69e4a297899a4d6785d0745bbe5a3ffd P 4b0d7495352c44fe87e7c441ff955e98: Snoozing failure detection for 2.148s (starting election)
I0517 06:45:22.010219 13664 raft_consensus.cc:457] T 69e4a297899a4d6785d0745bbe5a3ffd P 4b0d7495352c44fe87e7c441ff955e98 [term 0 FOLLOWER]: Starting pre-election with config: opid_index: -1 OBSOLETE_local: false peers { permanent_uuid: "95463d19beac48dda9314dd2e97c2774" member_type: VOTER last_known_addr { host: "127.4.96.1" port: 48936 } } peers { permanent_uuid: "4b0d7495352c44fe87e7c441ff955e98" member_type: VOTER last_known_addr { host: "127.4.96.3" port: 59847 } } peers { permanent_uuid: "e7a082460a324e97b17b1e7660ab3e7b" member_type: VOTER last_known_addr { host: "127.4.96.2" port: 56429 } }
I0517 06:45:22.011145 13664 leader_election.cc:243] T 69e4a297899a4d6785d0745bbe5a3ffd P 4b0d7495352c44fe87e7c441ff955e98 [CANDIDATE]: Term 1 pre-election: Requesting pre-vote from peer 95463d19beac48dda9314dd2e97c2774 (127.4.96.1:48936)
I0517 06:45:22.011577 13664 leader_election.cc:243] T 69e4a297899a4d6785d0745bbe5a3ffd P 4b0d7495352c44fe87e7c441ff955e98 [CANDIDATE]: Term 1 pre-election: Requesting pre-vote from peer e7a082460a324e97b17b1e7660ab3e7b (127.4.96.2:56429)
W0517 06:45:21.962080 13513 tablet.cc:1678] T 69e4a297899a4d6785d0745bbe5a3ffd P e7a082460a324e97b17b1e7660ab3e7b: Can't schedule compaction. Clean time has not been advanced past its initial value.
I0517 06:45:22.023192 13344 tablet_service.cc:995] Received RequestConsensusVote() RPC: tablet_id: "69e4a297899a4d6785d0745bbe5a3ffd" candidate_uuid: "4b0d7495352c44fe87e7c441ff955e98" candidate_term: 1 candidate_status { last_received { term: 0 index: 0 } } ignore_live_leader: false dest_uuid: "95463d19beac48dda9314dd2e97c2774" is_pre_election: true
I0517 06:45:22.023633 13344 raft_consensus.cc:2704] T 69e4a297899a4d6785d0745bbe5a3ffd P 95463d19beac48dda9314dd2e97c2774: Snoozing failure detection for 1.861s (vote granted)
I0517 06:45:22.023823 13344 raft_consensus.cc:2219] T 69e4a297899a4d6785d0745bbe5a3ffd P 95463d19beac48dda9314dd2e97c2774 [term 0 FOLLOWER]: Leader pre-election vote request: Granting yes vote for candidate 4b0d7495352c44fe87e7c441ff955e98 in term 0.
I0517 06:45:22.024756 13524 leader_election.cc:379] T 69e4a297899a4d6785d0745bbe5a3ffd P 4b0d7495352c44fe87e7c441ff955e98 [CANDIDATE]: Term 1 pre-election: Vote granted by peer 95463d19beac48dda9314dd2e97c2774 (127.4.96.1:48936)
I0517 06:45:22.024940 13524 leader_election.cc:270] T 69e4a297899a4d6785d0745bbe5a3ffd P 4b0d7495352c44fe87e7c441ff955e98 [CANDIDATE]: Term 1 pre-election: Election decided. Result: candidate won.
I0517 06:45:22.025370 13664 raft_consensus.cc:2704] T 69e4a297899a4d6785d0745bbe5a3ffd P 4b0d7495352c44fe87e7c441ff955e98: Snoozing failure detection for 1.673s (election complete)
I0517 06:45:22.025600 13664 raft_consensus.cc:2511] T 69e4a297899a4d6785d0745bbe5a3ffd P 4b0d7495352c44fe87e7c441ff955e98 [term 0 FOLLOWER]: Leader pre-election won for term 1
I0517 06:45:22.025790 13664 raft_consensus.cc:435] T 69e4a297899a4d6785d0745bbe5a3ffd P 4b0d7495352c44fe87e7c441ff955e98 [term 0 FOLLOWER]: Starting leader election (no leader contacted us within the election timeout)
I0517 06:45:22.026011 13664 raft_consensus.cc:2704] T 69e4a297899a4d6785d0745bbe5a3ffd P 4b0d7495352c44fe87e7c441ff955e98: Snoozing failure detection for 1.750s (starting election)
I0517 06:45:22.026154 13664 raft_consensus.cc:2756] T 69e4a297899a4d6785d0745bbe5a3ffd P 4b0d7495352c44fe87e7c441ff955e98 [term 0 FOLLOWER]: Advancing to term 1
I0517 06:45:22.029356 13664 raft_consensus.cc:457] T 69e4a297899a4d6785d0745bbe5a3ffd P 4b0d7495352c44fe87e7c441ff955e98 [term 1 FOLLOWER]: Starting leader election with config: opid_index: -1 OBSOLETE_local: false peers { permanent_uuid: "95463d19beac48dda9314dd2e97c2774" member_type: VOTER last_known_addr { host: "127.4.96.1" port: 48936 } } peers { permanent_uuid: "4b0d7495352c44fe87e7c441ff955e98" member_type: VOTER last_known_addr { host: "127.4.96.3" port: 59847 } } peers { permanent_uuid: "e7a082460a324e97b17b1e7660ab3e7b" member_type: VOTER last_known_addr { host: "127.4.96.2" port: 56429 } }
I0517 06:45:22.030021 13664 leader_election.cc:243] T 69e4a297899a4d6785d0745bbe5a3ffd P 4b0d7495352c44fe87e7c441ff955e98 [CANDIDATE]: Term 1 election: Requesting vote from peer 95463d19beac48dda9314dd2e97c2774 (127.4.96.1:48936)
I0517 06:45:22.030303 13664 leader_election.cc:243] T 69e4a297899a4d6785d0745bbe5a3ffd P 4b0d7495352c44fe87e7c441ff955e98 [CANDIDATE]: Term 1 election: Requesting vote from peer e7a082460a324e97b17b1e7660ab3e7b (127.4.96.2:56429)
I0517 06:45:22.030966 13344 tablet_service.cc:995] Received RequestConsensusVote() RPC: tablet_id: "69e4a297899a4d6785d0745bbe5a3ffd" candidate_uuid: "4b0d7495352c44fe87e7c441ff955e98" candidate_term: 1 candidate_status { last_received { term: 0 index: 0 } } ignore_live_leader: false dest_uuid: "95463d19beac48dda9314dd2e97c2774"
I0517 06:45:22.031268 13344 raft_consensus.cc:2756] T 69e4a297899a4d6785d0745bbe5a3ffd P 95463d19beac48dda9314dd2e97c2774 [term 0 FOLLOWER]: Advancing to term 1
I0517 06:45:22.031457 13344 raft_consensus.cc:2704] T 69e4a297899a4d6785d0745bbe5a3ffd P 95463d19beac48dda9314dd2e97c2774: Snoozing failure detection for 1.868s (vote granted)
I0517 06:45:22.031620 13469 tablet_service.cc:995] Received RequestConsensusVote() RPC: tablet_id: "69e4a297899a4d6785d0745bbe5a3ffd" candidate_uuid: "4b0d7495352c44fe87e7c441ff955e98" candidate_term: 1 candidate_status { last_received { term: 0 index: 0 } } ignore_live_leader: false dest_uuid: "e7a082460a324e97b17b1e7660ab3e7b" is_pre_election: true
I0517 06:45:22.031945 13468 tablet_service.cc:995] Received RequestConsensusVote() RPC: tablet_id: "69e4a297899a4d6785d0745bbe5a3ffd" candidate_uuid: "4b0d7495352c44fe87e7c441ff955e98" candidate_term: 1 candidate_status { last_received { term: 0 index: 0 } } ignore_live_leader: false dest_uuid: "e7a082460a324e97b17b1e7660ab3e7b"
I0517 06:45:22.032217 13469 raft_consensus.cc:2704] T 69e4a297899a4d6785d0745bbe5a3ffd P e7a082460a324e97b17b1e7660ab3e7b: Snoozing failure detection for 1.634s (vote granted)
I0517 06:45:22.032452 13469 raft_consensus.cc:2219] T 69e4a297899a4d6785d0745bbe5a3ffd P e7a082460a324e97b17b1e7660ab3e7b [term 0 FOLLOWER]: Leader pre-election vote request: Granting yes vote for candidate 4b0d7495352c44fe87e7c441ff955e98 in term 0.
I0517 06:45:22.032847 13468 raft_consensus.cc:2194] T 69e4a297899a4d6785d0745bbe5a3ffd P e7a082460a324e97b17b1e7660ab3e7b [term 0 FOLLOWER]: Leader election vote request: Denying vote to candidate 4b0d7495352c44fe87e7c441ff955e98 for term 1 because replica is already servicing an update from a current leader or another vote.
I0517 06:45:22.033715 13528 leader_election.cc:379] T 69e4a297899a4d6785d0745bbe5a3ffd P 4b0d7495352c44fe87e7c441ff955e98 [CANDIDATE]: Term 1 pre-election: Vote granted by peer e7a082460a324e97b17b1e7660ab3e7b (127.4.96.2:56429)
I0517 06:45:22.034231 13344 raft_consensus.cc:2219] T 69e4a297899a4d6785d0745bbe5a3ffd P 95463d19beac48dda9314dd2e97c2774 [term 1 FOLLOWER]: Leader election vote request: Granting yes vote for candidate 4b0d7495352c44fe87e7c441ff955e98 in term 1.
I0517 06:45:22.034279 13528 leader_election.cc:393] T 69e4a297899a4d6785d0745bbe5a3ffd P 4b0d7495352c44fe87e7c441ff955e98 [CANDIDATE]: Term 1 election: Vote denied by peer e7a082460a324e97b17b1e7660ab3e7b (127.4.96.2:56429). Message: Service unavailable: T 69e4a297899a4d6785d0745bbe5a3ffd P e7a082460a324e97b17b1e7660ab3e7b [term 0 FOLLOWER]: Leader election vote request: Denying vote to candidate 4b0d7495352c44fe87e7c441ff955e98 for term 1 because replica is already servicing an update from a current leader or another vote.
I0517 06:45:22.034883 13524 leader_election.cc:379] T 69e4a297899a4d6785d0745bbe5a3ffd P 4b0d7495352c44fe87e7c441ff955e98 [CANDIDATE]: Term 1 election: Vote granted by peer 95463d19beac48dda9314dd2e97c2774 (127.4.96.1:48936)
I0517 06:45:22.035053 13524 leader_election.cc:270] T 69e4a297899a4d6785d0745bbe5a3ffd P 4b0d7495352c44fe87e7c441ff955e98 [CANDIDATE]: Term 1 election: Election decided. Result: candidate won.
I0517 06:45:22.035342 13664 raft_consensus.cc:2704] T 69e4a297899a4d6785d0745bbe5a3ffd P 4b0d7495352c44fe87e7c441ff955e98: Snoozing failure detection for 2.201s (election complete)
I0517 06:45:22.035490 13664 raft_consensus.cc:2511] T 69e4a297899a4d6785d0745bbe5a3ffd P 4b0d7495352c44fe87e7c441ff955e98 [term 1 FOLLOWER]: Leader election won for term 1
I0517 06:45:22.036458 13664 raft_consensus.cc:571] T 69e4a297899a4d6785d0745bbe5a3ffd P 4b0d7495352c44fe87e7c441ff955e98 [term 1 LEADER]: Becoming Leader. State: Replica: 4b0d7495352c44fe87e7c441ff955e98, State: Running, Role: LEADER
I0517 06:45:22.036926 13664 consensus_queue.cc:204] T 69e4a297899a4d6785d0745bbe5a3ffd P 4b0d7495352c44fe87e7c441ff955e98 [LEADER]: Queue going to LEADER mode. State: All replicated index: 0, Majority replicated index: 0, Committed index: 0, Last appended: 0.0, Last appended by leader: 0, Current term: 1, Majority size: 2, State: 0, Mode: LEADER, active raft config: opid_index: -1 OBSOLETE_local: false peers { permanent_uuid: "95463d19beac48dda9314dd2e97c2774" member_type: VOTER last_known_addr { host: "127.4.96.1" port: 48936 } } peers { permanent_uuid: "4b0d7495352c44fe87e7c441ff955e98" member_type: VOTER last_known_addr { host: "127.4.96.3" port: 59847 } } peers { permanent_uuid: "e7a082460a324e97b17b1e7660ab3e7b" member_type: VOTER last_known_addr { host: "127.4.96.2" port: 56429 } }
I0517 06:45:22.042029 13222 catalog_manager.cc:3686] T 69e4a297899a4d6785d0745bbe5a3ffd P 4b0d7495352c44fe87e7c441ff955e98 reported cstate change: term changed from 0 to 1, leader changed from to 4b0d7495352c44fe87e7c441ff955e98 (127.4.96.3). New cstate: current_term: 1 leader_uuid: "4b0d7495352c44fe87e7c441ff955e98" committed_config { opid_index: -1 OBSOLETE_local: false peers { permanent_uuid: "95463d19beac48dda9314dd2e97c2774" member_type: VOTER last_known_addr { host: "127.4.96.1" port: 48936 } health_report { overall_health: UNKNOWN } } peers { permanent_uuid: "4b0d7495352c44fe87e7c441ff955e98" member_type: VOTER last_known_addr { host: "127.4.96.3" port: 59847 } health_report { overall_health: HEALTHY } } peers { permanent_uuid: "e7a082460a324e97b17b1e7660ab3e7b" member_type: VOTER last_known_addr { host: "127.4.96.2" port: 56429 } health_report { overall_health: UNKNOWN } } }
I0517 06:45:22.119825 4480 external_mini_cluster.cc:482] 3 TS(s) registered with all masters
I0517 06:45:22.121819 4480 ts_itest-base.cc:233] Waiting for 1 tablets on tserver 95463d19beac48dda9314dd2e97c2774 to finish bootstrapping
I0517 06:45:22.130527 4480 ts_itest-base.cc:233] Waiting for 1 tablets on tserver e7a082460a324e97b17b1e7660ab3e7b to finish bootstrapping
I0517 06:45:22.139474 4480 ts_itest-base.cc:233] Waiting for 1 tablets on tserver 4b0d7495352c44fe87e7c441ff955e98 to finish bootstrapping
I0517 06:45:22.496256 13344 raft_consensus.cc:1057] T 69e4a297899a4d6785d0745bbe5a3ffd P 95463d19beac48dda9314dd2e97c2774 [term 1 FOLLOWER]: Refusing update from remote peer 4b0d7495352c44fe87e7c441ff955e98: Log matching property violated. Preceding OpId in replica: term: 0 index: 0. Preceding OpId from leader: term: 1 index: 1. (index mismatch)
I0517 06:45:22.497388 13664 consensus_queue.cc:963] T 69e4a297899a4d6785d0745bbe5a3ffd P 4b0d7495352c44fe87e7c441ff955e98 [LEADER]: Connected to new peer: Peer: permanent_uuid: "95463d19beac48dda9314dd2e97c2774" member_type: VOTER last_known_addr { host: "127.4.96.1" port: 48936 }, Status: LMP_MISMATCH, Last received: 0.0, Next index: 1, Last known committed idx: 0, Time since last communication: 0.000s
I0517 06:45:22.500100 13594 tablet_service.cc:1138] Received LeaderStepDown RPC: tablet_id: "69e4a297899a4d6785d0745bbe5a3ffd" dest_uuid: "4b0d7495352c44fe87e7c441ff955e98" from {username='slave'} at 127.0.0.1:45748
I0517 06:45:22.500411 13594 raft_consensus.cc:530] T 69e4a297899a4d6785d0745bbe5a3ffd P 4b0d7495352c44fe87e7c441ff955e98 [term 1 LEADER]: Received request to step down
I0517 06:45:22.500538 13594 raft_consensus.cc:604] T 69e4a297899a4d6785d0745bbe5a3ffd P 4b0d7495352c44fe87e7c441ff955e98 [term 1 LEADER]: Becoming Follower/Learner. State: Replica: 4b0d7495352c44fe87e7c441ff955e98, State: Running, Role: LEADER
I0517 06:45:22.500963 13594 consensus_queue.cc:227] T 69e4a297899a4d6785d0745bbe5a3ffd P 4b0d7495352c44fe87e7c441ff955e98 [NON_LEADER]: Queue going to NON_LEADER mode. State: All replicated index: 0, Majority replicated index: 0, Committed index: 0, Last appended: 1.1, Last appended by leader: 1, Current term: 1, Majority size: -1, State: 0, Mode: NON_LEADER, active raft config: opid_index: -1 OBSOLETE_local: false peers { permanent_uuid: "95463d19beac48dda9314dd2e97c2774" member_type: VOTER last_known_addr { host: "127.4.96.1" port: 48936 } } peers { permanent_uuid: "4b0d7495352c44fe87e7c441ff955e98" member_type: VOTER last_known_addr { host: "127.4.96.3" port: 59847 } } peers { permanent_uuid: "e7a082460a324e97b17b1e7660ab3e7b" member_type: VOTER last_known_addr { host: "127.4.96.2" port: 56429 } }
I0517 06:45:22.501586 13594 consensus_peers.cc:456] T 69e4a297899a4d6785d0745bbe5a3ffd P 4b0d7495352c44fe87e7c441ff955e98 -> Peer e7a082460a324e97b17b1e7660ab3e7b (127.4.96.2:56429): Closing peer: e7a082460a324e97b17b1e7660ab3e7b
I0517 06:45:22.501762 13594 consensus_peers.cc:456] T 69e4a297899a4d6785d0745bbe5a3ffd P 4b0d7495352c44fe87e7c441ff955e98 -> Peer 95463d19beac48dda9314dd2e97c2774 (127.4.96.1:48936): Closing peer: 95463d19beac48dda9314dd2e97c2774
I0517 06:45:22.502024 13594 raft_consensus.cc:2704] T 69e4a297899a4d6785d0745bbe5a3ffd P 4b0d7495352c44fe87e7c441ff955e98: Snoozing failure detection for 3.000s (explicit stepdown request)
I0517 06:45:23.668319 13687 raft_consensus.cc:435] T 69e4a297899a4d6785d0745bbe5a3ffd P e7a082460a324e97b17b1e7660ab3e7b [term 0 FOLLOWER]: Starting pre-election (no leader contacted us within the election timeout)
I0517 06:45:23.668514 13687 raft_consensus.cc:2704] T 69e4a297899a4d6785d0745bbe5a3ffd P e7a082460a324e97b17b1e7660ab3e7b: Snoozing failure detection for 2.055s (starting election)
I0517 06:45:23.668682 13687 raft_consensus.cc:457] T 69e4a297899a4d6785d0745bbe5a3ffd P e7a082460a324e97b17b1e7660ab3e7b [term 0 FOLLOWER]: Starting pre-election with config: opid_index: -1 OBSOLETE_local: false peers { permanent_uuid: "95463d19beac48dda9314dd2e97c2774" member_type: VOTER last_known_addr { host: "127.4.96.1" port: 48936 } } peers { permanent_uuid: "4b0d7495352c44fe87e7c441ff955e98" member_type: VOTER last_known_addr { host: "127.4.96.3" port: 59847 } } peers { permanent_uuid: "e7a082460a324e97b17b1e7660ab3e7b" member_type: VOTER last_known_addr { host: "127.4.96.2" port: 56429 } }
I0517 06:45:23.669483 13687 leader_election.cc:243] T 69e4a297899a4d6785d0745bbe5a3ffd P e7a082460a324e97b17b1e7660ab3e7b [CANDIDATE]: Term 1 pre-election: Requesting pre-vote from peer 95463d19beac48dda9314dd2e97c2774 (127.4.96.1:48936)
I0517 06:45:23.669864 13687 leader_election.cc:243] T 69e4a297899a4d6785d0745bbe5a3ffd P e7a082460a324e97b17b1e7660ab3e7b [CANDIDATE]: Term 1 pre-election: Requesting pre-vote from peer 4b0d7495352c44fe87e7c441ff955e98 (127.4.96.3:59847)
I0517 06:45:23.680011 13344 tablet_service.cc:995] Received RequestConsensusVote() RPC: tablet_id: "69e4a297899a4d6785d0745bbe5a3ffd" candidate_uuid: "e7a082460a324e97b17b1e7660ab3e7b" candidate_term: 1 candidate_status { last_received { term: 0 index: 0 } } ignore_live_leader: false dest_uuid: "95463d19beac48dda9314dd2e97c2774" is_pre_election: true
I0517 06:45:23.680424 13344 raft_consensus.cc:2180] T 69e4a297899a4d6785d0745bbe5a3ffd P 95463d19beac48dda9314dd2e97c2774 [term 1 FOLLOWER]: Leader pre-election vote request: Denying vote to candidate e7a082460a324e97b17b1e7660ab3e7b for term 1 because replica is either leader or believes a valid leader to be alive.
I0517 06:45:23.680353 13594 tablet_service.cc:995] Received RequestConsensusVote() RPC: tablet_id: "69e4a297899a4d6785d0745bbe5a3ffd" candidate_uuid: "e7a082460a324e97b17b1e7660ab3e7b" candidate_term: 1 candidate_status { last_received { term: 0 index: 0 } } ignore_live_leader: false dest_uuid: "4b0d7495352c44fe87e7c441ff955e98" is_pre_election: true
I0517 06:45:23.680835 13594 raft_consensus.cc:2149] T 69e4a297899a4d6785d0745bbe5a3ffd P 4b0d7495352c44fe87e7c441ff955e98 [term 1 FOLLOWER]: Leader pre-election vote request: Denying vote to candidate e7a082460a324e97b17b1e7660ab3e7b in current term 1: Already voted for candidate 4b0d7495352c44fe87e7c441ff955e98 in this term.
I0517 06:45:23.681288 13399 leader_election.cc:393] T 69e4a297899a4d6785d0745bbe5a3ffd P e7a082460a324e97b17b1e7660ab3e7b [CANDIDATE]: Term 1 pre-election: Vote denied by peer 95463d19beac48dda9314dd2e97c2774 (127.4.96.1:48936). Message: Invalid argument: T 69e4a297899a4d6785d0745bbe5a3ffd P 95463d19beac48dda9314dd2e97c2774 [term 1 FOLLOWER]: Leader pre-election vote request: Denying vote to candidate e7a082460a324e97b17b1e7660ab3e7b for term 1 because replica is either leader or believes a valid leader to be alive.
I0517 06:45:23.681705 13401 leader_election.cc:393] T 69e4a297899a4d6785d0745bbe5a3ffd P e7a082460a324e97b17b1e7660ab3e7b [CANDIDATE]: Term 1 pre-election: Vote denied by peer 4b0d7495352c44fe87e7c441ff955e98 (127.4.96.3:59847). Message: Invalid argument: T 69e4a297899a4d6785d0745bbe5a3ffd P 4b0d7495352c44fe87e7c441ff955e98 [term 1 FOLLOWER]: Leader pre-election vote request: Denying vote to candidate e7a082460a324e97b17b1e7660ab3e7b in current term 1: Already voted for candidate 4b0d7495352c44fe87e7c441ff955e98 in this term.
I0517 06:45:23.681897 13401 leader_election.cc:270] T 69e4a297899a4d6785d0745bbe5a3ffd P e7a082460a324e97b17b1e7660ab3e7b [CANDIDATE]: Term 1 pre-election: Election decided. Result: candidate lost.
I0517 06:45:23.682274 13687 raft_consensus.cc:2704] T 69e4a297899a4d6785d0745bbe5a3ffd P e7a082460a324e97b17b1e7660ab3e7b: Snoozing failure detection for 1.803s (election complete)
I0517 06:45:23.682431 13687 raft_consensus.cc:2756] T 69e4a297899a4d6785d0745bbe5a3ffd P e7a082460a324e97b17b1e7660ab3e7b [term 0 FOLLOWER]: Advancing to term 1
I0517 06:45:23.685211 13687 raft_consensus.cc:2459] T 69e4a297899a4d6785d0745bbe5a3ffd P e7a082460a324e97b17b1e7660ab3e7b [term 1 FOLLOWER]: Leader pre-election lost for term 1. Reason: could not achieve majority
I0517 06:45:24.001713 13692 raft_consensus.cc:435] T 69e4a297899a4d6785d0745bbe5a3ffd P 95463d19beac48dda9314dd2e97c2774 [term 1 FOLLOWER]: Starting pre-election (detected failure of leader 4b0d7495352c44fe87e7c441ff955e98)
I0517 06:45:24.001966 13692 raft_consensus.cc:2704] T 69e4a297899a4d6785d0745bbe5a3ffd P 95463d19beac48dda9314dd2e97c2774: Snoozing failure detection for 2.243s (starting election)
I0517 06:45:24.002177 13692 raft_consensus.cc:457] T 69e4a297899a4d6785d0745bbe5a3ffd P 95463d19beac48dda9314dd2e97c2774 [term 1 FOLLOWER]: Starting pre-election with config: opid_index: -1 OBSOLETE_local: false peers { permanent_uuid: "95463d19beac48dda9314dd2e97c2774" member_type: VOTER last_known_addr { host: "127.4.96.1" port: 48936 } } peers { permanent_uuid: "4b0d7495352c44fe87e7c441ff955e98" member_type: VOTER last_known_addr { host: "127.4.96.3" port: 59847 } } peers { permanent_uuid: "e7a082460a324e97b17b1e7660ab3e7b" member_type: VOTER last_known_addr { host: "127.4.96.2" port: 56429 } }
I0517 06:45:24.003082 13692 leader_election.cc:243] T 69e4a297899a4d6785d0745bbe5a3ffd P 95463d19beac48dda9314dd2e97c2774 [CANDIDATE]: Term 2 pre-election: Requesting pre-vote from peer 4b0d7495352c44fe87e7c441ff955e98 (127.4.96.3:59847)
I0517 06:45:24.003496 13692 leader_election.cc:243] T 69e4a297899a4d6785d0745bbe5a3ffd P 95463d19beac48dda9314dd2e97c2774 [CANDIDATE]: Term 2 pre-election: Requesting pre-vote from peer e7a082460a324e97b17b1e7660ab3e7b (127.4.96.2:56429)
I0517 06:45:24.020925 13594 tablet_service.cc:995] Received RequestConsensusVote() RPC: tablet_id: "69e4a297899a4d6785d0745bbe5a3ffd" candidate_uuid: "95463d19beac48dda9314dd2e97c2774" candidate_term: 2 candidate_status { last_received { term: 1 index: 1 } } ignore_live_leader: false dest_uuid: "4b0d7495352c44fe87e7c441ff955e98" is_pre_election: true
I0517 06:45:24.021361 13594 raft_consensus.cc:2704] T 69e4a297899a4d6785d0745bbe5a3ffd P 4b0d7495352c44fe87e7c441ff955e98: Snoozing failure detection for 1.712s (vote granted)
I0517 06:45:24.021580 13594 raft_consensus.cc:2219] T 69e4a297899a4d6785d0745bbe5a3ffd P 4b0d7495352c44fe87e7c441ff955e98 [term 1 FOLLOWER]: Leader pre-election vote request: Granting yes vote for candidate 95463d19beac48dda9314dd2e97c2774 in term 1.
I0517 06:45:24.021908 13468 tablet_service.cc:995] Received RequestConsensusVote() RPC: tablet_id: "69e4a297899a4d6785d0745bbe5a3ffd" candidate_uuid: "95463d19beac48dda9314dd2e97c2774" candidate_term: 2 candidate_status { last_received { term: 1 index: 1 } } ignore_live_leader: false dest_uuid: "e7a082460a324e97b17b1e7660ab3e7b" is_pre_election: true
I0517 06:45:24.022322 13468 raft_consensus.cc:2704] T 69e4a297899a4d6785d0745bbe5a3ffd P e7a082460a324e97b17b1e7660ab3e7b: Snoozing failure detection for 2.828s (vote granted)
I0517 06:45:24.022457 13276 leader_election.cc:379] T 69e4a297899a4d6785d0745bbe5a3ffd P 95463d19beac48dda9314dd2e97c2774 [CANDIDATE]: Term 2 pre-election: Vote granted by peer 4b0d7495352c44fe87e7c441ff955e98 (127.4.96.3:59847)
I0517 06:45:24.022521 13468 raft_consensus.cc:2219] T 69e4a297899a4d6785d0745bbe5a3ffd P e7a082460a324e97b17b1e7660ab3e7b [term 1 FOLLOWER]: Leader pre-election vote request: Granting yes vote for candidate 95463d19beac48dda9314dd2e97c2774 in term 1.
I0517 06:45:24.022675 13276 leader_election.cc:270] T 69e4a297899a4d6785d0745bbe5a3ffd P 95463d19beac48dda9314dd2e97c2774 [CANDIDATE]: Term 2 pre-election: Election decided. Result: candidate won.
I0517 06:45:24.023126 13692 raft_consensus.cc:2704] T 69e4a297899a4d6785d0745bbe5a3ffd P 95463d19beac48dda9314dd2e97c2774: Snoozing failure detection for 1.763s (election complete)
I0517 06:45:24.023314 13692 raft_consensus.cc:2511] T 69e4a297899a4d6785d0745bbe5a3ffd P 95463d19beac48dda9314dd2e97c2774 [term 1 FOLLOWER]: Leader pre-election won for term 2
I0517 06:45:24.023399 13278 leader_election.cc:379] T 69e4a297899a4d6785d0745bbe5a3ffd P 95463d19beac48dda9314dd2e97c2774 [CANDIDATE]: Term 2 pre-election: Vote granted by peer e7a082460a324e97b17b1e7660ab3e7b (127.4.96.2:56429)
I0517 06:45:24.023510 13692 raft_consensus.cc:435] T 69e4a297899a4d6785d0745bbe5a3ffd P 95463d19beac48dda9314dd2e97c2774 [term 1 FOLLOWER]: Starting leader election (detected failure of leader 4b0d7495352c44fe87e7c441ff955e98)
I0517 06:45:24.023658 13692 raft_consensus.cc:2704] T 69e4a297899a4d6785d0745bbe5a3ffd P 95463d19beac48dda9314dd2e97c2774: Snoozing failure detection for 1.969s (starting election)
I0517 06:45:24.023773 13692 raft_consensus.cc:2756] T 69e4a297899a4d6785d0745bbe5a3ffd P 95463d19beac48dda9314dd2e97c2774 [term 1 FOLLOWER]: Advancing to term 2
I0517 06:45:24.026581 13692 raft_consensus.cc:457] T 69e4a297899a4d6785d0745bbe5a3ffd P 95463d19beac48dda9314dd2e97c2774 [term 2 FOLLOWER]: Starting leader election with config: opid_index: -1 OBSOLETE_local: false peers { permanent_uuid: "95463d19beac48dda9314dd2e97c2774" member_type: VOTER last_known_addr { host: "127.4.96.1" port: 48936 } } peers { permanent_uuid: "4b0d7495352c44fe87e7c441ff955e98" member_type: VOTER last_known_addr { host: "127.4.96.3" port: 59847 } } peers { permanent_uuid: "e7a082460a324e97b17b1e7660ab3e7b" member_type: VOTER last_known_addr { host: "127.4.96.2" port: 56429 } }
I0517 06:45:24.027178 13692 leader_election.cc:243] T 69e4a297899a4d6785d0745bbe5a3ffd P 95463d19beac48dda9314dd2e97c2774 [CANDIDATE]: Term 2 election: Requesting vote from peer 4b0d7495352c44fe87e7c441ff955e98 (127.4.96.3:59847)
I0517 06:45:24.027444 13692 leader_election.cc:243] T 69e4a297899a4d6785d0745bbe5a3ffd P 95463d19beac48dda9314dd2e97c2774 [CANDIDATE]: Term 2 election: Requesting vote from peer e7a082460a324e97b17b1e7660ab3e7b (127.4.96.2:56429)
I0517 06:45:24.028236 13594 tablet_service.cc:995] Received RequestConsensusVote() RPC: tablet_id: "69e4a297899a4d6785d0745bbe5a3ffd" candidate_uuid: "95463d19beac48dda9314dd2e97c2774" candidate_term: 2 candidate_status { last_received { term: 1 index: 1 } } ignore_live_leader: false dest_uuid: "4b0d7495352c44fe87e7c441ff955e98"
I0517 06:45:24.028522 13594 raft_consensus.cc:2756] T 69e4a297899a4d6785d0745bbe5a3ffd P 4b0d7495352c44fe87e7c441ff955e98 [term 1 FOLLOWER]: Advancing to term 2
I0517 06:45:24.028460 13468 tablet_service.cc:995] Received RequestConsensusVote() RPC: tablet_id: "69e4a297899a4d6785d0745bbe5a3ffd" candidate_uuid: "95463d19beac48dda9314dd2e97c2774" candidate_term: 2 candidate_status { last_received { term: 1 index: 1 } } ignore_live_leader: false dest_uuid: "e7a082460a324e97b17b1e7660ab3e7b"
I0517 06:45:24.028679 13594 raft_consensus.cc:2704] T 69e4a297899a4d6785d0745bbe5a3ffd P 4b0d7495352c44fe87e7c441ff955e98: Snoozing failure detection for 1.679s (vote granted)
I0517 06:45:24.028815 13468 raft_consensus.cc:2756] T 69e4a297899a4d6785d0745bbe5a3ffd P e7a082460a324e97b17b1e7660ab3e7b [term 1 FOLLOWER]: Advancing to term 2
I0517 06:45:24.029006 13468 raft_consensus.cc:2704] T 69e4a297899a4d6785d0745bbe5a3ffd P e7a082460a324e97b17b1e7660ab3e7b: Snoozing failure detection for 3.311s (vote granted)
I0517 06:45:24.031342 13594 raft_consensus.cc:2219] T 69e4a297899a4d6785d0745bbe5a3ffd P 4b0d7495352c44fe87e7c441ff955e98 [term 2 FOLLOWER]: Leader election vote request: Granting yes vote for candidate 95463d19beac48dda9314dd2e97c2774 in term 2.
I0517 06:45:24.031810 13468 raft_consensus.cc:2219] T 69e4a297899a4d6785d0745bbe5a3ffd P e7a082460a324e97b17b1e7660ab3e7b [term 2 FOLLOWER]: Leader election vote request: Granting yes vote for candidate 95463d19beac48dda9314dd2e97c2774 in term 2.
I0517 06:45:24.032019 13276 leader_election.cc:379] T 69e4a297899a4d6785d0745bbe5a3ffd P 95463d19beac48dda9314dd2e97c2774 [CANDIDATE]: Term 2 election: Vote granted by peer 4b0d7495352c44fe87e7c441ff955e98 (127.4.96.3:59847)
I0517 06:45:24.032198 13276 leader_election.cc:270] T 69e4a297899a4d6785d0745bbe5a3ffd P 95463d19beac48dda9314dd2e97c2774 [CANDIDATE]: Term 2 election: Election decided. Result: candidate won.
I0517 06:45:24.032459 13278 leader_election.cc:379] T 69e4a297899a4d6785d0745bbe5a3ffd P 95463d19beac48dda9314dd2e97c2774 [CANDIDATE]: Term 2 election: Vote granted by peer e7a082460a324e97b17b1e7660ab3e7b (127.4.96.2:56429)
I0517 06:45:24.032559 13692 raft_consensus.cc:2704] T 69e4a297899a4d6785d0745bbe5a3ffd P 95463d19beac48dda9314dd2e97c2774: Snoozing failure detection for 1.510s (election complete)
I0517 06:45:24.032773 13692 raft_consensus.cc:2511] T 69e4a297899a4d6785d0745bbe5a3ffd P 95463d19beac48dda9314dd2e97c2774 [term 2 FOLLOWER]: Leader election won for term 2
I0517 06:45:24.033812 13692 raft_consensus.cc:571] T 69e4a297899a4d6785d0745bbe5a3ffd P 95463d19beac48dda9314dd2e97c2774 [term 2 LEADER]: Becoming Leader. State: Replica: 95463d19beac48dda9314dd2e97c2774, State: Running, Role: LEADER
I0517 06:45:24.034178 13692 consensus_queue.cc:204] T 69e4a297899a4d6785d0745bbe5a3ffd P 95463d19beac48dda9314dd2e97c2774 [LEADER]: Queue going to LEADER mode. State: All replicated index: 0, Majority replicated index: 0, Committed index: 0, Last appended: 1.1, Last appended by leader: 1, Current term: 2, Majority size: 2, State: 0, Mode: LEADER, active raft config: opid_index: -1 OBSOLETE_local: false peers { permanent_uuid: "95463d19beac48dda9314dd2e97c2774" member_type: VOTER last_known_addr { host: "127.4.96.1" port: 48936 } } peers { permanent_uuid: "4b0d7495352c44fe87e7c441ff955e98" member_type: VOTER last_known_addr { host: "127.4.96.3" port: 59847 } } peers { permanent_uuid: "e7a082460a324e97b17b1e7660ab3e7b" member_type: VOTER last_known_addr { host: "127.4.96.2" port: 56429 } }
I0517 06:45:24.038203 13222 catalog_manager.cc:3686] T 69e4a297899a4d6785d0745bbe5a3ffd P 95463d19beac48dda9314dd2e97c2774 reported cstate change: term changed from 1 to 2, leader changed from 4b0d7495352c44fe87e7c441ff955e98 (127.4.96.3) to 95463d19beac48dda9314dd2e97c2774 (127.4.96.1). New cstate: current_term: 2 leader_uuid: "95463d19beac48dda9314dd2e97c2774" committed_config { opid_index: -1 OBSOLETE_local: false peers { permanent_uuid: "95463d19beac48dda9314dd2e97c2774" member_type: VOTER last_known_addr { host: "127.4.96.1" port: 48936 } health_report { overall_health: HEALTHY } } peers { permanent_uuid: "4b0d7495352c44fe87e7c441ff955e98" member_type: VOTER last_known_addr { host: "127.4.96.3" port: 59847 } health_report { overall_health: UNKNOWN } } peers { permanent_uuid: "e7a082460a324e97b17b1e7660ab3e7b" member_type: VOTER last_known_addr { host: "127.4.96.2" port: 56429 } health_report { overall_health: UNKNOWN } } }
I0517 06:45:24.053622 4480 external_mini_cluster.cc:978] Killing /tmp/dist-test-task4QLboq/build/tsan/bin/kudu-tserver with pid 13256
W0517 06:45:24.074414 13202 connection.cc:512] client connection to 127.4.96.1:48936 recv error: Network error: failed to read from TLS socket (remote: 127.4.96.1:48936): Connection reset by peer (error 104)
W0517 06:45:24.074537 13524 connection.cc:512] client connection to 127.4.96.1:48936 recv error: Network error: failed to read from TLS socket (remote: 127.4.96.1:48936): Connection reset by peer (error 104)
W0517 06:45:24.074611 13193 connection.cc:512] client connection to 127.4.96.1:48936 recv error: Network error: failed to read from TLS socket (remote: 127.4.96.1:48936): Connection reset by peer (error 104)
W0517 06:45:24.075354 13203 connection.cc:512] server connection from 127.4.96.1:51926 recv error: Network error: failed to read from TLS socket (remote: 127.4.96.1:51926): Connection reset by peer (error 104)
W0517 06:45:24.075625 13189 connection.cc:512] client connection to 127.4.96.1:48936 recv error: Network error: failed to read from TLS socket (remote: 127.4.96.1:48936): Connection reset by peer (error 104)
W0517 06:45:24.076427 13525 connection.cc:512] server connection from 127.4.96.1:34350 recv error: Network error: failed to read from TLS socket (remote: 127.4.96.1:34350): Connection reset by peer (error 104)
W0517 06:45:24.076480 13399 connection.cc:512] client connection to 127.4.96.1:48936 recv error: Network error: failed to read from TLS socket (remote: 127.4.96.1:48936): Connection reset by peer (error 104)
W0517 06:45:24.077301 13400 connection.cc:512] server connection from 127.4.96.1:54028 recv error: Network error: failed to read from TLS socket (remote: 127.4.96.1:54028): Connection reset by peer (error 104)
I0517 06:45:24.078092 4480 external_mini_cluster.cc:978] Killing /tmp/dist-test-task4QLboq/build/tsan/bin/kudu-tserver with pid 13391
W0517 06:45:24.097306 13528 connection.cc:512] client connection to 127.4.96.2:56429 recv error: Network error: failed to read from TLS socket (remote: 127.4.96.2:56429): Connection reset by peer (error 104)
W0517 06:45:24.097322 13204 connection.cc:512] server connection from 127.4.96.2:39235 recv error: Network error: failed to read from TLS socket (remote: 127.4.96.2:39235): Connection reset by peer (error 104)
W0517 06:45:24.097425 13206 connection.cc:512] client connection to 127.4.96.2:56429 recv error: Network error: failed to read from TLS socket (remote: 127.4.96.2:56429): Connection reset by peer (error 104)
W0517 06:45:24.098186 13193 connection.cc:512] client connection to 127.4.96.2:56429 recv error: Network error: failed to read from TLS socket (remote: 127.4.96.2:56429): Connection reset by peer (error 104)
W0517 06:45:24.098923 13528 connection.cc:512] server connection from 127.4.96.2:41411 recv error: Network error: failed to read from TLS socket (remote: 127.4.96.2:41411): Connection reset by peer (error 104)
W0517 06:45:24.098985 13192 connection.cc:512] client connection to 127.4.96.2:56429 recv error: Network error: failed to read from TLS socket (remote: 127.4.96.2:56429): Connection reset by peer (error 104)
I0517 06:45:24.099830 4480 external_mini_cluster.cc:978] Killing /tmp/dist-test-task4QLboq/build/tsan/bin/kudu-tserver with pid 13516
W0517 06:45:24.118132 13204 connection.cc:512] client connection to 127.4.96.3:59847 recv error: Network error: failed to read from TLS socket (remote: 127.4.96.3:59847): Connection reset by peer (error 104)
W0517 06:45:24.118484 13193 connection.cc:512] client connection to 127.4.96.3:59847 recv error: Network error: failed to read from TLS socket (remote: 127.4.96.3:59847): Connection reset by peer (error 104)
W0517 06:45:24.118129 13202 connection.cc:512] server connection from 127.4.96.3:34533 recv error: Network error: failed to read from TLS socket (remote: 127.4.96.3:34533): Connection reset by peer (error 104)
W0517 06:45:24.119385 13191 connection.cc:512] client connection to 127.4.96.3:59847 recv error: Network error: failed to read from TLS socket (remote: 127.4.96.3:59847): Connection reset by peer (error 104)
I0517 06:45:24.119473 4480 external_mini_cluster.cc:978] Killing /tmp/dist-test-task4QLboq/build/tsan/bin/kudu-master with pid 13194
W0517 06:45:24.147292 13193 connection.cc:512] client connection to 127.4.96.62:34571 recv error: Network error: failed to read from TLS socket (remote: 127.4.96.62:34571): Connection reset by peer (error 104) [ OK ] AdminCliTest.TestLeaderStepDown (4808 ms) [ RUN ] AdminCliTest.TestLeaderStepDownWhenNotPresent
I0517 06:45:24.158592 4480 test_util.cc:200] Using random seed: 772977765
I0517 06:45:24.161610 4480 ts_itest-base.cc:113] Starting cluster with:
I0517 06:45:24.161712 4480 ts_itest-base.cc:114] --------------
I0517 06:45:24.161815 4480 ts_itest-base.cc:115] 3 tablet servers
I0517 06:45:24.161903 4480 ts_itest-base.cc:116] 3 replicas per TS
I0517 06:45:24.162005 4480 ts_itest-base.cc:117] --------------
