I0517 06:44:07.993193 5472 consensus_queue.cc:204] T 9e4acfa8c48f4fbebd81cd58cfd3edc7 P 896b9662512241d29d01130917359a60 [LEADER]: Queue going to LEADER mode. State: All replicated index: 0, Majority replicated index: 4, Committed index: 4, Last appended: 3.4, Last appended by leader: 0, Current term: 3, Majority size: 1, State: 0, Mode: LEADER, active raft config: opid_index: 5 OBSOLETE_local: false peers { permanent_uuid: "896b9662512241d29d01130917359a60" member_type: VOTER last_known_addr { host: "127.4.96.3" port: 44651 } } peers { permanent_uuid: "db3928f6c5ea43bab4f27c1999b849db" member_type: NON_VOTER last_known_addr { host: "127.4.96.1" port: 53133 } attrs { promote: true } } peers { permanent_uuid: "cb72eb5a50c24c5fa232a20acd802468" member_type: NON_VOTER last_known_addr { host: "127.4.96.5" port: 37703 } attrs { promote: true } } unsafe_config_change: true
W0517 06:44:07.996623 5402 consensus_peers.cc:434] T 9e4acfa8c48f4fbebd81cd58cfd3edc7 P 896b9662512241d29d01130917359a60 -> Peer db3928f6c5ea43bab4f27c1999b849db (127.4.96.1:53133): Couldn't send request to peer db3928f6c5ea43bab4f27c1999b849db for tablet 9e4acfa8c48f4fbebd81cd58cfd3edc7. Error code: TABLET_NOT_FOUND (6). Status: Not found: Tablet not found: 9e4acfa8c48f4fbebd81cd58cfd3edc7. Retrying in the next heartbeat period. Already tried 1 times.
I0517 06:44:07.995489 5909 raft_consensus.cc:2658] T 9e4acfa8c48f4fbebd81cd58cfd3edc7 P 896b9662512241d29d01130917359a60 [term 3 LEADER]: Committing config change with OpId 3.5: config changed from index 4 to 5, NON_VOTER cb72eb5a50c24c5fa232a20acd802468 (127.4.96.5) added. New config: { opid_index: 5 OBSOLETE_local: false peers { permanent_uuid: "896b9662512241d29d01130917359a60" member_type: VOTER last_known_addr { host: "127.4.96.3" port: 44651 } } peers { permanent_uuid: "db3928f6c5ea43bab4f27c1999b849db" member_type: NON_VOTER last_known_addr { host: "127.4.96.1" port: 53133 } attrs { promote: true } } peers { permanent_uuid: "cb72eb5a50c24c5fa232a20acd802468" member_type: NON_VOTER last_known_addr { host: "127.4.96.5" port: 37703 } attrs { promote: true } } unsafe_config_change: true }
I0517 06:44:08.002076 5841 catalog_manager.cc:3240] ChangeConfig:ADD_PEER:NON_VOTER RPC for tablet 9e4acfa8c48f4fbebd81cd58cfd3edc7 with cas_config_opid_index 4: ChangeConfig:ADD_PEER:NON_VOTER succeeded (attempt 2)
I0517 06:44:08.004878 5857 catalog_manager.cc:3686] T 9e4acfa8c48f4fbebd81cd58cfd3edc7 P 896b9662512241d29d01130917359a60 reported cstate change: config changed from index 4 to 5, NON_VOTER cb72eb5a50c24c5fa232a20acd802468 (127.4.96.5) added. New cstate: current_term: 3 leader_uuid: "896b9662512241d29d01130917359a60" committed_config { opid_index: 5 OBSOLETE_local: false peers { permanent_uuid: "896b9662512241d29d01130917359a60" member_type: VOTER last_known_addr { host: "127.4.96.3" port: 44651 } health_report { overall_health: HEALTHY } } peers { permanent_uuid: "db3928f6c5ea43bab4f27c1999b849db" member_type: NON_VOTER last_known_addr { host: "127.4.96.1" port: 53133 } attrs { promote: true } health_report { overall_health: UNKNOWN } } peers { permanent_uuid: "cb72eb5a50c24c5fa232a20acd802468" member_type: NON_VOTER last_known_addr { host: "127.4.96.5" port: 37703 } attrs { promote: true } health_report { overall_health: UNKNOWN } } unsafe_config_change: true }
W0517 06:44:08.012943 5404 consensus_peers.cc:434] T 9e4acfa8c48f4fbebd81cd58cfd3edc7 P 896b9662512241d29d01130917359a60 -> Peer cb72eb5a50c24c5fa232a20acd802468 (127.4.96.5:37703): Couldn't send request to peer cb72eb5a50c24c5fa232a20acd802468 for tablet 9e4acfa8c48f4fbebd81cd58cfd3edc7. Error code: TABLET_NOT_FOUND (6). Status: Not found: Tablet not found: 9e4acfa8c48f4fbebd81cd58cfd3edc7. Retrying in the next heartbeat period. Already tried 1 times.
I0517 06:44:08.163281 5836 catalog_manager.cc:2791] Scheduling retry of 9e4acfa8c48f4fbebd81cd58cfd3edc7 Delete Tablet RPC for TS=d6e1bdcef7c443299c40504db909f7cf with a delay of 560 ms (attempt = 6)
W0517 06:44:08.163465 5836 catalog_manager.cc:2810] Async tablet task 9e4acfa8c48f4fbebd81cd58cfd3edc7 Delete Tablet RPC for TS=d6e1bdcef7c443299c40504db909f7cf failed: Not found: failed to reset TS proxy: Could not find TS for UUID d6e1bdcef7c443299c40504db909f7cf
I0517 06:44:08.178140 5838 catalog_manager.cc:2791] Scheduling retry of 9e4acfa8c48f4fbebd81cd58cfd3edc7 Delete Tablet RPC for TS=12bd807be9d84470a0d27627be106be4 with a delay of 542 ms (attempt = 6)
W0517 06:44:08.178305 5838 catalog_manager.cc:2810] Async tablet task 9e4acfa8c48f4fbebd81cd58cfd3edc7 Delete Tablet RPC for TS=12bd807be9d84470a0d27627be106be4 failed: Not found: failed to reset TS proxy: Could not find TS for UUID 12bd807be9d84470a0d27627be106be4
I0517 06:44:08.524379 5915 ts_tablet_manager.cc:669] T 9e4acfa8c48f4fbebd81cd58cfd3edc7 P db3928f6c5ea43bab4f27c1999b849db: Initiating tablet copy from peer 896b9662512241d29d01130917359a60 (127.4.96.3:44651)
I0517 06:44:08.524674 5915 tablet_copy_client.cc:239] T 9e4acfa8c48f4fbebd81cd58cfd3edc7 P db3928f6c5ea43bab4f27c1999b849db: tablet copy: Beginning tablet copy session from remote peer at address 127.4.96.3:44651
I0517 06:44:08.529561 5918 ts_tablet_manager.cc:669] T 9e4acfa8c48f4fbebd81cd58cfd3edc7 P cb72eb5a50c24c5fa232a20acd802468: Initiating tablet copy from peer 896b9662512241d29d01130917359a60 (127.4.96.3:44651)
I0517 06:44:08.529945 5918 tablet_copy_client.cc:239] T 9e4acfa8c48f4fbebd81cd58cfd3edc7 P cb72eb5a50c24c5fa232a20acd802468: tablet copy: Beginning tablet copy session from remote peer at address 127.4.96.3:44651
I0517 06:44:08.535097 5492 tablet_copy_service.cc:133] P 896b9662512241d29d01130917359a60: Received BeginTabletCopySession request for tablet 9e4acfa8c48f4fbebd81cd58cfd3edc7 from peer db3928f6c5ea43bab4f27c1999b849db ({username='slave'} at 127.4.96.1:39827)
I0517 06:44:08.535349 5492 tablet_copy_service.cc:154] P 896b9662512241d29d01130917359a60: Beginning new tablet copy session on tablet 9e4acfa8c48f4fbebd81cd58cfd3edc7 from peer db3928f6c5ea43bab4f27c1999b849db at {username='slave'} at 127.4.96.1:39827: session id = db3928f6c5ea43bab4f27c1999b849db-9e4acfa8c48f4fbebd81cd58cfd3edc7
I0517 06:44:08.538705 5492 tablet_copy_source_session.cc:202] T 9e4acfa8c48f4fbebd81cd58cfd3edc7 P 896b9662512241d29d01130917359a60: Tablet Copy: opened 0 blocks and 1 log segments
I0517 06:44:08.541513 5915 data_dirs.cc:934] Could only allocate 1 dirs of requested 3 for tablet 9e4acfa8c48f4fbebd81cd58cfd3edc7. 1 dirs total, 0 dirs full, 0 dirs failed
I0517 06:44:08.542285 5492 tablet_copy_service.cc:133] P 896b9662512241d29d01130917359a60: Received BeginTabletCopySession request for tablet 9e4acfa8c48f4fbebd81cd58cfd3edc7 from peer cb72eb5a50c24c5fa232a20acd802468 ({username='slave'} at 127.4.96.5:44297)
I0517 06:44:08.542490 5492 tablet_copy_service.cc:154] P 896b9662512241d29d01130917359a60: Beginning new tablet copy session on tablet 9e4acfa8c48f4fbebd81cd58cfd3edc7 from peer cb72eb5a50c24c5fa232a20acd802468 at {username='slave'} at 127.4.96.5:44297: session id = cb72eb5a50c24c5fa232a20acd802468-9e4acfa8c48f4fbebd81cd58cfd3edc7
I0517 06:44:08.545159 5492 tablet_copy_source_session.cc:202] T 9e4acfa8c48f4fbebd81cd58cfd3edc7 P 896b9662512241d29d01130917359a60: Tablet Copy: opened 0 blocks and 1 log segments
I0517 06:44:08.547745 5918 data_dirs.cc:934] Could only allocate 1 dirs of requested 3 for tablet 9e4acfa8c48f4fbebd81cd58cfd3edc7. 1 dirs total, 0 dirs full, 0 dirs failed
I0517 06:44:08.555632 5915 ts_tablet_manager.cc:1173] T 9e4acfa8c48f4fbebd81cd58cfd3edc7 P db3928f6c5ea43bab4f27c1999b849db: Registered tablet (data state: TABLET_DATA_COPYING)
I0517 06:44:08.556073 5915 tablet_copy_client.cc:565] T 9e4acfa8c48f4fbebd81cd58cfd3edc7 P db3928f6c5ea43bab4f27c1999b849db: tablet copy: Starting download of 0 data blocks...
I0517 06:44:08.556401 5915 tablet_copy_client.cc:528] T 9e4acfa8c48f4fbebd81cd58cfd3edc7 P db3928f6c5ea43bab4f27c1999b849db: tablet copy: Starting download of 1 WAL segments...
I0517 06:44:08.558547 5915 tablet_copy_client.cc:404] T 9e4acfa8c48f4fbebd81cd58cfd3edc7 P db3928f6c5ea43bab4f27c1999b849db: tablet copy: Tablet Copy complete. Replacing tablet superblock.
I0517 06:44:08.562734 5915 ts_tablet_manager.cc:1028] T 9e4acfa8c48f4fbebd81cd58cfd3edc7 P db3928f6c5ea43bab4f27c1999b849db: Bootstrapping tablet
I0517 06:44:08.562922 5918 ts_tablet_manager.cc:1173] T 9e4acfa8c48f4fbebd81cd58cfd3edc7 P cb72eb5a50c24c5fa232a20acd802468: Registered tablet (data state: TABLET_DATA_COPYING)
I0517 06:44:08.563133 5915 tablet_bootstrap.cc:436] T 9e4acfa8c48f4fbebd81cd58cfd3edc7 P db3928f6c5ea43bab4f27c1999b849db: Bootstrap starting.
I0517 06:44:08.563354 5918 tablet_copy_client.cc:565] T 9e4acfa8c48f4fbebd81cd58cfd3edc7 P cb72eb5a50c24c5fa232a20acd802468: tablet copy: Starting download of 0 data blocks...
I0517 06:44:08.563649 5918 tablet_copy_client.cc:528] T 9e4acfa8c48f4fbebd81cd58cfd3edc7 P cb72eb5a50c24c5fa232a20acd802468: tablet copy: Starting download of 1 WAL segments...
I0517 06:44:08.565678 5918 tablet_copy_client.cc:404] T 9e4acfa8c48f4fbebd81cd58cfd3edc7 P cb72eb5a50c24c5fa232a20acd802468: tablet copy: Tablet Copy complete. Replacing tablet superblock.
I0517 06:44:08.569813 5918 ts_tablet_manager.cc:1028] T 9e4acfa8c48f4fbebd81cd58cfd3edc7 P cb72eb5a50c24c5fa232a20acd802468: Bootstrapping tablet
I0517 06:44:08.570006 5915 log.cc:520] T 9e4acfa8c48f4fbebd81cd58cfd3edc7 P db3928f6c5ea43bab4f27c1999b849db: Log is configured to *not* fsync() on all Append() calls
I0517 06:44:08.570263 5918 tablet_bootstrap.cc:436] T 9e4acfa8c48f4fbebd81cd58cfd3edc7 P cb72eb5a50c24c5fa232a20acd802468: Bootstrap starting.
I0517 06:44:08.576850 5918 log.cc:520] T 9e4acfa8c48f4fbebd81cd58cfd3edc7 P cb72eb5a50c24c5fa232a20acd802468: Log is configured to *not* fsync() on all Append() calls
I0517 06:44:08.577291 5915 tablet_bootstrap.cc:436] T 9e4acfa8c48f4fbebd81cd58cfd3edc7 P db3928f6c5ea43bab4f27c1999b849db: Bootstrap replayed 1/1 log segments. Stats: ops{read=5 overwritten=0 applied=5 ignored=0} inserts{seen=0 ignored=0} mutations{seen=0 ignored=0} orphaned_commits=0. Pending: 0 replicates
I0517 06:44:08.577883 5915 tablet_bootstrap.cc:436] T 9e4acfa8c48f4fbebd81cd58cfd3edc7 P db3928f6c5ea43bab4f27c1999b849db: Bootstrap complete.
I0517 06:44:08.578258 5915 ts_tablet_manager.cc:1045] T 9e4acfa8c48f4fbebd81cd58cfd3edc7 P db3928f6c5ea43bab4f27c1999b849db: Time spent bootstrapping tablet: real 0.015s user 0.008s sys 0.008s
I0517 06:44:08.584112 5918 tablet_bootstrap.cc:436] T 9e4acfa8c48f4fbebd81cd58cfd3edc7 P cb72eb5a50c24c5fa232a20acd802468: Bootstrap replayed 1/1 log segments. Stats: ops{read=5 overwritten=0 applied=5 ignored=0} inserts{seen=0 ignored=0} mutations{seen=0 ignored=0} orphaned_commits=0. Pending: 0 replicates
I0517 06:44:08.584679 5918 tablet_bootstrap.cc:436] T 9e4acfa8c48f4fbebd81cd58cfd3edc7 P cb72eb5a50c24c5fa232a20acd802468: Bootstrap complete.
I0517 06:44:08.585081 5918 ts_tablet_manager.cc:1045] T 9e4acfa8c48f4fbebd81cd58cfd3edc7 P cb72eb5a50c24c5fa232a20acd802468: Time spent bootstrapping tablet: real 0.015s user 0.004s sys 0.004s
I0517 06:44:08.592866 5915 raft_consensus.cc:303] T 9e4acfa8c48f4fbebd81cd58cfd3edc7 P db3928f6c5ea43bab4f27c1999b849db [term 3 LEARNER]: Replica starting. Triggering 0 pending transactions. Active config: opid_index: 5 OBSOLETE_local: false peers { permanent_uuid: "896b9662512241d29d01130917359a60" member_type: VOTER last_known_addr { host: "127.4.96.3" port: 44651 } } peers { permanent_uuid: "db3928f6c5ea43bab4f27c1999b849db" member_type: NON_VOTER last_known_addr { host: "127.4.96.1" port: 53133 } attrs { promote: true } } peers { permanent_uuid: "cb72eb5a50c24c5fa232a20acd802468" member_type: NON_VOTER last_known_addr { host: "127.4.96.5" port: 37703 } attrs { promote: true } } unsafe_config_change: true
I0517 06:44:08.593648 5915 raft_consensus.cc:604] T 9e4acfa8c48f4fbebd81cd58cfd3edc7 P db3928f6c5ea43bab4f27c1999b849db [term 3 LEARNER]: Becoming Follower/Learner. State: Replica: db3928f6c5ea43bab4f27c1999b849db, State: Initialized, Role: LEARNER
I0517 06:44:08.594081 5915 consensus_queue.cc:227] T 9e4acfa8c48f4fbebd81cd58cfd3edc7 P db3928f6c5ea43bab4f27c1999b849db [NON_LEADER]: Queue going to NON_LEADER mode. State: All replicated index: 0, Majority replicated index: 0, Committed index: 5, Last appended: 3.5, Last appended by leader: 5, Current term: 0, Majority size: -1, State: 0, Mode: NON_LEADER, active raft config: opid_index: 5 OBSOLETE_local: false peers { permanent_uuid: "896b9662512241d29d01130917359a60" member_type: VOTER last_known_addr { host: "127.4.96.3" port: 44651 } } peers { permanent_uuid: "db3928f6c5ea43bab4f27c1999b849db" member_type: NON_VOTER last_known_addr { host: "127.4.96.1" port: 53133 } attrs { promote: true } } peers { permanent_uuid: "cb72eb5a50c24c5fa232a20acd802468" member_type: NON_VOTER last_known_addr { host: "127.4.96.5" port: 37703 } attrs { promote: true } } unsafe_config_change: true
I0517 06:44:08.599453 5918 raft_consensus.cc:303] T 9e4acfa8c48f4fbebd81cd58cfd3edc7 P cb72eb5a50c24c5fa232a20acd802468 [term 3 LEARNER]: Replica starting. Triggering 0 pending transactions. Active config: opid_index: 5 OBSOLETE_local: false peers { permanent_uuid: "896b9662512241d29d01130917359a60" member_type: VOTER last_known_addr { host: "127.4.96.3" port: 44651 } } peers { permanent_uuid: "db3928f6c5ea43bab4f27c1999b849db" member_type: NON_VOTER last_known_addr { host: "127.4.96.1" port: 53133 } attrs { promote: true } } peers { permanent_uuid: "cb72eb5a50c24c5fa232a20acd802468" member_type: NON_VOTER last_known_addr { host: "127.4.96.5" port: 37703 } attrs { promote: true } } unsafe_config_change: true
I0517 06:44:08.600178 5918 raft_consensus.cc:604] T 9e4acfa8c48f4fbebd81cd58cfd3edc7 P cb72eb5a50c24c5fa232a20acd802468 [term 3 LEARNER]: Becoming Follower/Learner. State: Replica: cb72eb5a50c24c5fa232a20acd802468, State: Initialized, Role: LEARNER
I0517 06:44:08.600615 5918 consensus_queue.cc:227] T 9e4acfa8c48f4fbebd81cd58cfd3edc7 P cb72eb5a50c24c5fa232a20acd802468 [NON_LEADER]: Queue going to NON_LEADER mode. State: All replicated index: 0, Majority replicated index: 0, Committed index: 5, Last appended: 3.5, Last appended by leader: 5, Current term: 0, Majority size: -1, State: 0, Mode: NON_LEADER, active raft config: opid_index: 5 OBSOLETE_local: false peers { permanent_uuid: "896b9662512241d29d01130917359a60" member_type: VOTER last_known_addr { host: "127.4.96.3" port: 44651 } } peers { permanent_uuid: "db3928f6c5ea43bab4f27c1999b849db" member_type: NON_VOTER last_known_addr { host: "127.4.96.1" port: 53133 } attrs { promote: true } } peers { permanent_uuid: "cb72eb5a50c24c5fa232a20acd802468" member_type: NON_VOTER last_known_addr { host: "127.4.96.5" port: 37703 } attrs { promote: true } } unsafe_config_change: true
I0517 06:44:08.606163 5915 ts_tablet_manager.cc:1073] T 9e4acfa8c48f4fbebd81cd58cfd3edc7 P db3928f6c5ea43bab4f27c1999b849db: Time spent starting tablet: real 0.028s user 0.016s sys 0.012s
I0517 06:44:08.607880 5918 ts_tablet_manager.cc:1073] T 9e4acfa8c48f4fbebd81cd58cfd3edc7 P cb72eb5a50c24c5fa232a20acd802468: Time spent starting tablet: real 0.023s user 0.024s sys 0.004s
I0517 06:44:08.609073 5491 tablet_copy_service.cc:323] P 896b9662512241d29d01130917359a60: Request end of tablet copy session cb72eb5a50c24c5fa232a20acd802468-9e4acfa8c48f4fbebd81cd58cfd3edc7 received from {username='slave'} at 127.4.96.5:44297
I0517 06:44:08.609302 5491 tablet_copy_service.cc:411] P 896b9662512241d29d01130917359a60: Ending tablet copy session cb72eb5a50c24c5fa232a20acd802468-9e4acfa8c48f4fbebd81cd58cfd3edc7 on tablet 9e4acfa8c48f4fbebd81cd58cfd3edc7 with peer cb72eb5a50c24c5fa232a20acd802468
I0517 06:44:08.609844 5492 tablet_copy_service.cc:323] P 896b9662512241d29d01130917359a60: Request end of tablet copy session db3928f6c5ea43bab4f27c1999b849db-9e4acfa8c48f4fbebd81cd58cfd3edc7 received from {username='slave'} at 127.4.96.1:39827
I0517 06:44:08.610128 5492 tablet_copy_service.cc:411] P 896b9662512241d29d01130917359a60: Ending tablet copy session db3928f6c5ea43bab4f27c1999b849db-9e4acfa8c48f4fbebd81cd58cfd3edc7 on tablet 9e4acfa8c48f4fbebd81cd58cfd3edc7 with peer db3928f6c5ea43bab4f27c1999b849db
W0517 06:44:08.660502 5764 tablet.cc:1678] T 9e4acfa8c48f4fbebd81cd58cfd3edc7 P cb72eb5a50c24c5fa232a20acd802468: Can't schedule compaction. Clean time has not been advanced past its initial value.
I0517 06:44:08.721195 5838 catalog_manager.cc:2791] Scheduling retry of 9e4acfa8c48f4fbebd81cd58cfd3edc7 Delete Tablet RPC for TS=12bd807be9d84470a0d27627be106be4 with a delay of 1037 ms (attempt = 7)
W0517 06:44:08.721371 5838 catalog_manager.cc:2810] Async tablet task 9e4acfa8c48f4fbebd81cd58cfd3edc7 Delete Tablet RPC for TS=12bd807be9d84470a0d27627be106be4 failed: Not found: failed to reset TS proxy: Could not find TS for UUID 12bd807be9d84470a0d27627be106be4
I0517 06:44:08.724354 5836 catalog_manager.cc:2791] Scheduling retry of 9e4acfa8c48f4fbebd81cd58cfd3edc7 Delete Tablet RPC for TS=d6e1bdcef7c443299c40504db909f7cf with a delay of 1071 ms (attempt = 7)
W0517 06:44:08.724535 5836 catalog_manager.cc:2810] Async tablet task 9e4acfa8c48f4fbebd81cd58cfd3edc7 Delete Tablet RPC for TS=d6e1bdcef7c443299c40504db909f7cf failed: Not found: failed to reset TS proxy: Could not find TS for UUID d6e1bdcef7c443299c40504db909f7cf
W0517 06:44:08.773902 5266 tablet.cc:1678] T 9e4acfa8c48f4fbebd81cd58cfd3edc7 P db3928f6c5ea43bab4f27c1999b849db: Can't schedule compaction. Clean time has not been advanced past its initial value.
I0517 06:44:09.036728 5720 raft_consensus.cc:1002] T 9e4acfa8c48f4fbebd81cd58cfd3edc7 P cb72eb5a50c24c5fa232a20acd802468 [term 3 LEARNER]: Deduplicated request from leader. Original: 3.4->[3.5-3.5] Dedup: 3.5->[]
I0517 06:44:09.112095 5222 raft_consensus.cc:1002] T 9e4acfa8c48f4fbebd81cd58cfd3edc7 P db3928f6c5ea43bab4f27c1999b849db [term 3 LEARNER]: Deduplicated request from leader. Original: 3.4->[3.5-3.5] Dedup: 3.5->[]
I0517 06:44:09.526902 5927 raft_consensus.cc:866] T 9e4acfa8c48f4fbebd81cd58cfd3edc7 P 896b9662512241d29d01130917359a60: attempting to promote NON_VOTER db3928f6c5ea43bab4f27c1999b849db to VOTER
I0517 06:44:09.527508 5927 consensus_peers.cc:456] T 9e4acfa8c48f4fbebd81cd58cfd3edc7 P 896b9662512241d29d01130917359a60 -> Peer cb72eb5a50c24c5fa232a20acd802468 (127.4.96.5:37703): Closing peer: cb72eb5a50c24c5fa232a20acd802468
I0517 06:44:09.527643 5927 consensus_peers.cc:456] T 9e4acfa8c48f4fbebd81cd58cfd3edc7 P 896b9662512241d29d01130917359a60 -> Peer db3928f6c5ea43bab4f27c1999b849db (127.4.96.1:53133): Closing peer: db3928f6c5ea43bab4f27c1999b849db
I0517 06:44:09.528038 5927 consensus_queue.cc:204] T 9e4acfa8c48f4fbebd81cd58cfd3edc7 P 896b9662512241d29d01130917359a60 [LEADER]: Queue going to LEADER mode. State: All replicated index: 0, Majority replicated index: 5, Committed index: 5, Last appended: 3.5, Last appended by leader: 0, Current term: 3, Majority size: 2, State: 0, Mode: LEADER, active raft config: opid_index: 6 OBSOLETE_local: false peers { permanent_uuid: "896b9662512241d29d01130917359a60" member_type: VOTER last_known_addr { host: "127.4.96.3" port: 44651 } } peers { permanent_uuid: "db3928f6c5ea43bab4f27c1999b849db" member_type: VOTER last_known_addr { host: "127.4.96.1" port: 53133 } attrs { promote: false } } peers { permanent_uuid: "cb72eb5a50c24c5fa232a20acd802468" member_type: NON_VOTER last_known_addr { host: "127.4.96.5" port: 37703 } attrs { promote: true } } unsafe_config_change: true
I0517 06:44:09.531165 5222 raft_consensus.cc:1057] T 9e4acfa8c48f4fbebd81cd58cfd3edc7 P db3928f6c5ea43bab4f27c1999b849db [term 3 LEARNER]: Refusing update from remote peer 896b9662512241d29d01130917359a60: Log matching property violated. Preceding OpId in replica: term: 3 index: 5. Preceding OpId from leader: term: 3 index: 6. (index mismatch)
I0517 06:44:09.531347 5720 raft_consensus.cc:1057] T 9e4acfa8c48f4fbebd81cd58cfd3edc7 P cb72eb5a50c24c5fa232a20acd802468 [term 3 LEARNER]: Refusing update from remote peer 896b9662512241d29d01130917359a60: Log matching property violated. Preceding OpId in replica: term: 3 index: 5. Preceding OpId from leader: term: 3 index: 6. (index mismatch)
I0517 06:44:09.532239 5926 consensus_queue.cc:963] T 9e4acfa8c48f4fbebd81cd58cfd3edc7 P 896b9662512241d29d01130917359a60 [LEADER]: Connected to new peer: Peer: permanent_uuid: "db3928f6c5ea43bab4f27c1999b849db" member_type: VOTER last_known_addr { host: "127.4.96.1" port: 53133 } attrs { promote: false }, Status: LMP_MISMATCH, Last received: 0.0, Next index: 6, Last known committed idx: 5, Time since last communication: 0.000s
I0517 06:44:09.532693 5925 consensus_queue.cc:963] T 9e4acfa8c48f4fbebd81cd58cfd3edc7 P 896b9662512241d29d01130917359a60 [LEADER]: Connected to new peer: Peer: permanent_uuid: "cb72eb5a50c24c5fa232a20acd802468" member_type: NON_VOTER last_known_addr { host: "127.4.96.5" port: 37703 } attrs { promote: true }, Status: LMP_MISMATCH, Last received: 0.0, Next index: 6, Last known committed idx: 5, Time since last communication: 0.000s
I0517 06:44:09.546783 5927 raft_consensus.cc:829] T 9e4acfa8c48f4fbebd81cd58cfd3edc7 P 896b9662512241d29d01130917359a60 [term 3 LEADER]: attempt to promote peer cb72eb5a50c24c5fa232a20acd802468: there is already a config change operation in progress. Unable to promote follower until it completes. Doing nothing.
I0517 06:44:09.547052 5925 raft_consensus.cc:2658] T 9e4acfa8c48f4fbebd81cd58cfd3edc7 P 896b9662512241d29d01130917359a60 [term 3 LEADER]: Committing config change with OpId 3.6: config changed from index 5 to 6, db3928f6c5ea43bab4f27c1999b849db (127.4.96.1) changed from NON_VOTER to VOTER. New config: { opid_index: 6 OBSOLETE_local: false peers { permanent_uuid: "896b9662512241d29d01130917359a60" member_type: VOTER last_known_addr { host: "127.4.96.3" port: 44651 } } peers { permanent_uuid: "db3928f6c5ea43bab4f27c1999b849db" member_type: VOTER last_known_addr { host: "127.4.96.1" port: 53133 } attrs { promote: false } } peers { permanent_uuid: "cb72eb5a50c24c5fa232a20acd802468" member_type: NON_VOTER last_known_addr { host: "127.4.96.5" port: 37703 } attrs { promote: true } } unsafe_config_change: true }
I0517 06:44:09.548307 5222 raft_consensus.cc:2658] T 9e4acfa8c48f4fbebd81cd58cfd3edc7 P db3928f6c5ea43bab4f27c1999b849db [term 3 FOLLOWER]: Committing config change with OpId 3.6: config changed from index 5 to 6, db3928f6c5ea43bab4f27c1999b849db (127.4.96.1) changed from NON_VOTER to VOTER. New config: { opid_index: 6 OBSOLETE_local: false peers { permanent_uuid: "896b9662512241d29d01130917359a60" member_type: VOTER last_known_addr { host: "127.4.96.3" port: 44651 } } peers { permanent_uuid: "db3928f6c5ea43bab4f27c1999b849db" member_type: VOTER last_known_addr { host: "127.4.96.1" port: 53133 } attrs { promote: false } } peers { permanent_uuid: "cb72eb5a50c24c5fa232a20acd802468" member_type: NON_VOTER last_known_addr { host: "127.4.96.5" port: 37703 } attrs { promote: true } } unsafe_config_change: true }
I0517 06:44:09.552256 5720 raft_consensus.cc:2658] T 9e4acfa8c48f4fbebd81cd58cfd3edc7 P cb72eb5a50c24c5fa232a20acd802468 [term 3 LEARNER]: Committing config change with OpId 3.6: config changed from index 5 to 6, db3928f6c5ea43bab4f27c1999b849db (127.4.96.1) changed from NON_VOTER to VOTER. New config: { opid_index: 6 OBSOLETE_local: false peers { permanent_uuid: "896b9662512241d29d01130917359a60" member_type: VOTER last_known_addr { host: "127.4.96.3" port: 44651 } } peers { permanent_uuid: "db3928f6c5ea43bab4f27c1999b849db" member_type: VOTER last_known_addr { host: "127.4.96.1" port: 53133 } attrs { promote: false } } peers { permanent_uuid: "cb72eb5a50c24c5fa232a20acd802468" member_type: NON_VOTER last_known_addr { host: "127.4.96.5" port: 37703 } attrs { promote: true } } unsafe_config_change: true }
I0517 06:44:09.554538 5857 catalog_manager.cc:3686] T 9e4acfa8c48f4fbebd81cd58cfd3edc7 P db3928f6c5ea43bab4f27c1999b849db reported cstate change: config changed from index 5 to 6, db3928f6c5ea43bab4f27c1999b849db (127.4.96.1) changed from NON_VOTER to VOTER. New cstate: current_term: 3 leader_uuid: "896b9662512241d29d01130917359a60" committed_config { opid_index: 6 OBSOLETE_local: false peers { permanent_uuid: "896b9662512241d29d01130917359a60" member_type: VOTER last_known_addr { host: "127.4.96.3" port: 44651 } } peers { permanent_uuid: "db3928f6c5ea43bab4f27c1999b849db" member_type: VOTER last_known_addr { host: "127.4.96.1" port: 53133 } attrs { promote: false } } peers { permanent_uuid: "cb72eb5a50c24c5fa232a20acd802468" member_type: NON_VOTER last_known_addr { host: "127.4.96.5" port: 37703 } attrs { promote: true } } unsafe_config_change: true }
I0517 06:44:09.560241 5925 raft_consensus.cc:866] T 9e4acfa8c48f4fbebd81cd58cfd3edc7 P 896b9662512241d29d01130917359a60: attempting to promote NON_VOTER cb72eb5a50c24c5fa232a20acd802468 to VOTER
I0517 06:44:09.561028 5925 consensus_peers.cc:456] T 9e4acfa8c48f4fbebd81cd58cfd3edc7 P 896b9662512241d29d01130917359a60 -> Peer cb72eb5a50c24c5fa232a20acd802468 (127.4.96.5:37703): Closing peer: cb72eb5a50c24c5fa232a20acd802468
I0517 06:44:09.561249 5925 consensus_peers.cc:456] T 9e4acfa8c48f4fbebd81cd58cfd3edc7 P 896b9662512241d29d01130917359a60 -> Peer db3928f6c5ea43bab4f27c1999b849db (127.4.96.1:53133): Closing peer: db3928f6c5ea43bab4f27c1999b849db
I0517 06:44:09.561766 5925 consensus_queue.cc:204] T 9e4acfa8c48f4fbebd81cd58cfd3edc7 P 896b9662512241d29d01130917359a60 [LEADER]: Queue going to LEADER mode. State: All replicated index: 0, Majority replicated index: 6, Committed index: 6, Last appended: 3.6, Last appended by leader: 0, Current term: 3, Majority size: 2, State: 0, Mode: LEADER, active raft config: opid_index: 7 OBSOLETE_local: false peers { permanent_uuid: "896b9662512241d29d01130917359a60" member_type: VOTER last_known_addr { host: "127.4.96.3" port: 44651 } } peers { permanent_uuid: "db3928f6c5ea43bab4f27c1999b849db" member_type: VOTER last_known_addr { host: "127.4.96.1" port: 53133 } attrs { promote: false } } peers { permanent_uuid: "cb72eb5a50c24c5fa232a20acd802468" member_type: VOTER last_known_addr { host: "127.4.96.5" port: 37703 } attrs { promote: false } } unsafe_config_change: true
I0517 06:44:09.564786 5720 raft_consensus.cc:1057] T 9e4acfa8c48f4fbebd81cd58cfd3edc7 P cb72eb5a50c24c5fa232a20acd802468 [term 3 LEARNER]: Refusing update from remote peer 896b9662512241d29d01130917359a60: Log matching property violated. Preceding OpId in replica: term: 3 index: 6. Preceding OpId from leader: term: 3 index: 7. (index mismatch)
I0517 06:44:09.565872 5222 raft_consensus.cc:1057] T 9e4acfa8c48f4fbebd81cd58cfd3edc7 P db3928f6c5ea43bab4f27c1999b849db [term 3 FOLLOWER]: Refusing update from remote peer 896b9662512241d29d01130917359a60: Log matching property violated. Preceding OpId in replica: term: 3 index: 6. Preceding OpId from leader: term: 3 index: 7. (index mismatch)
I0517 06:44:09.566890 5926 consensus_queue.cc:963] T 9e4acfa8c48f4fbebd81cd58cfd3edc7 P 896b9662512241d29d01130917359a60 [LEADER]: Connected to new peer: Peer: permanent_uuid: "cb72eb5a50c24c5fa232a20acd802468" member_type: VOTER last_known_addr { host: "127.4.96.5" port: 37703 } attrs { promote: false }, Status: LMP_MISMATCH, Last received: 0.0, Next index: 7, Last known committed idx: 6, Time since last communication: 0.000s
I0517 06:44:09.567337 5925 consensus_queue.cc:963] T 9e4acfa8c48f4fbebd81cd58cfd3edc7 P 896b9662512241d29d01130917359a60 [LEADER]: Connected to new peer: Peer: permanent_uuid: "db3928f6c5ea43bab4f27c1999b849db" member_type: VOTER last_known_addr { host: "127.4.96.1" port: 53133 } attrs { promote: false }, Status: LMP_MISMATCH, Last received: 0.0, Next index: 7, Last known committed idx: 6, Time since last communication: 0.000s
I0517 06:44:09.570807 5926 raft_consensus.cc:2658] T 9e4acfa8c48f4fbebd81cd58cfd3edc7 P 896b9662512241d29d01130917359a60 [term 3 LEADER]: Committing config change with OpId 3.7: config changed from index 6 to 7, cb72eb5a50c24c5fa232a20acd802468 (127.4.96.5) changed from NON_VOTER to VOTER. New config: { opid_index: 7 OBSOLETE_local: false peers { permanent_uuid: "896b9662512241d29d01130917359a60" member_type: VOTER last_known_addr { host: "127.4.96.3" port: 44651 } } peers { permanent_uuid: "db3928f6c5ea43bab4f27c1999b849db" member_type: VOTER last_known_addr { host: "127.4.96.1" port: 53133 } attrs { promote: false } } peers { permanent_uuid: "cb72eb5a50c24c5fa232a20acd802468" member_type: VOTER last_known_addr { host: "127.4.96.5" port: 37703 } attrs { promote: false } } unsafe_config_change: true }
I0517 06:44:09.572093 5222 raft_consensus.cc:2658] T 9e4acfa8c48f4fbebd81cd58cfd3edc7 P db3928f6c5ea43bab4f27c1999b849db [term 3 FOLLOWER]: Committing config change with OpId 3.7: config changed from index 6 to 7, cb72eb5a50c24c5fa232a20acd802468 (127.4.96.5) changed from NON_VOTER to VOTER. New config: { opid_index: 7 OBSOLETE_local: false peers { permanent_uuid: "896b9662512241d29d01130917359a60" member_type: VOTER last_known_addr { host: "127.4.96.3" port: 44651 } } peers { permanent_uuid: "db3928f6c5ea43bab4f27c1999b849db" member_type: VOTER last_known_addr { host: "127.4.96.1" port: 53133 } attrs { promote: false } } peers { permanent_uuid: "cb72eb5a50c24c5fa232a20acd802468" member_type: VOTER last_known_addr { host: "127.4.96.5" port: 37703 } attrs { promote: false } } unsafe_config_change: true }
I0517 06:44:09.572060 5720 raft_consensus.cc:2658] T 9e4acfa8c48f4fbebd81cd58cfd3edc7 P cb72eb5a50c24c5fa232a20acd802468 [term 3 FOLLOWER]: Committing config change with OpId 3.7: config changed from index 6 to 7, cb72eb5a50c24c5fa232a20acd802468 (127.4.96.5) changed from NON_VOTER to VOTER. New config: { opid_index: 7 OBSOLETE_local: false peers { permanent_uuid: "896b9662512241d29d01130917359a60" member_type: VOTER last_known_addr { host: "127.4.96.3" port: 44651 } } peers { permanent_uuid: "db3928f6c5ea43bab4f27c1999b849db" member_type: VOTER last_known_addr { host: "127.4.96.1" port: 53133 } attrs { promote: false } } peers { permanent_uuid: "cb72eb5a50c24c5fa232a20acd802468" member_type: VOTER last_known_addr { host: "127.4.96.5" port: 37703 } attrs { promote: false } } unsafe_config_change: true }
I0517 06:44:09.577038 5855 catalog_manager.cc:3686] T 9e4acfa8c48f4fbebd81cd58cfd3edc7 P db3928f6c5ea43bab4f27c1999b849db reported cstate change: config changed from index 6 to 7, cb72eb5a50c24c5fa232a20acd802468 (127.4.96.5) changed from NON_VOTER to VOTER. New cstate: current_term: 3 leader_uuid: "896b9662512241d29d01130917359a60" committed_config { opid_index: 7 OBSOLETE_local: false peers { permanent_uuid: "896b9662512241d29d01130917359a60" member_type: VOTER last_known_addr { host: "127.4.96.3" port: 44651 } } peers { permanent_uuid: "db3928f6c5ea43bab4f27c1999b849db" member_type: VOTER last_known_addr { host: "127.4.96.1" port: 53133 } attrs { promote: false } } peers { permanent_uuid: "cb72eb5a50c24c5fa232a20acd802468" member_type: VOTER last_known_addr { host: "127.4.96.5" port: 37703 } attrs { promote: false } } unsafe_config_change: true }
I0517 06:44:09.715658 4480 external_mini_cluster.cc:786] Running /tmp/dist-test-task4QLboq/build/tsan/bin/kudu-tserver /tmp/dist-test-task4QLboq/build/tsan/bin/kudu-tserver --fs_wal_dir=/tmp/dist-test-task4QLboq/test-tmp/kudu-admin-test.0.AdminCliTest.TestUnsafeChangeConfigOnSingleFollower.1526539434354140-4480/raft_consensus-itest-cluster/ts-3/wal --fs_data_dirs=/tmp/dist-test-task4QLboq/test-tmp/kudu-admin-test.0.AdminCliTest.TestUnsafeChangeConfigOnSingleFollower.1526539434354140-4480/raft_consensus-itest-cluster/ts-3/data --block_manager=log --rpc_bind_addresses=127.4.96.4:56338 --local_ip_for_outbound_sockets=127.4.96.4 --webserver_port=46665 --webserver_interface=127.4.96.4 --tserver_master_addrs=127.4.96.62:49034 --never_fsync --ipki_server_key_size=1024 --enable_minidumps=false --redact=none --metrics_log_interval_ms=1000 --logtostderr --logbuflevel=-1 --log_dir=/tmp/dist-test-task4QLboq/test-tmp/kudu-admin-test.0.AdminCliTest.TestUnsafeChangeConfigOnSingleFollower.1526539434354140-4480/raft_consensus-itest-cluster/ts-3/logs --server_dump_info_path=/tmp/dist-test-task4QLboq/test-tmp/kudu-admin-test.0.AdminCliTest.TestUnsafeChangeConfigOnSingleFollower.1526539434354140-4480/raft_consensus-itest-cluster/ts-3/data/info.pb --server_dump_info_format=pb --rpc_server_allow_ephemeral_ports --unlock_experimental_flags --unlock_unsafe_flags --log_cache_size_limit_mb=10 --consensus_rpc_timeout_ms=30000 with env {}
I0517 06:44:09.759016 5838 catalog_manager.cc:2791] Scheduling retry of 9e4acfa8c48f4fbebd81cd58cfd3edc7 Delete Tablet RPC for TS=12bd807be9d84470a0d27627be106be4 with a delay of 2048 ms (attempt = 8)
W0517 06:44:09.759212 5838 catalog_manager.cc:2810] Async tablet task 9e4acfa8c48f4fbebd81cd58cfd3edc7 Delete Tablet RPC for TS=12bd807be9d84470a0d27627be106be4 failed: Not found: failed to reset TS proxy: Could not find TS for UUID 12bd807be9d84470a0d27627be106be4
I0517 06:44:09.796701 5836 catalog_manager.cc:2791] Scheduling retry of 9e4acfa8c48f4fbebd81cd58cfd3edc7 Delete Tablet RPC for TS=d6e1bdcef7c443299c40504db909f7cf with a delay of 2078 ms (attempt = 8)
W0517 06:44:09.796898 5836 catalog_manager.cc:2810] Async tablet task 9e4acfa8c48f4fbebd81cd58cfd3edc7 Delete Tablet RPC for TS=d6e1bdcef7c443299c40504db909f7cf failed: Not found: failed to reset TS proxy: Could not find TS for UUID d6e1bdcef7c443299c40504db909f7cf WARNING: Logging before InitGoogleLogging() is written to STDERR
W0517 06:44:09.818393 5942 flags.cc:406] Enabled unsafe flag: --rpc_server_allow_ephemeral_ports=true
W0517 06:44:09.818693 5942 flags.cc:406] Enabled unsafe flag: --never_fsync=true
W0517 06:44:09.826681 5942 flags.cc:406] Enabled experimental flag: --ipki_server_key_size=1024
W0517 06:44:09.826995 5942 flags.cc:406] Enabled experimental flag: --local_ip_for_outbound_sockets=127.4.96.4
I0517 06:44:09.839599 5942 tablet_server_main.cc:78] Tablet server non-default flags: --log_cache_size_limit_mb=10 --fs_data_dirs=/tmp/dist-test-task4QLboq/test-tmp/kudu-admin-test.0.AdminCliTest.TestUnsafeChangeConfigOnSingleFollower.1526539434354140-4480/raft_consensus-itest-cluster/ts-3/data --fs_wal_dir=/tmp/dist-test-task4QLboq/test-tmp/kudu-admin-test.0.AdminCliTest.TestUnsafeChangeConfigOnSingleFollower.1526539434354140-4480/raft_consensus-itest-cluster/ts-3/wal --ipki_server_key_size=1024 --rpc_bind_addresses=127.4.96.4:56338 --rpc_server_allow_ephemeral_ports=true --metrics_log_interval_ms=1000 --server_dump_info_format=pb --server_dump_info_path=/tmp/dist-test-task4QLboq/test-tmp/kudu-admin-test.0.AdminCliTest.TestUnsafeChangeConfigOnSingleFollower.1526539434354140-4480/raft_consensus-itest-cluster/ts-3/data/info.pb --webserver_interface=127.4.96.4 --webserver_port=46665 --tserver_master_addrs=127.4.96.62:49034 --never_fsync=true --redact=none --unlock_experimental_flags=true --unlock_unsafe_flags=true --enable_minidumps=false --local_ip_for_outbound_sockets=127.4.96.4 --log_dir=/tmp/dist-test-task4QLboq/test-tmp/kudu-admin-test.0.AdminCliTest.TestUnsafeChangeConfigOnSingleFollower.1526539434354140-4480/raft_consensus-itest-cluster/ts-3/logs --logbuflevel=-1 --logtostderr=true Tablet server version: kudu 1.8.0-SNAPSHOT revision f969af316286807a745fa39b9c2ee604c88b63c9 build type FASTDEBUG built by None at 17 May 2018 06:38:04 UTC on jenkins-slave-snjf build id 13499 TSAN enabled
I0517 06:44:09.847615 5942 tablet_server_main.cc:85] Initializing tablet server...
I0517 06:44:09.849354 5942 system_ntp.cc:143] NTP initialized. Skew: 500ppm Current error: 123819us
I0517 06:44:09.849774 5942 fs_manager.cc:260] Metadata directory not provided
I0517 06:44:09.849900 5942 fs_manager.cc:266] Using write-ahead log directory (fs_wal_dir) as metadata directory
I0517 06:44:09.855155 5942 fs_manager.cc:397] Time spent opening directory manager: real 0.004s user 0.004s sys 0.000s
I0517 06:44:09.855726 5942 env_posix.cc:1643] Not raising this process' open files per process limit of 65536; it is already as high as it can go
I0517 06:44:09.856133 5942 file_cache.cc:470] Constructed file cache lbm with capacity 26214
I0517 06:44:09.862586 5942 fs_manager.cc:417] Time spent opening block manager: real 0.001s user 0.004s sys 0.000s
I0517 06:44:09.862695 5942 fs_manager.cc:428] Opened local filesystem: /tmp/dist-test-task4QLboq/test-tmp/kudu-admin-test.0.AdminCliTest.TestUnsafeChangeConfigOnSingleFollower.1526539434354140-4480/raft_consensus-itest-cluster/ts-3/data,/tmp/dist-test-task4QLboq/test-tmp/kudu-admin-test.0.AdminCliTest.TestUnsafeChangeConfigOnSingleFollower.1526539434354140-4480/raft_consensus-itest-cluster/ts-3/wal uuid: "d6e1bdcef7c443299c40504db909f7cf" format_stamp: "Formatted at 2018-05-17 06:44:03 on dist-test-slave-dist-test-slave-26mv"
I0517 06:44:09.863826 5942 fs_report.cc:347] Block manager report -------------------- 1 data directories: /tmp/dist-test-task4QLboq/test-tmp/kudu-admin-test.0.AdminCliTest.TestUnsafeChangeConfigOnSingleFollower.1526539434354140-4480/raft_consensus-itest-cluster/ts-3/data/data Total live blocks: 0 Total live bytes: 0 Total live bytes (after alignment): 0 Total number of LBM containers: 0 (0 full) Did not check for missing blocks Did not check for orphaned blocks Total full LBM containers with extra space: 0 (0 repaired) Total full LBM container extra space in bytes: 0 (0 repaired) Total incomplete LBM containers: 0 (0 repaired) Total LBM partial records: 0 (0 repaired)
I0517 06:44:10.043680 5942 env_posix.cc:1643] Not raising this process' running threads per effective uid limit of 60284; it is already as high as it can go
I0517 06:44:10.046039 5942 ts_tablet_manager.cc:344] Loading tablet metadata (0/1 complete)
I0517 06:44:10.046159 5942 ts_tablet_manager.cc:1005] T 9e4acfa8c48f4fbebd81cd58cfd3edc7 P d6e1bdcef7c443299c40504db909f7cf: Loading tablet metadata
I0517 06:44:10.050179 5942 ts_tablet_manager.cc:356] Loaded tablet metadata (1 live tablets)
I0517 06:44:10.053007 5942 ts_tablet_manager.cc:1173] T 9e4acfa8c48f4fbebd81cd58cfd3edc7 P d6e1bdcef7c443299c40504db909f7cf: Registered tablet (data state: TABLET_DATA_READY)
I0517 06:44:10.056398 5959 ts_tablet_manager.cc:1028] T 9e4acfa8c48f4fbebd81cd58cfd3edc7 P d6e1bdcef7c443299c40504db909f7cf: Bootstrapping tablet
I0517 06:44:10.056901 5959 tablet_bootstrap.cc:436] T 9e4acfa8c48f4fbebd81cd58cfd3edc7 P d6e1bdcef7c443299c40504db909f7cf: Bootstrap starting.
I0517 06:44:10.056737 5942 tablet_server_main.cc:90] Starting tablet server...
I0517 06:44:10.081660 5959 log.cc:520] T 9e4acfa8c48f4fbebd81cd58cfd3edc7 P d6e1bdcef7c443299c40504db909f7cf: Log is configured to *not* fsync() on all Append() calls
I0517 06:44:10.086742 5959 tablet_bootstrap.cc:436] T 9e4acfa8c48f4fbebd81cd58cfd3edc7 P d6e1bdcef7c443299c40504db909f7cf: Bootstrap replayed 1/1 log segments. Stats: ops{read=1 overwritten=0 applied=1 ignored=0} inserts{seen=0 ignored=0} mutations{seen=0 ignored=0} orphaned_commits=0. Pending: 0 replicates
I0517 06:44:10.087469 5959 tablet_bootstrap.cc:436] T 9e4acfa8c48f4fbebd81cd58cfd3edc7 P d6e1bdcef7c443299c40504db909f7cf: Bootstrap complete.
I0517 06:44:10.088730 5959 ts_tablet_manager.cc:1045] T 9e4acfa8c48f4fbebd81cd58cfd3edc7 P d6e1bdcef7c443299c40504db909f7cf: Time spent bootstrapping tablet: real 0.032s user 0.016s sys 0.012s
I0517 06:44:10.111793 5959 raft_consensus.cc:303] T 9e4acfa8c48f4fbebd81cd58cfd3edc7 P d6e1bdcef7c443299c40504db909f7cf [term 1 FOLLOWER]: Replica starting. Triggering 0 pending transactions. Active config: opid_index: -1 OBSOLETE_local: false peers { permanent_uuid: "d6e1bdcef7c443299c40504db909f7cf" member_type: VOTER last_known_addr { host: "127.4.96.4" port: 56338 } } peers { permanent_uuid: "12bd807be9d84470a0d27627be106be4" member_type: VOTER last_known_addr { host: "127.4.96.2" port: 48598 } } peers { permanent_uuid: "896b9662512241d29d01130917359a60" member_type: VOTER last_known_addr { host: "127.4.96.3" port: 44651 } }
I0517 06:44:10.118046 5959 raft_consensus.cc:604] T 9e4acfa8c48f4fbebd81cd58cfd3edc7 P d6e1bdcef7c443299c40504db909f7cf [term 1 FOLLOWER]: Becoming Follower/Learner. State: Replica: d6e1bdcef7c443299c40504db909f7cf, State: Initialized, Role: FOLLOWER
I0517 06:44:10.118690 5959 consensus_queue.cc:227] T 9e4acfa8c48f4fbebd81cd58cfd3edc7 P d6e1bdcef7c443299c40504db909f7cf [NON_LEADER]: Queue going to NON_LEADER mode. State: All replicated index: 0, Majority replicated index: 0, Committed index: 1, Last appended: 1.1, Last appended by leader: 1, Current term: 0, Majority size: -1, State: 0, Mode: NON_LEADER, active raft config: opid_index: -1 OBSOLETE_local: false peers { permanent_uuid: "d6e1bdcef7c443299c40504db909f7cf" member_type: VOTER last_known_addr { host: "127.4.96.4" port: 56338 } } peers { permanent_uuid: "12bd807be9d84470a0d27627be106be4" member_type: VOTER last_known_addr { host: "127.4.96.2" port: 48598 } } peers { permanent_uuid: "896b9662512241d29d01130917359a60" member_type: VOTER last_known_addr { host: "127.4.96.3" port: 44651 } }
I0517 06:44:10.127106 5959 ts_tablet_manager.cc:1073] T 9e4acfa8c48f4fbebd81cd58cfd3edc7 P d6e1bdcef7c443299c40504db909f7cf: Time spent starting tablet: real 0.038s user 0.032s sys 0.000s
I0517 06:44:10.187821 5942 rpc_server.cc:205] RPC server started. Bound to: 127.4.96.4:56338
I0517 06:44:10.188674 5942 webserver.cc:173] Starting webserver on 127.4.96.4:46665
I0517 06:44:10.188771 5942 webserver.cc:184] Document root disabled
I0517 06:44:10.189966 5942 webserver.cc:311] Webserver started. Bound to: http://127.4.96.4:46665/
I0517 06:44:10.190614 5942 server_base.cc:607] Dumped server information to /tmp/dist-test-task4QLboq/test-tmp/kudu-admin-test.0.AdminCliTest.TestUnsafeChangeConfigOnSingleFollower.1526539434354140-4480/raft_consensus-itest-cluster/ts-3/data/info.pb
I0517 06:44:10.193614 5942 tablet_server_main.cc:93] Tablet server successfully started.
W0517 06:44:10.194577 6067 tablet.cc:1678] T 9e4acfa8c48f4fbebd81cd58cfd3edc7 P d6e1bdcef7c443299c40504db909f7cf: Can't schedule compaction. Clean time has not been advanced past its initial value.
I0517 06:44:10.200760 4480 external_mini_cluster.cc:848] Started /tmp/dist-test-task4QLboq/build/tsan/bin/kudu-tserver as pid 5942
I0517 06:44:10.201824 4480 external_mini_cluster.cc:786] Running /tmp/dist-test-task4QLboq/build/tsan/bin/kudu-tserver /tmp/dist-test-task4QLboq/build/tsan/bin/kudu-tserver --fs_wal_dir=/tmp/dist-test-task4QLboq/test-tmp/kudu-admin-test.0.AdminCliTest.TestUnsafeChangeConfigOnSingleFollower.1526539434354140-4480/raft_consensus-itest-cluster/ts-1/wal --fs_data_dirs=/tmp/dist-test-task4QLboq/test-tmp/kudu-admin-test.0.AdminCliTest.TestUnsafeChangeConfigOnSingleFollower.1526539434354140-4480/raft_consensus-itest-cluster/ts-1/data --block_manager=log --rpc_bind_addresses=127.4.96.2:48598 --local_ip_for_outbound_sockets=127.4.96.2 --webserver_port=55046 --webserver_interface=127.4.96.2 --tserver_master_addrs=127.4.96.62:49034 --never_fsync --ipki_server_key_size=1024 --enable_minidumps=false --redact=none --metrics_log_interval_ms=1000 --logtostderr --logbuflevel=-1 --log_dir=/tmp/dist-test-task4QLboq/test-tmp/kudu-admin-test.0.AdminCliTest.TestUnsafeChangeConfigOnSingleFollower.1526539434354140-4480/raft_consensus-itest-cluster/ts-1/logs --server_dump_info_path=/tmp/dist-test-task4QLboq/test-tmp/kudu-admin-test.0.AdminCliTest.TestUnsafeChangeConfigOnSingleFollower.1526539434354140-4480/raft_consensus-itest-cluster/ts-1/data/info.pb --server_dump_info_format=pb --rpc_server_allow_ephemeral_ports --unlock_experimental_flags --unlock_unsafe_flags --log_cache_size_limit_mb=10 --consensus_rpc_timeout_ms=30000 with env {}
I0517 06:44:10.203593 6066 heartbeater.cc:346] Connected to a master server at 127.4.96.62:49034
I0517 06:44:10.203829 6066 heartbeater.cc:426] Registering TS with master...
I0517 06:44:10.204265 6066 heartbeater.cc:475] Master 127.4.96.62:49034 requested a full tablet report, sending...
I0517 06:44:10.205883 5857 ts_manager.cc:81] Registered new tserver with Master: d6e1bdcef7c443299c40504db909f7cf (127.4.96.4:56338)
I0517 06:44:10.206734 5857 catalog_manager.cc:3013] Sending DeleteTablet(TABLET_DATA_TOMBSTONED) for tablet 9e4acfa8c48f4fbebd81cd58cfd3edc7 on d6e1bdcef7c443299c40504db909f7cf (127.4.96.4:56338) (Replica has no consensus available (current committed config index is 7))
I0517 06:44:10.208770 5857 master_service.cc:249] Signed X509 certificate for tserver {username='slave'} at 127.4.96.4:55305
I0517 06:44:10.219663 6003 tablet_service.cc:800] Processing DeleteTablet for tablet 9e4acfa8c48f4fbebd81cd58cfd3edc7 with delete_type TABLET_DATA_TOMBSTONED (Replica has no consensus available (current committed config index is 7)) from {username='slave'} at 127.0.0.1:58399
I0517 06:44:10.221577 6073 tablet_replica.cc:261] T 9e4acfa8c48f4fbebd81cd58cfd3edc7 P d6e1bdcef7c443299c40504db909f7cf: stopping tablet replica
I0517 06:44:10.221788 6073 maintenance_manager.cc:237] P d6e1bdcef7c443299c40504db909f7cf: Unregistered op CompactRowSetsOp(9e4acfa8c48f4fbebd81cd58cfd3edc7)
I0517 06:44:10.221953 6073 maintenance_manager.cc:237] P d6e1bdcef7c443299c40504db909f7cf: Unregistered op MinorDeltaCompactionOp(9e4acfa8c48f4fbebd81cd58cfd3edc7)
I0517 06:44:10.222081 6073 maintenance_manager.cc:237] P d6e1bdcef7c443299c40504db909f7cf: Unregistered op MajorDeltaCompactionOp(9e4acfa8c48f4fbebd81cd58cfd3edc7)
I0517 06:44:10.222205 6073 maintenance_manager.cc:237] P d6e1bdcef7c443299c40504db909f7cf: Unregistered op UndoDeltaBlockGCOp(9e4acfa8c48f4fbebd81cd58cfd3edc7)
I0517 06:44:10.222383 6073 maintenance_manager.cc:237] P d6e1bdcef7c443299c40504db909f7cf: Unregistered op FlushMRSOp(9e4acfa8c48f4fbebd81cd58cfd3edc7)
I0517 06:44:10.222502 6073 maintenance_manager.cc:237] P d6e1bdcef7c443299c40504db909f7cf: Unregistered op FlushDeltaMemStoresOp(9e4acfa8c48f4fbebd81cd58cfd3edc7)
I0517 06:44:10.222631 6073 maintenance_manager.cc:237] P d6e1bdcef7c443299c40504db909f7cf: Unregistered op LogGCOp(9e4acfa8c48f4fbebd81cd58cfd3edc7)
I0517 06:44:10.222800 6073 raft_consensus.cc:2016] T 9e4acfa8c48f4fbebd81cd58cfd3edc7 P d6e1bdcef7c443299c40504db909f7cf [term 1 FOLLOWER]: Raft consensus shutting down.
I0517 06:44:10.223048 6073 raft_consensus.cc:2043] T 9e4acfa8c48f4fbebd81cd58cfd3edc7 P d6e1bdcef7c443299c40504db909f7cf [term 1 FOLLOWER]: Raft consensus is shut down!
I0517 06:44:10.224665 6073 ts_tablet_manager.cc:1369] T 9e4acfa8c48f4fbebd81cd58cfd3edc7 P d6e1bdcef7c443299c40504db909f7cf: Deleting tablet data with delete state TABLET_DATA_TOMBSTONED
I0517 06:44:10.230918 6073 ts_tablet_manager.cc:1382] T 9e4acfa8c48f4fbebd81cd58cfd3edc7 P d6e1bdcef7c443299c40504db909f7cf: tablet deleted with delete type TABLET_DATA_TOMBSTONED: last-logged OpId 1.1
I0517 06:44:10.231088 6073 log.cc:981] T 9e4acfa8c48f4fbebd81cd58cfd3edc7 P d6e1bdcef7c443299c40504db909f7cf: Deleting WAL directory at /tmp/dist-test-task4QLboq/test-tmp/kudu-admin-test.0.AdminCliTest.TestUnsafeChangeConfigOnSingleFollower.1526539434354140-4480/raft_consensus-itest-cluster/ts-3/wal/wals/9e4acfa8c48f4fbebd81cd58cfd3edc7
I0517 06:44:10.232278 5841 catalog_manager.cc:2991] TS d6e1bdcef7c443299c40504db909f7cf (127.4.96.4:56338): tablet 9e4acfa8c48f4fbebd81cd58cfd3edc7 (table TestTable [id=8f0321e0a36d4ee2bfb4d2c2a786bbf9]) successfully deleted WARNING: Logging before InitGoogleLogging() is written to STDERR
W0517 06:44:10.310338 6070 flags.cc:406] Enabled unsafe flag: --rpc_server_allow_ephemeral_ports=true
W0517 06:44:10.310639 6070 flags.cc:406] Enabled unsafe flag: --never_fsync=true
W0517 06:44:10.318667 6070 flags.cc:406] Enabled experimental flag: --ipki_server_key_size=1024
W0517 06:44:10.318984 6070 flags.cc:406] Enabled experimental flag: --local_ip_for_outbound_sockets=127.4.96.2
I0517 06:44:10.331320 6070 tablet_server_main.cc:78] Tablet server non-default flags: --log_cache_size_limit_mb=10 --fs_data_dirs=/tmp/dist-test-task4QLboq/test-tmp/kudu-admin-test.0.AdminCliTest.TestUnsafeChangeConfigOnSingleFollower.1526539434354140-4480/raft_consensus-itest-cluster/ts-1/data --fs_wal_dir=/tmp/dist-test-task4QLboq/test-tmp/kudu-admin-test.0.AdminCliTest.TestUnsafeChangeConfigOnSingleFollower.1526539434354140-4480/raft_consensus-itest-cluster/ts-1/wal --ipki_server_key_size=1024 --rpc_bind_addresses=127.4.96.2:48598 --rpc_server_allow_ephemeral_ports=true --metrics_log_interval_ms=1000 --server_dump_info_format=pb --server_dump_info_path=/tmp/dist-test-task4QLboq/test-tmp/kudu-admin-test.0.AdminCliTest.TestUnsafeChangeConfigOnSingleFollower.1526539434354140-4480/raft_consensus-itest-cluster/ts-1/data/info.pb --webserver_interface=127.4.96.2 --webserver_port=55046 --tserver_master_addrs=127.4.96.62:49034 --never_fsync=true --redact=none --unlock_experimental_flags=true --unlock_unsafe_flags=true --enable_minidumps=false --local_ip_for_outbound_sockets=127.4.96.2 --log_dir=/tmp/dist-test-task4QLboq/test-tmp/kudu-admin-test.0.AdminCliTest.TestUnsafeChangeConfigOnSingleFollower.1526539434354140-4480/raft_consensus-itest-cluster/ts-1/logs --logbuflevel=-1 --logtostderr=true Tablet server version: kudu 1.8.0-SNAPSHOT revision f969af316286807a745fa39b9c2ee604c88b63c9 build type FASTDEBUG built by None at 17 May 2018 06:38:04 UTC on jenkins-slave-snjf build id 13499 TSAN enabled
I0517 06:44:10.339294 6070 tablet_server_main.cc:85] Initializing tablet server...
I0517 06:44:10.341040 6070 system_ntp.cc:143] NTP initialized. Skew: 500ppm Current error: 124319us
I0517 06:44:10.341456 6070 fs_manager.cc:260] Metadata directory not provided
I0517 06:44:10.341580 6070 fs_manager.cc:266] Using write-ahead log directory (fs_wal_dir) as metadata directory
I0517 06:44:10.346743 6070 fs_manager.cc:397] Time spent opening directory manager: real 0.003s user 0.000s sys 0.004s
I0517 06:44:10.347326 6070 env_posix.cc:1643] Not raising this process' open files per process limit of 65536; it is already as high as it can go
