I0517 06:45:16.294176 13101 raft_consensus.cc:303] T 2344f0911d62405895a6c44edca703bc P 71d6b0fe0b45450a809f4a25eb6bae51 [term 0 FOLLOWER]: Replica starting. Triggering 0 pending transactions. Active config: opid_index: -1 OBSOLETE_local: false peers { permanent_uuid: "71d6b0fe0b45450a809f4a25eb6bae51" member_type: VOTER last_known_addr { host: "127.4.96.8" port: 50961 } } peers { permanent_uuid: "c7fc5683934e4c9f885de04addaa2076" member_type: VOTER last_known_addr { host: "127.4.96.6" port: 43583 } } peers { permanent_uuid: "0d0febd027bb4eba809921f54e8e8a4c" member_type: VOTER last_known_addr { host: "127.4.96.7" port: 51391 } } peers { permanent_uuid: "6f7859ab255d4820bf262d97c42cdd80" member_type: VOTER last_known_addr { host: "127.4.96.5" port: 59751 } } peers { permanent_uuid: "b2afd3be3c104d17802599476b02d509" member_type: VOTER last_known_addr { host: "127.4.96.3" port: 49957 } }
I0517 06:45:16.296130 13101 raft_consensus.cc:329] T 2344f0911d62405895a6c44edca703bc P 71d6b0fe0b45450a809f4a25eb6bae51 [term 0 FOLLOWER]: Consensus starting up: Expiring failure detector timer to make a prompt election more likely
I0517 06:45:16.296353 13101 raft_consensus.cc:604] T 2344f0911d62405895a6c44edca703bc P 71d6b0fe0b45450a809f4a25eb6bae51 [term 0 FOLLOWER]: Becoming Follower/Learner. State: Replica: 71d6b0fe0b45450a809f4a25eb6bae51, State: Initialized, Role: FOLLOWER
I0517 06:45:16.296789 13103 tablet_bootstrap.cc:436] T 2344f0911d62405895a6c44edca703bc P c7fc5683934e4c9f885de04addaa2076: No bootstrap required, opened a new log
I0517 06:45:16.297144 13103 ts_tablet_manager.cc:1045] T 2344f0911d62405895a6c44edca703bc P c7fc5683934e4c9f885de04addaa2076: Time spent bootstrapping tablet: real 0.021s user 0.008s sys 0.008s
I0517 06:45:16.297535 12766 ts_tablet_manager.cc:1173] T 2344f0911d62405895a6c44edca703bc P 0d0febd027bb4eba809921f54e8e8a4c: Registered tablet (data state: TABLET_DATA_READY)
I0517 06:45:16.297081 13101 consensus_queue.cc:227] T 2344f0911d62405895a6c44edca703bc P 71d6b0fe0b45450a809f4a25eb6bae51 [NON_LEADER]: Queue going to NON_LEADER mode. State: All replicated index: 0, Majority replicated index: 0, Committed index: 0, Last appended: 0.0, Last appended by leader: 0, Current term: 0, Majority size: -1, State: 0, Mode: NON_LEADER, active raft config: opid_index: -1 OBSOLETE_local: false peers { permanent_uuid: "71d6b0fe0b45450a809f4a25eb6bae51" member_type: VOTER last_known_addr { host: "127.4.96.8" port: 50961 } } peers { permanent_uuid: "c7fc5683934e4c9f885de04addaa2076" member_type: VOTER last_known_addr { host: "127.4.96.6" port: 43583 } } peers { permanent_uuid: "0d0febd027bb4eba809921f54e8e8a4c" member_type: VOTER last_known_addr { host: "127.4.96.7" port: 51391 } } peers { permanent_uuid: "6f7859ab255d4820bf262d97c42cdd80" member_type: VOTER last_known_addr { host: "127.4.96.5" port: 59751 } } peers { permanent_uuid: "b2afd3be3c104d17802599476b02d509" member_type: VOTER last_known_addr { host: "127.4.96.3" port: 49957 } }
I0517 06:45:16.302026 13107 ts_tablet_manager.cc:1028] T 2344f0911d62405895a6c44edca703bc P 0d0febd027bb4eba809921f54e8e8a4c: Bootstrapping tablet
I0517 06:45:16.302740 13107 tablet_bootstrap.cc:436] T 2344f0911d62405895a6c44edca703bc P 0d0febd027bb4eba809921f54e8e8a4c: Bootstrap starting.
I0517 06:45:16.306790 12953 heartbeater.cc:467] Master 127.4.96.62:50584 was elected leader, sending a full tablet report...
I0517 06:45:16.308463 13102 raft_consensus.cc:303] T 2344f0911d62405895a6c44edca703bc P b2afd3be3c104d17802599476b02d509 [term 0 FOLLOWER]: Replica starting. Triggering 0 pending transactions. Active config: opid_index: -1 OBSOLETE_local: false peers { permanent_uuid: "71d6b0fe0b45450a809f4a25eb6bae51" member_type: VOTER last_known_addr { host: "127.4.96.8" port: 50961 } } peers { permanent_uuid: "c7fc5683934e4c9f885de04addaa2076" member_type: VOTER last_known_addr { host: "127.4.96.6" port: 43583 } } peers { permanent_uuid: "0d0febd027bb4eba809921f54e8e8a4c" member_type: VOTER last_known_addr { host: "127.4.96.7" port: 51391 } } peers { permanent_uuid: "6f7859ab255d4820bf262d97c42cdd80" member_type: VOTER last_known_addr { host: "127.4.96.5" port: 59751 } } peers { permanent_uuid: "b2afd3be3c104d17802599476b02d509" member_type: VOTER last_known_addr { host: "127.4.96.3" port: 49957 } }
I0517 06:45:16.309377 13102 raft_consensus.cc:329] T 2344f0911d62405895a6c44edca703bc P b2afd3be3c104d17802599476b02d509 [term 0 FOLLOWER]: Consensus starting up: Expiring failure detector timer to make a prompt election more likely
I0517 06:45:16.309600 13102 raft_consensus.cc:604] T 2344f0911d62405895a6c44edca703bc P b2afd3be3c104d17802599476b02d509 [term 0 FOLLOWER]: Becoming Follower/Learner. State: Replica: b2afd3be3c104d17802599476b02d509, State: Initialized, Role: FOLLOWER
I0517 06:45:16.310290 13102 consensus_queue.cc:227] T 2344f0911d62405895a6c44edca703bc P b2afd3be3c104d17802599476b02d509 [NON_LEADER]: Queue going to NON_LEADER mode. State: All replicated index: 0, Majority replicated index: 0, Committed index: 0, Last appended: 0.0, Last appended by leader: 0, Current term: 0, Majority size: -1, State: 0, Mode: NON_LEADER, active raft config: opid_index: -1 OBSOLETE_local: false peers { permanent_uuid: "71d6b0fe0b45450a809f4a25eb6bae51" member_type: VOTER last_known_addr { host: "127.4.96.8" port: 50961 } } peers { permanent_uuid: "c7fc5683934e4c9f885de04addaa2076" member_type: VOTER last_known_addr { host: "127.4.96.6" port: 43583 } } peers { permanent_uuid: "0d0febd027bb4eba809921f54e8e8a4c" member_type: VOTER last_known_addr { host: "127.4.96.7" port: 51391 } } peers { permanent_uuid: "6f7859ab255d4820bf262d97c42cdd80" member_type: VOTER last_known_addr { host: "127.4.96.5" port: 59751 } } peers { permanent_uuid: "b2afd3be3c104d17802599476b02d509" member_type: VOTER last_known_addr { host: "127.4.96.3" port: 49957 } }
I0517 06:45:16.314260 13103 raft_consensus.cc:303] T 2344f0911d62405895a6c44edca703bc P c7fc5683934e4c9f885de04addaa2076 [term 0 FOLLOWER]: Replica starting. Triggering 0 pending transactions. Active config: opid_index: -1 OBSOLETE_local: false peers { permanent_uuid: "71d6b0fe0b45450a809f4a25eb6bae51" member_type: VOTER last_known_addr { host: "127.4.96.8" port: 50961 } } peers { permanent_uuid: "c7fc5683934e4c9f885de04addaa2076" member_type: VOTER last_known_addr { host: "127.4.96.6" port: 43583 } } peers { permanent_uuid: "0d0febd027bb4eba809921f54e8e8a4c" member_type: VOTER last_known_addr { host: "127.4.96.7" port: 51391 } } peers { permanent_uuid: "6f7859ab255d4820bf262d97c42cdd80" member_type: VOTER last_known_addr { host: "127.4.96.5" port: 59751 } } peers { permanent_uuid: "b2afd3be3c104d17802599476b02d509" member_type: VOTER last_known_addr { host: "127.4.96.3" port: 49957 } }
I0517 06:45:16.316181 13103 raft_consensus.cc:329] T 2344f0911d62405895a6c44edca703bc P c7fc5683934e4c9f885de04addaa2076 [term 0 FOLLOWER]: Consensus starting up: Expiring failure detector timer to make a prompt election more likely
I0517 06:45:16.316359 13103 raft_consensus.cc:604] T 2344f0911d62405895a6c44edca703bc P c7fc5683934e4c9f885de04addaa2076 [term 0 FOLLOWER]: Becoming Follower/Learner. State: Replica: c7fc5683934e4c9f885de04addaa2076, State: Initialized, Role: FOLLOWER
I0517 06:45:16.316835 13103 consensus_queue.cc:227] T 2344f0911d62405895a6c44edca703bc P c7fc5683934e4c9f885de04addaa2076 [NON_LEADER]: Queue going to NON_LEADER mode. State: All replicated index: 0, Majority replicated index: 0, Committed index: 0, Last appended: 0.0, Last appended by leader: 0, Current term: 0, Majority size: -1, State: 0, Mode: NON_LEADER, active raft config: opid_index: -1 OBSOLETE_local: false peers { permanent_uuid: "71d6b0fe0b45450a809f4a25eb6bae51" member_type: VOTER last_known_addr { host: "127.4.96.8" port: 50961 } } peers { permanent_uuid: "c7fc5683934e4c9f885de04addaa2076" member_type: VOTER last_known_addr { host: "127.4.96.6" port: 43583 } } peers { permanent_uuid: "0d0febd027bb4eba809921f54e8e8a4c" member_type: VOTER last_known_addr { host: "127.4.96.7" port: 51391 } } peers { permanent_uuid: "6f7859ab255d4820bf262d97c42cdd80" member_type: VOTER last_known_addr { host: "127.4.96.5" port: 59751 } } peers { permanent_uuid: "b2afd3be3c104d17802599476b02d509" member_type: VOTER last_known_addr { host: "127.4.96.3" port: 49957 } }
I0517 06:45:16.323230 13101 ts_tablet_manager.cc:1073] T 2344f0911d62405895a6c44edca703bc P 71d6b0fe0b45450a809f4a25eb6bae51: Time spent starting tablet: real 0.041s user 0.012s sys 0.008s
I0517 06:45:16.326442 13109 ts_tablet_manager.cc:1028] T 2344f0911d62405895a6c44edca703bc P 6f7859ab255d4820bf262d97c42cdd80: Bootstrapping tablet
I0517 06:45:16.326845 13107 tablet_bootstrap.cc:587] T 2344f0911d62405895a6c44edca703bc P 0d0febd027bb4eba809921f54e8e8a4c: No blocks or log segments found. Creating new log.
I0517 06:45:16.326892 13109 tablet_bootstrap.cc:436] T 2344f0911d62405895a6c44edca703bc P 6f7859ab255d4820bf262d97c42cdd80: Bootstrap starting.
I0517 06:45:16.333600 13109 tablet_bootstrap.cc:587] T 2344f0911d62405895a6c44edca703bc P 6f7859ab255d4820bf262d97c42cdd80: No blocks or log segments found. Creating new log.
I0517 06:45:16.334587 13107 log.cc:520] T 2344f0911d62405895a6c44edca703bc P 0d0febd027bb4eba809921f54e8e8a4c: Log is configured to *not* fsync() on all Append() calls
I0517 06:45:16.335032 13109 log.cc:520] T 2344f0911d62405895a6c44edca703bc P 6f7859ab255d4820bf262d97c42cdd80: Log is configured to *not* fsync() on all Append() calls
I0517 06:45:16.338116 13103 ts_tablet_manager.cc:1073] T 2344f0911d62405895a6c44edca703bc P c7fc5683934e4c9f885de04addaa2076: Time spent starting tablet: real 0.041s user 0.012s sys 0.028s
I0517 06:45:16.343082 13102 ts_tablet_manager.cc:1073] T 2344f0911d62405895a6c44edca703bc P b2afd3be3c104d17802599476b02d509: Time spent starting tablet: real 0.051s user 0.020s sys 0.024s
I0517 06:45:16.347690 13109 tablet_bootstrap.cc:436] T 2344f0911d62405895a6c44edca703bc P 6f7859ab255d4820bf262d97c42cdd80: No bootstrap required, opened a new log
I0517 06:45:16.348044 13109 ts_tablet_manager.cc:1045] T 2344f0911d62405895a6c44edca703bc P 6f7859ab255d4820bf262d97c42cdd80: Time spent bootstrapping tablet: real 0.021s user 0.008s sys 0.000s
I0517 06:45:16.382712 13109 raft_consensus.cc:303] T 2344f0911d62405895a6c44edca703bc P 6f7859ab255d4820bf262d97c42cdd80 [term 0 FOLLOWER]: Replica starting. Triggering 0 pending transactions. Active config: opid_index: -1 OBSOLETE_local: false peers { permanent_uuid: "71d6b0fe0b45450a809f4a25eb6bae51" member_type: VOTER last_known_addr { host: "127.4.96.8" port: 50961 } } peers { permanent_uuid: "c7fc5683934e4c9f885de04addaa2076" member_type: VOTER last_known_addr { host: "127.4.96.6" port: 43583 } } peers { permanent_uuid: "0d0febd027bb4eba809921f54e8e8a4c" member_type: VOTER last_known_addr { host: "127.4.96.7" port: 51391 } } peers { permanent_uuid: "6f7859ab255d4820bf262d97c42cdd80" member_type: VOTER last_known_addr { host: "127.4.96.5" port: 59751 } } peers { permanent_uuid: "b2afd3be3c104d17802599476b02d509" member_type: VOTER last_known_addr { host: "127.4.96.3" port: 49957 } }
I0517 06:45:16.383587 13109 raft_consensus.cc:329] T 2344f0911d62405895a6c44edca703bc P 6f7859ab255d4820bf262d97c42cdd80 [term 0 FOLLOWER]: Consensus starting up: Expiring failure detector timer to make a prompt election more likely
I0517 06:45:16.383810 13109 raft_consensus.cc:604] T 2344f0911d62405895a6c44edca703bc P 6f7859ab255d4820bf262d97c42cdd80 [term 0 FOLLOWER]: Becoming Follower/Learner. State: Replica: 6f7859ab255d4820bf262d97c42cdd80, State: Initialized, Role: FOLLOWER
I0517 06:45:16.384516 13109 consensus_queue.cc:227] T 2344f0911d62405895a6c44edca703bc P 6f7859ab255d4820bf262d97c42cdd80 [NON_LEADER]: Queue going to NON_LEADER mode. State: All replicated index: 0, Majority replicated index: 0, Committed index: 0, Last appended: 0.0, Last appended by leader: 0, Current term: 0, Majority size: -1, State: 0, Mode: NON_LEADER, active raft config: opid_index: -1 OBSOLETE_local: false peers { permanent_uuid: "71d6b0fe0b45450a809f4a25eb6bae51" member_type: VOTER last_known_addr { host: "127.4.96.8" port: 50961 } } peers { permanent_uuid: "c7fc5683934e4c9f885de04addaa2076" member_type: VOTER last_known_addr { host: "127.4.96.6" port: 43583 } } peers { permanent_uuid: "0d0febd027bb4eba809921f54e8e8a4c" member_type: VOTER last_known_addr { host: "127.4.96.7" port: 51391 } } peers { permanent_uuid: "6f7859ab255d4820bf262d97c42cdd80" member_type: VOTER last_known_addr { host: "127.4.96.5" port: 59751 } } peers { permanent_uuid: "b2afd3be3c104d17802599476b02d509" member_type: VOTER last_known_addr { host: "127.4.96.3" port: 49957 } }
I0517 06:45:16.398579 13109 ts_tablet_manager.cc:1073] T 2344f0911d62405895a6c44edca703bc P 6f7859ab255d4820bf262d97c42cdd80: Time spent starting tablet: real 0.050s user 0.024s sys 0.000s
I0517 06:45:16.403712 13111 raft_consensus.cc:435] T 2344f0911d62405895a6c44edca703bc P c7fc5683934e4c9f885de04addaa2076 [term 0 FOLLOWER]: Starting pre-election (no leader contacted us within the election timeout)
I0517 06:45:16.404000 13111 raft_consensus.cc:2704] T 2344f0911d62405895a6c44edca703bc P c7fc5683934e4c9f885de04addaa2076: Snoozing failure detection for 1.719s (starting election)
I0517 06:45:16.404287 13111 raft_consensus.cc:457] T 2344f0911d62405895a6c44edca703bc P c7fc5683934e4c9f885de04addaa2076 [term 0 FOLLOWER]: Starting pre-election with config: opid_index: -1 OBSOLETE_local: false peers { permanent_uuid: "71d6b0fe0b45450a809f4a25eb6bae51" member_type: VOTER last_known_addr { host: "127.4.96.8" port: 50961 } } peers { permanent_uuid: "c7fc5683934e4c9f885de04addaa2076" member_type: VOTER last_known_addr { host: "127.4.96.6" port: 43583 } } peers { permanent_uuid: "0d0febd027bb4eba809921f54e8e8a4c" member_type: VOTER last_known_addr { host: "127.4.96.7" port: 51391 } } peers { permanent_uuid: "6f7859ab255d4820bf262d97c42cdd80" member_type: VOTER last_known_addr { host: "127.4.96.5" port: 59751 } } peers { permanent_uuid: "b2afd3be3c104d17802599476b02d509" member_type: VOTER last_known_addr { host: "127.4.96.3" port: 49957 } }
I0517 06:45:16.405802 13111 leader_election.cc:243] T 2344f0911d62405895a6c44edca703bc P c7fc5683934e4c9f885de04addaa2076 [CANDIDATE]: Term 1 pre-election: Requesting pre-vote from peer 71d6b0fe0b45450a809f4a25eb6bae51 (127.4.96.8:50961)
I0517 06:45:16.406461 13111 leader_election.cc:243] T 2344f0911d62405895a6c44edca703bc P c7fc5683934e4c9f885de04addaa2076 [CANDIDATE]: Term 1 pre-election: Requesting pre-vote from peer 0d0febd027bb4eba809921f54e8e8a4c (127.4.96.7:51391)
I0517 06:45:16.408772 13111 leader_election.cc:243] T 2344f0911d62405895a6c44edca703bc P c7fc5683934e4c9f885de04addaa2076 [CANDIDATE]: Term 1 pre-election: Requesting pre-vote from peer 6f7859ab255d4820bf262d97c42cdd80 (127.4.96.5:59751)
I0517 06:45:16.409173 13111 leader_election.cc:243] T 2344f0911d62405895a6c44edca703bc P c7fc5683934e4c9f885de04addaa2076 [CANDIDATE]: Term 1 pre-election: Requesting pre-vote from peer b2afd3be3c104d17802599476b02d509 (127.4.96.3:49957)
I0517 06:45:16.305709 12829 heartbeater.cc:467] Master 127.4.96.62:50584 was elected leader, sending a full tablet report...
I0517 06:45:16.430723 13107 tablet_bootstrap.cc:436] T 2344f0911d62405895a6c44edca703bc P 0d0febd027bb4eba809921f54e8e8a4c: No bootstrap required, opened a new log
I0517 06:45:16.431125 13107 ts_tablet_manager.cc:1045] T 2344f0911d62405895a6c44edca703bc P 0d0febd027bb4eba809921f54e8e8a4c: Time spent bootstrapping tablet: real 0.129s user 0.000s sys 0.004s
I0517 06:45:16.462240 13107 raft_consensus.cc:303] T 2344f0911d62405895a6c44edca703bc P 0d0febd027bb4eba809921f54e8e8a4c [term 0 FOLLOWER]: Replica starting. Triggering 0 pending transactions. Active config: opid_index: -1 OBSOLETE_local: false peers { permanent_uuid: "71d6b0fe0b45450a809f4a25eb6bae51" member_type: VOTER last_known_addr { host: "127.4.96.8" port: 50961 } } peers { permanent_uuid: "c7fc5683934e4c9f885de04addaa2076" member_type: VOTER last_known_addr { host: "127.4.96.6" port: 43583 } } peers { permanent_uuid: "0d0febd027bb4eba809921f54e8e8a4c" member_type: VOTER last_known_addr { host: "127.4.96.7" port: 51391 } } peers { permanent_uuid: "6f7859ab255d4820bf262d97c42cdd80" member_type: VOTER last_known_addr { host: "127.4.96.5" port: 59751 } } peers { permanent_uuid: "b2afd3be3c104d17802599476b02d509" member_type: VOTER last_known_addr { host: "127.4.96.3" port: 49957 } }
I0517 06:45:16.463147 13107 raft_consensus.cc:329] T 2344f0911d62405895a6c44edca703bc P 0d0febd027bb4eba809921f54e8e8a4c [term 0 FOLLOWER]: Consensus starting up: Expiring failure detector timer to make a prompt election more likely
I0517 06:45:16.463325 13107 raft_consensus.cc:604] T 2344f0911d62405895a6c44edca703bc P 0d0febd027bb4eba809921f54e8e8a4c [term 0 FOLLOWER]: Becoming Follower/Learner. State: Replica: 0d0febd027bb4eba809921f54e8e8a4c, State: Initialized, Role: FOLLOWER
I0517 06:45:16.463860 13107 consensus_queue.cc:227] T 2344f0911d62405895a6c44edca703bc P 0d0febd027bb4eba809921f54e8e8a4c [NON_LEADER]: Queue going to NON_LEADER mode. State: All replicated index: 0, Majority replicated index: 0, Committed index: 0, Last appended: 0.0, Last appended by leader: 0, Current term: 0, Majority size: -1, State: 0, Mode: NON_LEADER, active raft config: opid_index: -1 OBSOLETE_local: false peers { permanent_uuid: "71d6b0fe0b45450a809f4a25eb6bae51" member_type: VOTER last_known_addr { host: "127.4.96.8" port: 50961 } } peers { permanent_uuid: "c7fc5683934e4c9f885de04addaa2076" member_type: VOTER last_known_addr { host: "127.4.96.6" port: 43583 } } peers { permanent_uuid: "0d0febd027bb4eba809921f54e8e8a4c" member_type: VOTER last_known_addr { host: "127.4.96.7" port: 51391 } } peers { permanent_uuid: "6f7859ab255d4820bf262d97c42cdd80" member_type: VOTER last_known_addr { host: "127.4.96.5" port: 59751 } } peers { permanent_uuid: "b2afd3be3c104d17802599476b02d509" member_type: VOTER last_known_addr { host: "127.4.96.3" port: 49957 } }
I0517 06:45:16.489814 13107 ts_tablet_manager.cc:1073] T 2344f0911d62405895a6c44edca703bc P 0d0febd027bb4eba809921f54e8e8a4c: Time spent starting tablet: real 0.059s user 0.024s sys 0.008s
I0517 06:45:16.532290 13114 raft_consensus.cc:435] T 2344f0911d62405895a6c44edca703bc P 6f7859ab255d4820bf262d97c42cdd80 [term 0 FOLLOWER]: Starting pre-election (no leader contacted us within the election timeout)
W0517 06:45:16.532444 12830 tablet.cc:1678] T 2344f0911d62405895a6c44edca703bc P 0d0febd027bb4eba809921f54e8e8a4c: Can't schedule compaction. Clean time has not been advanced past its initial value.
I0517 06:45:16.532549 13114 raft_consensus.cc:2704] T 2344f0911d62405895a6c44edca703bc P 6f7859ab255d4820bf262d97c42cdd80: Snoozing failure detection for 1.926s (starting election)
I0517 06:45:16.532855 13114 raft_consensus.cc:457] T 2344f0911d62405895a6c44edca703bc P 6f7859ab255d4820bf262d97c42cdd80 [term 0 FOLLOWER]: Starting pre-election with config: opid_index: -1 OBSOLETE_local: false peers { permanent_uuid: "71d6b0fe0b45450a809f4a25eb6bae51" member_type: VOTER last_known_addr { host: "127.4.96.8" port: 50961 } } peers { permanent_uuid: "c7fc5683934e4c9f885de04addaa2076" member_type: VOTER last_known_addr { host: "127.4.96.6" port: 43583 } } peers { permanent_uuid: "0d0febd027bb4eba809921f54e8e8a4c" member_type: VOTER last_known_addr { host: "127.4.96.7" port: 51391 } } peers { permanent_uuid: "6f7859ab255d4820bf262d97c42cdd80" member_type: VOTER last_known_addr { host: "127.4.96.5" port: 59751 } } peers { permanent_uuid: "b2afd3be3c104d17802599476b02d509" member_type: VOTER last_known_addr { host: "127.4.96.3" port: 49957 } }
I0517 06:45:16.534349 13114 leader_election.cc:243] T 2344f0911d62405895a6c44edca703bc P 6f7859ab255d4820bf262d97c42cdd80 [CANDIDATE]: Term 1 pre-election: Requesting pre-vote from peer 71d6b0fe0b45450a809f4a25eb6bae51 (127.4.96.8:50961)
I0517 06:45:16.537247 13114 leader_election.cc:243] T 2344f0911d62405895a6c44edca703bc P 6f7859ab255d4820bf262d97c42cdd80 [CANDIDATE]: Term 1 pre-election: Requesting pre-vote from peer c7fc5683934e4c9f885de04addaa2076 (127.4.96.6:43583)
I0517 06:45:16.538394 13114 leader_election.cc:243] T 2344f0911d62405895a6c44edca703bc P 6f7859ab255d4820bf262d97c42cdd80 [CANDIDATE]: Term 1 pre-election: Requesting pre-vote from peer 0d0febd027bb4eba809921f54e8e8a4c (127.4.96.7:51391)
I0517 06:45:16.545578 13114 leader_election.cc:243] T 2344f0911d62405895a6c44edca703bc P 6f7859ab255d4820bf262d97c42cdd80 [CANDIDATE]: Term 1 pre-election: Requesting pre-vote from peer b2afd3be3c104d17802599476b02d509 (127.4.96.3:49957)
I0517 06:45:16.552551 13110 raft_consensus.cc:435] T 2344f0911d62405895a6c44edca703bc P b2afd3be3c104d17802599476b02d509 [term 0 FOLLOWER]: Starting pre-election (no leader contacted us within the election timeout)
I0517 06:45:16.552794 13110 raft_consensus.cc:2704] T 2344f0911d62405895a6c44edca703bc P b2afd3be3c104d17802599476b02d509: Snoozing failure detection for 2.126s (starting election)
I0517 06:45:16.553047 13110 raft_consensus.cc:457] T 2344f0911d62405895a6c44edca703bc P b2afd3be3c104d17802599476b02d509 [term 0 FOLLOWER]: Starting pre-election with config: opid_index: -1 OBSOLETE_local: false peers { permanent_uuid: "71d6b0fe0b45450a809f4a25eb6bae51" member_type: VOTER last_known_addr { host: "127.4.96.8" port: 50961 } } peers { permanent_uuid: "c7fc5683934e4c9f885de04addaa2076" member_type: VOTER last_known_addr { host: "127.4.96.6" port: 43583 } } peers { permanent_uuid: "0d0febd027bb4eba809921f54e8e8a4c" member_type: VOTER last_known_addr { host: "127.4.96.7" port: 51391 } } peers { permanent_uuid: "6f7859ab255d4820bf262d97c42cdd80" member_type: VOTER last_known_addr { host: "127.4.96.5" port: 59751 } } peers { permanent_uuid: "b2afd3be3c104d17802599476b02d509" member_type: VOTER last_known_addr { host: "127.4.96.3" port: 49957 } }
I0517 06:45:16.554435 13110 leader_election.cc:243] T 2344f0911d62405895a6c44edca703bc P b2afd3be3c104d17802599476b02d509 [CANDIDATE]: Term 1 pre-election: Requesting pre-vote from peer 71d6b0fe0b45450a809f4a25eb6bae51 (127.4.96.8:50961)
I0517 06:45:16.554903 13110 leader_election.cc:243] T 2344f0911d62405895a6c44edca703bc P b2afd3be3c104d17802599476b02d509 [CANDIDATE]: Term 1 pre-election: Requesting pre-vote from peer c7fc5683934e4c9f885de04addaa2076 (127.4.96.6:43583)
I0517 06:45:16.555198 13110 leader_election.cc:243] T 2344f0911d62405895a6c44edca703bc P b2afd3be3c104d17802599476b02d509 [CANDIDATE]: Term 1 pre-election: Requesting pre-vote from peer 0d0febd027bb4eba809921f54e8e8a4c (127.4.96.7:51391)
I0517 06:45:16.557657 13110 leader_election.cc:243] T 2344f0911d62405895a6c44edca703bc P b2afd3be3c104d17802599476b02d509 [CANDIDATE]: Term 1 pre-election: Requesting pre-vote from peer 6f7859ab255d4820bf262d97c42cdd80 (127.4.96.5:59751)
W0517 06:45:16.343439 12333 tablet.cc:1678] T 2344f0911d62405895a6c44edca703bc P b2afd3be3c104d17802599476b02d509: Can't schedule compaction. Clean time has not been advanced past its initial value.
W0517 06:45:16.364687 12706 tablet.cc:1678] T 2344f0911d62405895a6c44edca703bc P c7fc5683934e4c9f885de04addaa2076: Can't schedule compaction. Clean time has not been advanced past its initial value.
I0517 06:45:16.783068 13118 raft_consensus.cc:435] T 2344f0911d62405895a6c44edca703bc P 0d0febd027bb4eba809921f54e8e8a4c [term 0 FOLLOWER]: Starting pre-election (no leader contacted us within the election timeout)
I0517 06:45:16.783416 13118 raft_consensus.cc:2704] T 2344f0911d62405895a6c44edca703bc P 0d0febd027bb4eba809921f54e8e8a4c: Snoozing failure detection for 1.720s (starting election)
I0517 06:45:16.783715 13118 raft_consensus.cc:457] T 2344f0911d62405895a6c44edca703bc P 0d0febd027bb4eba809921f54e8e8a4c [term 0 FOLLOWER]: Starting pre-election with config: opid_index: -1 OBSOLETE_local: false peers { permanent_uuid: "71d6b0fe0b45450a809f4a25eb6bae51" member_type: VOTER last_known_addr { host: "127.4.96.8" port: 50961 } } peers { permanent_uuid: "c7fc5683934e4c9f885de04addaa2076" member_type: VOTER last_known_addr { host: "127.4.96.6" port: 43583 } } peers { permanent_uuid: "0d0febd027bb4eba809921f54e8e8a4c" member_type: VOTER last_known_addr { host: "127.4.96.7" port: 51391 } } peers { permanent_uuid: "6f7859ab255d4820bf262d97c42cdd80" member_type: VOTER last_known_addr { host: "127.4.96.5" port: 59751 } } peers { permanent_uuid: "b2afd3be3c104d17802599476b02d509" member_type: VOTER last_known_addr { host: "127.4.96.3" port: 49957 } }
I0517 06:45:16.785152 13118 leader_election.cc:243] T 2344f0911d62405895a6c44edca703bc P 0d0febd027bb4eba809921f54e8e8a4c [CANDIDATE]: Term 1 pre-election: Requesting pre-vote from peer 71d6b0fe0b45450a809f4a25eb6bae51 (127.4.96.8:50961)
I0517 06:45:16.785655 13118 leader_election.cc:243] T 2344f0911d62405895a6c44edca703bc P 0d0febd027bb4eba809921f54e8e8a4c [CANDIDATE]: Term 1 pre-election: Requesting pre-vote from peer c7fc5683934e4c9f885de04addaa2076 (127.4.96.6:43583)
I0517 06:45:16.833499 13118 leader_election.cc:243] T 2344f0911d62405895a6c44edca703bc P 0d0febd027bb4eba809921f54e8e8a4c [CANDIDATE]: Term 1 pre-election: Requesting pre-vote from peer 6f7859ab255d4820bf262d97c42cdd80 (127.4.96.5:59751)
I0517 06:45:16.838361 12786 tablet_service.cc:995] Received RequestConsensusVote() RPC: tablet_id: "2344f0911d62405895a6c44edca703bc" candidate_uuid: "b2afd3be3c104d17802599476b02d509" candidate_term: 1 candidate_status { last_received { term: 0 index: 0 } } ignore_live_leader: false dest_uuid: "0d0febd027bb4eba809921f54e8e8a4c" is_pre_election: true
I0517 06:45:16.838968 12786 raft_consensus.cc:2704] T 2344f0911d62405895a6c44edca703bc P 0d0febd027bb4eba809921f54e8e8a4c: Snoozing failure detection for 2.053s (vote granted)
I0517 06:45:16.839180 12786 raft_consensus.cc:2219] T 2344f0911d62405895a6c44edca703bc P 0d0febd027bb4eba809921f54e8e8a4c [term 0 FOLLOWER]: Leader pre-election vote request: Granting yes vote for candidate b2afd3be3c104d17802599476b02d509 in term 0.
I0517 06:45:16.840744 12223 leader_election.cc:379] T 2344f0911d62405895a6c44edca703bc P b2afd3be3c104d17802599476b02d509 [CANDIDATE]: Term 1 pre-election: Vote granted by peer 0d0febd027bb4eba809921f54e8e8a4c (127.4.96.7:51391)
I0517 06:45:16.839979 13118 leader_election.cc:243] T 2344f0911d62405895a6c44edca703bc P 0d0febd027bb4eba809921f54e8e8a4c [CANDIDATE]: Term 1 pre-election: Requesting pre-vote from peer b2afd3be3c104d17802599476b02d509 (127.4.96.3:49957)
I0517 06:45:16.892900 12289 tablet_service.cc:995] Received RequestConsensusVote() RPC: tablet_id: "2344f0911d62405895a6c44edca703bc" candidate_uuid: "0d0febd027bb4eba809921f54e8e8a4c" candidate_term: 1 candidate_status { last_received { term: 0 index: 0 } } ignore_live_leader: false dest_uuid: "b2afd3be3c104d17802599476b02d509" is_pre_election: true
I0517 06:45:16.893427 12289 raft_consensus.cc:2704] T 2344f0911d62405895a6c44edca703bc P b2afd3be3c104d17802599476b02d509: Snoozing failure detection for 1.538s (vote granted)
I0517 06:45:16.893658 12289 raft_consensus.cc:2219] T 2344f0911d62405895a6c44edca703bc P b2afd3be3c104d17802599476b02d509 [term 0 FOLLOWER]: Leader pre-election vote request: Granting yes vote for candidate 0d0febd027bb4eba809921f54e8e8a4c in term 0.
I0517 06:45:16.894810 12716 leader_election.cc:379] T 2344f0911d62405895a6c44edca703bc P 0d0febd027bb4eba809921f54e8e8a4c [CANDIDATE]: Term 1 pre-election: Vote granted by peer b2afd3be3c104d17802599476b02d509 (127.4.96.3:49957)
W0517 06:45:16.447854 12581 tablet.cc:1678] T 2344f0911d62405895a6c44edca703bc P 6f7859ab255d4820bf262d97c42cdd80: Can't schedule compaction. Clean time has not been advanced past its initial value.
I0517 06:45:16.905318 12537 tablet_service.cc:995] Received RequestConsensusVote() RPC: tablet_id: "2344f0911d62405895a6c44edca703bc" candidate_uuid: "c7fc5683934e4c9f885de04addaa2076" candidate_term: 1 candidate_status { last_received { term: 0 index: 0 } } ignore_live_leader: false dest_uuid: "6f7859ab255d4820bf262d97c42cdd80" is_pre_election: true
I0517 06:45:16.905850 12537 raft_consensus.cc:2704] T 2344f0911d62405895a6c44edca703bc P 6f7859ab255d4820bf262d97c42cdd80: Snoozing failure detection for 1.662s (vote granted)
I0517 06:45:16.906163 12537 raft_consensus.cc:2219] T 2344f0911d62405895a6c44edca703bc P 6f7859ab255d4820bf262d97c42cdd80 [term 0 FOLLOWER]: Leader pre-election vote request: Granting yes vote for candidate c7fc5683934e4c9f885de04addaa2076 in term 0.
I0517 06:45:16.907419 12592 leader_election.cc:379] T 2344f0911d62405895a6c44edca703bc P c7fc5683934e4c9f885de04addaa2076 [CANDIDATE]: Term 1 pre-election: Vote granted by peer 6f7859ab255d4820bf262d97c42cdd80 (127.4.96.5:59751)
I0517 06:45:16.918273 12289 tablet_service.cc:995] Received RequestConsensusVote() RPC: tablet_id: "2344f0911d62405895a6c44edca703bc" candidate_uuid: "c7fc5683934e4c9f885de04addaa2076" candidate_term: 1 candidate_status { last_received { term: 0 index: 0 } } ignore_live_leader: false dest_uuid: "b2afd3be3c104d17802599476b02d509" is_pre_election: true
I0517 06:45:16.918694 12289 raft_consensus.cc:2704] T 2344f0911d62405895a6c44edca703bc P b2afd3be3c104d17802599476b02d509: Snoozing failure detection for 1.668s (vote granted)
I0517 06:45:16.918871 12289 raft_consensus.cc:2219] T 2344f0911d62405895a6c44edca703bc P b2afd3be3c104d17802599476b02d509 [term 0 FOLLOWER]: Leader pre-election vote request: Granting yes vote for candidate c7fc5683934e4c9f885de04addaa2076 in term 0.
I0517 06:45:16.920210 12592 leader_election.cc:379] T 2344f0911d62405895a6c44edca703bc P c7fc5683934e4c9f885de04addaa2076 [CANDIDATE]: Term 1 pre-election: Vote granted by peer b2afd3be3c104d17802599476b02d509 (127.4.96.3:49957)
I0517 06:45:16.920469 12592 leader_election.cc:270] T 2344f0911d62405895a6c44edca703bc P c7fc5683934e4c9f885de04addaa2076 [CANDIDATE]: Term 1 pre-election: Election decided. Result: candidate won.
I0517 06:45:16.925127 12786 tablet_service.cc:995] Received RequestConsensusVote() RPC: tablet_id: "2344f0911d62405895a6c44edca703bc" candidate_uuid: "c7fc5683934e4c9f885de04addaa2076" candidate_term: 1 candidate_status { last_received { term: 0 index: 0 } } ignore_live_leader: false dest_uuid: "0d0febd027bb4eba809921f54e8e8a4c" is_pre_election: true
I0517 06:45:16.925582 12786 raft_consensus.cc:2704] T 2344f0911d62405895a6c44edca703bc P 0d0febd027bb4eba809921f54e8e8a4c: Snoozing failure detection for 1.753s (vote granted)
I0517 06:45:16.925773 12786 raft_consensus.cc:2219] T 2344f0911d62405895a6c44edca703bc P 0d0febd027bb4eba809921f54e8e8a4c [term 0 FOLLOWER]: Leader pre-election vote request: Granting yes vote for candidate c7fc5683934e4c9f885de04addaa2076 in term 0.
I0517 06:45:16.926873 12596 leader_election.cc:379] T 2344f0911d62405895a6c44edca703bc P c7fc5683934e4c9f885de04addaa2076 [CANDIDATE]: Term 1 pre-election: Vote granted by peer 0d0febd027bb4eba809921f54e8e8a4c (127.4.96.7:51391)
I0517 06:45:16.928514 12537 tablet_service.cc:995] Received RequestConsensusVote() RPC: tablet_id: "2344f0911d62405895a6c44edca703bc" candidate_uuid: "0d0febd027bb4eba809921f54e8e8a4c" candidate_term: 1 candidate_status { last_received { term: 0 index: 0 } } ignore_live_leader: false dest_uuid: "6f7859ab255d4820bf262d97c42cdd80" is_pre_election: true
I0517 06:45:16.928906 12537 raft_consensus.cc:2704] T 2344f0911d62405895a6c44edca703bc P 6f7859ab255d4820bf262d97c42cdd80: Snoozing failure detection for 1.694s (vote granted)
I0517 06:45:16.929093 12537 raft_consensus.cc:2219] T 2344f0911d62405895a6c44edca703bc P 6f7859ab255d4820bf262d97c42cdd80 [term 0 FOLLOWER]: Leader pre-election vote request: Granting yes vote for candidate 0d0febd027bb4eba809921f54e8e8a4c in term 0.
I0517 06:45:16.930167 12716 leader_election.cc:379] T 2344f0911d62405895a6c44edca703bc P 0d0febd027bb4eba809921f54e8e8a4c [CANDIDATE]: Term 1 pre-election: Vote granted by peer 6f7859ab255d4820bf262d97c42cdd80 (127.4.96.5:59751)
I0517 06:45:16.930385 12716 leader_election.cc:270] T 2344f0911d62405895a6c44edca703bc P 0d0febd027bb4eba809921f54e8e8a4c [CANDIDATE]: Term 1 pre-election: Election decided. Result: candidate won.
I0517 06:45:16.930927 13118 raft_consensus.cc:2704] T 2344f0911d62405895a6c44edca703bc P 0d0febd027bb4eba809921f54e8e8a4c: Snoozing failure detection for 2.225s (election complete)
I0517 06:45:16.931133 13118 raft_consensus.cc:2511] T 2344f0911d62405895a6c44edca703bc P 0d0febd027bb4eba809921f54e8e8a4c [term 0 FOLLOWER]: Leader pre-election won for term 1
I0517 06:45:16.931306 13118 raft_consensus.cc:435] T 2344f0911d62405895a6c44edca703bc P 0d0febd027bb4eba809921f54e8e8a4c [term 0 FOLLOWER]: Starting leader election (no leader contacted us within the election timeout)
I0517 06:45:16.931463 13118 raft_consensus.cc:2704] T 2344f0911d62405895a6c44edca703bc P 0d0febd027bb4eba809921f54e8e8a4c: Snoozing failure detection for 1.901s (starting election)
I0517 06:45:16.931622 13118 raft_consensus.cc:2756] T 2344f0911d62405895a6c44edca703bc P 0d0febd027bb4eba809921f54e8e8a4c [term 0 FOLLOWER]: Advancing to term 1
I0517 06:45:16.936918 13118 raft_consensus.cc:457] T 2344f0911d62405895a6c44edca703bc P 0d0febd027bb4eba809921f54e8e8a4c [term 1 FOLLOWER]: Starting leader election with config: opid_index: -1 OBSOLETE_local: false peers { permanent_uuid: "71d6b0fe0b45450a809f4a25eb6bae51" member_type: VOTER last_known_addr { host: "127.4.96.8" port: 50961 } } peers { permanent_uuid: "c7fc5683934e4c9f885de04addaa2076" member_type: VOTER last_known_addr { host: "127.4.96.6" port: 43583 } } peers { permanent_uuid: "0d0febd027bb4eba809921f54e8e8a4c" member_type: VOTER last_known_addr { host: "127.4.96.7" port: 51391 } } peers { permanent_uuid: "6f7859ab255d4820bf262d97c42cdd80" member_type: VOTER last_known_addr { host: "127.4.96.5" port: 59751 } } peers { permanent_uuid: "b2afd3be3c104d17802599476b02d509" member_type: VOTER last_known_addr { host: "127.4.96.3" port: 49957 } }
I0517 06:45:16.938263 13118 leader_election.cc:243] T 2344f0911d62405895a6c44edca703bc P 0d0febd027bb4eba809921f54e8e8a4c [CANDIDATE]: Term 1 election: Requesting vote from peer 71d6b0fe0b45450a809f4a25eb6bae51 (127.4.96.8:50961)
I0517 06:45:16.938905 13118 leader_election.cc:243] T 2344f0911d62405895a6c44edca703bc P 0d0febd027bb4eba809921f54e8e8a4c [CANDIDATE]: Term 1 election: Requesting vote from peer c7fc5683934e4c9f885de04addaa2076 (127.4.96.6:43583)
I0517 06:45:16.939435 13118 leader_election.cc:243] T 2344f0911d62405895a6c44edca703bc P 0d0febd027bb4eba809921f54e8e8a4c [CANDIDATE]: Term 1 election: Requesting vote from peer 6f7859ab255d4820bf262d97c42cdd80 (127.4.96.5:59751)
I0517 06:45:16.940153 13118 leader_election.cc:243] T 2344f0911d62405895a6c44edca703bc P 0d0febd027bb4eba809921f54e8e8a4c [CANDIDATE]: Term 1 election: Requesting vote from peer b2afd3be3c104d17802599476b02d509 (127.4.96.3:49957)
I0517 06:45:16.941433 12289 tablet_service.cc:995] Received RequestConsensusVote() RPC: tablet_id: "2344f0911d62405895a6c44edca703bc" candidate_uuid: "0d0febd027bb4eba809921f54e8e8a4c" candidate_term: 1 candidate_status { last_received { term: 0 index: 0 } } ignore_live_leader: false dest_uuid: "b2afd3be3c104d17802599476b02d509"
I0517 06:45:16.941521 12537 tablet_service.cc:995] Received RequestConsensusVote() RPC: tablet_id: "2344f0911d62405895a6c44edca703bc" candidate_uuid: "0d0febd027bb4eba809921f54e8e8a4c" candidate_term: 1 candidate_status { last_received { term: 0 index: 0 } } ignore_live_leader: false dest_uuid: "6f7859ab255d4820bf262d97c42cdd80"
I0517 06:45:16.941845 12289 raft_consensus.cc:2756] T 2344f0911d62405895a6c44edca703bc P b2afd3be3c104d17802599476b02d509 [term 0 FOLLOWER]: Advancing to term 1
I0517 06:45:16.941906 12537 raft_consensus.cc:2756] T 2344f0911d62405895a6c44edca703bc P 6f7859ab255d4820bf262d97c42cdd80 [term 0 FOLLOWER]: Advancing to term 1
I0517 06:45:16.942106 12289 raft_consensus.cc:2704] T 2344f0911d62405895a6c44edca703bc P b2afd3be3c104d17802599476b02d509: Snoozing failure detection for 1.651s (vote granted)
I0517 06:45:16.942169 12537 raft_consensus.cc:2704] T 2344f0911d62405895a6c44edca703bc P 6f7859ab255d4820bf262d97c42cdd80: Snoozing failure detection for 1.955s (vote granted)
I0517 06:45:16.947399 12289 raft_consensus.cc:2219] T 2344f0911d62405895a6c44edca703bc P b2afd3be3c104d17802599476b02d509 [term 1 FOLLOWER]: Leader election vote request: Granting yes vote for candidate 0d0febd027bb4eba809921f54e8e8a4c in term 1.
I0517 06:45:16.947293 12537 raft_consensus.cc:2219] T 2344f0911d62405895a6c44edca703bc P 6f7859ab255d4820bf262d97c42cdd80 [term 1 FOLLOWER]: Leader election vote request: Granting yes vote for candidate 0d0febd027bb4eba809921f54e8e8a4c in term 1.
I0517 06:45:16.948252 12716 leader_election.cc:379] T 2344f0911d62405895a6c44edca703bc P 0d0febd027bb4eba809921f54e8e8a4c [CANDIDATE]: Term 1 election: Vote granted by peer b2afd3be3c104d17802599476b02d509 (127.4.96.3:49957)
I0517 06:45:16.948684 12716 leader_election.cc:379] T 2344f0911d62405895a6c44edca703bc P 0d0febd027bb4eba809921f54e8e8a4c [CANDIDATE]: Term 1 election: Vote granted by peer 6f7859ab255d4820bf262d97c42cdd80 (127.4.96.5:59751)
I0517 06:45:16.948870 12716 leader_election.cc:270] T 2344f0911d62405895a6c44edca703bc P 0d0febd027bb4eba809921f54e8e8a4c [CANDIDATE]: Term 1 election: Election decided. Result: candidate won.
I0517 06:45:16.950567 13118 raft_consensus.cc:2704] T 2344f0911d62405895a6c44edca703bc P 0d0febd027bb4eba809921f54e8e8a4c: Snoozing failure detection for 2.060s (election complete)
I0517 06:45:16.950793 13118 raft_consensus.cc:2511] T 2344f0911d62405895a6c44edca703bc P 0d0febd027bb4eba809921f54e8e8a4c [term 1 FOLLOWER]: Leader election won for term 1
I0517 06:45:16.951954 13118 raft_consensus.cc:571] T 2344f0911d62405895a6c44edca703bc P 0d0febd027bb4eba809921f54e8e8a4c [term 1 LEADER]: Becoming Leader. State: Replica: 0d0febd027bb4eba809921f54e8e8a4c, State: Running, Role: LEADER
I0517 06:45:16.952461 13118 consensus_queue.cc:204] T 2344f0911d62405895a6c44edca703bc P 0d0febd027bb4eba809921f54e8e8a4c [LEADER]: Queue going to LEADER mode. State: All replicated index: 0, Majority replicated index: 0, Committed index: 0, Last appended: 0.0, Last appended by leader: 0, Current term: 1, Majority size: 3, State: 0, Mode: LEADER, active raft config: opid_index: -1 OBSOLETE_local: false peers { permanent_uuid: "71d6b0fe0b45450a809f4a25eb6bae51" member_type: VOTER last_known_addr { host: "127.4.96.8" port: 50961 } } peers { permanent_uuid: "c7fc5683934e4c9f885de04addaa2076" member_type: VOTER last_known_addr { host: "127.4.96.6" port: 43583 } } peers { permanent_uuid: "0d0febd027bb4eba809921f54e8e8a4c" member_type: VOTER last_known_addr { host: "127.4.96.7" port: 51391 } } peers { permanent_uuid: "6f7859ab255d4820bf262d97c42cdd80" member_type: VOTER last_known_addr { host: "127.4.96.5" port: 59751 } } peers { permanent_uuid: "b2afd3be3c104d17802599476b02d509" member_type: VOTER last_known_addr { host: "127.4.96.3" port: 49957 } }
I0517 06:45:16.967182 13141 raft_consensus.cc:2704] T 2344f0911d62405895a6c44edca703bc P c7fc5683934e4c9f885de04addaa2076: Snoozing failure detection for 1.584s (election complete)
W0517 06:45:16.967770 12592 outbound_call.cc:287] RPC callback for RPC call kudu.consensus.ConsensusService.RequestConsensusVote -> {remote=127.4.96.3:49957, user_credentials={real_user=slave}} blocked reactor thread for 47570.9us
I0517 06:45:16.969357 13141 raft_consensus.cc:2511] T 2344f0911d62405895a6c44edca703bc P c7fc5683934e4c9f885de04addaa2076 [term 0 FOLLOWER]: Leader pre-election won for term 1
I0517 06:45:16.969867 13141 raft_consensus.cc:435] T 2344f0911d62405895a6c44edca703bc P c7fc5683934e4c9f885de04addaa2076 [term 0 FOLLOWER]: Starting leader election (no leader contacted us within the election timeout)
I0517 06:45:16.974768 13141 raft_consensus.cc:2704] T 2344f0911d62405895a6c44edca703bc P c7fc5683934e4c9f885de04addaa2076: Snoozing failure detection for 1.945s (starting election)
I0517 06:45:16.975188 13141 raft_consensus.cc:2756] T 2344f0911d62405895a6c44edca703bc P c7fc5683934e4c9f885de04addaa2076 [term 0 FOLLOWER]: Advancing to term 1
I0517 06:45:16.976373 12662 tablet_service.cc:995] Received RequestConsensusVote() RPC: tablet_id: "2344f0911d62405895a6c44edca703bc" candidate_uuid: "b2afd3be3c104d17802599476b02d509" candidate_term: 1 candidate_status { last_received { term: 0 index: 0 } } ignore_live_leader: false dest_uuid: "c7fc5683934e4c9f885de04addaa2076" is_pre_election: true
W0517 06:45:16.461403 12954 tablet.cc:1678] T 2344f0911d62405895a6c44edca703bc P 71d6b0fe0b45450a809f4a25eb6bae51: Can't schedule compaction. Clean time has not been advanced past its initial value.
I0517 06:45:16.981081 11916 catalog_manager.cc:3686] T 2344f0911d62405895a6c44edca703bc P 0d0febd027bb4eba809921f54e8e8a4c reported cstate change: term changed from 0 to 1, leader changed from to 0d0febd027bb4eba809921f54e8e8a4c (127.4.96.7). New cstate: current_term: 1 leader_uuid: "0d0febd027bb4eba809921f54e8e8a4c" committed_config { opid_index: -1 OBSOLETE_local: false peers { permanent_uuid: "71d6b0fe0b45450a809f4a25eb6bae51" member_type: VOTER last_known_addr { host: "127.4.96.8" port: 50961 } health_report { overall_health: UNKNOWN } } peers { permanent_uuid: "c7fc5683934e4c9f885de04addaa2076" member_type: VOTER last_known_addr { host: "127.4.96.6" port: 43583 } health_report { overall_health: UNKNOWN } } peers { permanent_uuid: "0d0febd027bb4eba809921f54e8e8a4c" member_type: VOTER last_known_addr { host: "127.4.96.7" port: 51391 } health_report { overall_health: HEALTHY } } peers { permanent_uuid: "6f7859ab255d4820bf262d97c42cdd80" member_type: VOTER last_known_addr { host: "127.4.96.5" port: 59751 } health_report { overall_health: UNKNOWN } } peers { permanent_uuid: "b2afd3be3c104d17802599476b02d509" member_type: VOTER last_known_addr { host: "127.4.96.3" port: 49957 } health_report { overall_health: UNKNOWN } } }
I0517 06:45:17.004948 12289 tablet_service.cc:995] Received RequestConsensusVote() RPC: tablet_id: "2344f0911d62405895a6c44edca703bc" candidate_uuid: "6f7859ab255d4820bf262d97c42cdd80" candidate_term: 1 candidate_status { last_received { term: 0 index: 0 } } ignore_live_leader: false dest_uuid: "b2afd3be3c104d17802599476b02d509" is_pre_election: true
I0517 06:45:17.005532 12289 raft_consensus.cc:2149] T 2344f0911d62405895a6c44edca703bc P b2afd3be3c104d17802599476b02d509 [term 1 FOLLOWER]: Leader pre-election vote request: Denying vote to candidate 6f7859ab255d4820bf262d97c42cdd80 in current term 1: Already voted for candidate 0d0febd027bb4eba809921f54e8e8a4c in this term.
I0517 06:45:17.006927 12467 leader_election.cc:393] T 2344f0911d62405895a6c44edca703bc P 6f7859ab255d4820bf262d97c42cdd80 [CANDIDATE]: Term 1 pre-election: Vote denied by peer b2afd3be3c104d17802599476b02d509 (127.4.96.3:49957). Message: Invalid argument: T 2344f0911d62405895a6c44edca703bc P b2afd3be3c104d17802599476b02d509 [term 1 FOLLOWER]: Leader pre-election vote request: Denying vote to candidate 6f7859ab255d4820bf262d97c42cdd80 in current term 1: Already voted for candidate 0d0febd027bb4eba809921f54e8e8a4c in this term.
I0517 06:45:17.016690 12537 tablet_service.cc:995] Received RequestConsensusVote() RPC: tablet_id: "2344f0911d62405895a6c44edca703bc" candidate_uuid: "b2afd3be3c104d17802599476b02d509" candidate_term: 1 candidate_status { last_received { term: 0 index: 0 } } ignore_live_leader: false dest_uuid: "6f7859ab255d4820bf262d97c42cdd80" is_pre_election: true
I0517 06:45:17.017274 12537 raft_consensus.cc:2149] T 2344f0911d62405895a6c44edca703bc P 6f7859ab255d4820bf262d97c42cdd80 [term 1 FOLLOWER]: Leader pre-election vote request: Denying vote to candidate b2afd3be3c104d17802599476b02d509 in current term 1: Already voted for candidate 0d0febd027bb4eba809921f54e8e8a4c in this term.
I0517 06:45:17.019433 12219 leader_election.cc:393] T 2344f0911d62405895a6c44edca703bc P b2afd3be3c104d17802599476b02d509 [CANDIDATE]: Term 1 pre-election: Vote denied by peer 6f7859ab255d4820bf262d97c42cdd80 (127.4.96.5:59751). Message: Invalid argument: T 2344f0911d62405895a6c44edca703bc P 6f7859ab255d4820bf262d97c42cdd80 [term 1 FOLLOWER]: Leader pre-election vote request: Denying vote to candidate b2afd3be3c104d17802599476b02d509 in current term 1: Already voted for candidate 0d0febd027bb4eba809921f54e8e8a4c in this term.
I0517 06:45:17.018857 12786 tablet_service.cc:995] Received RequestConsensusVote() RPC: tablet_id: "2344f0911d62405895a6c44edca703bc" candidate_uuid: "6f7859ab255d4820bf262d97c42cdd80" candidate_term: 1 candidate_status { last_received { term: 0 index: 0 } } ignore_live_leader: false dest_uuid: "0d0febd027bb4eba809921f54e8e8a4c" is_pre_election: true
I0517 06:45:17.019479 12910 tablet_service.cc:995] Received RequestConsensusVote() RPC: tablet_id: "2344f0911d62405895a6c44edca703bc" candidate_uuid: "0d0febd027bb4eba809921f54e8e8a4c" candidate_term: 1 candidate_status { last_received { term: 0 index: 0 } } ignore_live_leader: false dest_uuid: "71d6b0fe0b45450a809f4a25eb6bae51" is_pre_election: true
I0517 06:45:17.019964 12786 raft_consensus.cc:2180] T 2344f0911d62405895a6c44edca703bc P 0d0febd027bb4eba809921f54e8e8a4c [term 1 LEADER]: Leader pre-election vote request: Denying vote to candidate 6f7859ab255d4820bf262d97c42cdd80 for term 1 because replica is either leader or believes a valid leader to be alive.
I0517 06:45:17.020066 12910 raft_consensus.cc:2704] T 2344f0911d62405895a6c44edca703bc P 71d6b0fe0b45450a809f4a25eb6bae51: Snoozing failure detection for 1.670s (vote granted)
I0517 06:45:17.020292 12910 raft_consensus.cc:2219] T 2344f0911d62405895a6c44edca703bc P 71d6b0fe0b45450a809f4a25eb6bae51 [term 0 FOLLOWER]: Leader pre-election vote request: Granting yes vote for candidate 0d0febd027bb4eba809921f54e8e8a4c in term 0.
I0517 06:45:17.021001 12471 leader_election.cc:393] T 2344f0911d62405895a6c44edca703bc P 6f7859ab255d4820bf262d97c42cdd80 [CANDIDATE]: Term 1 pre-election: Vote denied by peer 0d0febd027bb4eba809921f54e8e8a4c (127.4.96.7:51391). Message: Invalid argument: T 2344f0911d62405895a6c44edca703bc P 0d0febd027bb4eba809921f54e8e8a4c [term 1 LEADER]: Leader pre-election vote request: Denying vote to candidate 6f7859ab255d4820bf262d97c42cdd80 for term 1 because replica is either leader or believes a valid leader to be alive.
I0517 06:45:17.020967 12661 tablet_service.cc:995] Received RequestConsensusVote() RPC: tablet_id: "2344f0911d62405895a6c44edca703bc" candidate_uuid: "6f7859ab255d4820bf262d97c42cdd80" candidate_term: 1 candidate_status { last_received { term: 0 index: 0 } } ignore_live_leader: false dest_uuid: "c7fc5683934e4c9f885de04addaa2076" is_pre_election: true
I0517 06:45:17.021162 12909 tablet_service.cc:995] Received RequestConsensusVote() RPC: tablet_id: "2344f0911d62405895a6c44edca703bc" candidate_uuid: "0d0febd027bb4eba809921f54e8e8a4c" candidate_term: 1 candidate_status { last_received { term: 0 index: 0 } } ignore_live_leader: false dest_uuid: "71d6b0fe0b45450a809f4a25eb6bae51"
I0517 06:45:17.021584 12909 raft_consensus.cc:2756] T 2344f0911d62405895a6c44edca703bc P 71d6b0fe0b45450a809f4a25eb6bae51 [term 0 FOLLOWER]: Advancing to term 1
I0517 06:45:17.021806 12909 raft_consensus.cc:2704] T 2344f0911d62405895a6c44edca703bc P 71d6b0fe0b45450a809f4a25eb6bae51: Snoozing failure detection for 2.147s (vote granted)
I0517 06:45:17.006462 13141 raft_consensus.cc:457] T 2344f0911d62405895a6c44edca703bc P c7fc5683934e4c9f885de04addaa2076 [term 1 FOLLOWER]: Starting leader election with config: opid_index: -1 OBSOLETE_local: false peers { permanent_uuid: "71d6b0fe0b45450a809f4a25eb6bae51" member_type: VOTER last_known_addr { host: "127.4.96.8" port: 50961 } } peers { permanent_uuid: "c7fc5683934e4c9f885de04addaa2076" member_type: VOTER last_known_addr { host: "127.4.96.6" port: 43583 } } peers { permanent_uuid: "0d0febd027bb4eba809921f54e8e8a4c" member_type: VOTER last_known_addr { host: "127.4.96.7" port: 51391 } } peers { permanent_uuid: "6f7859ab255d4820bf262d97c42cdd80" member_type: VOTER last_known_addr { host: "127.4.96.5" port: 59751 } } peers { permanent_uuid: "b2afd3be3c104d17802599476b02d509" member_type: VOTER last_known_addr { host: "127.4.96.3" port: 49957 } }
I0517 06:45:17.025024 12662 raft_consensus.cc:2149] T 2344f0911d62405895a6c44edca703bc P c7fc5683934e4c9f885de04addaa2076 [term 1 FOLLOWER]: Leader pre-election vote request: Denying vote to candidate b2afd3be3c104d17802599476b02d509 in current term 1: Already voted for candidate c7fc5683934e4c9f885de04addaa2076 in this term.
I0517 06:45:17.026206 12661 raft_consensus.cc:2194] T 2344f0911d62405895a6c44edca703bc P c7fc5683934e4c9f885de04addaa2076 [term 1 FOLLOWER]: Leader pre-election vote request: Denying vote to candidate 6f7859ab255d4820bf262d97c42cdd80 for term 1 because replica is already servicing an update from a current leader or another vote.
I0517 06:45:17.027928 12717 leader_election.cc:379] T 2344f0911d62405895a6c44edca703bc P 0d0febd027bb4eba809921f54e8e8a4c [CANDIDATE]: Term 1 pre-election: Vote granted by peer 71d6b0fe0b45450a809f4a25eb6bae51 (127.4.96.8:50961)
I0517 06:45:17.028221 12467 leader_election.cc:393] T 2344f0911d62405895a6c44edca703bc P 6f7859ab255d4820bf262d97c42cdd80 [CANDIDATE]: Term 1 pre-election: Vote denied by peer c7fc5683934e4c9f885de04addaa2076 (127.4.96.6:43583). Message: Service unavailable: T 2344f0911d62405895a6c44edca703bc P c7fc5683934e4c9f885de04addaa2076 [term 1 FOLLOWER]: Leader pre-election vote request: Denying vote to candidate 6f7859ab255d4820bf262d97c42cdd80 for term 1 because replica is already servicing an update from a current leader or another vote.
I0517 06:45:17.028455 12467 leader_election.cc:270] T 2344f0911d62405895a6c44edca703bc P 6f7859ab255d4820bf262d97c42cdd80 [CANDIDATE]: Term 1 pre-election: Election decided. Result: candidate lost.
I0517 06:45:17.028980 13114 raft_consensus.cc:2704] T 2344f0911d62405895a6c44edca703bc P 6f7859ab255d4820bf262d97c42cdd80: Snoozing failure detection for 2.085s (election complete)
