I0517 06:44:43.959998 9867 env_posix.cc:1643] Not raising this process' running threads per effective uid limit of 60284; it is already as high as it can go
I0517 06:44:43.961695 9867 master_main.cc:83] Starting Master server...
I0517 06:44:44.002535 9867 rpc_server.cc:205] RPC server started. Bound to: 127.4.96.62:40202
I0517 06:44:44.003381 9867 webserver.cc:173] Starting webserver on 127.4.96.62:43421
I0517 06:44:44.003477 9867 webserver.cc:184] Document root disabled
I0517 06:44:44.004680 9867 webserver.cc:311] Webserver started. Bound to: http://127.4.96.62:43421/
I0517 06:44:44.005437 9867 server_base.cc:607] Dumped server information to /tmp/dist-test-task4QLboq/test-tmp/kudu-admin-test.0.AdminCliTest.TestUnsafeChangeConfigLeaderWithPendingConfig.1526539434354140-4480/raft_consensus-itest-cluster/master-0/data/info.pb
I0517 06:44:44.009411 4480 external_mini_cluster.cc:848] Started /tmp/dist-test-task4QLboq/build/tsan/bin/kudu-master as pid 9867
I0517 06:44:44.015102 9929 tablet_bootstrap.cc:436] T 00000000000000000000000000000000 P 952ce954d44a4751b333513bc1e723ec: Bootstrap starting.
I0517 06:44:44.040702 9929 log.cc:520] T 00000000000000000000000000000000 P 952ce954d44a4751b333513bc1e723ec: Log is configured to *not* fsync() on all Append() calls
I0517 06:44:44.052330 9929 tablet_bootstrap.cc:436] T 00000000000000000000000000000000 P 952ce954d44a4751b333513bc1e723ec: Bootstrap replayed 1/1 log segments. Stats: ops{read=7 overwritten=0 applied=7 ignored=1} inserts{seen=4 ignored=0} mutations{seen=2 ignored=0} orphaned_commits=0. Pending: 0 replicates
I0517 06:44:44.052882 9929 tablet_bootstrap.cc:436] T 00000000000000000000000000000000 P 952ce954d44a4751b333513bc1e723ec: Bootstrap complete.
I0517 06:44:44.070530 9929 raft_consensus.cc:303] T 00000000000000000000000000000000 P 952ce954d44a4751b333513bc1e723ec [term 1 FOLLOWER]: Replica starting. Triggering 0 pending transactions. Active config: opid_index: -1 OBSOLETE_local: true peers { permanent_uuid: "952ce954d44a4751b333513bc1e723ec" member_type: VOTER }
I0517 06:44:44.072098 9929 raft_consensus.cc:604] T 00000000000000000000000000000000 P 952ce954d44a4751b333513bc1e723ec [term 1 FOLLOWER]: Becoming Follower/Learner. State: Replica: 952ce954d44a4751b333513bc1e723ec, State: Initialized, Role: FOLLOWER
I0517 06:44:44.072585 9929 consensus_queue.cc:227] T 00000000000000000000000000000000 P 952ce954d44a4751b333513bc1e723ec [NON_LEADER]: Queue going to NON_LEADER mode. State: All replicated index: 0, Majority replicated index: 0, Committed index: 7, Last appended: 1.7, Last appended by leader: 7, Current term: 0, Majority size: -1, State: 0, Mode: NON_LEADER, active raft config: opid_index: -1 OBSOLETE_local: true peers { permanent_uuid: "952ce954d44a4751b333513bc1e723ec" member_type: VOTER }
I0517 06:44:44.072963 9929 raft_consensus.cc:343] T 00000000000000000000000000000000 P 952ce954d44a4751b333513bc1e723ec [term 1 FOLLOWER]: Only one voter in the Raft config. Triggering election immediately
I0517 06:44:44.073107 9929 raft_consensus.cc:435] T 00000000000000000000000000000000 P 952ce954d44a4751b333513bc1e723ec [term 1 FOLLOWER]: Starting leader election (initial election of a single-replica configuration)
I0517 06:44:44.073256 9929 raft_consensus.cc:2704] T 00000000000000000000000000000000 P 952ce954d44a4751b333513bc1e723ec: Snoozing failure detection for 1.947s (starting election)
I0517 06:44:44.073400 9929 raft_consensus.cc:2756] T 00000000000000000000000000000000 P 952ce954d44a4751b333513bc1e723ec [term 1 FOLLOWER]: Advancing to term 2
I0517 06:44:44.074329 9933 raft_consensus.cc:435] T 04d150767ee548d6b6d776284666ac51 P 44dc106a097740c3b1e984dd2ba3d664 [term 2 FOLLOWER]: Starting pre-election (detected failure of leader kudu-tools)
I0517 06:44:44.074602 9933 raft_consensus.cc:2704] T 04d150767ee548d6b6d776284666ac51 P 44dc106a097740c3b1e984dd2ba3d664: Snoozing failure detection for 1.770s (starting election)
I0517 06:44:44.074805 9933 raft_consensus.cc:457] T 04d150767ee548d6b6d776284666ac51 P 44dc106a097740c3b1e984dd2ba3d664 [term 2 FOLLOWER]: Starting pre-election with config: opid_index: 3 OBSOLETE_local: false peers { permanent_uuid: "44dc106a097740c3b1e984dd2ba3d664" member_type: VOTER last_known_addr { host: "127.4.96.2" port: 42545 } } unsafe_config_change: true
I0517 06:44:44.075248 9933 leader_election.cc:270] T 04d150767ee548d6b6d776284666ac51 P 44dc106a097740c3b1e984dd2ba3d664 [CANDIDATE]: Term 3 pre-election: Election decided. Result: candidate won.
I0517 06:44:44.076184 9933 raft_consensus.cc:2704] T 04d150767ee548d6b6d776284666ac51 P 44dc106a097740c3b1e984dd2ba3d664: Snoozing failure detection for 1.701s (election complete)
I0517 06:44:44.076370 9933 raft_consensus.cc:2511] T 04d150767ee548d6b6d776284666ac51 P 44dc106a097740c3b1e984dd2ba3d664 [term 2 FOLLOWER]: Leader pre-election won for term 3
I0517 06:44:44.076503 9933 raft_consensus.cc:435] T 04d150767ee548d6b6d776284666ac51 P 44dc106a097740c3b1e984dd2ba3d664 [term 2 FOLLOWER]: Starting leader election (detected failure of leader kudu-tools)
I0517 06:44:44.076653 9933 raft_consensus.cc:2704] T 04d150767ee548d6b6d776284666ac51 P 44dc106a097740c3b1e984dd2ba3d664: Snoozing failure detection for 2.171s (starting election)
I0517 06:44:44.076812 9933 raft_consensus.cc:2756] T 04d150767ee548d6b6d776284666ac51 P 44dc106a097740c3b1e984dd2ba3d664 [term 2 FOLLOWER]: Advancing to term 3
I0517 06:44:44.077682 9929 raft_consensus.cc:457] T 00000000000000000000000000000000 P 952ce954d44a4751b333513bc1e723ec [term 2 FOLLOWER]: Starting leader election with config: opid_index: -1 OBSOLETE_local: true peers { permanent_uuid: "952ce954d44a4751b333513bc1e723ec" member_type: VOTER }
I0517 06:44:44.078112 9929 leader_election.cc:270] T 00000000000000000000000000000000 P 952ce954d44a4751b333513bc1e723ec [CANDIDATE]: Term 2 election: Election decided. Result: candidate won.
I0517 06:44:44.079687 9933 raft_consensus.cc:457] T 04d150767ee548d6b6d776284666ac51 P 44dc106a097740c3b1e984dd2ba3d664 [term 3 FOLLOWER]: Starting leader election with config: opid_index: 3 OBSOLETE_local: false peers { permanent_uuid: "44dc106a097740c3b1e984dd2ba3d664" member_type: VOTER last_known_addr { host: "127.4.96.2" port: 42545 } } unsafe_config_change: true
I0517 06:44:44.080054 9933 leader_election.cc:270] T 04d150767ee548d6b6d776284666ac51 P 44dc106a097740c3b1e984dd2ba3d664 [CANDIDATE]: Term 3 election: Election decided. Result: candidate won.
I0517 06:44:44.080467 9934 raft_consensus.cc:2704] T 04d150767ee548d6b6d776284666ac51 P 44dc106a097740c3b1e984dd2ba3d664: Snoozing failure detection for 1.553s (election complete)
I0517 06:44:44.080721 9934 raft_consensus.cc:2511] T 04d150767ee548d6b6d776284666ac51 P 44dc106a097740c3b1e984dd2ba3d664 [term 3 FOLLOWER]: Leader election won for term 3
I0517 06:44:44.081099 9934 raft_consensus.cc:571] T 04d150767ee548d6b6d776284666ac51 P 44dc106a097740c3b1e984dd2ba3d664 [term 3 LEADER]: Becoming Leader. State: Replica: 44dc106a097740c3b1e984dd2ba3d664, State: Running, Role: LEADER
I0517 06:44:44.081452 9935 raft_consensus.cc:2704] T 00000000000000000000000000000000 P 952ce954d44a4751b333513bc1e723ec: Snoozing failure detection for 1.971s (election complete)
I0517 06:44:44.081460 9934 consensus_queue.cc:204] T 04d150767ee548d6b6d776284666ac51 P 44dc106a097740c3b1e984dd2ba3d664 [LEADER]: Queue going to LEADER mode. State: All replicated index: 0, Majority replicated index: 1, Committed index: 1, Last appended: 2.3, Last appended by leader: 0, Current term: 3, Majority size: 1, State: 0, Mode: LEADER, active raft config: opid_index: 3 OBSOLETE_local: false peers { permanent_uuid: "44dc106a097740c3b1e984dd2ba3d664" member_type: VOTER last_known_addr { host: "127.4.96.2" port: 42545 } } unsafe_config_change: true
I0517 06:44:44.081740 9935 raft_consensus.cc:2511] T 00000000000000000000000000000000 P 952ce954d44a4751b333513bc1e723ec [term 2 FOLLOWER]: Leader election won for term 2
I0517 06:44:44.085624 9935 raft_consensus.cc:571] T 00000000000000000000000000000000 P 952ce954d44a4751b333513bc1e723ec [term 2 LEADER]: Becoming Leader. State: Replica: 952ce954d44a4751b333513bc1e723ec, State: Running, Role: LEADER
I0517 06:44:44.086172 9935 consensus_queue.cc:204] T 00000000000000000000000000000000 P 952ce954d44a4751b333513bc1e723ec [LEADER]: Queue going to LEADER mode. State: All replicated index: 0, Majority replicated index: 7, Committed index: 7, Last appended: 1.7, Last appended by leader: 7, Current term: 2, Majority size: 1, State: 0, Mode: LEADER, active raft config: opid_index: -1 OBSOLETE_local: true peers { permanent_uuid: "952ce954d44a4751b333513bc1e723ec" member_type: VOTER }
I0517 06:44:44.089340 9934 raft_consensus.cc:2658] T 04d150767ee548d6b6d776284666ac51 P 44dc106a097740c3b1e984dd2ba3d664 [term 3 LEADER]: Committing config change with OpId 1.2: config changed from index -1 to 2, VOTER 4d50d25c58304e38b0d506069d0002ff (127.4.96.4) evicted. New config: { opid_index: 2 OBSOLETE_local: false peers { permanent_uuid: "44dc106a097740c3b1e984dd2ba3d664" member_type: VOTER last_known_addr { host: "127.4.96.2" port: 42545 } } peers { permanent_uuid: "120b69a6c7e24e98ad83d42c78805f4e" member_type: VOTER last_known_addr { host: "127.4.96.1" port: 41524 } } }
I0517 06:44:44.091886 9937 sys_catalog.cc:335] T 00000000000000000000000000000000 P 952ce954d44a4751b333513bc1e723ec [sys.catalog]: SysCatalogTable state changed. Reason: RaftConsensus started. Latest consensus state: current_term: 2 leader_uuid: "952ce954d44a4751b333513bc1e723ec" committed_config { opid_index: -1 OBSOLETE_local: true peers { permanent_uuid: "952ce954d44a4751b333513bc1e723ec" member_type: VOTER } }
I0517 06:44:44.092344 9937 sys_catalog.cc:338] T 00000000000000000000000000000000 P 952ce954d44a4751b333513bc1e723ec [sys.catalog]: This master's current role is: LEADER
W0517 06:44:44.094930 9934 rpcz_store.cc:251] Call kudu.consensus.ConsensusService.ChangeConfig from 127.0.0.1:35679 (request call id 30) took 3839ms (client timeout 2000).
W0517 06:44:44.095755 9934 rpcz_store.cc:255] Trace: 0517 06:44:40.255163 (+ 0us) service_pool.cc:162] Inserting onto call queue 0517 06:44:40.255247 (+ 84us) service_pool.cc:221] Handling call 0517 06:44:40.257528 (+ 2281us) log.cc:582] Serialized 364 byte log entry 0517 06:44:44.094877 (+3837349us) inbound_call.cc:162] Queueing success response Metrics: {"dns_us":35,"raft.queue_time_us":131,"raft.run_cpu_time_us":277,"raft.run_wall_time_us":278}
I0517 06:44:44.096738 9934 raft_consensus.cc:2658] T 04d150767ee548d6b6d776284666ac51 P 44dc106a097740c3b1e984dd2ba3d664 [term 3 LEADER]: Committing config change with OpId 2.3: config changed from index -1 to 3, VOTER 120b69a6c7e24e98ad83d42c78805f4e (127.4.96.1) evicted, VOTER 4d50d25c58304e38b0d506069d0002ff (127.4.96.4) evicted. New config: { opid_index: 3 OBSOLETE_local: false peers { permanent_uuid: "44dc106a097740c3b1e984dd2ba3d664" member_type: VOTER last_known_addr { host: "127.4.96.2" port: 42545 } } unsafe_config_change: true }
I0517 06:44:44.093228 9929 sys_catalog.cc:335] T 00000000000000000000000000000000 P 952ce954d44a4751b333513bc1e723ec [sys.catalog]: SysCatalogTable state changed. Reason: Started TabletReplica. Latest consensus state: current_term: 2 leader_uuid: "952ce954d44a4751b333513bc1e723ec" committed_config { opid_index: -1 OBSOLETE_local: true peers { permanent_uuid: "952ce954d44a4751b333513bc1e723ec" member_type: VOTER } }
I0517 06:44:44.160971 9929 sys_catalog.cc:338] T 00000000000000000000000000000000 P 952ce954d44a4751b333513bc1e723ec [sys.catalog]: This master's current role is: LEADER
I0517 06:44:44.162992 9929 sys_catalog.cc:422] T 00000000000000000000000000000000 P 952ce954d44a4751b333513bc1e723ec [sys.catalog]: configured and running, proceeding with master startup.
I0517 06:44:44.100561 9936 sys_catalog.cc:335] T 00000000000000000000000000000000 P 952ce954d44a4751b333513bc1e723ec [sys.catalog]: SysCatalogTable state changed. Reason: New leader 952ce954d44a4751b333513bc1e723ec. Latest consensus state: current_term: 2 leader_uuid: "952ce954d44a4751b333513bc1e723ec" committed_config { opid_index: -1 OBSOLETE_local: true peers { permanent_uuid: "952ce954d44a4751b333513bc1e723ec" member_type: VOTER } }
I0517 06:44:44.165218 9936 sys_catalog.cc:338] T 00000000000000000000000000000000 P 952ce954d44a4751b333513bc1e723ec [sys.catalog]: This master's current role is: LEADER
I0517 06:44:44.168092 9867 master_main.cc:86] Master server successfully started.
I0517 06:44:44.175535 9943 catalog_manager.cc:1045] T 00000000000000000000000000000000 P 952ce954d44a4751b333513bc1e723ec: acquiring CA information for follower catalog manager: success
I0517 06:44:44.178366 9943 catalog_manager.cc:1073] T 00000000000000000000000000000000 P 952ce954d44a4751b333513bc1e723ec: importing token verification keys for follower catalog manager: success; most recent TSK sequence number 0
I0517 06:44:44.178815 9942 catalog_manager.cc:1001] Loading table and tablet metadata into memory...
I0517 06:44:44.180224 9896 master_service.cc:205] Got heartbeat from unknown tserver (permanent_uuid: "44dc106a097740c3b1e984dd2ba3d664" instance_seqno: 1526539478015491) as {username='slave'} at 127.4.96.2:59833; Asking this server to re-register.
I0517 06:44:44.181641 9942 catalog_manager.cc:321] Loaded metadata for table TestTable [id=6eafaf0c70a344ef85e470ded1fd4cab]
I0517 06:44:44.181771 9430 heartbeater.cc:426] Registering TS with master...
I0517 06:44:44.183832 9896 ts_manager.cc:81] Registered new tserver with Master: 44dc106a097740c3b1e984dd2ba3d664 (127.4.96.2:42545)
I0517 06:44:44.184193 9942 catalog_manager.cc:375] Loaded metadata for tablet 04d150767ee548d6b6d776284666ac51 (table TestTable [id=6eafaf0c70a344ef85e470ded1fd4cab])
I0517 06:44:44.184739 9942 catalog_manager.cc:1012] Initializing Kudu internal certificate authority...
I0517 06:44:44.186514 9942 catalog_manager.cc:1021] Loading token signing keys...
I0517 06:44:44.188354 9942 catalog_manager.cc:3973] T 00000000000000000000000000000000 P 952ce954d44a4751b333513bc1e723ec: Loaded TSK: 0
I0517 06:44:44.494961 9896 master_service.cc:205] Got heartbeat from unknown tserver (permanent_uuid: "e59d0eda53f7443bb8b30c8f84fa5a37" instance_seqno: 1526539479428866) as {username='slave'} at 127.4.96.5:59610; Asking this server to re-register.
I0517 06:44:44.495836 9803 heartbeater.cc:426] Registering TS with master...
I0517 06:44:44.496085 9803 heartbeater.cc:475] Master 127.4.96.62:40202 requested a full tablet report, sending...
I0517 06:44:44.497221 9896 ts_manager.cc:81] Registered new tserver with Master: e59d0eda53f7443bb8b30c8f84fa5a37 (127.4.96.5:33454)
I0517 06:44:44.664988 9554 heartbeater.cc:346] Connected to a master server at 127.4.96.62:40202
I0517 06:44:44.666307 9896 master_service.cc:205] Got heartbeat from unknown tserver (permanent_uuid: "101a15d6048446abbf30c04b2944d96d" instance_seqno: 1526539478596007) as {username='slave'} at 127.4.96.3:59449; Asking this server to re-register.
I0517 06:44:44.667142 9554 heartbeater.cc:426] Registering TS with master...
I0517 06:44:44.667387 9554 heartbeater.cc:475] Master 127.4.96.62:40202 requested a full tablet report, sending...
I0517 06:44:44.668645 9896 ts_manager.cc:81] Registered new tserver with Master: 101a15d6048446abbf30c04b2944d96d (127.4.96.3:39331)
I0517 06:44:46.187237 9430 heartbeater.cc:467] Master 127.4.96.62:40202 was elected leader, sending a full tablet report...
I0517 06:44:46.189090 9896 catalog_manager.cc:3686] T 04d150767ee548d6b6d776284666ac51 P 44dc106a097740c3b1e984dd2ba3d664 reported cstate change: config changed from index -1 to 3, term changed from 1 to 3, VOTER 120b69a6c7e24e98ad83d42c78805f4e (127.4.96.1) evicted, VOTER 4d50d25c58304e38b0d506069d0002ff (127.4.96.4) evicted. New cstate: current_term: 3 leader_uuid: "44dc106a097740c3b1e984dd2ba3d664" committed_config { opid_index: 3 OBSOLETE_local: false peers { permanent_uuid: "44dc106a097740c3b1e984dd2ba3d664" member_type: VOTER last_known_addr { host: "127.4.96.2" port: 42545 } health_report { overall_health: HEALTHY } } unsafe_config_change: true }
I0517 06:44:46.203574 9896 catalog_manager.cc:2791] Scheduling retry of 04d150767ee548d6b6d776284666ac51 Delete Tablet RPC for TS=4d50d25c58304e38b0d506069d0002ff with a delay of 26 ms (attempt = 1)
W0517 06:44:46.203788 9896 catalog_manager.cc:3845] Failed to send 04d150767ee548d6b6d776284666ac51 Delete Tablet RPC for TS=4d50d25c58304e38b0d506069d0002ff: Not found: failed to reset TS proxy: Could not find TS for UUID 4d50d25c58304e38b0d506069d0002ff
I0517 06:44:46.203997 9896 catalog_manager.cc:2791] Scheduling retry of 04d150767ee548d6b6d776284666ac51 Delete Tablet RPC for TS=120b69a6c7e24e98ad83d42c78805f4e with a delay of 21 ms (attempt = 1)
W0517 06:44:46.204143 9896 catalog_manager.cc:3845] Failed to send 04d150767ee548d6b6d776284666ac51 Delete Tablet RPC for TS=120b69a6c7e24e98ad83d42c78805f4e: Not found: failed to reset TS proxy: Could not find TS for UUID 120b69a6c7e24e98ad83d42c78805f4e
I0517 06:44:46.204536 9896 catalog_manager.cc:3325] Sending ChangeConfig:ADD_PEER:NON_VOTER on tablet 04d150767ee548d6b6d776284666ac51 (attempt 1)
I0517 06:44:46.214396 9387 consensus_queue.cc:204] T 04d150767ee548d6b6d776284666ac51 P 44dc106a097740c3b1e984dd2ba3d664 [LEADER]: Queue going to LEADER mode. State: All replicated index: 0, Majority replicated index: 4, Committed index: 4, Last appended: 3.4, Last appended by leader: 0, Current term: 3, Majority size: 1, State: 0, Mode: LEADER, active raft config: opid_index: 5 OBSOLETE_local: false peers { permanent_uuid: "44dc106a097740c3b1e984dd2ba3d664" member_type: VOTER last_known_addr { host: "127.4.96.2" port: 42545 } } peers { permanent_uuid: "e59d0eda53f7443bb8b30c8f84fa5a37" member_type: NON_VOTER last_known_addr { host: "127.4.96.5" port: 33454 } attrs { promote: true } } unsafe_config_change: true
I0517 06:44:46.217510 9957 raft_consensus.cc:2658] T 04d150767ee548d6b6d776284666ac51 P 44dc106a097740c3b1e984dd2ba3d664 [term 3 LEADER]: Committing config change with OpId 3.5: config changed from index 3 to 5, NON_VOTER e59d0eda53f7443bb8b30c8f84fa5a37 (127.4.96.5) added. New config: { opid_index: 5 OBSOLETE_local: false peers { permanent_uuid: "44dc106a097740c3b1e984dd2ba3d664" member_type: VOTER last_known_addr { host: "127.4.96.2" port: 42545 } } peers { permanent_uuid: "e59d0eda53f7443bb8b30c8f84fa5a37" member_type: NON_VOTER last_known_addr { host: "127.4.96.5" port: 33454 } attrs { promote: true } } unsafe_config_change: true }
I0517 06:44:46.221420 9877 catalog_manager.cc:3240] ChangeConfig:ADD_PEER:NON_VOTER RPC for tablet 04d150767ee548d6b6d776284666ac51 with cas_config_opid_index 3: ChangeConfig:ADD_PEER:NON_VOTER succeeded (attempt 1)
I0517 06:44:46.223359 9896 catalog_manager.cc:3686] T 04d150767ee548d6b6d776284666ac51 P 44dc106a097740c3b1e984dd2ba3d664 reported cstate change: config changed from index 3 to 5, NON_VOTER e59d0eda53f7443bb8b30c8f84fa5a37 (127.4.96.5) added. New cstate: current_term: 3 leader_uuid: "44dc106a097740c3b1e984dd2ba3d664" committed_config { opid_index: 5 OBSOLETE_local: false peers { permanent_uuid: "44dc106a097740c3b1e984dd2ba3d664" member_type: VOTER last_known_addr { host: "127.4.96.2" port: 42545 } health_report { overall_health: HEALTHY } } peers { permanent_uuid: "e59d0eda53f7443bb8b30c8f84fa5a37" member_type: NON_VOTER last_known_addr { host: "127.4.96.5" port: 33454 } attrs { promote: true } health_report { overall_health: UNKNOWN } } unsafe_config_change: true }
I0517 06:44:46.225507 9878 catalog_manager.cc:2791] Scheduling retry of 04d150767ee548d6b6d776284666ac51 Delete Tablet RPC for TS=120b69a6c7e24e98ad83d42c78805f4e with a delay of 50 ms (attempt = 2)
W0517 06:44:46.225741 9878 catalog_manager.cc:2810] Async tablet task 04d150767ee548d6b6d776284666ac51 Delete Tablet RPC for TS=120b69a6c7e24e98ad83d42c78805f4e failed: Not found: failed to reset TS proxy: Could not find TS for UUID 120b69a6c7e24e98ad83d42c78805f4e
I0517 06:44:46.227927 9896 catalog_manager.cc:3325] Sending ChangeConfig:ADD_PEER:NON_VOTER on tablet 04d150767ee548d6b6d776284666ac51 (attempt 1)
I0517 06:44:46.229614 9387 consensus_peers.cc:456] T 04d150767ee548d6b6d776284666ac51 P 44dc106a097740c3b1e984dd2ba3d664 -> Peer e59d0eda53f7443bb8b30c8f84fa5a37 (127.4.96.5:33454): Closing peer: e59d0eda53f7443bb8b30c8f84fa5a37
I0517 06:44:46.230237 9876 catalog_manager.cc:2791] Scheduling retry of 04d150767ee548d6b6d776284666ac51 Delete Tablet RPC for TS=4d50d25c58304e38b0d506069d0002ff with a delay of 43 ms (attempt = 2)
W0517 06:44:46.230397 9876 catalog_manager.cc:2810] Async tablet task 04d150767ee548d6b6d776284666ac51 Delete Tablet RPC for TS=4d50d25c58304e38b0d506069d0002ff failed: Not found: failed to reset TS proxy: Could not find TS for UUID 4d50d25c58304e38b0d506069d0002ff
I0517 06:44:46.229995 9387 consensus_queue.cc:204] T 04d150767ee548d6b6d776284666ac51 P 44dc106a097740c3b1e984dd2ba3d664 [LEADER]: Queue going to LEADER mode. State: All replicated index: 0, Majority replicated index: 5, Committed index: 5, Last appended: 3.5, Last appended by leader: 0, Current term: 3, Majority size: 1, State: 0, Mode: LEADER, active raft config: opid_index: 6 OBSOLETE_local: false peers { permanent_uuid: "44dc106a097740c3b1e984dd2ba3d664" member_type: VOTER last_known_addr { host: "127.4.96.2" port: 42545 } } peers { permanent_uuid: "e59d0eda53f7443bb8b30c8f84fa5a37" member_type: NON_VOTER last_known_addr { host: "127.4.96.5" port: 33454 } attrs { promote: true } } peers { permanent_uuid: "101a15d6048446abbf30c04b2944d96d" member_type: NON_VOTER last_known_addr { host: "127.4.96.3" port: 39331 } attrs { promote: true } } unsafe_config_change: true
I0517 06:44:46.232614 9957 raft_consensus.cc:2658] T 04d150767ee548d6b6d776284666ac51 P 44dc106a097740c3b1e984dd2ba3d664 [term 3 LEADER]: Committing config change with OpId 3.6: config changed from index 5 to 6, NON_VOTER 101a15d6048446abbf30c04b2944d96d (127.4.96.3) added. New config: { opid_index: 6 OBSOLETE_local: false peers { permanent_uuid: "44dc106a097740c3b1e984dd2ba3d664" member_type: VOTER last_known_addr { host: "127.4.96.2" port: 42545 } } peers { permanent_uuid: "e59d0eda53f7443bb8b30c8f84fa5a37" member_type: NON_VOTER last_known_addr { host: "127.4.96.5" port: 33454 } attrs { promote: true } } peers { permanent_uuid: "101a15d6048446abbf30c04b2944d96d" member_type: NON_VOTER last_known_addr { host: "127.4.96.3" port: 39331 } attrs { promote: true } } unsafe_config_change: true }
I0517 06:44:46.238088 9877 catalog_manager.cc:3240] ChangeConfig:ADD_PEER:NON_VOTER RPC for tablet 04d150767ee548d6b6d776284666ac51 with cas_config_opid_index 5: ChangeConfig:ADD_PEER:NON_VOTER succeeded (attempt 1)
I0517 06:44:46.239468 9896 catalog_manager.cc:3686] T 04d150767ee548d6b6d776284666ac51 P 44dc106a097740c3b1e984dd2ba3d664 reported cstate change: config changed from index 5 to 6, NON_VOTER 101a15d6048446abbf30c04b2944d96d (127.4.96.3) added. New cstate: current_term: 3 leader_uuid: "44dc106a097740c3b1e984dd2ba3d664" committed_config { opid_index: 6 OBSOLETE_local: false peers { permanent_uuid: "44dc106a097740c3b1e984dd2ba3d664" member_type: VOTER last_known_addr { host: "127.4.96.2" port: 42545 } health_report { overall_health: HEALTHY } } peers { permanent_uuid: "e59d0eda53f7443bb8b30c8f84fa5a37" member_type: NON_VOTER last_known_addr { host: "127.4.96.5" port: 33454 } attrs { promote: true } health_report { overall_health: UNKNOWN } } peers { permanent_uuid: "101a15d6048446abbf30c04b2944d96d" member_type: NON_VOTER last_known_addr { host: "127.4.96.3" port: 39331 } attrs { promote: true } health_report { overall_health: UNKNOWN } } unsafe_config_change: true }
W0517 06:44:46.242403 9319 consensus_peers.cc:434] T 04d150767ee548d6b6d776284666ac51 P 44dc106a097740c3b1e984dd2ba3d664 -> Peer e59d0eda53f7443bb8b30c8f84fa5a37 (127.4.96.5:33454): Couldn't send request to peer e59d0eda53f7443bb8b30c8f84fa5a37 for tablet 04d150767ee548d6b6d776284666ac51. Error code: TABLET_NOT_FOUND (6). Status: Not found: Tablet not found: 04d150767ee548d6b6d776284666ac51. Retrying in the next heartbeat period. Already tried 1 times.
W0517 06:44:46.244956 9319 consensus_peers.cc:434] T 04d150767ee548d6b6d776284666ac51 P 44dc106a097740c3b1e984dd2ba3d664 -> Peer 101a15d6048446abbf30c04b2944d96d (127.4.96.3:39331): Couldn't send request to peer 101a15d6048446abbf30c04b2944d96d for tablet 04d150767ee548d6b6d776284666ac51. Error code: TABLET_NOT_FOUND (6). Status: Not found: Tablet not found: 04d150767ee548d6b6d776284666ac51. Retrying in the next heartbeat period. Already tried 1 times.
I0517 06:44:46.273819 9876 catalog_manager.cc:2791] Scheduling retry of 04d150767ee548d6b6d776284666ac51 Delete Tablet RPC for TS=4d50d25c58304e38b0d506069d0002ff with a delay of 106 ms (attempt = 3)
W0517 06:44:46.274018 9876 catalog_manager.cc:2810] Async tablet task 04d150767ee548d6b6d776284666ac51 Delete Tablet RPC for TS=4d50d25c58304e38b0d506069d0002ff failed: Not found: failed to reset TS proxy: Could not find TS for UUID 4d50d25c58304e38b0d506069d0002ff
I0517 06:44:46.276212 9878 catalog_manager.cc:2791] Scheduling retry of 04d150767ee548d6b6d776284666ac51 Delete Tablet RPC for TS=120b69a6c7e24e98ad83d42c78805f4e with a delay of 96 ms (attempt = 3)
W0517 06:44:46.276381 9878 catalog_manager.cc:2810] Async tablet task 04d150767ee548d6b6d776284666ac51 Delete Tablet RPC for TS=120b69a6c7e24e98ad83d42c78805f4e failed: Not found: failed to reset TS proxy: Could not find TS for UUID 120b69a6c7e24e98ad83d42c78805f4e
I0517 06:44:46.373014 9878 catalog_manager.cc:2791] Scheduling retry of 04d150767ee548d6b6d776284666ac51 Delete Tablet RPC for TS=120b69a6c7e24e98ad83d42c78805f4e with a delay of 174 ms (attempt = 4)
W0517 06:44:46.373217 9878 catalog_manager.cc:2810] Async tablet task 04d150767ee548d6b6d776284666ac51 Delete Tablet RPC for TS=120b69a6c7e24e98ad83d42c78805f4e failed: Not found: failed to reset TS proxy: Could not find TS for UUID 120b69a6c7e24e98ad83d42c78805f4e
I0517 06:44:46.380611 9876 catalog_manager.cc:2791] Scheduling retry of 04d150767ee548d6b6d776284666ac51 Delete Tablet RPC for TS=4d50d25c58304e38b0d506069d0002ff with a delay of 157 ms (attempt = 4)
W0517 06:44:46.380779 9876 catalog_manager.cc:2810] Async tablet task 04d150767ee548d6b6d776284666ac51 Delete Tablet RPC for TS=4d50d25c58304e38b0d506069d0002ff failed: Not found: failed to reset TS proxy: Could not find TS for UUID 4d50d25c58304e38b0d506069d0002ff
I0517 06:44:46.538616 9876 catalog_manager.cc:2791] Scheduling retry of 04d150767ee548d6b6d776284666ac51 Delete Tablet RPC for TS=4d50d25c58304e38b0d506069d0002ff with a delay of 277 ms (attempt = 5)
W0517 06:44:46.538790 9876 catalog_manager.cc:2810] Async tablet task 04d150767ee548d6b6d776284666ac51 Delete Tablet RPC for TS=4d50d25c58304e38b0d506069d0002ff failed: Not found: failed to reset TS proxy: Could not find TS for UUID 4d50d25c58304e38b0d506069d0002ff
I0517 06:44:46.548238 9878 catalog_manager.cc:2791] Scheduling retry of 04d150767ee548d6b6d776284666ac51 Delete Tablet RPC for TS=120b69a6c7e24e98ad83d42c78805f4e with a delay of 276 ms (attempt = 5)
W0517 06:44:46.548569 9878 catalog_manager.cc:2810] Async tablet task 04d150767ee548d6b6d776284666ac51 Delete Tablet RPC for TS=120b69a6c7e24e98ad83d42c78805f4e failed: Not found: failed to reset TS proxy: Could not find TS for UUID 120b69a6c7e24e98ad83d42c78805f4e
I0517 06:44:46.802426 9964 ts_tablet_manager.cc:669] T 04d150767ee548d6b6d776284666ac51 P e59d0eda53f7443bb8b30c8f84fa5a37: Initiating tablet copy from peer 44dc106a097740c3b1e984dd2ba3d664 (127.4.96.2:42545)
I0517 06:44:46.802700 9964 tablet_copy_client.cc:239] T 04d150767ee548d6b6d776284666ac51 P e59d0eda53f7443bb8b30c8f84fa5a37: tablet copy: Beginning tablet copy session from remote peer at address 127.4.96.2:42545
I0517 06:44:46.811193 9407 tablet_copy_service.cc:133] P 44dc106a097740c3b1e984dd2ba3d664: Received BeginTabletCopySession request for tablet 04d150767ee548d6b6d776284666ac51 from peer e59d0eda53f7443bb8b30c8f84fa5a37 ({username='slave'} at 127.4.96.5:56305)
I0517 06:44:46.811419 9407 tablet_copy_service.cc:154] P 44dc106a097740c3b1e984dd2ba3d664: Beginning new tablet copy session on tablet 04d150767ee548d6b6d776284666ac51 from peer e59d0eda53f7443bb8b30c8f84fa5a37 at {username='slave'} at 127.4.96.5:56305: session id = e59d0eda53f7443bb8b30c8f84fa5a37-04d150767ee548d6b6d776284666ac51
I0517 06:44:46.814851 9407 tablet_copy_source_session.cc:202] T 04d150767ee548d6b6d776284666ac51 P 44dc106a097740c3b1e984dd2ba3d664: Tablet Copy: opened 0 blocks and 1 log segments
I0517 06:44:46.816862 9876 catalog_manager.cc:2791] Scheduling retry of 04d150767ee548d6b6d776284666ac51 Delete Tablet RPC for TS=4d50d25c58304e38b0d506069d0002ff with a delay of 546 ms (attempt = 6)
W0517 06:44:46.817081 9876 catalog_manager.cc:2810] Async tablet task 04d150767ee548d6b6d776284666ac51 Delete Tablet RPC for TS=4d50d25c58304e38b0d506069d0002ff failed: Not found: failed to reset TS proxy: Could not find TS for UUID 4d50d25c58304e38b0d506069d0002ff
I0517 06:44:46.817847 9964 data_dirs.cc:934] Could only allocate 1 dirs of requested 3 for tablet 04d150767ee548d6b6d776284666ac51. 1 dirs total, 0 dirs full, 0 dirs failed
I0517 06:44:46.825816 9878 catalog_manager.cc:2791] Scheduling retry of 04d150767ee548d6b6d776284666ac51 Delete Tablet RPC for TS=120b69a6c7e24e98ad83d42c78805f4e with a delay of 534 ms (attempt = 6)
W0517 06:44:46.826076 9878 catalog_manager.cc:2810] Async tablet task 04d150767ee548d6b6d776284666ac51 Delete Tablet RPC for TS=120b69a6c7e24e98ad83d42c78805f4e failed: Not found: failed to reset TS proxy: Could not find TS for UUID 120b69a6c7e24e98ad83d42c78805f4e
I0517 06:44:46.828826 9964 ts_tablet_manager.cc:1173] T 04d150767ee548d6b6d776284666ac51 P e59d0eda53f7443bb8b30c8f84fa5a37: Registered tablet (data state: TABLET_DATA_COPYING)
I0517 06:44:46.829160 9964 tablet_copy_client.cc:565] T 04d150767ee548d6b6d776284666ac51 P e59d0eda53f7443bb8b30c8f84fa5a37: tablet copy: Starting download of 0 data blocks...
I0517 06:44:46.829387 9964 tablet_copy_client.cc:528] T 04d150767ee548d6b6d776284666ac51 P e59d0eda53f7443bb8b30c8f84fa5a37: tablet copy: Starting download of 1 WAL segments...
I0517 06:44:46.830508 9967 ts_tablet_manager.cc:669] T 04d150767ee548d6b6d776284666ac51 P 101a15d6048446abbf30c04b2944d96d: Initiating tablet copy from peer 44dc106a097740c3b1e984dd2ba3d664 (127.4.96.2:42545)
I0517 06:44:46.830785 9967 tablet_copy_client.cc:239] T 04d150767ee548d6b6d776284666ac51 P 101a15d6048446abbf30c04b2944d96d: tablet copy: Beginning tablet copy session from remote peer at address 127.4.96.2:42545
I0517 06:44:46.831496 9964 tablet_copy_client.cc:404] T 04d150767ee548d6b6d776284666ac51 P e59d0eda53f7443bb8b30c8f84fa5a37: tablet copy: Tablet Copy complete. Replacing tablet superblock.
I0517 06:44:46.835175 9964 ts_tablet_manager.cc:1028] T 04d150767ee548d6b6d776284666ac51 P e59d0eda53f7443bb8b30c8f84fa5a37: Bootstrapping tablet
I0517 06:44:46.835651 9964 tablet_bootstrap.cc:436] T 04d150767ee548d6b6d776284666ac51 P e59d0eda53f7443bb8b30c8f84fa5a37: Bootstrap starting.
I0517 06:44:46.841125 9407 tablet_copy_service.cc:133] P 44dc106a097740c3b1e984dd2ba3d664: Received BeginTabletCopySession request for tablet 04d150767ee548d6b6d776284666ac51 from peer 101a15d6048446abbf30c04b2944d96d ({username='slave'} at 127.4.96.3:50774)
I0517 06:44:46.841336 9407 tablet_copy_service.cc:154] P 44dc106a097740c3b1e984dd2ba3d664: Beginning new tablet copy session on tablet 04d150767ee548d6b6d776284666ac51 from peer 101a15d6048446abbf30c04b2944d96d at {username='slave'} at 127.4.96.3:50774: session id = 101a15d6048446abbf30c04b2944d96d-04d150767ee548d6b6d776284666ac51
I0517 06:44:46.841967 9964 log.cc:520] T 04d150767ee548d6b6d776284666ac51 P e59d0eda53f7443bb8b30c8f84fa5a37: Log is configured to *not* fsync() on all Append() calls
I0517 06:44:46.844169 9407 tablet_copy_source_session.cc:202] T 04d150767ee548d6b6d776284666ac51 P 44dc106a097740c3b1e984dd2ba3d664: Tablet Copy: opened 0 blocks and 1 log segments
I0517 06:44:46.846772 9967 data_dirs.cc:934] Could only allocate 1 dirs of requested 3 for tablet 04d150767ee548d6b6d776284666ac51. 1 dirs total, 0 dirs full, 0 dirs failed
I0517 06:44:46.849611 9964 tablet_bootstrap.cc:436] T 04d150767ee548d6b6d776284666ac51 P e59d0eda53f7443bb8b30c8f84fa5a37: Bootstrap replayed 1/1 log segments. Stats: ops{read=6 overwritten=0 applied=6 ignored=0} inserts{seen=0 ignored=0} mutations{seen=0 ignored=0} orphaned_commits=0. Pending: 0 replicates
I0517 06:44:46.850208 9964 tablet_bootstrap.cc:436] T 04d150767ee548d6b6d776284666ac51 P e59d0eda53f7443bb8b30c8f84fa5a37: Bootstrap complete.
I0517 06:44:46.850630 9964 ts_tablet_manager.cc:1045] T 04d150767ee548d6b6d776284666ac51 P e59d0eda53f7443bb8b30c8f84fa5a37: Time spent bootstrapping tablet: real 0.015s user 0.016s sys 0.000s
I0517 06:44:46.862818 9967 ts_tablet_manager.cc:1173] T 04d150767ee548d6b6d776284666ac51 P 101a15d6048446abbf30c04b2944d96d: Registered tablet (data state: TABLET_DATA_COPYING)
I0517 06:44:46.863265 9967 tablet_copy_client.cc:565] T 04d150767ee548d6b6d776284666ac51 P 101a15d6048446abbf30c04b2944d96d: tablet copy: Starting download of 0 data blocks...
I0517 06:44:46.863543 9967 tablet_copy_client.cc:528] T 04d150767ee548d6b6d776284666ac51 P 101a15d6048446abbf30c04b2944d96d: tablet copy: Starting download of 1 WAL segments...
I0517 06:44:46.864934 9964 raft_consensus.cc:303] T 04d150767ee548d6b6d776284666ac51 P e59d0eda53f7443bb8b30c8f84fa5a37 [term 3 LEARNER]: Replica starting. Triggering 0 pending transactions. Active config: opid_index: 6 OBSOLETE_local: false peers { permanent_uuid: "44dc106a097740c3b1e984dd2ba3d664" member_type: VOTER last_known_addr { host: "127.4.96.2" port: 42545 } } peers { permanent_uuid: "e59d0eda53f7443bb8b30c8f84fa5a37" member_type: NON_VOTER last_known_addr { host: "127.4.96.5" port: 33454 } attrs { promote: true } } peers { permanent_uuid: "101a15d6048446abbf30c04b2944d96d" member_type: NON_VOTER last_known_addr { host: "127.4.96.3" port: 39331 } attrs { promote: true } } unsafe_config_change: true
I0517 06:44:46.865504 9967 tablet_copy_client.cc:404] T 04d150767ee548d6b6d776284666ac51 P 101a15d6048446abbf30c04b2944d96d: tablet copy: Tablet Copy complete. Replacing tablet superblock.
I0517 06:44:46.865563 9964 raft_consensus.cc:604] T 04d150767ee548d6b6d776284666ac51 P e59d0eda53f7443bb8b30c8f84fa5a37 [term 3 LEARNER]: Becoming Follower/Learner. State: Replica: e59d0eda53f7443bb8b30c8f84fa5a37, State: Initialized, Role: LEARNER
I0517 06:44:46.865990 9964 consensus_queue.cc:227] T 04d150767ee548d6b6d776284666ac51 P e59d0eda53f7443bb8b30c8f84fa5a37 [NON_LEADER]: Queue going to NON_LEADER mode. State: All replicated index: 0, Majority replicated index: 0, Committed index: 6, Last appended: 3.6, Last appended by leader: 6, Current term: 0, Majority size: -1, State: 0, Mode: NON_LEADER, active raft config: opid_index: 6 OBSOLETE_local: false peers { permanent_uuid: "44dc106a097740c3b1e984dd2ba3d664" member_type: VOTER last_known_addr { host: "127.4.96.2" port: 42545 } } peers { permanent_uuid: "e59d0eda53f7443bb8b30c8f84fa5a37" member_type: NON_VOTER last_known_addr { host: "127.4.96.5" port: 33454 } attrs { promote: true } } peers { permanent_uuid: "101a15d6048446abbf30c04b2944d96d" member_type: NON_VOTER last_known_addr { host: "127.4.96.3" port: 39331 } attrs { promote: true } } unsafe_config_change: true
I0517 06:44:46.868530 9964 ts_tablet_manager.cc:1073] T 04d150767ee548d6b6d776284666ac51 P e59d0eda53f7443bb8b30c8f84fa5a37: Time spent starting tablet: real 0.018s user 0.016s sys 0.000s
I0517 06:44:46.869436 9967 ts_tablet_manager.cc:1028] T 04d150767ee548d6b6d776284666ac51 P 101a15d6048446abbf30c04b2944d96d: Bootstrapping tablet
I0517 06:44:46.869664 9407 tablet_copy_service.cc:323] P 44dc106a097740c3b1e984dd2ba3d664: Request end of tablet copy session e59d0eda53f7443bb8b30c8f84fa5a37-04d150767ee548d6b6d776284666ac51 received from {username='slave'} at 127.4.96.5:56305
I0517 06:44:46.869765 9967 tablet_bootstrap.cc:436] T 04d150767ee548d6b6d776284666ac51 P 101a15d6048446abbf30c04b2944d96d: Bootstrap starting.
I0517 06:44:46.869874 9407 tablet_copy_service.cc:411] P 44dc106a097740c3b1e984dd2ba3d664: Ending tablet copy session e59d0eda53f7443bb8b30c8f84fa5a37-04d150767ee548d6b6d776284666ac51 on tablet 04d150767ee548d6b6d776284666ac51 with peer e59d0eda53f7443bb8b30c8f84fa5a37
I0517 06:44:46.875082 9967 log.cc:520] T 04d150767ee548d6b6d776284666ac51 P 101a15d6048446abbf30c04b2944d96d: Log is configured to *not* fsync() on all Append() calls
I0517 06:44:46.881294 9967 tablet_bootstrap.cc:436] T 04d150767ee548d6b6d776284666ac51 P 101a15d6048446abbf30c04b2944d96d: Bootstrap replayed 1/1 log segments. Stats: ops{read=6 overwritten=0 applied=6 ignored=0} inserts{seen=0 ignored=0} mutations{seen=0 ignored=0} orphaned_commits=0. Pending: 0 replicates
I0517 06:44:46.881745 9967 tablet_bootstrap.cc:436] T 04d150767ee548d6b6d776284666ac51 P 101a15d6048446abbf30c04b2944d96d: Bootstrap complete.
I0517 06:44:46.882059 9967 ts_tablet_manager.cc:1045] T 04d150767ee548d6b6d776284666ac51 P 101a15d6048446abbf30c04b2944d96d: Time spent bootstrapping tablet: real 0.012s user 0.016s sys 0.000s
I0517 06:44:46.891218 9967 raft_consensus.cc:303] T 04d150767ee548d6b6d776284666ac51 P 101a15d6048446abbf30c04b2944d96d [term 3 LEARNER]: Replica starting. Triggering 0 pending transactions. Active config: opid_index: 6 OBSOLETE_local: false peers { permanent_uuid: "44dc106a097740c3b1e984dd2ba3d664" member_type: VOTER last_known_addr { host: "127.4.96.2" port: 42545 } } peers { permanent_uuid: "e59d0eda53f7443bb8b30c8f84fa5a37" member_type: NON_VOTER last_known_addr { host: "127.4.96.5" port: 33454 } attrs { promote: true } } peers { permanent_uuid: "101a15d6048446abbf30c04b2944d96d" member_type: NON_VOTER last_known_addr { host: "127.4.96.3" port: 39331 } attrs { promote: true } } unsafe_config_change: true
I0517 06:44:46.891757 9967 raft_consensus.cc:604] T 04d150767ee548d6b6d776284666ac51 P 101a15d6048446abbf30c04b2944d96d [term 3 LEARNER]: Becoming Follower/Learner. State: Replica: 101a15d6048446abbf30c04b2944d96d, State: Initialized, Role: LEARNER
I0517 06:44:46.892061 9967 consensus_queue.cc:227] T 04d150767ee548d6b6d776284666ac51 P 101a15d6048446abbf30c04b2944d96d [NON_LEADER]: Queue going to NON_LEADER mode. State: All replicated index: 0, Majority replicated index: 0, Committed index: 6, Last appended: 3.6, Last appended by leader: 6, Current term: 0, Majority size: -1, State: 0, Mode: NON_LEADER, active raft config: opid_index: 6 OBSOLETE_local: false peers { permanent_uuid: "44dc106a097740c3b1e984dd2ba3d664" member_type: VOTER last_known_addr { host: "127.4.96.2" port: 42545 } } peers { permanent_uuid: "e59d0eda53f7443bb8b30c8f84fa5a37" member_type: NON_VOTER last_known_addr { host: "127.4.96.5" port: 33454 } attrs { promote: true } } peers { permanent_uuid: "101a15d6048446abbf30c04b2944d96d" member_type: NON_VOTER last_known_addr { host: "127.4.96.3" port: 39331 } attrs { promote: true } } unsafe_config_change: true
I0517 06:44:46.894093 9967 ts_tablet_manager.cc:1073] T 04d150767ee548d6b6d776284666ac51 P 101a15d6048446abbf30c04b2944d96d: Time spent starting tablet: real 0.012s user 0.012s sys 0.000s
I0517 06:44:46.894997 9407 tablet_copy_service.cc:323] P 44dc106a097740c3b1e984dd2ba3d664: Request end of tablet copy session 101a15d6048446abbf30c04b2944d96d-04d150767ee548d6b6d776284666ac51 received from {username='slave'} at 127.4.96.3:50774
I0517 06:44:46.895170 9407 tablet_copy_service.cc:411] P 44dc106a097740c3b1e984dd2ba3d664: Ending tablet copy session 101a15d6048446abbf30c04b2944d96d-04d150767ee548d6b6d776284666ac51 on tablet 04d150767ee548d6b6d776284666ac51 with peer 101a15d6048446abbf30c04b2944d96d
W0517 06:44:46.955510 9804 tablet.cc:1678] T 04d150767ee548d6b6d776284666ac51 P e59d0eda53f7443bb8b30c8f84fa5a37: Can't schedule compaction. Clean time has not been advanced past its initial value.
W0517 06:44:47.124526 9555 tablet.cc:1678] T 04d150767ee548d6b6d776284666ac51 P 101a15d6048446abbf30c04b2944d96d: Can't schedule compaction. Clean time has not been advanced past its initial value.
I0517 06:44:47.185942 9760 raft_consensus.cc:1002] T 04d150767ee548d6b6d776284666ac51 P e59d0eda53f7443bb8b30c8f84fa5a37 [term 3 LEARNER]: Deduplicated request from leader. Original: 3.5->[3.6-3.6] Dedup: 3.6->[]
I0517 06:44:47.203300 9511 raft_consensus.cc:1002] T 04d150767ee548d6b6d776284666ac51 P 101a15d6048446abbf30c04b2944d96d [term 3 LEARNER]: Deduplicated request from leader. Original: 3.5->[3.6-3.6] Dedup: 3.6->[]
I0517 06:44:47.361330 9878 catalog_manager.cc:2791] Scheduling retry of 04d150767ee548d6b6d776284666ac51 Delete Tablet RPC for TS=120b69a6c7e24e98ad83d42c78805f4e with a delay of 1051 ms (attempt = 7)
W0517 06:44:47.361522 9878 catalog_manager.cc:2810] Async tablet task 04d150767ee548d6b6d776284666ac51 Delete Tablet RPC for TS=120b69a6c7e24e98ad83d42c78805f4e failed: Not found: failed to reset TS proxy: Could not find TS for UUID 120b69a6c7e24e98ad83d42c78805f4e
I0517 06:44:47.363677 9876 catalog_manager.cc:2791] Scheduling retry of 04d150767ee548d6b6d776284666ac51 Delete Tablet RPC for TS=4d50d25c58304e38b0d506069d0002ff with a delay of 1058 ms (attempt = 7)
W0517 06:44:47.363844 9876 catalog_manager.cc:2810] Async tablet task 04d150767ee548d6b6d776284666ac51 Delete Tablet RPC for TS=4d50d25c58304e38b0d506069d0002ff failed: Not found: failed to reset TS proxy: Could not find TS for UUID 4d50d25c58304e38b0d506069d0002ff
I0517 06:44:47.628372 9974 raft_consensus.cc:866] T 04d150767ee548d6b6d776284666ac51 P 44dc106a097740c3b1e984dd2ba3d664: attempting to promote NON_VOTER 101a15d6048446abbf30c04b2944d96d to VOTER
I0517 06:44:47.629037 9974 consensus_peers.cc:456] T 04d150767ee548d6b6d776284666ac51 P 44dc106a097740c3b1e984dd2ba3d664 -> Peer 101a15d6048446abbf30c04b2944d96d (127.4.96.3:39331): Closing peer: 101a15d6048446abbf30c04b2944d96d
I0517 06:44:47.629195 9974 consensus_peers.cc:456] T 04d150767ee548d6b6d776284666ac51 P 44dc106a097740c3b1e984dd2ba3d664 -> Peer e59d0eda53f7443bb8b30c8f84fa5a37 (127.4.96.5:33454): Closing peer: e59d0eda53f7443bb8b30c8f84fa5a37
I0517 06:44:47.629628 9974 consensus_queue.cc:204] T 04d150767ee548d6b6d776284666ac51 P 44dc106a097740c3b1e984dd2ba3d664 [LEADER]: Queue going to LEADER mode. State: All replicated index: 0, Majority replicated index: 6, Committed index: 6, Last appended: 3.6, Last appended by leader: 0, Current term: 3, Majority size: 2, State: 0, Mode: LEADER, active raft config: opid_index: 7 OBSOLETE_local: false peers { permanent_uuid: "44dc106a097740c3b1e984dd2ba3d664" member_type: VOTER last_known_addr { host: "127.4.96.2" port: 42545 } } peers { permanent_uuid: "e59d0eda53f7443bb8b30c8f84fa5a37" member_type: NON_VOTER last_known_addr { host: "127.4.96.5" port: 33454 } attrs { promote: true } } peers { permanent_uuid: "101a15d6048446abbf30c04b2944d96d" member_type: VOTER last_known_addr { host: "127.4.96.3" port: 39331 } attrs { promote: false } } unsafe_config_change: true
I0517 06:44:47.632863 9511 raft_consensus.cc:1057] T 04d150767ee548d6b6d776284666ac51 P 101a15d6048446abbf30c04b2944d96d [term 3 LEARNER]: Refusing update from remote peer 44dc106a097740c3b1e984dd2ba3d664: Log matching property violated. Preceding OpId in replica: term: 3 index: 6. Preceding OpId from leader: term: 3 index: 7. (index mismatch)
I0517 06:44:47.633075 9760 raft_consensus.cc:1057] T 04d150767ee548d6b6d776284666ac51 P e59d0eda53f7443bb8b30c8f84fa5a37 [term 3 LEARNER]: Refusing update from remote peer 44dc106a097740c3b1e984dd2ba3d664: Log matching property violated. Preceding OpId in replica: term: 3 index: 6. Preceding OpId from leader: term: 3 index: 7. (index mismatch)
I0517 06:44:47.633877 9974 consensus_queue.cc:963] T 04d150767ee548d6b6d776284666ac51 P 44dc106a097740c3b1e984dd2ba3d664 [LEADER]: Connected to new peer: Peer: permanent_uuid: "101a15d6048446abbf30c04b2944d96d" member_type: VOTER last_known_addr { host: "127.4.96.3" port: 39331 } attrs { promote: false }, Status: LMP_MISMATCH, Last received: 0.0, Next index: 7, Last known committed idx: 6, Time since last communication: 0.000s
I0517 06:44:47.634389 9963 consensus_queue.cc:963] T 04d150767ee548d6b6d776284666ac51 P 44dc106a097740c3b1e984dd2ba3d664 [LEADER]: Connected to new peer: Peer: permanent_uuid: "e59d0eda53f7443bb8b30c8f84fa5a37" member_type: NON_VOTER last_known_addr { host: "127.4.96.5" port: 33454 } attrs { promote: true }, Status: LMP_MISMATCH, Last received: 0.0, Next index: 7, Last known committed idx: 6, Time since last communication: 0.000s
I0517 06:44:47.639403 9973 raft_consensus.cc:829] T 04d150767ee548d6b6d776284666ac51 P 44dc106a097740c3b1e984dd2ba3d664 [term 3 LEADER]: attempt to promote peer e59d0eda53f7443bb8b30c8f84fa5a37: there is already a config change operation in progress. Unable to promote follower until it completes. Doing nothing.
I0517 06:44:47.639670 9963 raft_consensus.cc:2658] T 04d150767ee548d6b6d776284666ac51 P 44dc106a097740c3b1e984dd2ba3d664 [term 3 LEADER]: Committing config change with OpId 3.7: config changed from index 6 to 7, 101a15d6048446abbf30c04b2944d96d (127.4.96.3) changed from NON_VOTER to VOTER. New config: { opid_index: 7 OBSOLETE_local: false peers { permanent_uuid: "44dc106a097740c3b1e984dd2ba3d664" member_type: VOTER last_known_addr { host: "127.4.96.2" port: 42545 } } peers { permanent_uuid: "e59d0eda53f7443bb8b30c8f84fa5a37" member_type: NON_VOTER last_known_addr { host: "127.4.96.5" port: 33454 } attrs { promote: true } } peers { permanent_uuid: "101a15d6048446abbf30c04b2944d96d" member_type: VOTER last_known_addr { host: "127.4.96.3" port: 39331 } attrs { promote: false } } unsafe_config_change: true }
I0517 06:44:47.640671 9511 raft_consensus.cc:2658] T 04d150767ee548d6b6d776284666ac51 P 101a15d6048446abbf30c04b2944d96d [term 3 FOLLOWER]: Committing config change with OpId 3.7: config changed from index 6 to 7, 101a15d6048446abbf30c04b2944d96d (127.4.96.3) changed from NON_VOTER to VOTER. New config: { opid_index: 7 OBSOLETE_local: false peers { permanent_uuid: "44dc106a097740c3b1e984dd2ba3d664" member_type: VOTER last_known_addr { host: "127.4.96.2" port: 42545 } } peers { permanent_uuid: "e59d0eda53f7443bb8b30c8f84fa5a37" member_type: NON_VOTER last_known_addr { host: "127.4.96.5" port: 33454 } attrs { promote: true } } peers { permanent_uuid: "101a15d6048446abbf30c04b2944d96d" member_type: VOTER last_known_addr { host: "127.4.96.3" port: 39331 } attrs { promote: false } } unsafe_config_change: true }
I0517 06:44:47.645138 9760 raft_consensus.cc:2658] T 04d150767ee548d6b6d776284666ac51 P e59d0eda53f7443bb8b30c8f84fa5a37 [term 3 LEARNER]: Committing config change with OpId 3.7: config changed from index 6 to 7, 101a15d6048446abbf30c04b2944d96d (127.4.96.3) changed from NON_VOTER to VOTER. New config: { opid_index: 7 OBSOLETE_local: false peers { permanent_uuid: "44dc106a097740c3b1e984dd2ba3d664" member_type: VOTER last_known_addr { host: "127.4.96.2" port: 42545 } } peers { permanent_uuid: "e59d0eda53f7443bb8b30c8f84fa5a37" member_type: NON_VOTER last_known_addr { host: "127.4.96.5" port: 33454 } attrs { promote: true } } peers { permanent_uuid: "101a15d6048446abbf30c04b2944d96d" member_type: VOTER last_known_addr { host: "127.4.96.3" port: 39331 } attrs { promote: false } } unsafe_config_change: true }
I0517 06:44:47.645943 9896 catalog_manager.cc:3686] T 04d150767ee548d6b6d776284666ac51 P 44dc106a097740c3b1e984dd2ba3d664 reported cstate change: config changed from index 6 to 7, 101a15d6048446abbf30c04b2944d96d (127.4.96.3) changed from NON_VOTER to VOTER. New cstate: current_term: 3 leader_uuid: "44dc106a097740c3b1e984dd2ba3d664" committed_config { opid_index: 7 OBSOLETE_local: false peers { permanent_uuid: "44dc106a097740c3b1e984dd2ba3d664" member_type: VOTER last_known_addr { host: "127.4.96.2" port: 42545 } health_report { overall_health: HEALTHY } } peers { permanent_uuid: "e59d0eda53f7443bb8b30c8f84fa5a37" member_type: NON_VOTER last_known_addr { host: "127.4.96.5" port: 33454 } attrs { promote: true } health_report { overall_health: HEALTHY } } peers { permanent_uuid: "101a15d6048446abbf30c04b2944d96d" member_type: VOTER last_known_addr { host: "127.4.96.3" port: 39331 } attrs { promote: false } health_report { overall_health: HEALTHY } } unsafe_config_change: true }
I0517 06:44:47.651805 9974 raft_consensus.cc:866] T 04d150767ee548d6b6d776284666ac51 P 44dc106a097740c3b1e984dd2ba3d664: attempting to promote NON_VOTER e59d0eda53f7443bb8b30c8f84fa5a37 to VOTER
I0517 06:44:47.652362 9974 consensus_peers.cc:456] T 04d150767ee548d6b6d776284666ac51 P 44dc106a097740c3b1e984dd2ba3d664 -> Peer 101a15d6048446abbf30c04b2944d96d (127.4.96.3:39331): Closing peer: 101a15d6048446abbf30c04b2944d96d
I0517 06:44:47.652492 9974 consensus_peers.cc:456] T 04d150767ee548d6b6d776284666ac51 P 44dc106a097740c3b1e984dd2ba3d664 -> Peer e59d0eda53f7443bb8b30c8f84fa5a37 (127.4.96.5:33454): Closing peer: e59d0eda53f7443bb8b30c8f84fa5a37
I0517 06:44:47.652787 9974 consensus_queue.cc:204] T 04d150767ee548d6b6d776284666ac51 P 44dc106a097740c3b1e984dd2ba3d664 [LEADER]: Queue going to LEADER mode. State: All replicated index: 0, Majority replicated index: 7, Committed index: 7, Last appended: 3.7, Last appended by leader: 0, Current term: 3, Majority size: 2, State: 0, Mode: LEADER, active raft config: opid_index: 8 OBSOLETE_local: false peers { permanent_uuid: "44dc106a097740c3b1e984dd2ba3d664" member_type: VOTER last_known_addr { host: "127.4.96.2" port: 42545 } } peers { permanent_uuid: "e59d0eda53f7443bb8b30c8f84fa5a37" member_type: VOTER last_known_addr { host: "127.4.96.5" port: 33454 } attrs { promote: false } } peers { permanent_uuid: "101a15d6048446abbf30c04b2944d96d" member_type: VOTER last_known_addr { host: "127.4.96.3" port: 39331 } attrs { promote: false } } unsafe_config_change: true
