I0517 06:45:40.874934 15882 raft_consensus.cc:2704] T 9594dcd0519943b4b65ccfad32bcb045 P 91e449d11fed4a27bfcb77c3f16b7e1d: Snoozing failure detection for 2.117s (election complete)
I0517 06:45:40.874603 15191 catalog_manager.cc:3686] T 9594dcd0519943b4b65ccfad32bcb045 P 6af7d63e13c84ed6b72692f9c995491f reported cstate change: term changed from 0 to 1, leader changed from to 6af7d63e13c84ed6b72692f9c995491f (127.4.96.1). New cstate: current_term: 1 leader_uuid: "6af7d63e13c84ed6b72692f9c995491f" committed_config { opid_index: -1 OBSOLETE_local: false peers { permanent_uuid: "6af7d63e13c84ed6b72692f9c995491f" member_type: VOTER last_known_addr { host: "127.4.96.1" port: 36956 } } peers { permanent_uuid: "4f3c3b664af3423ea5b117fdb6529c92" member_type: VOTER last_known_addr { host: "127.4.96.2" port: 40737 } } peers { permanent_uuid: "91e449d11fed4a27bfcb77c3f16b7e1d" member_type: VOTER last_known_addr { host: "127.4.96.4" port: 37967 } } }
I0517 06:45:40.875171 15882 raft_consensus.cc:2459] T 9594dcd0519943b4b65ccfad32bcb045 P 91e449d11fed4a27bfcb77c3f16b7e1d [term 1 FOLLOWER]: Leader pre-election lost for term 1. Reason: could not achieve majority
W0517 06:45:40.876696 15731 tablet.cc:1678] T 9594dcd0519943b4b65ccfad32bcb045 P 91e449d11fed4a27bfcb77c3f16b7e1d: Can't schedule compaction. Clean time has not been advanced past its initial value.
I0517 06:45:40.905897 4480 external_mini_cluster.cc:482] 5 TS(s) registered with all masters
I0517 06:45:40.908033 4480 ts_itest-base.cc:233] Waiting for 1 tablets on tserver 6af7d63e13c84ed6b72692f9c995491f to finish bootstrapping
I0517 06:45:40.917456 4480 ts_itest-base.cc:233] Waiting for 1 tablets on tserver 4f3c3b664af3423ea5b117fdb6529c92 to finish bootstrapping
I0517 06:45:40.926028 4480 ts_itest-base.cc:233] Waiting for 0 tablets on tserver 5ce72ea2903c48f792f6c4f583dbeb50 to finish bootstrapping
I0517 06:45:40.936157 4480 ts_itest-base.cc:233] Waiting for 1 tablets on tserver 91e449d11fed4a27bfcb77c3f16b7e1d to finish bootstrapping
I0517 06:45:40.945088 4480 ts_itest-base.cc:233] Waiting for 0 tablets on tserver 202f595dac51454bbe6a439465ae7aa5 to finish bootstrapping
I0517 06:45:40.955108 4480 test_util.cc:200] Using random seed: 789774292
W0517 06:45:40.969681 15357 tablet.cc:1678] T 9594dcd0519943b4b65ccfad32bcb045 P 6af7d63e13c84ed6b72692f9c995491f: Can't schedule compaction. Clean time has not been advanced past its initial value.
I0517 06:45:40.970474 4480 test_workload.cc:306] TestWorkload: Skipping table creation because table TestTable already exists
I0517 06:45:41.021951 15687 raft_consensus.cc:1057] T 9594dcd0519943b4b65ccfad32bcb045 P 91e449d11fed4a27bfcb77c3f16b7e1d [term 1 FOLLOWER]: Refusing update from remote peer 6af7d63e13c84ed6b72692f9c995491f: Log matching property violated. Preceding OpId in replica: term: 0 index: 0. Preceding OpId from leader: term: 1 index: 2. (index mismatch)
I0517 06:45:41.022116 15438 raft_consensus.cc:1057] T 9594dcd0519943b4b65ccfad32bcb045 P 4f3c3b664af3423ea5b117fdb6529c92 [term 1 FOLLOWER]: Refusing update from remote peer 6af7d63e13c84ed6b72692f9c995491f: Log matching property violated. Preceding OpId in replica: term: 0 index: 0. Preceding OpId from leader: term: 1 index: 2. (index mismatch)
I0517 06:45:41.023175 15889 consensus_queue.cc:963] T 9594dcd0519943b4b65ccfad32bcb045 P 6af7d63e13c84ed6b72692f9c995491f [LEADER]: Connected to new peer: Peer: permanent_uuid: "91e449d11fed4a27bfcb77c3f16b7e1d" member_type: VOTER last_known_addr { host: "127.4.96.4" port: 37967 }, Status: LMP_MISMATCH, Last received: 0.0, Next index: 1, Last known committed idx: 0, Time since last communication: 0.000s
I0517 06:45:41.023771 15885 consensus_queue.cc:963] T 9594dcd0519943b4b65ccfad32bcb045 P 6af7d63e13c84ed6b72692f9c995491f [LEADER]: Connected to new peer: Peer: permanent_uuid: "4f3c3b664af3423ea5b117fdb6529c92" member_type: VOTER last_known_addr { host: "127.4.96.2" port: 40737 }, Status: LMP_MISMATCH, Last received: 0.0, Next index: 1, Last known committed idx: 0, Time since last communication: 0.000s
W0517 06:45:41.140033 15899 flags.cc:406] Enabled unsafe flag: --never_fsync=true
I0517 06:45:41.611208 15854 heartbeater.cc:467] Master 127.4.96.62:45644 was elected leader, sending a full tablet report...
I0517 06:45:41.673995 15313 consensus_peers.cc:456] T 9594dcd0519943b4b65ccfad32bcb045 P 6af7d63e13c84ed6b72692f9c995491f -> Peer 91e449d11fed4a27bfcb77c3f16b7e1d (127.4.96.4:37967): Closing peer: 91e449d11fed4a27bfcb77c3f16b7e1d
I0517 06:45:41.674237 15313 consensus_peers.cc:456] T 9594dcd0519943b4b65ccfad32bcb045 P 6af7d63e13c84ed6b72692f9c995491f -> Peer 4f3c3b664af3423ea5b117fdb6529c92 (127.4.96.2:40737): Closing peer: 4f3c3b664af3423ea5b117fdb6529c92
I0517 06:45:41.674599 15313 consensus_queue.cc:204] T 9594dcd0519943b4b65ccfad32bcb045 P 6af7d63e13c84ed6b72692f9c995491f [LEADER]: Queue going to LEADER mode. State: All replicated index: 0, Majority replicated index: 58, Committed index: 58, Last appended: 1.59, Last appended by leader: 0, Current term: 1, Majority size: 3, State: 0, Mode: LEADER, active raft config: opid_index: 60 OBSOLETE_local: false peers { permanent_uuid: "6af7d63e13c84ed6b72692f9c995491f" member_type: VOTER last_known_addr { host: "127.4.96.1" port: 36956 } } peers { permanent_uuid: "4f3c3b664af3423ea5b117fdb6529c92" member_type: VOTER last_known_addr { host: "127.4.96.2" port: 40737 } } peers { permanent_uuid: "91e449d11fed4a27bfcb77c3f16b7e1d" member_type: VOTER last_known_addr { host: "127.4.96.4" port: 37967 } } peers { permanent_uuid: "202f595dac51454bbe6a439465ae7aa5" member_type: VOTER last_known_addr { host: "127.4.96.5" port: 38383 } }
I0517 06:45:41.679514 15686 raft_consensus.cc:1057] T 9594dcd0519943b4b65ccfad32bcb045 P 91e449d11fed4a27bfcb77c3f16b7e1d [term 1 FOLLOWER]: Refusing update from remote peer 6af7d63e13c84ed6b72692f9c995491f: Log matching property violated. Preceding OpId in replica: term: 1 index: 59. Preceding OpId from leader: term: 1 index: 60. (index mismatch)
I0517 06:45:41.679824 15437 raft_consensus.cc:1057] T 9594dcd0519943b4b65ccfad32bcb045 P 4f3c3b664af3423ea5b117fdb6529c92 [term 1 FOLLOWER]: Refusing update from remote peer 6af7d63e13c84ed6b72692f9c995491f: Log matching property violated. Preceding OpId in replica: term: 1 index: 59. Preceding OpId from leader: term: 1 index: 60. (index mismatch)
I0517 06:45:41.680718 15889 consensus_queue.cc:963] T 9594dcd0519943b4b65ccfad32bcb045 P 6af7d63e13c84ed6b72692f9c995491f [LEADER]: Connected to new peer: Peer: permanent_uuid: "91e449d11fed4a27bfcb77c3f16b7e1d" member_type: VOTER last_known_addr { host: "127.4.96.4" port: 37967 }, Status: LMP_MISMATCH, Last received: 0.0, Next index: 60, Last known committed idx: 58, Time since last communication: 0.000s
I0517 06:45:41.681205 15910 consensus_queue.cc:963] T 9594dcd0519943b4b65ccfad32bcb045 P 6af7d63e13c84ed6b72692f9c995491f [LEADER]: Connected to new peer: Peer: permanent_uuid: "4f3c3b664af3423ea5b117fdb6529c92" member_type: VOTER last_known_addr { host: "127.4.96.2" port: 40737 }, Status: LMP_MISMATCH, Last received: 0.0, Next index: 60, Last known committed idx: 59, Time since last communication: 0.000s
I0517 06:45:41.686053 15910 raft_consensus.cc:2658] T 9594dcd0519943b4b65ccfad32bcb045 P 6af7d63e13c84ed6b72692f9c995491f [term 1 LEADER]: Committing config change with OpId 1.60: config changed from index -1 to 60, VOTER 202f595dac51454bbe6a439465ae7aa5 (127.4.96.5) added. New config: { opid_index: 60 OBSOLETE_local: false peers { permanent_uuid: "6af7d63e13c84ed6b72692f9c995491f" member_type: VOTER last_known_addr { host: "127.4.96.1" port: 36956 } } peers { permanent_uuid: "4f3c3b664af3423ea5b117fdb6529c92" member_type: VOTER last_known_addr { host: "127.4.96.2" port: 40737 } } peers { permanent_uuid: "91e449d11fed4a27bfcb77c3f16b7e1d" member_type: VOTER last_known_addr { host: "127.4.96.4" port: 37967 } } peers { permanent_uuid: "202f595dac51454bbe6a439465ae7aa5" member_type: VOTER last_known_addr { host: "127.4.96.5" port: 38383 } } }
I0517 06:45:41.687624 15437 raft_consensus.cc:2658] T 9594dcd0519943b4b65ccfad32bcb045 P 4f3c3b664af3423ea5b117fdb6529c92 [term 1 FOLLOWER]: Committing config change with OpId 1.60: config changed from index -1 to 60, VOTER 202f595dac51454bbe6a439465ae7aa5 (127.4.96.5) added. New config: { opid_index: 60 OBSOLETE_local: false peers { permanent_uuid: "6af7d63e13c84ed6b72692f9c995491f" member_type: VOTER last_known_addr { host: "127.4.96.1" port: 36956 } } peers { permanent_uuid: "4f3c3b664af3423ea5b117fdb6529c92" member_type: VOTER last_known_addr { host: "127.4.96.2" port: 40737 } } peers { permanent_uuid: "91e449d11fed4a27bfcb77c3f16b7e1d" member_type: VOTER last_known_addr { host: "127.4.96.4" port: 37967 } } peers { permanent_uuid: "202f595dac51454bbe6a439465ae7aa5" member_type: VOTER last_known_addr { host: "127.4.96.5" port: 38383 } } }
W0517 06:45:41.692245 15247 consensus_peers.cc:434] T 9594dcd0519943b4b65ccfad32bcb045 P 6af7d63e13c84ed6b72692f9c995491f -> Peer 202f595dac51454bbe6a439465ae7aa5 (127.4.96.5:38383): Couldn't send request to peer 202f595dac51454bbe6a439465ae7aa5 for tablet 9594dcd0519943b4b65ccfad32bcb045. Error code: TABLET_NOT_FOUND (6). Status: Not found: Tablet not found: 9594dcd0519943b4b65ccfad32bcb045. Retrying in the next heartbeat period. Already tried 1 times.
I0517 06:45:41.695534 15191 catalog_manager.cc:3686] T 9594dcd0519943b4b65ccfad32bcb045 P 6af7d63e13c84ed6b72692f9c995491f reported cstate change: config changed from index -1 to 60, VOTER 202f595dac51454bbe6a439465ae7aa5 (127.4.96.5) added. New cstate: current_term: 1 leader_uuid: "6af7d63e13c84ed6b72692f9c995491f" committed_config { opid_index: 60 OBSOLETE_local: false peers { permanent_uuid: "6af7d63e13c84ed6b72692f9c995491f" member_type: VOTER last_known_addr { host: "127.4.96.1" port: 36956 } } peers { permanent_uuid: "4f3c3b664af3423ea5b117fdb6529c92" member_type: VOTER last_known_addr { host: "127.4.96.2" port: 40737 } } peers { permanent_uuid: "91e449d11fed4a27bfcb77c3f16b7e1d" member_type: VOTER last_known_addr { host: "127.4.96.4" port: 37967 } } peers { permanent_uuid: "202f595dac51454bbe6a439465ae7aa5" member_type: VOTER last_known_addr { host: "127.4.96.5" port: 38383 } } }
I0517 06:45:41.699287 15687 raft_consensus.cc:2658] T 9594dcd0519943b4b65ccfad32bcb045 P 91e449d11fed4a27bfcb77c3f16b7e1d [term 1 FOLLOWER]: Committing config change with OpId 1.60: config changed from index -1 to 60, VOTER 202f595dac51454bbe6a439465ae7aa5 (127.4.96.5) added. New config: { opid_index: 60 OBSOLETE_local: false peers { permanent_uuid: "6af7d63e13c84ed6b72692f9c995491f" member_type: VOTER last_known_addr { host: "127.4.96.1" port: 36956 } } peers { permanent_uuid: "4f3c3b664af3423ea5b117fdb6529c92" member_type: VOTER last_known_addr { host: "127.4.96.2" port: 40737 } } peers { permanent_uuid: "91e449d11fed4a27bfcb77c3f16b7e1d" member_type: VOTER last_known_addr { host: "127.4.96.4" port: 37967 } } peers { permanent_uuid: "202f595dac51454bbe6a439465ae7aa5" member_type: VOTER last_known_addr { host: "127.4.96.5" port: 38383 } } }
I0517 06:45:42.178771 15990 ts_tablet_manager.cc:669] T 9594dcd0519943b4b65ccfad32bcb045 P 202f595dac51454bbe6a439465ae7aa5: Initiating tablet copy from peer 6af7d63e13c84ed6b72692f9c995491f (127.4.96.1:36956)
I0517 06:45:42.179203 15990 tablet_copy_client.cc:239] T 9594dcd0519943b4b65ccfad32bcb045 P 202f595dac51454bbe6a439465ae7aa5: tablet copy: Beginning tablet copy session from remote peer at address 127.4.96.1:36956
I0517 06:45:42.193060 15333 tablet_copy_service.cc:133] P 6af7d63e13c84ed6b72692f9c995491f: Received BeginTabletCopySession request for tablet 9594dcd0519943b4b65ccfad32bcb045 from peer 202f595dac51454bbe6a439465ae7aa5 ({username='slave'} at 127.4.96.5:33671)
I0517 06:45:42.193377 15333 tablet_copy_service.cc:154] P 6af7d63e13c84ed6b72692f9c995491f: Beginning new tablet copy session on tablet 9594dcd0519943b4b65ccfad32bcb045 from peer 202f595dac51454bbe6a439465ae7aa5 at {username='slave'} at 127.4.96.5:33671: session id = 202f595dac51454bbe6a439465ae7aa5-9594dcd0519943b4b65ccfad32bcb045
I0517 06:45:42.198374 15333 tablet_copy_source_session.cc:202] T 9594dcd0519943b4b65ccfad32bcb045 P 6af7d63e13c84ed6b72692f9c995491f: Tablet Copy: opened 0 blocks and 1 log segments
I0517 06:45:42.202090 15990 data_dirs.cc:934] Could only allocate 1 dirs of requested 3 for tablet 9594dcd0519943b4b65ccfad32bcb045. 1 dirs total, 0 dirs full, 0 dirs failed
I0517 06:45:42.216089 15990 ts_tablet_manager.cc:1173] T 9594dcd0519943b4b65ccfad32bcb045 P 202f595dac51454bbe6a439465ae7aa5: Registered tablet (data state: TABLET_DATA_COPYING)
I0517 06:45:42.216930 15990 tablet_copy_client.cc:565] T 9594dcd0519943b4b65ccfad32bcb045 P 202f595dac51454bbe6a439465ae7aa5: tablet copy: Starting download of 0 data blocks...
I0517 06:45:42.217236 15990 tablet_copy_client.cc:528] T 9594dcd0519943b4b65ccfad32bcb045 P 202f595dac51454bbe6a439465ae7aa5: tablet copy: Starting download of 1 WAL segments...
I0517 06:45:42.220805 15990 tablet_copy_client.cc:404] T 9594dcd0519943b4b65ccfad32bcb045 P 202f595dac51454bbe6a439465ae7aa5: tablet copy: Tablet Copy complete. Replacing tablet superblock.
I0517 06:45:42.225155 15990 ts_tablet_manager.cc:1028] T 9594dcd0519943b4b65ccfad32bcb045 P 202f595dac51454bbe6a439465ae7aa5: Bootstrapping tablet
I0517 06:45:42.225500 15990 tablet_bootstrap.cc:436] T 9594dcd0519943b4b65ccfad32bcb045 P 202f595dac51454bbe6a439465ae7aa5: Bootstrap starting.
I0517 06:45:42.254556 15990 log.cc:520] T 9594dcd0519943b4b65ccfad32bcb045 P 202f595dac51454bbe6a439465ae7aa5: Log is configured to *not* fsync() on all Append() calls
I0517 06:45:42.470297 15990 tablet_bootstrap.cc:436] T 9594dcd0519943b4b65ccfad32bcb045 P 202f595dac51454bbe6a439465ae7aa5: Bootstrap replayed 1/1 log segments. Stats: ops{read=115 overwritten=0 applied=115 ignored=0} inserts{seen=113 ignored=0} mutations{seen=0 ignored=0} orphaned_commits=0. Pending: 0 replicates
I0517 06:45:42.471112 15990 tablet_bootstrap.cc:436] T 9594dcd0519943b4b65ccfad32bcb045 P 202f595dac51454bbe6a439465ae7aa5: Bootstrap complete.
I0517 06:45:42.471524 15990 ts_tablet_manager.cc:1045] T 9594dcd0519943b4b65ccfad32bcb045 P 202f595dac51454bbe6a439465ae7aa5: Time spent bootstrapping tablet: real 0.246s user 0.184s sys 0.016s
I0517 06:45:42.480672 15990 raft_consensus.cc:303] T 9594dcd0519943b4b65ccfad32bcb045 P 202f595dac51454bbe6a439465ae7aa5 [term 1 FOLLOWER]: Replica starting. Triggering 0 pending transactions. Active config: opid_index: 60 OBSOLETE_local: false peers { permanent_uuid: "6af7d63e13c84ed6b72692f9c995491f" member_type: VOTER last_known_addr { host: "127.4.96.1" port: 36956 } } peers { permanent_uuid: "4f3c3b664af3423ea5b117fdb6529c92" member_type: VOTER last_known_addr { host: "127.4.96.2" port: 40737 } } peers { permanent_uuid: "91e449d11fed4a27bfcb77c3f16b7e1d" member_type: VOTER last_known_addr { host: "127.4.96.4" port: 37967 } } peers { permanent_uuid: "202f595dac51454bbe6a439465ae7aa5" member_type: VOTER last_known_addr { host: "127.4.96.5" port: 38383 } }
I0517 06:45:42.481518 15990 raft_consensus.cc:604] T 9594dcd0519943b4b65ccfad32bcb045 P 202f595dac51454bbe6a439465ae7aa5 [term 1 FOLLOWER]: Becoming Follower/Learner. State: Replica: 202f595dac51454bbe6a439465ae7aa5, State: Initialized, Role: FOLLOWER
I0517 06:45:42.482208 15990 consensus_queue.cc:227] T 9594dcd0519943b4b65ccfad32bcb045 P 202f595dac51454bbe6a439465ae7aa5 [NON_LEADER]: Queue going to NON_LEADER mode. State: All replicated index: 0, Majority replicated index: 0, Committed index: 115, Last appended: 1.115, Last appended by leader: 115, Current term: 0, Majority size: -1, State: 0, Mode: NON_LEADER, active raft config: opid_index: 60 OBSOLETE_local: false peers { permanent_uuid: "6af7d63e13c84ed6b72692f9c995491f" member_type: VOTER last_known_addr { host: "127.4.96.1" port: 36956 } } peers { permanent_uuid: "4f3c3b664af3423ea5b117fdb6529c92" member_type: VOTER last_known_addr { host: "127.4.96.2" port: 40737 } } peers { permanent_uuid: "91e449d11fed4a27bfcb77c3f16b7e1d" member_type: VOTER last_known_addr { host: "127.4.96.4" port: 37967 } } peers { permanent_uuid: "202f595dac51454bbe6a439465ae7aa5" member_type: VOTER last_known_addr { host: "127.4.96.5" port: 38383 } }
I0517 06:45:42.495343 15990 ts_tablet_manager.cc:1073] T 9594dcd0519943b4b65ccfad32bcb045 P 202f595dac51454bbe6a439465ae7aa5: Time spent starting tablet: real 0.024s user 0.008s sys 0.012s
I0517 06:45:42.496546 15333 tablet_copy_service.cc:323] P 6af7d63e13c84ed6b72692f9c995491f: Request end of tablet copy session 202f595dac51454bbe6a439465ae7aa5-9594dcd0519943b4b65ccfad32bcb045 received from {username='slave'} at 127.4.96.5:33671
I0517 06:45:42.496778 15333 tablet_copy_service.cc:411] P 6af7d63e13c84ed6b72692f9c995491f: Ending tablet copy session 202f595dac51454bbe6a439465ae7aa5-9594dcd0519943b4b65ccfad32bcb045 on tablet 9594dcd0519943b4b65ccfad32bcb045 with peer 202f595dac51454bbe6a439465ae7aa5
I0517 06:45:42.623739 15811 raft_consensus.cc:1002] T 9594dcd0519943b4b65ccfad32bcb045 P 202f595dac51454bbe6a439465ae7aa5 [term 1 FOLLOWER]: Deduplicated request from leader. Original: 1.59->[1.60-1.160] Dedup: 1.115->[1.116-1.160]
I0517 06:45:43.095118 15313 consensus_peers.cc:456] T 9594dcd0519943b4b65ccfad32bcb045 P 6af7d63e13c84ed6b72692f9c995491f -> Peer 202f595dac51454bbe6a439465ae7aa5 (127.4.96.5:38383): Closing peer: 202f595dac51454bbe6a439465ae7aa5
I0517 06:45:43.095337 15313 consensus_peers.cc:456] T 9594dcd0519943b4b65ccfad32bcb045 P 6af7d63e13c84ed6b72692f9c995491f -> Peer 91e449d11fed4a27bfcb77c3f16b7e1d (127.4.96.4:37967): Closing peer: 91e449d11fed4a27bfcb77c3f16b7e1d
I0517 06:45:43.095500 15313 consensus_peers.cc:456] T 9594dcd0519943b4b65ccfad32bcb045 P 6af7d63e13c84ed6b72692f9c995491f -> Peer 4f3c3b664af3423ea5b117fdb6529c92 (127.4.96.2:40737): Closing peer: 4f3c3b664af3423ea5b117fdb6529c92
I0517 06:45:43.095880 15313 consensus_queue.cc:204] T 9594dcd0519943b4b65ccfad32bcb045 P 6af7d63e13c84ed6b72692f9c995491f [LEADER]: Queue going to LEADER mode. State: All replicated index: 0, Majority replicated index: 200, Committed index: 200, Last appended: 1.201, Last appended by leader: 0, Current term: 1, Majority size: 2, State: 0, Mode: LEADER, active raft config: opid_index: 202 OBSOLETE_local: false peers { permanent_uuid: "6af7d63e13c84ed6b72692f9c995491f" member_type: VOTER last_known_addr { host: "127.4.96.1" port: 36956 } } peers { permanent_uuid: "91e449d11fed4a27bfcb77c3f16b7e1d" member_type: VOTER last_known_addr { host: "127.4.96.4" port: 37967 } } peers { permanent_uuid: "202f595dac51454bbe6a439465ae7aa5" member_type: VOTER last_known_addr { host: "127.4.96.5" port: 38383 } }
I0517 06:45:43.100183 15810 raft_consensus.cc:1057] T 9594dcd0519943b4b65ccfad32bcb045 P 202f595dac51454bbe6a439465ae7aa5 [term 1 FOLLOWER]: Refusing update from remote peer 6af7d63e13c84ed6b72692f9c995491f: Log matching property violated. Preceding OpId in replica: term: 1 index: 201. Preceding OpId from leader: term: 1 index: 202. (index mismatch)
I0517 06:45:43.100392 15686 raft_consensus.cc:1057] T 9594dcd0519943b4b65ccfad32bcb045 P 91e449d11fed4a27bfcb77c3f16b7e1d [term 1 FOLLOWER]: Refusing update from remote peer 6af7d63e13c84ed6b72692f9c995491f: Log matching property violated. Preceding OpId in replica: term: 1 index: 201. Preceding OpId from leader: term: 1 index: 202. (index mismatch)
I0517 06:45:43.101449 15910 consensus_queue.cc:963] T 9594dcd0519943b4b65ccfad32bcb045 P 6af7d63e13c84ed6b72692f9c995491f [LEADER]: Connected to new peer: Peer: permanent_uuid: "91e449d11fed4a27bfcb77c3f16b7e1d" member_type: VOTER last_known_addr { host: "127.4.96.4" port: 37967 }, Status: LMP_MISMATCH, Last received: 0.0, Next index: 202, Last known committed idx: 200, Time since last communication: 0.000s
I0517 06:45:43.101933 15919 consensus_queue.cc:963] T 9594dcd0519943b4b65ccfad32bcb045 P 6af7d63e13c84ed6b72692f9c995491f [LEADER]: Connected to new peer: Peer: permanent_uuid: "202f595dac51454bbe6a439465ae7aa5" member_type: VOTER last_known_addr { host: "127.4.96.5" port: 38383 }, Status: LMP_MISMATCH, Last received: 0.0, Next index: 202, Last known committed idx: 200, Time since last communication: 0.000s
I0517 06:45:43.106112 15919 raft_consensus.cc:2658] T 9594dcd0519943b4b65ccfad32bcb045 P 6af7d63e13c84ed6b72692f9c995491f [term 1 LEADER]: Committing config change with OpId 1.202: config changed from index 60 to 202, VOTER 4f3c3b664af3423ea5b117fdb6529c92 (127.4.96.2) evicted. New config: { opid_index: 202 OBSOLETE_local: false peers { permanent_uuid: "6af7d63e13c84ed6b72692f9c995491f" member_type: VOTER last_known_addr { host: "127.4.96.1" port: 36956 } } peers { permanent_uuid: "91e449d11fed4a27bfcb77c3f16b7e1d" member_type: VOTER last_known_addr { host: "127.4.96.4" port: 37967 } } peers { permanent_uuid: "202f595dac51454bbe6a439465ae7aa5" member_type: VOTER last_known_addr { host: "127.4.96.5" port: 38383 } } }
I0517 06:45:43.107368 15686 raft_consensus.cc:2658] T 9594dcd0519943b4b65ccfad32bcb045 P 91e449d11fed4a27bfcb77c3f16b7e1d [term 1 FOLLOWER]: Committing config change with OpId 1.202: config changed from index 60 to 202, VOTER 4f3c3b664af3423ea5b117fdb6529c92 (127.4.96.2) evicted. New config: { opid_index: 202 OBSOLETE_local: false peers { permanent_uuid: "6af7d63e13c84ed6b72692f9c995491f" member_type: VOTER last_known_addr { host: "127.4.96.1" port: 36956 } } peers { permanent_uuid: "91e449d11fed4a27bfcb77c3f16b7e1d" member_type: VOTER last_known_addr { host: "127.4.96.4" port: 37967 } } peers { permanent_uuid: "202f595dac51454bbe6a439465ae7aa5" member_type: VOTER last_known_addr { host: "127.4.96.5" port: 38383 } } }
I0517 06:45:43.108548 15810 raft_consensus.cc:2658] T 9594dcd0519943b4b65ccfad32bcb045 P 202f595dac51454bbe6a439465ae7aa5 [term 1 FOLLOWER]: Committing config change with OpId 1.202: config changed from index 60 to 202, VOTER 4f3c3b664af3423ea5b117fdb6529c92 (127.4.96.2) evicted. New config: { opid_index: 202 OBSOLETE_local: false peers { permanent_uuid: "6af7d63e13c84ed6b72692f9c995491f" member_type: VOTER last_known_addr { host: "127.4.96.1" port: 36956 } } peers { permanent_uuid: "91e449d11fed4a27bfcb77c3f16b7e1d" member_type: VOTER last_known_addr { host: "127.4.96.4" port: 37967 } } peers { permanent_uuid: "202f595dac51454bbe6a439465ae7aa5" member_type: VOTER last_known_addr { host: "127.4.96.5" port: 38383 } } }
I0517 06:45:43.118190 15190 catalog_manager.cc:3686] T 9594dcd0519943b4b65ccfad32bcb045 P 202f595dac51454bbe6a439465ae7aa5 reported cstate change: config changed from index 60 to 202, VOTER 4f3c3b664af3423ea5b117fdb6529c92 (127.4.96.2) evicted. New cstate: current_term: 1 leader_uuid: "6af7d63e13c84ed6b72692f9c995491f" committed_config { opid_index: 202 OBSOLETE_local: false peers { permanent_uuid: "6af7d63e13c84ed6b72692f9c995491f" member_type: VOTER last_known_addr { host: "127.4.96.1" port: 36956 } } peers { permanent_uuid: "91e449d11fed4a27bfcb77c3f16b7e1d" member_type: VOTER last_known_addr { host: "127.4.96.4" port: 37967 } } peers { permanent_uuid: "202f595dac51454bbe6a439465ae7aa5" member_type: VOTER last_known_addr { host: "127.4.96.5" port: 38383 } } }
I0517 06:45:43.151595 15190 catalog_manager.cc:3013] Sending DeleteTablet(TABLET_DATA_TOMBSTONED) for tablet 9594dcd0519943b4b65ccfad32bcb045 on 4f3c3b664af3423ea5b117fdb6529c92 (127.4.96.2:40737) (TS 4f3c3b664af3423ea5b117fdb6529c92 not found in new config with opid_index 202)
I0517 06:45:43.153084 15418 tablet_service.cc:800] Processing DeleteTablet for tablet 9594dcd0519943b4b65ccfad32bcb045 with delete_type TABLET_DATA_TOMBSTONED (TS 4f3c3b664af3423ea5b117fdb6529c92 not found in new config with opid_index 202) from {username='slave'} at 127.0.0.1:60477
I0517 06:45:43.154676 16050 tablet_replica.cc:261] T 9594dcd0519943b4b65ccfad32bcb045 P 4f3c3b664af3423ea5b117fdb6529c92: stopping tablet replica
I0517 06:45:43.154961 16050 maintenance_manager.cc:237] P 4f3c3b664af3423ea5b117fdb6529c92: Unregistered op CompactRowSetsOp(9594dcd0519943b4b65ccfad32bcb045)
I0517 06:45:43.155138 16050 maintenance_manager.cc:237] P 4f3c3b664af3423ea5b117fdb6529c92: Unregistered op MinorDeltaCompactionOp(9594dcd0519943b4b65ccfad32bcb045)
I0517 06:45:43.155270 16050 maintenance_manager.cc:237] P 4f3c3b664af3423ea5b117fdb6529c92: Unregistered op MajorDeltaCompactionOp(9594dcd0519943b4b65ccfad32bcb045)
I0517 06:45:43.155449 16050 maintenance_manager.cc:237] P 4f3c3b664af3423ea5b117fdb6529c92: Unregistered op UndoDeltaBlockGCOp(9594dcd0519943b4b65ccfad32bcb045)
I0517 06:45:43.155660 16050 maintenance_manager.cc:237] P 4f3c3b664af3423ea5b117fdb6529c92: Unregistered op FlushMRSOp(9594dcd0519943b4b65ccfad32bcb045)
I0517 06:45:43.155846 16050 maintenance_manager.cc:237] P 4f3c3b664af3423ea5b117fdb6529c92: Unregistered op FlushDeltaMemStoresOp(9594dcd0519943b4b65ccfad32bcb045)
I0517 06:45:43.156028 16050 maintenance_manager.cc:237] P 4f3c3b664af3423ea5b117fdb6529c92: Unregistered op LogGCOp(9594dcd0519943b4b65ccfad32bcb045)
I0517 06:45:43.156208 16050 raft_consensus.cc:2016] T 9594dcd0519943b4b65ccfad32bcb045 P 4f3c3b664af3423ea5b117fdb6529c92 [term 1 FOLLOWER]: Raft consensus shutting down.
I0517 06:45:43.156479 16050 pending_rounds.cc:63] T 9594dcd0519943b4b65ccfad32bcb045 P 4f3c3b664af3423ea5b117fdb6529c92: Trying to abort 1 pending transactions.
I0517 06:45:43.156630 16050 pending_rounds.cc:68] T 9594dcd0519943b4b65ccfad32bcb045 P 4f3c3b664af3423ea5b117fdb6529c92: Aborting transaction as it isn't in flight: id { term: 1 index: 201 } timestamp: 6252705968495235072 op_type: WRITE_OP write_request { tablet_id: "9594dcd0519943b4b65ccfad32bcb045" schema { columns { name: "key" type: INT32 is_key: true is_nullable: false } columns { name: "int_val" type: INT32 is_key: false is_nullable: false } columns { name: "string_val" type: STRING is_key: false is_nullable: true } } row_operations { rows: "\001\007\000\355\241\367A\275~\232i\000\000\000\000\000\000\000\000\020\000\000\000\000\000\000\000" indirect_data: "1d8518589a02d2bf" } external_consistency_mode: CLIENT_PROPAGATED propagated_timestamp: 6252705968442949632 } request_id { client_id: "d92edd78d00b4991b439e4d4c6595cad" seq_no: 198 first_incomplete_seq_no: 198 attempt_no: 0 }
I0517 06:45:43.158404 16050 raft_consensus.cc:2043] T 9594dcd0519943b4b65ccfad32bcb045 P 4f3c3b664af3423ea5b117fdb6529c92 [term 1 FOLLOWER]: Raft consensus is shut down!
I0517 06:45:43.161137 16050 ts_tablet_manager.cc:1369] T 9594dcd0519943b4b65ccfad32bcb045 P 4f3c3b664af3423ea5b117fdb6529c92: Deleting tablet data with delete state TABLET_DATA_TOMBSTONED
I0517 06:45:43.169885 16050 ts_tablet_manager.cc:1382] T 9594dcd0519943b4b65ccfad32bcb045 P 4f3c3b664af3423ea5b117fdb6529c92: tablet deleted with delete type TABLET_DATA_TOMBSTONED: last-logged OpId 1.201
I0517 06:45:43.170162 16050 log.cc:981] T 9594dcd0519943b4b65ccfad32bcb045 P 4f3c3b664af3423ea5b117fdb6529c92: Deleting WAL directory at /tmp/dist-test-task4QLboq/test-tmp/kudu-admin-test.0.EnableKudu1097AndDownTS_MoveTabletParamTest.Test_0.1526539434354140-4480/raft_consensus-itest-cluster/ts-1/wal/wals/9594dcd0519943b4b65ccfad32bcb045
I0517 06:45:43.171551 15173 catalog_manager.cc:2991] TS 4f3c3b664af3423ea5b117fdb6529c92 (127.4.96.2:40737): tablet 9594dcd0519943b4b65ccfad32bcb045 (table TestTable [id=80d6775e5044485b9553db72ac200890]) successfully deleted
W0517 06:45:44.145483 15248 debug-util.cc:397] Leaking SignalData structure 0x7b080002b060 after lost signal to thread 15234
W0517 06:45:44.146350 15248 debug-util.cc:397] Leaking SignalData structure 0x7b080009c6e0 after lost signal to thread 15354 Master Summary UUID | Address | Status ----------------------------------+-------------------+--------- fc6df897b46e454f8b2e219dc5f39d44 | 127.4.96.62:45644 | HEALTHY Tablet Server Summary UUID | Address | Status ----------------------------------+------------------+--------- 202f595dac51454bbe6a439465ae7aa5 | 127.4.96.5:38383 | HEALTHY 4f3c3b664af3423ea5b117fdb6529c92 | 127.4.96.2:40737 | HEALTHY 5ce72ea2903c48f792f6c4f583dbeb50 | 127.4.96.3:49834 | HEALTHY 6af7d63e13c84ed6b72692f9c995491f | 127.4.96.1:36956 | HEALTHY 91e449d11fed4a27bfcb77c3f16b7e1d | 127.4.96.4:37967 | HEALTHY Summary by table Name | RF | Status | Total Tablets | Healthy | Recovering | Under-replicated | Unavailable -----------+----+---------+---------------+---------+------------+------------------+------------- TestTable | 3 | HEALTHY | 1 | 1 | 0 | 0 | 0 | Total Count ----------------+------------- Masters | 1 Tablet Servers | 5 Tables | 1 Tablets | 1 Replicas | 3 OK
I0517 06:45:44.320907 4480 log_verifier.cc:121] Checking tablet 9594dcd0519943b4b65ccfad32bcb045
I0517 06:45:44.693751 4480 log_verifier.cc:172] Verified matching terms for 339 ops in tablet 9594dcd0519943b4b65ccfad32bcb045
I0517 06:45:44.699604 4480 external_mini_cluster.cc:978] Killing /tmp/dist-test-task4QLboq/build/tsan/bin/kudu-tserver with pid 15225
W0517 06:45:44.731864 15172 connection.cc:512] client connection to 127.4.96.1:36956 recv error: Network error: failed to read from TLS socket (remote: 127.4.96.1:36956): Connection reset by peer (error 104)
W0517 06:45:44.731921 15618 connection.cc:512] client connection to 127.4.96.1:36956 recv error: Network error: failed to read from TLS socket (remote: 127.4.96.1:36956): Connection reset by peer (error 104)
W0517 06:45:44.732729 15172 connection.cc:512] server connection from 127.4.96.1:54550 recv error: Network error: failed to read from TLS socket (remote: 127.4.96.1:54550): Connection reset by peer (error 104)
W0517 06:45:44.732880 15745 connection.cc:512] server connection from 127.4.96.1:42471 recv error: Network error: failed to read from TLS socket (remote: 127.4.96.1:42471): Connection reset by peer (error 104)
W0517 06:45:44.733636 15742 connection.cc:512] client connection to 127.4.96.1:36956 recv error: Network error: failed to read from TLS socket (remote: 127.4.96.1:36956): Connection reset by peer (error 104)
W0517 06:45:44.734310 15370 connection.cc:512] server connection from 127.4.96.1:50728 recv error: Network error: failed to read from TLS socket (remote: 127.4.96.1:50728): Connection reset by peer (error 104)
I0517 06:45:44.734907 4480 external_mini_cluster.cc:978] Killing /tmp/dist-test-task4QLboq/build/tsan/bin/kudu-tserver with pid 15360
W0517 06:45:44.735442 15162 connection.cc:512] client connection to 127.4.96.1:36956 recv error: Network error: failed to read from TLS socket (remote: 127.4.96.1:36956): Connection reset by peer (error 104)
W0517 06:45:44.736346 15619 connection.cc:512] server connection from 127.4.96.1:44519 recv error: Network error: failed to read from TLS socket (remote: 127.4.96.1:44519): Connection reset by peer (error 104)
W0517 06:45:44.760468 15173 connection.cc:512] client connection to 127.4.96.2:40737 recv error: Network error: failed to read from TLS socket (remote: 127.4.96.2:40737): Connection reset by peer (error 104)
W0517 06:45:44.760512 15172 connection.cc:512] server connection from 127.4.96.2:51460 recv error: Network error: failed to read from TLS socket (remote: 127.4.96.2:51460): Connection reset by peer (error 104)
W0517 06:45:44.760920 15619 connection.cc:512] client connection to 127.4.96.2:40737 recv error: Network error: failed to read from TLS socket (remote: 127.4.96.2:40737): Connection reset by peer (error 104)
W0517 06:45:44.761665 15162 connection.cc:512] client connection to 127.4.96.2:40737 recv error: Network error: failed to read from TLS socket (remote: 127.4.96.2:40737): Connection reset by peer (error 104)
I0517 06:45:44.769263 4480 external_mini_cluster.cc:978] Killing /tmp/dist-test-task4QLboq/build/tsan/bin/kudu-tserver with pid 15485
W0517 06:45:44.786281 15162 connection.cc:512] client connection to 127.4.96.3:49834 recv error: Network error: failed to read from TLS socket (remote: 127.4.96.3:49834): Connection reset by peer (error 104)
W0517 06:45:44.786281 15173 connection.cc:512] server connection from 127.4.96.3:35771 recv error: Network error: failed to read from TLS socket (remote: 127.4.96.3:35771): Connection reset by peer (error 104)
I0517 06:45:44.787088 4480 external_mini_cluster.cc:978] Killing /tmp/dist-test-task4QLboq/build/tsan/bin/kudu-tserver with pid 15609
W0517 06:45:44.819099 15173 connection.cc:512] client connection to 127.4.96.4:37967 recv error: Network error: failed to read from TLS socket (remote: 127.4.96.4:37967): Connection reset by peer (error 104)
I0517 06:45:44.819238 4480 external_mini_cluster.cc:978] Killing /tmp/dist-test-task4QLboq/build/tsan/bin/kudu-tserver with pid 15733
W0517 06:45:44.820075 15162 connection.cc:512] client connection to 127.4.96.4:37967 recv error: Network error: failed to read from TLS socket (remote: 127.4.96.4:37967): Connection reset by peer (error 104)
W0517 06:45:44.826093 15171 connection.cc:512] server connection from 127.4.96.4:53063 recv error: Network error: failed to read from TLS socket (remote: 127.4.96.4:53063): Connection reset by peer (error 104)
W0517 06:45:44.850471 15162 connection.cc:512] client connection to 127.4.96.5:38383 recv error: Network error: failed to read from TLS socket (remote: 127.4.96.5:38383): Connection reset by peer (error 104)
W0517 06:45:44.850491 15171 connection.cc:512] server connection from 127.4.96.5:37415 recv error: Network error: failed to read from TLS socket (remote: 127.4.96.5:37415): Connection reset by peer (error 104)
I0517 06:45:44.851317 4480 external_mini_cluster.cc:978] Killing /tmp/dist-test-task4QLboq/build/tsan/bin/kudu-master with pid 15163
W0517 06:45:44.854153 15161 connection.cc:512] client connection to 127.4.96.5:38383 recv error: Network error: failed to read from TLS socket (remote: 127.4.96.5:38383): Connection reset by peer (error 104)
W0517 06:45:44.877189 15162 connection.cc:512] client connection to 127.4.96.62:45644 recv error: Network error: failed to read from TLS socket (remote: 127.4.96.62:45644): Connection reset by peer (error 104) [ OK ] EnableKudu1097AndDownTS/MoveTabletParamTest.Test/0 (7352 ms) [ RUN ] EnableKudu1097AndDownTS/MoveTabletParamTest.Test/1
I0517 06:45:44.897002 4480 test_util.cc:200] Using random seed: 793716182
I0517 06:45:44.899937 4480 ts_itest-base.cc:113] Starting cluster with:
I0517 06:45:44.900030 4480 ts_itest-base.cc:114] --------------
I0517 06:45:44.900099 4480 ts_itest-base.cc:115] 5 tablet servers
I0517 06:45:44.900167 4480 ts_itest-base.cc:116] 3 replicas per TS
I0517 06:45:44.900235 4480 ts_itest-base.cc:117] --------------
I0517 06:45:44.902181 4480 external_mini_cluster.cc:786] Running /tmp/dist-test-task4QLboq/build/tsan/bin/kudu-master /tmp/dist-test-task4QLboq/build/tsan/bin/kudu-master --fs_wal_dir=/tmp/dist-test-task4QLboq/test-tmp/kudu-admin-test.0.EnableKudu1097AndDownTS_MoveTabletParamTest.Test_1.1526539434354140-4480/raft_consensus-itest-cluster/master-0/wal --fs_data_dirs=/tmp/dist-test-task4QLboq/test-tmp/kudu-admin-test.0.EnableKudu1097AndDownTS_MoveTabletParamTest.Test_1.1526539434354140-4480/raft_consensus-itest-cluster/master-0/data --block_manager=log --webserver_interface=localhost --ipki_ca_key_size=1024 --tsk_num_rsa_bits=512 --rpc_bind_addresses=127.4.96.62:36173 --webserver_interface=127.4.96.62 --webserver_port=0 --never_fsync --ipki_server_key_size=1024 --enable_minidumps=false --redact=none --metrics_log_interval_ms=1000 --logtostderr --logbuflevel=-1 --log_dir=/tmp/dist-test-task4QLboq/test-tmp/kudu-admin-test.0.EnableKudu1097AndDownTS_MoveTabletParamTest.Test_1.1526539434354140-4480/raft_consensus-itest-cluster/master-0/logs --server_dump_info_path=/tmp/dist-test-task4QLboq/test-tmp/kudu-admin-test.0.EnableKudu1097AndDownTS_MoveTabletParamTest.Test_1.1526539434354140-4480/raft_consensus-itest-cluster/master-0/data/info.pb --server_dump_info_format=pb --rpc_server_allow_ephemeral_ports --unlock_experimental_flags --unlock_unsafe_flags --raft_prepare_replacement_before_eviction=false --rpc_reuseport=true with env {} WARNING: Logging before InitGoogleLogging() is written to STDERR
W0517 06:45:45.015141 16086 flags.cc:406] Enabled unsafe flag: --rpc_server_allow_ephemeral_ports=true
W0517 06:45:45.015450 16086 flags.cc:406] Enabled unsafe flag: --never_fsync=true
W0517 06:45:45.024341 16086 flags.cc:406] Enabled experimental flag: --raft_prepare_replacement_before_eviction=false
W0517 06:45:45.024494 16086 flags.cc:406] Enabled experimental flag: --ipki_ca_key_size=1024
W0517 06:45:45.024592 16086 flags.cc:406] Enabled experimental flag: --ipki_server_key_size=1024
W0517 06:45:45.024684 16086 flags.cc:406] Enabled experimental flag: --tsk_num_rsa_bits=512
W0517 06:45:45.024794 16086 flags.cc:406] Enabled experimental flag: --rpc_reuseport=true
I0517 06:45:45.038615 16086 master_main.cc:73] Master server non-default flags: --raft_prepare_replacement_before_eviction=false --fs_data_dirs=/tmp/dist-test-task4QLboq/test-tmp/kudu-admin-test.0.EnableKudu1097AndDownTS_MoveTabletParamTest.Test_1.1526539434354140-4480/raft_consensus-itest-cluster/master-0/data --fs_wal_dir=/tmp/dist-test-task4QLboq/test-tmp/kudu-admin-test.0.EnableKudu1097AndDownTS_MoveTabletParamTest.Test_1.1526539434354140-4480/raft_consensus-itest-cluster/master-0/wal --ipki_ca_key_size=1024 --ipki_server_key_size=1024 --tsk_num_rsa_bits=512 --rpc_bind_addresses=127.4.96.62:36173 --rpc_reuseport=true --rpc_server_allow_ephemeral_ports=true --metrics_log_interval_ms=1000 --server_dump_info_format=pb --server_dump_info_path=/tmp/dist-test-task4QLboq/test-tmp/kudu-admin-test.0.EnableKudu1097AndDownTS_MoveTabletParamTest.Test_1.1526539434354140-4480/raft_consensus-itest-cluster/master-0/data/info.pb --webserver_interface=127.4.96.62 --webserver_port=0 --never_fsync=true --redact=none --unlock_experimental_flags=true --unlock_unsafe_flags=true --enable_minidumps=false --log_dir=/tmp/dist-test-task4QLboq/test-tmp/kudu-admin-test.0.EnableKudu1097AndDownTS_MoveTabletParamTest.Test_1.1526539434354140-4480/raft_consensus-itest-cluster/master-0/logs --logbuflevel=-1 --logtostderr=true Master server version: kudu 1.8.0-SNAPSHOT revision f969af316286807a745fa39b9c2ee604c88b63c9 build type FASTDEBUG built by None at 17 May 2018 06:38:04 UTC on jenkins-slave-snjf build id 13499 TSAN enabled
I0517 06:45:45.046231 16086 master_main.cc:80] Initializing master server...
I0517 06:45:45.047719 16086 system_ntp.cc:143] NTP initialized. Skew: 500ppm Current error: 171819us
I0517 06:45:45.048449 16086 fs_manager.cc:260] Metadata directory not provided
I0517 06:45:45.048565 16086 fs_manager.cc:266] Using write-ahead log directory (fs_wal_dir) as metadata directory
I0517 06:45:45.048744 16086 server_base.cc:432] Could not load existing FS layout: Not found: /tmp/dist-test-task4QLboq/test-tmp/kudu-admin-test.0.EnableKudu1097AndDownTS_MoveTabletParamTest.Test_1.1526539434354140-4480/raft_consensus-itest-cluster/master-0/data/instance: No such file or directory (error 2)
I0517 06:45:45.048857 16086 server_base.cc:433] Attempting to create new FS layout instead
I0517 06:45:45.056004 16086 fs_manager.cc:595] Generated new instance metadata in path /tmp/dist-test-task4QLboq/test-tmp/kudu-admin-test.0.EnableKudu1097AndDownTS_MoveTabletParamTest.Test_1.1526539434354140-4480/raft_consensus-itest-cluster/master-0/data/instance: uuid: "836396dec77e4248a5273ef503dd0344" format_stamp: "Formatted at 2018-05-17 06:45:45 on dist-test-slave-dist-test-slave-26mv"
I0517 06:45:45.056665 16086 fs_manager.cc:595] Generated new instance metadata in path /tmp/dist-test-task4QLboq/test-tmp/kudu-admin-test.0.EnableKudu1097AndDownTS_MoveTabletParamTest.Test_1.1526539434354140-4480/raft_consensus-itest-cluster/master-0/wal/instance: uuid: "836396dec77e4248a5273ef503dd0344" format_stamp: "Formatted at 2018-05-17 06:45:45 on dist-test-slave-dist-test-slave-26mv"
I0517 06:45:45.065831 16086 fs_manager.cc:495] Time spent creating directory manager: real 0.009s user 0.008s sys 0.004s
I0517 06:45:45.066934 16086 env_posix.cc:1643] Not raising this process' open files per process limit of 65536; it is already as high as it can go
I0517 06:45:45.067312 16086 file_cache.cc:470] Constructed file cache lbm with capacity 26214
I0517 06:45:45.073629 16086 fs_manager.cc:417] Time spent opening block manager: real 0.001s user 0.000s sys 0.000s
I0517 06:45:45.073735 16086 fs_manager.cc:428] Opened local filesystem: /tmp/dist-test-task4QLboq/test-tmp/kudu-admin-test.0.EnableKudu1097AndDownTS_MoveTabletParamTest.Test_1.1526539434354140-4480/raft_consensus-itest-cluster/master-0/data,/tmp/dist-test-task4QLboq/test-tmp/kudu-admin-test.0.EnableKudu1097AndDownTS_MoveTabletParamTest.Test_1.1526539434354140-4480/raft_consensus-itest-cluster/master-0/wal uuid: "836396dec77e4248a5273ef503dd0344" format_stamp: "Formatted at 2018-05-17 06:45:45 on dist-test-slave-dist-test-slave-26mv"
I0517 06:45:45.073940 16086 fs_report.cc:347] Block manager report -------------------- 1 data directories: /tmp/dist-test-task4QLboq/test-tmp/kudu-admin-test.0.EnableKudu1097AndDownTS_MoveTabletParamTest.Test_1.1526539434354140-4480/raft_consensus-itest-cluster/master-0/data/data Total live blocks: 0 Total live bytes: 0 Total live bytes (after alignment): 0 Total number of LBM containers: 0 (0 full) Did not check for missing blocks Did not check for orphaned blocks Total full LBM containers with extra space: 0 (0 repaired) Total full LBM container extra space in bytes: 0 (0 repaired) Total incomplete LBM containers: 0 (0 repaired) Total LBM partial records: 0 (0 repaired)
I0517 06:45:45.236604 16086 env_posix.cc:1643] Not raising this process' running threads per effective uid limit of 60284; it is already as high as it can go
I0517 06:45:45.238298 16086 master_main.cc:83] Starting Master server...
I0517 06:45:45.277709 16086 rpc_server.cc:205] RPC server started. Bound to: 127.4.96.62:36173
I0517 06:45:45.278542 16086 webserver.cc:173] Starting webserver on 127.4.96.62:0
I0517 06:45:45.278642 16086 webserver.cc:184] Document root disabled
I0517 06:45:45.279817 16086 webserver.cc:311] Webserver started. Bound to: http://127.4.96.62:44537/
I0517 06:45:45.280541 16086 server_base.cc:607] Dumped server information to /tmp/dist-test-task4QLboq/test-tmp/kudu-admin-test.0.EnableKudu1097AndDownTS_MoveTabletParamTest.Test_1.1526539434354140-4480/raft_consensus-itest-cluster/master-0/data/info.pb
I0517 06:45:45.283040 16147 data_dirs.cc:934] Could only allocate 1 dirs of requested 3 for tablet 00000000000000000000000000000000. 1 dirs total, 0 dirs full, 0 dirs failed
I0517 06:45:45.285517 4480 external_mini_cluster.cc:848] Started /tmp/dist-test-task4QLboq/build/tsan/bin/kudu-master as pid 16086
I0517 06:45:45.286461 4480 external_mini_cluster.cc:786] Running /tmp/dist-test-task4QLboq/build/tsan/bin/kudu-tserver /tmp/dist-test-task4QLboq/build/tsan/bin/kudu-tserver --fs_wal_dir=/tmp/dist-test-task4QLboq/test-tmp/kudu-admin-test.0.EnableKudu1097AndDownTS_MoveTabletParamTest.Test_1.1526539434354140-4480/raft_consensus-itest-cluster/ts-0/wal --fs_data_dirs=/tmp/dist-test-task4QLboq/test-tmp/kudu-admin-test.0.EnableKudu1097AndDownTS_MoveTabletParamTest.Test_1.1526539434354140-4480/raft_consensus-itest-cluster/ts-0/data --block_manager=log --rpc_bind_addresses=127.4.96.1:0 --local_ip_for_outbound_sockets=127.4.96.1 --webserver_interface=127.4.96.1 --webserver_port=0 --tserver_master_addrs=127.4.96.62:36173 --never_fsync --ipki_server_key_size=1024 --enable_minidumps=false --redact=none --metrics_log_interval_ms=1000 --logtostderr --logbuflevel=-1 --log_dir=/tmp/dist-test-task4QLboq/test-tmp/kudu-admin-test.0.EnableKudu1097AndDownTS_MoveTabletParamTest.Test_1.1526539434354140-4480/raft_consensus-itest-cluster/ts-0/logs --server_dump_info_path=/tmp/dist-test-task4QLboq/test-tmp/kudu-admin-test.0.EnableKudu1097AndDownTS_MoveTabletParamTest.Test_1.1526539434354140-4480/raft_consensus-itest-cluster/ts-0/data/info.pb --server_dump_info_format=pb --rpc_server_allow_ephemeral_ports --unlock_experimental_flags --unlock_unsafe_flags --raft_prepare_replacement_before_eviction=false with env {}
I0517 06:45:45.310884 16147 tablet_bootstrap.cc:436] T 00000000000000000000000000000000 P 836396dec77e4248a5273ef503dd0344: Bootstrap starting.
I0517 06:45:45.313138 16147 tablet_bootstrap.cc:587] T 00000000000000000000000000000000 P 836396dec77e4248a5273ef503dd0344: No blocks or log segments found. Creating new log.
I0517 06:45:45.314321 16147 log.cc:520] T 00000000000000000000000000000000 P 836396dec77e4248a5273ef503dd0344: Log is configured to *not* fsync() on all Append() calls
I0517 06:45:45.322981 16147 tablet_bootstrap.cc:436] T 00000000000000000000000000000000 P 836396dec77e4248a5273ef503dd0344: No bootstrap required, opened a new log
I0517 06:45:45.335206 16147 raft_consensus.cc:303] T 00000000000000000000000000000000 P 836396dec77e4248a5273ef503dd0344 [term 0 FOLLOWER]: Replica starting. Triggering 0 pending transactions. Active config: opid_index: -1 OBSOLETE_local: true peers { permanent_uuid: "836396dec77e4248a5273ef503dd0344" member_type: VOTER }
I0517 06:45:45.335528 16147 raft_consensus.cc:329] T 00000000000000000000000000000000 P 836396dec77e4248a5273ef503dd0344 [term 0 FOLLOWER]: Consensus starting up: Expiring failure detector timer to make a prompt election more likely
I0517 06:45:45.335677 16147 raft_consensus.cc:604] T 00000000000000000000000000000000 P 836396dec77e4248a5273ef503dd0344 [term 0 FOLLOWER]: Becoming Follower/Learner. State: Replica: 836396dec77e4248a5273ef503dd0344, State: Initialized, Role: FOLLOWER
I0517 06:45:45.336134 16147 consensus_queue.cc:227] T 00000000000000000000000000000000 P 836396dec77e4248a5273ef503dd0344 [NON_LEADER]: Queue going to NON_LEADER mode. State: All replicated index: 0, Majority replicated index: 0, Committed index: 0, Last appended: 0.0, Last appended by leader: 0, Current term: 0, Majority size: -1, State: 0, Mode: NON_LEADER, active raft config: opid_index: -1 OBSOLETE_local: true peers { permanent_uuid: "836396dec77e4248a5273ef503dd0344" member_type: VOTER }
I0517 06:45:45.336553 16147 raft_consensus.cc:343] T 00000000000000000000000000000000 P 836396dec77e4248a5273ef503dd0344 [term 0 FOLLOWER]: Only one voter in the Raft config. Triggering election immediately
I0517 06:45:45.336735 16147 raft_consensus.cc:435] T 00000000000000000000000000000000 P 836396dec77e4248a5273ef503dd0344 [term 0 FOLLOWER]: Starting leader election (initial election of a single-replica configuration)
I0517 06:45:45.336931 16147 raft_consensus.cc:2704] T 00000000000000000000000000000000 P 836396dec77e4248a5273ef503dd0344: Snoozing failure detection for 2.185s (starting election)
I0517 06:45:45.337117 16147 raft_consensus.cc:2756] T 00000000000000000000000000000000 P 836396dec77e4248a5273ef503dd0344 [term 0 FOLLOWER]: Advancing to term 1
I0517 06:45:45.339692 16147 raft_consensus.cc:457] T 00000000000000000000000000000000 P 836396dec77e4248a5273ef503dd0344 [term 1 FOLLOWER]: Starting leader election with config: opid_index: -1 OBSOLETE_local: true peers { permanent_uuid: "836396dec77e4248a5273ef503dd0344" member_type: VOTER }
I0517 06:45:45.340132 16147 leader_election.cc:270] T 00000000000000000000000000000000 P 836396dec77e4248a5273ef503dd0344 [CANDIDATE]: Term 1 election: Election decided. Result: candidate won.
I0517 06:45:45.350482 16150 raft_consensus.cc:2704] T 00000000000000000000000000000000 P 836396dec77e4248a5273ef503dd0344: Snoozing failure detection for 1.877s (election complete)
I0517 06:45:45.350767 16150 raft_consensus.cc:2511] T 00000000000000000000000000000000 P 836396dec77e4248a5273ef503dd0344 [term 1 FOLLOWER]: Leader election won for term 1
I0517 06:45:45.370244 16150 raft_consensus.cc:571] T 00000000000000000000000000000000 P 836396dec77e4248a5273ef503dd0344 [term 1 LEADER]: Becoming Leader. State: Replica: 836396dec77e4248a5273ef503dd0344, State: Running, Role: LEADER
I0517 06:45:45.370584 16150 consensus_queue.cc:204] T 00000000000000000000000000000000 P 836396dec77e4248a5273ef503dd0344 [LEADER]: Queue going to LEADER mode. State: All replicated index: 0, Majority replicated index: 0, Committed index: 0, Last appended: 0.0, Last appended by leader: 0, Current term: 1, Majority size: 1, State: 0, Mode: LEADER, active raft config: opid_index: -1 OBSOLETE_local: true peers { permanent_uuid: "836396dec77e4248a5273ef503dd0344" member_type: VOTER }
I0517 06:45:45.383918 16151 sys_catalog.cc:335] T 00000000000000000000000000000000 P 836396dec77e4248a5273ef503dd0344 [sys.catalog]: SysCatalogTable state changed. Reason: RaftConsensus started. Latest consensus state: current_term: 1 leader_uuid: "836396dec77e4248a5273ef503dd0344" committed_config { opid_index: -1 OBSOLETE_local: true peers { permanent_uuid: "836396dec77e4248a5273ef503dd0344" member_type: VOTER } }
I0517 06:45:45.384505 16151 sys_catalog.cc:338] T 00000000000000000000000000000000 P 836396dec77e4248a5273ef503dd0344 [sys.catalog]: This master's current role is: LEADER WARNING: Logging before InitGoogleLogging() is written to STDERR
W0517 06:45:45.405014 16148 flags.cc:406] Enabled unsafe flag: --rpc_server_allow_ephemeral_ports=true
W0517 06:45:45.405339 16148 flags.cc:406] Enabled unsafe flag: --never_fsync=true
W0517 06:45:45.413126 16148 flags.cc:406] Enabled experimental flag: --raft_prepare_replacement_before_eviction=false
W0517 06:45:45.413297 16148 flags.cc:406] Enabled experimental flag: --ipki_server_key_size=1024
W0517 06:45:45.413604 16148 flags.cc:406] Enabled experimental flag: --local_ip_for_outbound_sockets=127.4.96.1
