I0517 06:44:21.796941 4480 external_mini_cluster.cc:786] Running /tmp/dist-test-task4QLboq/build/tsan/bin/kudu-master /tmp/dist-test-task4QLboq/build/tsan/bin/kudu-master --fs_wal_dir=/tmp/dist-test-task4QLboq/test-tmp/kudu-admin-test.0.AdminCliTest.TestUnsafeChangeConfigForConfigWithTwoNodes.1526539434354140-4480/raft_consensus-itest-cluster/master-0/wal --fs_data_dirs=/tmp/dist-test-task4QLboq/test-tmp/kudu-admin-test.0.AdminCliTest.TestUnsafeChangeConfigForConfigWithTwoNodes.1526539434354140-4480/raft_consensus-itest-cluster/master-0/data --block_manager=log --webserver_interface=localhost --ipki_ca_key_size=1024 --tsk_num_rsa_bits=512 --rpc_bind_addresses=127.4.96.62:50252 --webserver_interface=127.4.96.62 --webserver_port=52951 --never_fsync --ipki_server_key_size=1024 --enable_minidumps=false --redact=none --metrics_log_interval_ms=1000 --logtostderr --logbuflevel=-1 --log_dir=/tmp/dist-test-task4QLboq/test-tmp/kudu-admin-test.0.AdminCliTest.TestUnsafeChangeConfigForConfigWithTwoNodes.1526539434354140-4480/raft_consensus-itest-cluster/master-0/logs --server_dump_info_path=/tmp/dist-test-task4QLboq/test-tmp/kudu-admin-test.0.AdminCliTest.TestUnsafeChangeConfigForConfigWithTwoNodes.1526539434354140-4480/raft_consensus-itest-cluster/master-0/data/info.pb --server_dump_info_format=pb --rpc_server_allow_ephemeral_ports --unlock_experimental_flags --unlock_unsafe_flags --rpc_reuseport=true with env {}
W0517 06:44:21.797488 7536 connection.cc:512] server connection from 127.0.0.1:43606 recv error: Network error: failed to read from TLS socket (remote: 127.0.0.1:43606): Connection reset by peer (error 104)
W0517 06:44:21.798192 7536 connection.cc:512] client connection to 127.4.96.62:50252 recv error: Network error: failed to read from TLS socket (remote: 127.4.96.62:50252): Connection reset by peer (error 104)
W0517 06:44:21.799039 7408 connection.cc:512] server connection from 127.0.0.1:54902 recv error: Network error: failed to read from TLS socket (remote: 127.0.0.1:54902): Connection reset by peer (error 104)
W0517 06:44:21.802064 7076 connection.cc:512] client connection to 127.4.96.62:50252 recv error: Network error: failed to read from TLS socket (remote: 127.4.96.62:50252): Connection reset by peer (error 104)
W0517 06:44:21.806162 7653 connection.cc:512] client connection to 127.4.96.62:50252 recv error: Network error: failed to read from TLS socket (remote: 127.4.96.62:50252): Connection reset by peer (error 104) WARNING: Logging before InitGoogleLogging() is written to STDERR
W0517 06:44:21.910537 7684 flags.cc:406] Enabled unsafe flag: --rpc_server_allow_ephemeral_ports=true
W0517 06:44:21.910845 7684 flags.cc:406] Enabled unsafe flag: --never_fsync=true
W0517 06:44:21.919823 7684 flags.cc:406] Enabled experimental flag: --ipki_ca_key_size=1024
W0517 06:44:21.919940 7684 flags.cc:406] Enabled experimental flag: --ipki_server_key_size=1024
W0517 06:44:21.920037 7684 flags.cc:406] Enabled experimental flag: --tsk_num_rsa_bits=512
W0517 06:44:21.920142 7684 flags.cc:406] Enabled experimental flag: --rpc_reuseport=true
I0517 06:44:21.933895 7684 master_main.cc:73] Master server non-default flags: --fs_data_dirs=/tmp/dist-test-task4QLboq/test-tmp/kudu-admin-test.0.AdminCliTest.TestUnsafeChangeConfigForConfigWithTwoNodes.1526539434354140-4480/raft_consensus-itest-cluster/master-0/data --fs_wal_dir=/tmp/dist-test-task4QLboq/test-tmp/kudu-admin-test.0.AdminCliTest.TestUnsafeChangeConfigForConfigWithTwoNodes.1526539434354140-4480/raft_consensus-itest-cluster/master-0/wal --ipki_ca_key_size=1024 --ipki_server_key_size=1024 --tsk_num_rsa_bits=512 --rpc_bind_addresses=127.4.96.62:50252 --rpc_reuseport=true --rpc_server_allow_ephemeral_ports=true --metrics_log_interval_ms=1000 --server_dump_info_format=pb --server_dump_info_path=/tmp/dist-test-task4QLboq/test-tmp/kudu-admin-test.0.AdminCliTest.TestUnsafeChangeConfigForConfigWithTwoNodes.1526539434354140-4480/raft_consensus-itest-cluster/master-0/data/info.pb --webserver_interface=127.4.96.62 --webserver_port=52951 --never_fsync=true --redact=none --unlock_experimental_flags=true --unlock_unsafe_flags=true --enable_minidumps=false --log_dir=/tmp/dist-test-task4QLboq/test-tmp/kudu-admin-test.0.AdminCliTest.TestUnsafeChangeConfigForConfigWithTwoNodes.1526539434354140-4480/raft_consensus-itest-cluster/master-0/logs --logbuflevel=-1 --logtostderr=true Master server version: kudu 1.8.0-SNAPSHOT revision f969af316286807a745fa39b9c2ee604c88b63c9 build type FASTDEBUG built by None at 17 May 2018 06:38:04 UTC on jenkins-slave-snjf build id 13499 TSAN enabled
I0517 06:44:21.941529 7684 master_main.cc:80] Initializing master server...
I0517 06:44:21.943037 7684 system_ntp.cc:143] NTP initialized. Skew: 500ppm Current error: 129819us
I0517 06:44:21.943769 7684 fs_manager.cc:260] Metadata directory not provided
I0517 06:44:21.943903 7684 fs_manager.cc:266] Using write-ahead log directory (fs_wal_dir) as metadata directory
I0517 06:44:21.949249 7684 fs_manager.cc:397] Time spent opening directory manager: real 0.004s user 0.004s sys 0.000s
I0517 06:44:21.949854 7684 env_posix.cc:1643] Not raising this process' open files per process limit of 65536; it is already as high as it can go
I0517 06:44:21.950259 7684 file_cache.cc:470] Constructed file cache lbm with capacity 26214
I0517 06:44:21.956681 7684 fs_manager.cc:417] Time spent opening block manager: real 0.002s user 0.004s sys 0.000s
I0517 06:44:21.956790 7684 fs_manager.cc:428] Opened local filesystem: /tmp/dist-test-task4QLboq/test-tmp/kudu-admin-test.0.AdminCliTest.TestUnsafeChangeConfigForConfigWithTwoNodes.1526539434354140-4480/raft_consensus-itest-cluster/master-0/data,/tmp/dist-test-task4QLboq/test-tmp/kudu-admin-test.0.AdminCliTest.TestUnsafeChangeConfigForConfigWithTwoNodes.1526539434354140-4480/raft_consensus-itest-cluster/master-0/wal uuid: "5cf0d2389b82497caf635141f8800e65" format_stamp: "Formatted at 2018-05-17 06:44:18 on dist-test-slave-dist-test-slave-26mv"
I0517 06:44:21.957939 7684 fs_report.cc:347] Block manager report -------------------- 1 data directories: /tmp/dist-test-task4QLboq/test-tmp/kudu-admin-test.0.AdminCliTest.TestUnsafeChangeConfigForConfigWithTwoNodes.1526539434354140-4480/raft_consensus-itest-cluster/master-0/data/data Total live blocks: 0 Total live bytes: 0 Total live bytes (after alignment): 0 Total number of LBM containers: 0 (0 full) Did not check for missing blocks Did not check for orphaned blocks Total full LBM containers with extra space: 0 (0 repaired) Total full LBM container extra space in bytes: 0 (0 repaired) Total incomplete LBM containers: 0 (0 repaired) Total LBM partial records: 0 (0 repaired)
I0517 06:44:22.125134 7684 env_posix.cc:1643] Not raising this process' running threads per effective uid limit of 60284; it is already as high as it can go
I0517 06:44:22.126894 7684 master_main.cc:83] Starting Master server...
I0517 06:44:22.166466 7684 rpc_server.cc:205] RPC server started. Bound to: 127.4.96.62:50252
I0517 06:44:22.167309 7684 webserver.cc:173] Starting webserver on 127.4.96.62:52951
I0517 06:44:22.167407 7684 webserver.cc:184] Document root disabled
I0517 06:44:22.168570 7684 webserver.cc:311] Webserver started. Bound to: http://127.4.96.62:52951/
I0517 06:44:22.171486 7684 server_base.cc:607] Dumped server information to /tmp/dist-test-task4QLboq/test-tmp/kudu-admin-test.0.AdminCliTest.TestUnsafeChangeConfigForConfigWithTwoNodes.1526539434354140-4480/raft_consensus-itest-cluster/master-0/data/info.pb
I0517 06:44:22.180464 4480 external_mini_cluster.cc:848] Started /tmp/dist-test-task4QLboq/build/tsan/bin/kudu-master as pid 7684
I0517 06:44:22.180549 7745 tablet_bootstrap.cc:436] T 00000000000000000000000000000000 P 5cf0d2389b82497caf635141f8800e65: Bootstrap starting.
I0517 06:44:22.180778 4480 kudu-admin-test.cc:585] Forcing unsafe config change on tserver 06f454a655e2491bba20fcbae6b6904f
I0517 06:44:22.204787 7745 log.cc:520] T 00000000000000000000000000000000 P 5cf0d2389b82497caf635141f8800e65: Log is configured to *not* fsync() on all Append() calls
I0517 06:44:22.216362 7745 tablet_bootstrap.cc:436] T 00000000000000000000000000000000 P 5cf0d2389b82497caf635141f8800e65: Bootstrap replayed 1/1 log segments. Stats: ops{read=7 overwritten=0 applied=7 ignored=1} inserts{seen=4 ignored=0} mutations{seen=2 ignored=0} orphaned_commits=0. Pending: 0 replicates
I0517 06:44:22.216920 7745 tablet_bootstrap.cc:436] T 00000000000000000000000000000000 P 5cf0d2389b82497caf635141f8800e65: Bootstrap complete.
I0517 06:44:22.235518 7745 raft_consensus.cc:303] T 00000000000000000000000000000000 P 5cf0d2389b82497caf635141f8800e65 [term 1 FOLLOWER]: Replica starting. Triggering 0 pending transactions. Active config: opid_index: -1 OBSOLETE_local: true peers { permanent_uuid: "5cf0d2389b82497caf635141f8800e65" member_type: VOTER }
I0517 06:44:22.237080 7745 raft_consensus.cc:604] T 00000000000000000000000000000000 P 5cf0d2389b82497caf635141f8800e65 [term 1 FOLLOWER]: Becoming Follower/Learner. State: Replica: 5cf0d2389b82497caf635141f8800e65, State: Initialized, Role: FOLLOWER
I0517 06:44:22.237584 7745 consensus_queue.cc:227] T 00000000000000000000000000000000 P 5cf0d2389b82497caf635141f8800e65 [NON_LEADER]: Queue going to NON_LEADER mode. State: All replicated index: 0, Majority replicated index: 0, Committed index: 7, Last appended: 1.7, Last appended by leader: 7, Current term: 0, Majority size: -1, State: 0, Mode: NON_LEADER, active raft config: opid_index: -1 OBSOLETE_local: true peers { permanent_uuid: "5cf0d2389b82497caf635141f8800e65" member_type: VOTER }
I0517 06:44:22.237999 7745 raft_consensus.cc:343] T 00000000000000000000000000000000 P 5cf0d2389b82497caf635141f8800e65 [term 1 FOLLOWER]: Only one voter in the Raft config. Triggering election immediately
I0517 06:44:22.238175 7745 raft_consensus.cc:435] T 00000000000000000000000000000000 P 5cf0d2389b82497caf635141f8800e65 [term 1 FOLLOWER]: Starting leader election (initial election of a single-replica configuration)
I0517 06:44:22.238360 7745 raft_consensus.cc:2704] T 00000000000000000000000000000000 P 5cf0d2389b82497caf635141f8800e65: Snoozing failure detection for 1.744s (starting election)
I0517 06:44:22.238548 7745 raft_consensus.cc:2756] T 00000000000000000000000000000000 P 5cf0d2389b82497caf635141f8800e65 [term 1 FOLLOWER]: Advancing to term 2
I0517 06:44:22.243010 7745 raft_consensus.cc:457] T 00000000000000000000000000000000 P 5cf0d2389b82497caf635141f8800e65 [term 2 FOLLOWER]: Starting leader election with config: opid_index: -1 OBSOLETE_local: true peers { permanent_uuid: "5cf0d2389b82497caf635141f8800e65" member_type: VOTER }
I0517 06:44:22.243420 7745 leader_election.cc:270] T 00000000000000000000000000000000 P 5cf0d2389b82497caf635141f8800e65 [CANDIDATE]: Term 2 election: Election decided. Result: candidate won.
I0517 06:44:22.244992 7748 raft_consensus.cc:2704] T 00000000000000000000000000000000 P 5cf0d2389b82497caf635141f8800e65: Snoozing failure detection for 2.174s (election complete)
I0517 06:44:22.245272 7748 raft_consensus.cc:2511] T 00000000000000000000000000000000 P 5cf0d2389b82497caf635141f8800e65 [term 2 FOLLOWER]: Leader election won for term 2
I0517 06:44:22.254427 7748 raft_consensus.cc:571] T 00000000000000000000000000000000 P 5cf0d2389b82497caf635141f8800e65 [term 2 LEADER]: Becoming Leader. State: Replica: 5cf0d2389b82497caf635141f8800e65, State: Running, Role: LEADER
I0517 06:44:22.254834 7748 consensus_queue.cc:204] T 00000000000000000000000000000000 P 5cf0d2389b82497caf635141f8800e65 [LEADER]: Queue going to LEADER mode. State: All replicated index: 0, Majority replicated index: 7, Committed index: 7, Last appended: 1.7, Last appended by leader: 7, Current term: 2, Majority size: 1, State: 0, Mode: LEADER, active raft config: opid_index: -1 OBSOLETE_local: true peers { permanent_uuid: "5cf0d2389b82497caf635141f8800e65" member_type: VOTER }
I0517 06:44:22.258054 7745 sys_catalog.cc:335] T 00000000000000000000000000000000 P 5cf0d2389b82497caf635141f8800e65 [sys.catalog]: SysCatalogTable state changed. Reason: Started TabletReplica. Latest consensus state: current_term: 2 leader_uuid: "5cf0d2389b82497caf635141f8800e65" committed_config { opid_index: -1 OBSOLETE_local: true peers { permanent_uuid: "5cf0d2389b82497caf635141f8800e65" member_type: VOTER } }
I0517 06:44:22.258411 7745 sys_catalog.cc:338] T 00000000000000000000000000000000 P 5cf0d2389b82497caf635141f8800e65 [sys.catalog]: This master's current role is: LEADER
I0517 06:44:22.260192 7745 sys_catalog.cc:422] T 00000000000000000000000000000000 P 5cf0d2389b82497caf635141f8800e65 [sys.catalog]: configured and running, proceeding with master startup.
I0517 06:44:22.262142 7684 master_main.cc:86] Master server successfully started.
W0517 06:44:22.302384 7746 flags.cc:406] Enabled unsafe flag: --never_fsync=true
I0517 06:44:22.261500 7749 sys_catalog.cc:335] T 00000000000000000000000000000000 P 5cf0d2389b82497caf635141f8800e65 [sys.catalog]: SysCatalogTable state changed. Reason: RaftConsensus started. Latest consensus state: current_term: 2 leader_uuid: "5cf0d2389b82497caf635141f8800e65" committed_config { opid_index: -1 OBSOLETE_local: true peers { permanent_uuid: "5cf0d2389b82497caf635141f8800e65" member_type: VOTER } }
I0517 06:44:22.321616 7749 sys_catalog.cc:338] T 00000000000000000000000000000000 P 5cf0d2389b82497caf635141f8800e65 [sys.catalog]: This master's current role is: LEADER
I0517 06:44:22.261833 7750 sys_catalog.cc:335] T 00000000000000000000000000000000 P 5cf0d2389b82497caf635141f8800e65 [sys.catalog]: SysCatalogTable state changed. Reason: New leader 5cf0d2389b82497caf635141f8800e65. Latest consensus state: current_term: 2 leader_uuid: "5cf0d2389b82497caf635141f8800e65" committed_config { opid_index: -1 OBSOLETE_local: true peers { permanent_uuid: "5cf0d2389b82497caf635141f8800e65" member_type: VOTER } }
I0517 06:44:22.323835 7750 sys_catalog.cc:338] T 00000000000000000000000000000000 P 5cf0d2389b82497caf635141f8800e65 [sys.catalog]: This master's current role is: LEADER
I0517 06:44:22.266116 7752 catalog_manager.cc:1001] Loading table and tablet metadata into memory...
I0517 06:44:22.329938 7752 catalog_manager.cc:321] Loaded metadata for table TestTable [id=338e7ecfdbbd4fa6afeb34a2086e4ad8]
I0517 06:44:22.331831 7752 catalog_manager.cc:375] Loaded metadata for tablet dee05aadc1ee46919ccdff3814db7dc6 (table TestTable [id=338e7ecfdbbd4fa6afeb34a2086e4ad8])
I0517 06:44:22.332247 7752 catalog_manager.cc:1012] Initializing Kudu internal certificate authority...
I0517 06:44:22.335600 7752 catalog_manager.cc:1021] Loading token signing keys...
I0517 06:44:22.337002 7752 catalog_manager.cc:3973] T 00000000000000000000000000000000 P 5cf0d2389b82497caf635141f8800e65: Loaded TSK: 0
I0517 06:44:22.504957 7478 tablet_service.cc:1077] Received UnsafeChangeConfig RPC: dest_uuid: "06f454a655e2491bba20fcbae6b6904f" tablet_id: "dee05aadc1ee46919ccdff3814db7dc6" caller_id: "kudu-tools" new_config { peers { permanent_uuid: "c77c835e5d174d04b58e42e63029fc67" } peers { permanent_uuid: "06f454a655e2491bba20fcbae6b6904f" } } from {username='slave'} at 127.0.0.1:54911
W0517 06:44:22.505910 7478 raft_consensus.cc:1990] T dee05aadc1ee46919ccdff3814db7dc6 P 06f454a655e2491bba20fcbae6b6904f [term 1 FOLLOWER]: PROCEEDING WITH UNSAFE CONFIG CHANGE ON THIS SERVER, COMMITTED CONFIG: opid_index: -1 OBSOLETE_local: false peers { permanent_uuid: "06f454a655e2491bba20fcbae6b6904f" member_type: VOTER last_known_addr { host: "127.4.96.3" port: 38778 } } peers { permanent_uuid: "c77c835e5d174d04b58e42e63029fc67" member_type: VOTER last_known_addr { host: "127.4.96.4" port: 53187 } } peers { permanent_uuid: "e79da8f222574a1194bdfa49fb5dda93" member_type: VOTER last_known_addr { host: "127.4.96.2" port: 48869 } }NEW CONFIG: opid_index: 2 OBSOLETE_local: false peers { permanent_uuid: "06f454a655e2491bba20fcbae6b6904f" member_type: VOTER last_known_addr { host: "127.4.96.3" port: 38778 } } peers { permanent_uuid: "c77c835e5d174d04b58e42e63029fc67" member_type: VOTER last_known_addr { host: "127.4.96.4" port: 53187 } } unsafe_config_change: true
I0517 06:44:22.506870 7478 raft_consensus.cc:2756] T dee05aadc1ee46919ccdff3814db7dc6 P 06f454a655e2491bba20fcbae6b6904f [term 1 FOLLOWER]: Advancing to term 2
I0517 06:44:22.537083 7712 master_service.cc:205] Got heartbeat from unknown tserver (permanent_uuid: "06f454a655e2491bba20fcbae6b6904f" instance_seqno: 1526539460570725) as {username='slave'} at 127.4.96.3:35753; Asking this server to re-register.
I0517 06:44:22.538473 7521 heartbeater.cc:426] Registering TS with master...
I0517 06:44:22.538722 7521 heartbeater.cc:475] Master 127.4.96.62:50252 requested a full tablet report, sending...
I0517 06:44:22.540369 7712 ts_manager.cc:81] Registered new tserver with Master: 06f454a655e2491bba20fcbae6b6904f (127.4.96.3:38778)
I0517 06:44:22.583252 7712 master_service.cc:205] Got heartbeat from unknown tserver (permanent_uuid: "489338f6c6514088a81ec10d776c2d45" instance_seqno: 1526539459504354) as {username='slave'} at 127.4.96.1:43530; Asking this server to re-register.
I0517 06:44:22.584213 7271 heartbeater.cc:426] Registering TS with master...
I0517 06:44:22.584472 7271 heartbeater.cc:475] Master 127.4.96.62:50252 requested a full tablet report, sending...
I0517 06:44:22.585575 7712 ts_manager.cc:81] Registered new tserver with Master: 489338f6c6514088a81ec10d776c2d45 (127.4.96.1:57754)
I0517 06:44:22.755861 7712 master_service.cc:205] Got heartbeat from unknown tserver (permanent_uuid: "c77c835e5d174d04b58e42e63029fc67" instance_seqno: 1526539460990099) as {username='slave'} at 127.4.96.4:53489; Asking this server to re-register.
I0517 06:44:22.756762 7645 heartbeater.cc:426] Registering TS with master...
I0517 06:44:22.757024 7645 heartbeater.cc:475] Master 127.4.96.62:50252 requested a full tablet report, sending...
I0517 06:44:22.758618 7712 ts_manager.cc:81] Registered new tserver with Master: c77c835e5d174d04b58e42e63029fc67 (127.4.96.4:53187)
I0517 06:44:23.245468 7776 raft_consensus.cc:435] T dee05aadc1ee46919ccdff3814db7dc6 P c77c835e5d174d04b58e42e63029fc67 [term 1 FOLLOWER]: Starting pre-election (detected failure of leader e79da8f222574a1194bdfa49fb5dda93)
I0517 06:44:23.245710 7776 raft_consensus.cc:2704] T dee05aadc1ee46919ccdff3814db7dc6 P c77c835e5d174d04b58e42e63029fc67: Snoozing failure detection for 1.901s (starting election)
I0517 06:44:23.245944 7776 raft_consensus.cc:457] T dee05aadc1ee46919ccdff3814db7dc6 P c77c835e5d174d04b58e42e63029fc67 [term 1 FOLLOWER]: Starting pre-election with config: opid_index: -1 OBSOLETE_local: false peers { permanent_uuid: "06f454a655e2491bba20fcbae6b6904f" member_type: VOTER last_known_addr { host: "127.4.96.3" port: 38778 } } peers { permanent_uuid: "c77c835e5d174d04b58e42e63029fc67" member_type: VOTER last_known_addr { host: "127.4.96.4" port: 53187 } } peers { permanent_uuid: "e79da8f222574a1194bdfa49fb5dda93" member_type: VOTER last_known_addr { host: "127.4.96.2" port: 48869 } }
I0517 06:44:23.246878 7776 leader_election.cc:243] T dee05aadc1ee46919ccdff3814db7dc6 P c77c835e5d174d04b58e42e63029fc67 [CANDIDATE]: Term 2 pre-election: Requesting pre-vote from peer 06f454a655e2491bba20fcbae6b6904f (127.4.96.3:38778)
I0517 06:44:23.247299 7776 leader_election.cc:243] T dee05aadc1ee46919ccdff3814db7dc6 P c77c835e5d174d04b58e42e63029fc67 [CANDIDATE]: Term 2 pre-election: Requesting pre-vote from peer e79da8f222574a1194bdfa49fb5dda93 (127.4.96.2:48869)
W0517 06:44:23.251209 7533 leader_election.cc:299] T dee05aadc1ee46919ccdff3814db7dc6 P c77c835e5d174d04b58e42e63029fc67 [CANDIDATE]: Term 2 pre-election: RPC error from VoteRequest() call to peer e79da8f222574a1194bdfa49fb5dda93 (127.4.96.2:48869): Network error: Client connection negotiation failed: client connection to 127.4.96.2:48869: connect: Connection refused (error 111)
I0517 06:44:23.259312 7478 tablet_service.cc:995] Received RequestConsensusVote() RPC: tablet_id: "dee05aadc1ee46919ccdff3814db7dc6" candidate_uuid: "c77c835e5d174d04b58e42e63029fc67" candidate_term: 2 candidate_status { last_received { term: 1 index: 1 } } ignore_live_leader: false dest_uuid: "06f454a655e2491bba20fcbae6b6904f" is_pre_election: true
I0517 06:44:23.259748 7478 raft_consensus.cc:2180] T dee05aadc1ee46919ccdff3814db7dc6 P 06f454a655e2491bba20fcbae6b6904f [term 2 FOLLOWER]: Leader pre-election vote request: Denying vote to candidate c77c835e5d174d04b58e42e63029fc67 for term 2 because replica is either leader or believes a valid leader to be alive.
I0517 06:44:23.260573 7536 leader_election.cc:393] T dee05aadc1ee46919ccdff3814db7dc6 P c77c835e5d174d04b58e42e63029fc67 [CANDIDATE]: Term 2 pre-election: Vote denied by peer 06f454a655e2491bba20fcbae6b6904f (127.4.96.3:38778). Message: Invalid argument: T dee05aadc1ee46919ccdff3814db7dc6 P 06f454a655e2491bba20fcbae6b6904f [term 2 FOLLOWER]: Leader pre-election vote request: Denying vote to candidate c77c835e5d174d04b58e42e63029fc67 for term 2 because replica is either leader or believes a valid leader to be alive.
I0517 06:44:23.260781 7536 leader_election.cc:270] T dee05aadc1ee46919ccdff3814db7dc6 P c77c835e5d174d04b58e42e63029fc67 [CANDIDATE]: Term 2 pre-election: Election decided. Result: candidate lost.
I0517 06:44:23.261176 7776 raft_consensus.cc:2704] T dee05aadc1ee46919ccdff3814db7dc6 P c77c835e5d174d04b58e42e63029fc67: Snoozing failure detection for 1.604s (election complete)
I0517 06:44:23.261399 7776 raft_consensus.cc:2756] T dee05aadc1ee46919ccdff3814db7dc6 P c77c835e5d174d04b58e42e63029fc67 [term 1 FOLLOWER]: Advancing to term 2
I0517 06:44:23.264133 7776 raft_consensus.cc:2459] T dee05aadc1ee46919ccdff3814db7dc6 P c77c835e5d174d04b58e42e63029fc67 [term 2 FOLLOWER]: Leader pre-election lost for term 2. Reason: could not achieve majority
I0517 06:44:24.013480 7781 raft_consensus.cc:435] T dee05aadc1ee46919ccdff3814db7dc6 P 06f454a655e2491bba20fcbae6b6904f [term 2 FOLLOWER]: Starting pre-election (detected failure of leader kudu-tools)
I0517 06:44:24.013716 7781 raft_consensus.cc:2704] T dee05aadc1ee46919ccdff3814db7dc6 P 06f454a655e2491bba20fcbae6b6904f: Snoozing failure detection for 2.162s (starting election)
I0517 06:44:24.013896 7781 raft_consensus.cc:457] T dee05aadc1ee46919ccdff3814db7dc6 P 06f454a655e2491bba20fcbae6b6904f [term 2 FOLLOWER]: Starting pre-election with config: opid_index: 2 OBSOLETE_local: false peers { permanent_uuid: "06f454a655e2491bba20fcbae6b6904f" member_type: VOTER last_known_addr { host: "127.4.96.3" port: 38778 } } peers { permanent_uuid: "c77c835e5d174d04b58e42e63029fc67" member_type: VOTER last_known_addr { host: "127.4.96.4" port: 53187 } } unsafe_config_change: true
I0517 06:44:24.014645 7781 leader_election.cc:243] T dee05aadc1ee46919ccdff3814db7dc6 P 06f454a655e2491bba20fcbae6b6904f [CANDIDATE]: Term 3 pre-election: Requesting pre-vote from peer c77c835e5d174d04b58e42e63029fc67 (127.4.96.4:53187)
I0517 06:44:24.023470 7602 tablet_service.cc:995] Received RequestConsensusVote() RPC: tablet_id: "dee05aadc1ee46919ccdff3814db7dc6" candidate_uuid: "06f454a655e2491bba20fcbae6b6904f" candidate_term: 3 candidate_status { last_received { term: 2 index: 2 } } ignore_live_leader: false dest_uuid: "c77c835e5d174d04b58e42e63029fc67" is_pre_election: true
I0517 06:44:24.023828 7602 raft_consensus.cc:2704] T dee05aadc1ee46919ccdff3814db7dc6 P c77c835e5d174d04b58e42e63029fc67: Snoozing failure detection for 2.248s (vote granted)
I0517 06:44:24.023983 7602 raft_consensus.cc:2219] T dee05aadc1ee46919ccdff3814db7dc6 P c77c835e5d174d04b58e42e63029fc67 [term 2 FOLLOWER]: Leader pre-election vote request: Granting yes vote for candidate 06f454a655e2491bba20fcbae6b6904f in term 2.
I0517 06:44:24.024665 7412 leader_election.cc:379] T dee05aadc1ee46919ccdff3814db7dc6 P 06f454a655e2491bba20fcbae6b6904f [CANDIDATE]: Term 3 pre-election: Vote granted by peer c77c835e5d174d04b58e42e63029fc67 (127.4.96.4:53187)
I0517 06:44:24.024833 7412 leader_election.cc:270] T dee05aadc1ee46919ccdff3814db7dc6 P 06f454a655e2491bba20fcbae6b6904f [CANDIDATE]: Term 3 pre-election: Election decided. Result: candidate won.
I0517 06:44:24.025197 7781 raft_consensus.cc:2704] T dee05aadc1ee46919ccdff3814db7dc6 P 06f454a655e2491bba20fcbae6b6904f: Snoozing failure detection for 1.628s (election complete)
I0517 06:44:24.025364 7781 raft_consensus.cc:2511] T dee05aadc1ee46919ccdff3814db7dc6 P 06f454a655e2491bba20fcbae6b6904f [term 2 FOLLOWER]: Leader pre-election won for term 3
I0517 06:44:24.025501 7781 raft_consensus.cc:435] T dee05aadc1ee46919ccdff3814db7dc6 P 06f454a655e2491bba20fcbae6b6904f [term 2 FOLLOWER]: Starting leader election (detected failure of leader kudu-tools)
I0517 06:44:24.025642 7781 raft_consensus.cc:2704] T dee05aadc1ee46919ccdff3814db7dc6 P 06f454a655e2491bba20fcbae6b6904f: Snoozing failure detection for 1.571s (starting election)
I0517 06:44:24.025769 7781 raft_consensus.cc:2756] T dee05aadc1ee46919ccdff3814db7dc6 P 06f454a655e2491bba20fcbae6b6904f [term 2 FOLLOWER]: Advancing to term 3
I0517 06:44:24.028545 7781 raft_consensus.cc:457] T dee05aadc1ee46919ccdff3814db7dc6 P 06f454a655e2491bba20fcbae6b6904f [term 3 FOLLOWER]: Starting leader election with config: opid_index: 2 OBSOLETE_local: false peers { permanent_uuid: "06f454a655e2491bba20fcbae6b6904f" member_type: VOTER last_known_addr { host: "127.4.96.3" port: 38778 } } peers { permanent_uuid: "c77c835e5d174d04b58e42e63029fc67" member_type: VOTER last_known_addr { host: "127.4.96.4" port: 53187 } } unsafe_config_change: true
I0517 06:44:24.029060 7781 leader_election.cc:243] T dee05aadc1ee46919ccdff3814db7dc6 P 06f454a655e2491bba20fcbae6b6904f [CANDIDATE]: Term 3 election: Requesting vote from peer c77c835e5d174d04b58e42e63029fc67 (127.4.96.4:53187)
I0517 06:44:24.029999 7602 tablet_service.cc:995] Received RequestConsensusVote() RPC: tablet_id: "dee05aadc1ee46919ccdff3814db7dc6" candidate_uuid: "06f454a655e2491bba20fcbae6b6904f" candidate_term: 3 candidate_status { last_received { term: 2 index: 2 } } ignore_live_leader: false dest_uuid: "c77c835e5d174d04b58e42e63029fc67"
I0517 06:44:24.030297 7602 raft_consensus.cc:2756] T dee05aadc1ee46919ccdff3814db7dc6 P c77c835e5d174d04b58e42e63029fc67 [term 2 FOLLOWER]: Advancing to term 3
I0517 06:44:24.030458 7602 raft_consensus.cc:2704] T dee05aadc1ee46919ccdff3814db7dc6 P c77c835e5d174d04b58e42e63029fc67: Snoozing failure detection for 2.947s (vote granted)
I0517 06:44:24.032948 7602 raft_consensus.cc:2219] T dee05aadc1ee46919ccdff3814db7dc6 P c77c835e5d174d04b58e42e63029fc67 [term 3 FOLLOWER]: Leader election vote request: Granting yes vote for candidate 06f454a655e2491bba20fcbae6b6904f in term 3.
I0517 06:44:24.033552 7412 leader_election.cc:379] T dee05aadc1ee46919ccdff3814db7dc6 P 06f454a655e2491bba20fcbae6b6904f [CANDIDATE]: Term 3 election: Vote granted by peer c77c835e5d174d04b58e42e63029fc67 (127.4.96.4:53187)
I0517 06:44:24.033707 7412 leader_election.cc:270] T dee05aadc1ee46919ccdff3814db7dc6 P 06f454a655e2491bba20fcbae6b6904f [CANDIDATE]: Term 3 election: Election decided. Result: candidate won.
I0517 06:44:24.034009 7781 raft_consensus.cc:2704] T dee05aadc1ee46919ccdff3814db7dc6 P 06f454a655e2491bba20fcbae6b6904f: Snoozing failure detection for 1.655s (election complete)
I0517 06:44:24.034171 7781 raft_consensus.cc:2511] T dee05aadc1ee46919ccdff3814db7dc6 P 06f454a655e2491bba20fcbae6b6904f [term 3 FOLLOWER]: Leader election won for term 3
I0517 06:44:24.035023 7781 raft_consensus.cc:571] T dee05aadc1ee46919ccdff3814db7dc6 P 06f454a655e2491bba20fcbae6b6904f [term 3 LEADER]: Becoming Leader. State: Replica: 06f454a655e2491bba20fcbae6b6904f, State: Running, Role: LEADER
I0517 06:44:24.035387 7781 consensus_queue.cc:204] T dee05aadc1ee46919ccdff3814db7dc6 P 06f454a655e2491bba20fcbae6b6904f [LEADER]: Queue going to LEADER mode. State: All replicated index: 0, Majority replicated index: 1, Committed index: 1, Last appended: 2.2, Last appended by leader: 0, Current term: 3, Majority size: 2, State: 0, Mode: LEADER, active raft config: opid_index: 2 OBSOLETE_local: false peers { permanent_uuid: "06f454a655e2491bba20fcbae6b6904f" member_type: VOTER last_known_addr { host: "127.4.96.3" port: 38778 } } peers { permanent_uuid: "c77c835e5d174d04b58e42e63029fc67" member_type: VOTER last_known_addr { host: "127.4.96.4" port: 53187 } } unsafe_config_change: true
I0517 06:44:24.039409 7712 catalog_manager.cc:3686] T dee05aadc1ee46919ccdff3814db7dc6 P 06f454a655e2491bba20fcbae6b6904f reported cstate change: term changed from 1 to 3, leader changed from e79da8f222574a1194bdfa49fb5dda93 (127.4.96.2) to 06f454a655e2491bba20fcbae6b6904f (127.4.96.3), now has a pending config: VOTER 06f454a655e2491bba20fcbae6b6904f (127.4.96.3), VOTER c77c835e5d174d04b58e42e63029fc67 (127.4.96.4). New cstate: current_term: 3 leader_uuid: "06f454a655e2491bba20fcbae6b6904f" committed_config { opid_index: -1 OBSOLETE_local: false peers { permanent_uuid: "06f454a655e2491bba20fcbae6b6904f" member_type: VOTER last_known_addr { host: "127.4.96.3" port: 38778 } health_report { overall_health: HEALTHY } } peers { permanent_uuid: "c77c835e5d174d04b58e42e63029fc67" member_type: VOTER last_known_addr { host: "127.4.96.4" port: 53187 } health_report { overall_health: UNKNOWN } } peers { permanent_uuid: "e79da8f222574a1194bdfa49fb5dda93" member_type: VOTER last_known_addr { host: "127.4.96.2" port: 48869 } } } pending_config { opid_index: 2 OBSOLETE_local: false peers { permanent_uuid: "06f454a655e2491bba20fcbae6b6904f" member_type: VOTER last_known_addr { host: "127.4.96.3" port: 38778 } } peers { permanent_uuid: "c77c835e5d174d04b58e42e63029fc67" member_type: VOTER last_known_addr { host: "127.4.96.4" port: 53187 } } unsafe_config_change: true }
I0517 06:44:24.623034 7602 raft_consensus.cc:1057] T dee05aadc1ee46919ccdff3814db7dc6 P c77c835e5d174d04b58e42e63029fc67 [term 3 FOLLOWER]: Refusing update from remote peer 06f454a655e2491bba20fcbae6b6904f: Log matching property violated. Preceding OpId in replica: term: 1 index: 1. Preceding OpId from leader: term: 3 index: 3. (index mismatch)
I0517 06:44:24.624055 7791 consensus_queue.cc:963] T dee05aadc1ee46919ccdff3814db7dc6 P 06f454a655e2491bba20fcbae6b6904f [LEADER]: Connected to new peer: Peer: permanent_uuid: "c77c835e5d174d04b58e42e63029fc67" member_type: VOTER last_known_addr { host: "127.4.96.4" port: 53187 }, Status: LMP_MISMATCH, Last received: 0.0, Next index: 3, Last known committed idx: 1, Time since last communication: 0.000s
I0517 06:44:24.630906 7794 raft_consensus.cc:2658] T dee05aadc1ee46919ccdff3814db7dc6 P 06f454a655e2491bba20fcbae6b6904f [term 3 LEADER]: Committing config change with OpId 2.2: config changed from index -1 to 2, VOTER e79da8f222574a1194bdfa49fb5dda93 (127.4.96.2) evicted. New config: { opid_index: 2 OBSOLETE_local: false peers { permanent_uuid: "06f454a655e2491bba20fcbae6b6904f" member_type: VOTER last_known_addr { host: "127.4.96.3" port: 38778 } } peers { permanent_uuid: "c77c835e5d174d04b58e42e63029fc67" member_type: VOTER last_known_addr { host: "127.4.96.4" port: 53187 } } unsafe_config_change: true }
I0517 06:44:24.631958 7602 raft_consensus.cc:2658] T dee05aadc1ee46919ccdff3814db7dc6 P c77c835e5d174d04b58e42e63029fc67 [term 3 FOLLOWER]: Committing config change with OpId 2.2: config changed from index -1 to 2, VOTER e79da8f222574a1194bdfa49fb5dda93 (127.4.96.2) evicted. New config: { opid_index: 2 OBSOLETE_local: false peers { permanent_uuid: "06f454a655e2491bba20fcbae6b6904f" member_type: VOTER last_known_addr { host: "127.4.96.3" port: 38778 } } peers { permanent_uuid: "c77c835e5d174d04b58e42e63029fc67" member_type: VOTER last_known_addr { host: "127.4.96.4" port: 53187 } } unsafe_config_change: true }
I0517 06:44:24.636613 7712 catalog_manager.cc:3686] T dee05aadc1ee46919ccdff3814db7dc6 P 06f454a655e2491bba20fcbae6b6904f reported cstate change: config changed from index -1 to 2, VOTER e79da8f222574a1194bdfa49fb5dda93 (127.4.96.2) evicted, no longer has a pending config: VOTER 06f454a655e2491bba20fcbae6b6904f (127.4.96.3), VOTER c77c835e5d174d04b58e42e63029fc67 (127.4.96.4). New cstate: current_term: 3 leader_uuid: "06f454a655e2491bba20fcbae6b6904f" committed_config { opid_index: 2 OBSOLETE_local: false peers { permanent_uuid: "06f454a655e2491bba20fcbae6b6904f" member_type: VOTER last_known_addr { host: "127.4.96.3" port: 38778 } health_report { overall_health: HEALTHY } } peers { permanent_uuid: "c77c835e5d174d04b58e42e63029fc67" member_type: VOTER last_known_addr { host: "127.4.96.4" port: 53187 } health_report { overall_health: HEALTHY } } unsafe_config_change: true }
I0517 06:44:24.643177 7712 catalog_manager.cc:2791] Scheduling retry of dee05aadc1ee46919ccdff3814db7dc6 Delete Tablet RPC for TS=e79da8f222574a1194bdfa49fb5dda93 with a delay of 26 ms (attempt = 1)
W0517 06:44:24.643431 7712 catalog_manager.cc:3845] Failed to send dee05aadc1ee46919ccdff3814db7dc6 Delete Tablet RPC for TS=e79da8f222574a1194bdfa49fb5dda93: Not found: failed to reset TS proxy: Could not find TS for UUID e79da8f222574a1194bdfa49fb5dda93
I0517 06:44:24.643918 7712 catalog_manager.cc:3325] Sending ChangeConfig:ADD_PEER:NON_VOTER on tablet dee05aadc1ee46919ccdff3814db7dc6 (attempt 1)
I0517 06:44:24.648617 7711 catalog_manager.cc:3325] Sending ChangeConfig:ADD_PEER:NON_VOTER on tablet dee05aadc1ee46919ccdff3814db7dc6 (attempt 1)
I0517 06:44:24.654625 7478 consensus_peers.cc:456] T dee05aadc1ee46919ccdff3814db7dc6 P 06f454a655e2491bba20fcbae6b6904f -> Peer c77c835e5d174d04b58e42e63029fc67 (127.4.96.4:53187): Closing peer: c77c835e5d174d04b58e42e63029fc67
I0517 06:44:24.654995 7478 consensus_queue.cc:204] T dee05aadc1ee46919ccdff3814db7dc6 P 06f454a655e2491bba20fcbae6b6904f [LEADER]: Queue going to LEADER mode. State: All replicated index: 0, Majority replicated index: 3, Committed index: 3, Last appended: 3.3, Last appended by leader: 0, Current term: 3, Majority size: 2, State: 0, Mode: LEADER, active raft config: opid_index: 4 OBSOLETE_local: false peers { permanent_uuid: "06f454a655e2491bba20fcbae6b6904f" member_type: VOTER last_known_addr { host: "127.4.96.3" port: 38778 } } peers { permanent_uuid: "c77c835e5d174d04b58e42e63029fc67" member_type: VOTER last_known_addr { host: "127.4.96.4" port: 53187 } } peers { permanent_uuid: "489338f6c6514088a81ec10d776c2d45" member_type: NON_VOTER last_known_addr { host: "127.4.96.1" port: 57754 } attrs { promote: true } } unsafe_config_change: true
I0517 06:44:24.657898 7602 raft_consensus.cc:1057] T dee05aadc1ee46919ccdff3814db7dc6 P c77c835e5d174d04b58e42e63029fc67 [term 3 FOLLOWER]: Refusing update from remote peer 06f454a655e2491bba20fcbae6b6904f: Log matching property violated. Preceding OpId in replica: term: 3 index: 3. Preceding OpId from leader: term: 3 index: 4. (index mismatch)
I0517 06:44:24.658723 7696 catalog_manager.cc:3257] ChangeConfig:ADD_PEER:NON_VOTER RPC for tablet dee05aadc1ee46919ccdff3814db7dc6 with cas_config_opid_index 2: ChangeConfig:ADD_PEER:NON_VOTER failed with leader 06f454a655e2491bba20fcbae6b6904f (127.4.96.3:38778) due to error UNKNOWN_ERROR; will retry: Illegal state: RaftConfig change currently pending. Only one is allowed at a time. Committed config: opid_index: 2 OBSOLETE_local: false peers { permanent_uuid: "06f454a655e2491bba20fcbae6b6904f" member_type: VOTER last_known_addr { host: "127.4.96.3" port: 38778 } } peers { permanent_uuid: "c77c835e5d174d04b58e42e63029fc67" member_type: VOTER last_known_addr { host: "127.4.96.4" port: 53187 } } unsafe_config_change: true. Pending config: opid_index: 4 OBSOLETE_local: false peers { permanent_uuid: "06f454a655e2491bba20fcbae6b6904f" member_type: VOTER last_known_addr { host: "127.4.96.3" port: 38778 } } peers { permanent_uuid: "c77c835e5d174d04b58e42e63029fc67" member_type: VOTER last_known_addr { host: "127.4.96.4" port: 53187 } } peers { permanent_uuid: "489338f6c6514088a81ec10d776c2d45" member_type: NON_VOTER last_known_addr { host: "127.4.96.1" port: 57754 } attrs { promote: true } } unsafe_config_change: true
I0517 06:44:24.659145 7696 catalog_manager.cc:2791] Scheduling retry of ChangeConfig:ADD_PEER:NON_VOTER RPC for tablet dee05aadc1ee46919ccdff3814db7dc6 with cas_config_opid_index 2 with a delay of 21 ms (attempt = 1)
I0517 06:44:24.659102 7791 consensus_queue.cc:963] T dee05aadc1ee46919ccdff3814db7dc6 P 06f454a655e2491bba20fcbae6b6904f [LEADER]: Connected to new peer: Peer: permanent_uuid: "c77c835e5d174d04b58e42e63029fc67" member_type: VOTER last_known_addr { host: "127.4.96.4" port: 53187 }, Status: LMP_MISMATCH, Last received: 0.0, Next index: 4, Last known committed idx: 3, Time since last communication: 0.000s
I0517 06:44:24.662799 7794 raft_consensus.cc:2658] T dee05aadc1ee46919ccdff3814db7dc6 P 06f454a655e2491bba20fcbae6b6904f [term 3 LEADER]: Committing config change with OpId 3.4: config changed from index 2 to 4, NON_VOTER 489338f6c6514088a81ec10d776c2d45 (127.4.96.1) added. New config: { opid_index: 4 OBSOLETE_local: false peers { permanent_uuid: "06f454a655e2491bba20fcbae6b6904f" member_type: VOTER last_known_addr { host: "127.4.96.3" port: 38778 } } peers { permanent_uuid: "c77c835e5d174d04b58e42e63029fc67" member_type: VOTER last_known_addr { host: "127.4.96.4" port: 53187 } } peers { permanent_uuid: "489338f6c6514088a81ec10d776c2d45" member_type: NON_VOTER last_known_addr { host: "127.4.96.1" port: 57754 } attrs { promote: true } } unsafe_config_change: true }
I0517 06:44:24.664042 7602 raft_consensus.cc:2658] T dee05aadc1ee46919ccdff3814db7dc6 P c77c835e5d174d04b58e42e63029fc67 [term 3 FOLLOWER]: Committing config change with OpId 3.4: config changed from index 2 to 4, NON_VOTER 489338f6c6514088a81ec10d776c2d45 (127.4.96.1) added. New config: { opid_index: 4 OBSOLETE_local: false peers { permanent_uuid: "06f454a655e2491bba20fcbae6b6904f" member_type: VOTER last_known_addr { host: "127.4.96.3" port: 38778 } } peers { permanent_uuid: "c77c835e5d174d04b58e42e63029fc67" member_type: VOTER last_known_addr { host: "127.4.96.4" port: 53187 } } peers { permanent_uuid: "489338f6c6514088a81ec10d776c2d45" member_type: NON_VOTER last_known_addr { host: "127.4.96.1" port: 57754 } attrs { promote: true } } unsafe_config_change: true }
W0517 06:44:24.668848 7408 consensus_peers.cc:434] T dee05aadc1ee46919ccdff3814db7dc6 P 06f454a655e2491bba20fcbae6b6904f -> Peer 489338f6c6514088a81ec10d776c2d45 (127.4.96.1:57754): Couldn't send request to peer 489338f6c6514088a81ec10d776c2d45 for tablet dee05aadc1ee46919ccdff3814db7dc6. Error code: TABLET_NOT_FOUND (6). Status: Not found: Tablet not found: dee05aadc1ee46919ccdff3814db7dc6. Retrying in the next heartbeat period. Already tried 1 times.
I0517 06:44:24.669620 7696 catalog_manager.cc:3240] ChangeConfig:ADD_PEER:NON_VOTER RPC for tablet dee05aadc1ee46919ccdff3814db7dc6 with cas_config_opid_index 2: ChangeConfig:ADD_PEER:NON_VOTER succeeded (attempt 1)
I0517 06:44:24.670099 7711 catalog_manager.cc:3686] T dee05aadc1ee46919ccdff3814db7dc6 P 06f454a655e2491bba20fcbae6b6904f reported cstate change: config changed from index 2 to 4, NON_VOTER 489338f6c6514088a81ec10d776c2d45 (127.4.96.1) added. New cstate: current_term: 3 leader_uuid: "06f454a655e2491bba20fcbae6b6904f" committed_config { opid_index: 4 OBSOLETE_local: false peers { permanent_uuid: "06f454a655e2491bba20fcbae6b6904f" member_type: VOTER last_known_addr { host: "127.4.96.3" port: 38778 } health_report { overall_health: HEALTHY } } peers { permanent_uuid: "c77c835e5d174d04b58e42e63029fc67" member_type: VOTER last_known_addr { host: "127.4.96.4" port: 53187 } health_report { overall_health: HEALTHY } } peers { permanent_uuid: "489338f6c6514088a81ec10d776c2d45" member_type: NON_VOTER last_known_addr { host: "127.4.96.1" port: 57754 } attrs { promote: true } health_report { overall_health: UNKNOWN } } unsafe_config_change: true }
I0517 06:44:24.670789 7692 catalog_manager.cc:2791] Scheduling retry of dee05aadc1ee46919ccdff3814db7dc6 Delete Tablet RPC for TS=e79da8f222574a1194bdfa49fb5dda93 with a delay of 52 ms (attempt = 2)
W0517 06:44:24.670994 7692 catalog_manager.cc:2810] Async tablet task dee05aadc1ee46919ccdff3814db7dc6 Delete Tablet RPC for TS=e79da8f222574a1194bdfa49fb5dda93 failed: Not found: failed to reset TS proxy: Could not find TS for UUID e79da8f222574a1194bdfa49fb5dda93
I0517 06:44:24.681038 7696 catalog_manager.cc:3273] ChangeConfig:ADD_PEER:NON_VOTER RPC for tablet dee05aadc1ee46919ccdff3814db7dc6 with cas_config_opid_index 2: aborting the task: latest config opid_index 4; task opid_index 2
I0517 06:44:24.723814 7692 catalog_manager.cc:2791] Scheduling retry of dee05aadc1ee46919ccdff3814db7dc6 Delete Tablet RPC for TS=e79da8f222574a1194bdfa49fb5dda93 with a delay of 82 ms (attempt = 3)
W0517 06:44:24.723984 7692 catalog_manager.cc:2810] Async tablet task dee05aadc1ee46919ccdff3814db7dc6 Delete Tablet RPC for TS=e79da8f222574a1194bdfa49fb5dda93 failed: Not found: failed to reset TS proxy: Could not find TS for UUID e79da8f222574a1194bdfa49fb5dda93
I0517 06:44:24.806632 7692 catalog_manager.cc:2791] Scheduling retry of dee05aadc1ee46919ccdff3814db7dc6 Delete Tablet RPC for TS=e79da8f222574a1194bdfa49fb5dda93 with a delay of 139 ms (attempt = 4)
W0517 06:44:24.806780 7692 catalog_manager.cc:2810] Async tablet task dee05aadc1ee46919ccdff3814db7dc6 Delete Tablet RPC for TS=e79da8f222574a1194bdfa49fb5dda93 failed: Not found: failed to reset TS proxy: Could not find TS for UUID e79da8f222574a1194bdfa49fb5dda93
I0517 06:44:24.946409 7692 catalog_manager.cc:2791] Scheduling retry of dee05aadc1ee46919ccdff3814db7dc6 Delete Tablet RPC for TS=e79da8f222574a1194bdfa49fb5dda93 with a delay of 298 ms (attempt = 5)
W0517 06:44:24.946571 7692 catalog_manager.cc:2810] Async tablet task dee05aadc1ee46919ccdff3814db7dc6 Delete Tablet RPC for TS=e79da8f222574a1194bdfa49fb5dda93 failed: Not found: failed to reset TS proxy: Could not find TS for UUID e79da8f222574a1194bdfa49fb5dda93
I0517 06:44:25.127359 7803 ts_tablet_manager.cc:669] T dee05aadc1ee46919ccdff3814db7dc6 P 489338f6c6514088a81ec10d776c2d45: Initiating tablet copy from peer 06f454a655e2491bba20fcbae6b6904f (127.4.96.3:38778)
I0517 06:44:25.127746 7803 tablet_copy_client.cc:239] T dee05aadc1ee46919ccdff3814db7dc6 P 489338f6c6514088a81ec10d776c2d45: tablet copy: Beginning tablet copy session from remote peer at address 127.4.96.3:38778
I0517 06:44:25.138835 7498 tablet_copy_service.cc:133] P 06f454a655e2491bba20fcbae6b6904f: Received BeginTabletCopySession request for tablet dee05aadc1ee46919ccdff3814db7dc6 from peer 489338f6c6514088a81ec10d776c2d45 ({username='slave'} at 127.4.96.1:33271)
I0517 06:44:25.139103 7498 tablet_copy_service.cc:154] P 06f454a655e2491bba20fcbae6b6904f: Beginning new tablet copy session on tablet dee05aadc1ee46919ccdff3814db7dc6 from peer 489338f6c6514088a81ec10d776c2d45 at {username='slave'} at 127.4.96.1:33271: session id = 489338f6c6514088a81ec10d776c2d45-dee05aadc1ee46919ccdff3814db7dc6
I0517 06:44:25.142530 7498 tablet_copy_source_session.cc:202] T dee05aadc1ee46919ccdff3814db7dc6 P 06f454a655e2491bba20fcbae6b6904f: Tablet Copy: opened 0 blocks and 1 log segments
I0517 06:44:25.145503 7803 data_dirs.cc:934] Could only allocate 1 dirs of requested 3 for tablet dee05aadc1ee46919ccdff3814db7dc6. 1 dirs total, 0 dirs full, 0 dirs failed
I0517 06:44:25.156780 7803 ts_tablet_manager.cc:1173] T dee05aadc1ee46919ccdff3814db7dc6 P 489338f6c6514088a81ec10d776c2d45: Registered tablet (data state: TABLET_DATA_COPYING)
I0517 06:44:25.157106 7803 tablet_copy_client.cc:565] T dee05aadc1ee46919ccdff3814db7dc6 P 489338f6c6514088a81ec10d776c2d45: tablet copy: Starting download of 0 data blocks...
I0517 06:44:25.157306 7803 tablet_copy_client.cc:528] T dee05aadc1ee46919ccdff3814db7dc6 P 489338f6c6514088a81ec10d776c2d45: tablet copy: Starting download of 1 WAL segments...
I0517 06:44:25.159215 7803 tablet_copy_client.cc:404] T dee05aadc1ee46919ccdff3814db7dc6 P 489338f6c6514088a81ec10d776c2d45: tablet copy: Tablet Copy complete. Replacing tablet superblock.
I0517 06:44:25.161862 7803 ts_tablet_manager.cc:1028] T dee05aadc1ee46919ccdff3814db7dc6 P 489338f6c6514088a81ec10d776c2d45: Bootstrapping tablet
I0517 06:44:25.162231 7803 tablet_bootstrap.cc:436] T dee05aadc1ee46919ccdff3814db7dc6 P 489338f6c6514088a81ec10d776c2d45: Bootstrap starting.
I0517 06:44:25.167134 7803 log.cc:520] T dee05aadc1ee46919ccdff3814db7dc6 P 489338f6c6514088a81ec10d776c2d45: Log is configured to *not* fsync() on all Append() calls
I0517 06:44:25.172304 7803 tablet_bootstrap.cc:436] T dee05aadc1ee46919ccdff3814db7dc6 P 489338f6c6514088a81ec10d776c2d45: Bootstrap replayed 1/1 log segments. Stats: ops{read=4 overwritten=0 applied=4 ignored=0} inserts{seen=0 ignored=0} mutations{seen=0 ignored=0} orphaned_commits=0. Pending: 0 replicates
I0517 06:44:25.172775 7803 tablet_bootstrap.cc:436] T dee05aadc1ee46919ccdff3814db7dc6 P 489338f6c6514088a81ec10d776c2d45: Bootstrap complete.
I0517 06:44:25.173079 7803 ts_tablet_manager.cc:1045] T dee05aadc1ee46919ccdff3814db7dc6 P 489338f6c6514088a81ec10d776c2d45: Time spent bootstrapping tablet: real 0.011s user 0.008s sys 0.000s
I0517 06:44:25.182607 7803 raft_consensus.cc:303] T dee05aadc1ee46919ccdff3814db7dc6 P 489338f6c6514088a81ec10d776c2d45 [term 3 LEARNER]: Replica starting. Triggering 0 pending transactions. Active config: opid_index: 4 OBSOLETE_local: false peers { permanent_uuid: "06f454a655e2491bba20fcbae6b6904f" member_type: VOTER last_known_addr { host: "127.4.96.3" port: 38778 } } peers { permanent_uuid: "c77c835e5d174d04b58e42e63029fc67" member_type: VOTER last_known_addr { host: "127.4.96.4" port: 53187 } } peers { permanent_uuid: "489338f6c6514088a81ec10d776c2d45" member_type: NON_VOTER last_known_addr { host: "127.4.96.1" port: 57754 } attrs { promote: true } } unsafe_config_change: true
I0517 06:44:25.183135 7803 raft_consensus.cc:604] T dee05aadc1ee46919ccdff3814db7dc6 P 489338f6c6514088a81ec10d776c2d45 [term 3 LEARNER]: Becoming Follower/Learner. State: Replica: 489338f6c6514088a81ec10d776c2d45, State: Initialized, Role: LEARNER
I0517 06:44:25.183413 7803 consensus_queue.cc:227] T dee05aadc1ee46919ccdff3814db7dc6 P 489338f6c6514088a81ec10d776c2d45 [NON_LEADER]: Queue going to NON_LEADER mode. State: All replicated index: 0, Majority replicated index: 0, Committed index: 4, Last appended: 3.4, Last appended by leader: 4, Current term: 0, Majority size: -1, State: 0, Mode: NON_LEADER, active raft config: opid_index: 4 OBSOLETE_local: false peers { permanent_uuid: "06f454a655e2491bba20fcbae6b6904f" member_type: VOTER last_known_addr { host: "127.4.96.3" port: 38778 } } peers { permanent_uuid: "c77c835e5d174d04b58e42e63029fc67" member_type: VOTER last_known_addr { host: "127.4.96.4" port: 53187 } } peers { permanent_uuid: "489338f6c6514088a81ec10d776c2d45" member_type: NON_VOTER last_known_addr { host: "127.4.96.1" port: 57754 } attrs { promote: true } } unsafe_config_change: true
I0517 06:44:25.185205 7803 ts_tablet_manager.cc:1073] T dee05aadc1ee46919ccdff3814db7dc6 P 489338f6c6514088a81ec10d776c2d45: Time spent starting tablet: real 0.012s user 0.012s sys 0.004s
I0517 06:44:25.186244 7498 tablet_copy_service.cc:323] P 06f454a655e2491bba20fcbae6b6904f: Request end of tablet copy session 489338f6c6514088a81ec10d776c2d45-dee05aadc1ee46919ccdff3814db7dc6 received from {username='slave'} at 127.4.96.1:33271
I0517 06:44:25.186462 7498 tablet_copy_service.cc:411] P 06f454a655e2491bba20fcbae6b6904f: Ending tablet copy session 489338f6c6514088a81ec10d776c2d45-dee05aadc1ee46919ccdff3814db7dc6 on tablet dee05aadc1ee46919ccdff3814db7dc6 with peer 489338f6c6514088a81ec10d776c2d45
I0517 06:44:25.245755 7692 catalog_manager.cc:2791] Scheduling retry of dee05aadc1ee46919ccdff3814db7dc6 Delete Tablet RPC for TS=e79da8f222574a1194bdfa49fb5dda93 with a delay of 544 ms (attempt = 6)
W0517 06:44:25.245941 7692 catalog_manager.cc:2810] Async tablet task dee05aadc1ee46919ccdff3814db7dc6 Delete Tablet RPC for TS=e79da8f222574a1194bdfa49fb5dda93 failed: Not found: failed to reset TS proxy: Could not find TS for UUID e79da8f222574a1194bdfa49fb5dda93
W0517 06:44:25.294980 7272 tablet.cc:1678] T dee05aadc1ee46919ccdff3814db7dc6 P 489338f6c6514088a81ec10d776c2d45: Can't schedule compaction. Clean time has not been advanced past its initial value.
I0517 06:44:25.726677 7228 raft_consensus.cc:1002] T dee05aadc1ee46919ccdff3814db7dc6 P 489338f6c6514088a81ec10d776c2d45 [term 3 LEARNER]: Deduplicated request from leader. Original: 3.3->[3.4-3.4] Dedup: 3.4->[]
I0517 06:44:25.790844 7692 catalog_manager.cc:2791] Scheduling retry of dee05aadc1ee46919ccdff3814db7dc6 Delete Tablet RPC for TS=e79da8f222574a1194bdfa49fb5dda93 with a delay of 1070 ms (attempt = 7)
W0517 06:44:25.791028 7692 catalog_manager.cc:2810] Async tablet task dee05aadc1ee46919ccdff3814db7dc6 Delete Tablet RPC for TS=e79da8f222574a1194bdfa49fb5dda93 failed: Not found: failed to reset TS proxy: Could not find TS for UUID e79da8f222574a1194bdfa49fb5dda93
I0517 06:44:26.218871 7808 raft_consensus.cc:866] T dee05aadc1ee46919ccdff3814db7dc6 P 06f454a655e2491bba20fcbae6b6904f: attempting to promote NON_VOTER 489338f6c6514088a81ec10d776c2d45 to VOTER
I0517 06:44:26.219489 7808 consensus_peers.cc:456] T dee05aadc1ee46919ccdff3814db7dc6 P 06f454a655e2491bba20fcbae6b6904f -> Peer 489338f6c6514088a81ec10d776c2d45 (127.4.96.1:57754): Closing peer: 489338f6c6514088a81ec10d776c2d45
I0517 06:44:26.219627 7808 consensus_peers.cc:456] T dee05aadc1ee46919ccdff3814db7dc6 P 06f454a655e2491bba20fcbae6b6904f -> Peer c77c835e5d174d04b58e42e63029fc67 (127.4.96.4:53187): Closing peer: c77c835e5d174d04b58e42e63029fc67
