I0517 06:44:57.859638 10858 tablet_copy_client.cc:565] T 881bb0d82041492bbd4945aa8c43312a P 6bdab74f06a741abb63715127aeb2811: tablet copy: Starting download of 0 data blocks...
I0517 06:44:57.859920 10858 tablet_copy_client.cc:528] T 881bb0d82041492bbd4945aa8c43312a P 6bdab74f06a741abb63715127aeb2811: tablet copy: Starting download of 1 WAL segments...
I0517 06:44:57.861793 10858 tablet_copy_client.cc:404] T 881bb0d82041492bbd4945aa8c43312a P 6bdab74f06a741abb63715127aeb2811: tablet copy: Tablet Copy complete. Replacing tablet superblock.
I0517 06:44:57.864568 10858 ts_tablet_manager.cc:1028] T 881bb0d82041492bbd4945aa8c43312a P 6bdab74f06a741abb63715127aeb2811: Bootstrapping tablet
I0517 06:44:57.864894 10858 tablet_bootstrap.cc:436] T 881bb0d82041492bbd4945aa8c43312a P 6bdab74f06a741abb63715127aeb2811: Bootstrap starting.
I0517 06:44:57.870123 10858 log.cc:520] T 881bb0d82041492bbd4945aa8c43312a P 6bdab74f06a741abb63715127aeb2811: Log is configured to *not* fsync() on all Append() calls
I0517 06:44:57.876076 10858 tablet_bootstrap.cc:436] T 881bb0d82041492bbd4945aa8c43312a P 6bdab74f06a741abb63715127aeb2811: Bootstrap replayed 1/1 log segments. Stats: ops{read=6 overwritten=0 applied=6 ignored=0} inserts{seen=0 ignored=0} mutations{seen=0 ignored=0} orphaned_commits=0. Pending: 0 replicates
I0517 06:44:57.876507 10858 tablet_bootstrap.cc:436] T 881bb0d82041492bbd4945aa8c43312a P 6bdab74f06a741abb63715127aeb2811: Bootstrap complete.
I0517 06:44:57.876792 10858 ts_tablet_manager.cc:1045] T 881bb0d82041492bbd4945aa8c43312a P 6bdab74f06a741abb63715127aeb2811: Time spent bootstrapping tablet: real 0.012s user 0.008s sys 0.004s
I0517 06:44:57.886041 10858 raft_consensus.cc:303] T 881bb0d82041492bbd4945aa8c43312a P 6bdab74f06a741abb63715127aeb2811 [term 3 LEARNER]: Replica starting. Triggering 0 pending transactions. Active config: opid_index: 6 OBSOLETE_local: false peers { permanent_uuid: "4a56ce22b67e4bd795817145c47d2a15" member_type: VOTER last_known_addr { host: "127.4.96.1" port: 47178 } } peers { permanent_uuid: "6bdab74f06a741abb63715127aeb2811" member_type: NON_VOTER last_known_addr { host: "127.4.96.4" port: 60463 } attrs { promote: true } } peers { permanent_uuid: "28ba6c7ee5464c6db38265b65d3fee0f" member_type: NON_VOTER last_known_addr { host: "127.4.96.2" port: 55398 } attrs { promote: true } } unsafe_config_change: true
I0517 06:44:57.886574 10858 raft_consensus.cc:604] T 881bb0d82041492bbd4945aa8c43312a P 6bdab74f06a741abb63715127aeb2811 [term 3 LEARNER]: Becoming Follower/Learner. State: Replica: 6bdab74f06a741abb63715127aeb2811, State: Initialized, Role: LEARNER
I0517 06:44:57.886873 10858 consensus_queue.cc:227] T 881bb0d82041492bbd4945aa8c43312a P 6bdab74f06a741abb63715127aeb2811 [NON_LEADER]: Queue going to NON_LEADER mode. State: All replicated index: 0, Majority replicated index: 0, Committed index: 6, Last appended: 3.6, Last appended by leader: 6, Current term: 0, Majority size: -1, State: 0, Mode: NON_LEADER, active raft config: opid_index: 6 OBSOLETE_local: false peers { permanent_uuid: "4a56ce22b67e4bd795817145c47d2a15" member_type: VOTER last_known_addr { host: "127.4.96.1" port: 47178 } } peers { permanent_uuid: "6bdab74f06a741abb63715127aeb2811" member_type: NON_VOTER last_known_addr { host: "127.4.96.4" port: 60463 } attrs { promote: true } } peers { permanent_uuid: "28ba6c7ee5464c6db38265b65d3fee0f" member_type: NON_VOTER last_known_addr { host: "127.4.96.2" port: 55398 } attrs { promote: true } } unsafe_config_change: true
I0517 06:44:57.888856 10858 ts_tablet_manager.cc:1073] T 881bb0d82041492bbd4945aa8c43312a P 6bdab74f06a741abb63715127aeb2811: Time spent starting tablet: real 0.012s user 0.016s sys 0.000s
I0517 06:44:57.889797 10160 tablet_copy_service.cc:323] P 4a56ce22b67e4bd795817145c47d2a15: Request end of tablet copy session 6bdab74f06a741abb63715127aeb2811-881bb0d82041492bbd4945aa8c43312a received from {username='slave'} at 127.4.96.4:45673
I0517 06:44:57.889983 10160 tablet_copy_service.cc:411] P 4a56ce22b67e4bd795817145c47d2a15: Ending tablet copy session 6bdab74f06a741abb63715127aeb2811-881bb0d82041492bbd4945aa8c43312a on tablet 881bb0d82041492bbd4945aa8c43312a with peer 6bdab74f06a741abb63715127aeb2811
W0517 06:44:57.894731 10309 tablet.cc:1678] T 881bb0d82041492bbd4945aa8c43312a P 28ba6c7ee5464c6db38265b65d3fee0f: Can't schedule compaction. Clean time has not been advanced past its initial value.
W0517 06:44:58.038805 10557 tablet.cc:1678] T 881bb0d82041492bbd4945aa8c43312a P 6bdab74f06a741abb63715127aeb2811: Can't schedule compaction. Clean time has not been advanced past its initial value.
I0517 06:44:58.205461 10265 raft_consensus.cc:1002] T 881bb0d82041492bbd4945aa8c43312a P 28ba6c7ee5464c6db38265b65d3fee0f [term 3 LEARNER]: Deduplicated request from leader. Original: 3.5->[3.6-3.6] Dedup: 3.6->[]
I0517 06:44:58.340786 10731 catalog_manager.cc:2791] Scheduling retry of 881bb0d82041492bbd4945aa8c43312a Delete Tablet RPC for TS=da1d7cec6f814868a154aa0516cf5098 with a delay of 1051 ms (attempt = 7)
W0517 06:44:58.340965 10731 catalog_manager.cc:2810] Async tablet task 881bb0d82041492bbd4945aa8c43312a Delete Tablet RPC for TS=da1d7cec6f814868a154aa0516cf5098 failed: Not found: failed to reset TS proxy: Could not find TS for UUID da1d7cec6f814868a154aa0516cf5098
I0517 06:44:58.344605 10729 catalog_manager.cc:2791] Scheduling retry of 881bb0d82041492bbd4945aa8c43312a Delete Tablet RPC for TS=15ac5271aef7440e87dea2eaa9321ca2 with a delay of 1058 ms (attempt = 7)
W0517 06:44:58.344768 10729 catalog_manager.cc:2810] Async tablet task 881bb0d82041492bbd4945aa8c43312a Delete Tablet RPC for TS=15ac5271aef7440e87dea2eaa9321ca2 failed: Not found: failed to reset TS proxy: Could not find TS for UUID 15ac5271aef7440e87dea2eaa9321ca2
I0517 06:44:58.354276 10513 raft_consensus.cc:1002] T 881bb0d82041492bbd4945aa8c43312a P 6bdab74f06a741abb63715127aeb2811 [term 3 LEARNER]: Deduplicated request from leader. Original: 3.5->[3.6-3.6] Dedup: 3.6->[]
I0517 06:44:58.739754 10863 raft_consensus.cc:866] T 881bb0d82041492bbd4945aa8c43312a P 4a56ce22b67e4bd795817145c47d2a15: attempting to promote NON_VOTER 6bdab74f06a741abb63715127aeb2811 to VOTER
I0517 06:44:58.740532 10863 consensus_peers.cc:456] T 881bb0d82041492bbd4945aa8c43312a P 4a56ce22b67e4bd795817145c47d2a15 -> Peer 28ba6c7ee5464c6db38265b65d3fee0f (127.4.96.2:55398): Closing peer: 28ba6c7ee5464c6db38265b65d3fee0f
I0517 06:44:58.740689 10863 consensus_peers.cc:456] T 881bb0d82041492bbd4945aa8c43312a P 4a56ce22b67e4bd795817145c47d2a15 -> Peer 6bdab74f06a741abb63715127aeb2811 (127.4.96.4:60463): Closing peer: 6bdab74f06a741abb63715127aeb2811
I0517 06:44:58.741118 10863 consensus_queue.cc:204] T 881bb0d82041492bbd4945aa8c43312a P 4a56ce22b67e4bd795817145c47d2a15 [LEADER]: Queue going to LEADER mode. State: All replicated index: 0, Majority replicated index: 6, Committed index: 6, Last appended: 3.6, Last appended by leader: 0, Current term: 3, Majority size: 2, State: 0, Mode: LEADER, active raft config: opid_index: 7 OBSOLETE_local: false peers { permanent_uuid: "4a56ce22b67e4bd795817145c47d2a15" member_type: VOTER last_known_addr { host: "127.4.96.1" port: 47178 } } peers { permanent_uuid: "6bdab74f06a741abb63715127aeb2811" member_type: VOTER last_known_addr { host: "127.4.96.4" port: 60463 } attrs { promote: false } } peers { permanent_uuid: "28ba6c7ee5464c6db38265b65d3fee0f" member_type: NON_VOTER last_known_addr { host: "127.4.96.2" port: 55398 } attrs { promote: true } } unsafe_config_change: true
I0517 06:44:58.744398 10513 raft_consensus.cc:1057] T 881bb0d82041492bbd4945aa8c43312a P 6bdab74f06a741abb63715127aeb2811 [term 3 LEARNER]: Refusing update from remote peer 4a56ce22b67e4bd795817145c47d2a15: Log matching property violated. Preceding OpId in replica: term: 3 index: 6. Preceding OpId from leader: term: 3 index: 7. (index mismatch)
I0517 06:44:58.744621 10265 raft_consensus.cc:1057] T 881bb0d82041492bbd4945aa8c43312a P 28ba6c7ee5464c6db38265b65d3fee0f [term 3 LEARNER]: Refusing update from remote peer 4a56ce22b67e4bd795817145c47d2a15: Log matching property violated. Preceding OpId in replica: term: 3 index: 6. Preceding OpId from leader: term: 3 index: 7. (index mismatch)
I0517 06:44:58.745389 10862 consensus_queue.cc:963] T 881bb0d82041492bbd4945aa8c43312a P 4a56ce22b67e4bd795817145c47d2a15 [LEADER]: Connected to new peer: Peer: permanent_uuid: "6bdab74f06a741abb63715127aeb2811" member_type: VOTER last_known_addr { host: "127.4.96.4" port: 60463 } attrs { promote: false }, Status: LMP_MISMATCH, Last received: 0.0, Next index: 7, Last known committed idx: 6, Time since last communication: 0.000s
I0517 06:44:58.745820 10841 consensus_queue.cc:963] T 881bb0d82041492bbd4945aa8c43312a P 4a56ce22b67e4bd795817145c47d2a15 [LEADER]: Connected to new peer: Peer: permanent_uuid: "28ba6c7ee5464c6db38265b65d3fee0f" member_type: NON_VOTER last_known_addr { host: "127.4.96.2" port: 55398 } attrs { promote: true }, Status: LMP_MISMATCH, Last received: 0.0, Next index: 7, Last known committed idx: 6, Time since last communication: 0.000s
I0517 06:44:58.750814 10862 raft_consensus.cc:829] T 881bb0d82041492bbd4945aa8c43312a P 4a56ce22b67e4bd795817145c47d2a15 [term 3 LEADER]: attempt to promote peer 28ba6c7ee5464c6db38265b65d3fee0f: there is already a config change operation in progress. Unable to promote follower until it completes. Doing nothing.
I0517 06:44:58.751077 10841 raft_consensus.cc:2658] T 881bb0d82041492bbd4945aa8c43312a P 4a56ce22b67e4bd795817145c47d2a15 [term 3 LEADER]: Committing config change with OpId 3.7: config changed from index 6 to 7, 6bdab74f06a741abb63715127aeb2811 (127.4.96.4) changed from NON_VOTER to VOTER. New config: { opid_index: 7 OBSOLETE_local: false peers { permanent_uuid: "4a56ce22b67e4bd795817145c47d2a15" member_type: VOTER last_known_addr { host: "127.4.96.1" port: 47178 } } peers { permanent_uuid: "6bdab74f06a741abb63715127aeb2811" member_type: VOTER last_known_addr { host: "127.4.96.4" port: 60463 } attrs { promote: false } } peers { permanent_uuid: "28ba6c7ee5464c6db38265b65d3fee0f" member_type: NON_VOTER last_known_addr { host: "127.4.96.2" port: 55398 } attrs { promote: true } } unsafe_config_change: true }
I0517 06:44:58.752046 10513 raft_consensus.cc:2658] T 881bb0d82041492bbd4945aa8c43312a P 6bdab74f06a741abb63715127aeb2811 [term 3 FOLLOWER]: Committing config change with OpId 3.7: config changed from index 6 to 7, 6bdab74f06a741abb63715127aeb2811 (127.4.96.4) changed from NON_VOTER to VOTER. New config: { opid_index: 7 OBSOLETE_local: false peers { permanent_uuid: "4a56ce22b67e4bd795817145c47d2a15" member_type: VOTER last_known_addr { host: "127.4.96.1" port: 47178 } } peers { permanent_uuid: "6bdab74f06a741abb63715127aeb2811" member_type: VOTER last_known_addr { host: "127.4.96.4" port: 60463 } attrs { promote: false } } peers { permanent_uuid: "28ba6c7ee5464c6db38265b65d3fee0f" member_type: NON_VOTER last_known_addr { host: "127.4.96.2" port: 55398 } attrs { promote: true } } unsafe_config_change: true }
I0517 06:44:58.756937 10265 raft_consensus.cc:2658] T 881bb0d82041492bbd4945aa8c43312a P 28ba6c7ee5464c6db38265b65d3fee0f [term 3 LEARNER]: Committing config change with OpId 3.7: config changed from index 6 to 7, 6bdab74f06a741abb63715127aeb2811 (127.4.96.4) changed from NON_VOTER to VOTER. New config: { opid_index: 7 OBSOLETE_local: false peers { permanent_uuid: "4a56ce22b67e4bd795817145c47d2a15" member_type: VOTER last_known_addr { host: "127.4.96.1" port: 47178 } } peers { permanent_uuid: "6bdab74f06a741abb63715127aeb2811" member_type: VOTER last_known_addr { host: "127.4.96.4" port: 60463 } attrs { promote: false } } peers { permanent_uuid: "28ba6c7ee5464c6db38265b65d3fee0f" member_type: NON_VOTER last_known_addr { host: "127.4.96.2" port: 55398 } attrs { promote: true } } unsafe_config_change: true }
I0517 06:44:58.757905 10751 catalog_manager.cc:3686] T 881bb0d82041492bbd4945aa8c43312a P 6bdab74f06a741abb63715127aeb2811 reported cstate change: config changed from index 6 to 7, 6bdab74f06a741abb63715127aeb2811 (127.4.96.4) changed from NON_VOTER to VOTER. New cstate: current_term: 3 leader_uuid: "4a56ce22b67e4bd795817145c47d2a15" committed_config { opid_index: 7 OBSOLETE_local: false peers { permanent_uuid: "4a56ce22b67e4bd795817145c47d2a15" member_type: VOTER last_known_addr { host: "127.4.96.1" port: 47178 } } peers { permanent_uuid: "6bdab74f06a741abb63715127aeb2811" member_type: VOTER last_known_addr { host: "127.4.96.4" port: 60463 } attrs { promote: false } } peers { permanent_uuid: "28ba6c7ee5464c6db38265b65d3fee0f" member_type: NON_VOTER last_known_addr { host: "127.4.96.2" port: 55398 } attrs { promote: true } } unsafe_config_change: true }
I0517 06:44:58.765000 10863 raft_consensus.cc:866] T 881bb0d82041492bbd4945aa8c43312a P 4a56ce22b67e4bd795817145c47d2a15: attempting to promote NON_VOTER 28ba6c7ee5464c6db38265b65d3fee0f to VOTER
I0517 06:44:58.765673 10863 consensus_peers.cc:456] T 881bb0d82041492bbd4945aa8c43312a P 4a56ce22b67e4bd795817145c47d2a15 -> Peer 28ba6c7ee5464c6db38265b65d3fee0f (127.4.96.2:55398): Closing peer: 28ba6c7ee5464c6db38265b65d3fee0f
I0517 06:44:58.765854 10863 consensus_peers.cc:456] T 881bb0d82041492bbd4945aa8c43312a P 4a56ce22b67e4bd795817145c47d2a15 -> Peer 6bdab74f06a741abb63715127aeb2811 (127.4.96.4:60463): Closing peer: 6bdab74f06a741abb63715127aeb2811
I0517 06:44:58.766435 10863 consensus_queue.cc:204] T 881bb0d82041492bbd4945aa8c43312a P 4a56ce22b67e4bd795817145c47d2a15 [LEADER]: Queue going to LEADER mode. State: All replicated index: 0, Majority replicated index: 7, Committed index: 7, Last appended: 3.7, Last appended by leader: 0, Current term: 3, Majority size: 2, State: 0, Mode: LEADER, active raft config: opid_index: 8 OBSOLETE_local: false peers { permanent_uuid: "4a56ce22b67e4bd795817145c47d2a15" member_type: VOTER last_known_addr { host: "127.4.96.1" port: 47178 } } peers { permanent_uuid: "6bdab74f06a741abb63715127aeb2811" member_type: VOTER last_known_addr { host: "127.4.96.4" port: 60463 } attrs { promote: false } } peers { permanent_uuid: "28ba6c7ee5464c6db38265b65d3fee0f" member_type: VOTER last_known_addr { host: "127.4.96.2" port: 55398 } attrs { promote: false } } unsafe_config_change: true
I0517 06:44:58.779062 10265 raft_consensus.cc:1057] T 881bb0d82041492bbd4945aa8c43312a P 28ba6c7ee5464c6db38265b65d3fee0f [term 3 LEARNER]: Refusing update from remote peer 4a56ce22b67e4bd795817145c47d2a15: Log matching property violated. Preceding OpId in replica: term: 3 index: 7. Preceding OpId from leader: term: 3 index: 8. (index mismatch)
I0517 06:44:58.779537 10512 raft_consensus.cc:1057] T 881bb0d82041492bbd4945aa8c43312a P 6bdab74f06a741abb63715127aeb2811 [term 3 FOLLOWER]: Refusing update from remote peer 4a56ce22b67e4bd795817145c47d2a15: Log matching property violated. Preceding OpId in replica: term: 3 index: 7. Preceding OpId from leader: term: 3 index: 8. (index mismatch)
I0517 06:44:58.779882 10841 consensus_queue.cc:963] T 881bb0d82041492bbd4945aa8c43312a P 4a56ce22b67e4bd795817145c47d2a15 [LEADER]: Connected to new peer: Peer: permanent_uuid: "28ba6c7ee5464c6db38265b65d3fee0f" member_type: VOTER last_known_addr { host: "127.4.96.2" port: 55398 } attrs { promote: false }, Status: LMP_MISMATCH, Last received: 0.0, Next index: 8, Last known committed idx: 7, Time since last communication: 0.000s
I0517 06:44:58.780642 10841 consensus_queue.cc:963] T 881bb0d82041492bbd4945aa8c43312a P 4a56ce22b67e4bd795817145c47d2a15 [LEADER]: Connected to new peer: Peer: permanent_uuid: "6bdab74f06a741abb63715127aeb2811" member_type: VOTER last_known_addr { host: "127.4.96.4" port: 60463 } attrs { promote: false }, Status: LMP_MISMATCH, Last received: 0.0, Next index: 8, Last known committed idx: 7, Time since last communication: 0.000s
I0517 06:44:58.783427 10862 raft_consensus.cc:2658] T 881bb0d82041492bbd4945aa8c43312a P 4a56ce22b67e4bd795817145c47d2a15 [term 3 LEADER]: Committing config change with OpId 3.8: config changed from index 7 to 8, 28ba6c7ee5464c6db38265b65d3fee0f (127.4.96.2) changed from NON_VOTER to VOTER. New config: { opid_index: 8 OBSOLETE_local: false peers { permanent_uuid: "4a56ce22b67e4bd795817145c47d2a15" member_type: VOTER last_known_addr { host: "127.4.96.1" port: 47178 } } peers { permanent_uuid: "6bdab74f06a741abb63715127aeb2811" member_type: VOTER last_known_addr { host: "127.4.96.4" port: 60463 } attrs { promote: false } } peers { permanent_uuid: "28ba6c7ee5464c6db38265b65d3fee0f" member_type: VOTER last_known_addr { host: "127.4.96.2" port: 55398 } attrs { promote: false } } unsafe_config_change: true }
I0517 06:44:58.784622 10265 raft_consensus.cc:2658] T 881bb0d82041492bbd4945aa8c43312a P 28ba6c7ee5464c6db38265b65d3fee0f [term 3 FOLLOWER]: Committing config change with OpId 3.8: config changed from index 7 to 8, 28ba6c7ee5464c6db38265b65d3fee0f (127.4.96.2) changed from NON_VOTER to VOTER. New config: { opid_index: 8 OBSOLETE_local: false peers { permanent_uuid: "4a56ce22b67e4bd795817145c47d2a15" member_type: VOTER last_known_addr { host: "127.4.96.1" port: 47178 } } peers { permanent_uuid: "6bdab74f06a741abb63715127aeb2811" member_type: VOTER last_known_addr { host: "127.4.96.4" port: 60463 } attrs { promote: false } } peers { permanent_uuid: "28ba6c7ee5464c6db38265b65d3fee0f" member_type: VOTER last_known_addr { host: "127.4.96.2" port: 55398 } attrs { promote: false } } unsafe_config_change: true }
I0517 06:44:58.785846 10512 raft_consensus.cc:2658] T 881bb0d82041492bbd4945aa8c43312a P 6bdab74f06a741abb63715127aeb2811 [term 3 FOLLOWER]: Committing config change with OpId 3.8: config changed from index 7 to 8, 28ba6c7ee5464c6db38265b65d3fee0f (127.4.96.2) changed from NON_VOTER to VOTER. New config: { opid_index: 8 OBSOLETE_local: false peers { permanent_uuid: "4a56ce22b67e4bd795817145c47d2a15" member_type: VOTER last_known_addr { host: "127.4.96.1" port: 47178 } } peers { permanent_uuid: "6bdab74f06a741abb63715127aeb2811" member_type: VOTER last_known_addr { host: "127.4.96.4" port: 60463 } attrs { promote: false } } peers { permanent_uuid: "28ba6c7ee5464c6db38265b65d3fee0f" member_type: VOTER last_known_addr { host: "127.4.96.2" port: 55398 } attrs { promote: false } } unsafe_config_change: true }
I0517 06:44:58.791607 10750 catalog_manager.cc:3686] T 881bb0d82041492bbd4945aa8c43312a P 28ba6c7ee5464c6db38265b65d3fee0f reported cstate change: config changed from index 7 to 8, 28ba6c7ee5464c6db38265b65d3fee0f (127.4.96.2) changed from NON_VOTER to VOTER. New cstate: current_term: 3 leader_uuid: "4a56ce22b67e4bd795817145c47d2a15" committed_config { opid_index: 8 OBSOLETE_local: false peers { permanent_uuid: "4a56ce22b67e4bd795817145c47d2a15" member_type: VOTER last_known_addr { host: "127.4.96.1" port: 47178 } } peers { permanent_uuid: "6bdab74f06a741abb63715127aeb2811" member_type: VOTER last_known_addr { host: "127.4.96.4" port: 60463 } attrs { promote: false } } peers { permanent_uuid: "28ba6c7ee5464c6db38265b65d3fee0f" member_type: VOTER last_known_addr { host: "127.4.96.2" port: 55398 } attrs { promote: false } } unsafe_config_change: true }
I0517 06:44:58.888890 4480 kudu-admin-test.cc:907] Waiting for Master to see new config...
I0517 06:44:58.898305 4480 kudu-admin-test.cc:912] Tablet locations: tablet_id: "881bb0d82041492bbd4945aa8c43312a" replicas { ts_info { permanent_uuid: "4a56ce22b67e4bd795817145c47d2a15" rpc_addresses { host: "127.4.96.1" port: 47178 } } role: LEADER } replicas { ts_info { permanent_uuid: "6bdab74f06a741abb63715127aeb2811" rpc_addresses { host: "127.4.96.4" port: 60463 } } role: FOLLOWER } replicas { ts_info { permanent_uuid: "28ba6c7ee5464c6db38265b65d3fee0f" rpc_addresses { host: "127.4.96.2" port: 55398 } } role: FOLLOWER } DEPRECATED_stale: false partition { partition_key_start: "" partition_key_end: "" }
I0517 06:44:58.899600 4480 external_mini_cluster.cc:978] Killing /tmp/dist-test-task4QLboq/build/tsan/bin/kudu-tserver with pid 10052
W0517 06:44:58.920748 10730 connection.cc:512] server connection from 127.4.96.1:46440 recv error: Network error: failed to read from TLS socket (remote: 127.4.96.1:46440): Connection reset by peer (error 104)
W0517 06:44:58.920785 10731 connection.cc:512] client connection to 127.4.96.1:47178 recv error: Network error: failed to read from TLS socket (remote: 127.4.96.1:47178): Connection reset by peer (error 104)
W0517 06:44:58.920847 9989 connection.cc:512] client connection to 127.4.96.1:47178 recv error: Network error: failed to read from TLS socket (remote: 127.4.96.1:47178): Connection reset by peer (error 104)
W0517 06:44:58.921869 10447 connection.cc:512] server connection from 127.4.96.1:38961 recv error: Network error: failed to read from TLS socket (remote: 127.4.96.1:38961): Connection reset by peer (error 104)
W0517 06:44:58.921972 10197 connection.cc:512] client connection to 127.4.96.1:47178 recv error: Network error: failed to read from TLS socket (remote: 127.4.96.1:47178): Connection reset by peer (error 104)
W0517 06:44:58.922736 9987 connection.cc:512] client connection to 127.4.96.1:47178 recv error: Network error: failed to read from TLS socket (remote: 127.4.96.1:47178): Connection reset by peer (error 104)
W0517 06:44:58.923563 10445 connection.cc:512] client connection to 127.4.96.1:47178 recv error: Network error: failed to read from TLS socket (remote: 127.4.96.1:47178): Connection reset by peer (error 104)
W0517 06:44:58.923563 10195 connection.cc:512] server connection from 127.4.96.1:58253 recv error: Network error: failed to read from TLS socket (remote: 127.4.96.1:58253): Connection reset by peer (error 104)
I0517 06:44:58.924582 4480 external_mini_cluster.cc:978] Killing /tmp/dist-test-task4QLboq/build/tsan/bin/kudu-tserver with pid 10187
W0517 06:44:58.944424 10735 connection.cc:512] server connection from 127.4.96.2:42738 recv error: Network error: failed to read from TLS socket (remote: 127.4.96.2:42738): Connection reset by peer (error 104)
I0517 06:44:58.945338 4480 external_mini_cluster.cc:978] Killing /tmp/dist-test-task4QLboq/build/tsan/bin/kudu-tserver with pid 10435
W0517 06:44:58.958081 9989 connection.cc:512] client connection to 127.4.96.2:55398 recv error: Network error: failed to read from TLS socket (remote: 127.4.96.2:55398): Connection reset by peer (error 104)
W0517 06:44:58.974493 10735 connection.cc:512] server connection from 127.4.96.4:43719 recv error: Network error: failed to read from TLS socket (remote: 127.4.96.4:43719): Connection reset by peer (error 104)
W0517 06:44:58.974648 9989 connection.cc:512] client connection to 127.4.96.4:60463 recv error: Network error: failed to read from TLS socket (remote: 127.4.96.4:60463): Connection reset by peer (error 104)
W0517 06:44:58.975375 9985 connection.cc:512] client connection to 127.4.96.4:60463 recv error: Network error: failed to read from TLS socket (remote: 127.4.96.4:60463): Connection reset by peer (error 104)
I0517 06:44:58.976210 4480 external_mini_cluster.cc:978] Killing /tmp/dist-test-task4QLboq/build/tsan/bin/kudu-master with pid 10721
W0517 06:44:59.003384 9989 connection.cc:512] client connection to 127.4.96.62:41305 recv error: Network error: failed to read from TLS socket (remote: 127.4.96.62:41305): Connection reset by peer (error 104) [ OK ] AdminCliTest.TestUnsafeChangeConfigFollowerWithPendingConfig (11094 ms) [ RUN ] AdminCliTest.TestUnsafeChangeConfigWithPendingConfigsOnWAL
I0517 06:44:59.017314 4480 test_util.cc:200] Using random seed: 747836494
I0517 06:44:59.020228 4480 ts_itest-base.cc:113] Starting cluster with:
I0517 06:44:59.020336 4480 ts_itest-base.cc:114] --------------
I0517 06:44:59.020437 4480 ts_itest-base.cc:115] 5 tablet servers
I0517 06:44:59.020522 4480 ts_itest-base.cc:116] 3 replicas per TS
I0517 06:44:59.020613 4480 ts_itest-base.cc:117] --------------
I0517 06:44:59.022879 4480 external_mini_cluster.cc:786] Running /tmp/dist-test-task4QLboq/build/tsan/bin/kudu-master /tmp/dist-test-task4QLboq/build/tsan/bin/kudu-master --fs_wal_dir=/tmp/dist-test-task4QLboq/test-tmp/kudu-admin-test.0.AdminCliTest.TestUnsafeChangeConfigWithPendingConfigsOnWAL.1526539434354140-4480/raft_consensus-itest-cluster/master-0/wal --fs_data_dirs=/tmp/dist-test-task4QLboq/test-tmp/kudu-admin-test.0.AdminCliTest.TestUnsafeChangeConfigWithPendingConfigsOnWAL.1526539434354140-4480/raft_consensus-itest-cluster/master-0/data --block_manager=log --webserver_interface=localhost --ipki_ca_key_size=1024 --tsk_num_rsa_bits=512 --rpc_bind_addresses=127.4.96.62:60575 --webserver_interface=127.4.96.62 --webserver_port=0 --never_fsync --ipki_server_key_size=1024 --enable_minidumps=false --redact=none --metrics_log_interval_ms=1000 --logtostderr --logbuflevel=-1 --log_dir=/tmp/dist-test-task4QLboq/test-tmp/kudu-admin-test.0.AdminCliTest.TestUnsafeChangeConfigWithPendingConfigsOnWAL.1526539434354140-4480/raft_consensus-itest-cluster/master-0/logs --server_dump_info_path=/tmp/dist-test-task4QLboq/test-tmp/kudu-admin-test.0.AdminCliTest.TestUnsafeChangeConfigWithPendingConfigsOnWAL.1526539434354140-4480/raft_consensus-itest-cluster/master-0/data/info.pb --server_dump_info_format=pb --rpc_server_allow_ephemeral_ports --unlock_experimental_flags --unlock_unsafe_flags --rpc_reuseport=true with env {} WARNING: Logging before InitGoogleLogging() is written to STDERR
W0517 06:44:59.135076 10883 flags.cc:406] Enabled unsafe flag: --rpc_server_allow_ephemeral_ports=true
W0517 06:44:59.135412 10883 flags.cc:406] Enabled unsafe flag: --never_fsync=true
W0517 06:44:59.144428 10883 flags.cc:406] Enabled experimental flag: --ipki_ca_key_size=1024
W0517 06:44:59.144562 10883 flags.cc:406] Enabled experimental flag: --ipki_server_key_size=1024
W0517 06:44:59.144672 10883 flags.cc:406] Enabled experimental flag: --tsk_num_rsa_bits=512
W0517 06:44:59.144798 10883 flags.cc:406] Enabled experimental flag: --rpc_reuseport=true
I0517 06:44:59.158639 10883 master_main.cc:73] Master server non-default flags: --fs_data_dirs=/tmp/dist-test-task4QLboq/test-tmp/kudu-admin-test.0.AdminCliTest.TestUnsafeChangeConfigWithPendingConfigsOnWAL.1526539434354140-4480/raft_consensus-itest-cluster/master-0/data --fs_wal_dir=/tmp/dist-test-task4QLboq/test-tmp/kudu-admin-test.0.AdminCliTest.TestUnsafeChangeConfigWithPendingConfigsOnWAL.1526539434354140-4480/raft_consensus-itest-cluster/master-0/wal --ipki_ca_key_size=1024 --ipki_server_key_size=1024 --tsk_num_rsa_bits=512 --rpc_bind_addresses=127.4.96.62:60575 --rpc_reuseport=true --rpc_server_allow_ephemeral_ports=true --metrics_log_interval_ms=1000 --server_dump_info_format=pb --server_dump_info_path=/tmp/dist-test-task4QLboq/test-tmp/kudu-admin-test.0.AdminCliTest.TestUnsafeChangeConfigWithPendingConfigsOnWAL.1526539434354140-4480/raft_consensus-itest-cluster/master-0/data/info.pb --webserver_interface=127.4.96.62 --webserver_port=0 --never_fsync=true --redact=none --unlock_experimental_flags=true --unlock_unsafe_flags=true --enable_minidumps=false --log_dir=/tmp/dist-test-task4QLboq/test-tmp/kudu-admin-test.0.AdminCliTest.TestUnsafeChangeConfigWithPendingConfigsOnWAL.1526539434354140-4480/raft_consensus-itest-cluster/master-0/logs --logbuflevel=-1 --logtostderr=true Master server version: kudu 1.8.0-SNAPSHOT revision f969af316286807a745fa39b9c2ee604c88b63c9 build type FASTDEBUG built by None at 17 May 2018 06:38:04 UTC on jenkins-slave-snjf build id 13499 TSAN enabled
I0517 06:44:59.166275 10883 master_main.cc:80] Initializing master server...
I0517 06:44:59.167793 10883 system_ntp.cc:143] NTP initialized. Skew: 500ppm Current error: 148819us
I0517 06:44:59.168536 10883 fs_manager.cc:260] Metadata directory not provided
I0517 06:44:59.168675 10883 fs_manager.cc:266] Using write-ahead log directory (fs_wal_dir) as metadata directory
I0517 06:44:59.168887 10883 server_base.cc:432] Could not load existing FS layout: Not found: /tmp/dist-test-task4QLboq/test-tmp/kudu-admin-test.0.AdminCliTest.TestUnsafeChangeConfigWithPendingConfigsOnWAL.1526539434354140-4480/raft_consensus-itest-cluster/master-0/data/instance: No such file or directory (error 2)
I0517 06:44:59.169003 10883 server_base.cc:433] Attempting to create new FS layout instead
I0517 06:44:59.176151 10883 fs_manager.cc:595] Generated new instance metadata in path /tmp/dist-test-task4QLboq/test-tmp/kudu-admin-test.0.AdminCliTest.TestUnsafeChangeConfigWithPendingConfigsOnWAL.1526539434354140-4480/raft_consensus-itest-cluster/master-0/data/instance: uuid: "d0a0e44bf01a44398b3a85b01e20edf9" format_stamp: "Formatted at 2018-05-17 06:44:59 on dist-test-slave-dist-test-slave-26mv"
I0517 06:44:59.176789 10883 fs_manager.cc:595] Generated new instance metadata in path /tmp/dist-test-task4QLboq/test-tmp/kudu-admin-test.0.AdminCliTest.TestUnsafeChangeConfigWithPendingConfigsOnWAL.1526539434354140-4480/raft_consensus-itest-cluster/master-0/wal/instance: uuid: "d0a0e44bf01a44398b3a85b01e20edf9" format_stamp: "Formatted at 2018-05-17 06:44:59 on dist-test-slave-dist-test-slave-26mv"
I0517 06:44:59.186255 10883 fs_manager.cc:495] Time spent creating directory manager: real 0.009s user 0.008s sys 0.004s
I0517 06:44:59.187335 10883 env_posix.cc:1643] Not raising this process' open files per process limit of 65536; it is already as high as it can go
I0517 06:44:59.187736 10883 file_cache.cc:470] Constructed file cache lbm with capacity 26214
I0517 06:44:59.194077 10883 fs_manager.cc:417] Time spent opening block manager: real 0.001s user 0.004s sys 0.000s
I0517 06:44:59.194190 10883 fs_manager.cc:428] Opened local filesystem: /tmp/dist-test-task4QLboq/test-tmp/kudu-admin-test.0.AdminCliTest.TestUnsafeChangeConfigWithPendingConfigsOnWAL.1526539434354140-4480/raft_consensus-itest-cluster/master-0/data,/tmp/dist-test-task4QLboq/test-tmp/kudu-admin-test.0.AdminCliTest.TestUnsafeChangeConfigWithPendingConfigsOnWAL.1526539434354140-4480/raft_consensus-itest-cluster/master-0/wal uuid: "d0a0e44bf01a44398b3a85b01e20edf9" format_stamp: "Formatted at 2018-05-17 06:44:59 on dist-test-slave-dist-test-slave-26mv"
I0517 06:44:59.194397 10883 fs_report.cc:347] Block manager report -------------------- 1 data directories: /tmp/dist-test-task4QLboq/test-tmp/kudu-admin-test.0.AdminCliTest.TestUnsafeChangeConfigWithPendingConfigsOnWAL.1526539434354140-4480/raft_consensus-itest-cluster/master-0/data/data Total live blocks: 0 Total live bytes: 0 Total live bytes (after alignment): 0 Total number of LBM containers: 0 (0 full) Did not check for missing blocks Did not check for orphaned blocks Total full LBM containers with extra space: 0 (0 repaired) Total full LBM container extra space in bytes: 0 (0 repaired) Total incomplete LBM containers: 0 (0 repaired) Total LBM partial records: 0 (0 repaired)
I0517 06:44:59.355824 10883 env_posix.cc:1643] Not raising this process' running threads per effective uid limit of 60284; it is already as high as it can go
I0517 06:44:59.357533 10883 master_main.cc:83] Starting Master server...
I0517 06:44:59.396795 10883 rpc_server.cc:205] RPC server started. Bound to: 127.4.96.62:60575
I0517 06:44:59.397619 10883 webserver.cc:173] Starting webserver on 127.4.96.62:0
I0517 06:44:59.397712 10883 webserver.cc:184] Document root disabled
I0517 06:44:59.398906 10883 webserver.cc:311] Webserver started. Bound to: http://127.4.96.62:55278/
I0517 06:44:59.399597 10883 server_base.cc:607] Dumped server information to /tmp/dist-test-task4QLboq/test-tmp/kudu-admin-test.0.AdminCliTest.TestUnsafeChangeConfigWithPendingConfigsOnWAL.1526539434354140-4480/raft_consensus-itest-cluster/master-0/data/info.pb
I0517 06:44:59.402101 10944 data_dirs.cc:934] Could only allocate 1 dirs of requested 3 for tablet 00000000000000000000000000000000. 1 dirs total, 0 dirs full, 0 dirs failed
I0517 06:44:59.405246 4480 external_mini_cluster.cc:848] Started /tmp/dist-test-task4QLboq/build/tsan/bin/kudu-master as pid 10883
I0517 06:44:59.406635 4480 external_mini_cluster.cc:786] Running /tmp/dist-test-task4QLboq/build/tsan/bin/kudu-tserver /tmp/dist-test-task4QLboq/build/tsan/bin/kudu-tserver --fs_wal_dir=/tmp/dist-test-task4QLboq/test-tmp/kudu-admin-test.0.AdminCliTest.TestUnsafeChangeConfigWithPendingConfigsOnWAL.1526539434354140-4480/raft_consensus-itest-cluster/ts-0/wal --fs_data_dirs=/tmp/dist-test-task4QLboq/test-tmp/kudu-admin-test.0.AdminCliTest.TestUnsafeChangeConfigWithPendingConfigsOnWAL.1526539434354140-4480/raft_consensus-itest-cluster/ts-0/data --block_manager=log --rpc_bind_addresses=127.4.96.1:0 --local_ip_for_outbound_sockets=127.4.96.1 --webserver_interface=127.4.96.1 --webserver_port=0 --tserver_master_addrs=127.4.96.62:60575 --never_fsync --ipki_server_key_size=1024 --enable_minidumps=false --redact=none --metrics_log_interval_ms=1000 --logtostderr --logbuflevel=-1 --log_dir=/tmp/dist-test-task4QLboq/test-tmp/kudu-admin-test.0.AdminCliTest.TestUnsafeChangeConfigWithPendingConfigsOnWAL.1526539434354140-4480/raft_consensus-itest-cluster/ts-0/logs --server_dump_info_path=/tmp/dist-test-task4QLboq/test-tmp/kudu-admin-test.0.AdminCliTest.TestUnsafeChangeConfigWithPendingConfigsOnWAL.1526539434354140-4480/raft_consensus-itest-cluster/ts-0/data/info.pb --server_dump_info_format=pb --rpc_server_allow_ephemeral_ports --unlock_experimental_flags --unlock_unsafe_flags --log_cache_size_limit_mb=10 --consensus_rpc_timeout_ms=30000 with env {}
I0517 06:44:59.418315 10944 tablet_bootstrap.cc:436] T 00000000000000000000000000000000 P d0a0e44bf01a44398b3a85b01e20edf9: Bootstrap starting.
I0517 06:44:59.420577 10944 tablet_bootstrap.cc:587] T 00000000000000000000000000000000 P d0a0e44bf01a44398b3a85b01e20edf9: No blocks or log segments found. Creating new log.
I0517 06:44:59.421747 10944 log.cc:520] T 00000000000000000000000000000000 P d0a0e44bf01a44398b3a85b01e20edf9: Log is configured to *not* fsync() on all Append() calls
I0517 06:44:59.424064 10944 tablet_bootstrap.cc:436] T 00000000000000000000000000000000 P d0a0e44bf01a44398b3a85b01e20edf9: No bootstrap required, opened a new log
I0517 06:44:59.435717 10944 raft_consensus.cc:303] T 00000000000000000000000000000000 P d0a0e44bf01a44398b3a85b01e20edf9 [term 0 FOLLOWER]: Replica starting. Triggering 0 pending transactions. Active config: opid_index: -1 OBSOLETE_local: true peers { permanent_uuid: "d0a0e44bf01a44398b3a85b01e20edf9" member_type: VOTER }
I0517 06:44:59.436025 10944 raft_consensus.cc:329] T 00000000000000000000000000000000 P d0a0e44bf01a44398b3a85b01e20edf9 [term 0 FOLLOWER]: Consensus starting up: Expiring failure detector timer to make a prompt election more likely
I0517 06:44:59.436151 10944 raft_consensus.cc:604] T 00000000000000000000000000000000 P d0a0e44bf01a44398b3a85b01e20edf9 [term 0 FOLLOWER]: Becoming Follower/Learner. State: Replica: d0a0e44bf01a44398b3a85b01e20edf9, State: Initialized, Role: FOLLOWER
I0517 06:44:59.436574 10944 consensus_queue.cc:227] T 00000000000000000000000000000000 P d0a0e44bf01a44398b3a85b01e20edf9 [NON_LEADER]: Queue going to NON_LEADER mode. State: All replicated index: 0, Majority replicated index: 0, Committed index: 0, Last appended: 0.0, Last appended by leader: 0, Current term: 0, Majority size: -1, State: 0, Mode: NON_LEADER, active raft config: opid_index: -1 OBSOLETE_local: true peers { permanent_uuid: "d0a0e44bf01a44398b3a85b01e20edf9" member_type: VOTER }
I0517 06:44:59.436928 10944 raft_consensus.cc:343] T 00000000000000000000000000000000 P d0a0e44bf01a44398b3a85b01e20edf9 [term 0 FOLLOWER]: Only one voter in the Raft config. Triggering election immediately
I0517 06:44:59.437065 10944 raft_consensus.cc:435] T 00000000000000000000000000000000 P d0a0e44bf01a44398b3a85b01e20edf9 [term 0 FOLLOWER]: Starting leader election (initial election of a single-replica configuration)
I0517 06:44:59.437208 10944 raft_consensus.cc:2704] T 00000000000000000000000000000000 P d0a0e44bf01a44398b3a85b01e20edf9: Snoozing failure detection for 1.579s (starting election)
I0517 06:44:59.437346 10944 raft_consensus.cc:2756] T 00000000000000000000000000000000 P d0a0e44bf01a44398b3a85b01e20edf9 [term 0 FOLLOWER]: Advancing to term 1
I0517 06:44:59.439757 10944 raft_consensus.cc:457] T 00000000000000000000000000000000 P d0a0e44bf01a44398b3a85b01e20edf9 [term 1 FOLLOWER]: Starting leader election with config: opid_index: -1 OBSOLETE_local: true peers { permanent_uuid: "d0a0e44bf01a44398b3a85b01e20edf9" member_type: VOTER }
I0517 06:44:59.440173 10944 leader_election.cc:270] T 00000000000000000000000000000000 P d0a0e44bf01a44398b3a85b01e20edf9 [CANDIDATE]: Term 1 election: Election decided. Result: candidate won.
I0517 06:44:59.441699 10947 raft_consensus.cc:2704] T 00000000000000000000000000000000 P d0a0e44bf01a44398b3a85b01e20edf9: Snoozing failure detection for 1.822s (election complete)
I0517 06:44:59.442031 10947 raft_consensus.cc:2511] T 00000000000000000000000000000000 P d0a0e44bf01a44398b3a85b01e20edf9 [term 1 FOLLOWER]: Leader election won for term 1
I0517 06:44:59.450407 10947 raft_consensus.cc:571] T 00000000000000000000000000000000 P d0a0e44bf01a44398b3a85b01e20edf9 [term 1 LEADER]: Becoming Leader. State: Replica: d0a0e44bf01a44398b3a85b01e20edf9, State: Running, Role: LEADER
I0517 06:44:59.450824 10947 consensus_queue.cc:204] T 00000000000000000000000000000000 P d0a0e44bf01a44398b3a85b01e20edf9 [LEADER]: Queue going to LEADER mode. State: All replicated index: 0, Majority replicated index: 0, Committed index: 0, Last appended: 0.0, Last appended by leader: 0, Current term: 1, Majority size: 1, State: 0, Mode: LEADER, active raft config: opid_index: -1 OBSOLETE_local: true peers { permanent_uuid: "d0a0e44bf01a44398b3a85b01e20edf9" member_type: VOTER }
I0517 06:44:59.453902 10944 sys_catalog.cc:335] T 00000000000000000000000000000000 P d0a0e44bf01a44398b3a85b01e20edf9 [sys.catalog]: SysCatalogTable state changed. Reason: Started TabletReplica. Latest consensus state: current_term: 1 leader_uuid: "d0a0e44bf01a44398b3a85b01e20edf9" committed_config { opid_index: -1 OBSOLETE_local: true peers { permanent_uuid: "d0a0e44bf01a44398b3a85b01e20edf9" member_type: VOTER } }
I0517 06:44:59.454476 10944 sys_catalog.cc:338] T 00000000000000000000000000000000 P d0a0e44bf01a44398b3a85b01e20edf9 [sys.catalog]: This master's current role is: LEADER
I0517 06:44:59.456843 10944 sys_catalog.cc:422] T 00000000000000000000000000000000 P d0a0e44bf01a44398b3a85b01e20edf9 [sys.catalog]: configured and running, proceeding with master startup.
I0517 06:44:59.458518 10883 master_main.cc:86] Master server successfully started.
I0517 06:44:59.458046 10948 sys_catalog.cc:335] T 00000000000000000000000000000000 P d0a0e44bf01a44398b3a85b01e20edf9 [sys.catalog]: SysCatalogTable state changed. Reason: RaftConsensus started. Latest consensus state: current_term: 1 leader_uuid: "d0a0e44bf01a44398b3a85b01e20edf9" committed_config { opid_index: -1 OBSOLETE_local: true peers { permanent_uuid: "d0a0e44bf01a44398b3a85b01e20edf9" member_type: VOTER } }
I0517 06:44:59.517169 10948 sys_catalog.cc:338] T 00000000000000000000000000000000 P d0a0e44bf01a44398b3a85b01e20edf9 [sys.catalog]: This master's current role is: LEADER WARNING: Logging before InitGoogleLogging() is written to STDERR
W0517 06:44:59.518172 10945 flags.cc:406] Enabled unsafe flag: --rpc_server_allow_ephemeral_ports=true
W0517 06:44:59.518508 10945 flags.cc:406] Enabled unsafe flag: --never_fsync=true
I0517 06:44:59.458492 10951 catalog_manager.cc:1001] Loading table and tablet metadata into memory...
I0517 06:44:59.458788 10949 sys_catalog.cc:335] T 00000000000000000000000000000000 P d0a0e44bf01a44398b3a85b01e20edf9 [sys.catalog]: SysCatalogTable state changed. Reason: New leader d0a0e44bf01a44398b3a85b01e20edf9. Latest consensus state: current_term: 1 leader_uuid: "d0a0e44bf01a44398b3a85b01e20edf9" committed_config { opid_index: -1 OBSOLETE_local: true peers { permanent_uuid: "d0a0e44bf01a44398b3a85b01e20edf9" member_type: VOTER } }
I0517 06:44:59.521720 10949 sys_catalog.cc:338] T 00000000000000000000000000000000 P d0a0e44bf01a44398b3a85b01e20edf9 [sys.catalog]: This master's current role is: LEADER
I0517 06:44:59.524122 10951 catalog_manager.cc:1012] Initializing Kudu internal certificate authority...
W0517 06:44:59.530565 10945 flags.cc:406] Enabled experimental flag: --ipki_server_key_size=1024
W0517 06:44:59.531035 10945 flags.cc:406] Enabled experimental flag: --local_ip_for_outbound_sockets=127.4.96.1
I0517 06:44:59.568866 10945 tablet_server_main.cc:78] Tablet server non-default flags: --log_cache_size_limit_mb=10 --fs_data_dirs=/tmp/dist-test-task4QLboq/test-tmp/kudu-admin-test.0.AdminCliTest.TestUnsafeChangeConfigWithPendingConfigsOnWAL.1526539434354140-4480/raft_consensus-itest-cluster/ts-0/data --fs_wal_dir=/tmp/dist-test-task4QLboq/test-tmp/kudu-admin-test.0.AdminCliTest.TestUnsafeChangeConfigWithPendingConfigsOnWAL.1526539434354140-4480/raft_consensus-itest-cluster/ts-0/wal --ipki_server_key_size=1024 --rpc_bind_addresses=127.4.96.1:0 --rpc_server_allow_ephemeral_ports=true --metrics_log_interval_ms=1000 --server_dump_info_format=pb --server_dump_info_path=/tmp/dist-test-task4QLboq/test-tmp/kudu-admin-test.0.AdminCliTest.TestUnsafeChangeConfigWithPendingConfigsOnWAL.1526539434354140-4480/raft_consensus-itest-cluster/ts-0/data/info.pb --webserver_interface=127.4.96.1 --webserver_port=0 --tserver_master_addrs=127.4.96.62:60575 --never_fsync=true --redact=none --unlock_experimental_flags=true --unlock_unsafe_flags=true --enable_minidumps=false --local_ip_for_outbound_sockets=127.4.96.1 --log_dir=/tmp/dist-test-task4QLboq/test-tmp/kudu-admin-test.0.AdminCliTest.TestUnsafeChangeConfigWithPendingConfigsOnWAL.1526539434354140-4480/raft_consensus-itest-cluster/ts-0/logs --logbuflevel=-1 --logtostderr=true Tablet server version: kudu 1.8.0-SNAPSHOT revision f969af316286807a745fa39b9c2ee604c88b63c9 build type FASTDEBUG built by None at 17 May 2018 06:38:04 UTC on jenkins-slave-snjf build id 13499 TSAN enabled
I0517 06:44:59.580262 10951 catalog_manager.cc:899] Generated new certificate authority record
I0517 06:44:59.581224 10945 tablet_server_main.cc:85] Initializing tablet server...
I0517 06:44:59.582592 10951 catalog_manager.cc:1021] Loading token signing keys...
I0517 06:44:59.583084 10945 system_ntp.cc:143] NTP initialized. Skew: 500ppm Current error: 148819us
I0517 06:44:59.583541 10945 fs_manager.cc:260] Metadata directory not provided
I0517 06:44:59.583665 10945 fs_manager.cc:266] Using write-ahead log directory (fs_wal_dir) as metadata directory
I0517 06:44:59.583885 10945 server_base.cc:432] Could not load existing FS layout: Not found: /tmp/dist-test-task4QLboq/test-tmp/kudu-admin-test.0.AdminCliTest.TestUnsafeChangeConfigWithPendingConfigsOnWAL.1526539434354140-4480/raft_consensus-itest-cluster/ts-0/data/instance: No such file or directory (error 2)
I0517 06:44:59.584007 10945 server_base.cc:433] Attempting to create new FS layout instead
I0517 06:44:59.591737 10945 fs_manager.cc:595] Generated new instance metadata in path /tmp/dist-test-task4QLboq/test-tmp/kudu-admin-test.0.AdminCliTest.TestUnsafeChangeConfigWithPendingConfigsOnWAL.1526539434354140-4480/raft_consensus-itest-cluster/ts-0/data/instance: uuid: "6c3dcb1ce66b4b3a8e14a7305a1af218" format_stamp: "Formatted at 2018-05-17 06:44:59 on dist-test-slave-dist-test-slave-26mv"
I0517 06:44:59.592571 10951 catalog_manager.cc:3962] T 00000000000000000000000000000000 P d0a0e44bf01a44398b3a85b01e20edf9: Generated new TSK 0
I0517 06:44:59.592742 10945 fs_manager.cc:595] Generated new instance metadata in path /tmp/dist-test-task4QLboq/test-tmp/kudu-admin-test.0.AdminCliTest.TestUnsafeChangeConfigWithPendingConfigsOnWAL.1526539434354140-4480/raft_consensus-itest-cluster/ts-0/wal/instance: uuid: "6c3dcb1ce66b4b3a8e14a7305a1af218" format_stamp: "Formatted at 2018-05-17 06:44:59 on dist-test-slave-dist-test-slave-26mv"
I0517 06:44:59.603049 10945 fs_manager.cc:495] Time spent creating directory manager: real 0.010s user 0.008s sys 0.004s
I0517 06:44:59.604169 10945 env_posix.cc:1643] Not raising this process' open files per process limit of 65536; it is already as high as it can go
I0517 06:44:59.604578 10945 file_cache.cc:470] Constructed file cache lbm with capacity 26214
I0517 06:44:59.611147 10945 fs_manager.cc:417] Time spent opening block manager: real 0.002s user 0.004s sys 0.004s
I0517 06:44:59.611258 10945 fs_manager.cc:428] Opened local filesystem: /tmp/dist-test-task4QLboq/test-tmp/kudu-admin-test.0.AdminCliTest.TestUnsafeChangeConfigWithPendingConfigsOnWAL.1526539434354140-4480/raft_consensus-itest-cluster/ts-0/data,/tmp/dist-test-task4QLboq/test-tmp/kudu-admin-test.0.AdminCliTest.TestUnsafeChangeConfigWithPendingConfigsOnWAL.1526539434354140-4480/raft_consensus-itest-cluster/ts-0/wal uuid: "6c3dcb1ce66b4b3a8e14a7305a1af218" format_stamp: "Formatted at 2018-05-17 06:44:59 on dist-test-slave-dist-test-slave-26mv"
I0517 06:44:59.611470 10945 fs_report.cc:347] Block manager report -------------------- 1 data directories: /tmp/dist-test-task4QLboq/test-tmp/kudu-admin-test.0.AdminCliTest.TestUnsafeChangeConfigWithPendingConfigsOnWAL.1526539434354140-4480/raft_consensus-itest-cluster/ts-0/data/data Total live blocks: 0 Total live bytes: 0 Total live bytes (after alignment): 0 Total number of LBM containers: 0 (0 full) Did not check for missing blocks Did not check for orphaned blocks Total full LBM containers with extra space: 0 (0 repaired) Total full LBM container extra space in bytes: 0 (0 repaired) Total incomplete LBM containers: 0 (0 repaired) Total LBM partial records: 0 (0 repaired)
I0517 06:44:59.830623 10945 env_posix.cc:1643] Not raising this process' running threads per effective uid limit of 60284; it is already as high as it can go
I0517 06:44:59.833431 10945 ts_tablet_manager.cc:356] Loaded tablet metadata (0 live tablets)
I0517 06:44:59.834575 10945 tablet_server_main.cc:90] Starting tablet server...
I0517 06:44:59.936681 10945 rpc_server.cc:205] RPC server started. Bound to: 127.4.96.1:49563
I0517 06:44:59.937584 10945 webserver.cc:173] Starting webserver on 127.4.96.1:0
I0517 06:44:59.937690 10945 webserver.cc:184] Document root disabled
I0517 06:44:59.939107 10945 webserver.cc:311] Webserver started. Bound to: http://127.4.96.1:41322/
I0517 06:44:59.939803 10945 server_base.cc:607] Dumped server information to /tmp/dist-test-task4QLboq/test-tmp/kudu-admin-test.0.AdminCliTest.TestUnsafeChangeConfigWithPendingConfigsOnWAL.1526539434354140-4480/raft_consensus-itest-cluster/ts-0/data/info.pb
I0517 06:44:59.943835 4480 external_mini_cluster.cc:848] Started /tmp/dist-test-task4QLboq/build/tsan/bin/kudu-tserver as pid 10945
I0517 06:44:59.945063 4480 external_mini_cluster.cc:786] Running /tmp/dist-test-task4QLboq/build/tsan/bin/kudu-tserver /tmp/dist-test-task4QLboq/build/tsan/bin/kudu-tserver --fs_wal_dir=/tmp/dist-test-task4QLboq/test-tmp/kudu-admin-test.0.AdminCliTest.TestUnsafeChangeConfigWithPendingConfigsOnWAL.1526539434354140-4480/raft_consensus-itest-cluster/ts-1/wal --fs_data_dirs=/tmp/dist-test-task4QLboq/test-tmp/kudu-admin-test.0.AdminCliTest.TestUnsafeChangeConfigWithPendingConfigsOnWAL.1526539434354140-4480/raft_consensus-itest-cluster/ts-1/data --block_manager=log --rpc_bind_addresses=127.4.96.2:0 --local_ip_for_outbound_sockets=127.4.96.2 --webserver_interface=127.4.96.2 --webserver_port=0 --tserver_master_addrs=127.4.96.62:60575 --never_fsync --ipki_server_key_size=1024 --enable_minidumps=false --redact=none --metrics_log_interval_ms=1000 --logtostderr --logbuflevel=-1 --log_dir=/tmp/dist-test-task4QLboq/test-tmp/kudu-admin-test.0.AdminCliTest.TestUnsafeChangeConfigWithPendingConfigsOnWAL.1526539434354140-4480/raft_consensus-itest-cluster/ts-1/logs --server_dump_info_path=/tmp/dist-test-task4QLboq/test-tmp/kudu-admin-test.0.AdminCliTest.TestUnsafeChangeConfigWithPendingConfigsOnWAL.1526539434354140-4480/raft_consensus-itest-cluster/ts-1/data/info.pb --server_dump_info_format=pb --rpc_server_allow_ephemeral_ports --unlock_experimental_flags --unlock_unsafe_flags --log_cache_size_limit_mb=10 --consensus_rpc_timeout_ms=30000 with env {}
I0517 06:44:59.950170 10945 tablet_server_main.cc:93] Tablet server successfully started.
I0517 06:44:59.977583 11076 heartbeater.cc:346] Connected to a master server at 127.4.96.62:60575
I0517 06:44:59.977890 11076 heartbeater.cc:426] Registering TS with master...
I0517 06:44:59.978480 11076 heartbeater.cc:475] Master 127.4.96.62:60575 requested a full tablet report, sending...
I0517 06:44:59.980518 10911 ts_manager.cc:81] Registered new tserver with Master: 6c3dcb1ce66b4b3a8e14a7305a1af218 (127.4.96.1:49563)
I0517 06:44:59.983165 10911 master_service.cc:249] Signed X509 certificate for tserver {username='slave'} at 127.4.96.1:51070 WARNING: Logging before InitGoogleLogging() is written to STDERR
W0517 06:45:00.050817 11080 flags.cc:406] Enabled unsafe flag: --rpc_server_allow_ephemeral_ports=true
W0517 06:45:00.051153 11080 flags.cc:406] Enabled unsafe flag: --never_fsync=true
W0517 06:45:00.059116 11080 flags.cc:406] Enabled experimental flag: --ipki_server_key_size=1024
W0517 06:45:00.059453 11080 flags.cc:406] Enabled experimental flag: --local_ip_for_outbound_sockets=127.4.96.2
