W0517 06:45:39.395236 15485 flags.cc:406] Enabled experimental flag: --raft_prepare_replacement_before_eviction=false
W0517 06:45:39.395406 15485 flags.cc:406] Enabled experimental flag: --ipki_server_key_size=1024
W0517 06:45:39.395714 15485 flags.cc:406] Enabled experimental flag: --local_ip_for_outbound_sockets=127.4.96.3
I0517 06:45:39.408612 15485 tablet_server_main.cc:78] Tablet server non-default flags: --raft_prepare_replacement_before_eviction=false --fs_data_dirs=/tmp/dist-test-task4QLboq/test-tmp/kudu-admin-test.0.EnableKudu1097AndDownTS_MoveTabletParamTest.Test_0.1526539434354140-4480/raft_consensus-itest-cluster/ts-2/data --fs_wal_dir=/tmp/dist-test-task4QLboq/test-tmp/kudu-admin-test.0.EnableKudu1097AndDownTS_MoveTabletParamTest.Test_0.1526539434354140-4480/raft_consensus-itest-cluster/ts-2/wal --ipki_server_key_size=1024 --rpc_bind_addresses=127.4.96.3:0 --rpc_server_allow_ephemeral_ports=true --metrics_log_interval_ms=1000 --server_dump_info_format=pb --server_dump_info_path=/tmp/dist-test-task4QLboq/test-tmp/kudu-admin-test.0.EnableKudu1097AndDownTS_MoveTabletParamTest.Test_0.1526539434354140-4480/raft_consensus-itest-cluster/ts-2/data/info.pb --webserver_interface=127.4.96.3 --webserver_port=0 --tserver_master_addrs=127.4.96.62:45644 --never_fsync=true --redact=none --unlock_experimental_flags=true --unlock_unsafe_flags=true --enable_minidumps=false --local_ip_for_outbound_sockets=127.4.96.3 --log_dir=/tmp/dist-test-task4QLboq/test-tmp/kudu-admin-test.0.EnableKudu1097AndDownTS_MoveTabletParamTest.Test_0.1526539434354140-4480/raft_consensus-itest-cluster/ts-2/logs --logbuflevel=-1 --logtostderr=true Tablet server version: kudu 1.8.0-SNAPSHOT revision f969af316286807a745fa39b9c2ee604c88b63c9 build type FASTDEBUG built by None at 17 May 2018 06:38:04 UTC on jenkins-slave-snjf build id 13499 TSAN enabled
I0517 06:45:39.416868 15485 tablet_server_main.cc:85] Initializing tablet server...
I0517 06:45:39.418689 15485 system_ntp.cc:143] NTP initialized. Skew: 500ppm Current error: 168819us
I0517 06:45:39.419133 15485 fs_manager.cc:260] Metadata directory not provided
I0517 06:45:39.419255 15485 fs_manager.cc:266] Using write-ahead log directory (fs_wal_dir) as metadata directory
I0517 06:45:39.419456 15485 server_base.cc:432] Could not load existing FS layout: Not found: /tmp/dist-test-task4QLboq/test-tmp/kudu-admin-test.0.EnableKudu1097AndDownTS_MoveTabletParamTest.Test_0.1526539434354140-4480/raft_consensus-itest-cluster/ts-2/data/instance: No such file or directory (error 2)
I0517 06:45:39.419569 15485 server_base.cc:433] Attempting to create new FS layout instead
I0517 06:45:39.427103 15485 fs_manager.cc:595] Generated new instance metadata in path /tmp/dist-test-task4QLboq/test-tmp/kudu-admin-test.0.EnableKudu1097AndDownTS_MoveTabletParamTest.Test_0.1526539434354140-4480/raft_consensus-itest-cluster/ts-2/data/instance: uuid: "5ce72ea2903c48f792f6c4f583dbeb50" format_stamp: "Formatted at 2018-05-17 06:45:39 on dist-test-slave-dist-test-slave-26mv"
I0517 06:45:39.427773 15485 fs_manager.cc:595] Generated new instance metadata in path /tmp/dist-test-task4QLboq/test-tmp/kudu-admin-test.0.EnableKudu1097AndDownTS_MoveTabletParamTest.Test_0.1526539434354140-4480/raft_consensus-itest-cluster/ts-2/wal/instance: uuid: "5ce72ea2903c48f792f6c4f583dbeb50" format_stamp: "Formatted at 2018-05-17 06:45:39 on dist-test-slave-dist-test-slave-26mv"
I0517 06:45:39.437208 15485 fs_manager.cc:495] Time spent creating directory manager: real 0.009s user 0.008s sys 0.000s
I0517 06:45:39.438364 15485 env_posix.cc:1643] Not raising this process' open files per process limit of 65536; it is already as high as it can go
I0517 06:45:39.438742 15485 file_cache.cc:470] Constructed file cache lbm with capacity 26214
I0517 06:45:39.444985 15485 fs_manager.cc:417] Time spent opening block manager: real 0.001s user 0.000s sys 0.000s
I0517 06:45:39.445111 15485 fs_manager.cc:428] Opened local filesystem: /tmp/dist-test-task4QLboq/test-tmp/kudu-admin-test.0.EnableKudu1097AndDownTS_MoveTabletParamTest.Test_0.1526539434354140-4480/raft_consensus-itest-cluster/ts-2/data,/tmp/dist-test-task4QLboq/test-tmp/kudu-admin-test.0.EnableKudu1097AndDownTS_MoveTabletParamTest.Test_0.1526539434354140-4480/raft_consensus-itest-cluster/ts-2/wal uuid: "5ce72ea2903c48f792f6c4f583dbeb50" format_stamp: "Formatted at 2018-05-17 06:45:39 on dist-test-slave-dist-test-slave-26mv"
I0517 06:45:39.445302 15485 fs_report.cc:347] Block manager report -------------------- 1 data directories: /tmp/dist-test-task4QLboq/test-tmp/kudu-admin-test.0.EnableKudu1097AndDownTS_MoveTabletParamTest.Test_0.1526539434354140-4480/raft_consensus-itest-cluster/ts-2/data/data Total live blocks: 0 Total live bytes: 0 Total live bytes (after alignment): 0 Total number of LBM containers: 0 (0 full) Did not check for missing blocks Did not check for orphaned blocks Total full LBM containers with extra space: 0 (0 repaired) Total full LBM container extra space in bytes: 0 (0 repaired) Total incomplete LBM containers: 0 (0 repaired) Total LBM partial records: 0 (0 repaired)
I0517 06:45:39.610174 15485 env_posix.cc:1643] Not raising this process' running threads per effective uid limit of 60284; it is already as high as it can go
I0517 06:45:39.612515 15485 ts_tablet_manager.cc:356] Loaded tablet metadata (0 live tablets)
I0517 06:45:39.613456 15485 tablet_server_main.cc:90] Starting tablet server...
I0517 06:45:39.697747 15485 rpc_server.cc:205] RPC server started. Bound to: 127.4.96.3:49834
I0517 06:45:39.698624 15485 webserver.cc:173] Starting webserver on 127.4.96.3:0
I0517 06:45:39.698721 15485 webserver.cc:184] Document root disabled
I0517 06:45:39.699894 15485 webserver.cc:311] Webserver started. Bound to: http://127.4.96.3:36381/
I0517 06:45:39.700562 15485 server_base.cc:607] Dumped server information to /tmp/dist-test-task4QLboq/test-tmp/kudu-admin-test.0.EnableKudu1097AndDownTS_MoveTabletParamTest.Test_0.1526539434354140-4480/raft_consensus-itest-cluster/ts-2/data/info.pb
I0517 06:45:39.705251 15485 tablet_server_main.cc:93] Tablet server successfully started.
I0517 06:45:39.705315 4480 external_mini_cluster.cc:848] Started /tmp/dist-test-task4QLboq/build/tsan/bin/kudu-tserver as pid 15485
I0517 06:45:39.706657 4480 external_mini_cluster.cc:786] Running /tmp/dist-test-task4QLboq/build/tsan/bin/kudu-tserver /tmp/dist-test-task4QLboq/build/tsan/bin/kudu-tserver --fs_wal_dir=/tmp/dist-test-task4QLboq/test-tmp/kudu-admin-test.0.EnableKudu1097AndDownTS_MoveTabletParamTest.Test_0.1526539434354140-4480/raft_consensus-itest-cluster/ts-3/wal --fs_data_dirs=/tmp/dist-test-task4QLboq/test-tmp/kudu-admin-test.0.EnableKudu1097AndDownTS_MoveTabletParamTest.Test_0.1526539434354140-4480/raft_consensus-itest-cluster/ts-3/data --block_manager=log --rpc_bind_addresses=127.4.96.4:0 --local_ip_for_outbound_sockets=127.4.96.4 --webserver_interface=127.4.96.4 --webserver_port=0 --tserver_master_addrs=127.4.96.62:45644 --never_fsync --ipki_server_key_size=1024 --enable_minidumps=false --redact=none --metrics_log_interval_ms=1000 --logtostderr --logbuflevel=-1 --log_dir=/tmp/dist-test-task4QLboq/test-tmp/kudu-admin-test.0.EnableKudu1097AndDownTS_MoveTabletParamTest.Test_0.1526539434354140-4480/raft_consensus-itest-cluster/ts-3/logs --server_dump_info_path=/tmp/dist-test-task4QLboq/test-tmp/kudu-admin-test.0.EnableKudu1097AndDownTS_MoveTabletParamTest.Test_0.1526539434354140-4480/raft_consensus-itest-cluster/ts-3/data/info.pb --server_dump_info_format=pb --rpc_server_allow_ephemeral_ports --unlock_experimental_flags --unlock_unsafe_flags --raft_prepare_replacement_before_eviction=false with env {}
I0517 06:45:39.722679 15606 heartbeater.cc:346] Connected to a master server at 127.4.96.62:45644
I0517 06:45:39.722898 15606 heartbeater.cc:426] Registering TS with master...
I0517 06:45:39.723297 15606 heartbeater.cc:475] Master 127.4.96.62:45644 requested a full tablet report, sending...
I0517 06:45:39.724561 15191 ts_manager.cc:81] Registered new tserver with Master: 5ce72ea2903c48f792f6c4f583dbeb50 (127.4.96.3:49834)
I0517 06:45:39.725622 15191 master_service.cc:249] Signed X509 certificate for tserver {username='slave'} at 127.4.96.3:35771
I0517 06:45:39.764494 15356 heartbeater.cc:467] Master 127.4.96.62:45644 was elected leader, sending a full tablet report... WARNING: Logging before InitGoogleLogging() is written to STDERR
W0517 06:45:39.810839 15609 flags.cc:406] Enabled unsafe flag: --rpc_server_allow_ephemeral_ports=true
W0517 06:45:39.811153 15609 flags.cc:406] Enabled unsafe flag: --never_fsync=true
W0517 06:45:39.819025 15609 flags.cc:406] Enabled experimental flag: --raft_prepare_replacement_before_eviction=false
W0517 06:45:39.819193 15609 flags.cc:406] Enabled experimental flag: --ipki_server_key_size=1024
W0517 06:45:39.819506 15609 flags.cc:406] Enabled experimental flag: --local_ip_for_outbound_sockets=127.4.96.4
I0517 06:45:39.831936 15609 tablet_server_main.cc:78] Tablet server non-default flags: --raft_prepare_replacement_before_eviction=false --fs_data_dirs=/tmp/dist-test-task4QLboq/test-tmp/kudu-admin-test.0.EnableKudu1097AndDownTS_MoveTabletParamTest.Test_0.1526539434354140-4480/raft_consensus-itest-cluster/ts-3/data --fs_wal_dir=/tmp/dist-test-task4QLboq/test-tmp/kudu-admin-test.0.EnableKudu1097AndDownTS_MoveTabletParamTest.Test_0.1526539434354140-4480/raft_consensus-itest-cluster/ts-3/wal --ipki_server_key_size=1024 --rpc_bind_addresses=127.4.96.4:0 --rpc_server_allow_ephemeral_ports=true --metrics_log_interval_ms=1000 --server_dump_info_format=pb --server_dump_info_path=/tmp/dist-test-task4QLboq/test-tmp/kudu-admin-test.0.EnableKudu1097AndDownTS_MoveTabletParamTest.Test_0.1526539434354140-4480/raft_consensus-itest-cluster/ts-3/data/info.pb --webserver_interface=127.4.96.4 --webserver_port=0 --tserver_master_addrs=127.4.96.62:45644 --never_fsync=true --redact=none --unlock_experimental_flags=true --unlock_unsafe_flags=true --enable_minidumps=false --local_ip_for_outbound_sockets=127.4.96.4 --log_dir=/tmp/dist-test-task4QLboq/test-tmp/kudu-admin-test.0.EnableKudu1097AndDownTS_MoveTabletParamTest.Test_0.1526539434354140-4480/raft_consensus-itest-cluster/ts-3/logs --logbuflevel=-1 --logtostderr=true Tablet server version: kudu 1.8.0-SNAPSHOT revision f969af316286807a745fa39b9c2ee604c88b63c9 build type FASTDEBUG built by None at 17 May 2018 06:38:04 UTC on jenkins-slave-snjf build id 13499 TSAN enabled
I0517 06:45:39.840004 15609 tablet_server_main.cc:85] Initializing tablet server...
I0517 06:45:39.841749 15609 system_ntp.cc:143] NTP initialized. Skew: 500ppm Current error: 168819us
I0517 06:45:39.842167 15609 fs_manager.cc:260] Metadata directory not provided
I0517 06:45:39.842298 15609 fs_manager.cc:266] Using write-ahead log directory (fs_wal_dir) as metadata directory
I0517 06:45:39.842506 15609 server_base.cc:432] Could not load existing FS layout: Not found: /tmp/dist-test-task4QLboq/test-tmp/kudu-admin-test.0.EnableKudu1097AndDownTS_MoveTabletParamTest.Test_0.1526539434354140-4480/raft_consensus-itest-cluster/ts-3/data/instance: No such file or directory (error 2)
I0517 06:45:39.842622 15609 server_base.cc:433] Attempting to create new FS layout instead
I0517 06:45:39.850126 15609 fs_manager.cc:595] Generated new instance metadata in path /tmp/dist-test-task4QLboq/test-tmp/kudu-admin-test.0.EnableKudu1097AndDownTS_MoveTabletParamTest.Test_0.1526539434354140-4480/raft_consensus-itest-cluster/ts-3/data/instance: uuid: "91e449d11fed4a27bfcb77c3f16b7e1d" format_stamp: "Formatted at 2018-05-17 06:45:39 on dist-test-slave-dist-test-slave-26mv"
I0517 06:45:39.850791 15609 fs_manager.cc:595] Generated new instance metadata in path /tmp/dist-test-task4QLboq/test-tmp/kudu-admin-test.0.EnableKudu1097AndDownTS_MoveTabletParamTest.Test_0.1526539434354140-4480/raft_consensus-itest-cluster/ts-3/wal/instance: uuid: "91e449d11fed4a27bfcb77c3f16b7e1d" format_stamp: "Formatted at 2018-05-17 06:45:39 on dist-test-slave-dist-test-slave-26mv"
I0517 06:45:39.859804 15609 fs_manager.cc:495] Time spent creating directory manager: real 0.009s user 0.004s sys 0.004s
I0517 06:45:39.860886 15609 env_posix.cc:1643] Not raising this process' open files per process limit of 65536; it is already as high as it can go
I0517 06:45:39.861264 15609 file_cache.cc:470] Constructed file cache lbm with capacity 26214
I0517 06:45:39.867535 15609 fs_manager.cc:417] Time spent opening block manager: real 0.001s user 0.000s sys 0.000s
I0517 06:45:39.867642 15609 fs_manager.cc:428] Opened local filesystem: /tmp/dist-test-task4QLboq/test-tmp/kudu-admin-test.0.EnableKudu1097AndDownTS_MoveTabletParamTest.Test_0.1526539434354140-4480/raft_consensus-itest-cluster/ts-3/data,/tmp/dist-test-task4QLboq/test-tmp/kudu-admin-test.0.EnableKudu1097AndDownTS_MoveTabletParamTest.Test_0.1526539434354140-4480/raft_consensus-itest-cluster/ts-3/wal uuid: "91e449d11fed4a27bfcb77c3f16b7e1d" format_stamp: "Formatted at 2018-05-17 06:45:39 on dist-test-slave-dist-test-slave-26mv"
I0517 06:45:39.867825 15609 fs_report.cc:347] Block manager report -------------------- 1 data directories: /tmp/dist-test-task4QLboq/test-tmp/kudu-admin-test.0.EnableKudu1097AndDownTS_MoveTabletParamTest.Test_0.1526539434354140-4480/raft_consensus-itest-cluster/ts-3/data/data Total live blocks: 0 Total live bytes: 0 Total live bytes (after alignment): 0 Total number of LBM containers: 0 (0 full) Did not check for missing blocks Did not check for orphaned blocks Total full LBM containers with extra space: 0 (0 repaired) Total full LBM container extra space in bytes: 0 (0 repaired) Total incomplete LBM containers: 0 (0 repaired) Total LBM partial records: 0 (0 repaired)
I0517 06:45:40.031255 15609 env_posix.cc:1643] Not raising this process' running threads per effective uid limit of 60284; it is already as high as it can go
I0517 06:45:40.033620 15609 ts_tablet_manager.cc:356] Loaded tablet metadata (0 live tablets)
I0517 06:45:40.034555 15609 tablet_server_main.cc:90] Starting tablet server...
I0517 06:45:40.119798 15609 rpc_server.cc:205] RPC server started. Bound to: 127.4.96.4:37967
I0517 06:45:40.120690 15609 webserver.cc:173] Starting webserver on 127.4.96.4:0
I0517 06:45:40.120796 15609 webserver.cc:184] Document root disabled
I0517 06:45:40.121995 15609 webserver.cc:311] Webserver started. Bound to: http://127.4.96.4:33564/
I0517 06:45:40.122728 15609 server_base.cc:607] Dumped server information to /tmp/dist-test-task4QLboq/test-tmp/kudu-admin-test.0.EnableKudu1097AndDownTS_MoveTabletParamTest.Test_0.1526539434354140-4480/raft_consensus-itest-cluster/ts-3/data/info.pb
I0517 06:45:40.125882 15609 tablet_server_main.cc:93] Tablet server successfully started.
I0517 06:45:40.132557 4480 external_mini_cluster.cc:848] Started /tmp/dist-test-task4QLboq/build/tsan/bin/kudu-tserver as pid 15609
I0517 06:45:40.133484 4480 external_mini_cluster.cc:786] Running /tmp/dist-test-task4QLboq/build/tsan/bin/kudu-tserver /tmp/dist-test-task4QLboq/build/tsan/bin/kudu-tserver --fs_wal_dir=/tmp/dist-test-task4QLboq/test-tmp/kudu-admin-test.0.EnableKudu1097AndDownTS_MoveTabletParamTest.Test_0.1526539434354140-4480/raft_consensus-itest-cluster/ts-4/wal --fs_data_dirs=/tmp/dist-test-task4QLboq/test-tmp/kudu-admin-test.0.EnableKudu1097AndDownTS_MoveTabletParamTest.Test_0.1526539434354140-4480/raft_consensus-itest-cluster/ts-4/data --block_manager=log --rpc_bind_addresses=127.4.96.5:0 --local_ip_for_outbound_sockets=127.4.96.5 --webserver_interface=127.4.96.5 --webserver_port=0 --tserver_master_addrs=127.4.96.62:45644 --never_fsync --ipki_server_key_size=1024 --enable_minidumps=false --redact=none --metrics_log_interval_ms=1000 --logtostderr --logbuflevel=-1 --log_dir=/tmp/dist-test-task4QLboq/test-tmp/kudu-admin-test.0.EnableKudu1097AndDownTS_MoveTabletParamTest.Test_0.1526539434354140-4480/raft_consensus-itest-cluster/ts-4/logs --server_dump_info_path=/tmp/dist-test-task4QLboq/test-tmp/kudu-admin-test.0.EnableKudu1097AndDownTS_MoveTabletParamTest.Test_0.1526539434354140-4480/raft_consensus-itest-cluster/ts-4/data/info.pb --server_dump_info_format=pb --rpc_server_allow_ephemeral_ports --unlock_experimental_flags --unlock_unsafe_flags --raft_prepare_replacement_before_eviction=false with env {}
I0517 06:45:40.143697 15730 heartbeater.cc:346] Connected to a master server at 127.4.96.62:45644
I0517 06:45:40.143939 15730 heartbeater.cc:426] Registering TS with master...
I0517 06:45:40.144373 15730 heartbeater.cc:475] Master 127.4.96.62:45644 requested a full tablet report, sending...
I0517 06:45:40.145802 15191 ts_manager.cc:81] Registered new tserver with Master: 91e449d11fed4a27bfcb77c3f16b7e1d (127.4.96.4:37967)
I0517 06:45:40.146972 15191 master_service.cc:249] Signed X509 certificate for tserver {username='slave'} at 127.4.96.4:53063 WARNING: Logging before InitGoogleLogging() is written to STDERR
W0517 06:45:40.236896 15733 flags.cc:406] Enabled unsafe flag: --rpc_server_allow_ephemeral_ports=true
W0517 06:45:40.237237 15733 flags.cc:406] Enabled unsafe flag: --never_fsync=true
W0517 06:45:40.245157 15733 flags.cc:406] Enabled experimental flag: --raft_prepare_replacement_before_eviction=false
W0517 06:45:40.245333 15733 flags.cc:406] Enabled experimental flag: --ipki_server_key_size=1024
W0517 06:45:40.245627 15733 flags.cc:406] Enabled experimental flag: --local_ip_for_outbound_sockets=127.4.96.5
I0517 06:45:40.257807 15733 tablet_server_main.cc:78] Tablet server non-default flags: --raft_prepare_replacement_before_eviction=false --fs_data_dirs=/tmp/dist-test-task4QLboq/test-tmp/kudu-admin-test.0.EnableKudu1097AndDownTS_MoveTabletParamTest.Test_0.1526539434354140-4480/raft_consensus-itest-cluster/ts-4/data --fs_wal_dir=/tmp/dist-test-task4QLboq/test-tmp/kudu-admin-test.0.EnableKudu1097AndDownTS_MoveTabletParamTest.Test_0.1526539434354140-4480/raft_consensus-itest-cluster/ts-4/wal --ipki_server_key_size=1024 --rpc_bind_addresses=127.4.96.5:0 --rpc_server_allow_ephemeral_ports=true --metrics_log_interval_ms=1000 --server_dump_info_format=pb --server_dump_info_path=/tmp/dist-test-task4QLboq/test-tmp/kudu-admin-test.0.EnableKudu1097AndDownTS_MoveTabletParamTest.Test_0.1526539434354140-4480/raft_consensus-itest-cluster/ts-4/data/info.pb --webserver_interface=127.4.96.5 --webserver_port=0 --tserver_master_addrs=127.4.96.62:45644 --never_fsync=true --redact=none --unlock_experimental_flags=true --unlock_unsafe_flags=true --enable_minidumps=false --local_ip_for_outbound_sockets=127.4.96.5 --log_dir=/tmp/dist-test-task4QLboq/test-tmp/kudu-admin-test.0.EnableKudu1097AndDownTS_MoveTabletParamTest.Test_0.1526539434354140-4480/raft_consensus-itest-cluster/ts-4/logs --logbuflevel=-1 --logtostderr=true Tablet server version: kudu 1.8.0-SNAPSHOT revision f969af316286807a745fa39b9c2ee604c88b63c9 build type FASTDEBUG built by None at 17 May 2018 06:38:04 UTC on jenkins-slave-snjf build id 13499 TSAN enabled
I0517 06:45:40.265696 15733 tablet_server_main.cc:85] Initializing tablet server...
I0517 06:45:40.267446 15733 system_ntp.cc:143] NTP initialized. Skew: 500ppm Current error: 169319us
I0517 06:45:40.267850 15733 fs_manager.cc:260] Metadata directory not provided
I0517 06:45:40.267988 15733 fs_manager.cc:266] Using write-ahead log directory (fs_wal_dir) as metadata directory
I0517 06:45:40.268179 15733 server_base.cc:432] Could not load existing FS layout: Not found: /tmp/dist-test-task4QLboq/test-tmp/kudu-admin-test.0.EnableKudu1097AndDownTS_MoveTabletParamTest.Test_0.1526539434354140-4480/raft_consensus-itest-cluster/ts-4/data/instance: No such file or directory (error 2)
I0517 06:45:40.268290 15733 server_base.cc:433] Attempting to create new FS layout instead
I0517 06:45:40.275869 15733 fs_manager.cc:595] Generated new instance metadata in path /tmp/dist-test-task4QLboq/test-tmp/kudu-admin-test.0.EnableKudu1097AndDownTS_MoveTabletParamTest.Test_0.1526539434354140-4480/raft_consensus-itest-cluster/ts-4/data/instance: uuid: "202f595dac51454bbe6a439465ae7aa5" format_stamp: "Formatted at 2018-05-17 06:45:40 on dist-test-slave-dist-test-slave-26mv"
I0517 06:45:40.276511 15733 fs_manager.cc:595] Generated new instance metadata in path /tmp/dist-test-task4QLboq/test-tmp/kudu-admin-test.0.EnableKudu1097AndDownTS_MoveTabletParamTest.Test_0.1526539434354140-4480/raft_consensus-itest-cluster/ts-4/wal/instance: uuid: "202f595dac51454bbe6a439465ae7aa5" format_stamp: "Formatted at 2018-05-17 06:45:40 on dist-test-slave-dist-test-slave-26mv"
I0517 06:45:40.286017 15733 fs_manager.cc:495] Time spent creating directory manager: real 0.009s user 0.008s sys 0.004s
I0517 06:45:40.287081 15733 env_posix.cc:1643] Not raising this process' open files per process limit of 65536; it is already as high as it can go
I0517 06:45:40.287472 15733 file_cache.cc:470] Constructed file cache lbm with capacity 26214
I0517 06:45:40.293660 15733 fs_manager.cc:417] Time spent opening block manager: real 0.001s user 0.000s sys 0.004s
I0517 06:45:40.293773 15733 fs_manager.cc:428] Opened local filesystem: /tmp/dist-test-task4QLboq/test-tmp/kudu-admin-test.0.EnableKudu1097AndDownTS_MoveTabletParamTest.Test_0.1526539434354140-4480/raft_consensus-itest-cluster/ts-4/data,/tmp/dist-test-task4QLboq/test-tmp/kudu-admin-test.0.EnableKudu1097AndDownTS_MoveTabletParamTest.Test_0.1526539434354140-4480/raft_consensus-itest-cluster/ts-4/wal uuid: "202f595dac51454bbe6a439465ae7aa5" format_stamp: "Formatted at 2018-05-17 06:45:40 on dist-test-slave-dist-test-slave-26mv"
I0517 06:45:40.293983 15733 fs_report.cc:347] Block manager report -------------------- 1 data directories: /tmp/dist-test-task4QLboq/test-tmp/kudu-admin-test.0.EnableKudu1097AndDownTS_MoveTabletParamTest.Test_0.1526539434354140-4480/raft_consensus-itest-cluster/ts-4/data/data Total live blocks: 0 Total live bytes: 0 Total live bytes (after alignment): 0 Total number of LBM containers: 0 (0 full) Did not check for missing blocks Did not check for orphaned blocks Total full LBM containers with extra space: 0 (0 repaired) Total full LBM container extra space in bytes: 0 (0 repaired) Total incomplete LBM containers: 0 (0 repaired) Total LBM partial records: 0 (0 repaired)
I0517 06:45:40.302472 15481 heartbeater.cc:467] Master 127.4.96.62:45644 was elected leader, sending a full tablet report...
I0517 06:45:40.486768 15733 env_posix.cc:1643] Not raising this process' running threads per effective uid limit of 60284; it is already as high as it can go
I0517 06:45:40.489060 15733 ts_tablet_manager.cc:356] Loaded tablet metadata (0 live tablets)
I0517 06:45:40.489995 15733 tablet_server_main.cc:90] Starting tablet server...
I0517 06:45:40.574853 15733 rpc_server.cc:205] RPC server started. Bound to: 127.4.96.5:38383
I0517 06:45:40.575744 15733 webserver.cc:173] Starting webserver on 127.4.96.5:0
I0517 06:45:40.575850 15733 webserver.cc:184] Document root disabled
I0517 06:45:40.577030 15733 webserver.cc:311] Webserver started. Bound to: http://127.4.96.5:41148/
I0517 06:45:40.577749 15733 server_base.cc:607] Dumped server information to /tmp/dist-test-task4QLboq/test-tmp/kudu-admin-test.0.EnableKudu1097AndDownTS_MoveTabletParamTest.Test_0.1526539434354140-4480/raft_consensus-itest-cluster/ts-4/data/info.pb
I0517 06:45:40.579149 4480 external_mini_cluster.cc:848] Started /tmp/dist-test-task4QLboq/build/tsan/bin/kudu-tserver as pid 15733
I0517 06:45:40.581151 15733 tablet_server_main.cc:93] Tablet server successfully started.
I0517 06:45:40.605013 15854 heartbeater.cc:346] Connected to a master server at 127.4.96.62:45644
I0517 06:45:40.605295 15854 heartbeater.cc:426] Registering TS with master...
I0517 06:45:40.605763 15854 heartbeater.cc:475] Master 127.4.96.62:45644 requested a full tablet report, sending...
I0517 06:45:40.607074 15191 ts_manager.cc:81] Registered new tserver with Master: 202f595dac51454bbe6a439465ae7aa5 (127.4.96.5:38383)
I0517 06:45:40.608256 15191 master_service.cc:249] Signed X509 certificate for tserver {username='slave'} at 127.4.96.5:37415
I0517 06:45:40.608786 4480 external_mini_cluster.cc:482] 5 TS(s) registered with all masters
I0517 06:45:40.627245 15191 catalog_manager.cc:1315] Servicing CreateTable request from {username='slave'} at 127.0.0.1:46454: name: "TestTable" schema { columns { name: "key" type: INT32 is_key: true is_nullable: false encoding: AUTO_ENCODING compression: DEFAULT_COMPRESSION cfile_block_size: 0 } columns { name: "int_val" type: INT32 is_key: false is_nullable: false encoding: AUTO_ENCODING compression: DEFAULT_COMPRESSION cfile_block_size: 0 } columns { name: "string_val" type: STRING is_key: false is_nullable: true encoding: AUTO_ENCODING compression: DEFAULT_COMPRESSION cfile_block_size: 0 } } num_replicas: 3 split_rows_range_bounds { } partition_schema { range_schema { columns { name: "key" } } }
I0517 06:45:40.663549 15418 tablet_service.cc:759] Processing CreateTablet for tablet 9594dcd0519943b4b65ccfad32bcb045 (table=TestTable [id=80d6775e5044485b9553db72ac200890]), partition=RANGE (key) PARTITION UNBOUNDED
I0517 06:45:40.664264 15418 data_dirs.cc:934] Could only allocate 1 dirs of requested 3 for tablet 9594dcd0519943b4b65ccfad32bcb045. 1 dirs total, 0 dirs full, 0 dirs failed
I0517 06:45:40.667937 15667 tablet_service.cc:759] Processing CreateTablet for tablet 9594dcd0519943b4b65ccfad32bcb045 (table=TestTable [id=80d6775e5044485b9553db72ac200890]), partition=RANGE (key) PARTITION UNBOUNDED
I0517 06:45:40.668767 15667 data_dirs.cc:934] Could only allocate 1 dirs of requested 3 for tablet 9594dcd0519943b4b65ccfad32bcb045. 1 dirs total, 0 dirs full, 0 dirs failed
I0517 06:45:40.672989 15293 tablet_service.cc:759] Processing CreateTablet for tablet 9594dcd0519943b4b65ccfad32bcb045 (table=TestTable [id=80d6775e5044485b9553db72ac200890]), partition=RANGE (key) PARTITION UNBOUNDED
I0517 06:45:40.674834 15418 ts_tablet_manager.cc:1173] T 9594dcd0519943b4b65ccfad32bcb045 P 4f3c3b664af3423ea5b117fdb6529c92: Registered tablet (data state: TABLET_DATA_READY)
I0517 06:45:40.673843 15293 data_dirs.cc:934] Could only allocate 1 dirs of requested 3 for tablet 9594dcd0519943b4b65ccfad32bcb045. 1 dirs total, 0 dirs full, 0 dirs failed
I0517 06:45:40.684655 15667 ts_tablet_manager.cc:1173] T 9594dcd0519943b4b65ccfad32bcb045 P 91e449d11fed4a27bfcb77c3f16b7e1d: Registered tablet (data state: TABLET_DATA_READY)
I0517 06:45:40.686435 15875 ts_tablet_manager.cc:1028] T 9594dcd0519943b4b65ccfad32bcb045 P 91e449d11fed4a27bfcb77c3f16b7e1d: Bootstrapping tablet
I0517 06:45:40.686424 15874 ts_tablet_manager.cc:1028] T 9594dcd0519943b4b65ccfad32bcb045 P 4f3c3b664af3423ea5b117fdb6529c92: Bootstrapping tablet
I0517 06:45:40.686790 15875 tablet_bootstrap.cc:436] T 9594dcd0519943b4b65ccfad32bcb045 P 91e449d11fed4a27bfcb77c3f16b7e1d: Bootstrap starting.
I0517 06:45:40.686854 15874 tablet_bootstrap.cc:436] T 9594dcd0519943b4b65ccfad32bcb045 P 4f3c3b664af3423ea5b117fdb6529c92: Bootstrap starting.
I0517 06:45:40.688899 15875 tablet_bootstrap.cc:587] T 9594dcd0519943b4b65ccfad32bcb045 P 91e449d11fed4a27bfcb77c3f16b7e1d: No blocks or log segments found. Creating new log.
I0517 06:45:40.690105 15875 log.cc:520] T 9594dcd0519943b4b65ccfad32bcb045 P 91e449d11fed4a27bfcb77c3f16b7e1d: Log is configured to *not* fsync() on all Append() calls
I0517 06:45:40.691412 15874 tablet_bootstrap.cc:587] T 9594dcd0519943b4b65ccfad32bcb045 P 4f3c3b664af3423ea5b117fdb6529c92: No blocks or log segments found. Creating new log.
I0517 06:45:40.692896 15874 log.cc:520] T 9594dcd0519943b4b65ccfad32bcb045 P 4f3c3b664af3423ea5b117fdb6529c92: Log is configured to *not* fsync() on all Append() calls
I0517 06:45:40.695855 15293 ts_tablet_manager.cc:1173] T 9594dcd0519943b4b65ccfad32bcb045 P 6af7d63e13c84ed6b72692f9c995491f: Registered tablet (data state: TABLET_DATA_READY)
I0517 06:45:40.695977 15875 tablet_bootstrap.cc:436] T 9594dcd0519943b4b65ccfad32bcb045 P 91e449d11fed4a27bfcb77c3f16b7e1d: No bootstrap required, opened a new log
I0517 06:45:40.696261 15875 ts_tablet_manager.cc:1045] T 9594dcd0519943b4b65ccfad32bcb045 P 91e449d11fed4a27bfcb77c3f16b7e1d: Time spent bootstrapping tablet: real 0.010s user 0.004s sys 0.004s
I0517 06:45:40.696591 15874 tablet_bootstrap.cc:436] T 9594dcd0519943b4b65ccfad32bcb045 P 4f3c3b664af3423ea5b117fdb6529c92: No bootstrap required, opened a new log
I0517 06:45:40.696941 15874 ts_tablet_manager.cc:1045] T 9594dcd0519943b4b65ccfad32bcb045 P 4f3c3b664af3423ea5b117fdb6529c92: Time spent bootstrapping tablet: real 0.010s user 0.004s sys 0.000s
I0517 06:45:40.705850 15875 raft_consensus.cc:303] T 9594dcd0519943b4b65ccfad32bcb045 P 91e449d11fed4a27bfcb77c3f16b7e1d [term 0 FOLLOWER]: Replica starting. Triggering 0 pending transactions. Active config: opid_index: -1 OBSOLETE_local: false peers { permanent_uuid: "6af7d63e13c84ed6b72692f9c995491f" member_type: VOTER last_known_addr { host: "127.4.96.1" port: 36956 } } peers { permanent_uuid: "4f3c3b664af3423ea5b117fdb6529c92" member_type: VOTER last_known_addr { host: "127.4.96.2" port: 40737 } } peers { permanent_uuid: "91e449d11fed4a27bfcb77c3f16b7e1d" member_type: VOTER last_known_addr { host: "127.4.96.4" port: 37967 } }
I0517 06:45:40.706449 15875 raft_consensus.cc:329] T 9594dcd0519943b4b65ccfad32bcb045 P 91e449d11fed4a27bfcb77c3f16b7e1d [term 0 FOLLOWER]: Consensus starting up: Expiring failure detector timer to make a prompt election more likely
I0517 06:45:40.706620 15875 raft_consensus.cc:604] T 9594dcd0519943b4b65ccfad32bcb045 P 91e449d11fed4a27bfcb77c3f16b7e1d [term 0 FOLLOWER]: Becoming Follower/Learner. State: Replica: 91e449d11fed4a27bfcb77c3f16b7e1d, State: Initialized, Role: FOLLOWER
I0517 06:45:40.707919 15878 ts_tablet_manager.cc:1028] T 9594dcd0519943b4b65ccfad32bcb045 P 6af7d63e13c84ed6b72692f9c995491f: Bootstrapping tablet
I0517 06:45:40.708288 15878 tablet_bootstrap.cc:436] T 9594dcd0519943b4b65ccfad32bcb045 P 6af7d63e13c84ed6b72692f9c995491f: Bootstrap starting.
I0517 06:45:40.710425 15878 tablet_bootstrap.cc:587] T 9594dcd0519943b4b65ccfad32bcb045 P 6af7d63e13c84ed6b72692f9c995491f: No blocks or log segments found. Creating new log.
I0517 06:45:40.711563 15878 log.cc:520] T 9594dcd0519943b4b65ccfad32bcb045 P 6af7d63e13c84ed6b72692f9c995491f: Log is configured to *not* fsync() on all Append() calls
I0517 06:45:40.711347 15874 raft_consensus.cc:303] T 9594dcd0519943b4b65ccfad32bcb045 P 4f3c3b664af3423ea5b117fdb6529c92 [term 0 FOLLOWER]: Replica starting. Triggering 0 pending transactions. Active config: opid_index: -1 OBSOLETE_local: false peers { permanent_uuid: "6af7d63e13c84ed6b72692f9c995491f" member_type: VOTER last_known_addr { host: "127.4.96.1" port: 36956 } } peers { permanent_uuid: "4f3c3b664af3423ea5b117fdb6529c92" member_type: VOTER last_known_addr { host: "127.4.96.2" port: 40737 } } peers { permanent_uuid: "91e449d11fed4a27bfcb77c3f16b7e1d" member_type: VOTER last_known_addr { host: "127.4.96.4" port: 37967 } }
I0517 06:45:40.711874 15874 raft_consensus.cc:329] T 9594dcd0519943b4b65ccfad32bcb045 P 4f3c3b664af3423ea5b117fdb6529c92 [term 0 FOLLOWER]: Consensus starting up: Expiring failure detector timer to make a prompt election more likely
I0517 06:45:40.712008 15874 raft_consensus.cc:604] T 9594dcd0519943b4b65ccfad32bcb045 P 4f3c3b664af3423ea5b117fdb6529c92 [term 0 FOLLOWER]: Becoming Follower/Learner. State: Replica: 4f3c3b664af3423ea5b117fdb6529c92, State: Initialized, Role: FOLLOWER
I0517 06:45:40.712378 15874 consensus_queue.cc:227] T 9594dcd0519943b4b65ccfad32bcb045 P 4f3c3b664af3423ea5b117fdb6529c92 [NON_LEADER]: Queue going to NON_LEADER mode. State: All replicated index: 0, Majority replicated index: 0, Committed index: 0, Last appended: 0.0, Last appended by leader: 0, Current term: 0, Majority size: -1, State: 0, Mode: NON_LEADER, active raft config: opid_index: -1 OBSOLETE_local: false peers { permanent_uuid: "6af7d63e13c84ed6b72692f9c995491f" member_type: VOTER last_known_addr { host: "127.4.96.1" port: 36956 } } peers { permanent_uuid: "4f3c3b664af3423ea5b117fdb6529c92" member_type: VOTER last_known_addr { host: "127.4.96.2" port: 40737 } } peers { permanent_uuid: "91e449d11fed4a27bfcb77c3f16b7e1d" member_type: VOTER last_known_addr { host: "127.4.96.4" port: 37967 } }
I0517 06:45:40.713950 15875 consensus_queue.cc:227] T 9594dcd0519943b4b65ccfad32bcb045 P 91e449d11fed4a27bfcb77c3f16b7e1d [NON_LEADER]: Queue going to NON_LEADER mode. State: All replicated index: 0, Majority replicated index: 0, Committed index: 0, Last appended: 0.0, Last appended by leader: 0, Current term: 0, Majority size: -1, State: 0, Mode: NON_LEADER, active raft config: opid_index: -1 OBSOLETE_local: false peers { permanent_uuid: "6af7d63e13c84ed6b72692f9c995491f" member_type: VOTER last_known_addr { host: "127.4.96.1" port: 36956 } } peers { permanent_uuid: "4f3c3b664af3423ea5b117fdb6529c92" member_type: VOTER last_known_addr { host: "127.4.96.2" port: 40737 } } peers { permanent_uuid: "91e449d11fed4a27bfcb77c3f16b7e1d" member_type: VOTER last_known_addr { host: "127.4.96.4" port: 37967 } }
I0517 06:45:40.715255 15874 ts_tablet_manager.cc:1073] T 9594dcd0519943b4b65ccfad32bcb045 P 4f3c3b664af3423ea5b117fdb6529c92: Time spent starting tablet: real 0.018s user 0.016s sys 0.004s
I0517 06:45:40.715692 15879 raft_consensus.cc:435] T 9594dcd0519943b4b65ccfad32bcb045 P 91e449d11fed4a27bfcb77c3f16b7e1d [term 0 FOLLOWER]: Starting pre-election (no leader contacted us within the election timeout)
I0517 06:45:40.716115 15879 raft_consensus.cc:2704] T 9594dcd0519943b4b65ccfad32bcb045 P 91e449d11fed4a27bfcb77c3f16b7e1d: Snoozing failure detection for 2.130s (starting election)
I0517 06:45:40.716598 15878 tablet_bootstrap.cc:436] T 9594dcd0519943b4b65ccfad32bcb045 P 6af7d63e13c84ed6b72692f9c995491f: No bootstrap required, opened a new log
I0517 06:45:40.716970 15878 ts_tablet_manager.cc:1045] T 9594dcd0519943b4b65ccfad32bcb045 P 6af7d63e13c84ed6b72692f9c995491f: Time spent bootstrapping tablet: real 0.009s user 0.004s sys 0.000s
I0517 06:45:40.722299 15879 raft_consensus.cc:457] T 9594dcd0519943b4b65ccfad32bcb045 P 91e449d11fed4a27bfcb77c3f16b7e1d [term 0 FOLLOWER]: Starting pre-election with config: opid_index: -1 OBSOLETE_local: false peers { permanent_uuid: "6af7d63e13c84ed6b72692f9c995491f" member_type: VOTER last_known_addr { host: "127.4.96.1" port: 36956 } } peers { permanent_uuid: "4f3c3b664af3423ea5b117fdb6529c92" member_type: VOTER last_known_addr { host: "127.4.96.2" port: 40737 } } peers { permanent_uuid: "91e449d11fed4a27bfcb77c3f16b7e1d" member_type: VOTER last_known_addr { host: "127.4.96.4" port: 37967 } }
I0517 06:45:40.724867 15879 leader_election.cc:243] T 9594dcd0519943b4b65ccfad32bcb045 P 91e449d11fed4a27bfcb77c3f16b7e1d [CANDIDATE]: Term 1 pre-election: Requesting pre-vote from peer 6af7d63e13c84ed6b72692f9c995491f (127.4.96.1:36956)
I0517 06:45:40.725456 15879 leader_election.cc:243] T 9594dcd0519943b4b65ccfad32bcb045 P 91e449d11fed4a27bfcb77c3f16b7e1d [CANDIDATE]: Term 1 pre-election: Requesting pre-vote from peer 4f3c3b664af3423ea5b117fdb6529c92 (127.4.96.2:40737)
I0517 06:45:40.727847 15606 heartbeater.cc:467] Master 127.4.96.62:45644 was elected leader, sending a full tablet report...
I0517 06:45:40.731319 15878 raft_consensus.cc:303] T 9594dcd0519943b4b65ccfad32bcb045 P 6af7d63e13c84ed6b72692f9c995491f [term 0 FOLLOWER]: Replica starting. Triggering 0 pending transactions. Active config: opid_index: -1 OBSOLETE_local: false peers { permanent_uuid: "6af7d63e13c84ed6b72692f9c995491f" member_type: VOTER last_known_addr { host: "127.4.96.1" port: 36956 } } peers { permanent_uuid: "4f3c3b664af3423ea5b117fdb6529c92" member_type: VOTER last_known_addr { host: "127.4.96.2" port: 40737 } } peers { permanent_uuid: "91e449d11fed4a27bfcb77c3f16b7e1d" member_type: VOTER last_known_addr { host: "127.4.96.4" port: 37967 } }
I0517 06:45:40.731847 15878 raft_consensus.cc:329] T 9594dcd0519943b4b65ccfad32bcb045 P 6af7d63e13c84ed6b72692f9c995491f [term 0 FOLLOWER]: Consensus starting up: Expiring failure detector timer to make a prompt election more likely
I0517 06:45:40.731995 15878 raft_consensus.cc:604] T 9594dcd0519943b4b65ccfad32bcb045 P 6af7d63e13c84ed6b72692f9c995491f [term 0 FOLLOWER]: Becoming Follower/Learner. State: Replica: 6af7d63e13c84ed6b72692f9c995491f, State: Initialized, Role: FOLLOWER
I0517 06:45:40.732405 15878 consensus_queue.cc:227] T 9594dcd0519943b4b65ccfad32bcb045 P 6af7d63e13c84ed6b72692f9c995491f [NON_LEADER]: Queue going to NON_LEADER mode. State: All replicated index: 0, Majority replicated index: 0, Committed index: 0, Last appended: 0.0, Last appended by leader: 0, Current term: 0, Majority size: -1, State: 0, Mode: NON_LEADER, active raft config: opid_index: -1 OBSOLETE_local: false peers { permanent_uuid: "6af7d63e13c84ed6b72692f9c995491f" member_type: VOTER last_known_addr { host: "127.4.96.1" port: 36956 } } peers { permanent_uuid: "4f3c3b664af3423ea5b117fdb6529c92" member_type: VOTER last_known_addr { host: "127.4.96.2" port: 40737 } } peers { permanent_uuid: "91e449d11fed4a27bfcb77c3f16b7e1d" member_type: VOTER last_known_addr { host: "127.4.96.4" port: 37967 } }
I0517 06:45:40.743558 15878 ts_tablet_manager.cc:1073] T 9594dcd0519943b4b65ccfad32bcb045 P 6af7d63e13c84ed6b72692f9c995491f: Time spent starting tablet: real 0.026s user 0.012s sys 0.012s
I0517 06:45:40.779008 15885 raft_consensus.cc:435] T 9594dcd0519943b4b65ccfad32bcb045 P 6af7d63e13c84ed6b72692f9c995491f [term 0 FOLLOWER]: Starting pre-election (no leader contacted us within the election timeout)
I0517 06:45:40.779206 15885 raft_consensus.cc:2704] T 9594dcd0519943b4b65ccfad32bcb045 P 6af7d63e13c84ed6b72692f9c995491f: Snoozing failure detection for 1.582s (starting election)
I0517 06:45:40.779407 15885 raft_consensus.cc:457] T 9594dcd0519943b4b65ccfad32bcb045 P 6af7d63e13c84ed6b72692f9c995491f [term 0 FOLLOWER]: Starting pre-election with config: opid_index: -1 OBSOLETE_local: false peers { permanent_uuid: "6af7d63e13c84ed6b72692f9c995491f" member_type: VOTER last_known_addr { host: "127.4.96.1" port: 36956 } } peers { permanent_uuid: "4f3c3b664af3423ea5b117fdb6529c92" member_type: VOTER last_known_addr { host: "127.4.96.2" port: 40737 } } peers { permanent_uuid: "91e449d11fed4a27bfcb77c3f16b7e1d" member_type: VOTER last_known_addr { host: "127.4.96.4" port: 37967 } }
I0517 06:45:40.780277 15885 leader_election.cc:243] T 9594dcd0519943b4b65ccfad32bcb045 P 6af7d63e13c84ed6b72692f9c995491f [CANDIDATE]: Term 1 pre-election: Requesting pre-vote from peer 4f3c3b664af3423ea5b117fdb6529c92 (127.4.96.2:40737)
I0517 06:45:40.780678 15885 leader_election.cc:243] T 9594dcd0519943b4b65ccfad32bcb045 P 6af7d63e13c84ed6b72692f9c995491f [CANDIDATE]: Term 1 pre-election: Requesting pre-vote from peer 91e449d11fed4a27bfcb77c3f16b7e1d (127.4.96.4:37967)
W0517 06:45:40.783051 15482 tablet.cc:1678] T 9594dcd0519943b4b65ccfad32bcb045 P 4f3c3b664af3423ea5b117fdb6529c92: Can't schedule compaction. Clean time has not been advanced past its initial value.
I0517 06:45:40.716152 15730 heartbeater.cc:467] Master 127.4.96.62:45644 was elected leader, sending a full tablet report...
I0517 06:45:40.805685 15438 tablet_service.cc:995] Received RequestConsensusVote() RPC: tablet_id: "9594dcd0519943b4b65ccfad32bcb045" candidate_uuid: "6af7d63e13c84ed6b72692f9c995491f" candidate_term: 1 candidate_status { last_received { term: 0 index: 0 } } ignore_live_leader: false dest_uuid: "4f3c3b664af3423ea5b117fdb6529c92" is_pre_election: true
I0517 06:45:40.806128 15438 raft_consensus.cc:2704] T 9594dcd0519943b4b65ccfad32bcb045 P 4f3c3b664af3423ea5b117fdb6529c92: Snoozing failure detection for 2.007s (vote granted)
I0517 06:45:40.806299 15438 raft_consensus.cc:2219] T 9594dcd0519943b4b65ccfad32bcb045 P 4f3c3b664af3423ea5b117fdb6529c92 [term 0 FOLLOWER]: Leader pre-election vote request: Granting yes vote for candidate 6af7d63e13c84ed6b72692f9c995491f in term 0.
I0517 06:45:40.807202 15245 leader_election.cc:379] T 9594dcd0519943b4b65ccfad32bcb045 P 6af7d63e13c84ed6b72692f9c995491f [CANDIDATE]: Term 1 pre-election: Vote granted by peer 4f3c3b664af3423ea5b117fdb6529c92 (127.4.96.2:40737)
I0517 06:45:40.807384 15245 leader_election.cc:270] T 9594dcd0519943b4b65ccfad32bcb045 P 6af7d63e13c84ed6b72692f9c995491f [CANDIDATE]: Term 1 pre-election: Election decided. Result: candidate won.
I0517 06:45:40.807813 15885 raft_consensus.cc:2704] T 9594dcd0519943b4b65ccfad32bcb045 P 6af7d63e13c84ed6b72692f9c995491f: Snoozing failure detection for 2.000s (election complete)
I0517 06:45:40.807996 15885 raft_consensus.cc:2511] T 9594dcd0519943b4b65ccfad32bcb045 P 6af7d63e13c84ed6b72692f9c995491f [term 0 FOLLOWER]: Leader pre-election won for term 1
I0517 06:45:40.808147 15885 raft_consensus.cc:435] T 9594dcd0519943b4b65ccfad32bcb045 P 6af7d63e13c84ed6b72692f9c995491f [term 0 FOLLOWER]: Starting leader election (no leader contacted us within the election timeout)
I0517 06:45:40.808300 15885 raft_consensus.cc:2704] T 9594dcd0519943b4b65ccfad32bcb045 P 6af7d63e13c84ed6b72692f9c995491f: Snoozing failure detection for 2.131s (starting election)
I0517 06:45:40.808473 15885 raft_consensus.cc:2756] T 9594dcd0519943b4b65ccfad32bcb045 P 6af7d63e13c84ed6b72692f9c995491f [term 0 FOLLOWER]: Advancing to term 1
I0517 06:45:40.811256 15885 raft_consensus.cc:457] T 9594dcd0519943b4b65ccfad32bcb045 P 6af7d63e13c84ed6b72692f9c995491f [term 1 FOLLOWER]: Starting leader election with config: opid_index: -1 OBSOLETE_local: false peers { permanent_uuid: "6af7d63e13c84ed6b72692f9c995491f" member_type: VOTER last_known_addr { host: "127.4.96.1" port: 36956 } } peers { permanent_uuid: "4f3c3b664af3423ea5b117fdb6529c92" member_type: VOTER last_known_addr { host: "127.4.96.2" port: 40737 } } peers { permanent_uuid: "91e449d11fed4a27bfcb77c3f16b7e1d" member_type: VOTER last_known_addr { host: "127.4.96.4" port: 37967 } }
I0517 06:45:40.811900 15885 leader_election.cc:243] T 9594dcd0519943b4b65ccfad32bcb045 P 6af7d63e13c84ed6b72692f9c995491f [CANDIDATE]: Term 1 election: Requesting vote from peer 4f3c3b664af3423ea5b117fdb6529c92 (127.4.96.2:40737)
I0517 06:45:40.812191 15885 leader_election.cc:243] T 9594dcd0519943b4b65ccfad32bcb045 P 6af7d63e13c84ed6b72692f9c995491f [CANDIDATE]: Term 1 election: Requesting vote from peer 91e449d11fed4a27bfcb77c3f16b7e1d (127.4.96.4:37967)
I0517 06:45:40.812964 15438 tablet_service.cc:995] Received RequestConsensusVote() RPC: tablet_id: "9594dcd0519943b4b65ccfad32bcb045" candidate_uuid: "6af7d63e13c84ed6b72692f9c995491f" candidate_term: 1 candidate_status { last_received { term: 0 index: 0 } } ignore_live_leader: false dest_uuid: "4f3c3b664af3423ea5b117fdb6529c92"
I0517 06:45:40.813287 15438 raft_consensus.cc:2756] T 9594dcd0519943b4b65ccfad32bcb045 P 4f3c3b664af3423ea5b117fdb6529c92 [term 0 FOLLOWER]: Advancing to term 1
I0517 06:45:40.813529 15438 raft_consensus.cc:2704] T 9594dcd0519943b4b65ccfad32bcb045 P 4f3c3b664af3423ea5b117fdb6529c92: Snoozing failure detection for 2.109s (vote granted)
I0517 06:45:40.722751 15875 ts_tablet_manager.cc:1073] T 9594dcd0519943b4b65ccfad32bcb045 P 91e449d11fed4a27bfcb77c3f16b7e1d: Time spent starting tablet: real 0.026s user 0.012s sys 0.008s
I0517 06:45:40.816190 15438 raft_consensus.cc:2219] T 9594dcd0519943b4b65ccfad32bcb045 P 4f3c3b664af3423ea5b117fdb6529c92 [term 1 FOLLOWER]: Leader election vote request: Granting yes vote for candidate 6af7d63e13c84ed6b72692f9c995491f in term 1.
I0517 06:45:40.816984 15245 leader_election.cc:379] T 9594dcd0519943b4b65ccfad32bcb045 P 6af7d63e13c84ed6b72692f9c995491f [CANDIDATE]: Term 1 election: Vote granted by peer 4f3c3b664af3423ea5b117fdb6529c92 (127.4.96.2:40737)
I0517 06:45:40.817191 15245 leader_election.cc:270] T 9594dcd0519943b4b65ccfad32bcb045 P 6af7d63e13c84ed6b72692f9c995491f [CANDIDATE]: Term 1 election: Election decided. Result: candidate won.
I0517 06:45:40.817621 15885 raft_consensus.cc:2704] T 9594dcd0519943b4b65ccfad32bcb045 P 6af7d63e13c84ed6b72692f9c995491f: Snoozing failure detection for 2.043s (election complete)
I0517 06:45:40.817821 15885 raft_consensus.cc:2511] T 9594dcd0519943b4b65ccfad32bcb045 P 6af7d63e13c84ed6b72692f9c995491f [term 1 FOLLOWER]: Leader election won for term 1
I0517 06:45:40.827154 15885 raft_consensus.cc:571] T 9594dcd0519943b4b65ccfad32bcb045 P 6af7d63e13c84ed6b72692f9c995491f [term 1 LEADER]: Becoming Leader. State: Replica: 6af7d63e13c84ed6b72692f9c995491f, State: Running, Role: LEADER
I0517 06:45:40.827657 15885 consensus_queue.cc:204] T 9594dcd0519943b4b65ccfad32bcb045 P 6af7d63e13c84ed6b72692f9c995491f [LEADER]: Queue going to LEADER mode. State: All replicated index: 0, Majority replicated index: 0, Committed index: 0, Last appended: 0.0, Last appended by leader: 0, Current term: 1, Majority size: 2, State: 0, Mode: LEADER, active raft config: opid_index: -1 OBSOLETE_local: false peers { permanent_uuid: "6af7d63e13c84ed6b72692f9c995491f" member_type: VOTER last_known_addr { host: "127.4.96.1" port: 36956 } } peers { permanent_uuid: "4f3c3b664af3423ea5b117fdb6529c92" member_type: VOTER last_known_addr { host: "127.4.96.2" port: 40737 } } peers { permanent_uuid: "91e449d11fed4a27bfcb77c3f16b7e1d" member_type: VOTER last_known_addr { host: "127.4.96.4" port: 37967 } }
I0517 06:45:40.833873 15687 tablet_service.cc:995] Received RequestConsensusVote() RPC: tablet_id: "9594dcd0519943b4b65ccfad32bcb045" candidate_uuid: "6af7d63e13c84ed6b72692f9c995491f" candidate_term: 1 candidate_status { last_received { term: 0 index: 0 } } ignore_live_leader: false dest_uuid: "91e449d11fed4a27bfcb77c3f16b7e1d" is_pre_election: true
I0517 06:45:40.834399 15687 raft_consensus.cc:2704] T 9594dcd0519943b4b65ccfad32bcb045 P 91e449d11fed4a27bfcb77c3f16b7e1d: Snoozing failure detection for 2.186s (vote granted)
I0517 06:45:40.834620 15687 raft_consensus.cc:2219] T 9594dcd0519943b4b65ccfad32bcb045 P 91e449d11fed4a27bfcb77c3f16b7e1d [term 0 FOLLOWER]: Leader pre-election vote request: Granting yes vote for candidate 6af7d63e13c84ed6b72692f9c995491f in term 0.
I0517 06:45:40.835892 15245 leader_election.cc:379] T 9594dcd0519943b4b65ccfad32bcb045 P 6af7d63e13c84ed6b72692f9c995491f [CANDIDATE]: Term 1 pre-election: Vote granted by peer 91e449d11fed4a27bfcb77c3f16b7e1d (127.4.96.4:37967)
I0517 06:45:40.836509 15687 tablet_service.cc:995] Received RequestConsensusVote() RPC: tablet_id: "9594dcd0519943b4b65ccfad32bcb045" candidate_uuid: "6af7d63e13c84ed6b72692f9c995491f" candidate_term: 1 candidate_status { last_received { term: 0 index: 0 } } ignore_live_leader: false dest_uuid: "91e449d11fed4a27bfcb77c3f16b7e1d"
I0517 06:45:40.836881 15687 raft_consensus.cc:2756] T 9594dcd0519943b4b65ccfad32bcb045 P 91e449d11fed4a27bfcb77c3f16b7e1d [term 0 FOLLOWER]: Advancing to term 1
I0517 06:45:40.837127 15687 raft_consensus.cc:2704] T 9594dcd0519943b4b65ccfad32bcb045 P 91e449d11fed4a27bfcb77c3f16b7e1d: Snoozing failure detection for 2.004s (vote granted)
I0517 06:45:40.839975 15687 raft_consensus.cc:2219] T 9594dcd0519943b4b65ccfad32bcb045 P 91e449d11fed4a27bfcb77c3f16b7e1d [term 1 FOLLOWER]: Leader election vote request: Granting yes vote for candidate 6af7d63e13c84ed6b72692f9c995491f in term 1.
I0517 06:45:40.840739 15245 leader_election.cc:379] T 9594dcd0519943b4b65ccfad32bcb045 P 6af7d63e13c84ed6b72692f9c995491f [CANDIDATE]: Term 1 election: Vote granted by peer 91e449d11fed4a27bfcb77c3f16b7e1d (127.4.96.4:37967)
I0517 06:45:40.841179 15438 tablet_service.cc:995] Received RequestConsensusVote() RPC: tablet_id: "9594dcd0519943b4b65ccfad32bcb045" candidate_uuid: "91e449d11fed4a27bfcb77c3f16b7e1d" candidate_term: 1 candidate_status { last_received { term: 0 index: 0 } } ignore_live_leader: false dest_uuid: "4f3c3b664af3423ea5b117fdb6529c92" is_pre_election: true
I0517 06:45:40.841572 15438 raft_consensus.cc:2149] T 9594dcd0519943b4b65ccfad32bcb045 P 4f3c3b664af3423ea5b117fdb6529c92 [term 1 FOLLOWER]: Leader pre-election vote request: Denying vote to candidate 91e449d11fed4a27bfcb77c3f16b7e1d in current term 1: Already voted for candidate 6af7d63e13c84ed6b72692f9c995491f in this term.
I0517 06:45:40.842566 15619 leader_election.cc:393] T 9594dcd0519943b4b65ccfad32bcb045 P 91e449d11fed4a27bfcb77c3f16b7e1d [CANDIDATE]: Term 1 pre-election: Vote denied by peer 4f3c3b664af3423ea5b117fdb6529c92 (127.4.96.2:40737). Message: Invalid argument: T 9594dcd0519943b4b65ccfad32bcb045 P 4f3c3b664af3423ea5b117fdb6529c92 [term 1 FOLLOWER]: Leader pre-election vote request: Denying vote to candidate 91e449d11fed4a27bfcb77c3f16b7e1d in current term 1: Already voted for candidate 6af7d63e13c84ed6b72692f9c995491f in this term.
I0517 06:45:40.839619 15313 tablet_service.cc:995] Received RequestConsensusVote() RPC: tablet_id: "9594dcd0519943b4b65ccfad32bcb045" candidate_uuid: "91e449d11fed4a27bfcb77c3f16b7e1d" candidate_term: 1 candidate_status { last_received { term: 0 index: 0 } } ignore_live_leader: false dest_uuid: "6af7d63e13c84ed6b72692f9c995491f" is_pre_election: true
I0517 06:45:40.873117 15313 raft_consensus.cc:2180] T 9594dcd0519943b4b65ccfad32bcb045 P 6af7d63e13c84ed6b72692f9c995491f [term 1 LEADER]: Leader pre-election vote request: Denying vote to candidate 91e449d11fed4a27bfcb77c3f16b7e1d for term 1 because replica is either leader or believes a valid leader to be alive.
I0517 06:45:40.874258 15618 leader_election.cc:393] T 9594dcd0519943b4b65ccfad32bcb045 P 91e449d11fed4a27bfcb77c3f16b7e1d [CANDIDATE]: Term 1 pre-election: Vote denied by peer 6af7d63e13c84ed6b72692f9c995491f (127.4.96.1:36956). Message: Invalid argument: T 9594dcd0519943b4b65ccfad32bcb045 P 6af7d63e13c84ed6b72692f9c995491f [term 1 LEADER]: Leader pre-election vote request: Denying vote to candidate 91e449d11fed4a27bfcb77c3f16b7e1d for term 1 because replica is either leader or believes a valid leader to be alive.
I0517 06:45:40.874472 15618 leader_election.cc:270] T 9594dcd0519943b4b65ccfad32bcb045 P 91e449d11fed4a27bfcb77c3f16b7e1d [CANDIDATE]: Term 1 pre-election: Election decided. Result: candidate lost.
