I0517 06:44:31.632412 4480 ts_itest-base.cc:233] Waiting for 0 tablets on tserver 92255276f9b144f3b14cc51ff4f450de to finish bootstrapping
I0517 06:44:31.642829 4480 kudu-admin-test.cc:653] Waiting for Master to see the current replicas...
I0517 06:44:31.645124 4480 kudu-admin-test.cc:660] Tablet locations: tablet_id: "b6bea5c6c58641f8ab69083b20103628" replicas { ts_info { permanent_uuid: "6a3b5a36994a489eb39f15f8700fc089" rpc_addresses { host: "127.4.96.3" port: 43022 } } role: FOLLOWER } replicas { ts_info { permanent_uuid: "dafb8d2b9a584a74b41c05787477c5c2" rpc_addresses { host: "127.4.96.5" port: 54438 } } role: FOLLOWER } replicas { ts_info { permanent_uuid: "51cb8e32a7ed4c7dbd5b79785556c592" rpc_addresses { host: "127.4.96.7" port: 45618 } } role: FOLLOWER } replicas { ts_info { permanent_uuid: "10206d3db30a45a3a4c5a415d3ed2beb" rpc_addresses { host: "127.4.96.4" port: 51856 } } role: LEADER } replicas { ts_info { permanent_uuid: "fc2430d5d05d4863b227c5cefc7ac460" rpc_addresses { host: "127.4.96.6" port: 47664 } } role: FOLLOWER } DEPRECATED_stale: false partition { partition_key_start: "" partition_key_end: "" }
I0517 06:44:31.738466 8226 raft_consensus.cc:1057] T b6bea5c6c58641f8ab69083b20103628 P 6a3b5a36994a489eb39f15f8700fc089 [term 1 FOLLOWER]: Refusing update from remote peer 10206d3db30a45a3a4c5a415d3ed2beb: Log matching property violated. Preceding OpId in replica: term: 0 index: 0. Preceding OpId from leader: term: 1 index: 1. (index mismatch)
I0517 06:44:31.739591 8925 consensus_queue.cc:963] T b6bea5c6c58641f8ab69083b20103628 P 10206d3db30a45a3a4c5a415d3ed2beb [LEADER]: Connected to new peer: Peer: permanent_uuid: "6a3b5a36994a489eb39f15f8700fc089" member_type: VOTER last_known_addr { host: "127.4.96.3" port: 43022 }, Status: LMP_MISMATCH, Last received: 0.0, Next index: 1, Last known committed idx: 0, Time since last communication: 0.000s
I0517 06:44:31.781054 8722 raft_consensus.cc:1057] T b6bea5c6c58641f8ab69083b20103628 P 51cb8e32a7ed4c7dbd5b79785556c592 [term 1 FOLLOWER]: Refusing update from remote peer 10206d3db30a45a3a4c5a415d3ed2beb: Log matching property violated. Preceding OpId in replica: term: 0 index: 0. Preceding OpId from leader: term: 1 index: 1. (index mismatch)
I0517 06:44:31.781931 8925 consensus_queue.cc:963] T b6bea5c6c58641f8ab69083b20103628 P 10206d3db30a45a3a4c5a415d3ed2beb [LEADER]: Connected to new peer: Peer: permanent_uuid: "51cb8e32a7ed4c7dbd5b79785556c592" member_type: VOTER last_known_addr { host: "127.4.96.7" port: 45618 }, Status: LMP_MISMATCH, Last received: 0.0, Next index: 1, Last known committed idx: 0, Time since last communication: 0.000s
I0517 06:44:31.792165 8597 raft_consensus.cc:1057] T b6bea5c6c58641f8ab69083b20103628 P fc2430d5d05d4863b227c5cefc7ac460 [term 1 FOLLOWER]: Refusing update from remote peer 10206d3db30a45a3a4c5a415d3ed2beb: Log matching property violated. Preceding OpId in replica: term: 0 index: 0. Preceding OpId from leader: term: 1 index: 1. (index mismatch)
I0517 06:44:31.794234 8954 consensus_queue.cc:963] T b6bea5c6c58641f8ab69083b20103628 P 10206d3db30a45a3a4c5a415d3ed2beb [LEADER]: Connected to new peer: Peer: permanent_uuid: "fc2430d5d05d4863b227c5cefc7ac460" member_type: VOTER last_known_addr { host: "127.4.96.6" port: 47664 }, Status: LMP_MISMATCH, Last received: 0.0, Next index: 1, Last known committed idx: 0, Time since last communication: 0.000s
I0517 06:44:31.797842 8473 raft_consensus.cc:1057] T b6bea5c6c58641f8ab69083b20103628 P dafb8d2b9a584a74b41c05787477c5c2 [term 1 FOLLOWER]: Refusing update from remote peer 10206d3db30a45a3a4c5a415d3ed2beb: Log matching property violated. Preceding OpId in replica: term: 0 index: 0. Preceding OpId from leader: term: 1 index: 1. (index mismatch)
I0517 06:44:31.799324 8932 consensus_queue.cc:963] T b6bea5c6c58641f8ab69083b20103628 P 10206d3db30a45a3a4c5a415d3ed2beb [LEADER]: Connected to new peer: Peer: permanent_uuid: "dafb8d2b9a584a74b41c05787477c5c2" member_type: VOTER last_known_addr { host: "127.4.96.5" port: 54438 }, Status: LMP_MISMATCH, Last received: 0.0, Next index: 1, Last known committed idx: 0, Time since last communication: 0.000s
I0517 06:44:31.827138 4480 external_mini_cluster.cc:978] Killing /tmp/dist-test-task4QLboq/build/tsan/bin/kudu-tserver with pid 8644
W0517 06:44:31.846120 7836 connection.cc:512] client connection to 127.4.96.7:45618 recv error: Network error: failed to read from TLS socket (remote: 127.4.96.7:45618): Connection reset by peer (error 104)
W0517 06:44:31.846210 8282 connection.cc:512] client connection to 127.4.96.7:45618 recv error: Network error: failed to read from TLS socket (remote: 127.4.96.7:45618): Connection reset by peer (error 104)
W0517 06:44:31.847122 7838 connection.cc:512] server connection from 127.4.96.7:57193 recv error: Network error: failed to read from TLS socket (remote: 127.4.96.7:57193): Connection reset by peer (error 104)
W0517 06:44:31.847144 8406 connection.cc:512] client connection to 127.4.96.7:45618 recv error: Network error: failed to read from TLS socket (remote: 127.4.96.7:45618): Connection reset by peer (error 104)
W0517 06:44:31.848107 8530 connection.cc:512] client connection to 127.4.96.7:45618 recv error: Network error: failed to read from TLS socket (remote: 127.4.96.7:45618): Connection reset by peer (error 104)
W0517 06:44:31.849007 7825 connection.cc:512] client connection to 127.4.96.7:45618 recv error: Network error: failed to read from TLS socket (remote: 127.4.96.7:45618): Connection reset by peer (error 104)
I0517 06:44:31.850077 4480 external_mini_cluster.cc:978] Killing /tmp/dist-test-task4QLboq/build/tsan/bin/kudu-tserver with pid 8148
W0517 06:44:31.868290 8282 connection.cc:512] client connection to 127.4.96.3:43022 recv error: Network error: failed to read from TLS socket (remote: 127.4.96.3:43022): Connection reset by peer (error 104)
W0517 06:44:31.868326 7834 connection.cc:512] server connection from 127.4.96.3:33222 recv error: Network error: failed to read from TLS socket (remote: 127.4.96.3:33222): Connection reset by peer (error 104)
W0517 06:44:31.868360 7836 connection.cc:512] client connection to 127.4.96.3:43022 recv error: Network error: failed to read from TLS socket (remote: 127.4.96.3:43022): Connection reset by peer (error 104)
W0517 06:44:31.869135 8530 connection.cc:512] client connection to 127.4.96.3:43022 recv error: Network error: failed to read from TLS socket (remote: 127.4.96.3:43022): Connection reset by peer (error 104)
W0517 06:44:31.869143 8406 connection.cc:512] client connection to 127.4.96.3:43022 recv error: Network error: failed to read from TLS socket (remote: 127.4.96.3:43022): Connection reset by peer (error 104)
W0517 06:44:31.869803 7825 connection.cc:512] client connection to 127.4.96.3:43022 recv error: Network error: failed to read from TLS socket (remote: 127.4.96.3:43022): Connection reset by peer (error 104)
I0517 06:44:31.870005 4480 external_mini_cluster.cc:978] Killing /tmp/dist-test-task4QLboq/build/tsan/bin/kudu-tserver with pid 8272
W0517 06:44:31.897176 8404 connection.cc:512] client connection to 127.4.96.4:51856 recv error: Network error: failed to read from TLS socket (remote: 127.4.96.4:51856): Connection reset by peer (error 104)
W0517 06:44:31.897187 7834 connection.cc:512] client connection to 127.4.96.4:51856 recv error: Network error: failed to read from TLS socket (remote: 127.4.96.4:51856): Connection reset by peer (error 104)
W0517 06:44:31.897191 7836 connection.cc:512] server connection from 127.4.96.4:38185 recv error: Network error: failed to read from TLS socket (remote: 127.4.96.4:38185): Connection reset by peer (error 104)
W0517 06:44:31.898010 8408 connection.cc:512] server connection from 127.4.96.4:58023 recv error: Network error: failed to read from TLS socket (remote: 127.4.96.4:58023): Connection reset by peer (error 104)
W0517 06:44:31.898790 8528 connection.cc:512] client connection to 127.4.96.4:51856 recv error: Network error: failed to read from TLS socket (remote: 127.4.96.4:51856): Connection reset by peer (error 104)
W0517 06:44:31.898813 7825 connection.cc:512] client connection to 127.4.96.4:51856 recv error: Network error: failed to read from TLS socket (remote: 127.4.96.4:51856): Connection reset by peer (error 104)
W0517 06:44:31.898784 8529 connection.cc:512] server connection from 127.4.96.4:40549 recv error: Network error: failed to read from TLS socket (remote: 127.4.96.4:40549): Connection reset by peer (error 104)
W0517 06:44:31.899648 7821 connection.cc:512] client connection to 127.4.96.4:51856 recv error: Network error: failed to read from TLS socket (remote: 127.4.96.4:51856): Connection reset by peer (error 104)
I0517 06:44:31.900521 4480 external_mini_cluster.cc:978] Killing /tmp/dist-test-task4QLboq/build/tsan/bin/kudu-master with pid 7826
I0517 06:44:31.917918 8889 heartbeater.cc:467] Master 127.4.96.62:54038 was elected leader, sending a full tablet report...
W0517 06:44:31.924265 7907 connection.cc:512] client connection to 127.4.96.62:54038 recv error: Network error: failed to read from TLS socket (remote: 127.4.96.62:54038): Connection reset by peer (error 104)
W0517 06:44:31.924291 8777 connection.cc:512] client connection to 127.4.96.62:54038 recv error: Network error: failed to read from TLS socket (remote: 0.0.0.0:0): Connection reset by peer (error 104)
I0517 06:44:31.924878 4480 external_mini_cluster.cc:786] Running /tmp/dist-test-task4QLboq/build/tsan/bin/kudu-master /tmp/dist-test-task4QLboq/build/tsan/bin/kudu-master --fs_wal_dir=/tmp/dist-test-task4QLboq/test-tmp/kudu-admin-test.0.AdminCliTest.TestUnsafeChangeConfigWithFiveReplicaConfig.1526539434354140-4480/raft_consensus-itest-cluster/master-0/wal --fs_data_dirs=/tmp/dist-test-task4QLboq/test-tmp/kudu-admin-test.0.AdminCliTest.TestUnsafeChangeConfigWithFiveReplicaConfig.1526539434354140-4480/raft_consensus-itest-cluster/master-0/data --block_manager=log --webserver_interface=localhost --ipki_ca_key_size=1024 --tsk_num_rsa_bits=512 --rpc_bind_addresses=127.4.96.62:54038 --webserver_interface=127.4.96.62 --webserver_port=48617 --never_fsync --ipki_server_key_size=1024 --enable_minidumps=false --redact=none --metrics_log_interval_ms=1000 --logtostderr --logbuflevel=-1 --log_dir=/tmp/dist-test-task4QLboq/test-tmp/kudu-admin-test.0.AdminCliTest.TestUnsafeChangeConfigWithFiveReplicaConfig.1526539434354140-4480/raft_consensus-itest-cluster/master-0/logs --server_dump_info_path=/tmp/dist-test-task4QLboq/test-tmp/kudu-admin-test.0.AdminCliTest.TestUnsafeChangeConfigWithFiveReplicaConfig.1526539434354140-4480/raft_consensus-itest-cluster/master-0/data/info.pb --server_dump_info_format=pb --rpc_server_allow_ephemeral_ports --unlock_experimental_flags --unlock_unsafe_flags --rpc_reuseport=true with env {}
W0517 06:44:31.925051 8777 connection.cc:185] Error closing socket: Network error: TlsSocket::Close: Broken pipe
W0517 06:44:31.925511 8406 connection.cc:512] server connection from 127.0.0.1:58513 recv error: Network error: failed to read from TLS socket (remote: 127.0.0.1:58513): Connection reset by peer (error 104)
W0517 06:44:31.930265 8032 connection.cc:512] client connection to 127.4.96.62:54038 recv error: Network error: failed to read from TLS socket (remote: 127.4.96.62:54038): Connection reset by peer (error 104)
W0517 06:44:31.930672 7825 connection.cc:512] client connection to 127.4.96.62:54038 recv error: Network error: failed to read from TLS socket (remote: 127.4.96.62:54038): Connection reset by peer (error 104)
W0517 06:44:31.931596 8405 connection.cc:512] client connection to 127.4.96.62:54038 recv error: Network error: failed to read from TLS socket (remote: 127.4.96.62:54038): Connection reset by peer (error 104)
W0517 06:44:31.932502 8529 connection.cc:512] server connection from 127.0.0.1:36421 recv error: Network error: failed to read from TLS socket (remote: 127.0.0.1:36421): Connection reset by peer (error 104)
W0517 06:44:31.932910 8895 connection.cc:512] client connection to 127.4.96.62:54038 recv error: Network error: failed to read from TLS socket (remote: 127.4.96.62:54038): Connection reset by peer (error 104)
W0517 06:44:31.933182 8529 connection.cc:512] client connection to 127.4.96.62:54038 recv error: Network error: failed to read from TLS socket (remote: 127.4.96.62:54038): Connection reset by peer (error 104)
W0517 06:44:31.926111 8889 heartbeater.cc:587] Failed to heartbeat to 127.4.96.62:54038: Network error: Failed to send heartbeat to master: failed to read from TLS socket (remote: 0.0.0.0:0): Connection reset by peer (error 104) WARNING: Logging before InitGoogleLogging() is written to STDERR
W0517 06:44:32.048118 8957 flags.cc:406] Enabled unsafe flag: --rpc_server_allow_ephemeral_ports=true
W0517 06:44:32.048422 8957 flags.cc:406] Enabled unsafe flag: --never_fsync=true
W0517 06:44:32.057384 8957 flags.cc:406] Enabled experimental flag: --ipki_ca_key_size=1024
W0517 06:44:32.057505 8957 flags.cc:406] Enabled experimental flag: --ipki_server_key_size=1024
W0517 06:44:32.057602 8957 flags.cc:406] Enabled experimental flag: --tsk_num_rsa_bits=512
W0517 06:44:32.057713 8957 flags.cc:406] Enabled experimental flag: --rpc_reuseport=true
I0517 06:44:32.071475 8957 master_main.cc:73] Master server non-default flags: --fs_data_dirs=/tmp/dist-test-task4QLboq/test-tmp/kudu-admin-test.0.AdminCliTest.TestUnsafeChangeConfigWithFiveReplicaConfig.1526539434354140-4480/raft_consensus-itest-cluster/master-0/data --fs_wal_dir=/tmp/dist-test-task4QLboq/test-tmp/kudu-admin-test.0.AdminCliTest.TestUnsafeChangeConfigWithFiveReplicaConfig.1526539434354140-4480/raft_consensus-itest-cluster/master-0/wal --ipki_ca_key_size=1024 --ipki_server_key_size=1024 --tsk_num_rsa_bits=512 --rpc_bind_addresses=127.4.96.62:54038 --rpc_reuseport=true --rpc_server_allow_ephemeral_ports=true --metrics_log_interval_ms=1000 --server_dump_info_format=pb --server_dump_info_path=/tmp/dist-test-task4QLboq/test-tmp/kudu-admin-test.0.AdminCliTest.TestUnsafeChangeConfigWithFiveReplicaConfig.1526539434354140-4480/raft_consensus-itest-cluster/master-0/data/info.pb --webserver_interface=127.4.96.62 --webserver_port=48617 --never_fsync=true --redact=none --unlock_experimental_flags=true --unlock_unsafe_flags=true --enable_minidumps=false --log_dir=/tmp/dist-test-task4QLboq/test-tmp/kudu-admin-test.0.AdminCliTest.TestUnsafeChangeConfigWithFiveReplicaConfig.1526539434354140-4480/raft_consensus-itest-cluster/master-0/logs --logbuflevel=-1 --logtostderr=true Master server version: kudu 1.8.0-SNAPSHOT revision f969af316286807a745fa39b9c2ee604c88b63c9 build type FASTDEBUG built by None at 17 May 2018 06:38:04 UTC on jenkins-slave-snjf build id 13499 TSAN enabled
I0517 06:44:32.079115 8957 master_main.cc:80] Initializing master server...
I0517 06:44:32.080557 8957 system_ntp.cc:143] NTP initialized. Skew: 500ppm Current error: 135319us
I0517 06:44:32.081327 8957 fs_manager.cc:260] Metadata directory not provided
I0517 06:44:32.081473 8957 fs_manager.cc:266] Using write-ahead log directory (fs_wal_dir) as metadata directory
I0517 06:44:32.087128 8957 fs_manager.cc:397] Time spent opening directory manager: real 0.004s user 0.000s sys 0.004s
I0517 06:44:32.087765 8957 env_posix.cc:1643] Not raising this process' open files per process limit of 65536; it is already as high as it can go
I0517 06:44:32.088178 8957 file_cache.cc:470] Constructed file cache lbm with capacity 26214
I0517 06:44:32.094784 8957 fs_manager.cc:417] Time spent opening block manager: real 0.002s user 0.000s sys 0.004s
I0517 06:44:32.094909 8957 fs_manager.cc:428] Opened local filesystem: /tmp/dist-test-task4QLboq/test-tmp/kudu-admin-test.0.AdminCliTest.TestUnsafeChangeConfigWithFiveReplicaConfig.1526539434354140-4480/raft_consensus-itest-cluster/master-0/data,/tmp/dist-test-task4QLboq/test-tmp/kudu-admin-test.0.AdminCliTest.TestUnsafeChangeConfigWithFiveReplicaConfig.1526539434354140-4480/raft_consensus-itest-cluster/master-0/wal uuid: "748e9fd9bc4b4d48808361d1ce5c7916" format_stamp: "Formatted at 2018-05-17 06:44:26 on dist-test-slave-dist-test-slave-26mv"
I0517 06:44:32.096078 8957 fs_report.cc:347] Block manager report -------------------- 1 data directories: /tmp/dist-test-task4QLboq/test-tmp/kudu-admin-test.0.AdminCliTest.TestUnsafeChangeConfigWithFiveReplicaConfig.1526539434354140-4480/raft_consensus-itest-cluster/master-0/data/data Total live blocks: 0 Total live bytes: 0 Total live bytes (after alignment): 0 Total number of LBM containers: 0 (0 full) Did not check for missing blocks Did not check for orphaned blocks Total full LBM containers with extra space: 0 (0 repaired) Total full LBM container extra space in bytes: 0 (0 repaired) Total incomplete LBM containers: 0 (0 repaired) Total LBM partial records: 0 (0 repaired)
I0517 06:44:32.251720 8957 env_posix.cc:1643] Not raising this process' running threads per effective uid limit of 60284; it is already as high as it can go
I0517 06:44:32.253466 8957 master_main.cc:83] Starting Master server...
W0517 06:44:32.260823 8144 heartbeater.cc:587] Failed to heartbeat to 127.4.96.62:54038: Network error: Failed to send heartbeat to master: Client connection negotiation failed: client connection to 127.4.96.62:54038: connect: Connection refused (error 111)
I0517 06:44:32.294072 8957 rpc_server.cc:205] RPC server started. Bound to: 127.4.96.62:54038
I0517 06:44:32.294937 8957 webserver.cc:173] Starting webserver on 127.4.96.62:48617
I0517 06:44:32.295044 8957 webserver.cc:184] Document root disabled
I0517 06:44:32.296496 8957 webserver.cc:311] Webserver started. Bound to: http://127.4.96.62:48617/
I0517 06:44:32.297317 8957 server_base.cc:607] Dumped server information to /tmp/dist-test-task4QLboq/test-tmp/kudu-admin-test.0.AdminCliTest.TestUnsafeChangeConfigWithFiveReplicaConfig.1526539434354140-4480/raft_consensus-itest-cluster/master-0/data/info.pb
I0517 06:44:32.306172 9019 tablet_bootstrap.cc:436] T 00000000000000000000000000000000 P 748e9fd9bc4b4d48808361d1ce5c7916: Bootstrap starting.
I0517 06:44:32.307502 4480 external_mini_cluster.cc:848] Started /tmp/dist-test-task4QLboq/build/tsan/bin/kudu-master as pid 8957
I0517 06:44:32.307893 4480 kudu-admin-test.cc:678] Forcing unsafe config change on tserver dafb8d2b9a584a74b41c05787477c5c2
I0517 06:44:32.342103 9019 log.cc:520] T 00000000000000000000000000000000 P 748e9fd9bc4b4d48808361d1ce5c7916: Log is configured to *not* fsync() on all Append() calls
I0517 06:44:32.364348 9019 tablet_bootstrap.cc:436] T 00000000000000000000000000000000 P 748e9fd9bc4b4d48808361d1ce5c7916: Bootstrap replayed 1/1 log segments. Stats: ops{read=7 overwritten=0 applied=7 ignored=1} inserts{seen=4 ignored=0} mutations{seen=2 ignored=0} orphaned_commits=0. Pending: 0 replicates
I0517 06:44:32.364940 9019 tablet_bootstrap.cc:436] T 00000000000000000000000000000000 P 748e9fd9bc4b4d48808361d1ce5c7916: Bootstrap complete.
I0517 06:44:32.382489 9019 raft_consensus.cc:303] T 00000000000000000000000000000000 P 748e9fd9bc4b4d48808361d1ce5c7916 [term 1 FOLLOWER]: Replica starting. Triggering 0 pending transactions. Active config: opid_index: -1 OBSOLETE_local: true peers { permanent_uuid: "748e9fd9bc4b4d48808361d1ce5c7916" member_type: VOTER }
I0517 06:44:32.384019 9019 raft_consensus.cc:604] T 00000000000000000000000000000000 P 748e9fd9bc4b4d48808361d1ce5c7916 [term 1 FOLLOWER]: Becoming Follower/Learner. State: Replica: 748e9fd9bc4b4d48808361d1ce5c7916, State: Initialized, Role: FOLLOWER
I0517 06:44:32.384486 9019 consensus_queue.cc:227] T 00000000000000000000000000000000 P 748e9fd9bc4b4d48808361d1ce5c7916 [NON_LEADER]: Queue going to NON_LEADER mode. State: All replicated index: 0, Majority replicated index: 0, Committed index: 7, Last appended: 1.7, Last appended by leader: 7, Current term: 0, Majority size: -1, State: 0, Mode: NON_LEADER, active raft config: opid_index: -1 OBSOLETE_local: true peers { permanent_uuid: "748e9fd9bc4b4d48808361d1ce5c7916" member_type: VOTER }
I0517 06:44:32.384829 9019 raft_consensus.cc:343] T 00000000000000000000000000000000 P 748e9fd9bc4b4d48808361d1ce5c7916 [term 1 FOLLOWER]: Only one voter in the Raft config. Triggering election immediately
I0517 06:44:32.385018 9019 raft_consensus.cc:435] T 00000000000000000000000000000000 P 748e9fd9bc4b4d48808361d1ce5c7916 [term 1 FOLLOWER]: Starting leader election (initial election of a single-replica configuration)
I0517 06:44:32.385174 9019 raft_consensus.cc:2704] T 00000000000000000000000000000000 P 748e9fd9bc4b4d48808361d1ce5c7916: Snoozing failure detection for 2.249s (starting election)
I0517 06:44:32.385329 9019 raft_consensus.cc:2756] T 00000000000000000000000000000000 P 748e9fd9bc4b4d48808361d1ce5c7916 [term 1 FOLLOWER]: Advancing to term 2
I0517 06:44:32.389509 9019 raft_consensus.cc:457] T 00000000000000000000000000000000 P 748e9fd9bc4b4d48808361d1ce5c7916 [term 2 FOLLOWER]: Starting leader election with config: opid_index: -1 OBSOLETE_local: true peers { permanent_uuid: "748e9fd9bc4b4d48808361d1ce5c7916" member_type: VOTER }
I0517 06:44:32.389948 9019 leader_election.cc:270] T 00000000000000000000000000000000 P 748e9fd9bc4b4d48808361d1ce5c7916 [CANDIDATE]: Term 2 election: Election decided. Result: candidate won.
I0517 06:44:32.399161 9022 raft_consensus.cc:2704] T 00000000000000000000000000000000 P 748e9fd9bc4b4d48808361d1ce5c7916: Snoozing failure detection for 1.617s (election complete)
I0517 06:44:32.399468 9022 raft_consensus.cc:2511] T 00000000000000000000000000000000 P 748e9fd9bc4b4d48808361d1ce5c7916 [term 2 FOLLOWER]: Leader election won for term 2
I0517 06:44:32.405292 9022 raft_consensus.cc:571] T 00000000000000000000000000000000 P 748e9fd9bc4b4d48808361d1ce5c7916 [term 2 LEADER]: Becoming Leader. State: Replica: 748e9fd9bc4b4d48808361d1ce5c7916, State: Running, Role: LEADER
I0517 06:44:32.405694 9022 consensus_queue.cc:204] T 00000000000000000000000000000000 P 748e9fd9bc4b4d48808361d1ce5c7916 [LEADER]: Queue going to LEADER mode. State: All replicated index: 0, Majority replicated index: 7, Committed index: 7, Last appended: 1.7, Last appended by leader: 7, Current term: 2, Majority size: 1, State: 0, Mode: LEADER, active raft config: opid_index: -1 OBSOLETE_local: true peers { permanent_uuid: "748e9fd9bc4b4d48808361d1ce5c7916" member_type: VOTER }
I0517 06:44:32.410934 9019 sys_catalog.cc:335] T 00000000000000000000000000000000 P 748e9fd9bc4b4d48808361d1ce5c7916 [sys.catalog]: SysCatalogTable state changed. Reason: Started TabletReplica. Latest consensus state: current_term: 2 leader_uuid: "748e9fd9bc4b4d48808361d1ce5c7916" committed_config { opid_index: -1 OBSOLETE_local: true peers { permanent_uuid: "748e9fd9bc4b4d48808361d1ce5c7916" member_type: VOTER } }
I0517 06:44:32.411247 9019 sys_catalog.cc:338] T 00000000000000000000000000000000 P 748e9fd9bc4b4d48808361d1ce5c7916 [sys.catalog]: This master's current role is: LEADER
W0517 06:44:32.460935 9020 flags.cc:406] Enabled unsafe flag: --never_fsync=true
I0517 06:44:32.411193 9023 sys_catalog.cc:335] T 00000000000000000000000000000000 P 748e9fd9bc4b4d48808361d1ce5c7916 [sys.catalog]: SysCatalogTable state changed. Reason: New leader 748e9fd9bc4b4d48808361d1ce5c7916. Latest consensus state: current_term: 2 leader_uuid: "748e9fd9bc4b4d48808361d1ce5c7916" committed_config { opid_index: -1 OBSOLETE_local: true peers { permanent_uuid: "748e9fd9bc4b4d48808361d1ce5c7916" member_type: VOTER } }
I0517 06:44:32.472743 9023 sys_catalog.cc:338] T 00000000000000000000000000000000 P 748e9fd9bc4b4d48808361d1ce5c7916 [sys.catalog]: This master's current role is: LEADER
I0517 06:44:32.413352 9024 sys_catalog.cc:335] T 00000000000000000000000000000000 P 748e9fd9bc4b4d48808361d1ce5c7916 [sys.catalog]: SysCatalogTable state changed. Reason: RaftConsensus started. Latest consensus state: current_term: 2 leader_uuid: "748e9fd9bc4b4d48808361d1ce5c7916" committed_config { opid_index: -1 OBSOLETE_local: true peers { permanent_uuid: "748e9fd9bc4b4d48808361d1ce5c7916" member_type: VOTER } }
I0517 06:44:32.479223 9024 sys_catalog.cc:338] T 00000000000000000000000000000000 P 748e9fd9bc4b4d48808361d1ce5c7916 [sys.catalog]: This master's current role is: LEADER
I0517 06:44:32.479882 9019 sys_catalog.cc:422] T 00000000000000000000000000000000 P 748e9fd9bc4b4d48808361d1ce5c7916 [sys.catalog]: configured and running, proceeding with master startup.
I0517 06:44:32.480146 9026 catalog_manager.cc:1001] Loading table and tablet metadata into memory...
I0517 06:44:32.481540 8957 master_main.cc:86] Master server successfully started.
I0517 06:44:32.484966 9026 catalog_manager.cc:321] Loaded metadata for table TestTable [id=535082618aca4f96896c631f72424763]
I0517 06:44:32.487107 9026 catalog_manager.cc:375] Loaded metadata for tablet b6bea5c6c58641f8ab69083b20103628 (table TestTable [id=535082618aca4f96896c631f72424763])
I0517 06:44:32.487504 9026 catalog_manager.cc:1012] Initializing Kudu internal certificate authority...
I0517 06:44:32.490790 9026 catalog_manager.cc:1021] Loading token signing keys...
I0517 06:44:32.492220 9026 catalog_manager.cc:3973] T 00000000000000000000000000000000 P 748e9fd9bc4b4d48808361d1ce5c7916: Loaded TSK: 0
I0517 06:44:32.693667 8986 master_service.cc:205] Got heartbeat from unknown tserver (permanent_uuid: "5c25814d71724ad89c2b2965035156ab" instance_seqno: 1526539467602539) as {username='slave'} at 127.4.96.1:41607; Asking this server to re-register.
I0517 06:44:32.695168 8019 heartbeater.cc:426] Registering TS with master...
I0517 06:44:32.695503 8019 heartbeater.cc:475] Master 127.4.96.62:54038 requested a full tablet report, sending...
I0517 06:44:32.696952 8986 ts_manager.cc:81] Registered new tserver with Master: 5c25814d71724ad89c2b2965035156ab (127.4.96.1:43055)
I0517 06:44:32.716976 8473 tablet_service.cc:1077] Received UnsafeChangeConfig RPC: dest_uuid: "dafb8d2b9a584a74b41c05787477c5c2" tablet_id: "b6bea5c6c58641f8ab69083b20103628" caller_id: "kudu-tools" new_config { peers { permanent_uuid: "fc2430d5d05d4863b227c5cefc7ac460" } peers { permanent_uuid: "dafb8d2b9a584a74b41c05787477c5c2" } } from {username='slave'} at 127.0.0.1:58528
W0517 06:44:32.717747 8473 raft_consensus.cc:1990] T b6bea5c6c58641f8ab69083b20103628 P dafb8d2b9a584a74b41c05787477c5c2 [term 1 FOLLOWER]: PROCEEDING WITH UNSAFE CONFIG CHANGE ON THIS SERVER, COMMITTED CONFIG: opid_index: -1 OBSOLETE_local: false peers { permanent_uuid: "6a3b5a36994a489eb39f15f8700fc089" member_type: VOTER last_known_addr { host: "127.4.96.3" port: 43022 } } peers { permanent_uuid: "dafb8d2b9a584a74b41c05787477c5c2" member_type: VOTER last_known_addr { host: "127.4.96.5" port: 54438 } } peers { permanent_uuid: "51cb8e32a7ed4c7dbd5b79785556c592" member_type: VOTER last_known_addr { host: "127.4.96.7" port: 45618 } } peers { permanent_uuid: "10206d3db30a45a3a4c5a415d3ed2beb" member_type: VOTER last_known_addr { host: "127.4.96.4" port: 51856 } } peers { permanent_uuid: "fc2430d5d05d4863b227c5cefc7ac460" member_type: VOTER last_known_addr { host: "127.4.96.6" port: 47664 } }NEW CONFIG: opid_index: 2 OBSOLETE_local: false peers { permanent_uuid: "dafb8d2b9a584a74b41c05787477c5c2" member_type: VOTER last_known_addr { host: "127.4.96.5" port: 54438 } } peers { permanent_uuid: "fc2430d5d05d4863b227c5cefc7ac460" member_type: VOTER last_known_addr { host: "127.4.96.6" port: 47664 } } unsafe_config_change: true
I0517 06:44:32.718504 8473 raft_consensus.cc:2756] T b6bea5c6c58641f8ab69083b20103628 P dafb8d2b9a584a74b41c05787477c5c2 [term 1 FOLLOWER]: Advancing to term 2
I0517 06:44:32.751052 8986 master_service.cc:205] Got heartbeat from unknown tserver (permanent_uuid: "dafb8d2b9a584a74b41c05787477c5c2" instance_seqno: 1526539469440756) as {username='slave'} at 127.4.96.5:43556; Asking this server to re-register.
I0517 06:44:32.751935 8517 heartbeater.cc:426] Registering TS with master...
I0517 06:44:32.752169 8517 heartbeater.cc:475] Master 127.4.96.62:54038 requested a full tablet report, sending...
I0517 06:44:32.753523 8986 ts_manager.cc:81] Registered new tserver with Master: dafb8d2b9a584a74b41c05787477c5c2 (127.4.96.5:54438)
I0517 06:44:32.845734 8986 master_service.cc:205] Got heartbeat from unknown tserver (permanent_uuid: "fc2430d5d05d4863b227c5cefc7ac460" instance_seqno: 1526539469864995) as {username='slave'} at 127.4.96.6:45411; Asking this server to re-register.
I0517 06:44:32.846616 8641 heartbeater.cc:426] Registering TS with master...
I0517 06:44:32.846860 8641 heartbeater.cc:475] Master 127.4.96.62:54038 requested a full tablet report, sending...
I0517 06:44:32.848129 8986 ts_manager.cc:81] Registered new tserver with Master: fc2430d5d05d4863b227c5cefc7ac460 (127.4.96.6:47664)
I0517 06:44:32.948782 8889 heartbeater.cc:346] Connected to a master server at 127.4.96.62:54038
I0517 06:44:32.949053 8889 heartbeater.cc:467] Master 127.4.96.62:54038 was elected leader, sending a full tablet report...
I0517 06:44:32.950217 8986 master_service.cc:205] Got heartbeat from unknown tserver (permanent_uuid: "92255276f9b144f3b14cc51ff4f450de" instance_seqno: 1526539470845763) as {username='slave'} at 127.4.96.8:55213; Asking this server to re-register.
I0517 06:44:32.951089 8889 heartbeater.cc:426] Registering TS with master...
I0517 06:44:32.951326 8889 heartbeater.cc:475] Master 127.4.96.62:54038 requested a full tablet report, sending...
I0517 06:44:32.952431 8986 ts_manager.cc:81] Registered new tserver with Master: 92255276f9b144f3b14cc51ff4f450de (127.4.96.8:55767)
I0517 06:44:33.278293 8144 heartbeater.cc:346] Connected to a master server at 127.4.96.62:54038
I0517 06:44:33.279556 8986 master_service.cc:205] Got heartbeat from unknown tserver (permanent_uuid: "580b6d55956e4c18bf9297327263345b" instance_seqno: 1526539468166664) as {username='slave'} at 127.4.96.2:56709; Asking this server to re-register.
I0517 06:44:33.280422 8144 heartbeater.cc:426] Registering TS with master...
I0517 06:44:33.280661 8144 heartbeater.cc:475] Master 127.4.96.62:54038 requested a full tablet report, sending...
I0517 06:44:33.281759 8986 ts_manager.cc:81] Registered new tserver with Master: 580b6d55956e4c18bf9297327263345b (127.4.96.2:33256)
I0517 06:44:33.302618 9052 raft_consensus.cc:435] T b6bea5c6c58641f8ab69083b20103628 P fc2430d5d05d4863b227c5cefc7ac460 [term 1 FOLLOWER]: Starting pre-election (detected failure of leader 10206d3db30a45a3a4c5a415d3ed2beb)
I0517 06:44:33.302899 9052 raft_consensus.cc:2704] T b6bea5c6c58641f8ab69083b20103628 P fc2430d5d05d4863b227c5cefc7ac460: Snoozing failure detection for 2.162s (starting election)
I0517 06:44:33.303148 9052 raft_consensus.cc:457] T b6bea5c6c58641f8ab69083b20103628 P fc2430d5d05d4863b227c5cefc7ac460 [term 1 FOLLOWER]: Starting pre-election with config: opid_index: -1 OBSOLETE_local: false peers { permanent_uuid: "6a3b5a36994a489eb39f15f8700fc089" member_type: VOTER last_known_addr { host: "127.4.96.3" port: 43022 } } peers { permanent_uuid: "dafb8d2b9a584a74b41c05787477c5c2" member_type: VOTER last_known_addr { host: "127.4.96.5" port: 54438 } } peers { permanent_uuid: "51cb8e32a7ed4c7dbd5b79785556c592" member_type: VOTER last_known_addr { host: "127.4.96.7" port: 45618 } } peers { permanent_uuid: "10206d3db30a45a3a4c5a415d3ed2beb" member_type: VOTER last_known_addr { host: "127.4.96.4" port: 51856 } } peers { permanent_uuid: "fc2430d5d05d4863b227c5cefc7ac460" member_type: VOTER last_known_addr { host: "127.4.96.6" port: 47664 } }
I0517 06:44:33.304333 9052 leader_election.cc:243] T b6bea5c6c58641f8ab69083b20103628 P fc2430d5d05d4863b227c5cefc7ac460 [CANDIDATE]: Term 2 pre-election: Requesting pre-vote from peer 6a3b5a36994a489eb39f15f8700fc089 (127.4.96.3:43022)
I0517 06:44:33.304736 9052 leader_election.cc:243] T b6bea5c6c58641f8ab69083b20103628 P fc2430d5d05d4863b227c5cefc7ac460 [CANDIDATE]: Term 2 pre-election: Requesting pre-vote from peer dafb8d2b9a584a74b41c05787477c5c2 (127.4.96.5:54438)
I0517 06:44:33.305485 9052 leader_election.cc:243] T b6bea5c6c58641f8ab69083b20103628 P fc2430d5d05d4863b227c5cefc7ac460 [CANDIDATE]: Term 2 pre-election: Requesting pre-vote from peer 51cb8e32a7ed4c7dbd5b79785556c592 (127.4.96.7:45618)
W0517 06:44:33.305660 8530 leader_election.cc:299] T b6bea5c6c58641f8ab69083b20103628 P fc2430d5d05d4863b227c5cefc7ac460 [CANDIDATE]: Term 2 pre-election: RPC error from VoteRequest() call to peer 6a3b5a36994a489eb39f15f8700fc089 (127.4.96.3:43022): Network error: Client connection negotiation failed: client connection to 127.4.96.3:43022: connect: Connection refused (error 111)
I0517 06:44:33.305960 9052 leader_election.cc:243] T b6bea5c6c58641f8ab69083b20103628 P fc2430d5d05d4863b227c5cefc7ac460 [CANDIDATE]: Term 2 pre-election: Requesting pre-vote from peer 10206d3db30a45a3a4c5a415d3ed2beb (127.4.96.4:51856)
I0517 06:44:33.306100 8473 tablet_service.cc:995] Received RequestConsensusVote() RPC: tablet_id: "b6bea5c6c58641f8ab69083b20103628" candidate_uuid: "fc2430d5d05d4863b227c5cefc7ac460" candidate_term: 2 candidate_status { last_received { term: 1 index: 1 } } ignore_live_leader: false dest_uuid: "dafb8d2b9a584a74b41c05787477c5c2" is_pre_election: true
I0517 06:44:33.306649 8473 raft_consensus.cc:2180] T b6bea5c6c58641f8ab69083b20103628 P dafb8d2b9a584a74b41c05787477c5c2 [term 2 FOLLOWER]: Leader pre-election vote request: Denying vote to candidate fc2430d5d05d4863b227c5cefc7ac460 for term 2 because replica is either leader or believes a valid leader to be alive.
I0517 06:44:33.307670 8529 leader_election.cc:393] T b6bea5c6c58641f8ab69083b20103628 P fc2430d5d05d4863b227c5cefc7ac460 [CANDIDATE]: Term 2 pre-election: Vote denied by peer dafb8d2b9a584a74b41c05787477c5c2 (127.4.96.5:54438). Message: Invalid argument: T b6bea5c6c58641f8ab69083b20103628 P dafb8d2b9a584a74b41c05787477c5c2 [term 2 FOLLOWER]: Leader pre-election vote request: Denying vote to candidate fc2430d5d05d4863b227c5cefc7ac460 for term 2 because replica is either leader or believes a valid leader to be alive.
W0517 06:44:33.308068 8530 leader_election.cc:299] T b6bea5c6c58641f8ab69083b20103628 P fc2430d5d05d4863b227c5cefc7ac460 [CANDIDATE]: Term 2 pre-election: RPC error from VoteRequest() call to peer 51cb8e32a7ed4c7dbd5b79785556c592 (127.4.96.7:45618): Network error: Client connection negotiation failed: client connection to 127.4.96.7:45618: connect: Connection refused (error 111)
I0517 06:44:33.308256 8530 leader_election.cc:270] T b6bea5c6c58641f8ab69083b20103628 P fc2430d5d05d4863b227c5cefc7ac460 [CANDIDATE]: Term 2 pre-election: Election decided. Result: candidate lost.
I0517 06:44:33.312578 9052 raft_consensus.cc:2704] T b6bea5c6c58641f8ab69083b20103628 P fc2430d5d05d4863b227c5cefc7ac460: Snoozing failure detection for 1.561s (election complete)
I0517 06:44:33.312788 9052 raft_consensus.cc:2756] T b6bea5c6c58641f8ab69083b20103628 P fc2430d5d05d4863b227c5cefc7ac460 [term 1 FOLLOWER]: Advancing to term 2
W0517 06:44:33.314568 8528 leader_election.cc:299] T b6bea5c6c58641f8ab69083b20103628 P fc2430d5d05d4863b227c5cefc7ac460 [CANDIDATE]: Term 2 pre-election: RPC error from VoteRequest() call to peer 10206d3db30a45a3a4c5a415d3ed2beb (127.4.96.4:51856): Network error: Client connection negotiation failed: client connection to 127.4.96.4:51856: connect: Connection refused (error 111)
I0517 06:44:33.317580 9052 raft_consensus.cc:2459] T b6bea5c6c58641f8ab69083b20103628 P fc2430d5d05d4863b227c5cefc7ac460 [term 2 FOLLOWER]: Leader pre-election lost for term 2. Reason: could not achieve majority
I0517 06:44:34.232017 9057 raft_consensus.cc:435] T b6bea5c6c58641f8ab69083b20103628 P dafb8d2b9a584a74b41c05787477c5c2 [term 2 FOLLOWER]: Starting pre-election (detected failure of leader kudu-tools)
I0517 06:44:34.232246 9057 raft_consensus.cc:2704] T b6bea5c6c58641f8ab69083b20103628 P dafb8d2b9a584a74b41c05787477c5c2: Snoozing failure detection for 1.919s (starting election)
I0517 06:44:34.232426 9057 raft_consensus.cc:457] T b6bea5c6c58641f8ab69083b20103628 P dafb8d2b9a584a74b41c05787477c5c2 [term 2 FOLLOWER]: Starting pre-election with config: opid_index: 2 OBSOLETE_local: false peers { permanent_uuid: "dafb8d2b9a584a74b41c05787477c5c2" member_type: VOTER last_known_addr { host: "127.4.96.5" port: 54438 } } peers { permanent_uuid: "fc2430d5d05d4863b227c5cefc7ac460" member_type: VOTER last_known_addr { host: "127.4.96.6" port: 47664 } } unsafe_config_change: true
I0517 06:44:34.232967 9057 leader_election.cc:243] T b6bea5c6c58641f8ab69083b20103628 P dafb8d2b9a584a74b41c05787477c5c2 [CANDIDATE]: Term 3 pre-election: Requesting pre-vote from peer fc2430d5d05d4863b227c5cefc7ac460 (127.4.96.6:47664)
I0517 06:44:34.234064 8597 tablet_service.cc:995] Received RequestConsensusVote() RPC: tablet_id: "b6bea5c6c58641f8ab69083b20103628" candidate_uuid: "dafb8d2b9a584a74b41c05787477c5c2" candidate_term: 3 candidate_status { last_received { term: 2 index: 2 } } ignore_live_leader: false dest_uuid: "fc2430d5d05d4863b227c5cefc7ac460" is_pre_election: true
I0517 06:44:34.234402 8597 raft_consensus.cc:2704] T b6bea5c6c58641f8ab69083b20103628 P fc2430d5d05d4863b227c5cefc7ac460: Snoozing failure detection for 2.302s (vote granted)
I0517 06:44:34.234547 8597 raft_consensus.cc:2219] T b6bea5c6c58641f8ab69083b20103628 P fc2430d5d05d4863b227c5cefc7ac460 [term 2 FOLLOWER]: Leader pre-election vote request: Granting yes vote for candidate dafb8d2b9a584a74b41c05787477c5c2 in term 2.
I0517 06:44:34.235244 8408 leader_election.cc:379] T b6bea5c6c58641f8ab69083b20103628 P dafb8d2b9a584a74b41c05787477c5c2 [CANDIDATE]: Term 3 pre-election: Vote granted by peer fc2430d5d05d4863b227c5cefc7ac460 (127.4.96.6:47664)
I0517 06:44:34.235409 8408 leader_election.cc:270] T b6bea5c6c58641f8ab69083b20103628 P dafb8d2b9a584a74b41c05787477c5c2 [CANDIDATE]: Term 3 pre-election: Election decided. Result: candidate won.
I0517 06:44:34.235759 9057 raft_consensus.cc:2704] T b6bea5c6c58641f8ab69083b20103628 P dafb8d2b9a584a74b41c05787477c5c2: Snoozing failure detection for 1.977s (election complete)
I0517 06:44:34.235963 9057 raft_consensus.cc:2511] T b6bea5c6c58641f8ab69083b20103628 P dafb8d2b9a584a74b41c05787477c5c2 [term 2 FOLLOWER]: Leader pre-election won for term 3
I0517 06:44:34.236086 9057 raft_consensus.cc:435] T b6bea5c6c58641f8ab69083b20103628 P dafb8d2b9a584a74b41c05787477c5c2 [term 2 FOLLOWER]: Starting leader election (detected failure of leader kudu-tools)
I0517 06:44:34.236210 9057 raft_consensus.cc:2704] T b6bea5c6c58641f8ab69083b20103628 P dafb8d2b9a584a74b41c05787477c5c2: Snoozing failure detection for 1.906s (starting election)
I0517 06:44:34.236323 9057 raft_consensus.cc:2756] T b6bea5c6c58641f8ab69083b20103628 P dafb8d2b9a584a74b41c05787477c5c2 [term 2 FOLLOWER]: Advancing to term 3
I0517 06:44:34.239235 9057 raft_consensus.cc:457] T b6bea5c6c58641f8ab69083b20103628 P dafb8d2b9a584a74b41c05787477c5c2 [term 3 FOLLOWER]: Starting leader election with config: opid_index: 2 OBSOLETE_local: false peers { permanent_uuid: "dafb8d2b9a584a74b41c05787477c5c2" member_type: VOTER last_known_addr { host: "127.4.96.5" port: 54438 } } peers { permanent_uuid: "fc2430d5d05d4863b227c5cefc7ac460" member_type: VOTER last_known_addr { host: "127.4.96.6" port: 47664 } } unsafe_config_change: true
I0517 06:44:34.239732 9057 leader_election.cc:243] T b6bea5c6c58641f8ab69083b20103628 P dafb8d2b9a584a74b41c05787477c5c2 [CANDIDATE]: Term 3 election: Requesting vote from peer fc2430d5d05d4863b227c5cefc7ac460 (127.4.96.6:47664)
I0517 06:44:34.240684 8597 tablet_service.cc:995] Received RequestConsensusVote() RPC: tablet_id: "b6bea5c6c58641f8ab69083b20103628" candidate_uuid: "dafb8d2b9a584a74b41c05787477c5c2" candidate_term: 3 candidate_status { last_received { term: 2 index: 2 } } ignore_live_leader: false dest_uuid: "fc2430d5d05d4863b227c5cefc7ac460"
I0517 06:44:34.240973 8597 raft_consensus.cc:2756] T b6bea5c6c58641f8ab69083b20103628 P fc2430d5d05d4863b227c5cefc7ac460 [term 2 FOLLOWER]: Advancing to term 3
I0517 06:44:34.241129 8597 raft_consensus.cc:2704] T b6bea5c6c58641f8ab69083b20103628 P fc2430d5d05d4863b227c5cefc7ac460: Snoozing failure detection for 3.076s (vote granted)
I0517 06:44:34.243702 8597 raft_consensus.cc:2219] T b6bea5c6c58641f8ab69083b20103628 P fc2430d5d05d4863b227c5cefc7ac460 [term 3 FOLLOWER]: Leader election vote request: Granting yes vote for candidate dafb8d2b9a584a74b41c05787477c5c2 in term 3.
I0517 06:44:34.244302 8408 leader_election.cc:379] T b6bea5c6c58641f8ab69083b20103628 P dafb8d2b9a584a74b41c05787477c5c2 [CANDIDATE]: Term 3 election: Vote granted by peer fc2430d5d05d4863b227c5cefc7ac460 (127.4.96.6:47664)
I0517 06:44:34.244457 8408 leader_election.cc:270] T b6bea5c6c58641f8ab69083b20103628 P dafb8d2b9a584a74b41c05787477c5c2 [CANDIDATE]: Term 3 election: Election decided. Result: candidate won.
I0517 06:44:34.244774 9057 raft_consensus.cc:2704] T b6bea5c6c58641f8ab69083b20103628 P dafb8d2b9a584a74b41c05787477c5c2: Snoozing failure detection for 2.209s (election complete)
I0517 06:44:34.244949 9057 raft_consensus.cc:2511] T b6bea5c6c58641f8ab69083b20103628 P dafb8d2b9a584a74b41c05787477c5c2 [term 3 FOLLOWER]: Leader election won for term 3
I0517 06:44:34.245805 9057 raft_consensus.cc:571] T b6bea5c6c58641f8ab69083b20103628 P dafb8d2b9a584a74b41c05787477c5c2 [term 3 LEADER]: Becoming Leader. State: Replica: dafb8d2b9a584a74b41c05787477c5c2, State: Running, Role: LEADER
I0517 06:44:34.246224 9057 consensus_queue.cc:204] T b6bea5c6c58641f8ab69083b20103628 P dafb8d2b9a584a74b41c05787477c5c2 [LEADER]: Queue going to LEADER mode. State: All replicated index: 0, Majority replicated index: 1, Committed index: 1, Last appended: 2.2, Last appended by leader: 0, Current term: 3, Majority size: 2, State: 0, Mode: LEADER, active raft config: opid_index: 2 OBSOLETE_local: false peers { permanent_uuid: "dafb8d2b9a584a74b41c05787477c5c2" member_type: VOTER last_known_addr { host: "127.4.96.5" port: 54438 } } peers { permanent_uuid: "fc2430d5d05d4863b227c5cefc7ac460" member_type: VOTER last_known_addr { host: "127.4.96.6" port: 47664 } } unsafe_config_change: true
I0517 06:44:34.249711 8986 catalog_manager.cc:3686] T b6bea5c6c58641f8ab69083b20103628 P dafb8d2b9a584a74b41c05787477c5c2 reported cstate change: term changed from 1 to 3, leader changed from 10206d3db30a45a3a4c5a415d3ed2beb (127.4.96.4) to dafb8d2b9a584a74b41c05787477c5c2 (127.4.96.5), now has a pending config: VOTER dafb8d2b9a584a74b41c05787477c5c2 (127.4.96.5), VOTER fc2430d5d05d4863b227c5cefc7ac460 (127.4.96.6). New cstate: current_term: 3 leader_uuid: "dafb8d2b9a584a74b41c05787477c5c2" committed_config { opid_index: -1 OBSOLETE_local: false peers { permanent_uuid: "6a3b5a36994a489eb39f15f8700fc089" member_type: VOTER last_known_addr { host: "127.4.96.3" port: 43022 } } peers { permanent_uuid: "dafb8d2b9a584a74b41c05787477c5c2" member_type: VOTER last_known_addr { host: "127.4.96.5" port: 54438 } health_report { overall_health: HEALTHY } } peers { permanent_uuid: "51cb8e32a7ed4c7dbd5b79785556c592" member_type: VOTER last_known_addr { host: "127.4.96.7" port: 45618 } } peers { permanent_uuid: "10206d3db30a45a3a4c5a415d3ed2beb" member_type: VOTER last_known_addr { host: "127.4.96.4" port: 51856 } } peers { permanent_uuid: "fc2430d5d05d4863b227c5cefc7ac460" member_type: VOTER last_known_addr { host: "127.4.96.6" port: 47664 } health_report { overall_health: UNKNOWN } } } pending_config { opid_index: 2 OBSOLETE_local: false peers { permanent_uuid: "dafb8d2b9a584a74b41c05787477c5c2" member_type: VOTER last_known_addr { host: "127.4.96.5" port: 54438 } } peers { permanent_uuid: "fc2430d5d05d4863b227c5cefc7ac460" member_type: VOTER last_known_addr { host: "127.4.96.6" port: 47664 } } unsafe_config_change: true }
I0517 06:44:34.654703 8597 raft_consensus.cc:1057] T b6bea5c6c58641f8ab69083b20103628 P fc2430d5d05d4863b227c5cefc7ac460 [term 3 FOLLOWER]: Refusing update from remote peer dafb8d2b9a584a74b41c05787477c5c2: Log matching property violated. Preceding OpId in replica: term: 1 index: 1. Preceding OpId from leader: term: 3 index: 3. (index mismatch)
I0517 06:44:34.655658 9057 consensus_queue.cc:963] T b6bea5c6c58641f8ab69083b20103628 P dafb8d2b9a584a74b41c05787477c5c2 [LEADER]: Connected to new peer: Peer: permanent_uuid: "fc2430d5d05d4863b227c5cefc7ac460" member_type: VOTER last_known_addr { host: "127.4.96.6" port: 47664 }, Status: LMP_MISMATCH, Last received: 0.0, Next index: 3, Last known committed idx: 1, Time since last communication: 0.000s
I0517 06:44:34.661370 9058 raft_consensus.cc:2658] T b6bea5c6c58641f8ab69083b20103628 P dafb8d2b9a584a74b41c05787477c5c2 [term 3 LEADER]: Committing config change with OpId 2.2: config changed from index -1 to 2, VOTER 10206d3db30a45a3a4c5a415d3ed2beb (127.4.96.4) evicted, VOTER 51cb8e32a7ed4c7dbd5b79785556c592 (127.4.96.7) evicted, VOTER 6a3b5a36994a489eb39f15f8700fc089 (127.4.96.3) evicted. New config: { opid_index: 2 OBSOLETE_local: false peers { permanent_uuid: "dafb8d2b9a584a74b41c05787477c5c2" member_type: VOTER last_known_addr { host: "127.4.96.5" port: 54438 } } peers { permanent_uuid: "fc2430d5d05d4863b227c5cefc7ac460" member_type: VOTER last_known_addr { host: "127.4.96.6" port: 47664 } } unsafe_config_change: true }
I0517 06:44:34.662801 8597 raft_consensus.cc:2658] T b6bea5c6c58641f8ab69083b20103628 P fc2430d5d05d4863b227c5cefc7ac460 [term 3 FOLLOWER]: Committing config change with OpId 2.2: config changed from index -1 to 2, VOTER 10206d3db30a45a3a4c5a415d3ed2beb (127.4.96.4) evicted, VOTER 51cb8e32a7ed4c7dbd5b79785556c592 (127.4.96.7) evicted, VOTER 6a3b5a36994a489eb39f15f8700fc089 (127.4.96.3) evicted. New config: { opid_index: 2 OBSOLETE_local: false peers { permanent_uuid: "dafb8d2b9a584a74b41c05787477c5c2" member_type: VOTER last_known_addr { host: "127.4.96.5" port: 54438 } } peers { permanent_uuid: "fc2430d5d05d4863b227c5cefc7ac460" member_type: VOTER last_known_addr { host: "127.4.96.6" port: 47664 } } unsafe_config_change: true }
I0517 06:44:34.668215 8986 catalog_manager.cc:3686] T b6bea5c6c58641f8ab69083b20103628 P dafb8d2b9a584a74b41c05787477c5c2 reported cstate change: config changed from index -1 to 2, VOTER 10206d3db30a45a3a4c5a415d3ed2beb (127.4.96.4) evicted, VOTER 51cb8e32a7ed4c7dbd5b79785556c592 (127.4.96.7) evicted, VOTER 6a3b5a36994a489eb39f15f8700fc089 (127.4.96.3) evicted, no longer has a pending config: VOTER dafb8d2b9a584a74b41c05787477c5c2 (127.4.96.5), VOTER fc2430d5d05d4863b227c5cefc7ac460 (127.4.96.6). New cstate: current_term: 3 leader_uuid: "dafb8d2b9a584a74b41c05787477c5c2" committed_config { opid_index: 2 OBSOLETE_local: false peers { permanent_uuid: "dafb8d2b9a584a74b41c05787477c5c2" member_type: VOTER last_known_addr { host: "127.4.96.5" port: 54438 } health_report { overall_health: HEALTHY } } peers { permanent_uuid: "fc2430d5d05d4863b227c5cefc7ac460" member_type: VOTER last_known_addr { host: "127.4.96.6" port: 47664 } health_report { overall_health: HEALTHY } } unsafe_config_change: true }
I0517 06:44:34.672577 8986 catalog_manager.cc:2791] Scheduling retry of b6bea5c6c58641f8ab69083b20103628 Delete Tablet RPC for TS=6a3b5a36994a489eb39f15f8700fc089 with a delay of 26 ms (attempt = 1)
W0517 06:44:34.672755 8986 catalog_manager.cc:3845] Failed to send b6bea5c6c58641f8ab69083b20103628 Delete Tablet RPC for TS=6a3b5a36994a489eb39f15f8700fc089: Not found: failed to reset TS proxy: Could not find TS for UUID 6a3b5a36994a489eb39f15f8700fc089
I0517 06:44:34.672920 8986 catalog_manager.cc:2791] Scheduling retry of b6bea5c6c58641f8ab69083b20103628 Delete Tablet RPC for TS=51cb8e32a7ed4c7dbd5b79785556c592 with a delay of 21 ms (attempt = 1)
W0517 06:44:34.673049 8986 catalog_manager.cc:3845] Failed to send b6bea5c6c58641f8ab69083b20103628 Delete Tablet RPC for TS=51cb8e32a7ed4c7dbd5b79785556c592: Not found: failed to reset TS proxy: Could not find TS for UUID 51cb8e32a7ed4c7dbd5b79785556c592
I0517 06:44:34.673319 8986 catalog_manager.cc:2791] Scheduling retry of b6bea5c6c58641f8ab69083b20103628 Delete Tablet RPC for TS=10206d3db30a45a3a4c5a415d3ed2beb with a delay of 34 ms (attempt = 1)
W0517 06:44:34.673519 8986 catalog_manager.cc:3845] Failed to send b6bea5c6c58641f8ab69083b20103628 Delete Tablet RPC for TS=10206d3db30a45a3a4c5a415d3ed2beb: Not found: failed to reset TS proxy: Could not find TS for UUID 10206d3db30a45a3a4c5a415d3ed2beb
I0517 06:44:34.674111 8986 catalog_manager.cc:3325] Sending ChangeConfig:ADD_PEER:NON_VOTER on tablet b6bea5c6c58641f8ab69083b20103628 (attempt 1)
I0517 06:44:34.678002 8985 catalog_manager.cc:3325] Sending ChangeConfig:ADD_PEER:NON_VOTER on tablet b6bea5c6c58641f8ab69083b20103628 (attempt 1)
I0517 06:44:34.685290 8473 consensus_peers.cc:456] T b6bea5c6c58641f8ab69083b20103628 P dafb8d2b9a584a74b41c05787477c5c2 -> Peer fc2430d5d05d4863b227c5cefc7ac460 (127.4.96.6:47664): Closing peer: fc2430d5d05d4863b227c5cefc7ac460
I0517 06:44:34.685684 8473 consensus_queue.cc:204] T b6bea5c6c58641f8ab69083b20103628 P dafb8d2b9a584a74b41c05787477c5c2 [LEADER]: Queue going to LEADER mode. State: All replicated index: 0, Majority replicated index: 3, Committed index: 3, Last appended: 3.3, Last appended by leader: 0, Current term: 3, Majority size: 2, State: 0, Mode: LEADER, active raft config: opid_index: 4 OBSOLETE_local: false peers { permanent_uuid: "dafb8d2b9a584a74b41c05787477c5c2" member_type: VOTER last_known_addr { host: "127.4.96.5" port: 54438 } } peers { permanent_uuid: "fc2430d5d05d4863b227c5cefc7ac460" member_type: VOTER last_known_addr { host: "127.4.96.6" port: 47664 } } peers { permanent_uuid: "580b6d55956e4c18bf9297327263345b" member_type: NON_VOTER last_known_addr { host: "127.4.96.2" port: 33256 } attrs { promote: true } } unsafe_config_change: true
I0517 06:44:34.688539 8597 raft_consensus.cc:1057] T b6bea5c6c58641f8ab69083b20103628 P fc2430d5d05d4863b227c5cefc7ac460 [term 3 FOLLOWER]: Refusing update from remote peer dafb8d2b9a584a74b41c05787477c5c2: Log matching property violated. Preceding OpId in replica: term: 3 index: 3. Preceding OpId from leader: term: 3 index: 4. (index mismatch)
