I0517 06:43:56.605429 4824 leader_election.cc:270] T 4d7fabdb13744d43bf3acde7ffa68834 P 8e4eb3f039b94bdf8696662c2647b757 [CANDIDATE]: Term 1 election: Election decided. Result: candidate won.
I0517 06:43:56.606552 4958 raft_consensus.cc:2511] T 4d7fabdb13744d43bf3acde7ffa68834 P 8e4eb3f039b94bdf8696662c2647b757 [term 1 FOLLOWER]: Leader election won for term 1
I0517 06:43:56.607527 4958 raft_consensus.cc:571] T 4d7fabdb13744d43bf3acde7ffa68834 P 8e4eb3f039b94bdf8696662c2647b757 [term 1 LEADER]: Becoming Leader. State: Replica: 8e4eb3f039b94bdf8696662c2647b757, State: Running, Role: LEADER
I0517 06:43:56.607906 4958 consensus_queue.cc:204] T 4d7fabdb13744d43bf3acde7ffa68834 P 8e4eb3f039b94bdf8696662c2647b757 [LEADER]: Queue going to LEADER mode. State: All replicated index: 0, Majority replicated index: 0, Committed index: 0, Last appended: 0.0, Last appended by leader: 0, Current term: 1, Majority size: 2, State: 0, Mode: LEADER, active raft config: opid_index: -1 OBSOLETE_local: false peers { permanent_uuid: "8e4eb3f039b94bdf8696662c2647b757" member_type: VOTER last_known_addr { host: "127.4.96.3" port: 53527 } } peers { permanent_uuid: "bc53d8f59e0f4eb6a9168d7162d16e90" member_type: VOTER last_known_addr { host: "127.4.96.2" port: 37860 } }
I0517 06:43:56.612300 4480 cluster_itest_util.cc:248] Not converged past 1 yet: 0.0 1.1
I0517 06:43:56.612932 4519 catalog_manager.cc:3686] T 4d7fabdb13744d43bf3acde7ffa68834 P 8e4eb3f039b94bdf8696662c2647b757 reported cstate change: term changed from 0 to 1, leader changed from to 8e4eb3f039b94bdf8696662c2647b757 (127.4.96.3). New cstate: current_term: 1 leader_uuid: "8e4eb3f039b94bdf8696662c2647b757" committed_config { opid_index: -1 OBSOLETE_local: false peers { permanent_uuid: "8e4eb3f039b94bdf8696662c2647b757" member_type: VOTER last_known_addr { host: "127.4.96.3" port: 53527 } health_report { overall_health: HEALTHY } } peers { permanent_uuid: "bc53d8f59e0f4eb6a9168d7162d16e90" member_type: VOTER last_known_addr { host: "127.4.96.2" port: 37860 } health_report { overall_health: UNKNOWN } } }
W0517 06:43:56.647483 4936 tablet.cc:1678] T 4d7fabdb13744d43bf3acde7ffa68834 P 8e4eb3f039b94bdf8696662c2647b757: Can't schedule compaction. Clean time has not been advanced past its initial value.
I0517 06:43:56.715042 4480 cluster_itest_util.cc:248] Not converged past 1 yet: 0.0 1.1
W0517 06:43:56.745496 4812 tablet.cc:1678] T 4d7fabdb13744d43bf3acde7ffa68834 P bc53d8f59e0f4eb6a9168d7162d16e90: Can't schedule compaction. Clean time has not been advanced past its initial value.
I0517 06:43:56.918365 4480 cluster_itest_util.cc:248] Not converged past 1 yet: 0.0 1.1
I0517 06:43:57.083659 4766 raft_consensus.cc:1057] T 4d7fabdb13744d43bf3acde7ffa68834 P bc53d8f59e0f4eb6a9168d7162d16e90 [term 1 FOLLOWER]: Refusing update from remote peer 8e4eb3f039b94bdf8696662c2647b757: Log matching property violated. Preceding OpId in replica: term: 0 index: 0. Preceding OpId from leader: term: 1 index: 1. (index mismatch)
I0517 06:43:57.085103 4958 consensus_queue.cc:963] T 4d7fabdb13744d43bf3acde7ffa68834 P 8e4eb3f039b94bdf8696662c2647b757 [LEADER]: Connected to new peer: Peer: permanent_uuid: "bc53d8f59e0f4eb6a9168d7162d16e90" member_type: VOTER last_known_addr { host: "127.4.96.2" port: 37860 }, Status: LMP_MISMATCH, Last received: 0.0, Next index: 1, Last known committed idx: 0, Time since last communication: 0.000s
I0517 06:43:57.221514 4480 test_util.cc:200] Using random seed: 686040691
I0517 06:43:57.241729 4480 test_workload.cc:306] TestWorkload: Skipping table creation because table TestTable already exists
I0517 06:43:57.247807 4480 kudu-admin-test.cc:167] Adding replica at tserver with UUID 2e4229deed6345d49e7fd2155ce9fda2 as VOTER...
W0517 06:43:57.414907 4973 flags.cc:406] Enabled unsafe flag: --never_fsync=true
I0517 06:43:57.730604 4892 consensus_peers.cc:456] T 4d7fabdb13744d43bf3acde7ffa68834 P 8e4eb3f039b94bdf8696662c2647b757 -> Peer bc53d8f59e0f4eb6a9168d7162d16e90 (127.4.96.2:37860): Closing peer: bc53d8f59e0f4eb6a9168d7162d16e90
I0517 06:43:57.731104 4892 consensus_queue.cc:204] T 4d7fabdb13744d43bf3acde7ffa68834 P 8e4eb3f039b94bdf8696662c2647b757 [LEADER]: Queue going to LEADER mode. State: All replicated index: 0, Majority replicated index: 49, Committed index: 49, Last appended: 1.49, Last appended by leader: 0, Current term: 1, Majority size: 2, State: 0, Mode: LEADER, active raft config: opid_index: 50 OBSOLETE_local: false peers { permanent_uuid: "8e4eb3f039b94bdf8696662c2647b757" member_type: VOTER last_known_addr { host: "127.4.96.3" port: 53527 } } peers { permanent_uuid: "bc53d8f59e0f4eb6a9168d7162d16e90" member_type: VOTER last_known_addr { host: "127.4.96.2" port: 37860 } } peers { permanent_uuid: "2e4229deed6345d49e7fd2155ce9fda2" member_type: VOTER last_known_addr { host: "127.4.96.1" port: 44572 } }
I0517 06:43:57.735263 4766 raft_consensus.cc:1057] T 4d7fabdb13744d43bf3acde7ffa68834 P bc53d8f59e0f4eb6a9168d7162d16e90 [term 1 FOLLOWER]: Refusing update from remote peer 8e4eb3f039b94bdf8696662c2647b757: Log matching property violated. Preceding OpId in replica: term: 1 index: 49. Preceding OpId from leader: term: 1 index: 51. (index mismatch)
I0517 06:43:57.736244 4962 consensus_queue.cc:963] T 4d7fabdb13744d43bf3acde7ffa68834 P 8e4eb3f039b94bdf8696662c2647b757 [LEADER]: Connected to new peer: Peer: permanent_uuid: "bc53d8f59e0f4eb6a9168d7162d16e90" member_type: VOTER last_known_addr { host: "127.4.96.2" port: 37860 }, Status: LMP_MISMATCH, Last received: 0.0, Next index: 50, Last known committed idx: 49, Time since last communication: 0.000s
I0517 06:43:57.741837 4958 raft_consensus.cc:2658] T 4d7fabdb13744d43bf3acde7ffa68834 P 8e4eb3f039b94bdf8696662c2647b757 [term 1 LEADER]: Committing config change with OpId 1.50: config changed from index -1 to 50, VOTER 2e4229deed6345d49e7fd2155ce9fda2 (127.4.96.1) added. New config: { opid_index: 50 OBSOLETE_local: false peers { permanent_uuid: "8e4eb3f039b94bdf8696662c2647b757" member_type: VOTER last_known_addr { host: "127.4.96.3" port: 53527 } } peers { permanent_uuid: "bc53d8f59e0f4eb6a9168d7162d16e90" member_type: VOTER last_known_addr { host: "127.4.96.2" port: 37860 } } peers { permanent_uuid: "2e4229deed6345d49e7fd2155ce9fda2" member_type: VOTER last_known_addr { host: "127.4.96.1" port: 44572 } } }
I0517 06:43:57.743161 4766 raft_consensus.cc:2658] T 4d7fabdb13744d43bf3acde7ffa68834 P bc53d8f59e0f4eb6a9168d7162d16e90 [term 1 FOLLOWER]: Committing config change with OpId 1.50: config changed from index -1 to 50, VOTER 2e4229deed6345d49e7fd2155ce9fda2 (127.4.96.1) added. New config: { opid_index: 50 OBSOLETE_local: false peers { permanent_uuid: "8e4eb3f039b94bdf8696662c2647b757" member_type: VOTER last_known_addr { host: "127.4.96.3" port: 53527 } } peers { permanent_uuid: "bc53d8f59e0f4eb6a9168d7162d16e90" member_type: VOTER last_known_addr { host: "127.4.96.2" port: 37860 } } peers { permanent_uuid: "2e4229deed6345d49e7fd2155ce9fda2" member_type: VOTER last_known_addr { host: "127.4.96.1" port: 44572 } } }
I0517 06:43:57.751518 4519 catalog_manager.cc:3686] T 4d7fabdb13744d43bf3acde7ffa68834 P bc53d8f59e0f4eb6a9168d7162d16e90 reported cstate change: config changed from index -1 to 50, VOTER 2e4229deed6345d49e7fd2155ce9fda2 (127.4.96.1) added. New cstate: current_term: 1 leader_uuid: "8e4eb3f039b94bdf8696662c2647b757" committed_config { opid_index: 50 OBSOLETE_local: false peers { permanent_uuid: "8e4eb3f039b94bdf8696662c2647b757" member_type: VOTER last_known_addr { host: "127.4.96.3" port: 53527 } } peers { permanent_uuid: "bc53d8f59e0f4eb6a9168d7162d16e90" member_type: VOTER last_known_addr { host: "127.4.96.2" port: 37860 } } peers { permanent_uuid: "2e4229deed6345d49e7fd2155ce9fda2" member_type: VOTER last_known_addr { host: "127.4.96.1" port: 44572 } } }
W0517 06:43:57.773993 4824 consensus_peers.cc:434] T 4d7fabdb13744d43bf3acde7ffa68834 P 8e4eb3f039b94bdf8696662c2647b757 -> Peer 2e4229deed6345d49e7fd2155ce9fda2 (127.4.96.1:44572): Couldn't send request to peer 2e4229deed6345d49e7fd2155ce9fda2 for tablet 4d7fabdb13744d43bf3acde7ffa68834. Error code: TABLET_NOT_FOUND (6). Status: Not found: Tablet not found: 4d7fabdb13744d43bf3acde7ffa68834. Retrying in the next heartbeat period. Already tried 1 times.
I0517 06:43:58.154829 5001 ts_tablet_manager.cc:669] T 4d7fabdb13744d43bf3acde7ffa68834 P 2e4229deed6345d49e7fd2155ce9fda2: Initiating tablet copy from peer 8e4eb3f039b94bdf8696662c2647b757 (127.4.96.3:53527)
I0517 06:43:58.155141 5001 tablet_copy_client.cc:239] T 4d7fabdb13744d43bf3acde7ffa68834 P 2e4229deed6345d49e7fd2155ce9fda2: tablet copy: Beginning tablet copy session from remote peer at address 127.4.96.3:53527
I0517 06:43:58.168611 4912 tablet_copy_service.cc:133] P 8e4eb3f039b94bdf8696662c2647b757: Received BeginTabletCopySession request for tablet 4d7fabdb13744d43bf3acde7ffa68834 from peer 2e4229deed6345d49e7fd2155ce9fda2 ({username='slave'} at 127.4.96.1:47145)
I0517 06:43:58.168871 4912 tablet_copy_service.cc:154] P 8e4eb3f039b94bdf8696662c2647b757: Beginning new tablet copy session on tablet 4d7fabdb13744d43bf3acde7ffa68834 from peer 2e4229deed6345d49e7fd2155ce9fda2 at {username='slave'} at 127.4.96.1:47145: session id = 2e4229deed6345d49e7fd2155ce9fda2-4d7fabdb13744d43bf3acde7ffa68834
I0517 06:43:58.172823 4912 tablet_copy_source_session.cc:202] T 4d7fabdb13744d43bf3acde7ffa68834 P 8e4eb3f039b94bdf8696662c2647b757: Tablet Copy: opened 0 blocks and 1 log segments
I0517 06:43:58.175400 5001 data_dirs.cc:934] Could only allocate 1 dirs of requested 3 for tablet 4d7fabdb13744d43bf3acde7ffa68834. 1 dirs total, 0 dirs full, 0 dirs failed
I0517 06:43:58.188721 5001 ts_tablet_manager.cc:1173] T 4d7fabdb13744d43bf3acde7ffa68834 P 2e4229deed6345d49e7fd2155ce9fda2: Registered tablet (data state: TABLET_DATA_COPYING)
I0517 06:43:58.189085 5001 tablet_copy_client.cc:565] T 4d7fabdb13744d43bf3acde7ffa68834 P 2e4229deed6345d49e7fd2155ce9fda2: tablet copy: Starting download of 0 data blocks...
I0517 06:43:58.189431 5001 tablet_copy_client.cc:528] T 4d7fabdb13744d43bf3acde7ffa68834 P 2e4229deed6345d49e7fd2155ce9fda2: tablet copy: Starting download of 1 WAL segments...
I0517 06:43:58.192641 5001 tablet_copy_client.cc:404] T 4d7fabdb13744d43bf3acde7ffa68834 P 2e4229deed6345d49e7fd2155ce9fda2: tablet copy: Tablet Copy complete. Replacing tablet superblock.
I0517 06:43:58.196574 5001 ts_tablet_manager.cc:1028] T 4d7fabdb13744d43bf3acde7ffa68834 P 2e4229deed6345d49e7fd2155ce9fda2: Bootstrapping tablet
I0517 06:43:58.196913 5001 tablet_bootstrap.cc:436] T 4d7fabdb13744d43bf3acde7ffa68834 P 2e4229deed6345d49e7fd2155ce9fda2: Bootstrap starting.
I0517 06:43:58.221169 5001 log.cc:520] T 4d7fabdb13744d43bf3acde7ffa68834 P 2e4229deed6345d49e7fd2155ce9fda2: Log is configured to *not* fsync() on all Append() calls
I0517 06:43:58.402740 5001 tablet_bootstrap.cc:436] T 4d7fabdb13744d43bf3acde7ffa68834 P 2e4229deed6345d49e7fd2155ce9fda2: Bootstrap replayed 1/1 log segments. Stats: ops{read=109 overwritten=0 applied=108 ignored=0} inserts{seen=106 ignored=0} mutations{seen=0 ignored=0} orphaned_commits=0. Pending: 1 replicates
I0517 06:43:58.403311 5001 tablet_bootstrap.cc:436] T 4d7fabdb13744d43bf3acde7ffa68834 P 2e4229deed6345d49e7fd2155ce9fda2: Bootstrap complete.
I0517 06:43:58.403690 5001 ts_tablet_manager.cc:1045] T 4d7fabdb13744d43bf3acde7ffa68834 P 2e4229deed6345d49e7fd2155ce9fda2: Time spent bootstrapping tablet: real 0.207s user 0.164s sys 0.024s
I0517 06:43:58.411931 5001 raft_consensus.cc:303] T 4d7fabdb13744d43bf3acde7ffa68834 P 2e4229deed6345d49e7fd2155ce9fda2 [term 1 FOLLOWER]: Replica starting. Triggering 1 pending transactions. Active config: opid_index: 50 OBSOLETE_local: false peers { permanent_uuid: "8e4eb3f039b94bdf8696662c2647b757" member_type: VOTER last_known_addr { host: "127.4.96.3" port: 53527 } } peers { permanent_uuid: "bc53d8f59e0f4eb6a9168d7162d16e90" member_type: VOTER last_known_addr { host: "127.4.96.2" port: 37860 } } peers { permanent_uuid: "2e4229deed6345d49e7fd2155ce9fda2" member_type: VOTER last_known_addr { host: "127.4.96.1" port: 44572 } }
I0517 06:43:58.415783 5001 raft_consensus.cc:604] T 4d7fabdb13744d43bf3acde7ffa68834 P 2e4229deed6345d49e7fd2155ce9fda2 [term 1 FOLLOWER]: Becoming Follower/Learner. State: Replica: 2e4229deed6345d49e7fd2155ce9fda2, State: Initialized, Role: FOLLOWER
I0517 06:43:58.416188 5001 consensus_queue.cc:227] T 4d7fabdb13744d43bf3acde7ffa68834 P 2e4229deed6345d49e7fd2155ce9fda2 [NON_LEADER]: Queue going to NON_LEADER mode. State: All replicated index: 0, Majority replicated index: 0, Committed index: 108, Last appended: 1.109, Last appended by leader: 109, Current term: 0, Majority size: -1, State: 0, Mode: NON_LEADER, active raft config: opid_index: 50 OBSOLETE_local: false peers { permanent_uuid: "8e4eb3f039b94bdf8696662c2647b757" member_type: VOTER last_known_addr { host: "127.4.96.3" port: 53527 } } peers { permanent_uuid: "bc53d8f59e0f4eb6a9168d7162d16e90" member_type: VOTER last_known_addr { host: "127.4.96.2" port: 37860 } } peers { permanent_uuid: "2e4229deed6345d49e7fd2155ce9fda2" member_type: VOTER last_known_addr { host: "127.4.96.1" port: 44572 } }
I0517 06:43:58.423429 5001 ts_tablet_manager.cc:1073] T 4d7fabdb13744d43bf3acde7ffa68834 P 2e4229deed6345d49e7fd2155ce9fda2: Time spent starting tablet: real 0.020s user 0.012s sys 0.004s
I0517 06:43:58.424916 4912 tablet_copy_service.cc:323] P 8e4eb3f039b94bdf8696662c2647b757: Request end of tablet copy session 2e4229deed6345d49e7fd2155ce9fda2-4d7fabdb13744d43bf3acde7ffa68834 received from {username='slave'} at 127.4.96.1:47145
I0517 06:43:58.425153 4912 tablet_copy_service.cc:411] P 8e4eb3f039b94bdf8696662c2647b757: Ending tablet copy session 2e4229deed6345d49e7fd2155ce9fda2-4d7fabdb13744d43bf3acde7ffa68834 on tablet 4d7fabdb13744d43bf3acde7ffa68834 with peer 2e4229deed6345d49e7fd2155ce9fda2
I0517 06:43:58.592051 4642 raft_consensus.cc:1002] T 4d7fabdb13744d43bf3acde7ffa68834 P 2e4229deed6345d49e7fd2155ce9fda2 [term 1 FOLLOWER]: Deduplicated request from leader. Original: 1.49->[1.50-1.162] Dedup: 1.109->[1.110-1.162]
I0517 06:43:58.778213 4480 kudu-admin-test.cc:187] Waiting for replicas to agree...
I0517 06:43:58.793802 4480 kudu-admin-test.cc:198] Number of rows inserted: 182 Master Summary UUID | Address | Status ----------------------------------+-------------------+--------- 8e982a9b5e224d82b0765bcdf6c74469 | 127.4.96.62:58766 | HEALTHY Tablet Server Summary UUID | Address | Status ----------------------------------+------------------+--------- 2e4229deed6345d49e7fd2155ce9fda2 | 127.4.96.1:44572 | HEALTHY 8e4eb3f039b94bdf8696662c2647b757 | 127.4.96.3:53527 | HEALTHY bc53d8f59e0f4eb6a9168d7162d16e90 | 127.4.96.2:37860 | HEALTHY Summary by table Name | RF | Status | Total Tablets | Healthy | Recovering | Under-replicated | Unavailable -----------+----+---------+---------------+---------+------------+------------------+------------- TestTable | 2 | HEALTHY | 1 | 1 | 0 | 0 | 0 | Total Count ----------------+------------- Masters | 1 Tablet Servers | 3 Tables | 1 Tablets | 1 Replicas | 3 OK
I0517 06:43:58.879758 4480 log_verifier.cc:121] Checking tablet 4d7fabdb13744d43bf3acde7ffa68834
I0517 06:43:59.096623 4480 log_verifier.cc:172] Verified matching terms for 184 ops in tablet 4d7fabdb13744d43bf3acde7ffa68834
I0517 06:43:59.134057 4480 kudu-admin-test.cc:205] Removing replica at tserver with UUID 2e4229deed6345d49e7fd2155ce9fda2 from the config...
W0517 06:43:59.259461 5042 flags.cc:406] Enabled unsafe flag: --never_fsync=true
I0517 06:43:59.639753 4892 consensus_peers.cc:456] T 4d7fabdb13744d43bf3acde7ffa68834 P 8e4eb3f039b94bdf8696662c2647b757 -> Peer 2e4229deed6345d49e7fd2155ce9fda2 (127.4.96.1:44572): Closing peer: 2e4229deed6345d49e7fd2155ce9fda2
I0517 06:43:59.639937 4892 consensus_peers.cc:456] T 4d7fabdb13744d43bf3acde7ffa68834 P 8e4eb3f039b94bdf8696662c2647b757 -> Peer bc53d8f59e0f4eb6a9168d7162d16e90 (127.4.96.2:37860): Closing peer: bc53d8f59e0f4eb6a9168d7162d16e90
I0517 06:43:59.640374 4892 consensus_queue.cc:204] T 4d7fabdb13744d43bf3acde7ffa68834 P 8e4eb3f039b94bdf8696662c2647b757 [LEADER]: Queue going to LEADER mode. State: All replicated index: 0, Majority replicated index: 184, Committed index: 184, Last appended: 1.184, Last appended by leader: 0, Current term: 1, Majority size: 2, State: 0, Mode: LEADER, active raft config: opid_index: 185 OBSOLETE_local: false peers { permanent_uuid: "8e4eb3f039b94bdf8696662c2647b757" member_type: VOTER last_known_addr { host: "127.4.96.3" port: 53527 } } peers { permanent_uuid: "bc53d8f59e0f4eb6a9168d7162d16e90" member_type: VOTER last_known_addr { host: "127.4.96.2" port: 37860 } }
I0517 06:43:59.643245 4767 raft_consensus.cc:1057] T 4d7fabdb13744d43bf3acde7ffa68834 P bc53d8f59e0f4eb6a9168d7162d16e90 [term 1 FOLLOWER]: Refusing update from remote peer 8e4eb3f039b94bdf8696662c2647b757: Log matching property violated. Preceding OpId in replica: term: 1 index: 184. Preceding OpId from leader: term: 1 index: 185. (index mismatch)
I0517 06:43:59.644337 4958 consensus_queue.cc:963] T 4d7fabdb13744d43bf3acde7ffa68834 P 8e4eb3f039b94bdf8696662c2647b757 [LEADER]: Connected to new peer: Peer: permanent_uuid: "bc53d8f59e0f4eb6a9168d7162d16e90" member_type: VOTER last_known_addr { host: "127.4.96.2" port: 37860 }, Status: LMP_MISMATCH, Last received: 0.0, Next index: 185, Last known committed idx: 184, Time since last communication: 0.000s
I0517 06:43:59.658450 5056 raft_consensus.cc:2658] T 4d7fabdb13744d43bf3acde7ffa68834 P 8e4eb3f039b94bdf8696662c2647b757 [term 1 LEADER]: Committing config change with OpId 1.185: config changed from index 50 to 185, VOTER 2e4229deed6345d49e7fd2155ce9fda2 (127.4.96.1) evicted. New config: { opid_index: 185 OBSOLETE_local: false peers { permanent_uuid: "8e4eb3f039b94bdf8696662c2647b757" member_type: VOTER last_known_addr { host: "127.4.96.3" port: 53527 } } peers { permanent_uuid: "bc53d8f59e0f4eb6a9168d7162d16e90" member_type: VOTER last_known_addr { host: "127.4.96.2" port: 37860 } } }
I0517 06:43:59.659209 4767 raft_consensus.cc:2658] T 4d7fabdb13744d43bf3acde7ffa68834 P bc53d8f59e0f4eb6a9168d7162d16e90 [term 1 FOLLOWER]: Committing config change with OpId 1.185: config changed from index 50 to 185, VOTER 2e4229deed6345d49e7fd2155ce9fda2 (127.4.96.1) evicted. New config: { opid_index: 185 OBSOLETE_local: false peers { permanent_uuid: "8e4eb3f039b94bdf8696662c2647b757" member_type: VOTER last_known_addr { host: "127.4.96.3" port: 53527 } } peers { permanent_uuid: "bc53d8f59e0f4eb6a9168d7162d16e90" member_type: VOTER last_known_addr { host: "127.4.96.2" port: 37860 } } }
I0517 06:43:59.669385 4520 catalog_manager.cc:3686] T 4d7fabdb13744d43bf3acde7ffa68834 P 8e4eb3f039b94bdf8696662c2647b757 reported cstate change: config changed from index 50 to 185, VOTER 2e4229deed6345d49e7fd2155ce9fda2 (127.4.96.1) evicted. New cstate: current_term: 1 leader_uuid: "8e4eb3f039b94bdf8696662c2647b757" committed_config { opid_index: 185 OBSOLETE_local: false peers { permanent_uuid: "8e4eb3f039b94bdf8696662c2647b757" member_type: VOTER last_known_addr { host: "127.4.96.3" port: 53527 } health_report { overall_health: HEALTHY } } peers { permanent_uuid: "bc53d8f59e0f4eb6a9168d7162d16e90" member_type: VOTER last_known_addr { host: "127.4.96.2" port: 37860 } health_report { overall_health: HEALTHY } } }
I0517 06:43:59.697077 4520 catalog_manager.cc:3013] Sending DeleteTablet(TABLET_DATA_TOMBSTONED) for tablet 4d7fabdb13744d43bf3acde7ffa68834 on 2e4229deed6345d49e7fd2155ce9fda2 (127.4.96.1:44572) (TS 2e4229deed6345d49e7fd2155ce9fda2 not found in new config with opid_index 185)
I0517 06:43:59.718417 4622 tablet_service.cc:800] Processing DeleteTablet for tablet 4d7fabdb13744d43bf3acde7ffa68834 with delete_type TABLET_DATA_TOMBSTONED (TS 2e4229deed6345d49e7fd2155ce9fda2 not found in new config with opid_index 185) from {username='slave'} at 127.0.0.1:55008
I0517 06:43:59.730648 5065 tablet_replica.cc:261] T 4d7fabdb13744d43bf3acde7ffa68834 P 2e4229deed6345d49e7fd2155ce9fda2: stopping tablet replica
I0517 06:43:59.730893 5065 maintenance_manager.cc:237] P 2e4229deed6345d49e7fd2155ce9fda2: Unregistered op CompactRowSetsOp(4d7fabdb13744d43bf3acde7ffa68834)
I0517 06:43:59.731065 5065 maintenance_manager.cc:237] P 2e4229deed6345d49e7fd2155ce9fda2: Unregistered op MinorDeltaCompactionOp(4d7fabdb13744d43bf3acde7ffa68834)
I0517 06:43:59.731225 5065 maintenance_manager.cc:237] P 2e4229deed6345d49e7fd2155ce9fda2: Unregistered op MajorDeltaCompactionOp(4d7fabdb13744d43bf3acde7ffa68834)
I0517 06:43:59.731367 5065 maintenance_manager.cc:237] P 2e4229deed6345d49e7fd2155ce9fda2: Unregistered op UndoDeltaBlockGCOp(4d7fabdb13744d43bf3acde7ffa68834)
I0517 06:43:59.731542 5065 maintenance_manager.cc:237] P 2e4229deed6345d49e7fd2155ce9fda2: Unregistered op FlushMRSOp(4d7fabdb13744d43bf3acde7ffa68834)
I0517 06:43:59.731683 5065 maintenance_manager.cc:237] P 2e4229deed6345d49e7fd2155ce9fda2: Unregistered op FlushDeltaMemStoresOp(4d7fabdb13744d43bf3acde7ffa68834)
I0517 06:43:59.731812 5065 maintenance_manager.cc:237] P 2e4229deed6345d49e7fd2155ce9fda2: Unregistered op LogGCOp(4d7fabdb13744d43bf3acde7ffa68834)
I0517 06:43:59.731990 5065 raft_consensus.cc:2016] T 4d7fabdb13744d43bf3acde7ffa68834 P 2e4229deed6345d49e7fd2155ce9fda2 [term 1 FOLLOWER]: Raft consensus shutting down.
I0517 06:43:59.732264 5065 raft_consensus.cc:2043] T 4d7fabdb13744d43bf3acde7ffa68834 P 2e4229deed6345d49e7fd2155ce9fda2 [term 1 FOLLOWER]: Raft consensus is shut down!
I0517 06:43:59.735107 5065 ts_tablet_manager.cc:1369] T 4d7fabdb13744d43bf3acde7ffa68834 P 2e4229deed6345d49e7fd2155ce9fda2: Deleting tablet data with delete state TABLET_DATA_TOMBSTONED
I0517 06:43:59.740716 5065 ts_tablet_manager.cc:1382] T 4d7fabdb13744d43bf3acde7ffa68834 P 2e4229deed6345d49e7fd2155ce9fda2: tablet deleted with delete type TABLET_DATA_TOMBSTONED: last-logged OpId 1.184
I0517 06:43:59.740936 5065 log.cc:981] T 4d7fabdb13744d43bf3acde7ffa68834 P 2e4229deed6345d49e7fd2155ce9fda2: Deleting WAL directory at /tmp/dist-test-task4QLboq/test-tmp/kudu-admin-test.0.AdminCliTest.TestChangeConfig.1526539434354140-4480/raft_consensus-itest-cluster/ts-0/wal/wals/4d7fabdb13744d43bf3acde7ffa68834
I0517 06:43:59.742025 4502 catalog_manager.cc:2991] TS 2e4229deed6345d49e7fd2155ce9fda2 (127.4.96.1:44572): tablet 4d7fabdb13744d43bf3acde7ffa68834 (table TestTable [id=d57d87d07ed94a769cbfec5a0bd4c4e9]) successfully deleted
I0517 06:44:00.681856 4480 external_mini_cluster.cc:978] Killing /tmp/dist-test-task4QLboq/build/tsan/bin/kudu-tserver with pid 4554
W0517 06:44:00.704752 4500 connection.cc:512] server connection from 127.4.96.1:38375 recv error: Network error: failed to read from TLS socket (remote: 127.4.96.1:38375): Connection reset by peer (error 104)
W0517 06:44:00.705519 4824 connection.cc:512] client connection to 127.4.96.1:44572 recv error: Network error: failed to read from TLS socket (remote: 127.4.96.1:44572): Connection reset by peer (error 104)
W0517 06:44:00.707037 4826 connection.cc:512] server connection from 127.4.96.1:47145 recv error: Network error: failed to read from TLS socket (remote: 127.4.96.1:47145): Connection reset by peer (error 104)
W0517 06:44:00.707890 4502 connection.cc:512] client connection to 127.4.96.1:44572 recv error: Network error: failed to read from TLS socket (remote: 127.4.96.1:44572): Connection reset by peer (error 104)
I0517 06:44:00.708951 4480 external_mini_cluster.cc:978] Killing /tmp/dist-test-task4QLboq/build/tsan/bin/kudu-tserver with pid 4688
W0517 06:44:00.704900 4491 connection.cc:512] client connection to 127.4.96.1:44572 recv error: Network error: failed to read from TLS socket (remote: 127.4.96.1:44572): Connection reset by peer (error 104)
W0517 06:44:00.706593 4488 connection.cc:512] client connection to 127.4.96.1:44572 recv error: Network error: failed to read from TLS socket (remote: 127.4.96.1:44572): Connection reset by peer (error 104)
W0517 06:44:00.738479 4502 connection.cc:512] client connection to 127.4.96.2:37860 recv error: Network error: failed to read from TLS socket (remote: 127.4.96.2:37860): Connection reset by peer (error 104)
W0517 06:44:00.738528 4500 connection.cc:512] server connection from 127.4.96.2:55215 recv error: Network error: failed to read from TLS socket (remote: 127.4.96.2:55215): Connection reset by peer (error 104)
W0517 06:44:00.739233 4824 connection.cc:512] client connection to 127.4.96.2:37860 recv error: Network error: failed to read from TLS socket (remote: 127.4.96.2:37860): Connection reset by peer (error 104)
W0517 06:44:00.739224 4491 connection.cc:512] client connection to 127.4.96.2:37860 recv error: Network error: failed to read from TLS socket (remote: 127.4.96.2:37860): Connection reset by peer (error 104)
I0517 06:44:00.739367 4480 external_mini_cluster.cc:978] Killing /tmp/dist-test-task4QLboq/build/tsan/bin/kudu-tserver with pid 4811
W0517 06:44:00.740391 4488 connection.cc:512] client connection to 127.4.96.2:37860 recv error: Network error: failed to read from TLS socket (remote: 127.4.96.2:37860): Connection reset by peer (error 104)
W0517 06:44:00.780040 4504 connection.cc:512] server connection from 127.4.96.3:44978 recv error: Network error: failed to read from TLS socket (remote: 127.4.96.3:44978): Connection reset by peer (error 104)
W0517 06:44:00.780117 4490 connection.cc:512] client connection to 127.4.96.3:53527 recv error: Network error: failed to read from TLS socket (remote: 127.4.96.3:53527): Connection reset by peer (error 104)
W0517 06:44:00.780617 4504 connection.cc:512] client connection to 127.4.96.3:53527 recv error: Network error: failed to read from TLS socket (remote: 127.4.96.3:53527): Connection reset by peer (error 104)
I0517 06:44:00.781141 4480 external_mini_cluster.cc:978] Killing /tmp/dist-test-task4QLboq/build/tsan/bin/kudu-master with pid 4492
W0517 06:44:00.781363 4491 connection.cc:512] client connection to 127.4.96.3:53527 recv error: Network error: failed to read from TLS socket (remote: 127.4.96.3:53527): Connection reset by peer (error 104)
W0517 06:44:00.803704 4491 connection.cc:512] client connection to 127.4.96.62:58766 recv error: Network error: failed to read from TLS socket (remote: 127.4.96.62:58766): Connection reset by peer (error 104) [ OK ] AdminCliTest.TestChangeConfig (6402 ms) [ RUN ] AdminCliTest.TestUnsafeChangeConfigOnSingleFollower
I0517 06:44:00.815937 4480 test_util.cc:200] Using random seed: 689635112
I0517 06:44:00.819034 4480 ts_itest-base.cc:113] Starting cluster with:
I0517 06:44:00.819136 4480 ts_itest-base.cc:114] --------------
I0517 06:44:00.819226 4480 ts_itest-base.cc:115] 5 tablet servers
I0517 06:44:00.819327 4480 ts_itest-base.cc:116] 3 replicas per TS
I0517 06:44:00.819419 4480 ts_itest-base.cc:117] --------------
I0517 06:44:00.821734 4480 external_mini_cluster.cc:786] Running /tmp/dist-test-task4QLboq/build/tsan/bin/kudu-master /tmp/dist-test-task4QLboq/build/tsan/bin/kudu-master --fs_wal_dir=/tmp/dist-test-task4QLboq/test-tmp/kudu-admin-test.0.AdminCliTest.TestUnsafeChangeConfigOnSingleFollower.1526539434354140-4480/raft_consensus-itest-cluster/master-0/wal --fs_data_dirs=/tmp/dist-test-task4QLboq/test-tmp/kudu-admin-test.0.AdminCliTest.TestUnsafeChangeConfigOnSingleFollower.1526539434354140-4480/raft_consensus-itest-cluster/master-0/data --block_manager=log --webserver_interface=localhost --ipki_ca_key_size=1024 --tsk_num_rsa_bits=512 --rpc_bind_addresses=127.4.96.62:49034 --webserver_interface=127.4.96.62 --webserver_port=0 --never_fsync --ipki_server_key_size=1024 --enable_minidumps=false --redact=none --metrics_log_interval_ms=1000 --logtostderr --logbuflevel=-1 --log_dir=/tmp/dist-test-task4QLboq/test-tmp/kudu-admin-test.0.AdminCliTest.TestUnsafeChangeConfigOnSingleFollower.1526539434354140-4480/raft_consensus-itest-cluster/master-0/logs --server_dump_info_path=/tmp/dist-test-task4QLboq/test-tmp/kudu-admin-test.0.AdminCliTest.TestUnsafeChangeConfigOnSingleFollower.1526539434354140-4480/raft_consensus-itest-cluster/master-0/data/info.pb --server_dump_info_format=pb --rpc_server_allow_ephemeral_ports --unlock_experimental_flags --unlock_unsafe_flags --rpc_reuseport=true with env {} WARNING: Logging before InitGoogleLogging() is written to STDERR
W0517 06:44:00.933727 5072 flags.cc:406] Enabled unsafe flag: --rpc_server_allow_ephemeral_ports=true
W0517 06:44:00.934062 5072 flags.cc:406] Enabled unsafe flag: --never_fsync=true
W0517 06:44:00.942894 5072 flags.cc:406] Enabled experimental flag: --ipki_ca_key_size=1024
W0517 06:44:00.943014 5072 flags.cc:406] Enabled experimental flag: --ipki_server_key_size=1024
W0517 06:44:00.943114 5072 flags.cc:406] Enabled experimental flag: --tsk_num_rsa_bits=512
W0517 06:44:00.943223 5072 flags.cc:406] Enabled experimental flag: --rpc_reuseport=true
I0517 06:44:00.957026 5072 master_main.cc:73] Master server non-default flags: --fs_data_dirs=/tmp/dist-test-task4QLboq/test-tmp/kudu-admin-test.0.AdminCliTest.TestUnsafeChangeConfigOnSingleFollower.1526539434354140-4480/raft_consensus-itest-cluster/master-0/data --fs_wal_dir=/tmp/dist-test-task4QLboq/test-tmp/kudu-admin-test.0.AdminCliTest.TestUnsafeChangeConfigOnSingleFollower.1526539434354140-4480/raft_consensus-itest-cluster/master-0/wal --ipki_ca_key_size=1024 --ipki_server_key_size=1024 --tsk_num_rsa_bits=512 --rpc_bind_addresses=127.4.96.62:49034 --rpc_reuseport=true --rpc_server_allow_ephemeral_ports=true --metrics_log_interval_ms=1000 --server_dump_info_format=pb --server_dump_info_path=/tmp/dist-test-task4QLboq/test-tmp/kudu-admin-test.0.AdminCliTest.TestUnsafeChangeConfigOnSingleFollower.1526539434354140-4480/raft_consensus-itest-cluster/master-0/data/info.pb --webserver_interface=127.4.96.62 --webserver_port=0 --never_fsync=true --redact=none --unlock_experimental_flags=true --unlock_unsafe_flags=true --enable_minidumps=false --log_dir=/tmp/dist-test-task4QLboq/test-tmp/kudu-admin-test.0.AdminCliTest.TestUnsafeChangeConfigOnSingleFollower.1526539434354140-4480/raft_consensus-itest-cluster/master-0/logs --logbuflevel=-1 --logtostderr=true Master server version: kudu 1.8.0-SNAPSHOT revision f969af316286807a745fa39b9c2ee604c88b63c9 build type FASTDEBUG built by None at 17 May 2018 06:38:04 UTC on jenkins-slave-snjf build id 13499 TSAN enabled
I0517 06:44:00.964711 5072 master_main.cc:80] Initializing master server...
I0517 06:44:00.966208 5072 system_ntp.cc:143] NTP initialized. Skew: 500ppm Current error: 119319us
I0517 06:44:00.966919 5072 fs_manager.cc:260] Metadata directory not provided
I0517 06:44:00.967044 5072 fs_manager.cc:266] Using write-ahead log directory (fs_wal_dir) as metadata directory
I0517 06:44:00.967247 5072 server_base.cc:432] Could not load existing FS layout: Not found: /tmp/dist-test-task4QLboq/test-tmp/kudu-admin-test.0.AdminCliTest.TestUnsafeChangeConfigOnSingleFollower.1526539434354140-4480/raft_consensus-itest-cluster/master-0/data/instance: No such file or directory (error 2)
I0517 06:44:00.967355 5072 server_base.cc:433] Attempting to create new FS layout instead
I0517 06:44:00.974674 5072 fs_manager.cc:595] Generated new instance metadata in path /tmp/dist-test-task4QLboq/test-tmp/kudu-admin-test.0.AdminCliTest.TestUnsafeChangeConfigOnSingleFollower.1526539434354140-4480/raft_consensus-itest-cluster/master-0/data/instance: uuid: "d199232303f34e778806ea6eeafe02cb" format_stamp: "Formatted at 2018-05-17 06:44:00 on dist-test-slave-dist-test-slave-26mv"
I0517 06:44:00.975325 5072 fs_manager.cc:595] Generated new instance metadata in path /tmp/dist-test-task4QLboq/test-tmp/kudu-admin-test.0.AdminCliTest.TestUnsafeChangeConfigOnSingleFollower.1526539434354140-4480/raft_consensus-itest-cluster/master-0/wal/instance: uuid: "d199232303f34e778806ea6eeafe02cb" format_stamp: "Formatted at 2018-05-17 06:44:00 on dist-test-slave-dist-test-slave-26mv"
I0517 06:44:00.984810 5072 fs_manager.cc:495] Time spent creating directory manager: real 0.009s user 0.012s sys 0.000s
I0517 06:44:00.985910 5072 env_posix.cc:1643] Not raising this process' open files per process limit of 65536; it is already as high as it can go
I0517 06:44:00.986330 5072 file_cache.cc:470] Constructed file cache lbm with capacity 26214
I0517 06:44:00.992651 5072 fs_manager.cc:417] Time spent opening block manager: real 0.001s user 0.004s sys 0.000s
I0517 06:44:00.992758 5072 fs_manager.cc:428] Opened local filesystem: /tmp/dist-test-task4QLboq/test-tmp/kudu-admin-test.0.AdminCliTest.TestUnsafeChangeConfigOnSingleFollower.1526539434354140-4480/raft_consensus-itest-cluster/master-0/data,/tmp/dist-test-task4QLboq/test-tmp/kudu-admin-test.0.AdminCliTest.TestUnsafeChangeConfigOnSingleFollower.1526539434354140-4480/raft_consensus-itest-cluster/master-0/wal uuid: "d199232303f34e778806ea6eeafe02cb" format_stamp: "Formatted at 2018-05-17 06:44:00 on dist-test-slave-dist-test-slave-26mv"
I0517 06:44:00.992939 5072 fs_report.cc:347] Block manager report -------------------- 1 data directories: /tmp/dist-test-task4QLboq/test-tmp/kudu-admin-test.0.AdminCliTest.TestUnsafeChangeConfigOnSingleFollower.1526539434354140-4480/raft_consensus-itest-cluster/master-0/data/data Total live blocks: 0 Total live bytes: 0 Total live bytes (after alignment): 0 Total number of LBM containers: 0 (0 full) Did not check for missing blocks Did not check for orphaned blocks Total full LBM containers with extra space: 0 (0 repaired) Total full LBM container extra space in bytes: 0 (0 repaired) Total incomplete LBM containers: 0 (0 repaired) Total LBM partial records: 0 (0 repaired)
I0517 06:44:01.147557 5072 env_posix.cc:1643] Not raising this process' running threads per effective uid limit of 60284; it is already as high as it can go
I0517 06:44:01.149237 5072 master_main.cc:83] Starting Master server...
I0517 06:44:01.188180 5072 rpc_server.cc:205] RPC server started. Bound to: 127.4.96.62:49034
I0517 06:44:01.189011 5072 webserver.cc:173] Starting webserver on 127.4.96.62:0
I0517 06:44:01.189116 5072 webserver.cc:184] Document root disabled
I0517 06:44:01.190305 5072 webserver.cc:311] Webserver started. Bound to: http://127.4.96.62:56845/
I0517 06:44:01.191005 5072 server_base.cc:607] Dumped server information to /tmp/dist-test-task4QLboq/test-tmp/kudu-admin-test.0.AdminCliTest.TestUnsafeChangeConfigOnSingleFollower.1526539434354140-4480/raft_consensus-itest-cluster/master-0/data/info.pb
I0517 06:44:01.193511 5133 data_dirs.cc:934] Could only allocate 1 dirs of requested 3 for tablet 00000000000000000000000000000000. 1 dirs total, 0 dirs full, 0 dirs failed
I0517 06:44:01.194382 4480 external_mini_cluster.cc:848] Started /tmp/dist-test-task4QLboq/build/tsan/bin/kudu-master as pid 5072
I0517 06:44:01.195677 4480 external_mini_cluster.cc:786] Running /tmp/dist-test-task4QLboq/build/tsan/bin/kudu-tserver /tmp/dist-test-task4QLboq/build/tsan/bin/kudu-tserver --fs_wal_dir=/tmp/dist-test-task4QLboq/test-tmp/kudu-admin-test.0.AdminCliTest.TestUnsafeChangeConfigOnSingleFollower.1526539434354140-4480/raft_consensus-itest-cluster/ts-0/wal --fs_data_dirs=/tmp/dist-test-task4QLboq/test-tmp/kudu-admin-test.0.AdminCliTest.TestUnsafeChangeConfigOnSingleFollower.1526539434354140-4480/raft_consensus-itest-cluster/ts-0/data --block_manager=log --rpc_bind_addresses=127.4.96.1:0 --local_ip_for_outbound_sockets=127.4.96.1 --webserver_interface=127.4.96.1 --webserver_port=0 --tserver_master_addrs=127.4.96.62:49034 --never_fsync --ipki_server_key_size=1024 --enable_minidumps=false --redact=none --metrics_log_interval_ms=1000 --logtostderr --logbuflevel=-1 --log_dir=/tmp/dist-test-task4QLboq/test-tmp/kudu-admin-test.0.AdminCliTest.TestUnsafeChangeConfigOnSingleFollower.1526539434354140-4480/raft_consensus-itest-cluster/ts-0/logs --server_dump_info_path=/tmp/dist-test-task4QLboq/test-tmp/kudu-admin-test.0.AdminCliTest.TestUnsafeChangeConfigOnSingleFollower.1526539434354140-4480/raft_consensus-itest-cluster/ts-0/data/info.pb --server_dump_info_format=pb --rpc_server_allow_ephemeral_ports --unlock_experimental_flags --unlock_unsafe_flags --log_cache_size_limit_mb=10 --consensus_rpc_timeout_ms=30000 with env {}
I0517 06:44:01.209506 5133 tablet_bootstrap.cc:436] T 00000000000000000000000000000000 P d199232303f34e778806ea6eeafe02cb: Bootstrap starting.
I0517 06:44:01.211699 5133 tablet_bootstrap.cc:587] T 00000000000000000000000000000000 P d199232303f34e778806ea6eeafe02cb: No blocks or log segments found. Creating new log.
I0517 06:44:01.212824 5133 log.cc:520] T 00000000000000000000000000000000 P d199232303f34e778806ea6eeafe02cb: Log is configured to *not* fsync() on all Append() calls
I0517 06:44:01.215152 5133 tablet_bootstrap.cc:436] T 00000000000000000000000000000000 P d199232303f34e778806ea6eeafe02cb: No bootstrap required, opened a new log
I0517 06:44:01.227530 5133 raft_consensus.cc:303] T 00000000000000000000000000000000 P d199232303f34e778806ea6eeafe02cb [term 0 FOLLOWER]: Replica starting. Triggering 0 pending transactions. Active config: opid_index: -1 OBSOLETE_local: true peers { permanent_uuid: "d199232303f34e778806ea6eeafe02cb" member_type: VOTER }
I0517 06:44:01.227830 5133 raft_consensus.cc:329] T 00000000000000000000000000000000 P d199232303f34e778806ea6eeafe02cb [term 0 FOLLOWER]: Consensus starting up: Expiring failure detector timer to make a prompt election more likely
I0517 06:44:01.227957 5133 raft_consensus.cc:604] T 00000000000000000000000000000000 P d199232303f34e778806ea6eeafe02cb [term 0 FOLLOWER]: Becoming Follower/Learner. State: Replica: d199232303f34e778806ea6eeafe02cb, State: Initialized, Role: FOLLOWER
I0517 06:44:01.228397 5133 consensus_queue.cc:227] T 00000000000000000000000000000000 P d199232303f34e778806ea6eeafe02cb [NON_LEADER]: Queue going to NON_LEADER mode. State: All replicated index: 0, Majority replicated index: 0, Committed index: 0, Last appended: 0.0, Last appended by leader: 0, Current term: 0, Majority size: -1, State: 0, Mode: NON_LEADER, active raft config: opid_index: -1 OBSOLETE_local: true peers { permanent_uuid: "d199232303f34e778806ea6eeafe02cb" member_type: VOTER }
I0517 06:44:01.228842 5133 raft_consensus.cc:343] T 00000000000000000000000000000000 P d199232303f34e778806ea6eeafe02cb [term 0 FOLLOWER]: Only one voter in the Raft config. Triggering election immediately
I0517 06:44:01.229022 5133 raft_consensus.cc:435] T 00000000000000000000000000000000 P d199232303f34e778806ea6eeafe02cb [term 0 FOLLOWER]: Starting leader election (initial election of a single-replica configuration)
I0517 06:44:01.229212 5133 raft_consensus.cc:2704] T 00000000000000000000000000000000 P d199232303f34e778806ea6eeafe02cb: Snoozing failure detection for 2.152s (starting election)
I0517 06:44:01.229390 5133 raft_consensus.cc:2756] T 00000000000000000000000000000000 P d199232303f34e778806ea6eeafe02cb [term 0 FOLLOWER]: Advancing to term 1
I0517 06:44:01.232859 5133 raft_consensus.cc:457] T 00000000000000000000000000000000 P d199232303f34e778806ea6eeafe02cb [term 1 FOLLOWER]: Starting leader election with config: opid_index: -1 OBSOLETE_local: true peers { permanent_uuid: "d199232303f34e778806ea6eeafe02cb" member_type: VOTER }
I0517 06:44:01.233414 5133 leader_election.cc:270] T 00000000000000000000000000000000 P d199232303f34e778806ea6eeafe02cb [CANDIDATE]: Term 1 election: Election decided. Result: candidate won.
I0517 06:44:01.246505 5136 raft_consensus.cc:2704] T 00000000000000000000000000000000 P d199232303f34e778806ea6eeafe02cb: Snoozing failure detection for 2.116s (election complete)
I0517 06:44:01.246794 5136 raft_consensus.cc:2511] T 00000000000000000000000000000000 P d199232303f34e778806ea6eeafe02cb [term 1 FOLLOWER]: Leader election won for term 1
I0517 06:44:01.258405 5136 raft_consensus.cc:571] T 00000000000000000000000000000000 P d199232303f34e778806ea6eeafe02cb [term 1 LEADER]: Becoming Leader. State: Replica: d199232303f34e778806ea6eeafe02cb, State: Running, Role: LEADER
I0517 06:44:01.258816 5136 consensus_queue.cc:204] T 00000000000000000000000000000000 P d199232303f34e778806ea6eeafe02cb [LEADER]: Queue going to LEADER mode. State: All replicated index: 0, Majority replicated index: 0, Committed index: 0, Last appended: 0.0, Last appended by leader: 0, Current term: 1, Majority size: 1, State: 0, Mode: LEADER, active raft config: opid_index: -1 OBSOLETE_local: true peers { permanent_uuid: "d199232303f34e778806ea6eeafe02cb" member_type: VOTER }
I0517 06:44:01.262357 5138 sys_catalog.cc:335] T 00000000000000000000000000000000 P d199232303f34e778806ea6eeafe02cb [sys.catalog]: SysCatalogTable state changed. Reason: New leader d199232303f34e778806ea6eeafe02cb. Latest consensus state: current_term: 1 leader_uuid: "d199232303f34e778806ea6eeafe02cb" committed_config { opid_index: -1 OBSOLETE_local: true peers { permanent_uuid: "d199232303f34e778806ea6eeafe02cb" member_type: VOTER } }
I0517 06:44:01.262799 5138 sys_catalog.cc:338] T 00000000000000000000000000000000 P d199232303f34e778806ea6eeafe02cb [sys.catalog]: This master's current role is: LEADER
I0517 06:44:01.262727 5133 sys_catalog.cc:335] T 00000000000000000000000000000000 P d199232303f34e778806ea6eeafe02cb [sys.catalog]: SysCatalogTable state changed. Reason: Started TabletReplica. Latest consensus state: current_term: 1 leader_uuid: "d199232303f34e778806ea6eeafe02cb" committed_config { opid_index: -1 OBSOLETE_local: true peers { permanent_uuid: "d199232303f34e778806ea6eeafe02cb" member_type: VOTER } }
I0517 06:44:01.321455 5133 sys_catalog.cc:338] T 00000000000000000000000000000000 P d199232303f34e778806ea6eeafe02cb [sys.catalog]: This master's current role is: LEADER
I0517 06:44:01.322610 5133 sys_catalog.cc:422] T 00000000000000000000000000000000 P d199232303f34e778806ea6eeafe02cb [sys.catalog]: configured and running, proceeding with master startup.
I0517 06:44:01.322840 5140 catalog_manager.cc:1001] Loading table and tablet metadata into memory...
I0517 06:44:01.266294 5137 sys_catalog.cc:335] T 00000000000000000000000000000000 P d199232303f34e778806ea6eeafe02cb [sys.catalog]: SysCatalogTable state changed. Reason: RaftConsensus started. Latest consensus state: current_term: 1 leader_uuid: "d199232303f34e778806ea6eeafe02cb" committed_config { opid_index: -1 OBSOLETE_local: true peers { permanent_uuid: "d199232303f34e778806ea6eeafe02cb" member_type: VOTER } }
I0517 06:44:01.325808 5137 sys_catalog.cc:338] T 00000000000000000000000000000000 P d199232303f34e778806ea6eeafe02cb [sys.catalog]: This master's current role is: LEADER
I0517 06:44:01.330904 5072 master_main.cc:86] Master server successfully started. WARNING: Logging before InitGoogleLogging() is written to STDERR
W0517 06:44:01.332437 5134 flags.cc:406] Enabled unsafe flag: --rpc_server_allow_ephemeral_ports=true
W0517 06:44:01.332959 5134 flags.cc:406] Enabled unsafe flag: --never_fsync=true
I0517 06:44:01.334204 5140 catalog_manager.cc:1012] Initializing Kudu internal certificate authority...
W0517 06:44:01.347401 5134 flags.cc:406] Enabled experimental flag: --ipki_server_key_size=1024
W0517 06:44:01.347903 5134 flags.cc:406] Enabled experimental flag: --local_ip_for_outbound_sockets=127.4.96.1
I0517 06:44:01.368454 5134 tablet_server_main.cc:78] Tablet server non-default flags: --log_cache_size_limit_mb=10 --fs_data_dirs=/tmp/dist-test-task4QLboq/test-tmp/kudu-admin-test.0.AdminCliTest.TestUnsafeChangeConfigOnSingleFollower.1526539434354140-4480/raft_consensus-itest-cluster/ts-0/data --fs_wal_dir=/tmp/dist-test-task4QLboq/test-tmp/kudu-admin-test.0.AdminCliTest.TestUnsafeChangeConfigOnSingleFollower.1526539434354140-4480/raft_consensus-itest-cluster/ts-0/wal --ipki_server_key_size=1024 --rpc_bind_addresses=127.4.96.1:0 --rpc_server_allow_ephemeral_ports=true --metrics_log_interval_ms=1000 --server_dump_info_format=pb --server_dump_info_path=/tmp/dist-test-task4QLboq/test-tmp/kudu-admin-test.0.AdminCliTest.TestUnsafeChangeConfigOnSingleFollower.1526539434354140-4480/raft_consensus-itest-cluster/ts-0/data/info.pb --webserver_interface=127.4.96.1 --webserver_port=0 --tserver_master_addrs=127.4.96.62:49034 --never_fsync=true --redact=none --unlock_experimental_flags=true --unlock_unsafe_flags=true --enable_minidumps=false --local_ip_for_outbound_sockets=127.4.96.1 --log_dir=/tmp/dist-test-task4QLboq/test-tmp/kudu-admin-test.0.AdminCliTest.TestUnsafeChangeConfigOnSingleFollower.1526539434354140-4480/raft_consensus-itest-cluster/ts-0/logs --logbuflevel=-1 --logtostderr=true Tablet server version: kudu 1.8.0-SNAPSHOT revision f969af316286807a745fa39b9c2ee604c88b63c9 build type FASTDEBUG built by None at 17 May 2018 06:38:04 UTC on jenkins-slave-snjf build id 13499 TSAN enabled
I0517 06:44:01.376384 5140 catalog_manager.cc:899] Generated new certificate authority record
I0517 06:44:01.378814 5140 catalog_manager.cc:1021] Loading token signing keys...
I0517 06:44:01.379086 5134 tablet_server_main.cc:85] Initializing tablet server...
I0517 06:44:01.380903 5134 system_ntp.cc:143] NTP initialized. Skew: 500ppm Current error: 119819us
I0517 06:44:01.381331 5134 fs_manager.cc:260] Metadata directory not provided
I0517 06:44:01.381431 5134 fs_manager.cc:266] Using write-ahead log directory (fs_wal_dir) as metadata directory
I0517 06:44:01.381623 5134 server_base.cc:432] Could not load existing FS layout: Not found: /tmp/dist-test-task4QLboq/test-tmp/kudu-admin-test.0.AdminCliTest.TestUnsafeChangeConfigOnSingleFollower.1526539434354140-4480/raft_consensus-itest-cluster/ts-0/data/instance: No such file or directory (error 2)
I0517 06:44:01.381726 5134 server_base.cc:433] Attempting to create new FS layout instead
I0517 06:44:01.389272 5134 fs_manager.cc:595] Generated new instance metadata in path /tmp/dist-test-task4QLboq/test-tmp/kudu-admin-test.0.AdminCliTest.TestUnsafeChangeConfigOnSingleFollower.1526539434354140-4480/raft_consensus-itest-cluster/ts-0/data/instance: uuid: "db3928f6c5ea43bab4f27c1999b849db" format_stamp: "Formatted at 2018-05-17 06:44:01 on dist-test-slave-dist-test-slave-26mv"
I0517 06:44:01.389964 5134 fs_manager.cc:595] Generated new instance metadata in path /tmp/dist-test-task4QLboq/test-tmp/kudu-admin-test.0.AdminCliTest.TestUnsafeChangeConfigOnSingleFollower.1526539434354140-4480/raft_consensus-itest-cluster/ts-0/wal/instance: uuid: "db3928f6c5ea43bab4f27c1999b849db" format_stamp: "Formatted at 2018-05-17 06:44:01 on dist-test-slave-dist-test-slave-26mv"
I0517 06:44:01.396534 5140 catalog_manager.cc:3962] T 00000000000000000000000000000000 P d199232303f34e778806ea6eeafe02cb: Generated new TSK 0
I0517 06:44:01.401003 5134 fs_manager.cc:495] Time spent creating directory manager: real 0.011s user 0.004s sys 0.004s
I0517 06:44:01.402216 5134 env_posix.cc:1643] Not raising this process' open files per process limit of 65536; it is already as high as it can go
I0517 06:44:01.402639 5134 file_cache.cc:470] Constructed file cache lbm with capacity 26214
I0517 06:44:01.409240 5134 fs_manager.cc:417] Time spent opening block manager: real 0.002s user 0.000s sys 0.000s
I0517 06:44:01.409351 5134 fs_manager.cc:428] Opened local filesystem: /tmp/dist-test-task4QLboq/test-tmp/kudu-admin-test.0.AdminCliTest.TestUnsafeChangeConfigOnSingleFollower.1526539434354140-4480/raft_consensus-itest-cluster/ts-0/data,/tmp/dist-test-task4QLboq/test-tmp/kudu-admin-test.0.AdminCliTest.TestUnsafeChangeConfigOnSingleFollower.1526539434354140-4480/raft_consensus-itest-cluster/ts-0/wal uuid: "db3928f6c5ea43bab4f27c1999b849db" format_stamp: "Formatted at 2018-05-17 06:44:01 on dist-test-slave-dist-test-slave-26mv"
I0517 06:44:01.409565 5134 fs_report.cc:347] Block manager report -------------------- 1 data directories: /tmp/dist-test-task4QLboq/test-tmp/kudu-admin-test.0.AdminCliTest.TestUnsafeChangeConfigOnSingleFollower.1526539434354140-4480/raft_consensus-itest-cluster/ts-0/data/data Total live blocks: 0 Total live bytes: 0 Total live bytes (after alignment): 0 Total number of LBM containers: 0 (0 full) Did not check for missing blocks Did not check for orphaned blocks Total full LBM containers with extra space: 0 (0 repaired) Total full LBM container extra space in bytes: 0 (0 repaired) Total incomplete LBM containers: 0 (0 repaired) Total LBM partial records: 0 (0 repaired)
I0517 06:44:01.596431 5134 env_posix.cc:1643] Not raising this process' running threads per effective uid limit of 60284; it is already as high as it can go
I0517 06:44:01.599683 5134 ts_tablet_manager.cc:356] Loaded tablet metadata (0 live tablets)
I0517 06:44:01.600806 5134 tablet_server_main.cc:90] Starting tablet server...
I0517 06:44:01.755137 5134 rpc_server.cc:205] RPC server started. Bound to: 127.4.96.1:53133
I0517 06:44:01.756469 5134 webserver.cc:173] Starting webserver on 127.4.96.1:0
I0517 06:44:01.756613 5134 webserver.cc:184] Document root disabled
I0517 06:44:01.758124 5134 webserver.cc:311] Webserver started. Bound to: http://127.4.96.1:53274/
I0517 06:44:01.759027 5134 server_base.cc:607] Dumped server information to /tmp/dist-test-task4QLboq/test-tmp/kudu-admin-test.0.AdminCliTest.TestUnsafeChangeConfigOnSingleFollower.1526539434354140-4480/raft_consensus-itest-cluster/ts-0/data/info.pb
I0517 06:44:01.762323 4480 external_mini_cluster.cc:848] Started /tmp/dist-test-task4QLboq/build/tsan/bin/kudu-tserver as pid 5134
