I0517 06:44:19.684629 7275 fs_manager.cc:595] Generated new instance metadata in path /tmp/dist-test-task4QLboq/test-tmp/kudu-admin-test.0.AdminCliTest.TestUnsafeChangeConfigForConfigWithTwoNodes.1526539434354140-4480/raft_consensus-itest-cluster/ts-1/data/instance: uuid: "e79da8f222574a1194bdfa49fb5dda93" format_stamp: "Formatted at 2018-05-17 06:44:19 on dist-test-slave-dist-test-slave-26mv"
I0517 06:44:19.685333 7275 fs_manager.cc:595] Generated new instance metadata in path /tmp/dist-test-task4QLboq/test-tmp/kudu-admin-test.0.AdminCliTest.TestUnsafeChangeConfigForConfigWithTwoNodes.1526539434354140-4480/raft_consensus-itest-cluster/ts-1/wal/instance: uuid: "e79da8f222574a1194bdfa49fb5dda93" format_stamp: "Formatted at 2018-05-17 06:44:19 on dist-test-slave-dist-test-slave-26mv"
I0517 06:44:19.695370 7275 fs_manager.cc:495] Time spent creating directory manager: real 0.010s user 0.004s sys 0.012s
I0517 06:44:19.696494 7275 env_posix.cc:1643] Not raising this process' open files per process limit of 65536; it is already as high as it can go
I0517 06:44:19.696903 7275 file_cache.cc:470] Constructed file cache lbm with capacity 26214
I0517 06:44:19.703450 7275 fs_manager.cc:417] Time spent opening block manager: real 0.002s user 0.004s sys 0.000s
I0517 06:44:19.703562 7275 fs_manager.cc:428] Opened local filesystem: /tmp/dist-test-task4QLboq/test-tmp/kudu-admin-test.0.AdminCliTest.TestUnsafeChangeConfigForConfigWithTwoNodes.1526539434354140-4480/raft_consensus-itest-cluster/ts-1/data,/tmp/dist-test-task4QLboq/test-tmp/kudu-admin-test.0.AdminCliTest.TestUnsafeChangeConfigForConfigWithTwoNodes.1526539434354140-4480/raft_consensus-itest-cluster/ts-1/wal uuid: "e79da8f222574a1194bdfa49fb5dda93" format_stamp: "Formatted at 2018-05-17 06:44:19 on dist-test-slave-dist-test-slave-26mv"
I0517 06:44:19.703768 7275 fs_report.cc:347] Block manager report -------------------- 1 data directories: /tmp/dist-test-task4QLboq/test-tmp/kudu-admin-test.0.AdminCliTest.TestUnsafeChangeConfigForConfigWithTwoNodes.1526539434354140-4480/raft_consensus-itest-cluster/ts-1/data/data Total live blocks: 0 Total live bytes: 0 Total live bytes (after alignment): 0 Total number of LBM containers: 0 (0 full) Did not check for missing blocks Did not check for orphaned blocks Total full LBM containers with extra space: 0 (0 repaired) Total full LBM container extra space in bytes: 0 (0 repaired) Total incomplete LBM containers: 0 (0 repaired) Total LBM partial records: 0 (0 repaired)
I0517 06:44:19.996624 7275 env_posix.cc:1643] Not raising this process' running threads per effective uid limit of 60284; it is already as high as it can go
I0517 06:44:19.999194 7275 ts_tablet_manager.cc:356] Loaded tablet metadata (0 live tablets)
I0517 06:44:20.000335 7275 tablet_server_main.cc:90] Starting tablet server...
I0517 06:44:20.102948 7275 rpc_server.cc:205] RPC server started. Bound to: 127.4.96.2:48869
I0517 06:44:20.103860 7275 webserver.cc:173] Starting webserver on 127.4.96.2:0
I0517 06:44:20.103967 7275 webserver.cc:184] Document root disabled
I0517 06:44:20.105319 7275 webserver.cc:311] Webserver started. Bound to: http://127.4.96.2:54373/
I0517 06:44:20.106079 7275 server_base.cc:607] Dumped server information to /tmp/dist-test-task4QLboq/test-tmp/kudu-admin-test.0.AdminCliTest.TestUnsafeChangeConfigForConfigWithTwoNodes.1526539434354140-4480/raft_consensus-itest-cluster/ts-1/data/info.pb
I0517 06:44:20.108702 7275 tablet_server_main.cc:93] Tablet server successfully started.
I0517 06:44:20.112242 4480 external_mini_cluster.cc:848] Started /tmp/dist-test-task4QLboq/build/tsan/bin/kudu-tserver as pid 7275
I0517 06:44:20.113454 4480 external_mini_cluster.cc:786] Running /tmp/dist-test-task4QLboq/build/tsan/bin/kudu-tserver /tmp/dist-test-task4QLboq/build/tsan/bin/kudu-tserver --fs_wal_dir=/tmp/dist-test-task4QLboq/test-tmp/kudu-admin-test.0.AdminCliTest.TestUnsafeChangeConfigForConfigWithTwoNodes.1526539434354140-4480/raft_consensus-itest-cluster/ts-2/wal --fs_data_dirs=/tmp/dist-test-task4QLboq/test-tmp/kudu-admin-test.0.AdminCliTest.TestUnsafeChangeConfigForConfigWithTwoNodes.1526539434354140-4480/raft_consensus-itest-cluster/ts-2/data --block_manager=log --rpc_bind_addresses=127.4.96.3:0 --local_ip_for_outbound_sockets=127.4.96.3 --webserver_interface=127.4.96.3 --webserver_port=0 --tserver_master_addrs=127.4.96.62:50252 --never_fsync --ipki_server_key_size=1024 --enable_minidumps=false --redact=none --metrics_log_interval_ms=1000 --logtostderr --logbuflevel=-1 --log_dir=/tmp/dist-test-task4QLboq/test-tmp/kudu-admin-test.0.AdminCliTest.TestUnsafeChangeConfigForConfigWithTwoNodes.1526539434354140-4480/raft_consensus-itest-cluster/ts-2/logs --server_dump_info_path=/tmp/dist-test-task4QLboq/test-tmp/kudu-admin-test.0.AdminCliTest.TestUnsafeChangeConfigForConfigWithTwoNodes.1526539434354140-4480/raft_consensus-itest-cluster/ts-2/data/info.pb --server_dump_info_format=pb --rpc_server_allow_ephemeral_ports --unlock_experimental_flags --unlock_unsafe_flags --log_cache_size_limit_mb=10 --consensus_rpc_timeout_ms=30000 with env {}
I0517 06:44:20.132133 7396 heartbeater.cc:346] Connected to a master server at 127.4.96.62:50252
I0517 06:44:20.132465 7396 heartbeater.cc:426] Registering TS with master...
I0517 06:44:20.133019 7396 heartbeater.cc:475] Master 127.4.96.62:50252 requested a full tablet report, sending...
I0517 06:44:20.134665 7105 ts_manager.cc:81] Registered new tserver with Master: e79da8f222574a1194bdfa49fb5dda93 (127.4.96.2:48869)
I0517 06:44:20.136586 7105 master_service.cc:249] Signed X509 certificate for tserver {username='slave'} at 127.4.96.2:33895 WARNING: Logging before InitGoogleLogging() is written to STDERR
W0517 06:44:20.223922 7400 flags.cc:406] Enabled unsafe flag: --rpc_server_allow_ephemeral_ports=true
W0517 06:44:20.224263 7400 flags.cc:406] Enabled unsafe flag: --never_fsync=true
W0517 06:44:20.232197 7400 flags.cc:406] Enabled experimental flag: --ipki_server_key_size=1024
W0517 06:44:20.232527 7400 flags.cc:406] Enabled experimental flag: --local_ip_for_outbound_sockets=127.4.96.3
I0517 06:44:20.245380 7400 tablet_server_main.cc:78] Tablet server non-default flags: --log_cache_size_limit_mb=10 --fs_data_dirs=/tmp/dist-test-task4QLboq/test-tmp/kudu-admin-test.0.AdminCliTest.TestUnsafeChangeConfigForConfigWithTwoNodes.1526539434354140-4480/raft_consensus-itest-cluster/ts-2/data --fs_wal_dir=/tmp/dist-test-task4QLboq/test-tmp/kudu-admin-test.0.AdminCliTest.TestUnsafeChangeConfigForConfigWithTwoNodes.1526539434354140-4480/raft_consensus-itest-cluster/ts-2/wal --ipki_server_key_size=1024 --rpc_bind_addresses=127.4.96.3:0 --rpc_server_allow_ephemeral_ports=true --metrics_log_interval_ms=1000 --server_dump_info_format=pb --server_dump_info_path=/tmp/dist-test-task4QLboq/test-tmp/kudu-admin-test.0.AdminCliTest.TestUnsafeChangeConfigForConfigWithTwoNodes.1526539434354140-4480/raft_consensus-itest-cluster/ts-2/data/info.pb --webserver_interface=127.4.96.3 --webserver_port=0 --tserver_master_addrs=127.4.96.62:50252 --never_fsync=true --redact=none --unlock_experimental_flags=true --unlock_unsafe_flags=true --enable_minidumps=false --local_ip_for_outbound_sockets=127.4.96.3 --log_dir=/tmp/dist-test-task4QLboq/test-tmp/kudu-admin-test.0.AdminCliTest.TestUnsafeChangeConfigForConfigWithTwoNodes.1526539434354140-4480/raft_consensus-itest-cluster/ts-2/logs --logbuflevel=-1 --logtostderr=true Tablet server version: kudu 1.8.0-SNAPSHOT revision f969af316286807a745fa39b9c2ee604c88b63c9 build type FASTDEBUG built by None at 17 May 2018 06:38:04 UTC on jenkins-slave-snjf build id 13499 TSAN enabled
I0517 06:44:20.253604 7400 tablet_server_main.cc:85] Initializing tablet server...
I0517 06:44:20.255427 7400 system_ntp.cc:143] NTP initialized. Skew: 500ppm Current error: 129319us
I0517 06:44:20.255868 7400 fs_manager.cc:260] Metadata directory not provided
I0517 06:44:20.256000 7400 fs_manager.cc:266] Using write-ahead log directory (fs_wal_dir) as metadata directory
I0517 06:44:20.256204 7400 server_base.cc:432] Could not load existing FS layout: Not found: /tmp/dist-test-task4QLboq/test-tmp/kudu-admin-test.0.AdminCliTest.TestUnsafeChangeConfigForConfigWithTwoNodes.1526539434354140-4480/raft_consensus-itest-cluster/ts-2/data/instance: No such file or directory (error 2)
I0517 06:44:20.256323 7400 server_base.cc:433] Attempting to create new FS layout instead
I0517 06:44:20.263909 7400 fs_manager.cc:595] Generated new instance metadata in path /tmp/dist-test-task4QLboq/test-tmp/kudu-admin-test.0.AdminCliTest.TestUnsafeChangeConfigForConfigWithTwoNodes.1526539434354140-4480/raft_consensus-itest-cluster/ts-2/data/instance: uuid: "06f454a655e2491bba20fcbae6b6904f" format_stamp: "Formatted at 2018-05-17 06:44:20 on dist-test-slave-dist-test-slave-26mv"
I0517 06:44:20.264634 7400 fs_manager.cc:595] Generated new instance metadata in path /tmp/dist-test-task4QLboq/test-tmp/kudu-admin-test.0.AdminCliTest.TestUnsafeChangeConfigForConfigWithTwoNodes.1526539434354140-4480/raft_consensus-itest-cluster/ts-2/wal/instance: uuid: "06f454a655e2491bba20fcbae6b6904f" format_stamp: "Formatted at 2018-05-17 06:44:20 on dist-test-slave-dist-test-slave-26mv"
I0517 06:44:20.274330 7400 fs_manager.cc:495] Time spent creating directory manager: real 0.009s user 0.004s sys 0.008s
I0517 06:44:20.275447 7400 env_posix.cc:1643] Not raising this process' open files per process limit of 65536; it is already as high as it can go
I0517 06:44:20.275848 7400 file_cache.cc:470] Constructed file cache lbm with capacity 26214
I0517 06:44:20.282433 7400 fs_manager.cc:417] Time spent opening block manager: real 0.002s user 0.004s sys 0.000s
I0517 06:44:20.282546 7400 fs_manager.cc:428] Opened local filesystem: /tmp/dist-test-task4QLboq/test-tmp/kudu-admin-test.0.AdminCliTest.TestUnsafeChangeConfigForConfigWithTwoNodes.1526539434354140-4480/raft_consensus-itest-cluster/ts-2/data,/tmp/dist-test-task4QLboq/test-tmp/kudu-admin-test.0.AdminCliTest.TestUnsafeChangeConfigForConfigWithTwoNodes.1526539434354140-4480/raft_consensus-itest-cluster/ts-2/wal uuid: "06f454a655e2491bba20fcbae6b6904f" format_stamp: "Formatted at 2018-05-17 06:44:20 on dist-test-slave-dist-test-slave-26mv"
I0517 06:44:20.282740 7400 fs_report.cc:347] Block manager report -------------------- 1 data directories: /tmp/dist-test-task4QLboq/test-tmp/kudu-admin-test.0.AdminCliTest.TestUnsafeChangeConfigForConfigWithTwoNodes.1526539434354140-4480/raft_consensus-itest-cluster/ts-2/data/data Total live blocks: 0 Total live bytes: 0 Total live bytes (after alignment): 0 Total number of LBM containers: 0 (0 full) Did not check for missing blocks Did not check for orphaned blocks Total full LBM containers with extra space: 0 (0 repaired) Total full LBM container extra space in bytes: 0 (0 repaired) Total incomplete LBM containers: 0 (0 repaired) Total LBM partial records: 0 (0 repaired)
I0517 06:44:20.500341 7400 env_posix.cc:1643] Not raising this process' running threads per effective uid limit of 60284; it is already as high as it can go
I0517 06:44:20.502674 7400 ts_tablet_manager.cc:356] Loaded tablet metadata (0 live tablets)
I0517 06:44:20.503594 7400 tablet_server_main.cc:90] Starting tablet server...
I0517 06:44:20.568892 7271 heartbeater.cc:467] Master 127.4.96.62:50252 was elected leader, sending a full tablet report...
I0517 06:44:20.588752 7400 rpc_server.cc:205] RPC server started. Bound to: 127.4.96.3:38778
I0517 06:44:20.589601 7400 webserver.cc:173] Starting webserver on 127.4.96.3:0
I0517 06:44:20.589699 7400 webserver.cc:184] Document root disabled
I0517 06:44:20.590896 7400 webserver.cc:311] Webserver started. Bound to: http://127.4.96.3:49828/
I0517 06:44:20.591575 7400 server_base.cc:607] Dumped server information to /tmp/dist-test-task4QLboq/test-tmp/kudu-admin-test.0.AdminCliTest.TestUnsafeChangeConfigForConfigWithTwoNodes.1526539434354140-4480/raft_consensus-itest-cluster/ts-2/data/info.pb
I0517 06:44:20.594084 7400 tablet_server_main.cc:93] Tablet server successfully started.
I0517 06:44:20.601056 4480 external_mini_cluster.cc:848] Started /tmp/dist-test-task4QLboq/build/tsan/bin/kudu-tserver as pid 7400
I0517 06:44:20.602350 4480 external_mini_cluster.cc:786] Running /tmp/dist-test-task4QLboq/build/tsan/bin/kudu-tserver /tmp/dist-test-task4QLboq/build/tsan/bin/kudu-tserver --fs_wal_dir=/tmp/dist-test-task4QLboq/test-tmp/kudu-admin-test.0.AdminCliTest.TestUnsafeChangeConfigForConfigWithTwoNodes.1526539434354140-4480/raft_consensus-itest-cluster/ts-3/wal --fs_data_dirs=/tmp/dist-test-task4QLboq/test-tmp/kudu-admin-test.0.AdminCliTest.TestUnsafeChangeConfigForConfigWithTwoNodes.1526539434354140-4480/raft_consensus-itest-cluster/ts-3/data --block_manager=log --rpc_bind_addresses=127.4.96.4:0 --local_ip_for_outbound_sockets=127.4.96.4 --webserver_interface=127.4.96.4 --webserver_port=0 --tserver_master_addrs=127.4.96.62:50252 --never_fsync --ipki_server_key_size=1024 --enable_minidumps=false --redact=none --metrics_log_interval_ms=1000 --logtostderr --logbuflevel=-1 --log_dir=/tmp/dist-test-task4QLboq/test-tmp/kudu-admin-test.0.AdminCliTest.TestUnsafeChangeConfigForConfigWithTwoNodes.1526539434354140-4480/raft_consensus-itest-cluster/ts-3/logs --server_dump_info_path=/tmp/dist-test-task4QLboq/test-tmp/kudu-admin-test.0.AdminCliTest.TestUnsafeChangeConfigForConfigWithTwoNodes.1526539434354140-4480/raft_consensus-itest-cluster/ts-3/data/info.pb --server_dump_info_format=pb --rpc_server_allow_ephemeral_ports --unlock_experimental_flags --unlock_unsafe_flags --log_cache_size_limit_mb=10 --consensus_rpc_timeout_ms=30000 with env {}
I0517 06:44:20.613786 7521 heartbeater.cc:346] Connected to a master server at 127.4.96.62:50252
I0517 06:44:20.614028 7521 heartbeater.cc:426] Registering TS with master...
I0517 06:44:20.614477 7521 heartbeater.cc:475] Master 127.4.96.62:50252 requested a full tablet report, sending...
I0517 06:44:20.615828 7105 ts_manager.cc:81] Registered new tserver with Master: 06f454a655e2491bba20fcbae6b6904f (127.4.96.3:38778)
I0517 06:44:20.616998 7105 master_service.cc:249] Signed X509 certificate for tserver {username='slave'} at 127.4.96.3:46066 WARNING: Logging before InitGoogleLogging() is written to STDERR
W0517 06:44:20.706285 7524 flags.cc:406] Enabled unsafe flag: --rpc_server_allow_ephemeral_ports=true
W0517 06:44:20.706605 7524 flags.cc:406] Enabled unsafe flag: --never_fsync=true
W0517 06:44:20.714470 7524 flags.cc:406] Enabled experimental flag: --ipki_server_key_size=1024
W0517 06:44:20.714798 7524 flags.cc:406] Enabled experimental flag: --local_ip_for_outbound_sockets=127.4.96.4
I0517 06:44:20.727202 7524 tablet_server_main.cc:78] Tablet server non-default flags: --log_cache_size_limit_mb=10 --fs_data_dirs=/tmp/dist-test-task4QLboq/test-tmp/kudu-admin-test.0.AdminCliTest.TestUnsafeChangeConfigForConfigWithTwoNodes.1526539434354140-4480/raft_consensus-itest-cluster/ts-3/data --fs_wal_dir=/tmp/dist-test-task4QLboq/test-tmp/kudu-admin-test.0.AdminCliTest.TestUnsafeChangeConfigForConfigWithTwoNodes.1526539434354140-4480/raft_consensus-itest-cluster/ts-3/wal --ipki_server_key_size=1024 --rpc_bind_addresses=127.4.96.4:0 --rpc_server_allow_ephemeral_ports=true --metrics_log_interval_ms=1000 --server_dump_info_format=pb --server_dump_info_path=/tmp/dist-test-task4QLboq/test-tmp/kudu-admin-test.0.AdminCliTest.TestUnsafeChangeConfigForConfigWithTwoNodes.1526539434354140-4480/raft_consensus-itest-cluster/ts-3/data/info.pb --webserver_interface=127.4.96.4 --webserver_port=0 --tserver_master_addrs=127.4.96.62:50252 --never_fsync=true --redact=none --unlock_experimental_flags=true --unlock_unsafe_flags=true --enable_minidumps=false --local_ip_for_outbound_sockets=127.4.96.4 --log_dir=/tmp/dist-test-task4QLboq/test-tmp/kudu-admin-test.0.AdminCliTest.TestUnsafeChangeConfigForConfigWithTwoNodes.1526539434354140-4480/raft_consensus-itest-cluster/ts-3/logs --logbuflevel=-1 --logtostderr=true Tablet server version: kudu 1.8.0-SNAPSHOT revision f969af316286807a745fa39b9c2ee604c88b63c9 build type FASTDEBUG built by None at 17 May 2018 06:38:04 UTC on jenkins-slave-snjf build id 13499 TSAN enabled
I0517 06:44:20.735235 7524 tablet_server_main.cc:85] Initializing tablet server...
I0517 06:44:20.736954 7524 system_ntp.cc:143] NTP initialized. Skew: 500ppm Current error: 129319us
I0517 06:44:20.737377 7524 fs_manager.cc:260] Metadata directory not provided
I0517 06:44:20.737496 7524 fs_manager.cc:266] Using write-ahead log directory (fs_wal_dir) as metadata directory
I0517 06:44:20.737687 7524 server_base.cc:432] Could not load existing FS layout: Not found: /tmp/dist-test-task4QLboq/test-tmp/kudu-admin-test.0.AdminCliTest.TestUnsafeChangeConfigForConfigWithTwoNodes.1526539434354140-4480/raft_consensus-itest-cluster/ts-3/data/instance: No such file or directory (error 2)
I0517 06:44:20.737802 7524 server_base.cc:433] Attempting to create new FS layout instead
I0517 06:44:20.745198 7524 fs_manager.cc:595] Generated new instance metadata in path /tmp/dist-test-task4QLboq/test-tmp/kudu-admin-test.0.AdminCliTest.TestUnsafeChangeConfigForConfigWithTwoNodes.1526539434354140-4480/raft_consensus-itest-cluster/ts-3/data/instance: uuid: "c77c835e5d174d04b58e42e63029fc67" format_stamp: "Formatted at 2018-05-17 06:44:20 on dist-test-slave-dist-test-slave-26mv"
I0517 06:44:20.745832 7524 fs_manager.cc:595] Generated new instance metadata in path /tmp/dist-test-task4QLboq/test-tmp/kudu-admin-test.0.AdminCliTest.TestUnsafeChangeConfigForConfigWithTwoNodes.1526539434354140-4480/raft_consensus-itest-cluster/ts-3/wal/instance: uuid: "c77c835e5d174d04b58e42e63029fc67" format_stamp: "Formatted at 2018-05-17 06:44:20 on dist-test-slave-dist-test-slave-26mv"
I0517 06:44:20.755167 7524 fs_manager.cc:495] Time spent creating directory manager: real 0.009s user 0.004s sys 0.004s
I0517 06:44:20.756260 7524 env_posix.cc:1643] Not raising this process' open files per process limit of 65536; it is already as high as it can go
I0517 06:44:20.756656 7524 file_cache.cc:470] Constructed file cache lbm with capacity 26214
I0517 06:44:20.762936 7524 fs_manager.cc:417] Time spent opening block manager: real 0.001s user 0.000s sys 0.004s
I0517 06:44:20.763049 7524 fs_manager.cc:428] Opened local filesystem: /tmp/dist-test-task4QLboq/test-tmp/kudu-admin-test.0.AdminCliTest.TestUnsafeChangeConfigForConfigWithTwoNodes.1526539434354140-4480/raft_consensus-itest-cluster/ts-3/data,/tmp/dist-test-task4QLboq/test-tmp/kudu-admin-test.0.AdminCliTest.TestUnsafeChangeConfigForConfigWithTwoNodes.1526539434354140-4480/raft_consensus-itest-cluster/ts-3/wal uuid: "c77c835e5d174d04b58e42e63029fc67" format_stamp: "Formatted at 2018-05-17 06:44:20 on dist-test-slave-dist-test-slave-26mv"
I0517 06:44:20.763257 7524 fs_report.cc:347] Block manager report -------------------- 1 data directories: /tmp/dist-test-task4QLboq/test-tmp/kudu-admin-test.0.AdminCliTest.TestUnsafeChangeConfigForConfigWithTwoNodes.1526539434354140-4480/raft_consensus-itest-cluster/ts-3/data/data Total live blocks: 0 Total live bytes: 0 Total live bytes (after alignment): 0 Total number of LBM containers: 0 (0 full) Did not check for missing blocks Did not check for orphaned blocks Total full LBM containers with extra space: 0 (0 repaired) Total full LBM container extra space in bytes: 0 (0 repaired) Total incomplete LBM containers: 0 (0 repaired) Total LBM partial records: 0 (0 repaired)
I0517 06:44:20.913102 7524 env_posix.cc:1643] Not raising this process' running threads per effective uid limit of 60284; it is already as high as it can go
I0517 06:44:20.915428 7524 ts_tablet_manager.cc:356] Loaded tablet metadata (0 live tablets)
I0517 06:44:20.916332 7524 tablet_server_main.cc:90] Starting tablet server...
I0517 06:44:21.008863 7524 rpc_server.cc:205] RPC server started. Bound to: 127.4.96.4:53187
I0517 06:44:21.009740 7524 webserver.cc:173] Starting webserver on 127.4.96.4:0
I0517 06:44:21.009847 7524 webserver.cc:184] Document root disabled
I0517 06:44:21.011041 7524 webserver.cc:311] Webserver started. Bound to: http://127.4.96.4:43084/
I0517 06:44:21.011714 7524 server_base.cc:607] Dumped server information to /tmp/dist-test-task4QLboq/test-tmp/kudu-admin-test.0.AdminCliTest.TestUnsafeChangeConfigForConfigWithTwoNodes.1526539434354140-4480/raft_consensus-itest-cluster/ts-3/data/info.pb
I0517 06:44:21.014178 7524 tablet_server_main.cc:93] Tablet server successfully started.
I0517 06:44:21.018635 4480 external_mini_cluster.cc:848] Started /tmp/dist-test-task4QLboq/build/tsan/bin/kudu-tserver as pid 7524
I0517 06:44:21.033504 7645 heartbeater.cc:346] Connected to a master server at 127.4.96.62:50252
I0517 06:44:21.033743 7645 heartbeater.cc:426] Registering TS with master...
I0517 06:44:21.034184 7645 heartbeater.cc:475] Master 127.4.96.62:50252 requested a full tablet report, sending...
I0517 06:44:21.035642 7105 ts_manager.cc:81] Registered new tserver with Master: c77c835e5d174d04b58e42e63029fc67 (127.4.96.4:53187)
I0517 06:44:21.036836 7105 master_service.cc:249] Signed X509 certificate for tserver {username='slave'} at 127.4.96.4:43955
I0517 06:44:21.038882 4480 external_mini_cluster.cc:482] 4 TS(s) registered with all masters
I0517 06:44:21.055265 7105 catalog_manager.cc:1315] Servicing CreateTable request from {username='slave'} at 127.0.0.1:41014: name: "TestTable" schema { columns { name: "key" type: INT32 is_key: true is_nullable: false encoding: AUTO_ENCODING compression: DEFAULT_COMPRESSION cfile_block_size: 0 } columns { name: "int_val" type: INT32 is_key: false is_nullable: false encoding: AUTO_ENCODING compression: DEFAULT_COMPRESSION cfile_block_size: 0 } columns { name: "string_val" type: STRING is_key: false is_nullable: true encoding: AUTO_ENCODING compression: DEFAULT_COMPRESSION cfile_block_size: 0 } } num_replicas: 3 split_rows_range_bounds { } partition_schema { range_schema { columns { name: "key" } } }
I0517 06:44:21.093206 7333 tablet_service.cc:759] Processing CreateTablet for tablet dee05aadc1ee46919ccdff3814db7dc6 (table=TestTable [id=338e7ecfdbbd4fa6afeb34a2086e4ad8]), partition=RANGE (key) PARTITION UNBOUNDED
I0517 06:44:21.094079 7333 data_dirs.cc:934] Could only allocate 1 dirs of requested 3 for tablet dee05aadc1ee46919ccdff3814db7dc6. 1 dirs total, 0 dirs full, 0 dirs failed
I0517 06:44:21.111821 7333 ts_tablet_manager.cc:1173] T dee05aadc1ee46919ccdff3814db7dc6 P e79da8f222574a1194bdfa49fb5dda93: Registered tablet (data state: TABLET_DATA_READY)
I0517 06:44:21.112191 7458 tablet_service.cc:759] Processing CreateTablet for tablet dee05aadc1ee46919ccdff3814db7dc6 (table=TestTable [id=338e7ecfdbbd4fa6afeb34a2086e4ad8]), partition=RANGE (key) PARTITION UNBOUNDED
I0517 06:44:21.113054 7458 data_dirs.cc:934] Could only allocate 1 dirs of requested 3 for tablet dee05aadc1ee46919ccdff3814db7dc6. 1 dirs total, 0 dirs full, 0 dirs failed
I0517 06:44:21.114369 7665 ts_tablet_manager.cc:1028] T dee05aadc1ee46919ccdff3814db7dc6 P e79da8f222574a1194bdfa49fb5dda93: Bootstrapping tablet
I0517 06:44:21.114871 7665 tablet_bootstrap.cc:436] T dee05aadc1ee46919ccdff3814db7dc6 P e79da8f222574a1194bdfa49fb5dda93: Bootstrap starting.
I0517 06:44:21.117787 7665 tablet_bootstrap.cc:587] T dee05aadc1ee46919ccdff3814db7dc6 P e79da8f222574a1194bdfa49fb5dda93: No blocks or log segments found. Creating new log.
I0517 06:44:21.117740 7582 tablet_service.cc:759] Processing CreateTablet for tablet dee05aadc1ee46919ccdff3814db7dc6 (table=TestTable [id=338e7ecfdbbd4fa6afeb34a2086e4ad8]), partition=RANGE (key) PARTITION UNBOUNDED
I0517 06:44:21.118410 7582 data_dirs.cc:934] Could only allocate 1 dirs of requested 3 for tablet dee05aadc1ee46919ccdff3814db7dc6. 1 dirs total, 0 dirs full, 0 dirs failed
I0517 06:44:21.119426 7665 log.cc:520] T dee05aadc1ee46919ccdff3814db7dc6 P e79da8f222574a1194bdfa49fb5dda93: Log is configured to *not* fsync() on all Append() calls
I0517 06:44:21.122160 7665 tablet_bootstrap.cc:436] T dee05aadc1ee46919ccdff3814db7dc6 P e79da8f222574a1194bdfa49fb5dda93: No bootstrap required, opened a new log
I0517 06:44:21.122530 7665 ts_tablet_manager.cc:1045] T dee05aadc1ee46919ccdff3814db7dc6 P e79da8f222574a1194bdfa49fb5dda93: Time spent bootstrapping tablet: real 0.008s user 0.004s sys 0.000s
I0517 06:44:21.129384 7458 ts_tablet_manager.cc:1173] T dee05aadc1ee46919ccdff3814db7dc6 P 06f454a655e2491bba20fcbae6b6904f: Registered tablet (data state: TABLET_DATA_READY)
I0517 06:44:21.129992 7582 ts_tablet_manager.cc:1173] T dee05aadc1ee46919ccdff3814db7dc6 P c77c835e5d174d04b58e42e63029fc67: Registered tablet (data state: TABLET_DATA_READY)
I0517 06:44:21.131042 7667 ts_tablet_manager.cc:1028] T dee05aadc1ee46919ccdff3814db7dc6 P 06f454a655e2491bba20fcbae6b6904f: Bootstrapping tablet
I0517 06:44:21.131489 7667 tablet_bootstrap.cc:436] T dee05aadc1ee46919ccdff3814db7dc6 P 06f454a655e2491bba20fcbae6b6904f: Bootstrap starting.
I0517 06:44:21.134140 7667 tablet_bootstrap.cc:587] T dee05aadc1ee46919ccdff3814db7dc6 P 06f454a655e2491bba20fcbae6b6904f: No blocks or log segments found. Creating new log.
I0517 06:44:21.135557 7665 raft_consensus.cc:303] T dee05aadc1ee46919ccdff3814db7dc6 P e79da8f222574a1194bdfa49fb5dda93 [term 0 FOLLOWER]: Replica starting. Triggering 0 pending transactions. Active config: opid_index: -1 OBSOLETE_local: false peers { permanent_uuid: "06f454a655e2491bba20fcbae6b6904f" member_type: VOTER last_known_addr { host: "127.4.96.3" port: 38778 } } peers { permanent_uuid: "c77c835e5d174d04b58e42e63029fc67" member_type: VOTER last_known_addr { host: "127.4.96.4" port: 53187 } } peers { permanent_uuid: "e79da8f222574a1194bdfa49fb5dda93" member_type: VOTER last_known_addr { host: "127.4.96.2" port: 48869 } }
I0517 06:44:21.136059 7667 log.cc:520] T dee05aadc1ee46919ccdff3814db7dc6 P 06f454a655e2491bba20fcbae6b6904f: Log is configured to *not* fsync() on all Append() calls
I0517 06:44:21.136215 7665 raft_consensus.cc:329] T dee05aadc1ee46919ccdff3814db7dc6 P e79da8f222574a1194bdfa49fb5dda93 [term 0 FOLLOWER]: Consensus starting up: Expiring failure detector timer to make a prompt election more likely
I0517 06:44:21.136448 7665 raft_consensus.cc:604] T dee05aadc1ee46919ccdff3814db7dc6 P e79da8f222574a1194bdfa49fb5dda93 [term 0 FOLLOWER]: Becoming Follower/Learner. State: Replica: e79da8f222574a1194bdfa49fb5dda93, State: Initialized, Role: FOLLOWER
I0517 06:44:21.137150 7665 consensus_queue.cc:227] T dee05aadc1ee46919ccdff3814db7dc6 P e79da8f222574a1194bdfa49fb5dda93 [NON_LEADER]: Queue going to NON_LEADER mode. State: All replicated index: 0, Majority replicated index: 0, Committed index: 0, Last appended: 0.0, Last appended by leader: 0, Current term: 0, Majority size: -1, State: 0, Mode: NON_LEADER, active raft config: opid_index: -1 OBSOLETE_local: false peers { permanent_uuid: "06f454a655e2491bba20fcbae6b6904f" member_type: VOTER last_known_addr { host: "127.4.96.3" port: 38778 } } peers { permanent_uuid: "c77c835e5d174d04b58e42e63029fc67" member_type: VOTER last_known_addr { host: "127.4.96.4" port: 53187 } } peers { permanent_uuid: "e79da8f222574a1194bdfa49fb5dda93" member_type: VOTER last_known_addr { host: "127.4.96.2" port: 48869 } }
I0517 06:44:21.138761 7668 ts_tablet_manager.cc:1028] T dee05aadc1ee46919ccdff3814db7dc6 P c77c835e5d174d04b58e42e63029fc67: Bootstrapping tablet
I0517 06:44:21.139116 7668 tablet_bootstrap.cc:436] T dee05aadc1ee46919ccdff3814db7dc6 P c77c835e5d174d04b58e42e63029fc67: Bootstrap starting.
I0517 06:44:21.141345 7668 tablet_bootstrap.cc:587] T dee05aadc1ee46919ccdff3814db7dc6 P c77c835e5d174d04b58e42e63029fc67: No blocks or log segments found. Creating new log.
I0517 06:44:21.142522 7668 log.cc:520] T dee05aadc1ee46919ccdff3814db7dc6 P c77c835e5d174d04b58e42e63029fc67: Log is configured to *not* fsync() on all Append() calls
I0517 06:44:21.148247 7668 tablet_bootstrap.cc:436] T dee05aadc1ee46919ccdff3814db7dc6 P c77c835e5d174d04b58e42e63029fc67: No bootstrap required, opened a new log
I0517 06:44:21.148619 7668 ts_tablet_manager.cc:1045] T dee05aadc1ee46919ccdff3814db7dc6 P c77c835e5d174d04b58e42e63029fc67: Time spent bootstrapping tablet: real 0.010s user 0.000s sys 0.004s
I0517 06:44:21.149551 7667 tablet_bootstrap.cc:436] T dee05aadc1ee46919ccdff3814db7dc6 P 06f454a655e2491bba20fcbae6b6904f: No bootstrap required, opened a new log
I0517 06:44:21.149947 7667 ts_tablet_manager.cc:1045] T dee05aadc1ee46919ccdff3814db7dc6 P 06f454a655e2491bba20fcbae6b6904f: Time spent bootstrapping tablet: real 0.019s user 0.000s sys 0.016s
I0517 06:44:21.164674 7667 raft_consensus.cc:303] T dee05aadc1ee46919ccdff3814db7dc6 P 06f454a655e2491bba20fcbae6b6904f [term 0 FOLLOWER]: Replica starting. Triggering 0 pending transactions. Active config: opid_index: -1 OBSOLETE_local: false peers { permanent_uuid: "06f454a655e2491bba20fcbae6b6904f" member_type: VOTER last_known_addr { host: "127.4.96.3" port: 38778 } } peers { permanent_uuid: "c77c835e5d174d04b58e42e63029fc67" member_type: VOTER last_known_addr { host: "127.4.96.4" port: 53187 } } peers { permanent_uuid: "e79da8f222574a1194bdfa49fb5dda93" member_type: VOTER last_known_addr { host: "127.4.96.2" port: 48869 } }
I0517 06:44:21.165454 7667 raft_consensus.cc:329] T dee05aadc1ee46919ccdff3814db7dc6 P 06f454a655e2491bba20fcbae6b6904f [term 0 FOLLOWER]: Consensus starting up: Expiring failure detector timer to make a prompt election more likely
I0517 06:44:21.165769 7667 raft_consensus.cc:604] T dee05aadc1ee46919ccdff3814db7dc6 P 06f454a655e2491bba20fcbae6b6904f [term 0 FOLLOWER]: Becoming Follower/Learner. State: Replica: 06f454a655e2491bba20fcbae6b6904f, State: Initialized, Role: FOLLOWER
I0517 06:44:21.166467 7667 consensus_queue.cc:227] T dee05aadc1ee46919ccdff3814db7dc6 P 06f454a655e2491bba20fcbae6b6904f [NON_LEADER]: Queue going to NON_LEADER mode. State: All replicated index: 0, Majority replicated index: 0, Committed index: 0, Last appended: 0.0, Last appended by leader: 0, Current term: 0, Majority size: -1, State: 0, Mode: NON_LEADER, active raft config: opid_index: -1 OBSOLETE_local: false peers { permanent_uuid: "06f454a655e2491bba20fcbae6b6904f" member_type: VOTER last_known_addr { host: "127.4.96.3" port: 38778 } } peers { permanent_uuid: "c77c835e5d174d04b58e42e63029fc67" member_type: VOTER last_known_addr { host: "127.4.96.4" port: 53187 } } peers { permanent_uuid: "e79da8f222574a1194bdfa49fb5dda93" member_type: VOTER last_known_addr { host: "127.4.96.2" port: 48869 } }
I0517 06:44:21.167268 7668 raft_consensus.cc:303] T dee05aadc1ee46919ccdff3814db7dc6 P c77c835e5d174d04b58e42e63029fc67 [term 0 FOLLOWER]: Replica starting. Triggering 0 pending transactions. Active config: opid_index: -1 OBSOLETE_local: false peers { permanent_uuid: "06f454a655e2491bba20fcbae6b6904f" member_type: VOTER last_known_addr { host: "127.4.96.3" port: 38778 } } peers { permanent_uuid: "c77c835e5d174d04b58e42e63029fc67" member_type: VOTER last_known_addr { host: "127.4.96.4" port: 53187 } } peers { permanent_uuid: "e79da8f222574a1194bdfa49fb5dda93" member_type: VOTER last_known_addr { host: "127.4.96.2" port: 48869 } }
I0517 06:44:21.168031 7668 raft_consensus.cc:329] T dee05aadc1ee46919ccdff3814db7dc6 P c77c835e5d174d04b58e42e63029fc67 [term 0 FOLLOWER]: Consensus starting up: Expiring failure detector timer to make a prompt election more likely
I0517 06:44:21.168234 7668 raft_consensus.cc:604] T dee05aadc1ee46919ccdff3814db7dc6 P c77c835e5d174d04b58e42e63029fc67 [term 0 FOLLOWER]: Becoming Follower/Learner. State: Replica: c77c835e5d174d04b58e42e63029fc67, State: Initialized, Role: FOLLOWER
I0517 06:44:21.168851 7668 consensus_queue.cc:227] T dee05aadc1ee46919ccdff3814db7dc6 P c77c835e5d174d04b58e42e63029fc67 [NON_LEADER]: Queue going to NON_LEADER mode. State: All replicated index: 0, Majority replicated index: 0, Committed index: 0, Last appended: 0.0, Last appended by leader: 0, Current term: 0, Majority size: -1, State: 0, Mode: NON_LEADER, active raft config: opid_index: -1 OBSOLETE_local: false peers { permanent_uuid: "06f454a655e2491bba20fcbae6b6904f" member_type: VOTER last_known_addr { host: "127.4.96.3" port: 38778 } } peers { permanent_uuid: "c77c835e5d174d04b58e42e63029fc67" member_type: VOTER last_known_addr { host: "127.4.96.4" port: 53187 } } peers { permanent_uuid: "e79da8f222574a1194bdfa49fb5dda93" member_type: VOTER last_known_addr { host: "127.4.96.2" port: 48869 } }
I0517 06:44:21.174335 7521 heartbeater.cc:467] Master 127.4.96.62:50252 was elected leader, sending a full tablet report...
I0517 06:44:21.180830 7667 ts_tablet_manager.cc:1073] T dee05aadc1ee46919ccdff3814db7dc6 P 06f454a655e2491bba20fcbae6b6904f: Time spent starting tablet: real 0.031s user 0.020s sys 0.004s
I0517 06:44:21.182034 7645 heartbeater.cc:467] Master 127.4.96.62:50252 was elected leader, sending a full tablet report...
I0517 06:44:21.182584 7668 ts_tablet_manager.cc:1073] T dee05aadc1ee46919ccdff3814db7dc6 P c77c835e5d174d04b58e42e63029fc67: Time spent starting tablet: real 0.034s user 0.016s sys 0.012s
I0517 06:44:21.139498 7396 heartbeater.cc:467] Master 127.4.96.62:50252 was elected leader, sending a full tablet report...
I0517 06:44:21.231106 7665 ts_tablet_manager.cc:1073] T dee05aadc1ee46919ccdff3814db7dc6 P e79da8f222574a1194bdfa49fb5dda93: Time spent starting tablet: real 0.108s user 0.024s sys 0.072s
I0517 06:44:21.231510 7670 raft_consensus.cc:435] T dee05aadc1ee46919ccdff3814db7dc6 P e79da8f222574a1194bdfa49fb5dda93 [term 0 FOLLOWER]: Starting pre-election (no leader contacted us within the election timeout)
I0517 06:44:21.231796 7670 raft_consensus.cc:2704] T dee05aadc1ee46919ccdff3814db7dc6 P e79da8f222574a1194bdfa49fb5dda93: Snoozing failure detection for 1.718s (starting election)
I0517 06:44:21.232076 7670 raft_consensus.cc:457] T dee05aadc1ee46919ccdff3814db7dc6 P e79da8f222574a1194bdfa49fb5dda93 [term 0 FOLLOWER]: Starting pre-election with config: opid_index: -1 OBSOLETE_local: false peers { permanent_uuid: "06f454a655e2491bba20fcbae6b6904f" member_type: VOTER last_known_addr { host: "127.4.96.3" port: 38778 } } peers { permanent_uuid: "c77c835e5d174d04b58e42e63029fc67" member_type: VOTER last_known_addr { host: "127.4.96.4" port: 53187 } } peers { permanent_uuid: "e79da8f222574a1194bdfa49fb5dda93" member_type: VOTER last_known_addr { host: "127.4.96.2" port: 48869 } }
I0517 06:44:21.233309 7670 leader_election.cc:243] T dee05aadc1ee46919ccdff3814db7dc6 P e79da8f222574a1194bdfa49fb5dda93 [CANDIDATE]: Term 1 pre-election: Requesting pre-vote from peer 06f454a655e2491bba20fcbae6b6904f (127.4.96.3:38778)
I0517 06:44:21.233850 7670 leader_election.cc:243] T dee05aadc1ee46919ccdff3814db7dc6 P e79da8f222574a1194bdfa49fb5dda93 [CANDIDATE]: Term 1 pre-election: Requesting pre-vote from peer c77c835e5d174d04b58e42e63029fc67 (127.4.96.4:53187)
I0517 06:44:21.246739 7478 tablet_service.cc:995] Received RequestConsensusVote() RPC: tablet_id: "dee05aadc1ee46919ccdff3814db7dc6" candidate_uuid: "e79da8f222574a1194bdfa49fb5dda93" candidate_term: 1 candidate_status { last_received { term: 0 index: 0 } } ignore_live_leader: false dest_uuid: "06f454a655e2491bba20fcbae6b6904f" is_pre_election: true
I0517 06:44:21.247170 7478 raft_consensus.cc:2704] T dee05aadc1ee46919ccdff3814db7dc6 P 06f454a655e2491bba20fcbae6b6904f: Snoozing failure detection for 2.197s (vote granted)
I0517 06:44:21.247367 7478 raft_consensus.cc:2219] T dee05aadc1ee46919ccdff3814db7dc6 P 06f454a655e2491bba20fcbae6b6904f [term 0 FOLLOWER]: Leader pre-election vote request: Granting yes vote for candidate e79da8f222574a1194bdfa49fb5dda93 in term 0.
I0517 06:44:21.248229 7287 leader_election.cc:379] T dee05aadc1ee46919ccdff3814db7dc6 P e79da8f222574a1194bdfa49fb5dda93 [CANDIDATE]: Term 1 pre-election: Vote granted by peer 06f454a655e2491bba20fcbae6b6904f (127.4.96.3:38778)
I0517 06:44:21.248409 7287 leader_election.cc:270] T dee05aadc1ee46919ccdff3814db7dc6 P e79da8f222574a1194bdfa49fb5dda93 [CANDIDATE]: Term 1 pre-election: Election decided. Result: candidate won.
I0517 06:44:21.248874 7674 raft_consensus.cc:2704] T dee05aadc1ee46919ccdff3814db7dc6 P e79da8f222574a1194bdfa49fb5dda93: Snoozing failure detection for 2.098s (election complete)
I0517 06:44:21.249079 7674 raft_consensus.cc:2511] T dee05aadc1ee46919ccdff3814db7dc6 P e79da8f222574a1194bdfa49fb5dda93 [term 0 FOLLOWER]: Leader pre-election won for term 1
I0517 06:44:21.249228 7674 raft_consensus.cc:435] T dee05aadc1ee46919ccdff3814db7dc6 P e79da8f222574a1194bdfa49fb5dda93 [term 0 FOLLOWER]: Starting leader election (no leader contacted us within the election timeout)
I0517 06:44:21.249377 7674 raft_consensus.cc:2704] T dee05aadc1ee46919ccdff3814db7dc6 P e79da8f222574a1194bdfa49fb5dda93: Snoozing failure detection for 1.599s (starting election)
I0517 06:44:21.249550 7674 raft_consensus.cc:2756] T dee05aadc1ee46919ccdff3814db7dc6 P e79da8f222574a1194bdfa49fb5dda93 [term 0 FOLLOWER]: Advancing to term 1
I0517 06:44:21.252337 7602 tablet_service.cc:995] Received RequestConsensusVote() RPC: tablet_id: "dee05aadc1ee46919ccdff3814db7dc6" candidate_uuid: "e79da8f222574a1194bdfa49fb5dda93" candidate_term: 1 candidate_status { last_received { term: 0 index: 0 } } ignore_live_leader: false dest_uuid: "c77c835e5d174d04b58e42e63029fc67" is_pre_election: true
I0517 06:44:21.252741 7602 raft_consensus.cc:2704] T dee05aadc1ee46919ccdff3814db7dc6 P c77c835e5d174d04b58e42e63029fc67: Snoozing failure detection for 2.110s (vote granted)
I0517 06:44:21.252913 7602 raft_consensus.cc:2219] T dee05aadc1ee46919ccdff3814db7dc6 P c77c835e5d174d04b58e42e63029fc67 [term 0 FOLLOWER]: Leader pre-election vote request: Granting yes vote for candidate e79da8f222574a1194bdfa49fb5dda93 in term 0.
I0517 06:44:21.253129 7674 raft_consensus.cc:457] T dee05aadc1ee46919ccdff3814db7dc6 P e79da8f222574a1194bdfa49fb5dda93 [term 1 FOLLOWER]: Starting leader election with config: opid_index: -1 OBSOLETE_local: false peers { permanent_uuid: "06f454a655e2491bba20fcbae6b6904f" member_type: VOTER last_known_addr { host: "127.4.96.3" port: 38778 } } peers { permanent_uuid: "c77c835e5d174d04b58e42e63029fc67" member_type: VOTER last_known_addr { host: "127.4.96.4" port: 53187 } } peers { permanent_uuid: "e79da8f222574a1194bdfa49fb5dda93" member_type: VOTER last_known_addr { host: "127.4.96.2" port: 48869 } }
I0517 06:44:21.253664 7287 leader_election.cc:379] T dee05aadc1ee46919ccdff3814db7dc6 P e79da8f222574a1194bdfa49fb5dda93 [CANDIDATE]: Term 1 pre-election: Vote granted by peer c77c835e5d174d04b58e42e63029fc67 (127.4.96.4:53187)
I0517 06:44:21.253978 7674 leader_election.cc:243] T dee05aadc1ee46919ccdff3814db7dc6 P e79da8f222574a1194bdfa49fb5dda93 [CANDIDATE]: Term 1 election: Requesting vote from peer 06f454a655e2491bba20fcbae6b6904f (127.4.96.3:38778)
I0517 06:44:21.254335 7674 leader_election.cc:243] T dee05aadc1ee46919ccdff3814db7dc6 P e79da8f222574a1194bdfa49fb5dda93 [CANDIDATE]: Term 1 election: Requesting vote from peer c77c835e5d174d04b58e42e63029fc67 (127.4.96.4:53187)
I0517 06:44:21.255059 7478 tablet_service.cc:995] Received RequestConsensusVote() RPC: tablet_id: "dee05aadc1ee46919ccdff3814db7dc6" candidate_uuid: "e79da8f222574a1194bdfa49fb5dda93" candidate_term: 1 candidate_status { last_received { term: 0 index: 0 } } ignore_live_leader: false dest_uuid: "06f454a655e2491bba20fcbae6b6904f"
I0517 06:44:21.255259 7602 tablet_service.cc:995] Received RequestConsensusVote() RPC: tablet_id: "dee05aadc1ee46919ccdff3814db7dc6" candidate_uuid: "e79da8f222574a1194bdfa49fb5dda93" candidate_term: 1 candidate_status { last_received { term: 0 index: 0 } } ignore_live_leader: false dest_uuid: "c77c835e5d174d04b58e42e63029fc67"
I0517 06:44:21.255370 7478 raft_consensus.cc:2756] T dee05aadc1ee46919ccdff3814db7dc6 P 06f454a655e2491bba20fcbae6b6904f [term 0 FOLLOWER]: Advancing to term 1
I0517 06:44:21.255563 7478 raft_consensus.cc:2704] T dee05aadc1ee46919ccdff3814db7dc6 P 06f454a655e2491bba20fcbae6b6904f: Snoozing failure detection for 2.108s (vote granted)
I0517 06:44:21.255565 7602 raft_consensus.cc:2756] T dee05aadc1ee46919ccdff3814db7dc6 P c77c835e5d174d04b58e42e63029fc67 [term 0 FOLLOWER]: Advancing to term 1
I0517 06:44:21.255758 7602 raft_consensus.cc:2704] T dee05aadc1ee46919ccdff3814db7dc6 P c77c835e5d174d04b58e42e63029fc67: Snoozing failure detection for 2.215s (vote granted)
I0517 06:44:21.258255 7478 raft_consensus.cc:2219] T dee05aadc1ee46919ccdff3814db7dc6 P 06f454a655e2491bba20fcbae6b6904f [term 1 FOLLOWER]: Leader election vote request: Granting yes vote for candidate e79da8f222574a1194bdfa49fb5dda93 in term 1.
I0517 06:44:21.258424 7602 raft_consensus.cc:2219] T dee05aadc1ee46919ccdff3814db7dc6 P c77c835e5d174d04b58e42e63029fc67 [term 1 FOLLOWER]: Leader election vote request: Granting yes vote for candidate e79da8f222574a1194bdfa49fb5dda93 in term 1.
I0517 06:44:21.258903 7287 leader_election.cc:379] T dee05aadc1ee46919ccdff3814db7dc6 P e79da8f222574a1194bdfa49fb5dda93 [CANDIDATE]: Term 1 election: Vote granted by peer 06f454a655e2491bba20fcbae6b6904f (127.4.96.3:38778)
I0517 06:44:21.259055 7287 leader_election.cc:270] T dee05aadc1ee46919ccdff3814db7dc6 P e79da8f222574a1194bdfa49fb5dda93 [CANDIDATE]: Term 1 election: Election decided. Result: candidate won.
I0517 06:44:21.259352 7674 raft_consensus.cc:2704] T dee05aadc1ee46919ccdff3814db7dc6 P e79da8f222574a1194bdfa49fb5dda93: Snoozing failure detection for 1.577s (election complete)
I0517 06:44:21.259470 7287 leader_election.cc:379] T dee05aadc1ee46919ccdff3814db7dc6 P e79da8f222574a1194bdfa49fb5dda93 [CANDIDATE]: Term 1 election: Vote granted by peer c77c835e5d174d04b58e42e63029fc67 (127.4.96.4:53187)
I0517 06:44:21.259521 7674 raft_consensus.cc:2511] T dee05aadc1ee46919ccdff3814db7dc6 P e79da8f222574a1194bdfa49fb5dda93 [term 1 FOLLOWER]: Leader election won for term 1
I0517 06:44:21.259775 7674 raft_consensus.cc:571] T dee05aadc1ee46919ccdff3814db7dc6 P e79da8f222574a1194bdfa49fb5dda93 [term 1 LEADER]: Becoming Leader. State: Replica: e79da8f222574a1194bdfa49fb5dda93, State: Running, Role: LEADER
I0517 06:44:21.260087 7674 consensus_queue.cc:204] T dee05aadc1ee46919ccdff3814db7dc6 P e79da8f222574a1194bdfa49fb5dda93 [LEADER]: Queue going to LEADER mode. State: All replicated index: 0, Majority replicated index: 0, Committed index: 0, Last appended: 0.0, Last appended by leader: 0, Current term: 1, Majority size: 2, State: 0, Mode: LEADER, active raft config: opid_index: -1 OBSOLETE_local: false peers { permanent_uuid: "06f454a655e2491bba20fcbae6b6904f" member_type: VOTER last_known_addr { host: "127.4.96.3" port: 38778 } } peers { permanent_uuid: "c77c835e5d174d04b58e42e63029fc67" member_type: VOTER last_known_addr { host: "127.4.96.4" port: 53187 } } peers { permanent_uuid: "e79da8f222574a1194bdfa49fb5dda93" member_type: VOTER last_known_addr { host: "127.4.96.2" port: 48869 } }
I0517 06:44:21.265028 7105 catalog_manager.cc:3686] T dee05aadc1ee46919ccdff3814db7dc6 P e79da8f222574a1194bdfa49fb5dda93 reported cstate change: term changed from 0 to 1, leader changed from to e79da8f222574a1194bdfa49fb5dda93 (127.4.96.2). New cstate: current_term: 1 leader_uuid: "e79da8f222574a1194bdfa49fb5dda93" committed_config { opid_index: -1 OBSOLETE_local: false peers { permanent_uuid: "06f454a655e2491bba20fcbae6b6904f" member_type: VOTER last_known_addr { host: "127.4.96.3" port: 38778 } health_report { overall_health: UNKNOWN } } peers { permanent_uuid: "c77c835e5d174d04b58e42e63029fc67" member_type: VOTER last_known_addr { host: "127.4.96.4" port: 53187 } health_report { overall_health: UNKNOWN } } peers { permanent_uuid: "e79da8f222574a1194bdfa49fb5dda93" member_type: VOTER last_known_addr { host: "127.4.96.2" port: 48869 } health_report { overall_health: HEALTHY } } }
I0517 06:44:21.284201 4480 external_mini_cluster.cc:482] 4 TS(s) registered with all masters
I0517 06:44:21.286553 4480 ts_itest-base.cc:233] Waiting for 0 tablets on tserver 489338f6c6514088a81ec10d776c2d45 to finish bootstrapping
I0517 06:44:21.302480 4480 ts_itest-base.cc:233] Waiting for 1 tablets on tserver e79da8f222574a1194bdfa49fb5dda93 to finish bootstrapping
I0517 06:44:21.312018 4480 ts_itest-base.cc:233] Waiting for 1 tablets on tserver 06f454a655e2491bba20fcbae6b6904f to finish bootstrapping
I0517 06:44:21.322240 4480 ts_itest-base.cc:233] Waiting for 1 tablets on tserver c77c835e5d174d04b58e42e63029fc67 to finish bootstrapping
I0517 06:44:21.331552 4480 kudu-admin-test.cc:561] Waiting for Master to see the current replicas...
I0517 06:44:21.333710 4480 kudu-admin-test.cc:568] Tablet locations: tablet_id: "dee05aadc1ee46919ccdff3814db7dc6" replicas { ts_info { permanent_uuid: "06f454a655e2491bba20fcbae6b6904f" rpc_addresses { host: "127.4.96.3" port: 38778 } } role: FOLLOWER } replicas { ts_info { permanent_uuid: "c77c835e5d174d04b58e42e63029fc67" rpc_addresses { host: "127.4.96.4" port: 53187 } } role: FOLLOWER } replicas { ts_info { permanent_uuid: "e79da8f222574a1194bdfa49fb5dda93" rpc_addresses { host: "127.4.96.2" port: 48869 } } role: LEADER } DEPRECATED_stale: false partition { partition_key_start: "" partition_key_end: "" }
W0517 06:44:21.345811 7522 tablet.cc:1678] T dee05aadc1ee46919ccdff3814db7dc6 P 06f454a655e2491bba20fcbae6b6904f: Can't schedule compaction. Clean time has not been advanced past its initial value.
W0517 06:44:21.265604 7646 tablet.cc:1678] T dee05aadc1ee46919ccdff3814db7dc6 P c77c835e5d174d04b58e42e63029fc67: Can't schedule compaction. Clean time has not been advanced past its initial value.
W0517 06:44:21.360626 7397 tablet.cc:1678] T dee05aadc1ee46919ccdff3814db7dc6 P e79da8f222574a1194bdfa49fb5dda93: Can't schedule compaction. Clean time has not been advanced past its initial value.
I0517 06:44:21.734182 7602 raft_consensus.cc:1057] T dee05aadc1ee46919ccdff3814db7dc6 P c77c835e5d174d04b58e42e63029fc67 [term 1 FOLLOWER]: Refusing update from remote peer e79da8f222574a1194bdfa49fb5dda93: Log matching property violated. Preceding OpId in replica: term: 0 index: 0. Preceding OpId from leader: term: 1 index: 1. (index mismatch)
I0517 06:44:21.735296 7674 consensus_queue.cc:963] T dee05aadc1ee46919ccdff3814db7dc6 P e79da8f222574a1194bdfa49fb5dda93 [LEADER]: Connected to new peer: Peer: permanent_uuid: "c77c835e5d174d04b58e42e63029fc67" member_type: VOTER last_known_addr { host: "127.4.96.4" port: 53187 }, Status: LMP_MISMATCH, Last received: 0.0, Next index: 1, Last known committed idx: 0, Time since last communication: 0.000s
I0517 06:44:21.742841 7478 raft_consensus.cc:1057] T dee05aadc1ee46919ccdff3814db7dc6 P 06f454a655e2491bba20fcbae6b6904f [term 1 FOLLOWER]: Refusing update from remote peer e79da8f222574a1194bdfa49fb5dda93: Log matching property violated. Preceding OpId in replica: term: 0 index: 0. Preceding OpId from leader: term: 1 index: 1. (index mismatch)
I0517 06:44:21.744500 7674 consensus_queue.cc:963] T dee05aadc1ee46919ccdff3814db7dc6 P e79da8f222574a1194bdfa49fb5dda93 [LEADER]: Connected to new peer: Peer: permanent_uuid: "06f454a655e2491bba20fcbae6b6904f" member_type: VOTER last_known_addr { host: "127.4.96.3" port: 38778 }, Status: LMP_MISMATCH, Last received: 0.0, Next index: 1, Last known committed idx: 0, Time since last communication: 0.000s
I0517 06:44:21.753365 4480 external_mini_cluster.cc:978] Killing /tmp/dist-test-task4QLboq/build/tsan/bin/kudu-tserver with pid 7275
W0517 06:44:21.771076 7086 connection.cc:512] client connection to 127.4.96.2:48869 recv error: Network error: failed to read from TLS socket (remote: 127.4.96.2:48869): Connection reset by peer (error 104)
W0517 06:44:21.771134 7076 connection.cc:512] client connection to 127.4.96.2:48869 recv error: Network error: failed to read from TLS socket (remote: 127.4.96.2:48869): Connection reset by peer (error 104)
W0517 06:44:21.771185 7408 connection.cc:512] server connection from 127.4.96.2:43239 recv error: Network error: failed to read from TLS socket (remote: 127.4.96.2:43239): Connection reset by peer (error 104)
W0517 06:44:21.772020 7086 connection.cc:512] server connection from 127.4.96.2:33895 recv error: Network error: failed to read from TLS socket (remote: 127.4.96.2:33895): Connection reset by peer (error 104)
W0517 06:44:21.772476 7073 connection.cc:512] client connection to 127.4.96.2:48869 recv error: Network error: failed to read from TLS socket (remote: 127.4.96.2:48869): Connection reset by peer (error 104)
W0517 06:44:21.772531 7533 connection.cc:512] server connection from 127.4.96.2:58953 recv error: Network error: failed to read from TLS socket (remote: 127.4.96.2:58953): Connection reset by peer (error 104)
I0517 06:44:21.773439 4480 external_mini_cluster.cc:978] Killing /tmp/dist-test-task4QLboq/build/tsan/bin/kudu-master with pid 7077
W0517 06:44:21.796303 7412 connection.cc:512] client connection to 127.4.96.62:50252 recv error: Network error: failed to read from TLS socket (remote: 127.4.96.62:50252): Connection reset by peer (error 104)
W0517 06:44:21.796366 7162 connection.cc:512] client connection to 127.4.96.62:50252 recv error: Network error: failed to read from TLS socket (remote: 127.4.96.62:50252): Connection reset by peer (error 104)
