I0517 06:45:34.658113 14851 system_ntp.cc:143] NTP initialized. Skew: 500ppm Current error: 166319us
I0517 06:45:34.658691 14851 fs_manager.cc:260] Metadata directory not provided
I0517 06:45:34.658862 14851 fs_manager.cc:266] Using write-ahead log directory (fs_wal_dir) as metadata directory
I0517 06:45:34.659118 14851 server_base.cc:432] Could not load existing FS layout: Not found: /tmp/dist-test-task4QLboq/test-tmp/kudu-admin-test.0.AdminCliTest.TestListTablesDetail.1526539434354140-4480/raft_consensus-itest-cluster/ts-1/data/instance: No such file or directory (error 2)
I0517 06:45:34.659271 14851 server_base.cc:433] Attempting to create new FS layout instead
I0517 06:45:34.671670 14851 fs_manager.cc:595] Generated new instance metadata in path /tmp/dist-test-task4QLboq/test-tmp/kudu-admin-test.0.AdminCliTest.TestListTablesDetail.1526539434354140-4480/raft_consensus-itest-cluster/ts-1/data/instance: uuid: "6273e1a98ee74e2299e022c4b2bf1412" format_stamp: "Formatted at 2018-05-17 06:45:34 on dist-test-slave-dist-test-slave-26mv"
I0517 06:45:34.672574 14851 fs_manager.cc:595] Generated new instance metadata in path /tmp/dist-test-task4QLboq/test-tmp/kudu-admin-test.0.AdminCliTest.TestListTablesDetail.1526539434354140-4480/raft_consensus-itest-cluster/ts-1/wal/instance: uuid: "6273e1a98ee74e2299e022c4b2bf1412" format_stamp: "Formatted at 2018-05-17 06:45:34 on dist-test-slave-dist-test-slave-26mv"
I0517 06:45:34.686287 14851 fs_manager.cc:495] Time spent creating directory manager: real 0.013s user 0.016s sys 0.000s
I0517 06:45:34.687918 14851 env_posix.cc:1643] Not raising this process' open files per process limit of 65536; it is already as high as it can go
I0517 06:45:34.688457 14851 file_cache.cc:470] Constructed file cache lbm with capacity 26214
I0517 06:45:34.699494 14851 fs_manager.cc:417] Time spent opening block manager: real 0.002s user 0.004s sys 0.004s
I0517 06:45:34.699646 14851 fs_manager.cc:428] Opened local filesystem: /tmp/dist-test-task4QLboq/test-tmp/kudu-admin-test.0.AdminCliTest.TestListTablesDetail.1526539434354140-4480/raft_consensus-itest-cluster/ts-1/data,/tmp/dist-test-task4QLboq/test-tmp/kudu-admin-test.0.AdminCliTest.TestListTablesDetail.1526539434354140-4480/raft_consensus-itest-cluster/ts-1/wal uuid: "6273e1a98ee74e2299e022c4b2bf1412" format_stamp: "Formatted at 2018-05-17 06:45:34 on dist-test-slave-dist-test-slave-26mv"
I0517 06:45:34.699928 14851 fs_report.cc:347] Block manager report -------------------- 1 data directories: /tmp/dist-test-task4QLboq/test-tmp/kudu-admin-test.0.AdminCliTest.TestListTablesDetail.1526539434354140-4480/raft_consensus-itest-cluster/ts-1/data/data Total live blocks: 0 Total live bytes: 0 Total live bytes (after alignment): 0 Total number of LBM containers: 0 (0 full) Did not check for missing blocks Did not check for orphaned blocks Total full LBM containers with extra space: 0 (0 repaired) Total full LBM container extra space in bytes: 0 (0 repaired) Total incomplete LBM containers: 0 (0 repaired) Total LBM partial records: 0 (0 repaired)
I0517 06:45:34.884922 14851 env_posix.cc:1643] Not raising this process' running threads per effective uid limit of 60284; it is already as high as it can go
I0517 06:45:34.888159 14851 ts_tablet_manager.cc:356] Loaded tablet metadata (0 live tablets)
I0517 06:45:34.889271 14851 tablet_server_main.cc:90] Starting tablet server...
I0517 06:45:35.051133 14851 rpc_server.cc:205] RPC server started. Bound to: 127.4.96.2:57948
I0517 06:45:35.052436 14851 webserver.cc:173] Starting webserver on 127.4.96.2:0
I0517 06:45:35.052579 14851 webserver.cc:184] Document root disabled
I0517 06:45:35.054050 14851 webserver.cc:311] Webserver started. Bound to: http://127.4.96.2:49045/
I0517 06:45:35.054913 14851 server_base.cc:607] Dumped server information to /tmp/dist-test-task4QLboq/test-tmp/kudu-admin-test.0.AdminCliTest.TestListTablesDetail.1526539434354140-4480/raft_consensus-itest-cluster/ts-1/data/info.pb
I0517 06:45:35.059017 4480 external_mini_cluster.cc:848] Started /tmp/dist-test-task4QLboq/build/tsan/bin/kudu-tserver as pid 14851
I0517 06:45:35.060390 4480 external_mini_cluster.cc:786] Running /tmp/dist-test-task4QLboq/build/tsan/bin/kudu-tserver /tmp/dist-test-task4QLboq/build/tsan/bin/kudu-tserver --fs_wal_dir=/tmp/dist-test-task4QLboq/test-tmp/kudu-admin-test.0.AdminCliTest.TestListTablesDetail.1526539434354140-4480/raft_consensus-itest-cluster/ts-2/wal --fs_data_dirs=/tmp/dist-test-task4QLboq/test-tmp/kudu-admin-test.0.AdminCliTest.TestListTablesDetail.1526539434354140-4480/raft_consensus-itest-cluster/ts-2/data --block_manager=log --rpc_bind_addresses=127.4.96.3:0 --local_ip_for_outbound_sockets=127.4.96.3 --webserver_interface=127.4.96.3 --webserver_port=0 --tserver_master_addrs=127.4.96.62:51382 --never_fsync --ipki_server_key_size=1024 --enable_minidumps=false --redact=none --metrics_log_interval_ms=1000 --logtostderr --logbuflevel=-1 --log_dir=/tmp/dist-test-task4QLboq/test-tmp/kudu-admin-test.0.AdminCliTest.TestListTablesDetail.1526539434354140-4480/raft_consensus-itest-cluster/ts-2/logs --server_dump_info_path=/tmp/dist-test-task4QLboq/test-tmp/kudu-admin-test.0.AdminCliTest.TestListTablesDetail.1526539434354140-4480/raft_consensus-itest-cluster/ts-2/data/info.pb --server_dump_info_format=pb --rpc_server_allow_ephemeral_ports --unlock_experimental_flags --unlock_unsafe_flags --log_cache_size_limit_mb=10 --consensus_rpc_timeout_ms=30000 with env {}
I0517 06:45:35.066766 14851 tablet_server_main.cc:93] Tablet server successfully started.
I0517 06:45:35.089056 14973 heartbeater.cc:346] Connected to a master server at 127.4.96.62:51382
I0517 06:45:35.089294 14973 heartbeater.cc:426] Registering TS with master...
I0517 06:45:35.089818 14973 heartbeater.cc:475] Master 127.4.96.62:51382 requested a full tablet report, sending...
I0517 06:45:35.091825 14682 ts_manager.cc:81] Registered new tserver with Master: 6273e1a98ee74e2299e022c4b2bf1412 (127.4.96.2:57948)
I0517 06:45:35.093906 14682 master_service.cc:249] Signed X509 certificate for tserver {username='slave'} at 127.4.96.2:43803 WARNING: Logging before InitGoogleLogging() is written to STDERR
W0517 06:45:35.169226 14977 flags.cc:406] Enabled unsafe flag: --rpc_server_allow_ephemeral_ports=true
W0517 06:45:35.169549 14977 flags.cc:406] Enabled unsafe flag: --never_fsync=true
W0517 06:45:35.177569 14977 flags.cc:406] Enabled experimental flag: --ipki_server_key_size=1024
W0517 06:45:35.178000 14977 flags.cc:406] Enabled experimental flag: --local_ip_for_outbound_sockets=127.4.96.3
I0517 06:45:35.190234 14977 tablet_server_main.cc:78] Tablet server non-default flags: --log_cache_size_limit_mb=10 --fs_data_dirs=/tmp/dist-test-task4QLboq/test-tmp/kudu-admin-test.0.AdminCliTest.TestListTablesDetail.1526539434354140-4480/raft_consensus-itest-cluster/ts-2/data --fs_wal_dir=/tmp/dist-test-task4QLboq/test-tmp/kudu-admin-test.0.AdminCliTest.TestListTablesDetail.1526539434354140-4480/raft_consensus-itest-cluster/ts-2/wal --ipki_server_key_size=1024 --rpc_bind_addresses=127.4.96.3:0 --rpc_server_allow_ephemeral_ports=true --metrics_log_interval_ms=1000 --server_dump_info_format=pb --server_dump_info_path=/tmp/dist-test-task4QLboq/test-tmp/kudu-admin-test.0.AdminCliTest.TestListTablesDetail.1526539434354140-4480/raft_consensus-itest-cluster/ts-2/data/info.pb --webserver_interface=127.4.96.3 --webserver_port=0 --tserver_master_addrs=127.4.96.62:51382 --never_fsync=true --redact=none --unlock_experimental_flags=true --unlock_unsafe_flags=true --enable_minidumps=false --local_ip_for_outbound_sockets=127.4.96.3 --log_dir=/tmp/dist-test-task4QLboq/test-tmp/kudu-admin-test.0.AdminCliTest.TestListTablesDetail.1526539434354140-4480/raft_consensus-itest-cluster/ts-2/logs --logbuflevel=-1 --logtostderr=true Tablet server version: kudu 1.8.0-SNAPSHOT revision f969af316286807a745fa39b9c2ee604c88b63c9 build type FASTDEBUG built by None at 17 May 2018 06:38:04 UTC on jenkins-slave-snjf build id 13499 TSAN enabled
I0517 06:45:35.198293 14977 tablet_server_main.cc:85] Initializing tablet server...
I0517 06:45:35.200047 14977 system_ntp.cc:143] NTP initialized. Skew: 500ppm Current error: 166819us
I0517 06:45:35.200465 14977 fs_manager.cc:260] Metadata directory not provided
I0517 06:45:35.200575 14977 fs_manager.cc:266] Using write-ahead log directory (fs_wal_dir) as metadata directory
I0517 06:45:35.200754 14977 server_base.cc:432] Could not load existing FS layout: Not found: /tmp/dist-test-task4QLboq/test-tmp/kudu-admin-test.0.AdminCliTest.TestListTablesDetail.1526539434354140-4480/raft_consensus-itest-cluster/ts-2/data/instance: No such file or directory (error 2)
I0517 06:45:35.200857 14977 server_base.cc:433] Attempting to create new FS layout instead
I0517 06:45:35.208444 14977 fs_manager.cc:595] Generated new instance metadata in path /tmp/dist-test-task4QLboq/test-tmp/kudu-admin-test.0.AdminCliTest.TestListTablesDetail.1526539434354140-4480/raft_consensus-itest-cluster/ts-2/data/instance: uuid: "a8c994bd452a4c8f9231e25b0de809d7" format_stamp: "Formatted at 2018-05-17 06:45:35 on dist-test-slave-dist-test-slave-26mv"
I0517 06:45:35.209107 14977 fs_manager.cc:595] Generated new instance metadata in path /tmp/dist-test-task4QLboq/test-tmp/kudu-admin-test.0.AdminCliTest.TestListTablesDetail.1526539434354140-4480/raft_consensus-itest-cluster/ts-2/wal/instance: uuid: "a8c994bd452a4c8f9231e25b0de809d7" format_stamp: "Formatted at 2018-05-17 06:45:35 on dist-test-slave-dist-test-slave-26mv"
I0517 06:45:35.218487 14977 fs_manager.cc:495] Time spent creating directory manager: real 0.009s user 0.004s sys 0.008s
I0517 06:45:35.219564 14977 env_posix.cc:1643] Not raising this process' open files per process limit of 65536; it is already as high as it can go
I0517 06:45:35.219936 14977 file_cache.cc:470] Constructed file cache lbm with capacity 26214
I0517 06:45:35.226918 14977 fs_manager.cc:417] Time spent opening block manager: real 0.002s user 0.000s sys 0.004s
I0517 06:45:35.227030 14977 fs_manager.cc:428] Opened local filesystem: /tmp/dist-test-task4QLboq/test-tmp/kudu-admin-test.0.AdminCliTest.TestListTablesDetail.1526539434354140-4480/raft_consensus-itest-cluster/ts-2/data,/tmp/dist-test-task4QLboq/test-tmp/kudu-admin-test.0.AdminCliTest.TestListTablesDetail.1526539434354140-4480/raft_consensus-itest-cluster/ts-2/wal uuid: "a8c994bd452a4c8f9231e25b0de809d7" format_stamp: "Formatted at 2018-05-17 06:45:35 on dist-test-slave-dist-test-slave-26mv"
I0517 06:45:35.227259 14977 fs_report.cc:347] Block manager report -------------------- 1 data directories: /tmp/dist-test-task4QLboq/test-tmp/kudu-admin-test.0.AdminCliTest.TestListTablesDetail.1526539434354140-4480/raft_consensus-itest-cluster/ts-2/data/data Total live blocks: 0 Total live bytes: 0 Total live bytes (after alignment): 0 Total number of LBM containers: 0 (0 full) Did not check for missing blocks Did not check for orphaned blocks Total full LBM containers with extra space: 0 (0 repaired) Total full LBM container extra space in bytes: 0 (0 repaired) Total incomplete LBM containers: 0 (0 repaired) Total LBM partial records: 0 (0 repaired)
I0517 06:45:35.391005 14977 env_posix.cc:1643] Not raising this process' running threads per effective uid limit of 60284; it is already as high as it can go
I0517 06:45:35.393332 14977 ts_tablet_manager.cc:356] Loaded tablet metadata (0 live tablets)
I0517 06:45:35.394268 14977 tablet_server_main.cc:90] Starting tablet server...
I0517 06:45:35.479610 14977 rpc_server.cc:205] RPC server started. Bound to: 127.4.96.3:47487
I0517 06:45:35.480505 14977 webserver.cc:173] Starting webserver on 127.4.96.3:0
I0517 06:45:35.480612 14977 webserver.cc:184] Document root disabled
I0517 06:45:35.481554 14847 heartbeater.cc:467] Master 127.4.96.62:51382 was elected leader, sending a full tablet report...
I0517 06:45:35.481855 14977 webserver.cc:311] Webserver started. Bound to: http://127.4.96.3:56277/
I0517 06:45:35.482576 14977 server_base.cc:607] Dumped server information to /tmp/dist-test-task4QLboq/test-tmp/kudu-admin-test.0.AdminCliTest.TestListTablesDetail.1526539434354140-4480/raft_consensus-itest-cluster/ts-2/data/info.pb
I0517 06:45:35.485466 14977 tablet_server_main.cc:93] Tablet server successfully started.
I0517 06:45:35.491688 4480 external_mini_cluster.cc:848] Started /tmp/dist-test-task4QLboq/build/tsan/bin/kudu-tserver as pid 14977
I0517 06:45:35.507357 15098 heartbeater.cc:346] Connected to a master server at 127.4.96.62:51382
I0517 06:45:35.507580 15098 heartbeater.cc:426] Registering TS with master...
I0517 06:45:35.507983 15098 heartbeater.cc:475] Master 127.4.96.62:51382 requested a full tablet report, sending...
I0517 06:45:35.509320 14682 ts_manager.cc:81] Registered new tserver with Master: a8c994bd452a4c8f9231e25b0de809d7 (127.4.96.3:47487)
I0517 06:45:35.510974 14682 master_service.cc:249] Signed X509 certificate for tserver {username='slave'} at 127.4.96.3:51646
I0517 06:45:35.515781 4480 external_mini_cluster.cc:482] 3 TS(s) registered with all masters
I0517 06:45:35.540377 14682 catalog_manager.cc:1315] Servicing CreateTable request from {username='slave'} at 127.0.0.1:32964: name: "TestTable" schema { columns { name: "key" type: INT32 is_key: true is_nullable: false encoding: AUTO_ENCODING compression: DEFAULT_COMPRESSION cfile_block_size: 0 } columns { name: "int_val" type: INT32 is_key: false is_nullable: false encoding: AUTO_ENCODING compression: DEFAULT_COMPRESSION cfile_block_size: 0 } columns { name: "string_val" type: STRING is_key: false is_nullable: true encoding: AUTO_ENCODING compression: DEFAULT_COMPRESSION cfile_block_size: 0 } } num_replicas: 3 split_rows_range_bounds { } partition_schema { range_schema { columns { name: "key" } } }
W0517 06:45:35.548825 14682 catalog_manager.cc:1463] The number of live tablet servers is not enough to re-replicate a tablet replica of the newly created table TestTable in case of a replica failure: 4 tablet servers are needed, 3 are alive. Consider bringing up additional tablet server(s) or running both the masters and all tablet servers with --raft_prepare_replacement_before_eviction=false flag (not recommended).
I0517 06:45:35.581985 14784 tablet_service.cc:759] Processing CreateTablet for tablet 74988dfa0c9d440d8efa3000f3148d38 (table=TestTable [id=8f37ef1f2373457f9e278757330950e4]), partition=RANGE (key) PARTITION UNBOUNDED
I0517 06:45:35.582703 14784 data_dirs.cc:934] Could only allocate 1 dirs of requested 3 for tablet 74988dfa0c9d440d8efa3000f3148d38. 1 dirs total, 0 dirs full, 0 dirs failed
I0517 06:45:35.590126 15035 tablet_service.cc:759] Processing CreateTablet for tablet 74988dfa0c9d440d8efa3000f3148d38 (table=TestTable [id=8f37ef1f2373457f9e278757330950e4]), partition=RANGE (key) PARTITION UNBOUNDED
I0517 06:45:35.590934 15035 data_dirs.cc:934] Could only allocate 1 dirs of requested 3 for tablet 74988dfa0c9d440d8efa3000f3148d38. 1 dirs total, 0 dirs full, 0 dirs failed
I0517 06:45:35.596693 14784 ts_tablet_manager.cc:1173] T 74988dfa0c9d440d8efa3000f3148d38 P 7f5cb95271f04f4d8fad2f9f00f17396: Registered tablet (data state: TABLET_DATA_READY)
I0517 06:45:35.598240 15118 ts_tablet_manager.cc:1028] T 74988dfa0c9d440d8efa3000f3148d38 P 7f5cb95271f04f4d8fad2f9f00f17396: Bootstrapping tablet
I0517 06:45:35.598609 15118 tablet_bootstrap.cc:436] T 74988dfa0c9d440d8efa3000f3148d38 P 7f5cb95271f04f4d8fad2f9f00f17396: Bootstrap starting.
I0517 06:45:35.599855 14910 tablet_service.cc:759] Processing CreateTablet for tablet 74988dfa0c9d440d8efa3000f3148d38 (table=TestTable [id=8f37ef1f2373457f9e278757330950e4]), partition=RANGE (key) PARTITION UNBOUNDED
I0517 06:45:35.600448 14910 data_dirs.cc:934] Could only allocate 1 dirs of requested 3 for tablet 74988dfa0c9d440d8efa3000f3148d38. 1 dirs total, 0 dirs full, 0 dirs failed
I0517 06:45:35.601336 15118 tablet_bootstrap.cc:587] T 74988dfa0c9d440d8efa3000f3148d38 P 7f5cb95271f04f4d8fad2f9f00f17396: No blocks or log segments found. Creating new log.
I0517 06:45:35.602695 15118 log.cc:520] T 74988dfa0c9d440d8efa3000f3148d38 P 7f5cb95271f04f4d8fad2f9f00f17396: Log is configured to *not* fsync() on all Append() calls
I0517 06:45:35.615721 15035 ts_tablet_manager.cc:1173] T 74988dfa0c9d440d8efa3000f3148d38 P a8c994bd452a4c8f9231e25b0de809d7: Registered tablet (data state: TABLET_DATA_READY)
I0517 06:45:35.617440 14910 ts_tablet_manager.cc:1173] T 74988dfa0c9d440d8efa3000f3148d38 P 6273e1a98ee74e2299e022c4b2bf1412: Registered tablet (data state: TABLET_DATA_READY)
I0517 06:45:35.618605 15120 ts_tablet_manager.cc:1028] T 74988dfa0c9d440d8efa3000f3148d38 P a8c994bd452a4c8f9231e25b0de809d7: Bootstrapping tablet
I0517 06:45:35.619088 15120 tablet_bootstrap.cc:436] T 74988dfa0c9d440d8efa3000f3148d38 P a8c994bd452a4c8f9231e25b0de809d7: Bootstrap starting.
I0517 06:45:35.619909 15121 ts_tablet_manager.cc:1028] T 74988dfa0c9d440d8efa3000f3148d38 P 6273e1a98ee74e2299e022c4b2bf1412: Bootstrapping tablet
I0517 06:45:35.620625 15121 tablet_bootstrap.cc:436] T 74988dfa0c9d440d8efa3000f3148d38 P 6273e1a98ee74e2299e022c4b2bf1412: Bootstrap starting.
I0517 06:45:35.621568 15118 tablet_bootstrap.cc:436] T 74988dfa0c9d440d8efa3000f3148d38 P 7f5cb95271f04f4d8fad2f9f00f17396: No bootstrap required, opened a new log
I0517 06:45:35.621917 15120 tablet_bootstrap.cc:587] T 74988dfa0c9d440d8efa3000f3148d38 P a8c994bd452a4c8f9231e25b0de809d7: No blocks or log segments found. Creating new log.
I0517 06:45:35.621969 15118 ts_tablet_manager.cc:1045] T 74988dfa0c9d440d8efa3000f3148d38 P 7f5cb95271f04f4d8fad2f9f00f17396: Time spent bootstrapping tablet: real 0.024s user 0.008s sys 0.012s
I0517 06:45:35.623345 15121 tablet_bootstrap.cc:587] T 74988dfa0c9d440d8efa3000f3148d38 P 6273e1a98ee74e2299e022c4b2bf1412: No blocks or log segments found. Creating new log.
I0517 06:45:35.623481 15120 log.cc:520] T 74988dfa0c9d440d8efa3000f3148d38 P a8c994bd452a4c8f9231e25b0de809d7: Log is configured to *not* fsync() on all Append() calls
I0517 06:45:35.624480 15121 log.cc:520] T 74988dfa0c9d440d8efa3000f3148d38 P 6273e1a98ee74e2299e022c4b2bf1412: Log is configured to *not* fsync() on all Append() calls
I0517 06:45:35.629488 15120 tablet_bootstrap.cc:436] T 74988dfa0c9d440d8efa3000f3148d38 P a8c994bd452a4c8f9231e25b0de809d7: No bootstrap required, opened a new log
I0517 06:45:35.629839 15120 ts_tablet_manager.cc:1045] T 74988dfa0c9d440d8efa3000f3148d38 P a8c994bd452a4c8f9231e25b0de809d7: Time spent bootstrapping tablet: real 0.011s user 0.004s sys 0.004s
I0517 06:45:35.637063 15121 tablet_bootstrap.cc:436] T 74988dfa0c9d440d8efa3000f3148d38 P 6273e1a98ee74e2299e022c4b2bf1412: No bootstrap required, opened a new log
I0517 06:45:35.637439 15121 ts_tablet_manager.cc:1045] T 74988dfa0c9d440d8efa3000f3148d38 P 6273e1a98ee74e2299e022c4b2bf1412: Time spent bootstrapping tablet: real 0.017s user 0.004s sys 0.008s
I0517 06:45:35.638098 15118 raft_consensus.cc:303] T 74988dfa0c9d440d8efa3000f3148d38 P 7f5cb95271f04f4d8fad2f9f00f17396 [term 0 FOLLOWER]: Replica starting. Triggering 0 pending transactions. Active config: opid_index: -1 OBSOLETE_local: false peers { permanent_uuid: "a8c994bd452a4c8f9231e25b0de809d7" member_type: VOTER last_known_addr { host: "127.4.96.3" port: 47487 } } peers { permanent_uuid: "7f5cb95271f04f4d8fad2f9f00f17396" member_type: VOTER last_known_addr { host: "127.4.96.1" port: 45590 } } peers { permanent_uuid: "6273e1a98ee74e2299e022c4b2bf1412" member_type: VOTER last_known_addr { host: "127.4.96.2" port: 57948 } }
I0517 06:45:35.638916 15118 raft_consensus.cc:329] T 74988dfa0c9d440d8efa3000f3148d38 P 7f5cb95271f04f4d8fad2f9f00f17396 [term 0 FOLLOWER]: Consensus starting up: Expiring failure detector timer to make a prompt election more likely
I0517 06:45:35.639138 15118 raft_consensus.cc:604] T 74988dfa0c9d440d8efa3000f3148d38 P 7f5cb95271f04f4d8fad2f9f00f17396 [term 0 FOLLOWER]: Becoming Follower/Learner. State: Replica: 7f5cb95271f04f4d8fad2f9f00f17396, State: Initialized, Role: FOLLOWER
I0517 06:45:35.639871 15118 consensus_queue.cc:227] T 74988dfa0c9d440d8efa3000f3148d38 P 7f5cb95271f04f4d8fad2f9f00f17396 [NON_LEADER]: Queue going to NON_LEADER mode. State: All replicated index: 0, Majority replicated index: 0, Committed index: 0, Last appended: 0.0, Last appended by leader: 0, Current term: 0, Majority size: -1, State: 0, Mode: NON_LEADER, active raft config: opid_index: -1 OBSOLETE_local: false peers { permanent_uuid: "a8c994bd452a4c8f9231e25b0de809d7" member_type: VOTER last_known_addr { host: "127.4.96.3" port: 47487 } } peers { permanent_uuid: "7f5cb95271f04f4d8fad2f9f00f17396" member_type: VOTER last_known_addr { host: "127.4.96.1" port: 45590 } } peers { permanent_uuid: "6273e1a98ee74e2299e022c4b2bf1412" member_type: VOTER last_known_addr { host: "127.4.96.2" port: 57948 } }
I0517 06:45:35.641033 15120 raft_consensus.cc:303] T 74988dfa0c9d440d8efa3000f3148d38 P a8c994bd452a4c8f9231e25b0de809d7 [term 0 FOLLOWER]: Replica starting. Triggering 0 pending transactions. Active config: opid_index: -1 OBSOLETE_local: false peers { permanent_uuid: "a8c994bd452a4c8f9231e25b0de809d7" member_type: VOTER last_known_addr { host: "127.4.96.3" port: 47487 } } peers { permanent_uuid: "7f5cb95271f04f4d8fad2f9f00f17396" member_type: VOTER last_known_addr { host: "127.4.96.1" port: 45590 } } peers { permanent_uuid: "6273e1a98ee74e2299e022c4b2bf1412" member_type: VOTER last_known_addr { host: "127.4.96.2" port: 57948 } }
I0517 06:45:35.641719 15120 raft_consensus.cc:329] T 74988dfa0c9d440d8efa3000f3148d38 P a8c994bd452a4c8f9231e25b0de809d7 [term 0 FOLLOWER]: Consensus starting up: Expiring failure detector timer to make a prompt election more likely
I0517 06:45:35.641899 15120 raft_consensus.cc:604] T 74988dfa0c9d440d8efa3000f3148d38 P a8c994bd452a4c8f9231e25b0de809d7 [term 0 FOLLOWER]: Becoming Follower/Learner. State: Replica: a8c994bd452a4c8f9231e25b0de809d7, State: Initialized, Role: FOLLOWER
I0517 06:45:35.642498 15120 consensus_queue.cc:227] T 74988dfa0c9d440d8efa3000f3148d38 P a8c994bd452a4c8f9231e25b0de809d7 [NON_LEADER]: Queue going to NON_LEADER mode. State: All replicated index: 0, Majority replicated index: 0, Committed index: 0, Last appended: 0.0, Last appended by leader: 0, Current term: 0, Majority size: -1, State: 0, Mode: NON_LEADER, active raft config: opid_index: -1 OBSOLETE_local: false peers { permanent_uuid: "a8c994bd452a4c8f9231e25b0de809d7" member_type: VOTER last_known_addr { host: "127.4.96.3" port: 47487 } } peers { permanent_uuid: "7f5cb95271f04f4d8fad2f9f00f17396" member_type: VOTER last_known_addr { host: "127.4.96.1" port: 45590 } } peers { permanent_uuid: "6273e1a98ee74e2299e022c4b2bf1412" member_type: VOTER last_known_addr { host: "127.4.96.2" port: 57948 } }
I0517 06:45:35.649602 15118 ts_tablet_manager.cc:1073] T 74988dfa0c9d440d8efa3000f3148d38 P 7f5cb95271f04f4d8fad2f9f00f17396: Time spent starting tablet: real 0.027s user 0.012s sys 0.008s
I0517 06:45:35.650631 15098 heartbeater.cc:467] Master 127.4.96.62:51382 was elected leader, sending a full tablet report...
I0517 06:45:35.652755 15121 raft_consensus.cc:303] T 74988dfa0c9d440d8efa3000f3148d38 P 6273e1a98ee74e2299e022c4b2bf1412 [term 0 FOLLOWER]: Replica starting. Triggering 0 pending transactions. Active config: opid_index: -1 OBSOLETE_local: false peers { permanent_uuid: "a8c994bd452a4c8f9231e25b0de809d7" member_type: VOTER last_known_addr { host: "127.4.96.3" port: 47487 } } peers { permanent_uuid: "7f5cb95271f04f4d8fad2f9f00f17396" member_type: VOTER last_known_addr { host: "127.4.96.1" port: 45590 } } peers { permanent_uuid: "6273e1a98ee74e2299e022c4b2bf1412" member_type: VOTER last_known_addr { host: "127.4.96.2" port: 57948 } }
I0517 06:45:35.653445 15121 raft_consensus.cc:329] T 74988dfa0c9d440d8efa3000f3148d38 P 6273e1a98ee74e2299e022c4b2bf1412 [term 0 FOLLOWER]: Consensus starting up: Expiring failure detector timer to make a prompt election more likely
I0517 06:45:35.653666 15121 raft_consensus.cc:604] T 74988dfa0c9d440d8efa3000f3148d38 P 6273e1a98ee74e2299e022c4b2bf1412 [term 0 FOLLOWER]: Becoming Follower/Learner. State: Replica: 6273e1a98ee74e2299e022c4b2bf1412, State: Initialized, Role: FOLLOWER
I0517 06:45:35.655405 15121 consensus_queue.cc:227] T 74988dfa0c9d440d8efa3000f3148d38 P 6273e1a98ee74e2299e022c4b2bf1412 [NON_LEADER]: Queue going to NON_LEADER mode. State: All replicated index: 0, Majority replicated index: 0, Committed index: 0, Last appended: 0.0, Last appended by leader: 0, Current term: 0, Majority size: -1, State: 0, Mode: NON_LEADER, active raft config: opid_index: -1 OBSOLETE_local: false peers { permanent_uuid: "a8c994bd452a4c8f9231e25b0de809d7" member_type: VOTER last_known_addr { host: "127.4.96.3" port: 47487 } } peers { permanent_uuid: "7f5cb95271f04f4d8fad2f9f00f17396" member_type: VOTER last_known_addr { host: "127.4.96.1" port: 45590 } } peers { permanent_uuid: "6273e1a98ee74e2299e022c4b2bf1412" member_type: VOTER last_known_addr { host: "127.4.96.2" port: 57948 } }
I0517 06:45:35.656188 15126 raft_consensus.cc:435] T 74988dfa0c9d440d8efa3000f3148d38 P 6273e1a98ee74e2299e022c4b2bf1412 [term 0 FOLLOWER]: Starting pre-election (no leader contacted us within the election timeout)
I0517 06:45:35.656443 15126 raft_consensus.cc:2704] T 74988dfa0c9d440d8efa3000f3148d38 P 6273e1a98ee74e2299e022c4b2bf1412: Snoozing failure detection for 1.656s (starting election)
I0517 06:45:35.656707 15126 raft_consensus.cc:457] T 74988dfa0c9d440d8efa3000f3148d38 P 6273e1a98ee74e2299e022c4b2bf1412 [term 0 FOLLOWER]: Starting pre-election with config: opid_index: -1 OBSOLETE_local: false peers { permanent_uuid: "a8c994bd452a4c8f9231e25b0de809d7" member_type: VOTER last_known_addr { host: "127.4.96.3" port: 47487 } } peers { permanent_uuid: "7f5cb95271f04f4d8fad2f9f00f17396" member_type: VOTER last_known_addr { host: "127.4.96.1" port: 45590 } } peers { permanent_uuid: "6273e1a98ee74e2299e022c4b2bf1412" member_type: VOTER last_known_addr { host: "127.4.96.2" port: 57948 } }
I0517 06:45:35.657999 15126 leader_election.cc:243] T 74988dfa0c9d440d8efa3000f3148d38 P 6273e1a98ee74e2299e022c4b2bf1412 [CANDIDATE]: Term 1 pre-election: Requesting pre-vote from peer a8c994bd452a4c8f9231e25b0de809d7 (127.4.96.3:47487)
I0517 06:45:35.659816 15126 leader_election.cc:243] T 74988dfa0c9d440d8efa3000f3148d38 P 6273e1a98ee74e2299e022c4b2bf1412 [CANDIDATE]: Term 1 pre-election: Requesting pre-vote from peer 7f5cb95271f04f4d8fad2f9f00f17396 (127.4.96.1:45590)
I0517 06:45:35.650993 15120 ts_tablet_manager.cc:1073] T 74988dfa0c9d440d8efa3000f3148d38 P a8c994bd452a4c8f9231e25b0de809d7: Time spent starting tablet: real 0.021s user 0.016s sys 0.004s
I0517 06:45:35.657424 14973 heartbeater.cc:467] Master 127.4.96.62:51382 was elected leader, sending a full tablet report...
I0517 06:45:35.729382 15055 tablet_service.cc:995] Received RequestConsensusVote() RPC: tablet_id: "74988dfa0c9d440d8efa3000f3148d38" candidate_uuid: "6273e1a98ee74e2299e022c4b2bf1412" candidate_term: 1 candidate_status { last_received { term: 0 index: 0 } } ignore_live_leader: false dest_uuid: "a8c994bd452a4c8f9231e25b0de809d7" is_pre_election: true
I0517 06:45:35.730072 15055 raft_consensus.cc:2704] T 74988dfa0c9d440d8efa3000f3148d38 P a8c994bd452a4c8f9231e25b0de809d7: Snoozing failure detection for 2.066s (vote granted)
I0517 06:45:35.730322 15055 raft_consensus.cc:2219] T 74988dfa0c9d440d8efa3000f3148d38 P a8c994bd452a4c8f9231e25b0de809d7 [term 0 FOLLOWER]: Leader pre-election vote request: Granting yes vote for candidate 6273e1a98ee74e2299e022c4b2bf1412 in term 0.
I0517 06:45:35.731539 14862 leader_election.cc:379] T 74988dfa0c9d440d8efa3000f3148d38 P 6273e1a98ee74e2299e022c4b2bf1412 [CANDIDATE]: Term 1 pre-election: Vote granted by peer a8c994bd452a4c8f9231e25b0de809d7 (127.4.96.3:47487)
I0517 06:45:35.731793 14862 leader_election.cc:270] T 74988dfa0c9d440d8efa3000f3148d38 P 6273e1a98ee74e2299e022c4b2bf1412 [CANDIDATE]: Term 1 pre-election: Election decided. Result: candidate won.
I0517 06:45:35.732362 15126 raft_consensus.cc:2704] T 74988dfa0c9d440d8efa3000f3148d38 P 6273e1a98ee74e2299e022c4b2bf1412: Snoozing failure detection for 2.114s (election complete)
I0517 06:45:35.732580 15126 raft_consensus.cc:2511] T 74988dfa0c9d440d8efa3000f3148d38 P 6273e1a98ee74e2299e022c4b2bf1412 [term 0 FOLLOWER]: Leader pre-election won for term 1
I0517 06:45:35.732762 15126 raft_consensus.cc:435] T 74988dfa0c9d440d8efa3000f3148d38 P 6273e1a98ee74e2299e022c4b2bf1412 [term 0 FOLLOWER]: Starting leader election (no leader contacted us within the election timeout)
I0517 06:45:35.732923 15126 raft_consensus.cc:2704] T 74988dfa0c9d440d8efa3000f3148d38 P 6273e1a98ee74e2299e022c4b2bf1412: Snoozing failure detection for 1.816s (starting election)
I0517 06:45:35.733109 15126 raft_consensus.cc:2756] T 74988dfa0c9d440d8efa3000f3148d38 P 6273e1a98ee74e2299e022c4b2bf1412 [term 0 FOLLOWER]: Advancing to term 1
W0517 06:45:35.735555 15099 tablet.cc:1678] T 74988dfa0c9d440d8efa3000f3148d38 P a8c994bd452a4c8f9231e25b0de809d7: Can't schedule compaction. Clean time has not been advanced past its initial value.
I0517 06:45:35.737293 15126 raft_consensus.cc:457] T 74988dfa0c9d440d8efa3000f3148d38 P 6273e1a98ee74e2299e022c4b2bf1412 [term 1 FOLLOWER]: Starting leader election with config: opid_index: -1 OBSOLETE_local: false peers { permanent_uuid: "a8c994bd452a4c8f9231e25b0de809d7" member_type: VOTER last_known_addr { host: "127.4.96.3" port: 47487 } } peers { permanent_uuid: "7f5cb95271f04f4d8fad2f9f00f17396" member_type: VOTER last_known_addr { host: "127.4.96.1" port: 45590 } } peers { permanent_uuid: "6273e1a98ee74e2299e022c4b2bf1412" member_type: VOTER last_known_addr { host: "127.4.96.2" port: 57948 } }
I0517 06:45:35.738229 15126 leader_election.cc:243] T 74988dfa0c9d440d8efa3000f3148d38 P 6273e1a98ee74e2299e022c4b2bf1412 [CANDIDATE]: Term 1 election: Requesting vote from peer a8c994bd452a4c8f9231e25b0de809d7 (127.4.96.3:47487)
I0517 06:45:35.739418 15055 tablet_service.cc:995] Received RequestConsensusVote() RPC: tablet_id: "74988dfa0c9d440d8efa3000f3148d38" candidate_uuid: "6273e1a98ee74e2299e022c4b2bf1412" candidate_term: 1 candidate_status { last_received { term: 0 index: 0 } } ignore_live_leader: false dest_uuid: "a8c994bd452a4c8f9231e25b0de809d7"
I0517 06:45:35.739814 15055 raft_consensus.cc:2756] T 74988dfa0c9d440d8efa3000f3148d38 P a8c994bd452a4c8f9231e25b0de809d7 [term 0 FOLLOWER]: Advancing to term 1
I0517 06:45:35.740072 15055 raft_consensus.cc:2704] T 74988dfa0c9d440d8efa3000f3148d38 P a8c994bd452a4c8f9231e25b0de809d7: Snoozing failure detection for 2.224s (vote granted)
I0517 06:45:35.744451 15126 leader_election.cc:243] T 74988dfa0c9d440d8efa3000f3148d38 P 6273e1a98ee74e2299e022c4b2bf1412 [CANDIDATE]: Term 1 election: Requesting vote from peer 7f5cb95271f04f4d8fad2f9f00f17396 (127.4.96.1:45590)
I0517 06:45:35.744251 15055 raft_consensus.cc:2219] T 74988dfa0c9d440d8efa3000f3148d38 P a8c994bd452a4c8f9231e25b0de809d7 [term 1 FOLLOWER]: Leader election vote request: Granting yes vote for candidate 6273e1a98ee74e2299e022c4b2bf1412 in term 1.
I0517 06:45:35.745687 14862 leader_election.cc:379] T 74988dfa0c9d440d8efa3000f3148d38 P 6273e1a98ee74e2299e022c4b2bf1412 [CANDIDATE]: Term 1 election: Vote granted by peer a8c994bd452a4c8f9231e25b0de809d7 (127.4.96.3:47487)
I0517 06:45:35.745920 14862 leader_election.cc:270] T 74988dfa0c9d440d8efa3000f3148d38 P 6273e1a98ee74e2299e022c4b2bf1412 [CANDIDATE]: Term 1 election: Election decided. Result: candidate won.
I0517 06:45:35.746443 15126 raft_consensus.cc:2704] T 74988dfa0c9d440d8efa3000f3148d38 P 6273e1a98ee74e2299e022c4b2bf1412: Snoozing failure detection for 1.710s (election complete)
I0517 06:45:35.746675 15126 raft_consensus.cc:2511] T 74988dfa0c9d440d8efa3000f3148d38 P 6273e1a98ee74e2299e022c4b2bf1412 [term 1 FOLLOWER]: Leader election won for term 1
I0517 06:45:35.663481 15121 ts_tablet_manager.cc:1073] T 74988dfa0c9d440d8efa3000f3148d38 P 6273e1a98ee74e2299e022c4b2bf1412: Time spent starting tablet: real 0.026s user 0.012s sys 0.008s
I0517 06:45:35.747104 15126 raft_consensus.cc:571] T 74988dfa0c9d440d8efa3000f3148d38 P 6273e1a98ee74e2299e022c4b2bf1412 [term 1 LEADER]: Becoming Leader. State: Replica: 6273e1a98ee74e2299e022c4b2bf1412, State: Running, Role: LEADER
I0517 06:45:35.747555 15126 consensus_queue.cc:204] T 74988dfa0c9d440d8efa3000f3148d38 P 6273e1a98ee74e2299e022c4b2bf1412 [LEADER]: Queue going to LEADER mode. State: All replicated index: 0, Majority replicated index: 0, Committed index: 0, Last appended: 0.0, Last appended by leader: 0, Current term: 1, Majority size: 2, State: 0, Mode: LEADER, active raft config: opid_index: -1 OBSOLETE_local: false peers { permanent_uuid: "a8c994bd452a4c8f9231e25b0de809d7" member_type: VOTER last_known_addr { host: "127.4.96.3" port: 47487 } } peers { permanent_uuid: "7f5cb95271f04f4d8fad2f9f00f17396" member_type: VOTER last_known_addr { host: "127.4.96.1" port: 45590 } } peers { permanent_uuid: "6273e1a98ee74e2299e022c4b2bf1412" member_type: VOTER last_known_addr { host: "127.4.96.2" port: 57948 } }
I0517 06:45:35.759902 14804 tablet_service.cc:995] Received RequestConsensusVote() RPC: tablet_id: "74988dfa0c9d440d8efa3000f3148d38" candidate_uuid: "6273e1a98ee74e2299e022c4b2bf1412" candidate_term: 1 candidate_status { last_received { term: 0 index: 0 } } ignore_live_leader: false dest_uuid: "7f5cb95271f04f4d8fad2f9f00f17396" is_pre_election: true
I0517 06:45:35.759630 14681 catalog_manager.cc:3686] T 74988dfa0c9d440d8efa3000f3148d38 P 6273e1a98ee74e2299e022c4b2bf1412 reported cstate change: term changed from 0 to 1, leader changed from to 6273e1a98ee74e2299e022c4b2bf1412 (127.4.96.2). New cstate: current_term: 1 leader_uuid: "6273e1a98ee74e2299e022c4b2bf1412" committed_config { opid_index: -1 OBSOLETE_local: false peers { permanent_uuid: "a8c994bd452a4c8f9231e25b0de809d7" member_type: VOTER last_known_addr { host: "127.4.96.3" port: 47487 } health_report { overall_health: UNKNOWN } } peers { permanent_uuid: "7f5cb95271f04f4d8fad2f9f00f17396" member_type: VOTER last_known_addr { host: "127.4.96.1" port: 45590 } health_report { overall_health: UNKNOWN } } peers { permanent_uuid: "6273e1a98ee74e2299e022c4b2bf1412" member_type: VOTER last_known_addr { host: "127.4.96.2" port: 57948 } health_report { overall_health: HEALTHY } } }
I0517 06:45:35.760469 14804 raft_consensus.cc:2704] T 74988dfa0c9d440d8efa3000f3148d38 P 7f5cb95271f04f4d8fad2f9f00f17396: Snoozing failure detection for 1.980s (vote granted)
I0517 06:45:35.760722 14804 raft_consensus.cc:2219] T 74988dfa0c9d440d8efa3000f3148d38 P 7f5cb95271f04f4d8fad2f9f00f17396 [term 0 FOLLOWER]: Leader pre-election vote request: Granting yes vote for candidate 6273e1a98ee74e2299e022c4b2bf1412 in term 0.
I0517 06:45:35.764596 14861 leader_election.cc:379] T 74988dfa0c9d440d8efa3000f3148d38 P 6273e1a98ee74e2299e022c4b2bf1412 [CANDIDATE]: Term 1 pre-election: Vote granted by peer 7f5cb95271f04f4d8fad2f9f00f17396 (127.4.96.1:45590)
I0517 06:45:35.769731 4480 external_mini_cluster.cc:482] 3 TS(s) registered with all masters
I0517 06:45:35.771761 4480 ts_itest-base.cc:233] Waiting for 1 tablets on tserver 7f5cb95271f04f4d8fad2f9f00f17396 to finish bootstrapping
I0517 06:45:35.781765 4480 ts_itest-base.cc:233] Waiting for 1 tablets on tserver 6273e1a98ee74e2299e022c4b2bf1412 to finish bootstrapping
W0517 06:45:35.707412 14848 tablet.cc:1678] T 74988dfa0c9d440d8efa3000f3148d38 P 7f5cb95271f04f4d8fad2f9f00f17396: Can't schedule compaction. Clean time has not been advanced past its initial value.
I0517 06:45:35.791214 4480 ts_itest-base.cc:233] Waiting for 1 tablets on tserver a8c994bd452a4c8f9231e25b0de809d7 to finish bootstrapping
I0517 06:45:35.801900 14681 catalog_manager.cc:1315] Servicing CreateTable request from {username='slave'} at 127.0.0.1:32964: name: "TestAnotherTable" schema { columns { name: "key" type: INT32 is_key: true is_nullable: false encoding: AUTO_ENCODING compression: DEFAULT_COMPRESSION cfile_block_size: 0 } columns { name: "int_val" type: INT32 is_key: false is_nullable: false encoding: AUTO_ENCODING compression: DEFAULT_COMPRESSION cfile_block_size: 0 } columns { name: "string_val" type: STRING is_key: false is_nullable: true encoding: AUTO_ENCODING compression: DEFAULT_COMPRESSION cfile_block_size: 0 } } num_replicas: 3 split_rows_range_bounds { } partition_schema { range_schema { columns { name: "key" } } }
W0517 06:45:35.802767 14681 catalog_manager.cc:1463] The number of live tablet servers is not enough to re-replicate a tablet replica of the newly created table TestAnotherTable in case of a replica failure: 4 tablet servers are needed, 3 are alive. Consider bringing up additional tablet server(s) or running both the masters and all tablet servers with --raft_prepare_replacement_before_eviction=false flag (not recommended).
I0517 06:45:35.761626 14803 tablet_service.cc:995] Received RequestConsensusVote() RPC: tablet_id: "74988dfa0c9d440d8efa3000f3148d38" candidate_uuid: "6273e1a98ee74e2299e022c4b2bf1412" candidate_term: 1 candidate_status { last_received { term: 0 index: 0 } } ignore_live_leader: false dest_uuid: "7f5cb95271f04f4d8fad2f9f00f17396"
I0517 06:45:35.806442 14803 raft_consensus.cc:2756] T 74988dfa0c9d440d8efa3000f3148d38 P 7f5cb95271f04f4d8fad2f9f00f17396 [term 0 FOLLOWER]: Advancing to term 1
I0517 06:45:35.806658 14803 raft_consensus.cc:2704] T 74988dfa0c9d440d8efa3000f3148d38 P 7f5cb95271f04f4d8fad2f9f00f17396: Snoozing failure detection for 2.079s (vote granted)
I0517 06:45:35.810367 14803 raft_consensus.cc:2219] T 74988dfa0c9d440d8efa3000f3148d38 P 7f5cb95271f04f4d8fad2f9f00f17396 [term 1 FOLLOWER]: Leader election vote request: Granting yes vote for candidate 6273e1a98ee74e2299e022c4b2bf1412 in term 1.
I0517 06:45:35.811553 14784 tablet_service.cc:759] Processing CreateTablet for tablet 4f7b792e38a74647a88f4a6e60394e61 (table=TestAnotherTable [id=3c90ebc0e0c54e32ad79136082b06516]), partition=RANGE (key) PARTITION UNBOUNDED
I0517 06:45:35.811689 14910 tablet_service.cc:759] Processing CreateTablet for tablet 4f7b792e38a74647a88f4a6e60394e61 (table=TestAnotherTable [id=3c90ebc0e0c54e32ad79136082b06516]), partition=RANGE (key) PARTITION UNBOUNDED
I0517 06:45:35.812117 14784 data_dirs.cc:934] Could only allocate 1 dirs of requested 3 for tablet 4f7b792e38a74647a88f4a6e60394e61. 1 dirs total, 0 dirs full, 0 dirs failed
I0517 06:45:35.812104 15035 tablet_service.cc:759] Processing CreateTablet for tablet 4f7b792e38a74647a88f4a6e60394e61 (table=TestAnotherTable [id=3c90ebc0e0c54e32ad79136082b06516]), partition=RANGE (key) PARTITION UNBOUNDED
I0517 06:45:35.812283 14910 data_dirs.cc:934] Could only allocate 1 dirs of requested 3 for tablet 4f7b792e38a74647a88f4a6e60394e61. 1 dirs total, 0 dirs full, 0 dirs failed
I0517 06:45:35.812675 15035 data_dirs.cc:934] Could only allocate 1 dirs of requested 3 for tablet 4f7b792e38a74647a88f4a6e60394e61. 1 dirs total, 0 dirs full, 0 dirs failed
W0517 06:45:35.817068 14974 tablet.cc:1678] T 74988dfa0c9d440d8efa3000f3148d38 P 6273e1a98ee74e2299e022c4b2bf1412: Can't schedule compaction. Clean time has not been advanced past its initial value.
I0517 06:45:35.817267 14784 ts_tablet_manager.cc:1173] T 4f7b792e38a74647a88f4a6e60394e61 P 7f5cb95271f04f4d8fad2f9f00f17396: Registered tablet (data state: TABLET_DATA_READY)
I0517 06:45:35.817570 15118 ts_tablet_manager.cc:1028] T 4f7b792e38a74647a88f4a6e60394e61 P 7f5cb95271f04f4d8fad2f9f00f17396: Bootstrapping tablet
I0517 06:45:35.817905 15118 tablet_bootstrap.cc:436] T 4f7b792e38a74647a88f4a6e60394e61 P 7f5cb95271f04f4d8fad2f9f00f17396: Bootstrap starting.
I0517 06:45:35.819880 15118 tablet_bootstrap.cc:587] T 4f7b792e38a74647a88f4a6e60394e61 P 7f5cb95271f04f4d8fad2f9f00f17396: No blocks or log segments found. Creating new log.
I0517 06:45:35.821053 15035 ts_tablet_manager.cc:1173] T 4f7b792e38a74647a88f4a6e60394e61 P a8c994bd452a4c8f9231e25b0de809d7: Registered tablet (data state: TABLET_DATA_READY)
I0517 06:45:35.821061 14910 ts_tablet_manager.cc:1173] T 4f7b792e38a74647a88f4a6e60394e61 P 6273e1a98ee74e2299e022c4b2bf1412: Registered tablet (data state: TABLET_DATA_READY)
I0517 06:45:35.821395 15120 ts_tablet_manager.cc:1028] T 4f7b792e38a74647a88f4a6e60394e61 P a8c994bd452a4c8f9231e25b0de809d7: Bootstrapping tablet
I0517 06:45:35.821615 14861 leader_election.cc:379] T 74988dfa0c9d440d8efa3000f3148d38 P 6273e1a98ee74e2299e022c4b2bf1412 [CANDIDATE]: Term 1 election: Vote granted by peer 7f5cb95271f04f4d8fad2f9f00f17396 (127.4.96.1:45590)
I0517 06:45:35.821734 15120 tablet_bootstrap.cc:436] T 4f7b792e38a74647a88f4a6e60394e61 P a8c994bd452a4c8f9231e25b0de809d7: Bootstrap starting.
I0517 06:45:35.822127 15121 ts_tablet_manager.cc:1028] T 4f7b792e38a74647a88f4a6e60394e61 P 6273e1a98ee74e2299e022c4b2bf1412: Bootstrapping tablet
I0517 06:45:35.822455 15121 tablet_bootstrap.cc:436] T 4f7b792e38a74647a88f4a6e60394e61 P 6273e1a98ee74e2299e022c4b2bf1412: Bootstrap starting.
I0517 06:45:35.824004 15120 tablet_bootstrap.cc:587] T 4f7b792e38a74647a88f4a6e60394e61 P a8c994bd452a4c8f9231e25b0de809d7: No blocks or log segments found. Creating new log.
I0517 06:45:35.824801 15121 tablet_bootstrap.cc:587] T 4f7b792e38a74647a88f4a6e60394e61 P 6273e1a98ee74e2299e022c4b2bf1412: No blocks or log segments found. Creating new log.
I0517 06:45:35.828615 15121 tablet_bootstrap.cc:436] T 4f7b792e38a74647a88f4a6e60394e61 P 6273e1a98ee74e2299e022c4b2bf1412: No bootstrap required, opened a new log
I0517 06:45:35.828938 15121 ts_tablet_manager.cc:1045] T 4f7b792e38a74647a88f4a6e60394e61 P 6273e1a98ee74e2299e022c4b2bf1412: Time spent bootstrapping tablet: real 0.007s user 0.004s sys 0.000s
I0517 06:45:35.829030 15118 tablet_bootstrap.cc:436] T 4f7b792e38a74647a88f4a6e60394e61 P 7f5cb95271f04f4d8fad2f9f00f17396: No bootstrap required, opened a new log
I0517 06:45:35.829254 15118 ts_tablet_manager.cc:1045] T 4f7b792e38a74647a88f4a6e60394e61 P 7f5cb95271f04f4d8fad2f9f00f17396: Time spent bootstrapping tablet: real 0.011s user 0.012s sys 0.000s
I0517 06:45:35.830185 15118 raft_consensus.cc:303] T 4f7b792e38a74647a88f4a6e60394e61 P 7f5cb95271f04f4d8fad2f9f00f17396 [term 0 FOLLOWER]: Replica starting. Triggering 0 pending transactions. Active config: opid_index: -1 OBSOLETE_local: false peers { permanent_uuid: "7f5cb95271f04f4d8fad2f9f00f17396" member_type: VOTER last_known_addr { host: "127.4.96.1" port: 45590 } } peers { permanent_uuid: "6273e1a98ee74e2299e022c4b2bf1412" member_type: VOTER last_known_addr { host: "127.4.96.2" port: 57948 } } peers { permanent_uuid: "a8c994bd452a4c8f9231e25b0de809d7" member_type: VOTER last_known_addr { host: "127.4.96.3" port: 47487 } }
I0517 06:45:35.830260 15121 raft_consensus.cc:303] T 4f7b792e38a74647a88f4a6e60394e61 P 6273e1a98ee74e2299e022c4b2bf1412 [term 0 FOLLOWER]: Replica starting. Triggering 0 pending transactions. Active config: opid_index: -1 OBSOLETE_local: false peers { permanent_uuid: "7f5cb95271f04f4d8fad2f9f00f17396" member_type: VOTER last_known_addr { host: "127.4.96.1" port: 45590 } } peers { permanent_uuid: "6273e1a98ee74e2299e022c4b2bf1412" member_type: VOTER last_known_addr { host: "127.4.96.2" port: 57948 } } peers { permanent_uuid: "a8c994bd452a4c8f9231e25b0de809d7" member_type: VOTER last_known_addr { host: "127.4.96.3" port: 47487 } }
I0517 06:45:35.830600 15118 raft_consensus.cc:329] T 4f7b792e38a74647a88f4a6e60394e61 P 7f5cb95271f04f4d8fad2f9f00f17396 [term 0 FOLLOWER]: Consensus starting up: Expiring failure detector timer to make a prompt election more likely
I0517 06:45:35.830651 15121 raft_consensus.cc:329] T 4f7b792e38a74647a88f4a6e60394e61 P 6273e1a98ee74e2299e022c4b2bf1412 [term 0 FOLLOWER]: Consensus starting up: Expiring failure detector timer to make a prompt election more likely
I0517 06:45:35.830761 15121 raft_consensus.cc:604] T 4f7b792e38a74647a88f4a6e60394e61 P 6273e1a98ee74e2299e022c4b2bf1412 [term 0 FOLLOWER]: Becoming Follower/Learner. State: Replica: 6273e1a98ee74e2299e022c4b2bf1412, State: Initialized, Role: FOLLOWER
I0517 06:45:35.830747 15118 raft_consensus.cc:604] T 4f7b792e38a74647a88f4a6e60394e61 P 7f5cb95271f04f4d8fad2f9f00f17396 [term 0 FOLLOWER]: Becoming Follower/Learner. State: Replica: 7f5cb95271f04f4d8fad2f9f00f17396, State: Initialized, Role: FOLLOWER
I0517 06:45:35.831068 15121 consensus_queue.cc:227] T 4f7b792e38a74647a88f4a6e60394e61 P 6273e1a98ee74e2299e022c4b2bf1412 [NON_LEADER]: Queue going to NON_LEADER mode. State: All replicated index: 0, Majority replicated index: 0, Committed index: 0, Last appended: 0.0, Last appended by leader: 0, Current term: 0, Majority size: -1, State: 0, Mode: NON_LEADER, active raft config: opid_index: -1 OBSOLETE_local: false peers { permanent_uuid: "7f5cb95271f04f4d8fad2f9f00f17396" member_type: VOTER last_known_addr { host: "127.4.96.1" port: 45590 } } peers { permanent_uuid: "6273e1a98ee74e2299e022c4b2bf1412" member_type: VOTER last_known_addr { host: "127.4.96.2" port: 57948 } } peers { permanent_uuid: "a8c994bd452a4c8f9231e25b0de809d7" member_type: VOTER last_known_addr { host: "127.4.96.3" port: 47487 } }
I0517 06:45:35.831125 15118 consensus_queue.cc:227] T 4f7b792e38a74647a88f4a6e60394e61 P 7f5cb95271f04f4d8fad2f9f00f17396 [NON_LEADER]: Queue going to NON_LEADER mode. State: All replicated index: 0, Majority replicated index: 0, Committed index: 0, Last appended: 0.0, Last appended by leader: 0, Current term: 0, Majority size: -1, State: 0, Mode: NON_LEADER, active raft config: opid_index: -1 OBSOLETE_local: false peers { permanent_uuid: "7f5cb95271f04f4d8fad2f9f00f17396" member_type: VOTER last_known_addr { host: "127.4.96.1" port: 45590 } } peers { permanent_uuid: "6273e1a98ee74e2299e022c4b2bf1412" member_type: VOTER last_known_addr { host: "127.4.96.2" port: 57948 } } peers { permanent_uuid: "a8c994bd452a4c8f9231e25b0de809d7" member_type: VOTER last_known_addr { host: "127.4.96.3" port: 47487 } }
I0517 06:45:35.832116 15121 ts_tablet_manager.cc:1073] T 4f7b792e38a74647a88f4a6e60394e61 P 6273e1a98ee74e2299e022c4b2bf1412: Time spent starting tablet: real 0.003s user 0.004s sys 0.000s
I0517 06:45:35.832556 15118 ts_tablet_manager.cc:1073] T 4f7b792e38a74647a88f4a6e60394e61 P 7f5cb95271f04f4d8fad2f9f00f17396: Time spent starting tablet: real 0.003s user 0.004s sys 0.000s
I0517 06:45:35.833057 15120 tablet_bootstrap.cc:436] T 4f7b792e38a74647a88f4a6e60394e61 P a8c994bd452a4c8f9231e25b0de809d7: No bootstrap required, opened a new log
I0517 06:45:35.833349 15120 ts_tablet_manager.cc:1045] T 4f7b792e38a74647a88f4a6e60394e61 P a8c994bd452a4c8f9231e25b0de809d7: Time spent bootstrapping tablet: real 0.012s user 0.004s sys 0.000s
I0517 06:45:35.834688 15120 raft_consensus.cc:303] T 4f7b792e38a74647a88f4a6e60394e61 P a8c994bd452a4c8f9231e25b0de809d7 [term 0 FOLLOWER]: Replica starting. Triggering 0 pending transactions. Active config: opid_index: -1 OBSOLETE_local: false peers { permanent_uuid: "7f5cb95271f04f4d8fad2f9f00f17396" member_type: VOTER last_known_addr { host: "127.4.96.1" port: 45590 } } peers { permanent_uuid: "6273e1a98ee74e2299e022c4b2bf1412" member_type: VOTER last_known_addr { host: "127.4.96.2" port: 57948 } } peers { permanent_uuid: "a8c994bd452a4c8f9231e25b0de809d7" member_type: VOTER last_known_addr { host: "127.4.96.3" port: 47487 } }
I0517 06:45:35.835281 15120 raft_consensus.cc:329] T 4f7b792e38a74647a88f4a6e60394e61 P a8c994bd452a4c8f9231e25b0de809d7 [term 0 FOLLOWER]: Consensus starting up: Expiring failure detector timer to make a prompt election more likely
I0517 06:45:35.835474 15120 raft_consensus.cc:604] T 4f7b792e38a74647a88f4a6e60394e61 P a8c994bd452a4c8f9231e25b0de809d7 [term 0 FOLLOWER]: Becoming Follower/Learner. State: Replica: a8c994bd452a4c8f9231e25b0de809d7, State: Initialized, Role: FOLLOWER
I0517 06:45:35.835976 15120 consensus_queue.cc:227] T 4f7b792e38a74647a88f4a6e60394e61 P a8c994bd452a4c8f9231e25b0de809d7 [NON_LEADER]: Queue going to NON_LEADER mode. State: All replicated index: 0, Majority replicated index: 0, Committed index: 0, Last appended: 0.0, Last appended by leader: 0, Current term: 0, Majority size: -1, State: 0, Mode: NON_LEADER, active raft config: opid_index: -1 OBSOLETE_local: false peers { permanent_uuid: "7f5cb95271f04f4d8fad2f9f00f17396" member_type: VOTER last_known_addr { host: "127.4.96.1" port: 45590 } } peers { permanent_uuid: "6273e1a98ee74e2299e022c4b2bf1412" member_type: VOTER last_known_addr { host: "127.4.96.2" port: 57948 } } peers { permanent_uuid: "a8c994bd452a4c8f9231e25b0de809d7" member_type: VOTER last_known_addr { host: "127.4.96.3" port: 47487 } }
I0517 06:45:35.837182 15120 ts_tablet_manager.cc:1073] T 4f7b792e38a74647a88f4a6e60394e61 P a8c994bd452a4c8f9231e25b0de809d7: Time spent starting tablet: real 0.004s user 0.000s sys 0.004s
I0517 06:45:36.020812 15125 raft_consensus.cc:435] T 4f7b792e38a74647a88f4a6e60394e61 P a8c994bd452a4c8f9231e25b0de809d7 [term 0 FOLLOWER]: Starting pre-election (no leader contacted us within the election timeout)
I0517 06:45:36.021028 15125 raft_consensus.cc:2704] T 4f7b792e38a74647a88f4a6e60394e61 P a8c994bd452a4c8f9231e25b0de809d7: Snoozing failure detection for 1.905s (starting election)
I0517 06:45:36.021186 15125 raft_consensus.cc:457] T 4f7b792e38a74647a88f4a6e60394e61 P a8c994bd452a4c8f9231e25b0de809d7 [term 0 FOLLOWER]: Starting pre-election with config: opid_index: -1 OBSOLETE_local: false peers { permanent_uuid: "7f5cb95271f04f4d8fad2f9f00f17396" member_type: VOTER last_known_addr { host: "127.4.96.1" port: 45590 } } peers { permanent_uuid: "6273e1a98ee74e2299e022c4b2bf1412" member_type: VOTER last_known_addr { host: "127.4.96.2" port: 57948 } } peers { permanent_uuid: "a8c994bd452a4c8f9231e25b0de809d7" member_type: VOTER last_known_addr { host: "127.4.96.3" port: 47487 } }
I0517 06:45:36.022054 15125 leader_election.cc:243] T 4f7b792e38a74647a88f4a6e60394e61 P a8c994bd452a4c8f9231e25b0de809d7 [CANDIDATE]: Term 1 pre-election: Requesting pre-vote from peer 7f5cb95271f04f4d8fad2f9f00f17396 (127.4.96.1:45590)
