I0517 06:45:17.029167 13114 raft_consensus.cc:2459] T 2344f0911d62405895a6c44edca703bc P 6f7859ab255d4820bf262d97c42cdd80 [term 1 FOLLOWER]: Leader pre-election lost for term 1. Reason: could not achieve majority
I0517 06:45:17.031217 12662 tablet_service.cc:995] Received RequestConsensusVote() RPC: tablet_id: "2344f0911d62405895a6c44edca703bc" candidate_uuid: "0d0febd027bb4eba809921f54e8e8a4c" candidate_term: 1 candidate_status { last_received { term: 0 index: 0 } } ignore_live_leader: false dest_uuid: "c7fc5683934e4c9f885de04addaa2076"
I0517 06:45:17.031714 12662 raft_consensus.cc:2149] T 2344f0911d62405895a6c44edca703bc P c7fc5683934e4c9f885de04addaa2076 [term 1 FOLLOWER]: Leader election vote request: Denying vote to candidate 0d0febd027bb4eba809921f54e8e8a4c in current term 1: Already voted for candidate c7fc5683934e4c9f885de04addaa2076 in this term.
I0517 06:45:17.031908 12219 leader_election.cc:393] T 2344f0911d62405895a6c44edca703bc P b2afd3be3c104d17802599476b02d509 [CANDIDATE]: Term 1 pre-election: Vote denied by peer c7fc5683934e4c9f885de04addaa2076 (127.4.96.6:43583). Message: Invalid argument: T 2344f0911d62405895a6c44edca703bc P c7fc5683934e4c9f885de04addaa2076 [term 1 FOLLOWER]: Leader pre-election vote request: Denying vote to candidate b2afd3be3c104d17802599476b02d509 in current term 1: Already voted for candidate c7fc5683934e4c9f885de04addaa2076 in this term.
I0517 06:45:17.032655 12716 leader_election.cc:393] T 2344f0911d62405895a6c44edca703bc P 0d0febd027bb4eba809921f54e8e8a4c [CANDIDATE]: Term 1 election: Vote denied by peer c7fc5683934e4c9f885de04addaa2076 (127.4.96.6:43583). Message: Invalid argument: T 2344f0911d62405895a6c44edca703bc P c7fc5683934e4c9f885de04addaa2076 [term 1 FOLLOWER]: Leader election vote request: Denying vote to candidate 0d0febd027bb4eba809921f54e8e8a4c in current term 1: Already voted for candidate c7fc5683934e4c9f885de04addaa2076 in this term.
I0517 06:45:17.033174 12661 tablet_service.cc:995] Received RequestConsensusVote() RPC: tablet_id: "2344f0911d62405895a6c44edca703bc" candidate_uuid: "0d0febd027bb4eba809921f54e8e8a4c" candidate_term: 1 candidate_status { last_received { term: 0 index: 0 } } ignore_live_leader: false dest_uuid: "c7fc5683934e4c9f885de04addaa2076" is_pre_election: true
I0517 06:45:17.033649 12661 raft_consensus.cc:2149] T 2344f0911d62405895a6c44edca703bc P c7fc5683934e4c9f885de04addaa2076 [term 1 FOLLOWER]: Leader pre-election vote request: Denying vote to candidate 0d0febd027bb4eba809921f54e8e8a4c in current term 1: Already voted for candidate c7fc5683934e4c9f885de04addaa2076 in this term.
I0517 06:45:17.035097 12716 leader_election.cc:393] T 2344f0911d62405895a6c44edca703bc P 0d0febd027bb4eba809921f54e8e8a4c [CANDIDATE]: Term 1 pre-election: Vote denied by peer c7fc5683934e4c9f885de04addaa2076 (127.4.96.6:43583). Message: Invalid argument: T 2344f0911d62405895a6c44edca703bc P c7fc5683934e4c9f885de04addaa2076 [term 1 FOLLOWER]: Leader pre-election vote request: Denying vote to candidate 0d0febd027bb4eba809921f54e8e8a4c in current term 1: Already voted for candidate c7fc5683934e4c9f885de04addaa2076 in this term.
I0517 06:45:17.035807 13141 leader_election.cc:243] T 2344f0911d62405895a6c44edca703bc P c7fc5683934e4c9f885de04addaa2076 [CANDIDATE]: Term 1 election: Requesting vote from peer 71d6b0fe0b45450a809f4a25eb6bae51 (127.4.96.8:50961)
I0517 06:45:17.036592 13141 leader_election.cc:243] T 2344f0911d62405895a6c44edca703bc P c7fc5683934e4c9f885de04addaa2076 [CANDIDATE]: Term 1 election: Requesting vote from peer 0d0febd027bb4eba809921f54e8e8a4c (127.4.96.7:51391)
I0517 06:45:17.036711 12909 raft_consensus.cc:2219] T 2344f0911d62405895a6c44edca703bc P 71d6b0fe0b45450a809f4a25eb6bae51 [term 1 FOLLOWER]: Leader election vote request: Granting yes vote for candidate 0d0febd027bb4eba809921f54e8e8a4c in term 1.
I0517 06:45:17.037447 13141 leader_election.cc:243] T 2344f0911d62405895a6c44edca703bc P c7fc5683934e4c9f885de04addaa2076 [CANDIDATE]: Term 1 election: Requesting vote from peer 6f7859ab255d4820bf262d97c42cdd80 (127.4.96.5:59751)
I0517 06:45:17.037608 12717 leader_election.cc:379] T 2344f0911d62405895a6c44edca703bc P 0d0febd027bb4eba809921f54e8e8a4c [CANDIDATE]: Term 1 election: Vote granted by peer 71d6b0fe0b45450a809f4a25eb6bae51 (127.4.96.8:50961)
I0517 06:45:17.038535 12786 tablet_service.cc:995] Received RequestConsensusVote() RPC: tablet_id: "2344f0911d62405895a6c44edca703bc" candidate_uuid: "c7fc5683934e4c9f885de04addaa2076" candidate_term: 1 candidate_status { last_received { term: 0 index: 0 } } ignore_live_leader: false dest_uuid: "0d0febd027bb4eba809921f54e8e8a4c"
I0517 06:45:17.038658 12537 tablet_service.cc:995] Received RequestConsensusVote() RPC: tablet_id: "2344f0911d62405895a6c44edca703bc" candidate_uuid: "c7fc5683934e4c9f885de04addaa2076" candidate_term: 1 candidate_status { last_received { term: 0 index: 0 } } ignore_live_leader: false dest_uuid: "6f7859ab255d4820bf262d97c42cdd80"
I0517 06:45:17.039021 12786 raft_consensus.cc:2180] T 2344f0911d62405895a6c44edca703bc P 0d0febd027bb4eba809921f54e8e8a4c [term 1 LEADER]: Leader election vote request: Denying vote to candidate c7fc5683934e4c9f885de04addaa2076 for term 1 because replica is either leader or believes a valid leader to be alive.
I0517 06:45:17.039176 12537 raft_consensus.cc:2149] T 2344f0911d62405895a6c44edca703bc P 6f7859ab255d4820bf262d97c42cdd80 [term 1 FOLLOWER]: Leader election vote request: Denying vote to candidate c7fc5683934e4c9f885de04addaa2076 in current term 1: Already voted for candidate 0d0febd027bb4eba809921f54e8e8a4c in this term.
I0517 06:45:17.039973 12596 leader_election.cc:393] T 2344f0911d62405895a6c44edca703bc P c7fc5683934e4c9f885de04addaa2076 [CANDIDATE]: Term 1 election: Vote denied by peer 0d0febd027bb4eba809921f54e8e8a4c (127.4.96.7:51391). Message: Invalid argument: T 2344f0911d62405895a6c44edca703bc P 0d0febd027bb4eba809921f54e8e8a4c [term 1 LEADER]: Leader election vote request: Denying vote to candidate c7fc5683934e4c9f885de04addaa2076 for term 1 because replica is either leader or believes a valid leader to be alive.
I0517 06:45:17.040264 12592 leader_election.cc:393] T 2344f0911d62405895a6c44edca703bc P c7fc5683934e4c9f885de04addaa2076 [CANDIDATE]: Term 1 election: Vote denied by peer 6f7859ab255d4820bf262d97c42cdd80 (127.4.96.5:59751). Message: Invalid argument: T 2344f0911d62405895a6c44edca703bc P 6f7859ab255d4820bf262d97c42cdd80 [term 1 FOLLOWER]: Leader election vote request: Denying vote to candidate c7fc5683934e4c9f885de04addaa2076 in current term 1: Already voted for candidate 0d0febd027bb4eba809921f54e8e8a4c in this term.
I0517 06:45:17.040607 13141 leader_election.cc:243] T 2344f0911d62405895a6c44edca703bc P c7fc5683934e4c9f885de04addaa2076 [CANDIDATE]: Term 1 election: Requesting vote from peer b2afd3be3c104d17802599476b02d509 (127.4.96.3:49957)
I0517 06:45:17.041811 12289 tablet_service.cc:995] Received RequestConsensusVote() RPC: tablet_id: "2344f0911d62405895a6c44edca703bc" candidate_uuid: "c7fc5683934e4c9f885de04addaa2076" candidate_term: 1 candidate_status { last_received { term: 0 index: 0 } } ignore_live_leader: false dest_uuid: "b2afd3be3c104d17802599476b02d509"
I0517 06:45:17.042356 12289 raft_consensus.cc:2149] T 2344f0911d62405895a6c44edca703bc P b2afd3be3c104d17802599476b02d509 [term 1 FOLLOWER]: Leader election vote request: Denying vote to candidate c7fc5683934e4c9f885de04addaa2076 in current term 1: Already voted for candidate 0d0febd027bb4eba809921f54e8e8a4c in this term.
I0517 06:45:17.043299 12592 leader_election.cc:393] T 2344f0911d62405895a6c44edca703bc P c7fc5683934e4c9f885de04addaa2076 [CANDIDATE]: Term 1 election: Vote denied by peer b2afd3be3c104d17802599476b02d509 (127.4.96.3:49957). Message: Invalid argument: T 2344f0911d62405895a6c44edca703bc P b2afd3be3c104d17802599476b02d509 [term 1 FOLLOWER]: Leader election vote request: Denying vote to candidate c7fc5683934e4c9f885de04addaa2076 in current term 1: Already voted for candidate 0d0febd027bb4eba809921f54e8e8a4c in this term.
I0517 06:45:17.043550 12592 leader_election.cc:270] T 2344f0911d62405895a6c44edca703bc P c7fc5683934e4c9f885de04addaa2076 [CANDIDATE]: Term 1 election: Election decided. Result: candidate lost.
I0517 06:45:17.044674 13141 raft_consensus.cc:2704] T 2344f0911d62405895a6c44edca703bc P c7fc5683934e4c9f885de04addaa2076: Snoozing failure detection for 2.249s (election complete)
I0517 06:45:17.045112 13141 raft_consensus.cc:2459] T 2344f0911d62405895a6c44edca703bc P c7fc5683934e4c9f885de04addaa2076 [term 1 FOLLOWER]: Leader election lost for term 1. Reason: could not achieve majority
I0517 06:45:17.060554 13146 raft_consensus.cc:435] T 2344f0911d62405895a6c44edca703bc P 71d6b0fe0b45450a809f4a25eb6bae51 [term 1 FOLLOWER]: Starting pre-election (no leader contacted us within the election timeout)
I0517 06:45:17.060827 13146 raft_consensus.cc:2704] T 2344f0911d62405895a6c44edca703bc P 71d6b0fe0b45450a809f4a25eb6bae51: Snoozing failure detection for 1.810s (starting election)
I0517 06:45:17.061275 12909 tablet_service.cc:995] Received RequestConsensusVote() RPC: tablet_id: "2344f0911d62405895a6c44edca703bc" candidate_uuid: "c7fc5683934e4c9f885de04addaa2076" candidate_term: 1 candidate_status { last_received { term: 0 index: 0 } } ignore_live_leader: false dest_uuid: "71d6b0fe0b45450a809f4a25eb6bae51" is_pre_election: true
I0517 06:45:17.061962 12910 tablet_service.cc:995] Received RequestConsensusVote() RPC: tablet_id: "2344f0911d62405895a6c44edca703bc" candidate_uuid: "b2afd3be3c104d17802599476b02d509" candidate_term: 1 candidate_status { last_received { term: 0 index: 0 } } ignore_live_leader: false dest_uuid: "71d6b0fe0b45450a809f4a25eb6bae51" is_pre_election: true
I0517 06:45:17.062489 12908 tablet_service.cc:995] Received RequestConsensusVote() RPC: tablet_id: "2344f0911d62405895a6c44edca703bc" candidate_uuid: "6f7859ab255d4820bf262d97c42cdd80" candidate_term: 1 candidate_status { last_received { term: 0 index: 0 } } ignore_live_leader: false dest_uuid: "71d6b0fe0b45450a809f4a25eb6bae51" is_pre_election: true
I0517 06:45:17.063025 12907 tablet_service.cc:995] Received RequestConsensusVote() RPC: tablet_id: "2344f0911d62405895a6c44edca703bc" candidate_uuid: "c7fc5683934e4c9f885de04addaa2076" candidate_term: 1 candidate_status { last_received { term: 0 index: 0 } } ignore_live_leader: false dest_uuid: "71d6b0fe0b45450a809f4a25eb6bae51"
I0517 06:45:17.063434 13146 raft_consensus.cc:457] T 2344f0911d62405895a6c44edca703bc P 71d6b0fe0b45450a809f4a25eb6bae51 [term 1 FOLLOWER]: Starting pre-election with config: opid_index: -1 OBSOLETE_local: false peers { permanent_uuid: "71d6b0fe0b45450a809f4a25eb6bae51" member_type: VOTER last_known_addr { host: "127.4.96.8" port: 50961 } } peers { permanent_uuid: "c7fc5683934e4c9f885de04addaa2076" member_type: VOTER last_known_addr { host: "127.4.96.6" port: 43583 } } peers { permanent_uuid: "0d0febd027bb4eba809921f54e8e8a4c" member_type: VOTER last_known_addr { host: "127.4.96.7" port: 51391 } } peers { permanent_uuid: "6f7859ab255d4820bf262d97c42cdd80" member_type: VOTER last_known_addr { host: "127.4.96.5" port: 59751 } } peers { permanent_uuid: "b2afd3be3c104d17802599476b02d509" member_type: VOTER last_known_addr { host: "127.4.96.3" port: 49957 } }
I0517 06:45:17.064644 12910 raft_consensus.cc:2194] T 2344f0911d62405895a6c44edca703bc P 71d6b0fe0b45450a809f4a25eb6bae51 [term 1 FOLLOWER]: Leader pre-election vote request: Denying vote to candidate b2afd3be3c104d17802599476b02d509 for term 1 because replica is already servicing an update from a current leader or another vote.
I0517 06:45:17.065033 12908 raft_consensus.cc:2194] T 2344f0911d62405895a6c44edca703bc P 71d6b0fe0b45450a809f4a25eb6bae51 [term 1 FOLLOWER]: Leader pre-election vote request: Denying vote to candidate 6f7859ab255d4820bf262d97c42cdd80 for term 1 because replica is already servicing an update from a current leader or another vote.
I0517 06:45:17.066781 12220 leader_election.cc:393] T 2344f0911d62405895a6c44edca703bc P b2afd3be3c104d17802599476b02d509 [CANDIDATE]: Term 1 pre-election: Vote denied by peer 71d6b0fe0b45450a809f4a25eb6bae51 (127.4.96.8:50961). Message: Service unavailable: T 2344f0911d62405895a6c44edca703bc P 71d6b0fe0b45450a809f4a25eb6bae51 [term 1 FOLLOWER]: Leader pre-election vote request: Denying vote to candidate b2afd3be3c104d17802599476b02d509 for term 1 because replica is already servicing an update from a current leader or another vote.
I0517 06:45:17.067010 12220 leader_election.cc:270] T 2344f0911d62405895a6c44edca703bc P b2afd3be3c104d17802599476b02d509 [CANDIDATE]: Term 1 pre-election: Election decided. Result: candidate lost.
I0517 06:45:17.067029 12468 leader_election.cc:393] T 2344f0911d62405895a6c44edca703bc P 6f7859ab255d4820bf262d97c42cdd80 [CANDIDATE]: Term 1 pre-election: Vote denied by peer 71d6b0fe0b45450a809f4a25eb6bae51 (127.4.96.8:50961). Message: Service unavailable: T 2344f0911d62405895a6c44edca703bc P 71d6b0fe0b45450a809f4a25eb6bae51 [term 1 FOLLOWER]: Leader pre-election vote request: Denying vote to candidate 6f7859ab255d4820bf262d97c42cdd80 for term 1 because replica is already servicing an update from a current leader or another vote.
I0517 06:45:17.067872 12909 raft_consensus.cc:2149] T 2344f0911d62405895a6c44edca703bc P 71d6b0fe0b45450a809f4a25eb6bae51 [term 1 FOLLOWER]: Leader pre-election vote request: Denying vote to candidate c7fc5683934e4c9f885de04addaa2076 in current term 1: Already voted for candidate 0d0febd027bb4eba809921f54e8e8a4c in this term.
I0517 06:45:17.068176 12907 raft_consensus.cc:2194] T 2344f0911d62405895a6c44edca703bc P 71d6b0fe0b45450a809f4a25eb6bae51 [term 1 FOLLOWER]: Leader election vote request: Denying vote to candidate c7fc5683934e4c9f885de04addaa2076 for term 1 because replica is already servicing an update from a current leader or another vote.
I0517 06:45:17.068353 13149 raft_consensus.cc:2704] T 2344f0911d62405895a6c44edca703bc P b2afd3be3c104d17802599476b02d509: Snoozing failure detection for 1.979s (election complete)
I0517 06:45:17.068574 13149 raft_consensus.cc:2459] T 2344f0911d62405895a6c44edca703bc P b2afd3be3c104d17802599476b02d509 [term 1 FOLLOWER]: Leader pre-election lost for term 1. Reason: could not achieve majority
I0517 06:45:17.064512 13146 leader_election.cc:243] T 2344f0911d62405895a6c44edca703bc P 71d6b0fe0b45450a809f4a25eb6bae51 [CANDIDATE]: Term 2 pre-election: Requesting pre-vote from peer c7fc5683934e4c9f885de04addaa2076 (127.4.96.6:43583)
I0517 06:45:17.071012 13146 leader_election.cc:243] T 2344f0911d62405895a6c44edca703bc P 71d6b0fe0b45450a809f4a25eb6bae51 [CANDIDATE]: Term 2 pre-election: Requesting pre-vote from peer 0d0febd027bb4eba809921f54e8e8a4c (127.4.96.7:51391)
I0517 06:45:17.076067 13146 leader_election.cc:243] T 2344f0911d62405895a6c44edca703bc P 71d6b0fe0b45450a809f4a25eb6bae51 [CANDIDATE]: Term 2 pre-election: Requesting pre-vote from peer 6f7859ab255d4820bf262d97c42cdd80 (127.4.96.5:59751)
I0517 06:45:17.077890 12593 leader_election.cc:393] T 2344f0911d62405895a6c44edca703bc P c7fc5683934e4c9f885de04addaa2076 [CANDIDATE]: Term 1 pre-election: Vote denied by peer 71d6b0fe0b45450a809f4a25eb6bae51 (127.4.96.8:50961). Message: Invalid argument: T 2344f0911d62405895a6c44edca703bc P 71d6b0fe0b45450a809f4a25eb6bae51 [term 1 FOLLOWER]: Leader pre-election vote request: Denying vote to candidate c7fc5683934e4c9f885de04addaa2076 in current term 1: Already voted for candidate 0d0febd027bb4eba809921f54e8e8a4c in this term.
I0517 06:45:17.078560 12593 leader_election.cc:393] T 2344f0911d62405895a6c44edca703bc P c7fc5683934e4c9f885de04addaa2076 [CANDIDATE]: Term 1 election: Vote denied by peer 71d6b0fe0b45450a809f4a25eb6bae51 (127.4.96.8:50961). Message: Service unavailable: T 2344f0911d62405895a6c44edca703bc P 71d6b0fe0b45450a809f4a25eb6bae51 [term 1 FOLLOWER]: Leader election vote request: Denying vote to candidate c7fc5683934e4c9f885de04addaa2076 for term 1 because replica is already servicing an update from a current leader or another vote.
I0517 06:45:17.077996 13146 leader_election.cc:243] T 2344f0911d62405895a6c44edca703bc P 71d6b0fe0b45450a809f4a25eb6bae51 [CANDIDATE]: Term 2 pre-election: Requesting pre-vote from peer b2afd3be3c104d17802599476b02d509 (127.4.96.3:49957)
I0517 06:45:17.121570 12661 tablet_service.cc:995] Received RequestConsensusVote() RPC: tablet_id: "2344f0911d62405895a6c44edca703bc" candidate_uuid: "71d6b0fe0b45450a809f4a25eb6bae51" candidate_term: 2 candidate_status { last_received { term: 0 index: 0 } } ignore_live_leader: false dest_uuid: "c7fc5683934e4c9f885de04addaa2076" is_pre_election: true
I0517 06:45:17.121968 12661 raft_consensus.cc:2704] T 2344f0911d62405895a6c44edca703bc P c7fc5683934e4c9f885de04addaa2076: Snoozing failure detection for 3.272s (vote granted)
I0517 06:45:17.122126 12661 raft_consensus.cc:2219] T 2344f0911d62405895a6c44edca703bc P c7fc5683934e4c9f885de04addaa2076 [term 1 FOLLOWER]: Leader pre-election vote request: Granting yes vote for candidate 71d6b0fe0b45450a809f4a25eb6bae51 in term 1.
I0517 06:45:17.123332 12840 leader_election.cc:379] T 2344f0911d62405895a6c44edca703bc P 71d6b0fe0b45450a809f4a25eb6bae51 [CANDIDATE]: Term 2 pre-election: Vote granted by peer c7fc5683934e4c9f885de04addaa2076 (127.4.96.6:43583)
I0517 06:45:17.131491 12537 tablet_service.cc:995] Received RequestConsensusVote() RPC: tablet_id: "2344f0911d62405895a6c44edca703bc" candidate_uuid: "71d6b0fe0b45450a809f4a25eb6bae51" candidate_term: 2 candidate_status { last_received { term: 0 index: 0 } } ignore_live_leader: false dest_uuid: "6f7859ab255d4820bf262d97c42cdd80" is_pre_election: true
I0517 06:45:17.131935 12537 raft_consensus.cc:2704] T 2344f0911d62405895a6c44edca703bc P 6f7859ab255d4820bf262d97c42cdd80: Snoozing failure detection for 2.242s (vote granted)
I0517 06:45:17.132124 12537 raft_consensus.cc:2219] T 2344f0911d62405895a6c44edca703bc P 6f7859ab255d4820bf262d97c42cdd80 [term 1 FOLLOWER]: Leader pre-election vote request: Granting yes vote for candidate 71d6b0fe0b45450a809f4a25eb6bae51 in term 1.
I0517 06:45:17.132899 12840 leader_election.cc:379] T 2344f0911d62405895a6c44edca703bc P 71d6b0fe0b45450a809f4a25eb6bae51 [CANDIDATE]: Term 2 pre-election: Vote granted by peer 6f7859ab255d4820bf262d97c42cdd80 (127.4.96.5:59751)
I0517 06:45:17.133134 12840 leader_election.cc:270] T 2344f0911d62405895a6c44edca703bc P 71d6b0fe0b45450a809f4a25eb6bae51 [CANDIDATE]: Term 2 pre-election: Election decided. Result: candidate won.
I0517 06:45:17.133615 13146 raft_consensus.cc:2704] T 2344f0911d62405895a6c44edca703bc P 71d6b0fe0b45450a809f4a25eb6bae51: Snoozing failure detection for 2.172s (election complete)
I0517 06:45:17.133821 13146 raft_consensus.cc:2511] T 2344f0911d62405895a6c44edca703bc P 71d6b0fe0b45450a809f4a25eb6bae51 [term 1 FOLLOWER]: Leader pre-election won for term 2
I0517 06:45:17.134021 13146 raft_consensus.cc:435] T 2344f0911d62405895a6c44edca703bc P 71d6b0fe0b45450a809f4a25eb6bae51 [term 1 FOLLOWER]: Starting leader election (no leader contacted us within the election timeout)
I0517 06:45:17.134182 13146 raft_consensus.cc:2704] T 2344f0911d62405895a6c44edca703bc P 71d6b0fe0b45450a809f4a25eb6bae51: Snoozing failure detection for 1.931s (starting election)
I0517 06:45:17.134346 13146 raft_consensus.cc:2756] T 2344f0911d62405895a6c44edca703bc P 71d6b0fe0b45450a809f4a25eb6bae51 [term 1 FOLLOWER]: Advancing to term 2
I0517 06:45:17.139086 13146 raft_consensus.cc:457] T 2344f0911d62405895a6c44edca703bc P 71d6b0fe0b45450a809f4a25eb6bae51 [term 2 FOLLOWER]: Starting leader election with config: opid_index: -1 OBSOLETE_local: false peers { permanent_uuid: "71d6b0fe0b45450a809f4a25eb6bae51" member_type: VOTER last_known_addr { host: "127.4.96.8" port: 50961 } } peers { permanent_uuid: "c7fc5683934e4c9f885de04addaa2076" member_type: VOTER last_known_addr { host: "127.4.96.6" port: 43583 } } peers { permanent_uuid: "0d0febd027bb4eba809921f54e8e8a4c" member_type: VOTER last_known_addr { host: "127.4.96.7" port: 51391 } } peers { permanent_uuid: "6f7859ab255d4820bf262d97c42cdd80" member_type: VOTER last_known_addr { host: "127.4.96.5" port: 59751 } } peers { permanent_uuid: "b2afd3be3c104d17802599476b02d509" member_type: VOTER last_known_addr { host: "127.4.96.3" port: 49957 } }
I0517 06:45:17.139899 13146 leader_election.cc:243] T 2344f0911d62405895a6c44edca703bc P 71d6b0fe0b45450a809f4a25eb6bae51 [CANDIDATE]: Term 2 election: Requesting vote from peer c7fc5683934e4c9f885de04addaa2076 (127.4.96.6:43583)
I0517 06:45:17.140220 13146 leader_election.cc:243] T 2344f0911d62405895a6c44edca703bc P 71d6b0fe0b45450a809f4a25eb6bae51 [CANDIDATE]: Term 2 election: Requesting vote from peer 0d0febd027bb4eba809921f54e8e8a4c (127.4.96.7:51391)
I0517 06:45:17.140480 13146 leader_election.cc:243] T 2344f0911d62405895a6c44edca703bc P 71d6b0fe0b45450a809f4a25eb6bae51 [CANDIDATE]: Term 2 election: Requesting vote from peer 6f7859ab255d4820bf262d97c42cdd80 (127.4.96.5:59751)
I0517 06:45:17.140828 13146 leader_election.cc:243] T 2344f0911d62405895a6c44edca703bc P 71d6b0fe0b45450a809f4a25eb6bae51 [CANDIDATE]: Term 2 election: Requesting vote from peer b2afd3be3c104d17802599476b02d509 (127.4.96.3:49957)
I0517 06:45:17.141175 12661 tablet_service.cc:995] Received RequestConsensusVote() RPC: tablet_id: "2344f0911d62405895a6c44edca703bc" candidate_uuid: "71d6b0fe0b45450a809f4a25eb6bae51" candidate_term: 2 candidate_status { last_received { term: 0 index: 0 } } ignore_live_leader: false dest_uuid: "c7fc5683934e4c9f885de04addaa2076"
I0517 06:45:17.141639 12661 raft_consensus.cc:2756] T 2344f0911d62405895a6c44edca703bc P c7fc5683934e4c9f885de04addaa2076 [term 1 FOLLOWER]: Advancing to term 2
I0517 06:45:17.141854 12661 raft_consensus.cc:2704] T 2344f0911d62405895a6c44edca703bc P c7fc5683934e4c9f885de04addaa2076: Snoozing failure detection for 2.523s (vote granted)
I0517 06:45:17.146701 12661 raft_consensus.cc:2219] T 2344f0911d62405895a6c44edca703bc P c7fc5683934e4c9f885de04addaa2076 [term 2 FOLLOWER]: Leader election vote request: Granting yes vote for candidate 71d6b0fe0b45450a809f4a25eb6bae51 in term 2.
I0517 06:45:17.147945 12537 tablet_service.cc:995] Received RequestConsensusVote() RPC: tablet_id: "2344f0911d62405895a6c44edca703bc" candidate_uuid: "71d6b0fe0b45450a809f4a25eb6bae51" candidate_term: 2 candidate_status { last_received { term: 0 index: 0 } } ignore_live_leader: false dest_uuid: "6f7859ab255d4820bf262d97c42cdd80"
I0517 06:45:17.148332 12537 raft_consensus.cc:2756] T 2344f0911d62405895a6c44edca703bc P 6f7859ab255d4820bf262d97c42cdd80 [term 1 FOLLOWER]: Advancing to term 2
I0517 06:45:17.148535 12537 raft_consensus.cc:2704] T 2344f0911d62405895a6c44edca703bc P 6f7859ab255d4820bf262d97c42cdd80: Snoozing failure detection for 2.380s (vote granted)
I0517 06:45:17.153221 12537 raft_consensus.cc:2219] T 2344f0911d62405895a6c44edca703bc P 6f7859ab255d4820bf262d97c42cdd80 [term 2 FOLLOWER]: Leader election vote request: Granting yes vote for candidate 71d6b0fe0b45450a809f4a25eb6bae51 in term 2.
I0517 06:45:17.154145 12840 leader_election.cc:379] T 2344f0911d62405895a6c44edca703bc P 71d6b0fe0b45450a809f4a25eb6bae51 [CANDIDATE]: Term 2 election: Vote granted by peer c7fc5683934e4c9f885de04addaa2076 (127.4.96.6:43583)
I0517 06:45:17.154858 12840 leader_election.cc:379] T 2344f0911d62405895a6c44edca703bc P 71d6b0fe0b45450a809f4a25eb6bae51 [CANDIDATE]: Term 2 election: Vote granted by peer 6f7859ab255d4820bf262d97c42cdd80 (127.4.96.5:59751)
I0517 06:45:17.155098 12840 leader_election.cc:270] T 2344f0911d62405895a6c44edca703bc P 71d6b0fe0b45450a809f4a25eb6bae51 [CANDIDATE]: Term 2 election: Election decided. Result: candidate won.
I0517 06:45:17.155488 13146 raft_consensus.cc:2704] T 2344f0911d62405895a6c44edca703bc P 71d6b0fe0b45450a809f4a25eb6bae51: Snoozing failure detection for 2.175s (election complete)
I0517 06:45:17.155720 13146 raft_consensus.cc:2511] T 2344f0911d62405895a6c44edca703bc P 71d6b0fe0b45450a809f4a25eb6bae51 [term 2 FOLLOWER]: Leader election won for term 2
I0517 06:45:17.158252 12785 tablet_service.cc:995] Received RequestConsensusVote() RPC: tablet_id: "2344f0911d62405895a6c44edca703bc" candidate_uuid: "71d6b0fe0b45450a809f4a25eb6bae51" candidate_term: 2 candidate_status { last_received { term: 0 index: 0 } } ignore_live_leader: false dest_uuid: "0d0febd027bb4eba809921f54e8e8a4c"
I0517 06:45:17.158813 12785 raft_consensus.cc:2180] T 2344f0911d62405895a6c44edca703bc P 0d0febd027bb4eba809921f54e8e8a4c [term 1 LEADER]: Leader election vote request: Denying vote to candidate 71d6b0fe0b45450a809f4a25eb6bae51 for term 2 because replica is either leader or believes a valid leader to be alive.
I0517 06:45:17.159327 12786 tablet_service.cc:995] Received RequestConsensusVote() RPC: tablet_id: "2344f0911d62405895a6c44edca703bc" candidate_uuid: "71d6b0fe0b45450a809f4a25eb6bae51" candidate_term: 2 candidate_status { last_received { term: 0 index: 0 } } ignore_live_leader: false dest_uuid: "0d0febd027bb4eba809921f54e8e8a4c" is_pre_election: true
I0517 06:45:17.159828 12786 raft_consensus.cc:2180] T 2344f0911d62405895a6c44edca703bc P 0d0febd027bb4eba809921f54e8e8a4c [term 1 LEADER]: Leader pre-election vote request: Denying vote to candidate 71d6b0fe0b45450a809f4a25eb6bae51 for term 2 because replica is either leader or believes a valid leader to be alive.
I0517 06:45:17.162078 12844 leader_election.cc:393] T 2344f0911d62405895a6c44edca703bc P 71d6b0fe0b45450a809f4a25eb6bae51 [CANDIDATE]: Term 2 election: Vote denied by peer 0d0febd027bb4eba809921f54e8e8a4c (127.4.96.7:51391). Message: Invalid argument: T 2344f0911d62405895a6c44edca703bc P 0d0febd027bb4eba809921f54e8e8a4c [term 1 LEADER]: Leader election vote request: Denying vote to candidate 71d6b0fe0b45450a809f4a25eb6bae51 for term 2 because replica is either leader or believes a valid leader to be alive.
I0517 06:45:17.162611 12844 leader_election.cc:393] T 2344f0911d62405895a6c44edca703bc P 71d6b0fe0b45450a809f4a25eb6bae51 [CANDIDATE]: Term 2 pre-election: Vote denied by peer 0d0febd027bb4eba809921f54e8e8a4c (127.4.96.7:51391). Message: Invalid argument: T 2344f0911d62405895a6c44edca703bc P 0d0febd027bb4eba809921f54e8e8a4c [term 1 LEADER]: Leader pre-election vote request: Denying vote to candidate 71d6b0fe0b45450a809f4a25eb6bae51 for term 2 because replica is either leader or believes a valid leader to be alive.
I0517 06:45:17.162688 12289 tablet_service.cc:995] Received RequestConsensusVote() RPC: tablet_id: "2344f0911d62405895a6c44edca703bc" candidate_uuid: "71d6b0fe0b45450a809f4a25eb6bae51" candidate_term: 2 candidate_status { last_received { term: 0 index: 0 } } ignore_live_leader: false dest_uuid: "b2afd3be3c104d17802599476b02d509" is_pre_election: true
I0517 06:45:17.163040 12288 tablet_service.cc:995] Received RequestConsensusVote() RPC: tablet_id: "2344f0911d62405895a6c44edca703bc" candidate_uuid: "71d6b0fe0b45450a809f4a25eb6bae51" candidate_term: 2 candidate_status { last_received { term: 0 index: 0 } } ignore_live_leader: false dest_uuid: "b2afd3be3c104d17802599476b02d509"
I0517 06:45:17.163168 12289 raft_consensus.cc:2704] T 2344f0911d62405895a6c44edca703bc P b2afd3be3c104d17802599476b02d509: Snoozing failure detection for 1.889s (vote granted)
I0517 06:45:17.163403 12289 raft_consensus.cc:2219] T 2344f0911d62405895a6c44edca703bc P b2afd3be3c104d17802599476b02d509 [term 1 FOLLOWER]: Leader pre-election vote request: Granting yes vote for candidate 71d6b0fe0b45450a809f4a25eb6bae51 in term 1.
I0517 06:45:17.163962 12288 raft_consensus.cc:2194] T 2344f0911d62405895a6c44edca703bc P b2afd3be3c104d17802599476b02d509 [term 1 FOLLOWER]: Leader election vote request: Denying vote to candidate 71d6b0fe0b45450a809f4a25eb6bae51 for term 2 because replica is already servicing an update from a current leader or another vote.
I0517 06:45:17.163938 13146 raft_consensus.cc:571] T 2344f0911d62405895a6c44edca703bc P 71d6b0fe0b45450a809f4a25eb6bae51 [term 2 LEADER]: Becoming Leader. State: Replica: 71d6b0fe0b45450a809f4a25eb6bae51, State: Running, Role: LEADER
I0517 06:45:17.164680 12840 leader_election.cc:379] T 2344f0911d62405895a6c44edca703bc P 71d6b0fe0b45450a809f4a25eb6bae51 [CANDIDATE]: Term 2 pre-election: Vote granted by peer b2afd3be3c104d17802599476b02d509 (127.4.96.3:49957)
I0517 06:45:17.164422 13146 consensus_queue.cc:204] T 2344f0911d62405895a6c44edca703bc P 71d6b0fe0b45450a809f4a25eb6bae51 [LEADER]: Queue going to LEADER mode. State: All replicated index: 0, Majority replicated index: 0, Committed index: 0, Last appended: 0.0, Last appended by leader: 0, Current term: 2, Majority size: 3, State: 0, Mode: LEADER, active raft config: opid_index: -1 OBSOLETE_local: false peers { permanent_uuid: "71d6b0fe0b45450a809f4a25eb6bae51" member_type: VOTER last_known_addr { host: "127.4.96.8" port: 50961 } } peers { permanent_uuid: "c7fc5683934e4c9f885de04addaa2076" member_type: VOTER last_known_addr { host: "127.4.96.6" port: 43583 } } peers { permanent_uuid: "0d0febd027bb4eba809921f54e8e8a4c" member_type: VOTER last_known_addr { host: "127.4.96.7" port: 51391 } } peers { permanent_uuid: "6f7859ab255d4820bf262d97c42cdd80" member_type: VOTER last_known_addr { host: "127.4.96.5" port: 59751 } } peers { permanent_uuid: "b2afd3be3c104d17802599476b02d509" member_type: VOTER last_known_addr { host: "127.4.96.3" port: 49957 } }
I0517 06:45:17.165565 12840 leader_election.cc:393] T 2344f0911d62405895a6c44edca703bc P 71d6b0fe0b45450a809f4a25eb6bae51 [CANDIDATE]: Term 2 election: Vote denied by peer b2afd3be3c104d17802599476b02d509 (127.4.96.3:49957). Message: Service unavailable: T 2344f0911d62405895a6c44edca703bc P b2afd3be3c104d17802599476b02d509 [term 1 FOLLOWER]: Leader election vote request: Denying vote to candidate 71d6b0fe0b45450a809f4a25eb6bae51 for term 2 because replica is already servicing an update from a current leader or another vote.
I0517 06:45:17.172518 13077 heartbeater.cc:467] Master 127.4.96.62:50584 was elected leader, sending a full tablet report...
I0517 06:45:17.173985 11916 catalog_manager.cc:3686] T 2344f0911d62405895a6c44edca703bc P 71d6b0fe0b45450a809f4a25eb6bae51 reported cstate change: term changed from 1 to 2, leader changed from 0d0febd027bb4eba809921f54e8e8a4c (127.4.96.7) to 71d6b0fe0b45450a809f4a25eb6bae51 (127.4.96.8). New cstate: current_term: 2 leader_uuid: "71d6b0fe0b45450a809f4a25eb6bae51" committed_config { opid_index: -1 OBSOLETE_local: false peers { permanent_uuid: "71d6b0fe0b45450a809f4a25eb6bae51" member_type: VOTER last_known_addr { host: "127.4.96.8" port: 50961 } health_report { overall_health: HEALTHY } } peers { permanent_uuid: "c7fc5683934e4c9f885de04addaa2076" member_type: VOTER last_known_addr { host: "127.4.96.6" port: 43583 } health_report { overall_health: UNKNOWN } } peers { permanent_uuid: "0d0febd027bb4eba809921f54e8e8a4c" member_type: VOTER last_known_addr { host: "127.4.96.7" port: 51391 } health_report { overall_health: UNKNOWN } } peers { permanent_uuid: "6f7859ab255d4820bf262d97c42cdd80" member_type: VOTER last_known_addr { host: "127.4.96.5" port: 59751 } health_report { overall_health: UNKNOWN } } peers { permanent_uuid: "b2afd3be3c104d17802599476b02d509" member_type: VOTER last_known_addr { host: "127.4.96.3" port: 49957 } health_report { overall_health: UNKNOWN } } }
I0517 06:45:17.188357 4480 external_mini_cluster.cc:482] 9 TS(s) registered with all masters
I0517 06:45:17.191519 4480 ts_itest-base.cc:233] Waiting for 0 tablets on tserver 3c4ca03e934448e789a3413ea92ab6c6 to finish bootstrapping
I0517 06:45:17.210310 4480 ts_itest-base.cc:233] Waiting for 0 tablets on tserver b63d0bdace5e4d598392de0641274b6c to finish bootstrapping
I0517 06:45:17.223626 4480 ts_itest-base.cc:233] Waiting for 1 tablets on tserver b2afd3be3c104d17802599476b02d509 to finish bootstrapping
I0517 06:45:17.234329 4480 ts_itest-base.cc:233] Waiting for 0 tablets on tserver bc2cfadffd3547ae88f42510ed8395f3 to finish bootstrapping
I0517 06:45:17.245841 4480 ts_itest-base.cc:233] Waiting for 1 tablets on tserver 6f7859ab255d4820bf262d97c42cdd80 to finish bootstrapping
I0517 06:45:17.254297 4480 ts_itest-base.cc:233] Waiting for 1 tablets on tserver c7fc5683934e4c9f885de04addaa2076 to finish bootstrapping
I0517 06:45:17.265033 4480 ts_itest-base.cc:233] Waiting for 1 tablets on tserver 0d0febd027bb4eba809921f54e8e8a4c to finish bootstrapping
I0517 06:45:17.274096 4480 ts_itest-base.cc:233] Waiting for 1 tablets on tserver 71d6b0fe0b45450a809f4a25eb6bae51 to finish bootstrapping
I0517 06:45:17.283661 4480 ts_itest-base.cc:233] Waiting for 0 tablets on tserver f46a2a66ce864668aa605848aea6f97e to finish bootstrapping
I0517 06:45:17.294615 4480 kudu-admin-test.cc:1055] Waiting for Master to see the current replicas...
I0517 06:45:17.296952 4480 kudu-admin-test.cc:1062] Tablet locations: tablet_id: "2344f0911d62405895a6c44edca703bc" replicas { ts_info { permanent_uuid: "71d6b0fe0b45450a809f4a25eb6bae51" rpc_addresses { host: "127.4.96.8" port: 50961 } } role: LEADER } replicas { ts_info { permanent_uuid: "c7fc5683934e4c9f885de04addaa2076" rpc_addresses { host: "127.4.96.6" port: 43583 } } role: FOLLOWER } replicas { ts_info { permanent_uuid: "0d0febd027bb4eba809921f54e8e8a4c" rpc_addresses { host: "127.4.96.7" port: 51391 } } role: FOLLOWER } replicas { ts_info { permanent_uuid: "6f7859ab255d4820bf262d97c42cdd80" rpc_addresses { host: "127.4.96.5" port: 59751 } } role: FOLLOWER } replicas { ts_info { permanent_uuid: "b2afd3be3c104d17802599476b02d509" rpc_addresses { host: "127.4.96.3" port: 49957 } } role: FOLLOWER } DEPRECATED_stale: false partition { partition_key_start: "" partition_key_end: "" }
I0517 06:45:17.457243 12288 raft_consensus.cc:1057] T 2344f0911d62405895a6c44edca703bc P b2afd3be3c104d17802599476b02d509 [term 1 FOLLOWER]: Refusing update from remote peer 0d0febd027bb4eba809921f54e8e8a4c: Log matching property violated. Preceding OpId in replica: term: 0 index: 0. Preceding OpId from leader: term: 1 index: 1. (index mismatch)
I0517 06:45:17.458405 13118 consensus_queue.cc:963] T 2344f0911d62405895a6c44edca703bc P 0d0febd027bb4eba809921f54e8e8a4c [LEADER]: Connected to new peer: Peer: permanent_uuid: "b2afd3be3c104d17802599476b02d509" member_type: VOTER last_known_addr { host: "127.4.96.3" port: 49957 }, Status: LMP_MISMATCH, Last received: 0.0, Next index: 1, Last known committed idx: 0, Time since last communication: 0.000s
I0517 06:45:17.474588 12537 raft_consensus.cc:1025] T 2344f0911d62405895a6c44edca703bc P 6f7859ab255d4820bf262d97c42cdd80 [term 2 FOLLOWER]: Rejecting Update request from peer 0d0febd027bb4eba809921f54e8e8a4c for earlier term 1. Current term is 2. Ops: []
I0517 06:45:17.475546 13118 consensus_queue.cc:974] T 2344f0911d62405895a6c44edca703bc P 0d0febd027bb4eba809921f54e8e8a4c [LEADER]: Peer responded invalid term: Peer: permanent_uuid: "6f7859ab255d4820bf262d97c42cdd80" member_type: VOTER last_known_addr { host: "127.4.96.5" port: 59751 }, Status: INVALID_TERM, Last received: 0.0, Next index: 1, Last known committed idx: 0, Time since last communication: 0.000s
I0517 06:45:17.476675 13118 raft_consensus.cc:2751] T 2344f0911d62405895a6c44edca703bc P 0d0febd027bb4eba809921f54e8e8a4c [term 1 LEADER]: Stepping down as leader of term 1
I0517 06:45:17.476824 13118 raft_consensus.cc:604] T 2344f0911d62405895a6c44edca703bc P 0d0febd027bb4eba809921f54e8e8a4c [term 1 LEADER]: Becoming Follower/Learner. State: Replica: 0d0febd027bb4eba809921f54e8e8a4c, State: Running, Role: LEADER
I0517 06:45:17.477159 13118 consensus_queue.cc:227] T 2344f0911d62405895a6c44edca703bc P 0d0febd027bb4eba809921f54e8e8a4c [NON_LEADER]: Queue going to NON_LEADER mode. State: All replicated index: 0, Majority replicated index: 0, Committed index: 0, Last appended: 1.1, Last appended by leader: 1, Current term: 1, Majority size: -1, State: 0, Mode: NON_LEADER, active raft config: opid_index: -1 OBSOLETE_local: false peers { permanent_uuid: "71d6b0fe0b45450a809f4a25eb6bae51" member_type: VOTER last_known_addr { host: "127.4.96.8" port: 50961 } } peers { permanent_uuid: "c7fc5683934e4c9f885de04addaa2076" member_type: VOTER last_known_addr { host: "127.4.96.6" port: 43583 } } peers { permanent_uuid: "0d0febd027bb4eba809921f54e8e8a4c" member_type: VOTER last_known_addr { host: "127.4.96.7" port: 51391 } } peers { permanent_uuid: "6f7859ab255d4820bf262d97c42cdd80" member_type: VOTER last_known_addr { host: "127.4.96.5" port: 59751 } } peers { permanent_uuid: "b2afd3be3c104d17802599476b02d509" member_type: VOTER last_known_addr { host: "127.4.96.3" port: 49957 } }
I0517 06:45:17.477736 13118 consensus_peers.cc:456] T 2344f0911d62405895a6c44edca703bc P 0d0febd027bb4eba809921f54e8e8a4c -> Peer 6f7859ab255d4820bf262d97c42cdd80 (127.4.96.5:59751): Closing peer: 6f7859ab255d4820bf262d97c42cdd80
I0517 06:45:17.477900 13118 consensus_peers.cc:456] T 2344f0911d62405895a6c44edca703bc P 0d0febd027bb4eba809921f54e8e8a4c -> Peer c7fc5683934e4c9f885de04addaa2076 (127.4.96.6:43583): Closing peer: c7fc5683934e4c9f885de04addaa2076
I0517 06:45:17.478039 13118 consensus_peers.cc:456] T 2344f0911d62405895a6c44edca703bc P 0d0febd027bb4eba809921f54e8e8a4c -> Peer b2afd3be3c104d17802599476b02d509 (127.4.96.3:49957): Closing peer: b2afd3be3c104d17802599476b02d509
I0517 06:45:17.478166 13118 consensus_peers.cc:456] T 2344f0911d62405895a6c44edca703bc P 0d0febd027bb4eba809921f54e8e8a4c -> Peer 71d6b0fe0b45450a809f4a25eb6bae51 (127.4.96.8:50961): Closing peer: 71d6b0fe0b45450a809f4a25eb6bae51
I0517 06:45:17.478543 13118 raft_consensus.cc:2756] T 2344f0911d62405895a6c44edca703bc P 0d0febd027bb4eba809921f54e8e8a4c [term 1 FOLLOWER]: Advancing to term 2
I0517 06:45:17.652545 12537 raft_consensus.cc:1057] T 2344f0911d62405895a6c44edca703bc P 6f7859ab255d4820bf262d97c42cdd80 [term 2 FOLLOWER]: Refusing update from remote peer 71d6b0fe0b45450a809f4a25eb6bae51: Log matching property violated. Preceding OpId in replica: term: 0 index: 0. Preceding OpId from leader: term: 2 index: 1. (index mismatch)
I0517 06:45:17.653472 13146 consensus_queue.cc:963] T 2344f0911d62405895a6c44edca703bc P 71d6b0fe0b45450a809f4a25eb6bae51 [LEADER]: Connected to new peer: Peer: permanent_uuid: "6f7859ab255d4820bf262d97c42cdd80" member_type: VOTER last_known_addr { host: "127.4.96.5" port: 59751 }, Status: LMP_MISMATCH, Last received: 0.0, Next index: 1, Last known committed idx: 0, Time since last communication: 0.000s
I0517 06:45:17.756397 12786 raft_consensus.cc:1057] T 2344f0911d62405895a6c44edca703bc P 0d0febd027bb4eba809921f54e8e8a4c [term 2 FOLLOWER]: Refusing update from remote peer 71d6b0fe0b45450a809f4a25eb6bae51: Log matching property violated. Preceding OpId in replica: term: 1 index: 1. Preceding OpId from leader: term: 2 index: 1. (term mismatch)
I0517 06:45:17.756553 12786 pending_rounds.cc:76] T 2344f0911d62405895a6c44edca703bc P 0d0febd027bb4eba809921f54e8e8a4c: Aborting all transactions after (but not including) 0
I0517 06:45:17.756669 12786 pending_rounds.cc:97] T 2344f0911d62405895a6c44edca703bc P 0d0febd027bb4eba809921f54e8e8a4c: Aborting uncommitted NO_OP operation due to leader change: 1.1
I0517 06:45:17.756796 12786 raft_consensus.cc:2594] T 2344f0911d62405895a6c44edca703bc P 0d0febd027bb4eba809921f54e8e8a4c [term 2 FOLLOWER]: NO_OP replication failed: Aborted: Transaction aborted by new leader
I0517 06:45:17.757771 13146 consensus_queue.cc:963] T 2344f0911d62405895a6c44edca703bc P 71d6b0fe0b45450a809f4a25eb6bae51 [LEADER]: Connected to new peer: Peer: permanent_uuid: "0d0febd027bb4eba809921f54e8e8a4c" member_type: VOTER last_known_addr { host: "127.4.96.7" port: 51391 }, Status: LMP_MISMATCH, Last received: 0.0, Next index: 1, Last known committed idx: 0, Time since last communication: 0.000s
I0517 06:45:17.764262 12288 raft_consensus.cc:2756] T 2344f0911d62405895a6c44edca703bc P b2afd3be3c104d17802599476b02d509 [term 1 FOLLOWER]: Advancing to term 2
I0517 06:45:17.771793 12661 raft_consensus.cc:1057] T 2344f0911d62405895a6c44edca703bc P c7fc5683934e4c9f885de04addaa2076 [term 2 FOLLOWER]: Refusing update from remote peer 71d6b0fe0b45450a809f4a25eb6bae51: Log matching property violated. Preceding OpId in replica: term: 0 index: 0. Preceding OpId from leader: term: 2 index: 1. (index mismatch)
I0517 06:45:17.773052 13146 consensus_queue.cc:963] T 2344f0911d62405895a6c44edca703bc P 71d6b0fe0b45450a809f4a25eb6bae51 [LEADER]: Connected to new peer: Peer: permanent_uuid: "c7fc5683934e4c9f885de04addaa2076" member_type: VOTER last_known_addr { host: "127.4.96.6" port: 43583 }, Status: LMP_MISMATCH, Last received: 0.0, Next index: 1, Last known committed idx: 0, Time since last communication: 0.000s
I0517 06:45:17.776613 12288 raft_consensus.cc:1057] T 2344f0911d62405895a6c44edca703bc P b2afd3be3c104d17802599476b02d509 [term 2 FOLLOWER]: Refusing update from remote peer 71d6b0fe0b45450a809f4a25eb6bae51: Log matching property violated. Preceding OpId in replica: term: 1 index: 1. Preceding OpId from leader: term: 2 index: 1. (term mismatch)
I0517 06:45:17.776789 12288 pending_rounds.cc:76] T 2344f0911d62405895a6c44edca703bc P b2afd3be3c104d17802599476b02d509: Aborting all transactions after (but not including) 0
I0517 06:45:17.776899 12288 pending_rounds.cc:97] T 2344f0911d62405895a6c44edca703bc P b2afd3be3c104d17802599476b02d509: Aborting uncommitted NO_OP operation due to leader change: 1.1
I0517 06:45:17.777036 12288 raft_consensus.cc:2594] T 2344f0911d62405895a6c44edca703bc P b2afd3be3c104d17802599476b02d509 [term 2 FOLLOWER]: NO_OP replication failed: Aborted: Transaction aborted by new leader
I0517 06:45:17.778257 13167 consensus_queue.cc:963] T 2344f0911d62405895a6c44edca703bc P 71d6b0fe0b45450a809f4a25eb6bae51 [LEADER]: Connected to new peer: Peer: permanent_uuid: "b2afd3be3c104d17802599476b02d509" member_type: VOTER last_known_addr { host: "127.4.96.3" port: 49957 }, Status: LMP_MISMATCH, Last received: 0.0, Next index: 1, Last known committed idx: 0, Time since last communication: 0.000s
I0517 06:45:17.792289 4480 external_mini_cluster.cc:978] Killing /tmp/dist-test-task4QLboq/build/tsan/bin/kudu-tserver with pid 12459
W0517 06:45:17.812429 12592 connection.cc:512] client connection to 127.4.96.5:59751 recv error: Network error: failed to read from TLS socket (remote: 127.4.96.5:59751): Connection reset by peer (error 104)
W0517 06:45:17.812456 11896 connection.cc:512] client connection to 127.4.96.5:59751 recv error: Network error: failed to read from TLS socket (remote: 127.4.96.5:59751): Connection reset by peer (error 104)
W0517 06:45:17.813369 11900 connection.cc:512] server connection from 127.4.96.5:39442 recv error: Network error: failed to read from TLS socket (remote: 127.4.96.5:39442): Connection reset by peer (error 104)
W0517 06:45:17.813477 12219 connection.cc:512] client connection to 127.4.96.5:59751 recv error: Network error: failed to read from TLS socket (remote: 127.4.96.5:59751): Connection reset by peer (error 104)
W0517 06:45:17.813521 12841 connection.cc:512] server connection from 127.4.96.5:50488 recv error: Network error: failed to read from TLS socket (remote: 127.4.96.5:50488): Connection reset by peer (error 104)
W0517 06:45:17.814373 12596 connection.cc:512] server connection from 127.4.96.5:39669 recv error: Network error: failed to read from TLS socket (remote: 127.4.96.5:39669): Connection reset by peer (error 104)
W0517 06:45:17.814481 12720 connection.cc:512] server connection from 127.4.96.5:40578 recv error: Network error: failed to read from TLS socket (remote: 127.4.96.5:40578): Connection reset by peer (error 104)
W0517 06:45:17.815348 12716 connection.cc:512] client connection to 127.4.96.5:59751 recv error: Network error: failed to read from TLS socket (remote: 127.4.96.5:59751): Connection reset by peer (error 104)
W0517 06:45:17.815373 12840 connection.cc:512] client connection to 127.4.96.5:59751 recv error: Network error: failed to read from TLS socket (remote: 127.4.96.5:59751): Connection reset by peer (error 104)
W0517 06:45:17.815433 12221 connection.cc:512] server connection from 127.4.96.5:55186 recv error: Network error: failed to read from TLS socket (remote: 127.4.96.5:55186): Connection reset by peer (error 104)
W0517 06:45:17.816223 11887 connection.cc:512] client connection to 127.4.96.5:59751 recv error: Network error: failed to read from TLS socket (remote: 127.4.96.5:59751): Connection reset by peer (error 104)
W0517 06:45:17.817004 11883 connection.cc:512] client connection to 127.4.96.5:59751 recv error: Network error: failed to read from TLS socket (remote: 127.4.96.5:59751): Connection reset by peer (error 104)
I0517 06:45:17.817162 4480 external_mini_cluster.cc:978] Killing /tmp/dist-test-task4QLboq/build/tsan/bin/kudu-tserver with pid 12583
W0517 06:45:17.841164 11898 connection.cc:512] server connection from 127.4.96.6:56588 recv error: Network error: failed to read from TLS socket (remote: 127.4.96.6:56588): Connection reset by peer (error 104)
W0517 06:45:17.841164 12840 connection.cc:512] client connection to 127.4.96.6:43583 recv error: Network error: failed to read from TLS socket (remote: 127.4.96.6:43583): Connection reset by peer (error 104)
W0517 06:45:17.841265 12716 connection.cc:512] client connection to 127.4.96.6:43583 recv error: Network error: failed to read from TLS socket (remote: 127.4.96.6:43583): Connection reset by peer (error 104)
W0517 06:45:17.841722 11896 connection.cc:512] client connection to 127.4.96.6:43583 recv error: Network error: failed to read from TLS socket (remote: 127.4.96.6:43583): Connection reset by peer (error 104)
W0517 06:45:17.842066 11883 connection.cc:512] client connection to 127.4.96.6:43583 recv error: Network error: failed to read from TLS socket (remote: 127.4.96.6:43583): Connection reset by peer (error 104)
W0517 06:45:17.846135 12219 connection.cc:512] client connection to 127.4.96.6:43583 recv error: Network error: failed to read from TLS socket (remote: 127.4.96.6:43583): Connection reset by peer (error 104)
I0517 06:45:17.846868 4480 external_mini_cluster.cc:978] Killing /tmp/dist-test-task4QLboq/build/tsan/bin/kudu-tserver with pid 12211
W0517 06:45:17.848239 11887 connection.cc:512] client connection to 127.4.96.6:43583 recv error: Network error: failed to read from TLS socket (remote: 127.4.96.6:43583): Connection reset by peer (error 104)
W0517 06:45:17.849043 12841 connection.cc:512] server connection from 127.4.96.6:43471 recv error: Network error: failed to read from TLS socket (remote: 127.4.96.6:43471): Connection reset by peer (error 104)
W0517 06:45:17.849798 12720 connection.cc:512] server connection from 127.4.96.6:35035 recv error: Network error: failed to read from TLS socket (remote: 127.4.96.6:35035): Connection reset by peer (error 104)
W0517 06:45:17.869886 12841 connection.cc:512] server connection from 127.4.96.3:45942 recv error: Network error: failed to read from TLS socket (remote: 127.4.96.3:45942): Connection reset by peer (error 104)
W0517 06:45:17.869885 11896 connection.cc:512] client connection to 127.4.96.3:49957 recv error: Network error: failed to read from TLS socket (remote: 127.4.96.3:49957): Connection reset by peer (error 104)
W0517 06:45:17.869887 11898 connection.cc:512] server connection from 127.4.96.3:53598 recv error: Network error: failed to read from TLS socket (remote: 127.4.96.3:53598): Connection reset by peer (error 104)
W0517 06:45:17.870648 11887 connection.cc:512] client connection to 127.4.96.3:49957 recv error: Network error: failed to read from TLS socket (remote: 127.4.96.3:49957): Connection reset by peer (error 104)
W0517 06:45:17.870645 12716 connection.cc:512] client connection to 127.4.96.3:49957 recv error: Network error: failed to read from TLS socket (remote: 127.4.96.3:49957): Connection reset by peer (error 104)
W0517 06:45:17.870923 12840 connection.cc:512] client connection to 127.4.96.3:49957 recv error: Network error: failed to read from TLS socket (remote: 127.4.96.3:49957): Connection reset by peer (error 104)
W0517 06:45:17.871403 11883 connection.cc:512] client connection to 127.4.96.3:49957 recv error: Network error: failed to read from TLS socket (remote: 127.4.96.3:49957): Connection reset by peer (error 104)
I0517 06:45:17.872352 4480 external_mini_cluster.cc:978] Killing /tmp/dist-test-task4QLboq/build/tsan/bin/kudu-tserver with pid 12708
W0517 06:45:17.891104 11898 connection.cc:512] server connection from 127.4.96.7:44773 recv error: Network error: failed to read from TLS socket (remote: 127.4.96.7:44773): Connection reset by peer (error 104)
W0517 06:45:17.891106 11900 connection.cc:512] client connection to 127.4.96.7:51391 recv error: Network error: failed to read from TLS socket (remote: 127.4.96.7:51391): Connection reset by peer (error 104)
W0517 06:45:17.892138 12844 connection.cc:512] server connection from 127.4.96.7:42120 recv error: Network error: failed to read from TLS socket (remote: 127.4.96.7:42120): Connection reset by peer (error 104)
W0517 06:45:17.892141 11887 connection.cc:512] client connection to 127.4.96.7:51391 recv error: Network error: failed to read from TLS socket (remote: 127.4.96.7:51391): Connection reset by peer (error 104)
W0517 06:45:17.892833 12844 connection.cc:512] client connection to 127.4.96.7:51391 recv error: Network error: failed to read from TLS socket (remote: 127.4.96.7:51391): Connection reset by peer (error 104)
W0517 06:45:17.893034 11886 connection.cc:512] client connection to 127.4.96.7:51391 recv error: Network error: failed to read from TLS socket (remote: 127.4.96.7:51391): Connection reset by peer (error 104)
I0517 06:45:17.893878 4480 external_mini_cluster.cc:978] Killing /tmp/dist-test-task4QLboq/build/tsan/bin/kudu-master with pid 11888
W0517 06:45:17.918979 12840 connection.cc:512] client connection to 127.4.96.62:50584 recv error: Network error: failed to read from TLS socket (remote: 127.4.96.62:50584): Connection reset by peer (error 104)
