W0517 06:44:14.517094 6208 connection.cc:512] client connection to 127.4.96.4:35474 recv error: Network error: failed to read from TLS socket (remote: 127.4.96.4:35474): Connection reset by peer (error 104)
W0517 06:44:14.518043 6217 connection.cc:512] server connection from 127.4.96.4:35432 recv error: Network error: failed to read from TLS socket (remote: 127.4.96.4:35432): Connection reset by peer (error 104)
W0517 06:44:14.518234 6291 connection.cc:512] client connection to 127.4.96.4:35474 recv error: Network error: failed to read from TLS socket (remote: 127.4.96.4:35474): Connection reset by peer (error 104)
W0517 06:44:14.518481 6291 consensus_peers.cc:434] T e87d26c881e34c10ad80ac7338847fd0 P f9766287bc0d4d29927a018255e773e1 -> Peer e4842316d7f843469d36409ae004670c (127.4.96.4:35474): Couldn't send request to peer e4842316d7f843469d36409ae004670c for tablet e87d26c881e34c10ad80ac7338847fd0. Status: Network error: failed to read from TLS socket (remote: 127.4.96.4:35474): Connection reset by peer (error 104). Retrying in the next heartbeat period. Already tried 1 times.
I0517 06:44:14.519400 4480 external_mini_cluster.cc:978] Killing /tmp/dist-test-task4QLboq/build/tsan/bin/kudu-tserver with pid 6530
W0517 06:44:14.536175 6218 connection.cc:512] client connection to 127.4.96.3:34469 recv error: Network error: failed to read from TLS socket (remote: 127.4.96.3:34469): Connection reset by peer (error 104)
W0517 06:44:14.536195 6290 connection.cc:512] client connection to 127.4.96.3:34469 recv error: Network error: failed to read from TLS socket (remote: 127.4.96.3:34469): Connection reset by peer (error 104)
I0517 06:44:14.536401 4480 external_mini_cluster.cc:978] Killing /tmp/dist-test-task4QLboq/build/tsan/bin/kudu-master with pid 6209
W0517 06:44:14.537189 6208 connection.cc:512] client connection to 127.4.96.3:34469 recv error: Network error: failed to read from TLS socket (remote: 127.4.96.3:34469): Connection reset by peer (error 104)
W0517 06:44:14.567142 6293 connection.cc:512] client connection to 127.4.96.62:39669 recv error: Network error: failed to read from TLS socket (remote: 127.4.96.62:39669): Connection reset by peer (error 104)
W0517 06:44:14.567173 6418 connection.cc:512] client connection to 127.4.96.62:39669 recv error: Network error: failed to read from TLS socket (remote: 127.4.96.62:39669): Connection reset by peer (error 104)
W0517 06:44:14.568358 6790 connection.cc:512] client connection to 127.4.96.62:39669 recv error: Network error: failed to read from TLS socket (remote: 127.4.96.62:39669): Connection reset by peer (error 104)
W0517 06:44:14.569177 6293 connection.cc:512] server connection from 127.0.0.1:36849 recv error: Network error: failed to read from TLS socket (remote: 127.0.0.1:36849): Connection reset by peer (error 104)
W0517 06:44:14.569212 6208 connection.cc:512] client connection to 127.4.96.62:39669 recv error: Network error: failed to read from TLS socket (remote: 127.4.96.62:39669): Connection reset by peer (error 104)
W0517 06:44:14.569324 6907 connection.cc:512] client connection to 127.4.96.62:39669 recv error: Network error: failed to read from TLS socket (remote: 127.4.96.62:39669): Connection reset by peer (error 104)
I0517 06:44:14.574144 4480 external_mini_cluster.cc:786] Running /tmp/dist-test-task4QLboq/build/tsan/bin/kudu-master /tmp/dist-test-task4QLboq/build/tsan/bin/kudu-master --fs_wal_dir=/tmp/dist-test-task4QLboq/test-tmp/kudu-admin-test.0.AdminCliTest.TestUnsafeChangeConfigOnSingleLeader.1526539434354140-4480/raft_consensus-itest-cluster/master-0/wal --fs_data_dirs=/tmp/dist-test-task4QLboq/test-tmp/kudu-admin-test.0.AdminCliTest.TestUnsafeChangeConfigOnSingleLeader.1526539434354140-4480/raft_consensus-itest-cluster/master-0/data --block_manager=log --webserver_interface=localhost --ipki_ca_key_size=1024 --tsk_num_rsa_bits=512 --rpc_bind_addresses=127.4.96.62:39669 --webserver_interface=127.4.96.62 --webserver_port=51907 --never_fsync --ipki_server_key_size=1024 --enable_minidumps=false --redact=none --metrics_log_interval_ms=1000 --logtostderr --logbuflevel=-1 --log_dir=/tmp/dist-test-task4QLboq/test-tmp/kudu-admin-test.0.AdminCliTest.TestUnsafeChangeConfigOnSingleLeader.1526539434354140-4480/raft_consensus-itest-cluster/master-0/logs --server_dump_info_path=/tmp/dist-test-task4QLboq/test-tmp/kudu-admin-test.0.AdminCliTest.TestUnsafeChangeConfigOnSingleLeader.1526539434354140-4480/raft_consensus-itest-cluster/master-0/data/info.pb --server_dump_info_format=pb --rpc_server_allow_ephemeral_ports --unlock_experimental_flags --unlock_unsafe_flags --rpc_reuseport=true with env {} WARNING: Logging before InitGoogleLogging() is written to STDERR
W0517 06:44:14.690415 6943 flags.cc:406] Enabled unsafe flag: --rpc_server_allow_ephemeral_ports=true
W0517 06:44:14.690740 6943 flags.cc:406] Enabled unsafe flag: --never_fsync=true
W0517 06:44:14.699615 6943 flags.cc:406] Enabled experimental flag: --ipki_ca_key_size=1024
W0517 06:44:14.699741 6943 flags.cc:406] Enabled experimental flag: --ipki_server_key_size=1024
W0517 06:44:14.699864 6943 flags.cc:406] Enabled experimental flag: --tsk_num_rsa_bits=512
W0517 06:44:14.699998 6943 flags.cc:406] Enabled experimental flag: --rpc_reuseport=true
I0517 06:44:14.710242 6899 heartbeater.cc:467] Master 127.4.96.62:39669 was elected leader, sending a full tablet report...
W0517 06:44:14.715785 6899 heartbeater.cc:587] Failed to heartbeat to 127.4.96.62:39669: Network error: Failed to send heartbeat to master: Client connection negotiation failed: client connection to 127.4.96.62:39669: connect: Connection refused (error 111)
I0517 06:44:14.716655 6943 master_main.cc:73] Master server non-default flags: --fs_data_dirs=/tmp/dist-test-task4QLboq/test-tmp/kudu-admin-test.0.AdminCliTest.TestUnsafeChangeConfigOnSingleLeader.1526539434354140-4480/raft_consensus-itest-cluster/master-0/data --fs_wal_dir=/tmp/dist-test-task4QLboq/test-tmp/kudu-admin-test.0.AdminCliTest.TestUnsafeChangeConfigOnSingleLeader.1526539434354140-4480/raft_consensus-itest-cluster/master-0/wal --ipki_ca_key_size=1024 --ipki_server_key_size=1024 --tsk_num_rsa_bits=512 --rpc_bind_addresses=127.4.96.62:39669 --rpc_reuseport=true --rpc_server_allow_ephemeral_ports=true --metrics_log_interval_ms=1000 --server_dump_info_format=pb --server_dump_info_path=/tmp/dist-test-task4QLboq/test-tmp/kudu-admin-test.0.AdminCliTest.TestUnsafeChangeConfigOnSingleLeader.1526539434354140-4480/raft_consensus-itest-cluster/master-0/data/info.pb --webserver_interface=127.4.96.62 --webserver_port=51907 --never_fsync=true --redact=none --unlock_experimental_flags=true --unlock_unsafe_flags=true --enable_minidumps=false --log_dir=/tmp/dist-test-task4QLboq/test-tmp/kudu-admin-test.0.AdminCliTest.TestUnsafeChangeConfigOnSingleLeader.1526539434354140-4480/raft_consensus-itest-cluster/master-0/logs --logbuflevel=-1 --logtostderr=true Master server version: kudu 1.8.0-SNAPSHOT revision f969af316286807a745fa39b9c2ee604c88b63c9 build type FASTDEBUG built by None at 17 May 2018 06:38:04 UTC on jenkins-slave-snjf build id 13499 TSAN enabled
I0517 06:44:14.724421 6943 master_main.cc:80] Initializing master server...
I0517 06:44:14.725967 6943 system_ntp.cc:143] NTP initialized. Skew: 500ppm Current error: 126319us
I0517 06:44:14.726702 6943 fs_manager.cc:260] Metadata directory not provided
I0517 06:44:14.726836 6943 fs_manager.cc:266] Using write-ahead log directory (fs_wal_dir) as metadata directory
I0517 06:44:14.731946 6943 fs_manager.cc:397] Time spent opening directory manager: real 0.003s user 0.000s sys 0.004s
I0517 06:44:14.732559 6943 env_posix.cc:1643] Not raising this process' open files per process limit of 65536; it is already as high as it can go
I0517 06:44:14.732977 6943 file_cache.cc:470] Constructed file cache lbm with capacity 26214
I0517 06:44:14.739357 6943 fs_manager.cc:417] Time spent opening block manager: real 0.001s user 0.008s sys 0.000s
I0517 06:44:14.739472 6943 fs_manager.cc:428] Opened local filesystem: /tmp/dist-test-task4QLboq/test-tmp/kudu-admin-test.0.AdminCliTest.TestUnsafeChangeConfigOnSingleLeader.1526539434354140-4480/raft_consensus-itest-cluster/master-0/data,/tmp/dist-test-task4QLboq/test-tmp/kudu-admin-test.0.AdminCliTest.TestUnsafeChangeConfigOnSingleLeader.1526539434354140-4480/raft_consensus-itest-cluster/master-0/wal uuid: "354b55e91977404abb71f4ca603fe80a" format_stamp: "Formatted at 2018-05-17 06:44:11 on dist-test-slave-dist-test-slave-26mv"
I0517 06:44:14.740581 6943 fs_report.cc:347] Block manager report -------------------- 1 data directories: /tmp/dist-test-task4QLboq/test-tmp/kudu-admin-test.0.AdminCliTest.TestUnsafeChangeConfigOnSingleLeader.1526539434354140-4480/raft_consensus-itest-cluster/master-0/data/data Total live blocks: 0 Total live bytes: 0 Total live bytes (after alignment): 0 Total number of LBM containers: 0 (0 full) Did not check for missing blocks Did not check for orphaned blocks Total full LBM containers with extra space: 0 (0 repaired) Total full LBM container extra space in bytes: 0 (0 repaired) Total incomplete LBM containers: 0 (0 repaired) Total LBM partial records: 0 (0 repaired)
W0517 06:44:14.870867 6290 consensus_peers.cc:434] T e87d26c881e34c10ad80ac7338847fd0 P f9766287bc0d4d29927a018255e773e1 -> Peer c95723aafe594cc999bfe59b9aee2b1e (127.4.96.3:34469): Couldn't send request to peer c95723aafe594cc999bfe59b9aee2b1e for tablet e87d26c881e34c10ad80ac7338847fd0. Status: Network error: Client connection negotiation failed: client connection to 127.4.96.3:34469: connect: Connection refused (error 111). Retrying in the next heartbeat period. Already tried 1 times.
I0517 06:44:14.896818 6943 env_posix.cc:1643] Not raising this process' running threads per effective uid limit of 60284; it is already as high as it can go
I0517 06:44:14.898519 6943 master_main.cc:83] Starting Master server...
I0517 06:44:14.938633 6943 rpc_server.cc:205] RPC server started. Bound to: 127.4.96.62:39669
I0517 06:44:14.939527 6943 webserver.cc:173] Starting webserver on 127.4.96.62:51907
I0517 06:44:14.939636 6943 webserver.cc:184] Document root disabled
I0517 06:44:14.940876 6943 webserver.cc:311] Webserver started. Bound to: http://127.4.96.62:51907/
I0517 06:44:14.941700 6943 server_base.cc:607] Dumped server information to /tmp/dist-test-task4QLboq/test-tmp/kudu-admin-test.0.AdminCliTest.TestUnsafeChangeConfigOnSingleLeader.1526539434354140-4480/raft_consensus-itest-cluster/master-0/data/info.pb
I0517 06:44:14.950562 7006 tablet_bootstrap.cc:436] T 00000000000000000000000000000000 P 354b55e91977404abb71f4ca603fe80a: Bootstrap starting.
I0517 06:44:14.951735 4480 external_mini_cluster.cc:848] Started /tmp/dist-test-task4QLboq/build/tsan/bin/kudu-master as pid 6943
I0517 06:44:14.952131 4480 kudu-admin-test.cc:503] Forcing unsafe config change on tserver f9766287bc0d4d29927a018255e773e1
W0517 06:44:14.960248 6291 consensus_peers.cc:434] T e87d26c881e34c10ad80ac7338847fd0 P f9766287bc0d4d29927a018255e773e1 -> Peer e4842316d7f843469d36409ae004670c (127.4.96.4:35474): Couldn't send request to peer e4842316d7f843469d36409ae004670c for tablet e87d26c881e34c10ad80ac7338847fd0. Status: Network error: Client connection negotiation failed: client connection to 127.4.96.4:35474: connect: Connection refused (error 111). Retrying in the next heartbeat period. Already tried 2 times.
I0517 06:44:14.977229 7006 log.cc:520] T 00000000000000000000000000000000 P 354b55e91977404abb71f4ca603fe80a: Log is configured to *not* fsync() on all Append() calls
I0517 06:44:14.988688 7006 tablet_bootstrap.cc:436] T 00000000000000000000000000000000 P 354b55e91977404abb71f4ca603fe80a: Bootstrap replayed 1/1 log segments. Stats: ops{read=7 overwritten=0 applied=7 ignored=1} inserts{seen=4 ignored=0} mutations{seen=2 ignored=0} orphaned_commits=0. Pending: 0 replicates
I0517 06:44:14.989233 7006 tablet_bootstrap.cc:436] T 00000000000000000000000000000000 P 354b55e91977404abb71f4ca603fe80a: Bootstrap complete.
I0517 06:44:15.007102 7006 raft_consensus.cc:303] T 00000000000000000000000000000000 P 354b55e91977404abb71f4ca603fe80a [term 1 FOLLOWER]: Replica starting. Triggering 0 pending transactions. Active config: opid_index: -1 OBSOLETE_local: true peers { permanent_uuid: "354b55e91977404abb71f4ca603fe80a" member_type: VOTER }
I0517 06:44:15.008697 7006 raft_consensus.cc:604] T 00000000000000000000000000000000 P 354b55e91977404abb71f4ca603fe80a [term 1 FOLLOWER]: Becoming Follower/Learner. State: Replica: 354b55e91977404abb71f4ca603fe80a, State: Initialized, Role: FOLLOWER
I0517 06:44:15.009165 7006 consensus_queue.cc:227] T 00000000000000000000000000000000 P 354b55e91977404abb71f4ca603fe80a [NON_LEADER]: Queue going to NON_LEADER mode. State: All replicated index: 0, Majority replicated index: 0, Committed index: 7, Last appended: 1.7, Last appended by leader: 7, Current term: 0, Majority size: -1, State: 0, Mode: NON_LEADER, active raft config: opid_index: -1 OBSOLETE_local: true peers { permanent_uuid: "354b55e91977404abb71f4ca603fe80a" member_type: VOTER }
I0517 06:44:15.009510 7006 raft_consensus.cc:343] T 00000000000000000000000000000000 P 354b55e91977404abb71f4ca603fe80a [term 1 FOLLOWER]: Only one voter in the Raft config. Triggering election immediately
I0517 06:44:15.009658 7006 raft_consensus.cc:435] T 00000000000000000000000000000000 P 354b55e91977404abb71f4ca603fe80a [term 1 FOLLOWER]: Starting leader election (initial election of a single-replica configuration)
I0517 06:44:15.009805 7006 raft_consensus.cc:2704] T 00000000000000000000000000000000 P 354b55e91977404abb71f4ca603fe80a: Snoozing failure detection for 2.249s (starting election)
I0517 06:44:15.009958 7006 raft_consensus.cc:2756] T 00000000000000000000000000000000 P 354b55e91977404abb71f4ca603fe80a [term 1 FOLLOWER]: Advancing to term 2
I0517 06:44:15.014333 7006 raft_consensus.cc:457] T 00000000000000000000000000000000 P 354b55e91977404abb71f4ca603fe80a [term 2 FOLLOWER]: Starting leader election with config: opid_index: -1 OBSOLETE_local: true peers { permanent_uuid: "354b55e91977404abb71f4ca603fe80a" member_type: VOTER }
I0517 06:44:15.014753 7006 leader_election.cc:270] T 00000000000000000000000000000000 P 354b55e91977404abb71f4ca603fe80a [CANDIDATE]: Term 2 election: Election decided. Result: candidate won.
I0517 06:44:15.016425 7009 raft_consensus.cc:2704] T 00000000000000000000000000000000 P 354b55e91977404abb71f4ca603fe80a: Snoozing failure detection for 1.858s (election complete)
I0517 06:44:15.016703 7009 raft_consensus.cc:2511] T 00000000000000000000000000000000 P 354b55e91977404abb71f4ca603fe80a [term 2 FOLLOWER]: Leader election won for term 2
I0517 06:44:15.026415 7009 raft_consensus.cc:571] T 00000000000000000000000000000000 P 354b55e91977404abb71f4ca603fe80a [term 2 LEADER]: Becoming Leader. State: Replica: 354b55e91977404abb71f4ca603fe80a, State: Running, Role: LEADER
I0517 06:44:15.026834 7009 consensus_queue.cc:204] T 00000000000000000000000000000000 P 354b55e91977404abb71f4ca603fe80a [LEADER]: Queue going to LEADER mode. State: All replicated index: 0, Majority replicated index: 7, Committed index: 7, Last appended: 1.7, Last appended by leader: 7, Current term: 2, Majority size: 1, State: 0, Mode: LEADER, active raft config: opid_index: -1 OBSOLETE_local: true peers { permanent_uuid: "354b55e91977404abb71f4ca603fe80a" member_type: VOTER }
I0517 06:44:15.030236 7006 sys_catalog.cc:335] T 00000000000000000000000000000000 P 354b55e91977404abb71f4ca603fe80a [sys.catalog]: SysCatalogTable state changed. Reason: Started TabletReplica. Latest consensus state: current_term: 2 leader_uuid: "354b55e91977404abb71f4ca603fe80a" committed_config { opid_index: -1 OBSOLETE_local: true peers { permanent_uuid: "354b55e91977404abb71f4ca603fe80a" member_type: VOTER } }
I0517 06:44:15.030658 7006 sys_catalog.cc:338] T 00000000000000000000000000000000 P 354b55e91977404abb71f4ca603fe80a [sys.catalog]: This master's current role is: LEADER
I0517 06:44:15.032694 7006 sys_catalog.cc:422] T 00000000000000000000000000000000 P 354b55e91977404abb71f4ca603fe80a [sys.catalog]: configured and running, proceeding with master startup.
W0517 06:44:15.077307 7007 flags.cc:406] Enabled unsafe flag: --never_fsync=true
I0517 06:44:15.032847 7013 catalog_manager.cc:1001] Loading table and tablet metadata into memory...
I0517 06:44:15.104667 6943 master_main.cc:86] Master server successfully started.
I0517 06:44:15.033766 7011 sys_catalog.cc:335] T 00000000000000000000000000000000 P 354b55e91977404abb71f4ca603fe80a [sys.catalog]: SysCatalogTable state changed. Reason: New leader 354b55e91977404abb71f4ca603fe80a. Latest consensus state: current_term: 2 leader_uuid: "354b55e91977404abb71f4ca603fe80a" committed_config { opid_index: -1 OBSOLETE_local: true peers { permanent_uuid: "354b55e91977404abb71f4ca603fe80a" member_type: VOTER } }
I0517 06:44:15.115988 7011 sys_catalog.cc:338] T 00000000000000000000000000000000 P 354b55e91977404abb71f4ca603fe80a [sys.catalog]: This master's current role is: LEADER
I0517 06:44:15.033450 7010 sys_catalog.cc:335] T 00000000000000000000000000000000 P 354b55e91977404abb71f4ca603fe80a [sys.catalog]: SysCatalogTable state changed. Reason: RaftConsensus started. Latest consensus state: current_term: 2 leader_uuid: "354b55e91977404abb71f4ca603fe80a" committed_config { opid_index: -1 OBSOLETE_local: true peers { permanent_uuid: "354b55e91977404abb71f4ca603fe80a" member_type: VOTER } }
I0517 06:44:15.118562 7010 sys_catalog.cc:338] T 00000000000000000000000000000000 P 354b55e91977404abb71f4ca603fe80a [sys.catalog]: This master's current role is: LEADER
I0517 06:44:15.122740 7013 catalog_manager.cc:321] Loaded metadata for table TestTable [id=1703e92e40bd4cfdbac9a9d2ebfd525a]
I0517 06:44:15.125641 7013 catalog_manager.cc:375] Loaded metadata for tablet e87d26c881e34c10ad80ac7338847fd0 (table TestTable [id=1703e92e40bd4cfdbac9a9d2ebfd525a])
I0517 06:44:15.126240 7013 catalog_manager.cc:1012] Initializing Kudu internal certificate authority...
I0517 06:44:15.131489 7013 catalog_manager.cc:1021] Loading token signing keys...
I0517 06:44:15.133622 7013 catalog_manager.cc:3973] T 00000000000000000000000000000000 P 354b55e91977404abb71f4ca603fe80a: Loaded TSK: 0
I0517 06:44:15.325562 6359 tablet_service.cc:1077] Received UnsafeChangeConfig RPC: dest_uuid: "f9766287bc0d4d29927a018255e773e1" tablet_id: "e87d26c881e34c10ad80ac7338847fd0" caller_id: "kudu-tools" new_config { peers { permanent_uuid: "f9766287bc0d4d29927a018255e773e1" } } from {username='slave'} at 127.0.0.1:36857
W0517 06:44:15.326467 6359 raft_consensus.cc:1990] T e87d26c881e34c10ad80ac7338847fd0 P f9766287bc0d4d29927a018255e773e1 [term 1 LEADER]: PROCEEDING WITH UNSAFE CONFIG CHANGE ON THIS SERVER, COMMITTED CONFIG: opid_index: -1 OBSOLETE_local: false peers { permanent_uuid: "c95723aafe594cc999bfe59b9aee2b1e" member_type: VOTER last_known_addr { host: "127.4.96.3" port: 34469 } } peers { permanent_uuid: "e4842316d7f843469d36409ae004670c" member_type: VOTER last_known_addr { host: "127.4.96.4" port: 35474 } } peers { permanent_uuid: "f9766287bc0d4d29927a018255e773e1" member_type: VOTER last_known_addr { host: "127.4.96.1" port: 33942 } }NEW CONFIG: opid_index: 2 OBSOLETE_local: false peers { permanent_uuid: "f9766287bc0d4d29927a018255e773e1" member_type: VOTER last_known_addr { host: "127.4.96.1" port: 33942 } } unsafe_config_change: true
I0517 06:44:15.328135 6359 raft_consensus.cc:2751] T e87d26c881e34c10ad80ac7338847fd0 P f9766287bc0d4d29927a018255e773e1 [term 1 LEADER]: Stepping down as leader of term 1
I0517 06:44:15.328343 6359 raft_consensus.cc:604] T e87d26c881e34c10ad80ac7338847fd0 P f9766287bc0d4d29927a018255e773e1 [term 1 LEADER]: Becoming Follower/Learner. State: Replica: f9766287bc0d4d29927a018255e773e1, State: Running, Role: LEADER
I0517 06:44:15.328821 6359 consensus_queue.cc:227] T e87d26c881e34c10ad80ac7338847fd0 P f9766287bc0d4d29927a018255e773e1 [NON_LEADER]: Queue going to NON_LEADER mode. State: All replicated index: 0, Majority replicated index: 1, Committed index: 1, Last appended: 1.1, Last appended by leader: 1, Current term: 1, Majority size: -1, State: 0, Mode: NON_LEADER, active raft config: opid_index: -1 OBSOLETE_local: false peers { permanent_uuid: "c95723aafe594cc999bfe59b9aee2b1e" member_type: VOTER last_known_addr { host: "127.4.96.3" port: 34469 } } peers { permanent_uuid: "e4842316d7f843469d36409ae004670c" member_type: VOTER last_known_addr { host: "127.4.96.4" port: 35474 } } peers { permanent_uuid: "f9766287bc0d4d29927a018255e773e1" member_type: VOTER last_known_addr { host: "127.4.96.1" port: 33942 } }
I0517 06:44:15.329486 6359 consensus_peers.cc:456] T e87d26c881e34c10ad80ac7338847fd0 P f9766287bc0d4d29927a018255e773e1 -> Peer e4842316d7f843469d36409ae004670c (127.4.96.4:35474): Closing peer: e4842316d7f843469d36409ae004670c
I0517 06:44:15.329684 6359 consensus_peers.cc:456] T e87d26c881e34c10ad80ac7338847fd0 P f9766287bc0d4d29927a018255e773e1 -> Peer c95723aafe594cc999bfe59b9aee2b1e (127.4.96.3:34469): Closing peer: c95723aafe594cc999bfe59b9aee2b1e
I0517 06:44:15.330126 6359 raft_consensus.cc:2756] T e87d26c881e34c10ad80ac7338847fd0 P f9766287bc0d4d29927a018255e773e1 [term 1 FOLLOWER]: Advancing to term 2
I0517 06:44:15.352344 6973 master_service.cc:205] Got heartbeat from unknown tserver (permanent_uuid: "f9766287bc0d4d29927a018255e773e1" instance_seqno: 1526539451795272) as {username='slave'} at 127.4.96.1:32827; Asking this server to re-register.
I0517 06:44:15.353647 6402 heartbeater.cc:426] Registering TS with master...
I0517 06:44:15.353898 6402 heartbeater.cc:475] Master 127.4.96.62:39669 requested a full tablet report, sending...
I0517 06:44:15.355391 6973 ts_manager.cc:81] Registered new tserver with Master: f9766287bc0d4d29927a018255e773e1 (127.4.96.1:33942)
I0517 06:44:15.387966 6973 master_service.cc:205] Got heartbeat from unknown tserver (permanent_uuid: "b381de9177314b1294f8324c1ea8ef96" instance_seqno: 1526539452313691) as {username='slave'} at 127.4.96.2:49745; Asking this server to re-register.
I0517 06:44:15.388845 6527 heartbeater.cc:426] Registering TS with master...
I0517 06:44:15.389173 6527 heartbeater.cc:475] Master 127.4.96.62:39669 requested a full tablet report, sending...
I0517 06:44:15.390278 6973 ts_manager.cc:81] Registered new tserver with Master: b381de9177314b1294f8324c1ea8ef96 (127.4.96.2:35758)
I0517 06:44:15.728672 6899 heartbeater.cc:346] Connected to a master server at 127.4.96.62:39669
I0517 06:44:15.728932 6899 heartbeater.cc:467] Master 127.4.96.62:39669 was elected leader, sending a full tablet report...
I0517 06:44:15.730270 6973 master_service.cc:205] Got heartbeat from unknown tserver (permanent_uuid: "a668d75502e54c95abf2e1eceee63ab6" instance_seqno: 1526539453662927) as {username='slave'} at 127.4.96.5:39457; Asking this server to re-register.
I0517 06:44:15.731416 6899 heartbeater.cc:426] Registering TS with master...
I0517 06:44:15.731652 6899 heartbeater.cc:475] Master 127.4.96.62:39669 requested a full tablet report, sending...
I0517 06:44:15.732825 6973 ts_manager.cc:81] Registered new tserver with Master: a668d75502e54c95abf2e1eceee63ab6 (127.4.96.5:57208)
I0517 06:44:16.836079 7037 raft_consensus.cc:435] T e87d26c881e34c10ad80ac7338847fd0 P f9766287bc0d4d29927a018255e773e1 [term 2 FOLLOWER]: Starting pre-election (detected failure of leader kudu-tools)
I0517 06:44:16.836294 7037 raft_consensus.cc:2704] T e87d26c881e34c10ad80ac7338847fd0 P f9766287bc0d4d29927a018255e773e1: Snoozing failure detection for 1.646s (starting election)
I0517 06:44:16.836480 7037 raft_consensus.cc:457] T e87d26c881e34c10ad80ac7338847fd0 P f9766287bc0d4d29927a018255e773e1 [term 2 FOLLOWER]: Starting pre-election with config: opid_index: 2 OBSOLETE_local: false peers { permanent_uuid: "f9766287bc0d4d29927a018255e773e1" member_type: VOTER last_known_addr { host: "127.4.96.1" port: 33942 } } unsafe_config_change: true
I0517 06:44:16.836889 7037 leader_election.cc:270] T e87d26c881e34c10ad80ac7338847fd0 P f9766287bc0d4d29927a018255e773e1 [CANDIDATE]: Term 3 pre-election: Election decided. Result: candidate won.
I0517 06:44:16.837915 7037 raft_consensus.cc:2704] T e87d26c881e34c10ad80ac7338847fd0 P f9766287bc0d4d29927a018255e773e1: Snoozing failure detection for 1.682s (election complete)
I0517 06:44:16.838099 7037 raft_consensus.cc:2511] T e87d26c881e34c10ad80ac7338847fd0 P f9766287bc0d4d29927a018255e773e1 [term 2 FOLLOWER]: Leader pre-election won for term 3
I0517 06:44:16.838230 7037 raft_consensus.cc:435] T e87d26c881e34c10ad80ac7338847fd0 P f9766287bc0d4d29927a018255e773e1 [term 2 FOLLOWER]: Starting leader election (detected failure of leader kudu-tools)
I0517 06:44:16.838373 7037 raft_consensus.cc:2704] T e87d26c881e34c10ad80ac7338847fd0 P f9766287bc0d4d29927a018255e773e1: Snoozing failure detection for 1.710s (starting election)
I0517 06:44:16.838505 7037 raft_consensus.cc:2756] T e87d26c881e34c10ad80ac7338847fd0 P f9766287bc0d4d29927a018255e773e1 [term 2 FOLLOWER]: Advancing to term 3
I0517 06:44:16.841251 7037 raft_consensus.cc:457] T e87d26c881e34c10ad80ac7338847fd0 P f9766287bc0d4d29927a018255e773e1 [term 3 FOLLOWER]: Starting leader election with config: opid_index: 2 OBSOLETE_local: false peers { permanent_uuid: "f9766287bc0d4d29927a018255e773e1" member_type: VOTER last_known_addr { host: "127.4.96.1" port: 33942 } } unsafe_config_change: true
I0517 06:44:16.841608 7037 leader_election.cc:270] T e87d26c881e34c10ad80ac7338847fd0 P f9766287bc0d4d29927a018255e773e1 [CANDIDATE]: Term 3 election: Election decided. Result: candidate won.
I0517 06:44:16.842061 7038 raft_consensus.cc:2704] T e87d26c881e34c10ad80ac7338847fd0 P f9766287bc0d4d29927a018255e773e1: Snoozing failure detection for 1.706s (election complete)
I0517 06:44:16.842237 7038 raft_consensus.cc:2511] T e87d26c881e34c10ad80ac7338847fd0 P f9766287bc0d4d29927a018255e773e1 [term 3 FOLLOWER]: Leader election won for term 3
I0517 06:44:16.842448 7038 raft_consensus.cc:571] T e87d26c881e34c10ad80ac7338847fd0 P f9766287bc0d4d29927a018255e773e1 [term 3 LEADER]: Becoming Leader. State: Replica: f9766287bc0d4d29927a018255e773e1, State: Running, Role: LEADER
I0517 06:44:16.842710 7038 consensus_queue.cc:204] T e87d26c881e34c10ad80ac7338847fd0 P f9766287bc0d4d29927a018255e773e1 [LEADER]: Queue going to LEADER mode. State: All replicated index: 0, Majority replicated index: 1, Committed index: 1, Last appended: 2.2, Last appended by leader: 0, Current term: 3, Majority size: 1, State: 0, Mode: LEADER, active raft config: opid_index: 2 OBSOLETE_local: false peers { permanent_uuid: "f9766287bc0d4d29927a018255e773e1" member_type: VOTER last_known_addr { host: "127.4.96.1" port: 33942 } } unsafe_config_change: true
I0517 06:44:16.844866 7038 raft_consensus.cc:2658] T e87d26c881e34c10ad80ac7338847fd0 P f9766287bc0d4d29927a018255e773e1 [term 3 LEADER]: Committing config change with OpId 2.2: config changed from index -1 to 2, VOTER c95723aafe594cc999bfe59b9aee2b1e (127.4.96.3) evicted, VOTER e4842316d7f843469d36409ae004670c (127.4.96.4) evicted. New config: { opid_index: 2 OBSOLETE_local: false peers { permanent_uuid: "f9766287bc0d4d29927a018255e773e1" member_type: VOTER last_known_addr { host: "127.4.96.1" port: 33942 } } unsafe_config_change: true }
I0517 06:44:16.846158 6973 catalog_manager.cc:3686] T e87d26c881e34c10ad80ac7338847fd0 P f9766287bc0d4d29927a018255e773e1 reported cstate change: term changed from 1 to 3, now has a pending config: VOTER f9766287bc0d4d29927a018255e773e1 (127.4.96.1). New cstate: current_term: 3 leader_uuid: "f9766287bc0d4d29927a018255e773e1" committed_config { opid_index: -1 OBSOLETE_local: false peers { permanent_uuid: "c95723aafe594cc999bfe59b9aee2b1e" member_type: VOTER last_known_addr { host: "127.4.96.3" port: 34469 } } peers { permanent_uuid: "e4842316d7f843469d36409ae004670c" member_type: VOTER last_known_addr { host: "127.4.96.4" port: 35474 } } peers { permanent_uuid: "f9766287bc0d4d29927a018255e773e1" member_type: VOTER last_known_addr { host: "127.4.96.1" port: 33942 } health_report { overall_health: HEALTHY } } } pending_config { opid_index: 2 OBSOLETE_local: false peers { permanent_uuid: "f9766287bc0d4d29927a018255e773e1" member_type: VOTER last_known_addr { host: "127.4.96.1" port: 33942 } } unsafe_config_change: true }
I0517 06:44:16.864070 6973 catalog_manager.cc:3686] T e87d26c881e34c10ad80ac7338847fd0 P f9766287bc0d4d29927a018255e773e1 reported cstate change: config changed from index -1 to 2, VOTER c95723aafe594cc999bfe59b9aee2b1e (127.4.96.3) evicted, VOTER e4842316d7f843469d36409ae004670c (127.4.96.4) evicted, no longer has a pending config: VOTER f9766287bc0d4d29927a018255e773e1 (127.4.96.1). New cstate: current_term: 3 leader_uuid: "f9766287bc0d4d29927a018255e773e1" committed_config { opid_index: 2 OBSOLETE_local: false peers { permanent_uuid: "f9766287bc0d4d29927a018255e773e1" member_type: VOTER last_known_addr { host: "127.4.96.1" port: 33942 } health_report { overall_health: HEALTHY } } unsafe_config_change: true }
I0517 06:44:16.867478 6973 catalog_manager.cc:2791] Scheduling retry of e87d26c881e34c10ad80ac7338847fd0 Delete Tablet RPC for TS=c95723aafe594cc999bfe59b9aee2b1e with a delay of 26 ms (attempt = 1)
W0517 06:44:16.867650 6973 catalog_manager.cc:3845] Failed to send e87d26c881e34c10ad80ac7338847fd0 Delete Tablet RPC for TS=c95723aafe594cc999bfe59b9aee2b1e: Not found: failed to reset TS proxy: Could not find TS for UUID c95723aafe594cc999bfe59b9aee2b1e
I0517 06:44:16.867800 6973 catalog_manager.cc:2791] Scheduling retry of e87d26c881e34c10ad80ac7338847fd0 Delete Tablet RPC for TS=e4842316d7f843469d36409ae004670c with a delay of 21 ms (attempt = 1)
W0517 06:44:16.867920 6973 catalog_manager.cc:3845] Failed to send e87d26c881e34c10ad80ac7338847fd0 Delete Tablet RPC for TS=e4842316d7f843469d36409ae004670c: Not found: failed to reset TS proxy: Could not find TS for UUID e4842316d7f843469d36409ae004670c
I0517 06:44:16.868304 6973 catalog_manager.cc:3325] Sending ChangeConfig:ADD_PEER:NON_VOTER on tablet e87d26c881e34c10ad80ac7338847fd0 (attempt 1)
I0517 06:44:16.878463 6359 consensus_queue.cc:204] T e87d26c881e34c10ad80ac7338847fd0 P f9766287bc0d4d29927a018255e773e1 [LEADER]: Queue going to LEADER mode. State: All replicated index: 0, Majority replicated index: 3, Committed index: 3, Last appended: 3.3, Last appended by leader: 0, Current term: 3, Majority size: 1, State: 0, Mode: LEADER, active raft config: opid_index: 4 OBSOLETE_local: false peers { permanent_uuid: "f9766287bc0d4d29927a018255e773e1" member_type: VOTER last_known_addr { host: "127.4.96.1" port: 33942 } } peers { permanent_uuid: "b381de9177314b1294f8324c1ea8ef96" member_type: NON_VOTER last_known_addr { host: "127.4.96.2" port: 35758 } attrs { promote: true } } unsafe_config_change: true
I0517 06:44:16.879901 7037 raft_consensus.cc:2658] T e87d26c881e34c10ad80ac7338847fd0 P f9766287bc0d4d29927a018255e773e1 [term 3 LEADER]: Committing config change with OpId 3.4: config changed from index 2 to 4, NON_VOTER b381de9177314b1294f8324c1ea8ef96 (127.4.96.2) added. New config: { opid_index: 4 OBSOLETE_local: false peers { permanent_uuid: "f9766287bc0d4d29927a018255e773e1" member_type: VOTER last_known_addr { host: "127.4.96.1" port: 33942 } } peers { permanent_uuid: "b381de9177314b1294f8324c1ea8ef96" member_type: NON_VOTER last_known_addr { host: "127.4.96.2" port: 35758 } attrs { promote: true } } unsafe_config_change: true }
I0517 06:44:16.885421 6953 catalog_manager.cc:3240] ChangeConfig:ADD_PEER:NON_VOTER RPC for tablet e87d26c881e34c10ad80ac7338847fd0 with cas_config_opid_index 2: ChangeConfig:ADD_PEER:NON_VOTER succeeded (attempt 1)
I0517 06:44:16.889582 6954 catalog_manager.cc:2791] Scheduling retry of e87d26c881e34c10ad80ac7338847fd0 Delete Tablet RPC for TS=e4842316d7f843469d36409ae004670c with a delay of 50 ms (attempt = 2)
W0517 06:44:16.889793 6954 catalog_manager.cc:2810] Async tablet task e87d26c881e34c10ad80ac7338847fd0 Delete Tablet RPC for TS=e4842316d7f843469d36409ae004670c failed: Not found: failed to reset TS proxy: Could not find TS for UUID e4842316d7f843469d36409ae004670c
I0517 06:44:16.893467 6973 catalog_manager.cc:3686] T e87d26c881e34c10ad80ac7338847fd0 P f9766287bc0d4d29927a018255e773e1 reported cstate change: config changed from index 2 to 4, NON_VOTER b381de9177314b1294f8324c1ea8ef96 (127.4.96.2) added. New cstate: current_term: 3 leader_uuid: "f9766287bc0d4d29927a018255e773e1" committed_config { opid_index: 4 OBSOLETE_local: false peers { permanent_uuid: "f9766287bc0d4d29927a018255e773e1" member_type: VOTER last_known_addr { host: "127.4.96.1" port: 33942 } health_report { overall_health: HEALTHY } } peers { permanent_uuid: "b381de9177314b1294f8324c1ea8ef96" member_type: NON_VOTER last_known_addr { host: "127.4.96.2" port: 35758 } attrs { promote: true } health_report { overall_health: UNKNOWN } } unsafe_config_change: true }
I0517 06:44:16.894222 6952 catalog_manager.cc:2791] Scheduling retry of e87d26c881e34c10ad80ac7338847fd0 Delete Tablet RPC for TS=c95723aafe594cc999bfe59b9aee2b1e with a delay of 43 ms (attempt = 2)
W0517 06:44:16.894465 6952 catalog_manager.cc:2810] Async tablet task e87d26c881e34c10ad80ac7338847fd0 Delete Tablet RPC for TS=c95723aafe594cc999bfe59b9aee2b1e failed: Not found: failed to reset TS proxy: Could not find TS for UUID c95723aafe594cc999bfe59b9aee2b1e
I0517 06:44:16.897684 6973 catalog_manager.cc:3325] Sending ChangeConfig:ADD_PEER:NON_VOTER on tablet e87d26c881e34c10ad80ac7338847fd0 (attempt 1)
I0517 06:44:16.899387 6359 consensus_peers.cc:456] T e87d26c881e34c10ad80ac7338847fd0 P f9766287bc0d4d29927a018255e773e1 -> Peer b381de9177314b1294f8324c1ea8ef96 (127.4.96.2:35758): Closing peer: b381de9177314b1294f8324c1ea8ef96
I0517 06:44:16.899761 6359 consensus_queue.cc:204] T e87d26c881e34c10ad80ac7338847fd0 P f9766287bc0d4d29927a018255e773e1 [LEADER]: Queue going to LEADER mode. State: All replicated index: 0, Majority replicated index: 4, Committed index: 4, Last appended: 3.4, Last appended by leader: 0, Current term: 3, Majority size: 1, State: 0, Mode: LEADER, active raft config: opid_index: 5 OBSOLETE_local: false peers { permanent_uuid: "f9766287bc0d4d29927a018255e773e1" member_type: VOTER last_known_addr { host: "127.4.96.1" port: 33942 } } peers { permanent_uuid: "b381de9177314b1294f8324c1ea8ef96" member_type: NON_VOTER last_known_addr { host: "127.4.96.2" port: 35758 } attrs { promote: true } } peers { permanent_uuid: "a668d75502e54c95abf2e1eceee63ab6" member_type: NON_VOTER last_known_addr { host: "127.4.96.5" port: 57208 } attrs { promote: true } } unsafe_config_change: true
I0517 06:44:16.903568 7048 raft_consensus.cc:2658] T e87d26c881e34c10ad80ac7338847fd0 P f9766287bc0d4d29927a018255e773e1 [term 3 LEADER]: Committing config change with OpId 3.5: config changed from index 4 to 5, NON_VOTER a668d75502e54c95abf2e1eceee63ab6 (127.4.96.5) added. New config: { opid_index: 5 OBSOLETE_local: false peers { permanent_uuid: "f9766287bc0d4d29927a018255e773e1" member_type: VOTER last_known_addr { host: "127.4.96.1" port: 33942 } } peers { permanent_uuid: "b381de9177314b1294f8324c1ea8ef96" member_type: NON_VOTER last_known_addr { host: "127.4.96.2" port: 35758 } attrs { promote: true } } peers { permanent_uuid: "a668d75502e54c95abf2e1eceee63ab6" member_type: NON_VOTER last_known_addr { host: "127.4.96.5" port: 57208 } attrs { promote: true } } unsafe_config_change: true }
W0517 06:44:16.907625 6293 consensus_peers.cc:434] T e87d26c881e34c10ad80ac7338847fd0 P f9766287bc0d4d29927a018255e773e1 -> Peer b381de9177314b1294f8324c1ea8ef96 (127.4.96.2:35758): Couldn't send request to peer b381de9177314b1294f8324c1ea8ef96 for tablet e87d26c881e34c10ad80ac7338847fd0. Error code: TABLET_NOT_FOUND (6). Status: Not found: Tablet not found: e87d26c881e34c10ad80ac7338847fd0. Retrying in the next heartbeat period. Already tried 1 times.
I0517 06:44:16.909420 6953 catalog_manager.cc:3240] ChangeConfig:ADD_PEER:NON_VOTER RPC for tablet e87d26c881e34c10ad80ac7338847fd0 with cas_config_opid_index 4: ChangeConfig:ADD_PEER:NON_VOTER succeeded (attempt 1)
I0517 06:44:16.910701 6973 catalog_manager.cc:3686] T e87d26c881e34c10ad80ac7338847fd0 P f9766287bc0d4d29927a018255e773e1 reported cstate change: config changed from index 4 to 5, NON_VOTER a668d75502e54c95abf2e1eceee63ab6 (127.4.96.5) added. New cstate: current_term: 3 leader_uuid: "f9766287bc0d4d29927a018255e773e1" committed_config { opid_index: 5 OBSOLETE_local: false peers { permanent_uuid: "f9766287bc0d4d29927a018255e773e1" member_type: VOTER last_known_addr { host: "127.4.96.1" port: 33942 } health_report { overall_health: HEALTHY } } peers { permanent_uuid: "b381de9177314b1294f8324c1ea8ef96" member_type: NON_VOTER last_known_addr { host: "127.4.96.2" port: 35758 } attrs { promote: true } health_report { overall_health: UNKNOWN } } peers { permanent_uuid: "a668d75502e54c95abf2e1eceee63ab6" member_type: NON_VOTER last_known_addr { host: "127.4.96.5" port: 57208 } attrs { promote: true } health_report { overall_health: UNKNOWN } } unsafe_config_change: true }
W0517 06:44:16.919703 6293 consensus_peers.cc:434] T e87d26c881e34c10ad80ac7338847fd0 P f9766287bc0d4d29927a018255e773e1 -> Peer a668d75502e54c95abf2e1eceee63ab6 (127.4.96.5:57208): Couldn't send request to peer a668d75502e54c95abf2e1eceee63ab6 for tablet e87d26c881e34c10ad80ac7338847fd0. Error code: TABLET_NOT_FOUND (6). Status: Not found: Tablet not found: e87d26c881e34c10ad80ac7338847fd0. Retrying in the next heartbeat period. Already tried 1 times.
I0517 06:44:16.937937 6952 catalog_manager.cc:2791] Scheduling retry of e87d26c881e34c10ad80ac7338847fd0 Delete Tablet RPC for TS=c95723aafe594cc999bfe59b9aee2b1e with a delay of 106 ms (attempt = 3)
W0517 06:44:16.938093 6952 catalog_manager.cc:2810] Async tablet task e87d26c881e34c10ad80ac7338847fd0 Delete Tablet RPC for TS=c95723aafe594cc999bfe59b9aee2b1e failed: Not found: failed to reset TS proxy: Could not find TS for UUID c95723aafe594cc999bfe59b9aee2b1e
I0517 06:44:16.940208 6954 catalog_manager.cc:2791] Scheduling retry of e87d26c881e34c10ad80ac7338847fd0 Delete Tablet RPC for TS=e4842316d7f843469d36409ae004670c with a delay of 96 ms (attempt = 3)
W0517 06:44:16.940387 6954 catalog_manager.cc:2810] Async tablet task e87d26c881e34c10ad80ac7338847fd0 Delete Tablet RPC for TS=e4842316d7f843469d36409ae004670c failed: Not found: failed to reset TS proxy: Could not find TS for UUID e4842316d7f843469d36409ae004670c
I0517 06:44:17.037022 6954 catalog_manager.cc:2791] Scheduling retry of e87d26c881e34c10ad80ac7338847fd0 Delete Tablet RPC for TS=e4842316d7f843469d36409ae004670c with a delay of 174 ms (attempt = 4)
W0517 06:44:17.037178 6954 catalog_manager.cc:2810] Async tablet task e87d26c881e34c10ad80ac7338847fd0 Delete Tablet RPC for TS=e4842316d7f843469d36409ae004670c failed: Not found: failed to reset TS proxy: Could not find TS for UUID e4842316d7f843469d36409ae004670c
I0517 06:44:17.044708 6952 catalog_manager.cc:2791] Scheduling retry of e87d26c881e34c10ad80ac7338847fd0 Delete Tablet RPC for TS=c95723aafe594cc999bfe59b9aee2b1e with a delay of 157 ms (attempt = 4)
W0517 06:44:17.044891 6952 catalog_manager.cc:2810] Async tablet task e87d26c881e34c10ad80ac7338847fd0 Delete Tablet RPC for TS=c95723aafe594cc999bfe59b9aee2b1e failed: Not found: failed to reset TS proxy: Could not find TS for UUID c95723aafe594cc999bfe59b9aee2b1e
I0517 06:44:17.202744 6952 catalog_manager.cc:2791] Scheduling retry of e87d26c881e34c10ad80ac7338847fd0 Delete Tablet RPC for TS=c95723aafe594cc999bfe59b9aee2b1e with a delay of 277 ms (attempt = 5)
W0517 06:44:17.202978 6952 catalog_manager.cc:2810] Async tablet task e87d26c881e34c10ad80ac7338847fd0 Delete Tablet RPC for TS=c95723aafe594cc999bfe59b9aee2b1e failed: Not found: failed to reset TS proxy: Could not find TS for UUID c95723aafe594cc999bfe59b9aee2b1e
I0517 06:44:17.211977 6954 catalog_manager.cc:2791] Scheduling retry of e87d26c881e34c10ad80ac7338847fd0 Delete Tablet RPC for TS=e4842316d7f843469d36409ae004670c with a delay of 276 ms (attempt = 5)
W0517 06:44:17.212167 6954 catalog_manager.cc:2810] Async tablet task e87d26c881e34c10ad80ac7338847fd0 Delete Tablet RPC for TS=e4842316d7f843469d36409ae004670c failed: Not found: failed to reset TS proxy: Could not find TS for UUID e4842316d7f843469d36409ae004670c
I0517 06:44:17.289590 7050 ts_tablet_manager.cc:669] T e87d26c881e34c10ad80ac7338847fd0 P b381de9177314b1294f8324c1ea8ef96: Initiating tablet copy from peer f9766287bc0d4d29927a018255e773e1 (127.4.96.1:33942)
I0517 06:44:17.289866 7050 tablet_copy_client.cc:239] T e87d26c881e34c10ad80ac7338847fd0 P b381de9177314b1294f8324c1ea8ef96: tablet copy: Beginning tablet copy session from remote peer at address 127.4.96.1:33942
I0517 06:44:17.299371 6379 tablet_copy_service.cc:133] P f9766287bc0d4d29927a018255e773e1: Received BeginTabletCopySession request for tablet e87d26c881e34c10ad80ac7338847fd0 from peer b381de9177314b1294f8324c1ea8ef96 ({username='slave'} at 127.4.96.2:39578)
I0517 06:44:17.299604 6379 tablet_copy_service.cc:154] P f9766287bc0d4d29927a018255e773e1: Beginning new tablet copy session on tablet e87d26c881e34c10ad80ac7338847fd0 from peer b381de9177314b1294f8324c1ea8ef96 at {username='slave'} at 127.4.96.2:39578: session id = b381de9177314b1294f8324c1ea8ef96-e87d26c881e34c10ad80ac7338847fd0
I0517 06:44:17.302903 6379 tablet_copy_source_session.cc:202] T e87d26c881e34c10ad80ac7338847fd0 P f9766287bc0d4d29927a018255e773e1: Tablet Copy: opened 0 blocks and 1 log segments
I0517 06:44:17.305508 7050 data_dirs.cc:934] Could only allocate 1 dirs of requested 3 for tablet e87d26c881e34c10ad80ac7338847fd0. 1 dirs total, 0 dirs full, 0 dirs failed
I0517 06:44:17.316164 7050 ts_tablet_manager.cc:1173] T e87d26c881e34c10ad80ac7338847fd0 P b381de9177314b1294f8324c1ea8ef96: Registered tablet (data state: TABLET_DATA_COPYING)
I0517 06:44:17.316504 7050 tablet_copy_client.cc:565] T e87d26c881e34c10ad80ac7338847fd0 P b381de9177314b1294f8324c1ea8ef96: tablet copy: Starting download of 0 data blocks...
I0517 06:44:17.316733 7050 tablet_copy_client.cc:528] T e87d26c881e34c10ad80ac7338847fd0 P b381de9177314b1294f8324c1ea8ef96: tablet copy: Starting download of 1 WAL segments...
I0517 06:44:17.318729 7050 tablet_copy_client.cc:404] T e87d26c881e34c10ad80ac7338847fd0 P b381de9177314b1294f8324c1ea8ef96: tablet copy: Tablet Copy complete. Replacing tablet superblock.
I0517 06:44:17.321444 7050 ts_tablet_manager.cc:1028] T e87d26c881e34c10ad80ac7338847fd0 P b381de9177314b1294f8324c1ea8ef96: Bootstrapping tablet
I0517 06:44:17.321765 7050 tablet_bootstrap.cc:436] T e87d26c881e34c10ad80ac7338847fd0 P b381de9177314b1294f8324c1ea8ef96: Bootstrap starting.
I0517 06:44:17.326792 7050 log.cc:520] T e87d26c881e34c10ad80ac7338847fd0 P b381de9177314b1294f8324c1ea8ef96: Log is configured to *not* fsync() on all Append() calls
I0517 06:44:17.332136 7050 tablet_bootstrap.cc:436] T e87d26c881e34c10ad80ac7338847fd0 P b381de9177314b1294f8324c1ea8ef96: Bootstrap replayed 1/1 log segments. Stats: ops{read=5 overwritten=0 applied=5 ignored=0} inserts{seen=0 ignored=0} mutations{seen=0 ignored=0} orphaned_commits=0. Pending: 0 replicates
I0517 06:44:17.332594 7050 tablet_bootstrap.cc:436] T e87d26c881e34c10ad80ac7338847fd0 P b381de9177314b1294f8324c1ea8ef96: Bootstrap complete.
I0517 06:44:17.332903 7050 ts_tablet_manager.cc:1045] T e87d26c881e34c10ad80ac7338847fd0 P b381de9177314b1294f8324c1ea8ef96: Time spent bootstrapping tablet: real 0.011s user 0.012s sys 0.000s
I0517 06:44:17.342078 7050 raft_consensus.cc:303] T e87d26c881e34c10ad80ac7338847fd0 P b381de9177314b1294f8324c1ea8ef96 [term 3 LEARNER]: Replica starting. Triggering 0 pending transactions. Active config: opid_index: 5 OBSOLETE_local: false peers { permanent_uuid: "f9766287bc0d4d29927a018255e773e1" member_type: VOTER last_known_addr { host: "127.4.96.1" port: 33942 } } peers { permanent_uuid: "b381de9177314b1294f8324c1ea8ef96" member_type: NON_VOTER last_known_addr { host: "127.4.96.2" port: 35758 } attrs { promote: true } } peers { permanent_uuid: "a668d75502e54c95abf2e1eceee63ab6" member_type: NON_VOTER last_known_addr { host: "127.4.96.5" port: 57208 } attrs { promote: true } } unsafe_config_change: true
I0517 06:44:17.342656 7050 raft_consensus.cc:604] T e87d26c881e34c10ad80ac7338847fd0 P b381de9177314b1294f8324c1ea8ef96 [term 3 LEARNER]: Becoming Follower/Learner. State: Replica: b381de9177314b1294f8324c1ea8ef96, State: Initialized, Role: LEARNER
I0517 06:44:17.342967 7050 consensus_queue.cc:227] T e87d26c881e34c10ad80ac7338847fd0 P b381de9177314b1294f8324c1ea8ef96 [NON_LEADER]: Queue going to NON_LEADER mode. State: All replicated index: 0, Majority replicated index: 0, Committed index: 5, Last appended: 3.5, Last appended by leader: 5, Current term: 0, Majority size: -1, State: 0, Mode: NON_LEADER, active raft config: opid_index: 5 OBSOLETE_local: false peers { permanent_uuid: "f9766287bc0d4d29927a018255e773e1" member_type: VOTER last_known_addr { host: "127.4.96.1" port: 33942 } } peers { permanent_uuid: "b381de9177314b1294f8324c1ea8ef96" member_type: NON_VOTER last_known_addr { host: "127.4.96.2" port: 35758 } attrs { promote: true } } peers { permanent_uuid: "a668d75502e54c95abf2e1eceee63ab6" member_type: NON_VOTER last_known_addr { host: "127.4.96.5" port: 57208 } attrs { promote: true } } unsafe_config_change: true
I0517 06:44:17.344833 7050 ts_tablet_manager.cc:1073] T e87d26c881e34c10ad80ac7338847fd0 P b381de9177314b1294f8324c1ea8ef96: Time spent starting tablet: real 0.012s user 0.012s sys 0.000s
I0517 06:44:17.345738 6379 tablet_copy_service.cc:323] P f9766287bc0d4d29927a018255e773e1: Request end of tablet copy session b381de9177314b1294f8324c1ea8ef96-e87d26c881e34c10ad80ac7338847fd0 received from {username='slave'} at 127.4.96.2:39578
I0517 06:44:17.345911 6379 tablet_copy_service.cc:411] P f9766287bc0d4d29927a018255e773e1: Ending tablet copy session b381de9177314b1294f8324c1ea8ef96-e87d26c881e34c10ad80ac7338847fd0 on tablet e87d26c881e34c10ad80ac7338847fd0 with peer b381de9177314b1294f8324c1ea8ef96
I0517 06:44:17.481220 6952 catalog_manager.cc:2791] Scheduling retry of e87d26c881e34c10ad80ac7338847fd0 Delete Tablet RPC for TS=c95723aafe594cc999bfe59b9aee2b1e with a delay of 546 ms (attempt = 6)
W0517 06:44:17.481405 6952 catalog_manager.cc:2810] Async tablet task e87d26c881e34c10ad80ac7338847fd0 Delete Tablet RPC for TS=c95723aafe594cc999bfe59b9aee2b1e failed: Not found: failed to reset TS proxy: Could not find TS for UUID c95723aafe594cc999bfe59b9aee2b1e
I0517 06:44:17.489069 7054 ts_tablet_manager.cc:669] T e87d26c881e34c10ad80ac7338847fd0 P a668d75502e54c95abf2e1eceee63ab6: Initiating tablet copy from peer f9766287bc0d4d29927a018255e773e1 (127.4.96.1:33942)
I0517 06:44:17.489274 6954 catalog_manager.cc:2791] Scheduling retry of e87d26c881e34c10ad80ac7338847fd0 Delete Tablet RPC for TS=e4842316d7f843469d36409ae004670c with a delay of 534 ms (attempt = 6)
I0517 06:44:17.489419 7054 tablet_copy_client.cc:239] T e87d26c881e34c10ad80ac7338847fd0 P a668d75502e54c95abf2e1eceee63ab6: tablet copy: Beginning tablet copy session from remote peer at address 127.4.96.1:33942
W0517 06:44:17.489503 6954 catalog_manager.cc:2810] Async tablet task e87d26c881e34c10ad80ac7338847fd0 Delete Tablet RPC for TS=e4842316d7f843469d36409ae004670c failed: Not found: failed to reset TS proxy: Could not find TS for UUID e4842316d7f843469d36409ae004670c
I0517 06:44:17.498260 6379 tablet_copy_service.cc:133] P f9766287bc0d4d29927a018255e773e1: Received BeginTabletCopySession request for tablet e87d26c881e34c10ad80ac7338847fd0 from peer a668d75502e54c95abf2e1eceee63ab6 ({username='slave'} at 127.4.96.5:39441)
I0517 06:44:17.498488 6379 tablet_copy_service.cc:154] P f9766287bc0d4d29927a018255e773e1: Beginning new tablet copy session on tablet e87d26c881e34c10ad80ac7338847fd0 from peer a668d75502e54c95abf2e1eceee63ab6 at {username='slave'} at 127.4.96.5:39441: session id = a668d75502e54c95abf2e1eceee63ab6-e87d26c881e34c10ad80ac7338847fd0
I0517 06:44:17.501395 6379 tablet_copy_source_session.cc:202] T e87d26c881e34c10ad80ac7338847fd0 P f9766287bc0d4d29927a018255e773e1: Tablet Copy: opened 0 blocks and 1 log segments
I0517 06:44:17.503818 7054 data_dirs.cc:934] Could only allocate 1 dirs of requested 3 for tablet e87d26c881e34c10ad80ac7338847fd0. 1 dirs total, 0 dirs full, 0 dirs failed
I0517 06:44:17.514654 7054 ts_tablet_manager.cc:1173] T e87d26c881e34c10ad80ac7338847fd0 P a668d75502e54c95abf2e1eceee63ab6: Registered tablet (data state: TABLET_DATA_COPYING)
I0517 06:44:17.515002 7054 tablet_copy_client.cc:565] T e87d26c881e34c10ad80ac7338847fd0 P a668d75502e54c95abf2e1eceee63ab6: tablet copy: Starting download of 0 data blocks...
I0517 06:44:17.515209 7054 tablet_copy_client.cc:528] T e87d26c881e34c10ad80ac7338847fd0 P a668d75502e54c95abf2e1eceee63ab6: tablet copy: Starting download of 1 WAL segments...
I0517 06:44:17.516942 7054 tablet_copy_client.cc:404] T e87d26c881e34c10ad80ac7338847fd0 P a668d75502e54c95abf2e1eceee63ab6: tablet copy: Tablet Copy complete. Replacing tablet superblock.
I0517 06:44:17.519549 7054 ts_tablet_manager.cc:1028] T e87d26c881e34c10ad80ac7338847fd0 P a668d75502e54c95abf2e1eceee63ab6: Bootstrapping tablet
I0517 06:44:17.519876 7054 tablet_bootstrap.cc:436] T e87d26c881e34c10ad80ac7338847fd0 P a668d75502e54c95abf2e1eceee63ab6: Bootstrap starting.
I0517 06:44:17.524837 7054 log.cc:520] T e87d26c881e34c10ad80ac7338847fd0 P a668d75502e54c95abf2e1eceee63ab6: Log is configured to *not* fsync() on all Append() calls
I0517 06:44:17.530222 7054 tablet_bootstrap.cc:436] T e87d26c881e34c10ad80ac7338847fd0 P a668d75502e54c95abf2e1eceee63ab6: Bootstrap replayed 1/1 log segments. Stats: ops{read=5 overwritten=0 applied=5 ignored=0} inserts{seen=0 ignored=0} mutations{seen=0 ignored=0} orphaned_commits=0. Pending: 0 replicates
