I0517 06:44:31.092486 8913 raft_consensus.cc:303] T b6bea5c6c58641f8ab69083b20103628 P 6a3b5a36994a489eb39f15f8700fc089 [term 0 FOLLOWER]: Replica starting. Triggering 0 pending transactions. Active config: opid_index: -1 OBSOLETE_local: false peers { permanent_uuid: "6a3b5a36994a489eb39f15f8700fc089" member_type: VOTER last_known_addr { host: "127.4.96.3" port: 43022 } } peers { permanent_uuid: "dafb8d2b9a584a74b41c05787477c5c2" member_type: VOTER last_known_addr { host: "127.4.96.5" port: 54438 } } peers { permanent_uuid: "51cb8e32a7ed4c7dbd5b79785556c592" member_type: VOTER last_known_addr { host: "127.4.96.7" port: 45618 } } peers { permanent_uuid: "10206d3db30a45a3a4c5a415d3ed2beb" member_type: VOTER last_known_addr { host: "127.4.96.4" port: 51856 } } peers { permanent_uuid: "fc2430d5d05d4863b227c5cefc7ac460" member_type: VOTER last_known_addr { host: "127.4.96.6" port: 47664 } }
I0517 06:44:31.093518 8913 raft_consensus.cc:329] T b6bea5c6c58641f8ab69083b20103628 P 6a3b5a36994a489eb39f15f8700fc089 [term 0 FOLLOWER]: Consensus starting up: Expiring failure detector timer to make a prompt election more likely
I0517 06:44:31.093448 8702 ts_tablet_manager.cc:1173] T b6bea5c6c58641f8ab69083b20103628 P 51cb8e32a7ed4c7dbd5b79785556c592: Registered tablet (data state: TABLET_DATA_READY)
I0517 06:44:31.093735 8913 raft_consensus.cc:604] T b6bea5c6c58641f8ab69083b20103628 P 6a3b5a36994a489eb39f15f8700fc089 [term 0 FOLLOWER]: Becoming Follower/Learner. State: Replica: 6a3b5a36994a489eb39f15f8700fc089, State: Initialized, Role: FOLLOWER
I0517 06:44:31.093935 8919 ts_tablet_manager.cc:1028] T b6bea5c6c58641f8ab69083b20103628 P fc2430d5d05d4863b227c5cefc7ac460: Bootstrapping tablet
I0517 06:44:31.094442 8919 tablet_bootstrap.cc:436] T b6bea5c6c58641f8ab69083b20103628 P fc2430d5d05d4863b227c5cefc7ac460: Bootstrap starting.
I0517 06:44:31.094447 8913 consensus_queue.cc:227] T b6bea5c6c58641f8ab69083b20103628 P 6a3b5a36994a489eb39f15f8700fc089 [NON_LEADER]: Queue going to NON_LEADER mode. State: All replicated index: 0, Majority replicated index: 0, Committed index: 0, Last appended: 0.0, Last appended by leader: 0, Current term: 0, Majority size: -1, State: 0, Mode: NON_LEADER, active raft config: opid_index: -1 OBSOLETE_local: false peers { permanent_uuid: "6a3b5a36994a489eb39f15f8700fc089" member_type: VOTER last_known_addr { host: "127.4.96.3" port: 43022 } } peers { permanent_uuid: "dafb8d2b9a584a74b41c05787477c5c2" member_type: VOTER last_known_addr { host: "127.4.96.5" port: 54438 } } peers { permanent_uuid: "51cb8e32a7ed4c7dbd5b79785556c592" member_type: VOTER last_known_addr { host: "127.4.96.7" port: 45618 } } peers { permanent_uuid: "10206d3db30a45a3a4c5a415d3ed2beb" member_type: VOTER last_known_addr { host: "127.4.96.4" port: 51856 } } peers { permanent_uuid: "fc2430d5d05d4863b227c5cefc7ac460" member_type: VOTER last_known_addr { host: "127.4.96.6" port: 47664 } }
I0517 06:44:31.097736 8916 tablet_bootstrap.cc:436] T b6bea5c6c58641f8ab69083b20103628 P 10206d3db30a45a3a4c5a415d3ed2beb: No bootstrap required, opened a new log
I0517 06:44:31.098130 8916 ts_tablet_manager.cc:1045] T b6bea5c6c58641f8ab69083b20103628 P 10206d3db30a45a3a4c5a415d3ed2beb: Time spent bootstrapping tablet: real 0.019s user 0.000s sys 0.008s
I0517 06:44:31.098942 8920 ts_tablet_manager.cc:1028] T b6bea5c6c58641f8ab69083b20103628 P 51cb8e32a7ed4c7dbd5b79785556c592: Bootstrapping tablet
I0517 06:44:31.099426 8920 tablet_bootstrap.cc:436] T b6bea5c6c58641f8ab69083b20103628 P 51cb8e32a7ed4c7dbd5b79785556c592: Bootstrap starting.
I0517 06:44:31.099133 8919 tablet_bootstrap.cc:587] T b6bea5c6c58641f8ab69083b20103628 P fc2430d5d05d4863b227c5cefc7ac460: No blocks or log segments found. Creating new log.
I0517 06:44:31.104136 8919 log.cc:520] T b6bea5c6c58641f8ab69083b20103628 P fc2430d5d05d4863b227c5cefc7ac460: Log is configured to *not* fsync() on all Append() calls
I0517 06:44:31.103543 8915 raft_consensus.cc:303] T b6bea5c6c58641f8ab69083b20103628 P dafb8d2b9a584a74b41c05787477c5c2 [term 0 FOLLOWER]: Replica starting. Triggering 0 pending transactions. Active config: opid_index: -1 OBSOLETE_local: false peers { permanent_uuid: "6a3b5a36994a489eb39f15f8700fc089" member_type: VOTER last_known_addr { host: "127.4.96.3" port: 43022 } } peers { permanent_uuid: "dafb8d2b9a584a74b41c05787477c5c2" member_type: VOTER last_known_addr { host: "127.4.96.5" port: 54438 } } peers { permanent_uuid: "51cb8e32a7ed4c7dbd5b79785556c592" member_type: VOTER last_known_addr { host: "127.4.96.7" port: 45618 } } peers { permanent_uuid: "10206d3db30a45a3a4c5a415d3ed2beb" member_type: VOTER last_known_addr { host: "127.4.96.4" port: 51856 } } peers { permanent_uuid: "fc2430d5d05d4863b227c5cefc7ac460" member_type: VOTER last_known_addr { host: "127.4.96.6" port: 47664 } }
I0517 06:44:31.104486 8920 tablet_bootstrap.cc:587] T b6bea5c6c58641f8ab69083b20103628 P 51cb8e32a7ed4c7dbd5b79785556c592: No blocks or log segments found. Creating new log.
I0517 06:44:31.104480 8915 raft_consensus.cc:329] T b6bea5c6c58641f8ab69083b20103628 P dafb8d2b9a584a74b41c05787477c5c2 [term 0 FOLLOWER]: Consensus starting up: Expiring failure detector timer to make a prompt election more likely
I0517 06:44:31.104666 8915 raft_consensus.cc:604] T b6bea5c6c58641f8ab69083b20103628 P dafb8d2b9a584a74b41c05787477c5c2 [term 0 FOLLOWER]: Becoming Follower/Learner. State: Replica: dafb8d2b9a584a74b41c05787477c5c2, State: Initialized, Role: FOLLOWER
I0517 06:44:31.105307 8915 consensus_queue.cc:227] T b6bea5c6c58641f8ab69083b20103628 P dafb8d2b9a584a74b41c05787477c5c2 [NON_LEADER]: Queue going to NON_LEADER mode. State: All replicated index: 0, Majority replicated index: 0, Committed index: 0, Last appended: 0.0, Last appended by leader: 0, Current term: 0, Majority size: -1, State: 0, Mode: NON_LEADER, active raft config: opid_index: -1 OBSOLETE_local: false peers { permanent_uuid: "6a3b5a36994a489eb39f15f8700fc089" member_type: VOTER last_known_addr { host: "127.4.96.3" port: 43022 } } peers { permanent_uuid: "dafb8d2b9a584a74b41c05787477c5c2" member_type: VOTER last_known_addr { host: "127.4.96.5" port: 54438 } } peers { permanent_uuid: "51cb8e32a7ed4c7dbd5b79785556c592" member_type: VOTER last_known_addr { host: "127.4.96.7" port: 45618 } } peers { permanent_uuid: "10206d3db30a45a3a4c5a415d3ed2beb" member_type: VOTER last_known_addr { host: "127.4.96.4" port: 51856 } } peers { permanent_uuid: "fc2430d5d05d4863b227c5cefc7ac460" member_type: VOTER last_known_addr { host: "127.4.96.6" port: 47664 } }
I0517 06:44:31.108247 8920 log.cc:520] T b6bea5c6c58641f8ab69083b20103628 P 51cb8e32a7ed4c7dbd5b79785556c592: Log is configured to *not* fsync() on all Append() calls
I0517 06:44:31.113178 8919 tablet_bootstrap.cc:436] T b6bea5c6c58641f8ab69083b20103628 P fc2430d5d05d4863b227c5cefc7ac460: No bootstrap required, opened a new log
I0517 06:44:31.113625 8919 ts_tablet_manager.cc:1045] T b6bea5c6c58641f8ab69083b20103628 P fc2430d5d05d4863b227c5cefc7ac460: Time spent bootstrapping tablet: real 0.019s user 0.004s sys 0.008s
I0517 06:44:31.115442 8920 tablet_bootstrap.cc:436] T b6bea5c6c58641f8ab69083b20103628 P 51cb8e32a7ed4c7dbd5b79785556c592: No bootstrap required, opened a new log
I0517 06:44:31.115797 8920 ts_tablet_manager.cc:1045] T b6bea5c6c58641f8ab69083b20103628 P 51cb8e32a7ed4c7dbd5b79785556c592: Time spent bootstrapping tablet: real 0.017s user 0.004s sys 0.004s
I0517 06:44:31.118458 8913 ts_tablet_manager.cc:1073] T b6bea5c6c58641f8ab69083b20103628 P 6a3b5a36994a489eb39f15f8700fc089: Time spent starting tablet: real 0.057s user 0.020s sys 0.004s
I0517 06:44:31.126642 8915 ts_tablet_manager.cc:1073] T b6bea5c6c58641f8ab69083b20103628 P dafb8d2b9a584a74b41c05787477c5c2: Time spent starting tablet: real 0.041s user 0.012s sys 0.020s
I0517 06:44:31.129127 8916 raft_consensus.cc:303] T b6bea5c6c58641f8ab69083b20103628 P 10206d3db30a45a3a4c5a415d3ed2beb [term 0 FOLLOWER]: Replica starting. Triggering 0 pending transactions. Active config: opid_index: -1 OBSOLETE_local: false peers { permanent_uuid: "6a3b5a36994a489eb39f15f8700fc089" member_type: VOTER last_known_addr { host: "127.4.96.3" port: 43022 } } peers { permanent_uuid: "dafb8d2b9a584a74b41c05787477c5c2" member_type: VOTER last_known_addr { host: "127.4.96.5" port: 54438 } } peers { permanent_uuid: "51cb8e32a7ed4c7dbd5b79785556c592" member_type: VOTER last_known_addr { host: "127.4.96.7" port: 45618 } } peers { permanent_uuid: "10206d3db30a45a3a4c5a415d3ed2beb" member_type: VOTER last_known_addr { host: "127.4.96.4" port: 51856 } } peers { permanent_uuid: "fc2430d5d05d4863b227c5cefc7ac460" member_type: VOTER last_known_addr { host: "127.4.96.6" port: 47664 } }
I0517 06:44:31.130089 8916 raft_consensus.cc:329] T b6bea5c6c58641f8ab69083b20103628 P 10206d3db30a45a3a4c5a415d3ed2beb [term 0 FOLLOWER]: Consensus starting up: Expiring failure detector timer to make a prompt election more likely
I0517 06:44:31.130282 8916 raft_consensus.cc:604] T b6bea5c6c58641f8ab69083b20103628 P 10206d3db30a45a3a4c5a415d3ed2beb [term 0 FOLLOWER]: Becoming Follower/Learner. State: Replica: 10206d3db30a45a3a4c5a415d3ed2beb, State: Initialized, Role: FOLLOWER
I0517 06:44:31.131270 8916 consensus_queue.cc:227] T b6bea5c6c58641f8ab69083b20103628 P 10206d3db30a45a3a4c5a415d3ed2beb [NON_LEADER]: Queue going to NON_LEADER mode. State: All replicated index: 0, Majority replicated index: 0, Committed index: 0, Last appended: 0.0, Last appended by leader: 0, Current term: 0, Majority size: -1, State: 0, Mode: NON_LEADER, active raft config: opid_index: -1 OBSOLETE_local: false peers { permanent_uuid: "6a3b5a36994a489eb39f15f8700fc089" member_type: VOTER last_known_addr { host: "127.4.96.3" port: 43022 } } peers { permanent_uuid: "dafb8d2b9a584a74b41c05787477c5c2" member_type: VOTER last_known_addr { host: "127.4.96.5" port: 54438 } } peers { permanent_uuid: "51cb8e32a7ed4c7dbd5b79785556c592" member_type: VOTER last_known_addr { host: "127.4.96.7" port: 45618 } } peers { permanent_uuid: "10206d3db30a45a3a4c5a415d3ed2beb" member_type: VOTER last_known_addr { host: "127.4.96.4" port: 51856 } } peers { permanent_uuid: "fc2430d5d05d4863b227c5cefc7ac460" member_type: VOTER last_known_addr { host: "127.4.96.6" port: 47664 } }
I0517 06:44:31.134646 8919 raft_consensus.cc:303] T b6bea5c6c58641f8ab69083b20103628 P fc2430d5d05d4863b227c5cefc7ac460 [term 0 FOLLOWER]: Replica starting. Triggering 0 pending transactions. Active config: opid_index: -1 OBSOLETE_local: false peers { permanent_uuid: "6a3b5a36994a489eb39f15f8700fc089" member_type: VOTER last_known_addr { host: "127.4.96.3" port: 43022 } } peers { permanent_uuid: "dafb8d2b9a584a74b41c05787477c5c2" member_type: VOTER last_known_addr { host: "127.4.96.5" port: 54438 } } peers { permanent_uuid: "51cb8e32a7ed4c7dbd5b79785556c592" member_type: VOTER last_known_addr { host: "127.4.96.7" port: 45618 } } peers { permanent_uuid: "10206d3db30a45a3a4c5a415d3ed2beb" member_type: VOTER last_known_addr { host: "127.4.96.4" port: 51856 } } peers { permanent_uuid: "fc2430d5d05d4863b227c5cefc7ac460" member_type: VOTER last_known_addr { host: "127.4.96.6" port: 47664 } }
I0517 06:44:31.135486 8919 raft_consensus.cc:329] T b6bea5c6c58641f8ab69083b20103628 P fc2430d5d05d4863b227c5cefc7ac460 [term 0 FOLLOWER]: Consensus starting up: Expiring failure detector timer to make a prompt election more likely
I0517 06:44:31.135738 8919 raft_consensus.cc:604] T b6bea5c6c58641f8ab69083b20103628 P fc2430d5d05d4863b227c5cefc7ac460 [term 0 FOLLOWER]: Becoming Follower/Learner. State: Replica: fc2430d5d05d4863b227c5cefc7ac460, State: Initialized, Role: FOLLOWER
I0517 06:44:31.137236 8919 consensus_queue.cc:227] T b6bea5c6c58641f8ab69083b20103628 P fc2430d5d05d4863b227c5cefc7ac460 [NON_LEADER]: Queue going to NON_LEADER mode. State: All replicated index: 0, Majority replicated index: 0, Committed index: 0, Last appended: 0.0, Last appended by leader: 0, Current term: 0, Majority size: -1, State: 0, Mode: NON_LEADER, active raft config: opid_index: -1 OBSOLETE_local: false peers { permanent_uuid: "6a3b5a36994a489eb39f15f8700fc089" member_type: VOTER last_known_addr { host: "127.4.96.3" port: 43022 } } peers { permanent_uuid: "dafb8d2b9a584a74b41c05787477c5c2" member_type: VOTER last_known_addr { host: "127.4.96.5" port: 54438 } } peers { permanent_uuid: "51cb8e32a7ed4c7dbd5b79785556c592" member_type: VOTER last_known_addr { host: "127.4.96.7" port: 45618 } } peers { permanent_uuid: "10206d3db30a45a3a4c5a415d3ed2beb" member_type: VOTER last_known_addr { host: "127.4.96.4" port: 51856 } } peers { permanent_uuid: "fc2430d5d05d4863b227c5cefc7ac460" member_type: VOTER last_known_addr { host: "127.4.96.6" port: 47664 } }
I0517 06:44:31.138634 8920 raft_consensus.cc:303] T b6bea5c6c58641f8ab69083b20103628 P 51cb8e32a7ed4c7dbd5b79785556c592 [term 0 FOLLOWER]: Replica starting. Triggering 0 pending transactions. Active config: opid_index: -1 OBSOLETE_local: false peers { permanent_uuid: "6a3b5a36994a489eb39f15f8700fc089" member_type: VOTER last_known_addr { host: "127.4.96.3" port: 43022 } } peers { permanent_uuid: "dafb8d2b9a584a74b41c05787477c5c2" member_type: VOTER last_known_addr { host: "127.4.96.5" port: 54438 } } peers { permanent_uuid: "51cb8e32a7ed4c7dbd5b79785556c592" member_type: VOTER last_known_addr { host: "127.4.96.7" port: 45618 } } peers { permanent_uuid: "10206d3db30a45a3a4c5a415d3ed2beb" member_type: VOTER last_known_addr { host: "127.4.96.4" port: 51856 } } peers { permanent_uuid: "fc2430d5d05d4863b227c5cefc7ac460" member_type: VOTER last_known_addr { host: "127.4.96.6" port: 47664 } }
I0517 06:44:31.139472 8920 raft_consensus.cc:329] T b6bea5c6c58641f8ab69083b20103628 P 51cb8e32a7ed4c7dbd5b79785556c592 [term 0 FOLLOWER]: Consensus starting up: Expiring failure detector timer to make a prompt election more likely
I0517 06:44:31.139677 8920 raft_consensus.cc:604] T b6bea5c6c58641f8ab69083b20103628 P 51cb8e32a7ed4c7dbd5b79785556c592 [term 0 FOLLOWER]: Becoming Follower/Learner. State: Replica: 51cb8e32a7ed4c7dbd5b79785556c592, State: Initialized, Role: FOLLOWER
I0517 06:44:31.140343 8920 consensus_queue.cc:227] T b6bea5c6c58641f8ab69083b20103628 P 51cb8e32a7ed4c7dbd5b79785556c592 [NON_LEADER]: Queue going to NON_LEADER mode. State: All replicated index: 0, Majority replicated index: 0, Committed index: 0, Last appended: 0.0, Last appended by leader: 0, Current term: 0, Majority size: -1, State: 0, Mode: NON_LEADER, active raft config: opid_index: -1 OBSOLETE_local: false peers { permanent_uuid: "6a3b5a36994a489eb39f15f8700fc089" member_type: VOTER last_known_addr { host: "127.4.96.3" port: 43022 } } peers { permanent_uuid: "dafb8d2b9a584a74b41c05787477c5c2" member_type: VOTER last_known_addr { host: "127.4.96.5" port: 54438 } } peers { permanent_uuid: "51cb8e32a7ed4c7dbd5b79785556c592" member_type: VOTER last_known_addr { host: "127.4.96.7" port: 45618 } } peers { permanent_uuid: "10206d3db30a45a3a4c5a415d3ed2beb" member_type: VOTER last_known_addr { host: "127.4.96.4" port: 51856 } } peers { permanent_uuid: "fc2430d5d05d4863b227c5cefc7ac460" member_type: VOTER last_known_addr { host: "127.4.96.6" port: 47664 } }
I0517 06:44:31.146812 8916 ts_tablet_manager.cc:1073] T b6bea5c6c58641f8ab69083b20103628 P 10206d3db30a45a3a4c5a415d3ed2beb: Time spent starting tablet: real 0.048s user 0.012s sys 0.024s
I0517 06:44:31.151597 8765 heartbeater.cc:467] Master 127.4.96.62:54038 was elected leader, sending a full tablet report...
I0517 06:44:31.153017 8919 ts_tablet_manager.cc:1073] T b6bea5c6c58641f8ab69083b20103628 P fc2430d5d05d4863b227c5cefc7ac460: Time spent starting tablet: real 0.039s user 0.016s sys 0.012s
I0517 06:44:31.153913 8920 ts_tablet_manager.cc:1073] T b6bea5c6c58641f8ab69083b20103628 P 51cb8e32a7ed4c7dbd5b79785556c592: Time spent starting tablet: real 0.038s user 0.020s sys 0.012s
W0517 06:44:31.126672 8270 tablet.cc:1678] T b6bea5c6c58641f8ab69083b20103628 P 6a3b5a36994a489eb39f15f8700fc089: Can't schedule compaction. Clean time has not been advanced past its initial value.
I0517 06:44:31.163450 8925 raft_consensus.cc:435] T b6bea5c6c58641f8ab69083b20103628 P 10206d3db30a45a3a4c5a415d3ed2beb [term 0 FOLLOWER]: Starting pre-election (no leader contacted us within the election timeout)
I0517 06:44:31.240696 8925 raft_consensus.cc:2704] T b6bea5c6c58641f8ab69083b20103628 P 10206d3db30a45a3a4c5a415d3ed2beb: Snoozing failure detection for 1.907s (starting election)
I0517 06:44:31.242233 8925 raft_consensus.cc:457] T b6bea5c6c58641f8ab69083b20103628 P 10206d3db30a45a3a4c5a415d3ed2beb [term 0 FOLLOWER]: Starting pre-election with config: opid_index: -1 OBSOLETE_local: false peers { permanent_uuid: "6a3b5a36994a489eb39f15f8700fc089" member_type: VOTER last_known_addr { host: "127.4.96.3" port: 43022 } } peers { permanent_uuid: "dafb8d2b9a584a74b41c05787477c5c2" member_type: VOTER last_known_addr { host: "127.4.96.5" port: 54438 } } peers { permanent_uuid: "51cb8e32a7ed4c7dbd5b79785556c592" member_type: VOTER last_known_addr { host: "127.4.96.7" port: 45618 } } peers { permanent_uuid: "10206d3db30a45a3a4c5a415d3ed2beb" member_type: VOTER last_known_addr { host: "127.4.96.4" port: 51856 } } peers { permanent_uuid: "fc2430d5d05d4863b227c5cefc7ac460" member_type: VOTER last_known_addr { host: "127.4.96.6" port: 47664 } }
I0517 06:44:31.243523 8925 leader_election.cc:243] T b6bea5c6c58641f8ab69083b20103628 P 10206d3db30a45a3a4c5a415d3ed2beb [CANDIDATE]: Term 1 pre-election: Requesting pre-vote from peer 6a3b5a36994a489eb39f15f8700fc089 (127.4.96.3:43022)
I0517 06:44:31.243988 8925 leader_election.cc:243] T b6bea5c6c58641f8ab69083b20103628 P 10206d3db30a45a3a4c5a415d3ed2beb [CANDIDATE]: Term 1 pre-election: Requesting pre-vote from peer dafb8d2b9a584a74b41c05787477c5c2 (127.4.96.5:54438)
I0517 06:44:31.251796 8925 leader_election.cc:243] T b6bea5c6c58641f8ab69083b20103628 P 10206d3db30a45a3a4c5a415d3ed2beb [CANDIDATE]: Term 1 pre-election: Requesting pre-vote from peer 51cb8e32a7ed4c7dbd5b79785556c592 (127.4.96.7:45618)
I0517 06:44:31.252403 8925 leader_election.cc:243] T b6bea5c6c58641f8ab69083b20103628 P 10206d3db30a45a3a4c5a415d3ed2beb [CANDIDATE]: Term 1 pre-election: Requesting pre-vote from peer fc2430d5d05d4863b227c5cefc7ac460 (127.4.96.6:47664)
W0517 06:44:31.293272 8394 tablet.cc:1678] T b6bea5c6c58641f8ab69083b20103628 P 10206d3db30a45a3a4c5a415d3ed2beb: Can't schedule compaction. Clean time has not been advanced past its initial value.
I0517 06:44:31.299595 8474 tablet_service.cc:995] Received RequestConsensusVote() RPC: tablet_id: "b6bea5c6c58641f8ab69083b20103628" candidate_uuid: "10206d3db30a45a3a4c5a415d3ed2beb" candidate_term: 1 candidate_status { last_received { term: 0 index: 0 } } ignore_live_leader: false dest_uuid: "dafb8d2b9a584a74b41c05787477c5c2" is_pre_election: true
I0517 06:44:31.306248 8226 tablet_service.cc:995] Received RequestConsensusVote() RPC: tablet_id: "b6bea5c6c58641f8ab69083b20103628" candidate_uuid: "10206d3db30a45a3a4c5a415d3ed2beb" candidate_term: 1 candidate_status { last_received { term: 0 index: 0 } } ignore_live_leader: false dest_uuid: "6a3b5a36994a489eb39f15f8700fc089" is_pre_election: true
I0517 06:44:31.306921 8226 raft_consensus.cc:2704] T b6bea5c6c58641f8ab69083b20103628 P 6a3b5a36994a489eb39f15f8700fc089: Snoozing failure detection for 1.941s (vote granted)
I0517 06:44:31.307201 8226 raft_consensus.cc:2219] T b6bea5c6c58641f8ab69083b20103628 P 6a3b5a36994a489eb39f15f8700fc089 [term 0 FOLLOWER]: Leader pre-election vote request: Granting yes vote for candidate 10206d3db30a45a3a4c5a415d3ed2beb in term 0.
I0517 06:44:31.308848 8282 leader_election.cc:379] T b6bea5c6c58641f8ab69083b20103628 P 10206d3db30a45a3a4c5a415d3ed2beb [CANDIDATE]: Term 1 pre-election: Vote granted by peer 6a3b5a36994a489eb39f15f8700fc089 (127.4.96.3:43022)
I0517 06:44:31.314662 8722 tablet_service.cc:995] Received RequestConsensusVote() RPC: tablet_id: "b6bea5c6c58641f8ab69083b20103628" candidate_uuid: "10206d3db30a45a3a4c5a415d3ed2beb" candidate_term: 1 candidate_status { last_received { term: 0 index: 0 } } ignore_live_leader: false dest_uuid: "51cb8e32a7ed4c7dbd5b79785556c592" is_pre_election: true
I0517 06:44:31.315340 8722 raft_consensus.cc:2704] T b6bea5c6c58641f8ab69083b20103628 P 51cb8e32a7ed4c7dbd5b79785556c592: Snoozing failure detection for 1.618s (vote granted)
I0517 06:44:31.315632 8722 raft_consensus.cc:2219] T b6bea5c6c58641f8ab69083b20103628 P 51cb8e32a7ed4c7dbd5b79785556c592 [term 0 FOLLOWER]: Leader pre-election vote request: Granting yes vote for candidate 10206d3db30a45a3a4c5a415d3ed2beb in term 0.
I0517 06:44:31.318171 8282 leader_election.cc:379] T b6bea5c6c58641f8ab69083b20103628 P 10206d3db30a45a3a4c5a415d3ed2beb [CANDIDATE]: Term 1 pre-election: Vote granted by peer 51cb8e32a7ed4c7dbd5b79785556c592 (127.4.96.7:45618)
I0517 06:44:31.318413 8282 leader_election.cc:270] T b6bea5c6c58641f8ab69083b20103628 P 10206d3db30a45a3a4c5a415d3ed2beb [CANDIDATE]: Term 1 pre-election: Election decided. Result: candidate won.
I0517 06:44:31.318938 8925 raft_consensus.cc:2704] T b6bea5c6c58641f8ab69083b20103628 P 10206d3db30a45a3a4c5a415d3ed2beb: Snoozing failure detection for 1.683s (election complete)
I0517 06:44:31.319924 8925 raft_consensus.cc:2511] T b6bea5c6c58641f8ab69083b20103628 P 10206d3db30a45a3a4c5a415d3ed2beb [term 0 FOLLOWER]: Leader pre-election won for term 1
I0517 06:44:31.320122 8925 raft_consensus.cc:435] T b6bea5c6c58641f8ab69083b20103628 P 10206d3db30a45a3a4c5a415d3ed2beb [term 0 FOLLOWER]: Starting leader election (no leader contacted us within the election timeout)
I0517 06:44:31.320291 8925 raft_consensus.cc:2704] T b6bea5c6c58641f8ab69083b20103628 P 10206d3db30a45a3a4c5a415d3ed2beb: Snoozing failure detection for 1.953s (starting election)
I0517 06:44:31.320485 8925 raft_consensus.cc:2756] T b6bea5c6c58641f8ab69083b20103628 P 10206d3db30a45a3a4c5a415d3ed2beb [term 0 FOLLOWER]: Advancing to term 1
I0517 06:44:31.320648 8598 tablet_service.cc:995] Received RequestConsensusVote() RPC: tablet_id: "b6bea5c6c58641f8ab69083b20103628" candidate_uuid: "10206d3db30a45a3a4c5a415d3ed2beb" candidate_term: 1 candidate_status { last_received { term: 0 index: 0 } } ignore_live_leader: false dest_uuid: "fc2430d5d05d4863b227c5cefc7ac460" is_pre_election: true
W0517 06:44:31.214357 8518 tablet.cc:1678] T b6bea5c6c58641f8ab69083b20103628 P dafb8d2b9a584a74b41c05787477c5c2: Can't schedule compaction. Clean time has not been advanced past its initial value.
I0517 06:44:31.326149 8925 raft_consensus.cc:457] T b6bea5c6c58641f8ab69083b20103628 P 10206d3db30a45a3a4c5a415d3ed2beb [term 1 FOLLOWER]: Starting leader election with config: opid_index: -1 OBSOLETE_local: false peers { permanent_uuid: "6a3b5a36994a489eb39f15f8700fc089" member_type: VOTER last_known_addr { host: "127.4.96.3" port: 43022 } } peers { permanent_uuid: "dafb8d2b9a584a74b41c05787477c5c2" member_type: VOTER last_known_addr { host: "127.4.96.5" port: 54438 } } peers { permanent_uuid: "51cb8e32a7ed4c7dbd5b79785556c592" member_type: VOTER last_known_addr { host: "127.4.96.7" port: 45618 } } peers { permanent_uuid: "10206d3db30a45a3a4c5a415d3ed2beb" member_type: VOTER last_known_addr { host: "127.4.96.4" port: 51856 } } peers { permanent_uuid: "fc2430d5d05d4863b227c5cefc7ac460" member_type: VOTER last_known_addr { host: "127.4.96.6" port: 47664 } }
I0517 06:44:31.327651 8925 leader_election.cc:243] T b6bea5c6c58641f8ab69083b20103628 P 10206d3db30a45a3a4c5a415d3ed2beb [CANDIDATE]: Term 1 election: Requesting vote from peer 6a3b5a36994a489eb39f15f8700fc089 (127.4.96.3:43022)
I0517 06:44:31.328682 8925 leader_election.cc:243] T b6bea5c6c58641f8ab69083b20103628 P 10206d3db30a45a3a4c5a415d3ed2beb [CANDIDATE]: Term 1 election: Requesting vote from peer dafb8d2b9a584a74b41c05787477c5c2 (127.4.96.5:54438)
I0517 06:44:31.329648 8226 tablet_service.cc:995] Received RequestConsensusVote() RPC: tablet_id: "b6bea5c6c58641f8ab69083b20103628" candidate_uuid: "10206d3db30a45a3a4c5a415d3ed2beb" candidate_term: 1 candidate_status { last_received { term: 0 index: 0 } } ignore_live_leader: false dest_uuid: "6a3b5a36994a489eb39f15f8700fc089"
I0517 06:44:31.330065 8226 raft_consensus.cc:2756] T b6bea5c6c58641f8ab69083b20103628 P 6a3b5a36994a489eb39f15f8700fc089 [term 0 FOLLOWER]: Advancing to term 1
I0517 06:44:31.330293 8226 raft_consensus.cc:2704] T b6bea5c6c58641f8ab69083b20103628 P 6a3b5a36994a489eb39f15f8700fc089: Snoozing failure detection for 1.535s (vote granted)
I0517 06:44:31.335940 8226 raft_consensus.cc:2219] T b6bea5c6c58641f8ab69083b20103628 P 6a3b5a36994a489eb39f15f8700fc089 [term 1 FOLLOWER]: Leader election vote request: Granting yes vote for candidate 10206d3db30a45a3a4c5a415d3ed2beb in term 1.
I0517 06:44:31.338544 8473 tablet_service.cc:995] Received RequestConsensusVote() RPC: tablet_id: "b6bea5c6c58641f8ab69083b20103628" candidate_uuid: "10206d3db30a45a3a4c5a415d3ed2beb" candidate_term: 1 candidate_status { last_received { term: 0 index: 0 } } ignore_live_leader: false dest_uuid: "dafb8d2b9a584a74b41c05787477c5c2"
I0517 06:44:31.337054 8282 leader_election.cc:379] T b6bea5c6c58641f8ab69083b20103628 P 10206d3db30a45a3a4c5a415d3ed2beb [CANDIDATE]: Term 1 election: Vote granted by peer 6a3b5a36994a489eb39f15f8700fc089 (127.4.96.3:43022)
I0517 06:44:31.340682 8925 leader_election.cc:243] T b6bea5c6c58641f8ab69083b20103628 P 10206d3db30a45a3a4c5a415d3ed2beb [CANDIDATE]: Term 1 election: Requesting vote from peer 51cb8e32a7ed4c7dbd5b79785556c592 (127.4.96.7:45618)
I0517 06:44:31.341135 8925 leader_election.cc:243] T b6bea5c6c58641f8ab69083b20103628 P 10206d3db30a45a3a4c5a415d3ed2beb [CANDIDATE]: Term 1 election: Requesting vote from peer fc2430d5d05d4863b227c5cefc7ac460 (127.4.96.6:47664)
I0517 06:44:31.342218 8722 tablet_service.cc:995] Received RequestConsensusVote() RPC: tablet_id: "b6bea5c6c58641f8ab69083b20103628" candidate_uuid: "10206d3db30a45a3a4c5a415d3ed2beb" candidate_term: 1 candidate_status { last_received { term: 0 index: 0 } } ignore_live_leader: false dest_uuid: "51cb8e32a7ed4c7dbd5b79785556c592"
I0517 06:44:31.342624 8722 raft_consensus.cc:2756] T b6bea5c6c58641f8ab69083b20103628 P 51cb8e32a7ed4c7dbd5b79785556c592 [term 0 FOLLOWER]: Advancing to term 1
I0517 06:44:31.342864 8722 raft_consensus.cc:2704] T b6bea5c6c58641f8ab69083b20103628 P 51cb8e32a7ed4c7dbd5b79785556c592: Snoozing failure detection for 2.068s (vote granted)
I0517 06:44:31.348649 8722 raft_consensus.cc:2219] T b6bea5c6c58641f8ab69083b20103628 P 51cb8e32a7ed4c7dbd5b79785556c592 [term 1 FOLLOWER]: Leader election vote request: Granting yes vote for candidate 10206d3db30a45a3a4c5a415d3ed2beb in term 1.
I0517 06:44:31.349609 8282 leader_election.cc:379] T b6bea5c6c58641f8ab69083b20103628 P 10206d3db30a45a3a4c5a415d3ed2beb [CANDIDATE]: Term 1 election: Vote granted by peer 51cb8e32a7ed4c7dbd5b79785556c592 (127.4.96.7:45618)
I0517 06:44:31.350154 8282 leader_election.cc:270] T b6bea5c6c58641f8ab69083b20103628 P 10206d3db30a45a3a4c5a415d3ed2beb [CANDIDATE]: Term 1 election: Election decided. Result: candidate won.
I0517 06:44:31.350631 8925 raft_consensus.cc:2704] T b6bea5c6c58641f8ab69083b20103628 P 10206d3db30a45a3a4c5a415d3ed2beb: Snoozing failure detection for 1.776s (election complete)
I0517 06:44:31.350852 8925 raft_consensus.cc:2511] T b6bea5c6c58641f8ab69083b20103628 P 10206d3db30a45a3a4c5a415d3ed2beb [term 1 FOLLOWER]: Leader election won for term 1
I0517 06:44:31.242599 8922 raft_consensus.cc:435] T b6bea5c6c58641f8ab69083b20103628 P dafb8d2b9a584a74b41c05787477c5c2 [term 0 FOLLOWER]: Starting pre-election (no leader contacted us within the election timeout)
I0517 06:44:31.351805 8922 raft_consensus.cc:2704] T b6bea5c6c58641f8ab69083b20103628 P dafb8d2b9a584a74b41c05787477c5c2: Snoozing failure detection for 1.945s (starting election)
I0517 06:44:31.352095 8922 raft_consensus.cc:457] T b6bea5c6c58641f8ab69083b20103628 P dafb8d2b9a584a74b41c05787477c5c2 [term 0 FOLLOWER]: Starting pre-election with config: opid_index: -1 OBSOLETE_local: false peers { permanent_uuid: "6a3b5a36994a489eb39f15f8700fc089" member_type: VOTER last_known_addr { host: "127.4.96.3" port: 43022 } } peers { permanent_uuid: "dafb8d2b9a584a74b41c05787477c5c2" member_type: VOTER last_known_addr { host: "127.4.96.5" port: 54438 } } peers { permanent_uuid: "51cb8e32a7ed4c7dbd5b79785556c592" member_type: VOTER last_known_addr { host: "127.4.96.7" port: 45618 } } peers { permanent_uuid: "10206d3db30a45a3a4c5a415d3ed2beb" member_type: VOTER last_known_addr { host: "127.4.96.4" port: 51856 } } peers { permanent_uuid: "fc2430d5d05d4863b227c5cefc7ac460" member_type: VOTER last_known_addr { host: "127.4.96.6" port: 47664 } }
I0517 06:44:31.352973 8925 raft_consensus.cc:571] T b6bea5c6c58641f8ab69083b20103628 P 10206d3db30a45a3a4c5a415d3ed2beb [term 1 LEADER]: Becoming Leader. State: Replica: 10206d3db30a45a3a4c5a415d3ed2beb, State: Running, Role: LEADER
I0517 06:44:31.353549 8922 leader_election.cc:243] T b6bea5c6c58641f8ab69083b20103628 P dafb8d2b9a584a74b41c05787477c5c2 [CANDIDATE]: Term 1 pre-election: Requesting pre-vote from peer 6a3b5a36994a489eb39f15f8700fc089 (127.4.96.3:43022)
I0517 06:44:31.353608 8474 raft_consensus.cc:2704] T b6bea5c6c58641f8ab69083b20103628 P dafb8d2b9a584a74b41c05787477c5c2: Snoozing failure detection for 1.515s (vote granted)
I0517 06:44:31.353838 8474 raft_consensus.cc:2219] T b6bea5c6c58641f8ab69083b20103628 P dafb8d2b9a584a74b41c05787477c5c2 [term 0 FOLLOWER]: Leader pre-election vote request: Granting yes vote for candidate 10206d3db30a45a3a4c5a415d3ed2beb in term 0.
I0517 06:44:31.354384 8473 raft_consensus.cc:2194] T b6bea5c6c58641f8ab69083b20103628 P dafb8d2b9a584a74b41c05787477c5c2 [term 0 FOLLOWER]: Leader election vote request: Denying vote to candidate 10206d3db30a45a3a4c5a415d3ed2beb for term 1 because replica is already servicing an update from a current leader or another vote.
I0517 06:44:31.353651 8925 consensus_queue.cc:204] T b6bea5c6c58641f8ab69083b20103628 P 10206d3db30a45a3a4c5a415d3ed2beb [LEADER]: Queue going to LEADER mode. State: All replicated index: 0, Majority replicated index: 0, Committed index: 0, Last appended: 0.0, Last appended by leader: 0, Current term: 1, Majority size: 3, State: 0, Mode: LEADER, active raft config: opid_index: -1 OBSOLETE_local: false peers { permanent_uuid: "6a3b5a36994a489eb39f15f8700fc089" member_type: VOTER last_known_addr { host: "127.4.96.3" port: 43022 } } peers { permanent_uuid: "dafb8d2b9a584a74b41c05787477c5c2" member_type: VOTER last_known_addr { host: "127.4.96.5" port: 54438 } } peers { permanent_uuid: "51cb8e32a7ed4c7dbd5b79785556c592" member_type: VOTER last_known_addr { host: "127.4.96.7" port: 45618 } } peers { permanent_uuid: "10206d3db30a45a3a4c5a415d3ed2beb" member_type: VOTER last_known_addr { host: "127.4.96.4" port: 51856 } } peers { permanent_uuid: "fc2430d5d05d4863b227c5cefc7ac460" member_type: VOTER last_known_addr { host: "127.4.96.6" port: 47664 } }
I0517 06:44:31.354826 8922 leader_election.cc:243] T b6bea5c6c58641f8ab69083b20103628 P dafb8d2b9a584a74b41c05787477c5c2 [CANDIDATE]: Term 1 pre-election: Requesting pre-vote from peer 51cb8e32a7ed4c7dbd5b79785556c592 (127.4.96.7:45618)
I0517 06:44:31.356631 8281 leader_election.cc:379] T b6bea5c6c58641f8ab69083b20103628 P 10206d3db30a45a3a4c5a415d3ed2beb [CANDIDATE]: Term 1 pre-election: Vote granted by peer dafb8d2b9a584a74b41c05787477c5c2 (127.4.96.5:54438)
I0517 06:44:31.357576 8281 leader_election.cc:393] T b6bea5c6c58641f8ab69083b20103628 P 10206d3db30a45a3a4c5a415d3ed2beb [CANDIDATE]: Term 1 election: Vote denied by peer dafb8d2b9a584a74b41c05787477c5c2 (127.4.96.5:54438). Message: Service unavailable: T b6bea5c6c58641f8ab69083b20103628 P dafb8d2b9a584a74b41c05787477c5c2 [term 0 FOLLOWER]: Leader election vote request: Denying vote to candidate 10206d3db30a45a3a4c5a415d3ed2beb for term 1 because replica is already servicing an update from a current leader or another vote.
I0517 06:44:31.357777 8922 leader_election.cc:243] T b6bea5c6c58641f8ab69083b20103628 P dafb8d2b9a584a74b41c05787477c5c2 [CANDIDATE]: Term 1 pre-election: Requesting pre-vote from peer 10206d3db30a45a3a4c5a415d3ed2beb (127.4.96.4:51856)
I0517 06:44:31.360388 8922 leader_election.cc:243] T b6bea5c6c58641f8ab69083b20103628 P dafb8d2b9a584a74b41c05787477c5c2 [CANDIDATE]: Term 1 pre-election: Requesting pre-vote from peer fc2430d5d05d4863b227c5cefc7ac460 (127.4.96.6:47664)
I0517 06:44:31.380313 7854 catalog_manager.cc:3686] T b6bea5c6c58641f8ab69083b20103628 P 10206d3db30a45a3a4c5a415d3ed2beb reported cstate change: term changed from 0 to 1, leader changed from to 10206d3db30a45a3a4c5a415d3ed2beb (127.4.96.4). New cstate: current_term: 1 leader_uuid: "10206d3db30a45a3a4c5a415d3ed2beb" committed_config { opid_index: -1 OBSOLETE_local: false peers { permanent_uuid: "6a3b5a36994a489eb39f15f8700fc089" member_type: VOTER last_known_addr { host: "127.4.96.3" port: 43022 } health_report { overall_health: UNKNOWN } } peers { permanent_uuid: "dafb8d2b9a584a74b41c05787477c5c2" member_type: VOTER last_known_addr { host: "127.4.96.5" port: 54438 } health_report { overall_health: UNKNOWN } } peers { permanent_uuid: "51cb8e32a7ed4c7dbd5b79785556c592" member_type: VOTER last_known_addr { host: "127.4.96.7" port: 45618 } health_report { overall_health: UNKNOWN } } peers { permanent_uuid: "10206d3db30a45a3a4c5a415d3ed2beb" member_type: VOTER last_known_addr { host: "127.4.96.4" port: 51856 } health_report { overall_health: HEALTHY } } peers { permanent_uuid: "fc2430d5d05d4863b227c5cefc7ac460" member_type: VOTER last_known_addr { host: "127.4.96.6" port: 47664 } health_report { overall_health: UNKNOWN } } }
I0517 06:44:31.273349 8926 raft_consensus.cc:435] T b6bea5c6c58641f8ab69083b20103628 P fc2430d5d05d4863b227c5cefc7ac460 [term 0 FOLLOWER]: Starting pre-election (no leader contacted us within the election timeout)
I0517 06:44:31.410487 8926 raft_consensus.cc:2704] T b6bea5c6c58641f8ab69083b20103628 P fc2430d5d05d4863b227c5cefc7ac460: Snoozing failure detection for 1.942s (starting election)
I0517 06:44:31.410761 8926 raft_consensus.cc:457] T b6bea5c6c58641f8ab69083b20103628 P fc2430d5d05d4863b227c5cefc7ac460 [term 0 FOLLOWER]: Starting pre-election with config: opid_index: -1 OBSOLETE_local: false peers { permanent_uuid: "6a3b5a36994a489eb39f15f8700fc089" member_type: VOTER last_known_addr { host: "127.4.96.3" port: 43022 } } peers { permanent_uuid: "dafb8d2b9a584a74b41c05787477c5c2" member_type: VOTER last_known_addr { host: "127.4.96.5" port: 54438 } } peers { permanent_uuid: "51cb8e32a7ed4c7dbd5b79785556c592" member_type: VOTER last_known_addr { host: "127.4.96.7" port: 45618 } } peers { permanent_uuid: "10206d3db30a45a3a4c5a415d3ed2beb" member_type: VOTER last_known_addr { host: "127.4.96.4" port: 51856 } } peers { permanent_uuid: "fc2430d5d05d4863b227c5cefc7ac460" member_type: VOTER last_known_addr { host: "127.4.96.6" port: 47664 } }
I0517 06:44:31.412240 8926 leader_election.cc:243] T b6bea5c6c58641f8ab69083b20103628 P fc2430d5d05d4863b227c5cefc7ac460 [CANDIDATE]: Term 1 pre-election: Requesting pre-vote from peer 6a3b5a36994a489eb39f15f8700fc089 (127.4.96.3:43022)
I0517 06:44:31.412832 8926 leader_election.cc:243] T b6bea5c6c58641f8ab69083b20103628 P fc2430d5d05d4863b227c5cefc7ac460 [CANDIDATE]: Term 1 pre-election: Requesting pre-vote from peer dafb8d2b9a584a74b41c05787477c5c2 (127.4.96.5:54438)
I0517 06:44:31.415110 8598 raft_consensus.cc:2704] T b6bea5c6c58641f8ab69083b20103628 P fc2430d5d05d4863b227c5cefc7ac460: Snoozing failure detection for 1.990s (vote granted)
I0517 06:44:31.415364 8598 raft_consensus.cc:2219] T b6bea5c6c58641f8ab69083b20103628 P fc2430d5d05d4863b227c5cefc7ac460 [term 0 FOLLOWER]: Leader pre-election vote request: Granting yes vote for candidate 10206d3db30a45a3a4c5a415d3ed2beb in term 0.
I0517 06:44:31.421805 8926 leader_election.cc:243] T b6bea5c6c58641f8ab69083b20103628 P fc2430d5d05d4863b227c5cefc7ac460 [CANDIDATE]: Term 1 pre-election: Requesting pre-vote from peer 51cb8e32a7ed4c7dbd5b79785556c592 (127.4.96.7:45618)
I0517 06:44:31.422319 8926 leader_election.cc:243] T b6bea5c6c58641f8ab69083b20103628 P fc2430d5d05d4863b227c5cefc7ac460 [CANDIDATE]: Term 1 pre-election: Requesting pre-vote from peer 10206d3db30a45a3a4c5a415d3ed2beb (127.4.96.4:51856)
I0517 06:44:31.433266 4480 external_mini_cluster.cc:482] 8 TS(s) registered with all masters
I0517 06:44:31.437660 4480 ts_itest-base.cc:233] Waiting for 0 tablets on tserver 5c25814d71724ad89c2b2965035156ab to finish bootstrapping
I0517 06:44:31.453042 8350 tablet_service.cc:995] Received RequestConsensusVote() RPC: tablet_id: "b6bea5c6c58641f8ab69083b20103628" candidate_uuid: "dafb8d2b9a584a74b41c05787477c5c2" candidate_term: 1 candidate_status { last_received { term: 0 index: 0 } } ignore_live_leader: false dest_uuid: "10206d3db30a45a3a4c5a415d3ed2beb" is_pre_election: true
I0517 06:44:31.453671 8350 raft_consensus.cc:2180] T b6bea5c6c58641f8ab69083b20103628 P 10206d3db30a45a3a4c5a415d3ed2beb [term 1 LEADER]: Leader pre-election vote request: Denying vote to candidate dafb8d2b9a584a74b41c05787477c5c2 for term 1 because replica is either leader or believes a valid leader to be alive.
I0517 06:44:31.455065 8404 leader_election.cc:393] T b6bea5c6c58641f8ab69083b20103628 P dafb8d2b9a584a74b41c05787477c5c2 [CANDIDATE]: Term 1 pre-election: Vote denied by peer 10206d3db30a45a3a4c5a415d3ed2beb (127.4.96.4:51856). Message: Invalid argument: T b6bea5c6c58641f8ab69083b20103628 P 10206d3db30a45a3a4c5a415d3ed2beb [term 1 LEADER]: Leader pre-election vote request: Denying vote to candidate dafb8d2b9a584a74b41c05787477c5c2 for term 1 because replica is either leader or believes a valid leader to be alive.
I0517 06:44:31.466233 8226 tablet_service.cc:995] Received RequestConsensusVote() RPC: tablet_id: "b6bea5c6c58641f8ab69083b20103628" candidate_uuid: "dafb8d2b9a584a74b41c05787477c5c2" candidate_term: 1 candidate_status { last_received { term: 0 index: 0 } } ignore_live_leader: false dest_uuid: "6a3b5a36994a489eb39f15f8700fc089" is_pre_election: true
I0517 06:44:31.466781 8226 raft_consensus.cc:2149] T b6bea5c6c58641f8ab69083b20103628 P 6a3b5a36994a489eb39f15f8700fc089 [term 1 FOLLOWER]: Leader pre-election vote request: Denying vote to candidate dafb8d2b9a584a74b41c05787477c5c2 in current term 1: Already voted for candidate 10206d3db30a45a3a4c5a415d3ed2beb in this term.
I0517 06:44:31.467938 8406 leader_election.cc:393] T b6bea5c6c58641f8ab69083b20103628 P dafb8d2b9a584a74b41c05787477c5c2 [CANDIDATE]: Term 1 pre-election: Vote denied by peer 6a3b5a36994a489eb39f15f8700fc089 (127.4.96.3:43022). Message: Invalid argument: T b6bea5c6c58641f8ab69083b20103628 P 6a3b5a36994a489eb39f15f8700fc089 [term 1 FOLLOWER]: Leader pre-election vote request: Denying vote to candidate dafb8d2b9a584a74b41c05787477c5c2 in current term 1: Already voted for candidate 10206d3db30a45a3a4c5a415d3ed2beb in this term.
I0517 06:44:31.475925 8722 tablet_service.cc:995] Received RequestConsensusVote() RPC: tablet_id: "b6bea5c6c58641f8ab69083b20103628" candidate_uuid: "dafb8d2b9a584a74b41c05787477c5c2" candidate_term: 1 candidate_status { last_received { term: 0 index: 0 } } ignore_live_leader: false dest_uuid: "51cb8e32a7ed4c7dbd5b79785556c592" is_pre_election: true
I0517 06:44:31.476464 8722 raft_consensus.cc:2149] T b6bea5c6c58641f8ab69083b20103628 P 51cb8e32a7ed4c7dbd5b79785556c592 [term 1 FOLLOWER]: Leader pre-election vote request: Denying vote to candidate dafb8d2b9a584a74b41c05787477c5c2 in current term 1: Already voted for candidate 10206d3db30a45a3a4c5a415d3ed2beb in this term.
I0517 06:44:31.478235 8406 leader_election.cc:393] T b6bea5c6c58641f8ab69083b20103628 P dafb8d2b9a584a74b41c05787477c5c2 [CANDIDATE]: Term 1 pre-election: Vote denied by peer 51cb8e32a7ed4c7dbd5b79785556c592 (127.4.96.7:45618). Message: Invalid argument: T b6bea5c6c58641f8ab69083b20103628 P 51cb8e32a7ed4c7dbd5b79785556c592 [term 1 FOLLOWER]: Leader pre-election vote request: Denying vote to candidate dafb8d2b9a584a74b41c05787477c5c2 in current term 1: Already voted for candidate 10206d3db30a45a3a4c5a415d3ed2beb in this term.
I0517 06:44:31.478462 8406 leader_election.cc:270] T b6bea5c6c58641f8ab69083b20103628 P dafb8d2b9a584a74b41c05787477c5c2 [CANDIDATE]: Term 1 pre-election: Election decided. Result: candidate lost.
I0517 06:44:31.478981 8922 raft_consensus.cc:2704] T b6bea5c6c58641f8ab69083b20103628 P dafb8d2b9a584a74b41c05787477c5c2: Snoozing failure detection for 1.612s (election complete)
I0517 06:44:31.479045 4480 ts_itest-base.cc:233] Waiting for 0 tablets on tserver 580b6d55956e4c18bf9297327263345b to finish bootstrapping
I0517 06:44:31.479179 8922 raft_consensus.cc:2756] T b6bea5c6c58641f8ab69083b20103628 P dafb8d2b9a584a74b41c05787477c5c2 [term 0 FOLLOWER]: Advancing to term 1
I0517 06:44:31.483381 8922 raft_consensus.cc:2459] T b6bea5c6c58641f8ab69083b20103628 P dafb8d2b9a584a74b41c05787477c5c2 [term 1 FOLLOWER]: Leader pre-election lost for term 1. Reason: could not achieve majority
I0517 06:44:31.351074 8597 tablet_service.cc:995] Received RequestConsensusVote() RPC: tablet_id: "b6bea5c6c58641f8ab69083b20103628" candidate_uuid: "10206d3db30a45a3a4c5a415d3ed2beb" candidate_term: 1 candidate_status { last_received { term: 0 index: 0 } } ignore_live_leader: false dest_uuid: "fc2430d5d05d4863b227c5cefc7ac460"
I0517 06:44:31.484985 8597 raft_consensus.cc:2756] T b6bea5c6c58641f8ab69083b20103628 P fc2430d5d05d4863b227c5cefc7ac460 [term 0 FOLLOWER]: Advancing to term 1
I0517 06:44:31.485285 8597 raft_consensus.cc:2704] T b6bea5c6c58641f8ab69083b20103628 P fc2430d5d05d4863b227c5cefc7ac460: Snoozing failure detection for 1.853s (vote granted)
I0517 06:44:31.490694 8597 raft_consensus.cc:2219] T b6bea5c6c58641f8ab69083b20103628 P fc2430d5d05d4863b227c5cefc7ac460 [term 1 FOLLOWER]: Leader election vote request: Granting yes vote for candidate 10206d3db30a45a3a4c5a415d3ed2beb in term 1.
I0517 06:44:31.518668 4480 ts_itest-base.cc:233] Waiting for 1 tablets on tserver 6a3b5a36994a489eb39f15f8700fc089 to finish bootstrapping
I0517 06:44:31.538843 4480 ts_itest-base.cc:233] Waiting for 1 tablets on tserver 10206d3db30a45a3a4c5a415d3ed2beb to finish bootstrapping
I0517 06:44:31.557862 4480 ts_itest-base.cc:233] Waiting for 1 tablets on tserver dafb8d2b9a584a74b41c05787477c5c2 to finish bootstrapping
W0517 06:44:31.390466 8642 tablet.cc:1678] T b6bea5c6c58641f8ab69083b20103628 P fc2430d5d05d4863b227c5cefc7ac460: Can't schedule compaction. Clean time has not been advanced past its initial value.
I0517 06:44:31.591130 8284 leader_election.cc:379] T b6bea5c6c58641f8ab69083b20103628 P 10206d3db30a45a3a4c5a415d3ed2beb [CANDIDATE]: Term 1 pre-election: Vote granted by peer fc2430d5d05d4863b227c5cefc7ac460 (127.4.96.6:47664)
I0517 06:44:31.593837 8284 leader_election.cc:379] T b6bea5c6c58641f8ab69083b20103628 P 10206d3db30a45a3a4c5a415d3ed2beb [CANDIDATE]: Term 1 election: Vote granted by peer fc2430d5d05d4863b227c5cefc7ac460 (127.4.96.6:47664)
I0517 06:44:31.595656 8597 tablet_service.cc:995] Received RequestConsensusVote() RPC: tablet_id: "b6bea5c6c58641f8ab69083b20103628" candidate_uuid: "dafb8d2b9a584a74b41c05787477c5c2" candidate_term: 1 candidate_status { last_received { term: 0 index: 0 } } ignore_live_leader: false dest_uuid: "fc2430d5d05d4863b227c5cefc7ac460" is_pre_election: true
I0517 06:44:31.596254 8597 raft_consensus.cc:2149] T b6bea5c6c58641f8ab69083b20103628 P fc2430d5d05d4863b227c5cefc7ac460 [term 1 FOLLOWER]: Leader pre-election vote request: Denying vote to candidate dafb8d2b9a584a74b41c05787477c5c2 in current term 1: Already voted for candidate 10206d3db30a45a3a4c5a415d3ed2beb in this term.
I0517 06:44:31.603066 4480 ts_itest-base.cc:233] Waiting for 1 tablets on tserver fc2430d5d05d4863b227c5cefc7ac460 to finish bootstrapping
I0517 06:44:31.603101 8408 leader_election.cc:393] T b6bea5c6c58641f8ab69083b20103628 P dafb8d2b9a584a74b41c05787477c5c2 [CANDIDATE]: Term 1 pre-election: Vote denied by peer fc2430d5d05d4863b227c5cefc7ac460 (127.4.96.6:47664). Message: Invalid argument: T b6bea5c6c58641f8ab69083b20103628 P fc2430d5d05d4863b227c5cefc7ac460 [term 1 FOLLOWER]: Leader pre-election vote request: Denying vote to candidate dafb8d2b9a584a74b41c05787477c5c2 in current term 1: Already voted for candidate 10206d3db30a45a3a4c5a415d3ed2beb in this term.
W0517 06:44:31.365255 8766 tablet.cc:1678] T b6bea5c6c58641f8ab69083b20103628 P 51cb8e32a7ed4c7dbd5b79785556c592: Can't schedule compaction. Clean time has not been advanced past its initial value.
I0517 06:44:31.607515 8473 tablet_service.cc:995] Received RequestConsensusVote() RPC: tablet_id: "b6bea5c6c58641f8ab69083b20103628" candidate_uuid: "fc2430d5d05d4863b227c5cefc7ac460" candidate_term: 1 candidate_status { last_received { term: 0 index: 0 } } ignore_live_leader: false dest_uuid: "dafb8d2b9a584a74b41c05787477c5c2" is_pre_election: true
I0517 06:44:31.608012 8473 raft_consensus.cc:2704] T b6bea5c6c58641f8ab69083b20103628 P dafb8d2b9a584a74b41c05787477c5c2: Snoozing failure detection for 1.811s (vote granted)
I0517 06:44:31.608223 8473 raft_consensus.cc:2219] T b6bea5c6c58641f8ab69083b20103628 P dafb8d2b9a584a74b41c05787477c5c2 [term 1 FOLLOWER]: Leader pre-election vote request: Granting yes vote for candidate fc2430d5d05d4863b227c5cefc7ac460 in term 1.
I0517 06:44:31.609256 8529 leader_election.cc:379] T b6bea5c6c58641f8ab69083b20103628 P fc2430d5d05d4863b227c5cefc7ac460 [CANDIDATE]: Term 1 pre-election: Vote granted by peer dafb8d2b9a584a74b41c05787477c5c2 (127.4.96.5:54438)
I0517 06:44:31.617645 8226 tablet_service.cc:995] Received RequestConsensusVote() RPC: tablet_id: "b6bea5c6c58641f8ab69083b20103628" candidate_uuid: "fc2430d5d05d4863b227c5cefc7ac460" candidate_term: 1 candidate_status { last_received { term: 0 index: 0 } } ignore_live_leader: false dest_uuid: "6a3b5a36994a489eb39f15f8700fc089" is_pre_election: true
I0517 06:44:31.618245 8226 raft_consensus.cc:2149] T b6bea5c6c58641f8ab69083b20103628 P 6a3b5a36994a489eb39f15f8700fc089 [term 1 FOLLOWER]: Leader pre-election vote request: Denying vote to candidate fc2430d5d05d4863b227c5cefc7ac460 in current term 1: Already voted for candidate 10206d3db30a45a3a4c5a415d3ed2beb in this term.
I0517 06:44:31.618266 4480 ts_itest-base.cc:233] Waiting for 1 tablets on tserver 51cb8e32a7ed4c7dbd5b79785556c592 to finish bootstrapping
I0517 06:44:31.619355 8530 leader_election.cc:393] T b6bea5c6c58641f8ab69083b20103628 P fc2430d5d05d4863b227c5cefc7ac460 [CANDIDATE]: Term 1 pre-election: Vote denied by peer 6a3b5a36994a489eb39f15f8700fc089 (127.4.96.3:43022). Message: Invalid argument: T b6bea5c6c58641f8ab69083b20103628 P 6a3b5a36994a489eb39f15f8700fc089 [term 1 FOLLOWER]: Leader pre-election vote request: Denying vote to candidate fc2430d5d05d4863b227c5cefc7ac460 in current term 1: Already voted for candidate 10206d3db30a45a3a4c5a415d3ed2beb in this term.
I0517 06:44:31.621109 8350 tablet_service.cc:995] Received RequestConsensusVote() RPC: tablet_id: "b6bea5c6c58641f8ab69083b20103628" candidate_uuid: "fc2430d5d05d4863b227c5cefc7ac460" candidate_term: 1 candidate_status { last_received { term: 0 index: 0 } } ignore_live_leader: false dest_uuid: "10206d3db30a45a3a4c5a415d3ed2beb" is_pre_election: true
I0517 06:44:31.621659 8350 raft_consensus.cc:2180] T b6bea5c6c58641f8ab69083b20103628 P 10206d3db30a45a3a4c5a415d3ed2beb [term 1 LEADER]: Leader pre-election vote request: Denying vote to candidate fc2430d5d05d4863b227c5cefc7ac460 for term 1 because replica is either leader or believes a valid leader to be alive.
I0517 06:44:31.623562 8528 leader_election.cc:393] T b6bea5c6c58641f8ab69083b20103628 P fc2430d5d05d4863b227c5cefc7ac460 [CANDIDATE]: Term 1 pre-election: Vote denied by peer 10206d3db30a45a3a4c5a415d3ed2beb (127.4.96.4:51856). Message: Invalid argument: T b6bea5c6c58641f8ab69083b20103628 P 10206d3db30a45a3a4c5a415d3ed2beb [term 1 LEADER]: Leader pre-election vote request: Denying vote to candidate fc2430d5d05d4863b227c5cefc7ac460 for term 1 because replica is either leader or believes a valid leader to be alive.
I0517 06:44:31.624821 8722 tablet_service.cc:995] Received RequestConsensusVote() RPC: tablet_id: "b6bea5c6c58641f8ab69083b20103628" candidate_uuid: "fc2430d5d05d4863b227c5cefc7ac460" candidate_term: 1 candidate_status { last_received { term: 0 index: 0 } } ignore_live_leader: false dest_uuid: "51cb8e32a7ed4c7dbd5b79785556c592" is_pre_election: true
I0517 06:44:31.625345 8722 raft_consensus.cc:2149] T b6bea5c6c58641f8ab69083b20103628 P 51cb8e32a7ed4c7dbd5b79785556c592 [term 1 FOLLOWER]: Leader pre-election vote request: Denying vote to candidate fc2430d5d05d4863b227c5cefc7ac460 in current term 1: Already voted for candidate 10206d3db30a45a3a4c5a415d3ed2beb in this term.
I0517 06:44:31.626034 8530 leader_election.cc:393] T b6bea5c6c58641f8ab69083b20103628 P fc2430d5d05d4863b227c5cefc7ac460 [CANDIDATE]: Term 1 pre-election: Vote denied by peer 51cb8e32a7ed4c7dbd5b79785556c592 (127.4.96.7:45618). Message: Invalid argument: T b6bea5c6c58641f8ab69083b20103628 P 51cb8e32a7ed4c7dbd5b79785556c592 [term 1 FOLLOWER]: Leader pre-election vote request: Denying vote to candidate fc2430d5d05d4863b227c5cefc7ac460 in current term 1: Already voted for candidate 10206d3db30a45a3a4c5a415d3ed2beb in this term.
I0517 06:44:31.626214 8530 leader_election.cc:270] T b6bea5c6c58641f8ab69083b20103628 P fc2430d5d05d4863b227c5cefc7ac460 [CANDIDATE]: Term 1 pre-election: Election decided. Result: candidate lost.
I0517 06:44:31.627413 8926 raft_consensus.cc:2704] T b6bea5c6c58641f8ab69083b20103628 P fc2430d5d05d4863b227c5cefc7ac460: Snoozing failure detection for 2.098s (election complete)
I0517 06:44:31.627621 8926 raft_consensus.cc:2459] T b6bea5c6c58641f8ab69083b20103628 P fc2430d5d05d4863b227c5cefc7ac460 [term 1 FOLLOWER]: Leader pre-election lost for term 1. Reason: could not achieve majority
