I0517 06:45:26.325553 14172 raft_consensus.cc:303] T 07cc6b3e80054ec99fbc1e7916e5deb5 P 7e1a132421e04eff80d291cd291adf7a [term 0 FOLLOWER]: Replica starting. Triggering 0 pending transactions. Active config: opid_index: -1 OBSOLETE_local: false peers { permanent_uuid: "7e1a132421e04eff80d291cd291adf7a" member_type: VOTER last_known_addr { host: "127.4.96.3" port: 39372 } } peers { permanent_uuid: "26b3eec87cbf40d5905f9222fdb43315" member_type: VOTER last_known_addr { host: "127.4.96.2" port: 33031 } } peers { permanent_uuid: "7af37c5629314932867fa97ffa7f0d6e" member_type: VOTER last_known_addr { host: "127.4.96.1" port: 55444 } }
I0517 06:45:26.326102 14171 ts_tablet_manager.cc:1073] T 07cc6b3e80054ec99fbc1e7916e5deb5 P 26b3eec87cbf40d5905f9222fdb43315: Time spent starting tablet: real 0.024s user 0.012s sys 0.012s
I0517 06:45:26.326349 14172 raft_consensus.cc:604] T 07cc6b3e80054ec99fbc1e7916e5deb5 P 7e1a132421e04eff80d291cd291adf7a [term 0 FOLLOWER]: Becoming Follower/Learner. State: Replica: 7e1a132421e04eff80d291cd291adf7a, State: Initialized, Role: FOLLOWER
I0517 06:45:26.326722 14172 consensus_queue.cc:227] T 07cc6b3e80054ec99fbc1e7916e5deb5 P 7e1a132421e04eff80d291cd291adf7a [NON_LEADER]: Queue going to NON_LEADER mode. State: All replicated index: 0, Majority replicated index: 0, Committed index: 0, Last appended: 0.0, Last appended by leader: 0, Current term: 0, Majority size: -1, State: 0, Mode: NON_LEADER, active raft config: opid_index: -1 OBSOLETE_local: false peers { permanent_uuid: "7e1a132421e04eff80d291cd291adf7a" member_type: VOTER last_known_addr { host: "127.4.96.3" port: 39372 } } peers { permanent_uuid: "26b3eec87cbf40d5905f9222fdb43315" member_type: VOTER last_known_addr { host: "127.4.96.2" port: 33031 } } peers { permanent_uuid: "7af37c5629314932867fa97ffa7f0d6e" member_type: VOTER last_known_addr { host: "127.4.96.1" port: 55444 } }
I0517 06:45:26.328795 14150 heartbeater.cc:467] Master 127.4.96.62:33601 was elected leader, sending a full tablet report...
I0517 06:45:26.329461 4480 external_mini_cluster.cc:482] 3 TS(s) registered with all masters
I0517 06:45:26.330430 14172 ts_tablet_manager.cc:1073] T 07cc6b3e80054ec99fbc1e7916e5deb5 P 7e1a132421e04eff80d291cd291adf7a: Time spent starting tablet: real 0.017s user 0.012s sys 0.004s
I0517 06:45:26.332062 4480 ts_itest-base.cc:233] Waiting for 1 tablets on tserver 7af37c5629314932867fa97ffa7f0d6e to finish bootstrapping
I0517 06:45:26.341337 4480 ts_itest-base.cc:233] Waiting for 1 tablets on tserver 26b3eec87cbf40d5905f9222fdb43315 to finish bootstrapping
I0517 06:45:26.349617 4480 ts_itest-base.cc:233] Waiting for 1 tablets on tserver 7e1a132421e04eff80d291cd291adf7a to finish bootstrapping
W0517 06:45:26.393851 14151 tablet.cc:1678] T 07cc6b3e80054ec99fbc1e7916e5deb5 P 7e1a132421e04eff80d291cd291adf7a: Can't schedule compaction. Clean time has not been advanced past its initial value.
W0517 06:45:26.502271 14181 flags.cc:406] Enabled unsafe flag: --never_fsync=true
W0517 06:45:26.548584 13902 tablet.cc:1678] T 07cc6b3e80054ec99fbc1e7916e5deb5 P 7af37c5629314932867fa97ffa7f0d6e: Can't schedule compaction. Clean time has not been advanced past its initial value.
W0517 06:45:26.572592 14027 tablet.cc:1678] T 07cc6b3e80054ec99fbc1e7916e5deb5 P 26b3eec87cbf40d5905f9222fdb43315: Can't schedule compaction. Clean time has not been advanced past its initial value.
I0517 06:45:27.708694 4480 external_mini_cluster.cc:978] Killing /tmp/dist-test-task4QLboq/build/tsan/bin/kudu-tserver with pid 13770
W0517 06:45:27.729188 13719 connection.cc:512] client connection to 127.4.96.1:55444 recv error: Network error: failed to read from TLS socket (remote: 127.4.96.1:55444): Connection reset by peer (error 104)
W0517 06:45:27.729396 13706 connection.cc:512] client connection to 127.4.96.1:55444 recv error: Network error: failed to read from TLS socket (remote: 127.4.96.1:55444): Connection reset by peer (error 104)
W0517 06:45:27.730207 13717 connection.cc:512] server connection from 127.4.96.1:52544 recv error: Network error: failed to read from TLS socket (remote: 127.4.96.1:52544): Connection reset by peer (error 104)
W0517 06:45:27.730515 13705 connection.cc:512] client connection to 127.4.96.1:55444 recv error: Network error: failed to read from TLS socket (remote: 127.4.96.1:55444): Connection reset by peer (error 104)
I0517 06:45:27.731474 4480 external_mini_cluster.cc:978] Killing /tmp/dist-test-task4QLboq/build/tsan/bin/kudu-tserver with pid 13905
W0517 06:45:27.749418 13719 connection.cc:512] server connection from 127.4.96.2:49400 recv error: Network error: failed to read from TLS socket (remote: 127.4.96.2:49400): Connection reset by peer (error 104)
I0517 06:45:27.749550 4480 external_mini_cluster.cc:978] Killing /tmp/dist-test-task4QLboq/build/tsan/bin/kudu-tserver with pid 14029
W0517 06:45:27.749604 13702 connection.cc:512] client connection to 127.4.96.2:33031 recv error: Network error: failed to read from TLS socket (remote: 127.4.96.2:33031): Connection reset by peer (error 104)
W0517 06:45:27.749955 13715 connection.cc:512] client connection to 127.4.96.2:33031 recv error: Network error: failed to read from TLS socket (remote: 127.4.96.2:33031): Connection reset by peer (error 104)
W0517 06:45:27.750473 13706 connection.cc:512] client connection to 127.4.96.2:33031 recv error: Network error: failed to read from TLS socket (remote: 127.4.96.2:33031): Connection reset by peer (error 104)
W0517 06:45:27.767223 13717 connection.cc:512] client connection to 127.4.96.3:39372 recv error: Network error: failed to read from TLS socket (remote: 127.4.96.3:39372): Connection reset by peer (error 104)
W0517 06:45:27.767336 13704 connection.cc:512] client connection to 127.4.96.3:39372 recv error: Network error: failed to read from TLS socket (remote: 127.4.96.3:39372): Connection reset by peer (error 104)
I0517 06:45:27.767391 4480 external_mini_cluster.cc:978] Killing /tmp/dist-test-task4QLboq/build/tsan/bin/kudu-master with pid 13707
W0517 06:45:27.768179 13706 connection.cc:512] client connection to 127.4.96.3:39372 recv error: Network error: failed to read from TLS socket (remote: 127.4.96.3:39372): Connection reset by peer (error 104)
W0517 06:45:27.797448 13706 connection.cc:512] client connection to 127.4.96.62:33601 recv error: Network error: failed to read from TLS socket (remote: 127.4.96.62:33601): Connection reset by peer (error 104) [ OK ] AdminCliTest.TestLeaderStepDownWhenNotPresent (3652 ms) [ RUN ] AdminCliTest.TestDeleteTable
I0517 06:45:27.809957 4480 test_util.cc:200] Using random seed: 776629111
I0517 06:45:27.812870 4480 ts_itest-base.cc:113] Starting cluster with:
I0517 06:45:27.812970 4480 ts_itest-base.cc:114] --------------
I0517 06:45:27.813056 4480 ts_itest-base.cc:115] 1 tablet servers
I0517 06:45:27.813141 4480 ts_itest-base.cc:116] 1 replicas per TS
I0517 06:45:27.813225 4480 ts_itest-base.cc:117] --------------
I0517 06:45:27.815533 4480 external_mini_cluster.cc:786] Running /tmp/dist-test-task4QLboq/build/tsan/bin/kudu-master /tmp/dist-test-task4QLboq/build/tsan/bin/kudu-master --fs_wal_dir=/tmp/dist-test-task4QLboq/test-tmp/kudu-admin-test.0.AdminCliTest.TestDeleteTable.1526539434354140-4480/raft_consensus-itest-cluster/master-0/wal --fs_data_dirs=/tmp/dist-test-task4QLboq/test-tmp/kudu-admin-test.0.AdminCliTest.TestDeleteTable.1526539434354140-4480/raft_consensus-itest-cluster/master-0/data --block_manager=log --webserver_interface=localhost --ipki_ca_key_size=1024 --tsk_num_rsa_bits=512 --rpc_bind_addresses=127.4.96.62:37260 --webserver_interface=127.4.96.62 --webserver_port=0 --never_fsync --ipki_server_key_size=1024 --enable_minidumps=false --redact=none --metrics_log_interval_ms=1000 --logtostderr --logbuflevel=-1 --log_dir=/tmp/dist-test-task4QLboq/test-tmp/kudu-admin-test.0.AdminCliTest.TestDeleteTable.1526539434354140-4480/raft_consensus-itest-cluster/master-0/logs --server_dump_info_path=/tmp/dist-test-task4QLboq/test-tmp/kudu-admin-test.0.AdminCliTest.TestDeleteTable.1526539434354140-4480/raft_consensus-itest-cluster/master-0/data/info.pb --server_dump_info_format=pb --rpc_server_allow_ephemeral_ports --unlock_experimental_flags --unlock_unsafe_flags --rpc_reuseport=true with env {} WARNING: Logging before InitGoogleLogging() is written to STDERR
W0517 06:45:27.928311 14195 flags.cc:406] Enabled unsafe flag: --rpc_server_allow_ephemeral_ports=true
W0517 06:45:27.928633 14195 flags.cc:406] Enabled unsafe flag: --never_fsync=true
W0517 06:45:27.937558 14195 flags.cc:406] Enabled experimental flag: --ipki_ca_key_size=1024
W0517 06:45:27.937686 14195 flags.cc:406] Enabled experimental flag: --ipki_server_key_size=1024
W0517 06:45:27.937801 14195 flags.cc:406] Enabled experimental flag: --tsk_num_rsa_bits=512
W0517 06:45:27.937943 14195 flags.cc:406] Enabled experimental flag: --rpc_reuseport=true
I0517 06:45:27.951468 14195 master_main.cc:73] Master server non-default flags: --fs_data_dirs=/tmp/dist-test-task4QLboq/test-tmp/kudu-admin-test.0.AdminCliTest.TestDeleteTable.1526539434354140-4480/raft_consensus-itest-cluster/master-0/data --fs_wal_dir=/tmp/dist-test-task4QLboq/test-tmp/kudu-admin-test.0.AdminCliTest.TestDeleteTable.1526539434354140-4480/raft_consensus-itest-cluster/master-0/wal --ipki_ca_key_size=1024 --ipki_server_key_size=1024 --tsk_num_rsa_bits=512 --rpc_bind_addresses=127.4.96.62:37260 --rpc_reuseport=true --rpc_server_allow_ephemeral_ports=true --metrics_log_interval_ms=1000 --server_dump_info_format=pb --server_dump_info_path=/tmp/dist-test-task4QLboq/test-tmp/kudu-admin-test.0.AdminCliTest.TestDeleteTable.1526539434354140-4480/raft_consensus-itest-cluster/master-0/data/info.pb --webserver_interface=127.4.96.62 --webserver_port=0 --never_fsync=true --redact=none --unlock_experimental_flags=true --unlock_unsafe_flags=true --enable_minidumps=false --log_dir=/tmp/dist-test-task4QLboq/test-tmp/kudu-admin-test.0.AdminCliTest.TestDeleteTable.1526539434354140-4480/raft_consensus-itest-cluster/master-0/logs --logbuflevel=-1 --logtostderr=true Master server version: kudu 1.8.0-SNAPSHOT revision f969af316286807a745fa39b9c2ee604c88b63c9 build type FASTDEBUG built by None at 17 May 2018 06:38:04 UTC on jenkins-slave-snjf build id 13499 TSAN enabled
I0517 06:45:27.959100 14195 master_main.cc:80] Initializing master server...
I0517 06:45:27.960604 14195 system_ntp.cc:143] NTP initialized. Skew: 500ppm Current error: 162819us
I0517 06:45:27.961341 14195 fs_manager.cc:260] Metadata directory not provided
I0517 06:45:27.961472 14195 fs_manager.cc:266] Using write-ahead log directory (fs_wal_dir) as metadata directory
I0517 06:45:27.961678 14195 server_base.cc:432] Could not load existing FS layout: Not found: /tmp/dist-test-task4QLboq/test-tmp/kudu-admin-test.0.AdminCliTest.TestDeleteTable.1526539434354140-4480/raft_consensus-itest-cluster/master-0/data/instance: No such file or directory (error 2)
I0517 06:45:27.961791 14195 server_base.cc:433] Attempting to create new FS layout instead
I0517 06:45:27.969038 14195 fs_manager.cc:595] Generated new instance metadata in path /tmp/dist-test-task4QLboq/test-tmp/kudu-admin-test.0.AdminCliTest.TestDeleteTable.1526539434354140-4480/raft_consensus-itest-cluster/master-0/data/instance: uuid: "bcade0038ff04215b52157779c98571a" format_stamp: "Formatted at 2018-05-17 06:45:27 on dist-test-slave-dist-test-slave-26mv"
I0517 06:45:27.969708 14195 fs_manager.cc:595] Generated new instance metadata in path /tmp/dist-test-task4QLboq/test-tmp/kudu-admin-test.0.AdminCliTest.TestDeleteTable.1526539434354140-4480/raft_consensus-itest-cluster/master-0/wal/instance: uuid: "bcade0038ff04215b52157779c98571a" format_stamp: "Formatted at 2018-05-17 06:45:27 on dist-test-slave-dist-test-slave-26mv"
I0517 06:45:27.979507 14195 fs_manager.cc:495] Time spent creating directory manager: real 0.009s user 0.004s sys 0.004s
I0517 06:45:27.980621 14195 env_posix.cc:1643] Not raising this process' open files per process limit of 65536; it is already as high as it can go
I0517 06:45:27.981027 14195 file_cache.cc:470] Constructed file cache lbm with capacity 26214
I0517 06:45:27.987385 14195 fs_manager.cc:417] Time spent opening block manager: real 0.001s user 0.004s sys 0.000s
I0517 06:45:27.987498 14195 fs_manager.cc:428] Opened local filesystem: /tmp/dist-test-task4QLboq/test-tmp/kudu-admin-test.0.AdminCliTest.TestDeleteTable.1526539434354140-4480/raft_consensus-itest-cluster/master-0/data,/tmp/dist-test-task4QLboq/test-tmp/kudu-admin-test.0.AdminCliTest.TestDeleteTable.1526539434354140-4480/raft_consensus-itest-cluster/master-0/wal uuid: "bcade0038ff04215b52157779c98571a" format_stamp: "Formatted at 2018-05-17 06:45:27 on dist-test-slave-dist-test-slave-26mv"
I0517 06:45:27.987694 14195 fs_report.cc:347] Block manager report -------------------- 1 data directories: /tmp/dist-test-task4QLboq/test-tmp/kudu-admin-test.0.AdminCliTest.TestDeleteTable.1526539434354140-4480/raft_consensus-itest-cluster/master-0/data/data Total live blocks: 0 Total live bytes: 0 Total live bytes (after alignment): 0 Total number of LBM containers: 0 (0 full) Did not check for missing blocks Did not check for orphaned blocks Total full LBM containers with extra space: 0 (0 repaired) Total full LBM container extra space in bytes: 0 (0 repaired) Total incomplete LBM containers: 0 (0 repaired) Total LBM partial records: 0 (0 repaired)
I0517 06:45:28.143658 14195 env_posix.cc:1643] Not raising this process' running threads per effective uid limit of 60284; it is already as high as it can go
I0517 06:45:28.145313 14195 master_main.cc:83] Starting Master server...
I0517 06:45:28.185473 14195 rpc_server.cc:205] RPC server started. Bound to: 127.4.96.62:37260
I0517 06:45:28.186337 14195 webserver.cc:173] Starting webserver on 127.4.96.62:0
I0517 06:45:28.186444 14195 webserver.cc:184] Document root disabled
I0517 06:45:28.187652 14195 webserver.cc:311] Webserver started. Bound to: http://127.4.96.62:45866/
I0517 06:45:28.188354 14195 server_base.cc:607] Dumped server information to /tmp/dist-test-task4QLboq/test-tmp/kudu-admin-test.0.AdminCliTest.TestDeleteTable.1526539434354140-4480/raft_consensus-itest-cluster/master-0/data/info.pb
I0517 06:45:28.190892 14256 data_dirs.cc:934] Could only allocate 1 dirs of requested 3 for tablet 00000000000000000000000000000000. 1 dirs total, 0 dirs full, 0 dirs failed
I0517 06:45:28.197913 4480 external_mini_cluster.cc:848] Started /tmp/dist-test-task4QLboq/build/tsan/bin/kudu-master as pid 14195
I0517 06:45:28.198917 4480 external_mini_cluster.cc:786] Running /tmp/dist-test-task4QLboq/build/tsan/bin/kudu-tserver /tmp/dist-test-task4QLboq/build/tsan/bin/kudu-tserver --fs_wal_dir=/tmp/dist-test-task4QLboq/test-tmp/kudu-admin-test.0.AdminCliTest.TestDeleteTable.1526539434354140-4480/raft_consensus-itest-cluster/ts-0/wal --fs_data_dirs=/tmp/dist-test-task4QLboq/test-tmp/kudu-admin-test.0.AdminCliTest.TestDeleteTable.1526539434354140-4480/raft_consensus-itest-cluster/ts-0/data --block_manager=log --rpc_bind_addresses=127.4.96.1:0 --local_ip_for_outbound_sockets=127.4.96.1 --webserver_interface=127.4.96.1 --webserver_port=0 --tserver_master_addrs=127.4.96.62:37260 --never_fsync --ipki_server_key_size=1024 --enable_minidumps=false --redact=none --metrics_log_interval_ms=1000 --logtostderr --logbuflevel=-1 --log_dir=/tmp/dist-test-task4QLboq/test-tmp/kudu-admin-test.0.AdminCliTest.TestDeleteTable.1526539434354140-4480/raft_consensus-itest-cluster/ts-0/logs --server_dump_info_path=/tmp/dist-test-task4QLboq/test-tmp/kudu-admin-test.0.AdminCliTest.TestDeleteTable.1526539434354140-4480/raft_consensus-itest-cluster/ts-0/data/info.pb --server_dump_info_format=pb --rpc_server_allow_ephemeral_ports --unlock_experimental_flags --unlock_unsafe_flags --log_cache_size_limit_mb=10 --consensus_rpc_timeout_ms=30000 with env {}
I0517 06:45:28.204401 14256 tablet_bootstrap.cc:436] T 00000000000000000000000000000000 P bcade0038ff04215b52157779c98571a: Bootstrap starting.
I0517 06:45:28.206571 14256 tablet_bootstrap.cc:587] T 00000000000000000000000000000000 P bcade0038ff04215b52157779c98571a: No blocks or log segments found. Creating new log.
I0517 06:45:28.207717 14256 log.cc:520] T 00000000000000000000000000000000 P bcade0038ff04215b52157779c98571a: Log is configured to *not* fsync() on all Append() calls
I0517 06:45:28.210058 14256 tablet_bootstrap.cc:436] T 00000000000000000000000000000000 P bcade0038ff04215b52157779c98571a: No bootstrap required, opened a new log
I0517 06:45:28.221731 14256 raft_consensus.cc:303] T 00000000000000000000000000000000 P bcade0038ff04215b52157779c98571a [term 0 FOLLOWER]: Replica starting. Triggering 0 pending transactions. Active config: opid_index: -1 OBSOLETE_local: true peers { permanent_uuid: "bcade0038ff04215b52157779c98571a" member_type: VOTER }
I0517 06:45:28.222041 14256 raft_consensus.cc:329] T 00000000000000000000000000000000 P bcade0038ff04215b52157779c98571a [term 0 FOLLOWER]: Consensus starting up: Expiring failure detector timer to make a prompt election more likely
I0517 06:45:28.222218 14256 raft_consensus.cc:604] T 00000000000000000000000000000000 P bcade0038ff04215b52157779c98571a [term 0 FOLLOWER]: Becoming Follower/Learner. State: Replica: bcade0038ff04215b52157779c98571a, State: Initialized, Role: FOLLOWER
I0517 06:45:28.222743 14256 consensus_queue.cc:227] T 00000000000000000000000000000000 P bcade0038ff04215b52157779c98571a [NON_LEADER]: Queue going to NON_LEADER mode. State: All replicated index: 0, Majority replicated index: 0, Committed index: 0, Last appended: 0.0, Last appended by leader: 0, Current term: 0, Majority size: -1, State: 0, Mode: NON_LEADER, active raft config: opid_index: -1 OBSOLETE_local: true peers { permanent_uuid: "bcade0038ff04215b52157779c98571a" member_type: VOTER }
I0517 06:45:28.223184 14256 raft_consensus.cc:343] T 00000000000000000000000000000000 P bcade0038ff04215b52157779c98571a [term 0 FOLLOWER]: Only one voter in the Raft config. Triggering election immediately
I0517 06:45:28.223392 14256 raft_consensus.cc:435] T 00000000000000000000000000000000 P bcade0038ff04215b52157779c98571a [term 0 FOLLOWER]: Starting leader election (initial election of a single-replica configuration)
I0517 06:45:28.223587 14256 raft_consensus.cc:2704] T 00000000000000000000000000000000 P bcade0038ff04215b52157779c98571a: Snoozing failure detection for 1.747s (starting election)
I0517 06:45:28.223755 14256 raft_consensus.cc:2756] T 00000000000000000000000000000000 P bcade0038ff04215b52157779c98571a [term 0 FOLLOWER]: Advancing to term 1
I0517 06:45:28.226148 14256 raft_consensus.cc:457] T 00000000000000000000000000000000 P bcade0038ff04215b52157779c98571a [term 1 FOLLOWER]: Starting leader election with config: opid_index: -1 OBSOLETE_local: true peers { permanent_uuid: "bcade0038ff04215b52157779c98571a" member_type: VOTER }
I0517 06:45:28.226564 14256 leader_election.cc:270] T 00000000000000000000000000000000 P bcade0038ff04215b52157779c98571a [CANDIDATE]: Term 1 election: Election decided. Result: candidate won.
I0517 06:45:28.228096 14259 raft_consensus.cc:2704] T 00000000000000000000000000000000 P bcade0038ff04215b52157779c98571a: Snoozing failure detection for 2.124s (election complete)
I0517 06:45:28.229360 14259 raft_consensus.cc:2511] T 00000000000000000000000000000000 P bcade0038ff04215b52157779c98571a [term 1 FOLLOWER]: Leader election won for term 1
I0517 06:45:28.246403 14259 raft_consensus.cc:571] T 00000000000000000000000000000000 P bcade0038ff04215b52157779c98571a [term 1 LEADER]: Becoming Leader. State: Replica: bcade0038ff04215b52157779c98571a, State: Running, Role: LEADER
I0517 06:45:28.246800 14259 consensus_queue.cc:204] T 00000000000000000000000000000000 P bcade0038ff04215b52157779c98571a [LEADER]: Queue going to LEADER mode. State: All replicated index: 0, Majority replicated index: 0, Committed index: 0, Last appended: 0.0, Last appended by leader: 0, Current term: 1, Majority size: 1, State: 0, Mode: LEADER, active raft config: opid_index: -1 OBSOLETE_local: true peers { permanent_uuid: "bcade0038ff04215b52157779c98571a" member_type: VOTER }
I0517 06:45:28.250162 14256 sys_catalog.cc:335] T 00000000000000000000000000000000 P bcade0038ff04215b52157779c98571a [sys.catalog]: SysCatalogTable state changed. Reason: Started TabletReplica. Latest consensus state: current_term: 1 leader_uuid: "bcade0038ff04215b52157779c98571a" committed_config { opid_index: -1 OBSOLETE_local: true peers { permanent_uuid: "bcade0038ff04215b52157779c98571a" member_type: VOTER } }
I0517 06:45:28.250577 14256 sys_catalog.cc:338] T 00000000000000000000000000000000 P bcade0038ff04215b52157779c98571a [sys.catalog]: This master's current role is: LEADER
I0517 06:45:28.250656 14260 sys_catalog.cc:335] T 00000000000000000000000000000000 P bcade0038ff04215b52157779c98571a [sys.catalog]: SysCatalogTable state changed. Reason: RaftConsensus started. Latest consensus state: current_term: 1 leader_uuid: "bcade0038ff04215b52157779c98571a" committed_config { opid_index: -1 OBSOLETE_local: true peers { permanent_uuid: "bcade0038ff04215b52157779c98571a" member_type: VOTER } }
I0517 06:45:28.310395 14260 sys_catalog.cc:338] T 00000000000000000000000000000000 P bcade0038ff04215b52157779c98571a [sys.catalog]: This master's current role is: LEADER
I0517 06:45:28.315449 14256 sys_catalog.cc:422] T 00000000000000000000000000000000 P bcade0038ff04215b52157779c98571a [sys.catalog]: configured and running, proceeding with master startup.
I0517 06:45:28.251835 14261 sys_catalog.cc:335] T 00000000000000000000000000000000 P bcade0038ff04215b52157779c98571a [sys.catalog]: SysCatalogTable state changed. Reason: New leader bcade0038ff04215b52157779c98571a. Latest consensus state: current_term: 1 leader_uuid: "bcade0038ff04215b52157779c98571a" committed_config { opid_index: -1 OBSOLETE_local: true peers { permanent_uuid: "bcade0038ff04215b52157779c98571a" member_type: VOTER } }
I0517 06:45:28.317744 14261 sys_catalog.cc:338] T 00000000000000000000000000000000 P bcade0038ff04215b52157779c98571a [sys.catalog]: This master's current role is: LEADER
I0517 06:45:28.318876 14195 master_main.cc:86] Master server successfully started.
W0517 06:45:28.322177 14264 catalog_manager.cc:1047] T 00000000000000000000000000000000 P bcade0038ff04215b52157779c98571a: acquiring CA information for follower catalog manager: Not found: root CA entry not found
W0517 06:45:28.322418 14264 catalog_manager.cc:562] Not found: root CA entry not found: failed to prepare follower catalog manager, will retry
I0517 06:45:28.322688 14263 catalog_manager.cc:1001] Loading table and tablet metadata into memory...
I0517 06:45:28.325634 14263 catalog_manager.cc:1012] Initializing Kudu internal certificate authority... WARNING: Logging before InitGoogleLogging() is written to STDERR
W0517 06:45:28.341519 14257 flags.cc:406] Enabled unsafe flag: --rpc_server_allow_ephemeral_ports=true
W0517 06:45:28.341861 14257 flags.cc:406] Enabled unsafe flag: --never_fsync=true
W0517 06:45:28.349764 14257 flags.cc:406] Enabled experimental flag: --ipki_server_key_size=1024
W0517 06:45:28.350111 14257 flags.cc:406] Enabled experimental flag: --local_ip_for_outbound_sockets=127.4.96.1
I0517 06:45:28.367933 14263 catalog_manager.cc:899] Generated new certificate authority record
I0517 06:45:28.368947 14257 tablet_server_main.cc:78] Tablet server non-default flags: --log_cache_size_limit_mb=10 --fs_data_dirs=/tmp/dist-test-task4QLboq/test-tmp/kudu-admin-test.0.AdminCliTest.TestDeleteTable.1526539434354140-4480/raft_consensus-itest-cluster/ts-0/data --fs_wal_dir=/tmp/dist-test-task4QLboq/test-tmp/kudu-admin-test.0.AdminCliTest.TestDeleteTable.1526539434354140-4480/raft_consensus-itest-cluster/ts-0/wal --ipki_server_key_size=1024 --rpc_bind_addresses=127.4.96.1:0 --rpc_server_allow_ephemeral_ports=true --metrics_log_interval_ms=1000 --server_dump_info_format=pb --server_dump_info_path=/tmp/dist-test-task4QLboq/test-tmp/kudu-admin-test.0.AdminCliTest.TestDeleteTable.1526539434354140-4480/raft_consensus-itest-cluster/ts-0/data/info.pb --webserver_interface=127.4.96.1 --webserver_port=0 --tserver_master_addrs=127.4.96.62:37260 --never_fsync=true --redact=none --unlock_experimental_flags=true --unlock_unsafe_flags=true --enable_minidumps=false --local_ip_for_outbound_sockets=127.4.96.1 --log_dir=/tmp/dist-test-task4QLboq/test-tmp/kudu-admin-test.0.AdminCliTest.TestDeleteTable.1526539434354140-4480/raft_consensus-itest-cluster/ts-0/logs --logbuflevel=-1 --logtostderr=true Tablet server version: kudu 1.8.0-SNAPSHOT revision f969af316286807a745fa39b9c2ee604c88b63c9 build type FASTDEBUG built by None at 17 May 2018 06:38:04 UTC on jenkins-slave-snjf build id 13499 TSAN enabled
I0517 06:45:28.369720 14263 catalog_manager.cc:1021] Loading token signing keys...
I0517 06:45:28.377071 14257 tablet_server_main.cc:85] Initializing tablet server...
I0517 06:45:28.378893 14257 system_ntp.cc:143] NTP initialized. Skew: 500ppm Current error: 163319us
I0517 06:45:28.379313 14257 fs_manager.cc:260] Metadata directory not provided
I0517 06:45:28.379444 14257 fs_manager.cc:266] Using write-ahead log directory (fs_wal_dir) as metadata directory
I0517 06:45:28.379655 14257 server_base.cc:432] Could not load existing FS layout: Not found: /tmp/dist-test-task4QLboq/test-tmp/kudu-admin-test.0.AdminCliTest.TestDeleteTable.1526539434354140-4480/raft_consensus-itest-cluster/ts-0/data/instance: No such file or directory (error 2)
I0517 06:45:28.379777 14257 server_base.cc:433] Attempting to create new FS layout instead
I0517 06:45:28.388065 14263 catalog_manager.cc:3962] T 00000000000000000000000000000000 P bcade0038ff04215b52157779c98571a: Generated new TSK 0
I0517 06:45:28.388147 14257 fs_manager.cc:595] Generated new instance metadata in path /tmp/dist-test-task4QLboq/test-tmp/kudu-admin-test.0.AdminCliTest.TestDeleteTable.1526539434354140-4480/raft_consensus-itest-cluster/ts-0/data/instance: uuid: "fa607ff603494b5788bfc8dbf7f8f14d" format_stamp: "Formatted at 2018-05-17 06:45:28 on dist-test-slave-dist-test-slave-26mv"
I0517 06:45:28.388844 14257 fs_manager.cc:595] Generated new instance metadata in path /tmp/dist-test-task4QLboq/test-tmp/kudu-admin-test.0.AdminCliTest.TestDeleteTable.1526539434354140-4480/raft_consensus-itest-cluster/ts-0/wal/instance: uuid: "fa607ff603494b5788bfc8dbf7f8f14d" format_stamp: "Formatted at 2018-05-17 06:45:28 on dist-test-slave-dist-test-slave-26mv"
I0517 06:45:28.399634 14257 fs_manager.cc:495] Time spent creating directory manager: real 0.010s user 0.004s sys 0.008s
I0517 06:45:28.400813 14257 env_posix.cc:1643] Not raising this process' open files per process limit of 65536; it is already as high as it can go
I0517 06:45:28.401232 14257 file_cache.cc:470] Constructed file cache lbm with capacity 26214
I0517 06:45:28.407717 14257 fs_manager.cc:417] Time spent opening block manager: real 0.002s user 0.000s sys 0.000s
I0517 06:45:28.407829 14257 fs_manager.cc:428] Opened local filesystem: /tmp/dist-test-task4QLboq/test-tmp/kudu-admin-test.0.AdminCliTest.TestDeleteTable.1526539434354140-4480/raft_consensus-itest-cluster/ts-0/data,/tmp/dist-test-task4QLboq/test-tmp/kudu-admin-test.0.AdminCliTest.TestDeleteTable.1526539434354140-4480/raft_consensus-itest-cluster/ts-0/wal uuid: "fa607ff603494b5788bfc8dbf7f8f14d" format_stamp: "Formatted at 2018-05-17 06:45:28 on dist-test-slave-dist-test-slave-26mv"
I0517 06:45:28.408030 14257 fs_report.cc:347] Block manager report -------------------- 1 data directories: /tmp/dist-test-task4QLboq/test-tmp/kudu-admin-test.0.AdminCliTest.TestDeleteTable.1526539434354140-4480/raft_consensus-itest-cluster/ts-0/data/data Total live blocks: 0 Total live bytes: 0 Total live bytes (after alignment): 0 Total number of LBM containers: 0 (0 full) Did not check for missing blocks Did not check for orphaned blocks Total full LBM containers with extra space: 0 (0 repaired) Total full LBM container extra space in bytes: 0 (0 repaired) Total incomplete LBM containers: 0 (0 repaired) Total LBM partial records: 0 (0 repaired)
I0517 06:45:28.630237 14257 env_posix.cc:1643] Not raising this process' running threads per effective uid limit of 60284; it is already as high as it can go
I0517 06:45:28.632855 14257 ts_tablet_manager.cc:356] Loaded tablet metadata (0 live tablets)
I0517 06:45:28.634032 14257 tablet_server_main.cc:90] Starting tablet server...
I0517 06:45:28.735477 14257 rpc_server.cc:205] RPC server started. Bound to: 127.4.96.1:40122
I0517 06:45:28.736440 14257 webserver.cc:173] Starting webserver on 127.4.96.1:0
I0517 06:45:28.736548 14257 webserver.cc:184] Document root disabled
I0517 06:45:28.737900 14257 webserver.cc:311] Webserver started. Bound to: http://127.4.96.1:39786/
I0517 06:45:28.738615 14257 server_base.cc:607] Dumped server information to /tmp/dist-test-task4QLboq/test-tmp/kudu-admin-test.0.AdminCliTest.TestDeleteTable.1526539434354140-4480/raft_consensus-itest-cluster/ts-0/data/info.pb
I0517 06:45:28.745129 4480 external_mini_cluster.cc:848] Started /tmp/dist-test-task4QLboq/build/tsan/bin/kudu-tserver as pid 14257
I0517 06:45:28.754815 14257 tablet_server_main.cc:93] Tablet server successfully started.
I0517 06:45:28.772214 14388 heartbeater.cc:346] Connected to a master server at 127.4.96.62:37260
I0517 06:45:28.772505 14388 heartbeater.cc:426] Registering TS with master...
I0517 06:45:28.773072 14388 heartbeater.cc:475] Master 127.4.96.62:37260 requested a full tablet report, sending...
I0517 06:45:28.775142 14222 ts_manager.cc:81] Registered new tserver with Master: fa607ff603494b5788bfc8dbf7f8f14d (127.4.96.1:40122)
I0517 06:45:28.777253 14222 master_service.cc:249] Signed X509 certificate for tserver {username='slave'} at 127.4.96.1:43043
I0517 06:45:28.777698 4480 external_mini_cluster.cc:482] 1 TS(s) registered with all masters
I0517 06:45:28.795524 14222 catalog_manager.cc:1315] Servicing CreateTable request from {username='slave'} at 127.0.0.1:34715: name: "TestTable" schema { columns { name: "key" type: INT32 is_key: true is_nullable: false encoding: AUTO_ENCODING compression: DEFAULT_COMPRESSION cfile_block_size: 0 } columns { name: "int_val" type: INT32 is_key: false is_nullable: false encoding: AUTO_ENCODING compression: DEFAULT_COMPRESSION cfile_block_size: 0 } columns { name: "string_val" type: STRING is_key: false is_nullable: true encoding: AUTO_ENCODING compression: DEFAULT_COMPRESSION cfile_block_size: 0 } } num_replicas: 1 split_rows_range_bounds { } partition_schema { range_schema { columns { name: "key" } } }
I0517 06:45:28.826203 14325 tablet_service.cc:759] Processing CreateTablet for tablet 80b49b735f0a40bf98bd9fdb63f5442f (table=TestTable [id=17cf1799958646f5a065de9797183f85]), partition=RANGE (key) PARTITION UNBOUNDED
I0517 06:45:28.826867 14325 data_dirs.cc:934] Could only allocate 1 dirs of requested 3 for tablet 80b49b735f0a40bf98bd9fdb63f5442f. 1 dirs total, 0 dirs full, 0 dirs failed
I0517 06:45:28.838768 14325 ts_tablet_manager.cc:1173] T 80b49b735f0a40bf98bd9fdb63f5442f P fa607ff603494b5788bfc8dbf7f8f14d: Registered tablet (data state: TABLET_DATA_READY)
I0517 06:45:28.840337 14401 ts_tablet_manager.cc:1028] T 80b49b735f0a40bf98bd9fdb63f5442f P fa607ff603494b5788bfc8dbf7f8f14d: Bootstrapping tablet
I0517 06:45:28.840790 14401 tablet_bootstrap.cc:436] T 80b49b735f0a40bf98bd9fdb63f5442f P fa607ff603494b5788bfc8dbf7f8f14d: Bootstrap starting.
I0517 06:45:28.843956 14401 tablet_bootstrap.cc:587] T 80b49b735f0a40bf98bd9fdb63f5442f P fa607ff603494b5788bfc8dbf7f8f14d: No blocks or log segments found. Creating new log.
I0517 06:45:28.845571 14401 log.cc:520] T 80b49b735f0a40bf98bd9fdb63f5442f P fa607ff603494b5788bfc8dbf7f8f14d: Log is configured to *not* fsync() on all Append() calls
I0517 06:45:28.848049 14401 tablet_bootstrap.cc:436] T 80b49b735f0a40bf98bd9fdb63f5442f P fa607ff603494b5788bfc8dbf7f8f14d: No bootstrap required, opened a new log
I0517 06:45:28.848420 14401 ts_tablet_manager.cc:1045] T 80b49b735f0a40bf98bd9fdb63f5442f P fa607ff603494b5788bfc8dbf7f8f14d: Time spent bootstrapping tablet: real 0.008s user 0.004s sys 0.000s
I0517 06:45:28.863955 14401 raft_consensus.cc:303] T 80b49b735f0a40bf98bd9fdb63f5442f P fa607ff603494b5788bfc8dbf7f8f14d [term 0 FOLLOWER]: Replica starting. Triggering 0 pending transactions. Active config: opid_index: -1 OBSOLETE_local: true peers { permanent_uuid: "fa607ff603494b5788bfc8dbf7f8f14d" member_type: VOTER last_known_addr { host: "127.4.96.1" port: 40122 } }
I0517 06:45:28.864516 14401 raft_consensus.cc:329] T 80b49b735f0a40bf98bd9fdb63f5442f P fa607ff603494b5788bfc8dbf7f8f14d [term 0 FOLLOWER]: Consensus starting up: Expiring failure detector timer to make a prompt election more likely
I0517 06:45:28.864708 14401 raft_consensus.cc:604] T 80b49b735f0a40bf98bd9fdb63f5442f P fa607ff603494b5788bfc8dbf7f8f14d [term 0 FOLLOWER]: Becoming Follower/Learner. State: Replica: fa607ff603494b5788bfc8dbf7f8f14d, State: Initialized, Role: FOLLOWER
I0517 06:45:28.865214 14401 consensus_queue.cc:227] T 80b49b735f0a40bf98bd9fdb63f5442f P fa607ff603494b5788bfc8dbf7f8f14d [NON_LEADER]: Queue going to NON_LEADER mode. State: All replicated index: 0, Majority replicated index: 0, Committed index: 0, Last appended: 0.0, Last appended by leader: 0, Current term: 0, Majority size: -1, State: 0, Mode: NON_LEADER, active raft config: opid_index: -1 OBSOLETE_local: true peers { permanent_uuid: "fa607ff603494b5788bfc8dbf7f8f14d" member_type: VOTER last_known_addr { host: "127.4.96.1" port: 40122 } }
I0517 06:45:28.865710 14401 raft_consensus.cc:343] T 80b49b735f0a40bf98bd9fdb63f5442f P fa607ff603494b5788bfc8dbf7f8f14d [term 0 FOLLOWER]: Only one voter in the Raft config. Triggering election immediately
I0517 06:45:28.865913 14401 raft_consensus.cc:435] T 80b49b735f0a40bf98bd9fdb63f5442f P fa607ff603494b5788bfc8dbf7f8f14d [term 0 FOLLOWER]: Starting leader election (initial election of a single-replica configuration)
I0517 06:45:28.866139 14401 raft_consensus.cc:2704] T 80b49b735f0a40bf98bd9fdb63f5442f P fa607ff603494b5788bfc8dbf7f8f14d: Snoozing failure detection for 1.963s (starting election)
I0517 06:45:28.866358 14401 raft_consensus.cc:2756] T 80b49b735f0a40bf98bd9fdb63f5442f P fa607ff603494b5788bfc8dbf7f8f14d [term 0 FOLLOWER]: Advancing to term 1
I0517 06:45:28.870244 14401 raft_consensus.cc:457] T 80b49b735f0a40bf98bd9fdb63f5442f P fa607ff603494b5788bfc8dbf7f8f14d [term 1 FOLLOWER]: Starting leader election with config: opid_index: -1 OBSOLETE_local: true peers { permanent_uuid: "fa607ff603494b5788bfc8dbf7f8f14d" member_type: VOTER last_known_addr { host: "127.4.96.1" port: 40122 } }
I0517 06:45:28.870826 14401 leader_election.cc:270] T 80b49b735f0a40bf98bd9fdb63f5442f P fa607ff603494b5788bfc8dbf7f8f14d [CANDIDATE]: Term 1 election: Election decided. Result: candidate won.
I0517 06:45:28.872448 14403 raft_consensus.cc:2704] T 80b49b735f0a40bf98bd9fdb63f5442f P fa607ff603494b5788bfc8dbf7f8f14d: Snoozing failure detection for 2.018s (election complete)
I0517 06:45:28.872645 14403 raft_consensus.cc:2511] T 80b49b735f0a40bf98bd9fdb63f5442f P fa607ff603494b5788bfc8dbf7f8f14d [term 1 FOLLOWER]: Leader election won for term 1
I0517 06:45:28.876523 14403 raft_consensus.cc:571] T 80b49b735f0a40bf98bd9fdb63f5442f P fa607ff603494b5788bfc8dbf7f8f14d [term 1 LEADER]: Becoming Leader. State: Replica: fa607ff603494b5788bfc8dbf7f8f14d, State: Running, Role: LEADER
I0517 06:45:28.876910 14403 consensus_queue.cc:204] T 80b49b735f0a40bf98bd9fdb63f5442f P fa607ff603494b5788bfc8dbf7f8f14d [LEADER]: Queue going to LEADER mode. State: All replicated index: 0, Majority replicated index: 0, Committed index: 0, Last appended: 0.0, Last appended by leader: 0, Current term: 1, Majority size: 1, State: 0, Mode: LEADER, active raft config: opid_index: -1 OBSOLETE_local: true peers { permanent_uuid: "fa607ff603494b5788bfc8dbf7f8f14d" member_type: VOTER last_known_addr { host: "127.4.96.1" port: 40122 } }
I0517 06:45:28.876833 14388 heartbeater.cc:467] Master 127.4.96.62:37260 was elected leader, sending a full tablet report...
I0517 06:45:28.955862 14222 catalog_manager.cc:3686] T 80b49b735f0a40bf98bd9fdb63f5442f P fa607ff603494b5788bfc8dbf7f8f14d reported cstate change: term changed from 0 to 1, leader changed from to fa607ff603494b5788bfc8dbf7f8f14d (127.4.96.1). New cstate: current_term: 1 leader_uuid: "fa607ff603494b5788bfc8dbf7f8f14d" committed_config { opid_index: -1 OBSOLETE_local: true peers { permanent_uuid: "fa607ff603494b5788bfc8dbf7f8f14d" member_type: VOTER last_known_addr { host: "127.4.96.1" port: 40122 } health_report { overall_health: HEALTHY } } }
I0517 06:45:28.958079 14401 ts_tablet_manager.cc:1073] T 80b49b735f0a40bf98bd9fdb63f5442f P fa607ff603494b5788bfc8dbf7f8f14d: Time spent starting tablet: real 0.109s user 0.024s sys 0.008s
I0517 06:45:28.980473 4480 external_mini_cluster.cc:482] 1 TS(s) registered with all masters
I0517 06:45:28.982442 4480 ts_itest-base.cc:233] Waiting for 1 tablets on tserver fa607ff603494b5788bfc8dbf7f8f14d to finish bootstrapping
W0517 06:45:28.996469 14389 tablet.cc:1678] T 80b49b735f0a40bf98bd9fdb63f5442f P fa607ff603494b5788bfc8dbf7f8f14d: Can't schedule compaction. Clean time has not been advanced past its initial value.
W0517 06:45:29.176224 14412 flags.cc:406] Enabled unsafe flag: --never_fsync=true
I0517 06:45:29.446683 14222 catalog_manager.cc:1706] Servicing DeleteTable request from {username='slave'} at 127.0.0.1:34719: table { table_name: "TestTable" }
I0517 06:45:29.450929 14222 catalog_manager.cc:3897] T 00000000000000000000000000000000 P bcade0038ff04215b52157779c98571a: Sending DeleteTablet for 1 replicas of tablet 80b49b735f0a40bf98bd9fdb63f5442f
I0517 06:45:29.451184 14222 catalog_manager.cc:3013] Sending DeleteTablet(TABLET_DATA_DELETED) for tablet 80b49b735f0a40bf98bd9fdb63f5442f on fa607ff603494b5788bfc8dbf7f8f14d (127.4.96.1:40122) (Table deleted at 2018-05-17 06:45:29 UTC)
I0517 06:45:29.452410 14325 tablet_service.cc:800] Processing DeleteTablet for tablet 80b49b735f0a40bf98bd9fdb63f5442f with delete_type TABLET_DATA_DELETED (Table deleted at 2018-05-17 06:45:29 UTC) from {username='slave'} at 127.0.0.1:49826
I0517 06:45:29.454058 14421 tablet_replica.cc:261] T 80b49b735f0a40bf98bd9fdb63f5442f P fa607ff603494b5788bfc8dbf7f8f14d: stopping tablet replica
I0517 06:45:29.454377 14421 maintenance_manager.cc:237] P fa607ff603494b5788bfc8dbf7f8f14d: Unregistered op CompactRowSetsOp(80b49b735f0a40bf98bd9fdb63f5442f)
I0517 06:45:29.454603 14421 maintenance_manager.cc:237] P fa607ff603494b5788bfc8dbf7f8f14d: Unregistered op MinorDeltaCompactionOp(80b49b735f0a40bf98bd9fdb63f5442f)
I0517 06:45:29.454795 14421 maintenance_manager.cc:237] P fa607ff603494b5788bfc8dbf7f8f14d: Unregistered op MajorDeltaCompactionOp(80b49b735f0a40bf98bd9fdb63f5442f)
I0517 06:45:29.454977 14421 maintenance_manager.cc:237] P fa607ff603494b5788bfc8dbf7f8f14d: Unregistered op UndoDeltaBlockGCOp(80b49b735f0a40bf98bd9fdb63f5442f)
I0517 06:45:29.455214 14421 maintenance_manager.cc:237] P fa607ff603494b5788bfc8dbf7f8f14d: Unregistered op FlushMRSOp(80b49b735f0a40bf98bd9fdb63f5442f)
I0517 06:45:29.455411 14421 maintenance_manager.cc:237] P fa607ff603494b5788bfc8dbf7f8f14d: Unregistered op FlushDeltaMemStoresOp(80b49b735f0a40bf98bd9fdb63f5442f)
I0517 06:45:29.455588 14421 maintenance_manager.cc:237] P fa607ff603494b5788bfc8dbf7f8f14d: Unregistered op LogGCOp(80b49b735f0a40bf98bd9fdb63f5442f)
I0517 06:45:29.455814 14421 raft_consensus.cc:2016] T 80b49b735f0a40bf98bd9fdb63f5442f P fa607ff603494b5788bfc8dbf7f8f14d [term 1 LEADER]: Raft consensus shutting down.
I0517 06:45:29.456146 14421 raft_consensus.cc:2043] T 80b49b735f0a40bf98bd9fdb63f5442f P fa607ff603494b5788bfc8dbf7f8f14d [term 1 FOLLOWER]: Raft consensus is shut down!
I0517 06:45:29.459105 14421 ts_tablet_manager.cc:1369] T 80b49b735f0a40bf98bd9fdb63f5442f P fa607ff603494b5788bfc8dbf7f8f14d: Deleting tablet data with delete state TABLET_DATA_DELETED
I0517 06:45:29.467787 14421 ts_tablet_manager.cc:1382] T 80b49b735f0a40bf98bd9fdb63f5442f P fa607ff603494b5788bfc8dbf7f8f14d: tablet deleted with delete type TABLET_DATA_DELETED: last-logged OpId 1.1
I0517 06:45:29.468021 14421 log.cc:981] T 80b49b735f0a40bf98bd9fdb63f5442f P fa607ff603494b5788bfc8dbf7f8f14d: Deleting WAL directory at /tmp/dist-test-task4QLboq/test-tmp/kudu-admin-test.0.AdminCliTest.TestDeleteTable.1526539434354140-4480/raft_consensus-itest-cluster/ts-0/wal/wals/80b49b735f0a40bf98bd9fdb63f5442f
I0517 06:45:29.468583 14421 ts_tablet_manager.cc:1402] T 80b49b735f0a40bf98bd9fdb63f5442f P fa607ff603494b5788bfc8dbf7f8f14d: Deleting consensus metadata
I0517 06:45:29.470788 14204 catalog_manager.cc:2991] TS fa607ff603494b5788bfc8dbf7f8f14d (127.4.96.1:40122): tablet 80b49b735f0a40bf98bd9fdb63f5442f (table TestTable [id=17cf1799958646f5a065de9797183f85]) successfully deleted
I0517 06:45:30.467231 4480 external_mini_cluster.cc:978] Killing /tmp/dist-test-task4QLboq/build/tsan/bin/kudu-tserver with pid 14257
W0517 06:45:30.487107 14204 connection.cc:512] client connection to 127.4.96.1:40122 recv error: Network error: failed to read from TLS socket (remote: 127.4.96.1:40122): Connection reset by peer (error 104)
W0517 06:45:30.487159 14203 connection.cc:512] server connection from 127.4.96.1:43043 recv error: Network error: failed to read from TLS socket (remote: 127.4.96.1:43043): Connection reset by peer (error 104)
W0517 06:45:30.487861 14194 connection.cc:512] client connection to 127.4.96.1:40122 recv error: Network error: failed to read from TLS socket (remote: 127.4.96.1:40122): Connection reset by peer (error 104)
I0517 06:45:30.488979 4480 external_mini_cluster.cc:978] Killing /tmp/dist-test-task4QLboq/build/tsan/bin/kudu-master with pid 14195
W0517 06:45:30.511006 14194 connection.cc:512] client connection to 127.4.96.62:37260 recv error: Network error: failed to read from TLS socket (remote: 127.4.96.62:37260): Connection reset by peer (error 104) [ OK ] AdminCliTest.TestDeleteTable (2710 ms) [ RUN ] AdminCliTest.TestListTables
I0517 06:45:30.521353 4480 test_util.cc:200] Using random seed: 779340527
I0517 06:45:30.525053 4480 ts_itest-base.cc:113] Starting cluster with:
I0517 06:45:30.525184 4480 ts_itest-base.cc:114] --------------
I0517 06:45:30.525281 4480 ts_itest-base.cc:115] 1 tablet servers
I0517 06:45:30.525377 4480 ts_itest-base.cc:116] 1 replicas per TS
I0517 06:45:30.525475 4480 ts_itest-base.cc:117] --------------
I0517 06:45:30.528261 4480 external_mini_cluster.cc:786] Running /tmp/dist-test-task4QLboq/build/tsan/bin/kudu-master /tmp/dist-test-task4QLboq/build/tsan/bin/kudu-master --fs_wal_dir=/tmp/dist-test-task4QLboq/test-tmp/kudu-admin-test.0.AdminCliTest.TestListTables.1526539434354140-4480/raft_consensus-itest-cluster/master-0/wal --fs_data_dirs=/tmp/dist-test-task4QLboq/test-tmp/kudu-admin-test.0.AdminCliTest.TestListTables.1526539434354140-4480/raft_consensus-itest-cluster/master-0/data --block_manager=log --webserver_interface=localhost --ipki_ca_key_size=1024 --tsk_num_rsa_bits=512 --rpc_bind_addresses=127.4.96.62:56237 --webserver_interface=127.4.96.62 --webserver_port=0 --never_fsync --ipki_server_key_size=1024 --enable_minidumps=false --redact=none --metrics_log_interval_ms=1000 --logtostderr --logbuflevel=-1 --log_dir=/tmp/dist-test-task4QLboq/test-tmp/kudu-admin-test.0.AdminCliTest.TestListTables.1526539434354140-4480/raft_consensus-itest-cluster/master-0/logs --server_dump_info_path=/tmp/dist-test-task4QLboq/test-tmp/kudu-admin-test.0.AdminCliTest.TestListTables.1526539434354140-4480/raft_consensus-itest-cluster/master-0/data/info.pb --server_dump_info_format=pb --rpc_server_allow_ephemeral_ports --unlock_experimental_flags --unlock_unsafe_flags --rpc_reuseport=true with env {} WARNING: Logging before InitGoogleLogging() is written to STDERR
W0517 06:45:30.640475 14427 flags.cc:406] Enabled unsafe flag: --rpc_server_allow_ephemeral_ports=true
W0517 06:45:30.640785 14427 flags.cc:406] Enabled unsafe flag: --never_fsync=true
W0517 06:45:30.649657 14427 flags.cc:406] Enabled experimental flag: --ipki_ca_key_size=1024
W0517 06:45:30.649775 14427 flags.cc:406] Enabled experimental flag: --ipki_server_key_size=1024
W0517 06:45:30.649870 14427 flags.cc:406] Enabled experimental flag: --tsk_num_rsa_bits=512
W0517 06:45:30.649991 14427 flags.cc:406] Enabled experimental flag: --rpc_reuseport=true
I0517 06:45:30.663413 14427 master_main.cc:73] Master server non-default flags: --fs_data_dirs=/tmp/dist-test-task4QLboq/test-tmp/kudu-admin-test.0.AdminCliTest.TestListTables.1526539434354140-4480/raft_consensus-itest-cluster/master-0/data --fs_wal_dir=/tmp/dist-test-task4QLboq/test-tmp/kudu-admin-test.0.AdminCliTest.TestListTables.1526539434354140-4480/raft_consensus-itest-cluster/master-0/wal --ipki_ca_key_size=1024 --ipki_server_key_size=1024 --tsk_num_rsa_bits=512 --rpc_bind_addresses=127.4.96.62:56237 --rpc_reuseport=true --rpc_server_allow_ephemeral_ports=true --metrics_log_interval_ms=1000 --server_dump_info_format=pb --server_dump_info_path=/tmp/dist-test-task4QLboq/test-tmp/kudu-admin-test.0.AdminCliTest.TestListTables.1526539434354140-4480/raft_consensus-itest-cluster/master-0/data/info.pb --webserver_interface=127.4.96.62 --webserver_port=0 --never_fsync=true --redact=none --unlock_experimental_flags=true --unlock_unsafe_flags=true --enable_minidumps=false --log_dir=/tmp/dist-test-task4QLboq/test-tmp/kudu-admin-test.0.AdminCliTest.TestListTables.1526539434354140-4480/raft_consensus-itest-cluster/master-0/logs --logbuflevel=-1 --logtostderr=true Master server version: kudu 1.8.0-SNAPSHOT revision f969af316286807a745fa39b9c2ee604c88b63c9 build type FASTDEBUG built by None at 17 May 2018 06:38:04 UTC on jenkins-slave-snjf build id 13499 TSAN enabled
I0517 06:45:30.670984 14427 master_main.cc:80] Initializing master server...
I0517 06:45:30.672456 14427 system_ntp.cc:143] NTP initialized. Skew: 500ppm Current error: 164319us
I0517 06:45:30.673177 14427 fs_manager.cc:260] Metadata directory not provided
I0517 06:45:30.673297 14427 fs_manager.cc:266] Using write-ahead log directory (fs_wal_dir) as metadata directory
I0517 06:45:30.673483 14427 server_base.cc:432] Could not load existing FS layout: Not found: /tmp/dist-test-task4QLboq/test-tmp/kudu-admin-test.0.AdminCliTest.TestListTables.1526539434354140-4480/raft_consensus-itest-cluster/master-0/data/instance: No such file or directory (error 2)
I0517 06:45:30.673586 14427 server_base.cc:433] Attempting to create new FS layout instead
I0517 06:45:30.680671 14427 fs_manager.cc:595] Generated new instance metadata in path /tmp/dist-test-task4QLboq/test-tmp/kudu-admin-test.0.AdminCliTest.TestListTables.1526539434354140-4480/raft_consensus-itest-cluster/master-0/data/instance: uuid: "2e7c090a194d4cc38e49465ffa8fbea1" format_stamp: "Formatted at 2018-05-17 06:45:30 on dist-test-slave-dist-test-slave-26mv"
I0517 06:45:30.681295 14427 fs_manager.cc:595] Generated new instance metadata in path /tmp/dist-test-task4QLboq/test-tmp/kudu-admin-test.0.AdminCliTest.TestListTables.1526539434354140-4480/raft_consensus-itest-cluster/master-0/wal/instance: uuid: "2e7c090a194d4cc38e49465ffa8fbea1" format_stamp: "Formatted at 2018-05-17 06:45:30 on dist-test-slave-dist-test-slave-26mv"
I0517 06:45:30.690682 14427 fs_manager.cc:495] Time spent creating directory manager: real 0.009s user 0.004s sys 0.008s
I0517 06:45:30.691787 14427 env_posix.cc:1643] Not raising this process' open files per process limit of 65536; it is already as high as it can go
I0517 06:45:30.692184 14427 file_cache.cc:470] Constructed file cache lbm with capacity 26214
I0517 06:45:30.698499 14427 fs_manager.cc:417] Time spent opening block manager: real 0.001s user 0.004s sys 0.000s
I0517 06:45:30.698611 14427 fs_manager.cc:428] Opened local filesystem: /tmp/dist-test-task4QLboq/test-tmp/kudu-admin-test.0.AdminCliTest.TestListTables.1526539434354140-4480/raft_consensus-itest-cluster/master-0/data,/tmp/dist-test-task4QLboq/test-tmp/kudu-admin-test.0.AdminCliTest.TestListTables.1526539434354140-4480/raft_consensus-itest-cluster/master-0/wal uuid: "2e7c090a194d4cc38e49465ffa8fbea1" format_stamp: "Formatted at 2018-05-17 06:45:30 on dist-test-slave-dist-test-slave-26mv"
I0517 06:45:30.698819 14427 fs_report.cc:347] Block manager report -------------------- 1 data directories: /tmp/dist-test-task4QLboq/test-tmp/kudu-admin-test.0.AdminCliTest.TestListTables.1526539434354140-4480/raft_consensus-itest-cluster/master-0/data/data Total live blocks: 0 Total live bytes: 0 Total live bytes (after alignment): 0 Total number of LBM containers: 0 (0 full) Did not check for missing blocks Did not check for orphaned blocks Total full LBM containers with extra space: 0 (0 repaired) Total full LBM container extra space in bytes: 0 (0 repaired) Total incomplete LBM containers: 0 (0 repaired) Total LBM partial records: 0 (0 repaired)
I0517 06:45:30.904770 14427 env_posix.cc:1643] Not raising this process' running threads per effective uid limit of 60284; it is already as high as it can go
I0517 06:45:30.906440 14427 master_main.cc:83] Starting Master server...
I0517 06:45:30.945600 14427 rpc_server.cc:205] RPC server started. Bound to: 127.4.96.62:56237
I0517 06:45:30.946470 14427 webserver.cc:173] Starting webserver on 127.4.96.62:0
I0517 06:45:30.946575 14427 webserver.cc:184] Document root disabled
I0517 06:45:30.947790 14427 webserver.cc:311] Webserver started. Bound to: http://127.4.96.62:40755/
I0517 06:45:30.948488 14427 server_base.cc:607] Dumped server information to /tmp/dist-test-task4QLboq/test-tmp/kudu-admin-test.0.AdminCliTest.TestListTables.1526539434354140-4480/raft_consensus-itest-cluster/master-0/data/info.pb
I0517 06:45:30.950618 4480 external_mini_cluster.cc:848] Started /tmp/dist-test-task4QLboq/build/tsan/bin/kudu-master as pid 14427
I0517 06:45:30.951059 14488 data_dirs.cc:934] Could only allocate 1 dirs of requested 3 for tablet 00000000000000000000000000000000. 1 dirs total, 0 dirs full, 0 dirs failed
