I0517 06:45:08.170253 11714 server_base.cc:607] Dumped server information to /tmp/dist-test-task4QLboq/test-tmp/kudu-admin-test.0.AdminCliTest.TestUnsafeChangeConfigWithPendingConfigsOnWAL.1526539434354140-4480/raft_consensus-itest-cluster/ts-0/data/info.pb
I0517 06:45:08.173808 11714 tablet_server_main.cc:93] Tablet server successfully started.
W0517 06:45:08.178846 11839 tablet.cc:1678] T 1ab1a102dd9c49aba0780da8d8e19b23 P 6c3dcb1ce66b4b3a8e14a7305a1af218: Can't schedule compaction. Clean time has not been advanced past its initial value.
I0517 06:45:08.180452 4480 external_mini_cluster.cc:848] Started /tmp/dist-test-task4QLboq/build/tsan/bin/kudu-tserver as pid 11714
I0517 06:45:08.190732 11838 heartbeater.cc:346] Connected to a master server at 127.4.96.62:60575
I0517 06:45:08.191005 11838 heartbeater.cc:426] Registering TS with master...
I0517 06:45:08.191633 11838 heartbeater.cc:475] Master 127.4.96.62:60575 requested a full tablet report, sending...
I0517 06:45:08.193534 11664 ts_manager.cc:81] Registered new tserver with Master: 6c3dcb1ce66b4b3a8e14a7305a1af218 (127.4.96.1:49563)
I0517 06:45:08.196059 11664 master_service.cc:249] Signed X509 certificate for tserver {username='slave'} at 127.4.96.1:54248
I0517 06:45:09.198812 11838 heartbeater.cc:467] Master 127.4.96.62:60575 was elected leader, sending a full tablet report...
I0517 06:45:09.746322 11845 raft_consensus.cc:435] T 1ab1a102dd9c49aba0780da8d8e19b23 P 6c3dcb1ce66b4b3a8e14a7305a1af218 [term 2 FOLLOWER]: Starting pre-election (no leader contacted us within the election timeout)
I0517 06:45:09.746539 11845 raft_consensus.cc:2704] T 1ab1a102dd9c49aba0780da8d8e19b23 P 6c3dcb1ce66b4b3a8e14a7305a1af218: Snoozing failure detection for 2.091s (starting election)
I0517 06:45:09.746762 11845 raft_consensus.cc:457] T 1ab1a102dd9c49aba0780da8d8e19b23 P 6c3dcb1ce66b4b3a8e14a7305a1af218 [term 2 FOLLOWER]: Starting pre-election with config: opid_index: 3 OBSOLETE_local: false peers { permanent_uuid: "6c3dcb1ce66b4b3a8e14a7305a1af218" member_type: VOTER last_known_addr { host: "127.4.96.1" port: 49563 } } unsafe_config_change: true
I0517 06:45:09.747289 11845 leader_election.cc:270] T 1ab1a102dd9c49aba0780da8d8e19b23 P 6c3dcb1ce66b4b3a8e14a7305a1af218 [CANDIDATE]: Term 3 pre-election: Election decided. Result: candidate won.
I0517 06:45:09.748378 11845 raft_consensus.cc:2704] T 1ab1a102dd9c49aba0780da8d8e19b23 P 6c3dcb1ce66b4b3a8e14a7305a1af218: Snoozing failure detection for 2.228s (election complete)
I0517 06:45:09.748550 11845 raft_consensus.cc:2511] T 1ab1a102dd9c49aba0780da8d8e19b23 P 6c3dcb1ce66b4b3a8e14a7305a1af218 [term 2 FOLLOWER]: Leader pre-election won for term 3
I0517 06:45:09.748708 11845 raft_consensus.cc:435] T 1ab1a102dd9c49aba0780da8d8e19b23 P 6c3dcb1ce66b4b3a8e14a7305a1af218 [term 2 FOLLOWER]: Starting leader election (no leader contacted us within the election timeout)
I0517 06:45:09.748836 11845 raft_consensus.cc:2704] T 1ab1a102dd9c49aba0780da8d8e19b23 P 6c3dcb1ce66b4b3a8e14a7305a1af218: Snoozing failure detection for 2.019s (starting election)
I0517 06:45:09.748966 11845 raft_consensus.cc:2756] T 1ab1a102dd9c49aba0780da8d8e19b23 P 6c3dcb1ce66b4b3a8e14a7305a1af218 [term 2 FOLLOWER]: Advancing to term 3
I0517 06:45:09.752307 11845 raft_consensus.cc:457] T 1ab1a102dd9c49aba0780da8d8e19b23 P 6c3dcb1ce66b4b3a8e14a7305a1af218 [term 3 FOLLOWER]: Starting leader election with config: opid_index: 3 OBSOLETE_local: false peers { permanent_uuid: "6c3dcb1ce66b4b3a8e14a7305a1af218" member_type: VOTER last_known_addr { host: "127.4.96.1" port: 49563 } } unsafe_config_change: true
I0517 06:45:09.752676 11845 leader_election.cc:270] T 1ab1a102dd9c49aba0780da8d8e19b23 P 6c3dcb1ce66b4b3a8e14a7305a1af218 [CANDIDATE]: Term 3 election: Election decided. Result: candidate won.
I0517 06:45:09.753098 11846 raft_consensus.cc:2704] T 1ab1a102dd9c49aba0780da8d8e19b23 P 6c3dcb1ce66b4b3a8e14a7305a1af218: Snoozing failure detection for 2.176s (election complete)
I0517 06:45:09.753275 11846 raft_consensus.cc:2511] T 1ab1a102dd9c49aba0780da8d8e19b23 P 6c3dcb1ce66b4b3a8e14a7305a1af218 [term 3 FOLLOWER]: Leader election won for term 3
I0517 06:45:09.753489 11846 raft_consensus.cc:571] T 1ab1a102dd9c49aba0780da8d8e19b23 P 6c3dcb1ce66b4b3a8e14a7305a1af218 [term 3 LEADER]: Becoming Leader. State: Replica: 6c3dcb1ce66b4b3a8e14a7305a1af218, State: Running, Role: LEADER
I0517 06:45:09.753872 11846 consensus_queue.cc:204] T 1ab1a102dd9c49aba0780da8d8e19b23 P 6c3dcb1ce66b4b3a8e14a7305a1af218 [LEADER]: Queue going to LEADER mode. State: All replicated index: 0, Majority replicated index: 1, Committed index: 1, Last appended: 2.3, Last appended by leader: 3, Current term: 3, Majority size: 1, State: 0, Mode: LEADER, active raft config: opid_index: 3 OBSOLETE_local: false peers { permanent_uuid: "6c3dcb1ce66b4b3a8e14a7305a1af218" member_type: VOTER last_known_addr { host: "127.4.96.1" port: 49563 } } unsafe_config_change: true
I0517 06:45:09.756402 11846 raft_consensus.cc:2658] T 1ab1a102dd9c49aba0780da8d8e19b23 P 6c3dcb1ce66b4b3a8e14a7305a1af218 [term 3 LEADER]: Committing config change with OpId 1.2: config changed from index -1 to 2, VOTER a0e9f9fef615453a89e52dc146476b94 (127.4.96.3) evicted. New config: { opid_index: 2 OBSOLETE_local: false peers { permanent_uuid: "6c3dcb1ce66b4b3a8e14a7305a1af218" member_type: VOTER last_known_addr { host: "127.4.96.1" port: 49563 } } peers { permanent_uuid: "432b3fcdbb4c4dc0aa368a7f02647c24" member_type: VOTER last_known_addr { host: "127.4.96.2" port: 33771 } } }
I0517 06:45:09.758122 11664 catalog_manager.cc:3686] T 1ab1a102dd9c49aba0780da8d8e19b23 P 6c3dcb1ce66b4b3a8e14a7305a1af218 reported cstate change: term changed from 1 to 3, now has a pending config: VOTER 6c3dcb1ce66b4b3a8e14a7305a1af218 (127.4.96.1). New cstate: current_term: 3 leader_uuid: "6c3dcb1ce66b4b3a8e14a7305a1af218" committed_config { opid_index: -1 OBSOLETE_local: false peers { permanent_uuid: "6c3dcb1ce66b4b3a8e14a7305a1af218" member_type: VOTER last_known_addr { host: "127.4.96.1" port: 49563 } health_report { overall_health: HEALTHY } } peers { permanent_uuid: "a0e9f9fef615453a89e52dc146476b94" member_type: VOTER last_known_addr { host: "127.4.96.3" port: 49197 } } peers { permanent_uuid: "432b3fcdbb4c4dc0aa368a7f02647c24" member_type: VOTER last_known_addr { host: "127.4.96.2" port: 33771 } } } pending_config { opid_index: 3 OBSOLETE_local: false peers { permanent_uuid: "6c3dcb1ce66b4b3a8e14a7305a1af218" member_type: VOTER last_known_addr { host: "127.4.96.1" port: 49563 } } unsafe_config_change: true }
I0517 06:45:09.761076 11846 raft_consensus.cc:2658] T 1ab1a102dd9c49aba0780da8d8e19b23 P 6c3dcb1ce66b4b3a8e14a7305a1af218 [term 3 LEADER]: Committing config change with OpId 2.3: config changed from index -1 to 3, VOTER 432b3fcdbb4c4dc0aa368a7f02647c24 (127.4.96.2) evicted, VOTER a0e9f9fef615453a89e52dc146476b94 (127.4.96.3) evicted. New config: { opid_index: 3 OBSOLETE_local: false peers { permanent_uuid: "6c3dcb1ce66b4b3a8e14a7305a1af218" member_type: VOTER last_known_addr { host: "127.4.96.1" port: 49563 } } unsafe_config_change: true }
I0517 06:45:09.777396 11664 catalog_manager.cc:3686] T 1ab1a102dd9c49aba0780da8d8e19b23 P 6c3dcb1ce66b4b3a8e14a7305a1af218 reported cstate change: config changed from index -1 to 3, VOTER 432b3fcdbb4c4dc0aa368a7f02647c24 (127.4.96.2) evicted, VOTER a0e9f9fef615453a89e52dc146476b94 (127.4.96.3) evicted, no longer has a pending config: VOTER 6c3dcb1ce66b4b3a8e14a7305a1af218 (127.4.96.1). New cstate: current_term: 3 leader_uuid: "6c3dcb1ce66b4b3a8e14a7305a1af218" committed_config { opid_index: 3 OBSOLETE_local: false peers { permanent_uuid: "6c3dcb1ce66b4b3a8e14a7305a1af218" member_type: VOTER last_known_addr { host: "127.4.96.1" port: 49563 } health_report { overall_health: HEALTHY } } unsafe_config_change: true }
I0517 06:45:09.780746 11664 catalog_manager.cc:2791] Scheduling retry of 1ab1a102dd9c49aba0780da8d8e19b23 Delete Tablet RPC for TS=a0e9f9fef615453a89e52dc146476b94 with a delay of 26 ms (attempt = 1)
W0517 06:45:09.780930 11664 catalog_manager.cc:3845] Failed to send 1ab1a102dd9c49aba0780da8d8e19b23 Delete Tablet RPC for TS=a0e9f9fef615453a89e52dc146476b94: Not found: failed to reset TS proxy: Could not find TS for UUID a0e9f9fef615453a89e52dc146476b94
I0517 06:45:09.781138 11664 catalog_manager.cc:2791] Scheduling retry of 1ab1a102dd9c49aba0780da8d8e19b23 Delete Tablet RPC for TS=432b3fcdbb4c4dc0aa368a7f02647c24 with a delay of 21 ms (attempt = 1)
W0517 06:45:09.781270 11664 catalog_manager.cc:3845] Failed to send 1ab1a102dd9c49aba0780da8d8e19b23 Delete Tablet RPC for TS=432b3fcdbb4c4dc0aa368a7f02647c24: Not found: failed to reset TS proxy: Could not find TS for UUID 432b3fcdbb4c4dc0aa368a7f02647c24
I0517 06:45:09.781647 11664 catalog_manager.cc:3325] Sending ChangeConfig:ADD_PEER:NON_VOTER on tablet 1ab1a102dd9c49aba0780da8d8e19b23 (attempt 1)
I0517 06:45:09.791815 11795 consensus_queue.cc:204] T 1ab1a102dd9c49aba0780da8d8e19b23 P 6c3dcb1ce66b4b3a8e14a7305a1af218 [LEADER]: Queue going to LEADER mode. State: All replicated index: 0, Majority replicated index: 4, Committed index: 4, Last appended: 3.4, Last appended by leader: 3, Current term: 3, Majority size: 1, State: 0, Mode: LEADER, active raft config: opid_index: 5 OBSOLETE_local: false peers { permanent_uuid: "6c3dcb1ce66b4b3a8e14a7305a1af218" member_type: VOTER last_known_addr { host: "127.4.96.1" port: 49563 } } peers { permanent_uuid: "23a5a54ae9484026bfe44987841a7b20" member_type: NON_VOTER last_known_addr { host: "127.4.96.4" port: 43655 } attrs { promote: true } } unsafe_config_change: true
I0517 06:45:09.793459 11845 raft_consensus.cc:2658] T 1ab1a102dd9c49aba0780da8d8e19b23 P 6c3dcb1ce66b4b3a8e14a7305a1af218 [term 3 LEADER]: Committing config change with OpId 3.5: config changed from index 3 to 5, NON_VOTER 23a5a54ae9484026bfe44987841a7b20 (127.4.96.4) added. New config: { opid_index: 5 OBSOLETE_local: false peers { permanent_uuid: "6c3dcb1ce66b4b3a8e14a7305a1af218" member_type: VOTER last_known_addr { host: "127.4.96.1" port: 49563 } } peers { permanent_uuid: "23a5a54ae9484026bfe44987841a7b20" member_type: NON_VOTER last_known_addr { host: "127.4.96.4" port: 43655 } attrs { promote: true } } unsafe_config_change: true }
I0517 06:45:09.798898 11644 catalog_manager.cc:3240] ChangeConfig:ADD_PEER:NON_VOTER RPC for tablet 1ab1a102dd9c49aba0780da8d8e19b23 with cas_config_opid_index 3: ChangeConfig:ADD_PEER:NON_VOTER succeeded (attempt 1)
I0517 06:45:09.800546 11664 catalog_manager.cc:3686] T 1ab1a102dd9c49aba0780da8d8e19b23 P 6c3dcb1ce66b4b3a8e14a7305a1af218 reported cstate change: config changed from index 3 to 5, NON_VOTER 23a5a54ae9484026bfe44987841a7b20 (127.4.96.4) added. New cstate: current_term: 3 leader_uuid: "6c3dcb1ce66b4b3a8e14a7305a1af218" committed_config { opid_index: 5 OBSOLETE_local: false peers { permanent_uuid: "6c3dcb1ce66b4b3a8e14a7305a1af218" member_type: VOTER last_known_addr { host: "127.4.96.1" port: 49563 } health_report { overall_health: HEALTHY } } peers { permanent_uuid: "23a5a54ae9484026bfe44987841a7b20" member_type: NON_VOTER last_known_addr { host: "127.4.96.4" port: 43655 } attrs { promote: true } health_report { overall_health: UNKNOWN } } unsafe_config_change: true }
I0517 06:45:09.802649 11645 catalog_manager.cc:2791] Scheduling retry of 1ab1a102dd9c49aba0780da8d8e19b23 Delete Tablet RPC for TS=432b3fcdbb4c4dc0aa368a7f02647c24 with a delay of 50 ms (attempt = 2)
W0517 06:45:09.802886 11645 catalog_manager.cc:2810] Async tablet task 1ab1a102dd9c49aba0780da8d8e19b23 Delete Tablet RPC for TS=432b3fcdbb4c4dc0aa368a7f02647c24 failed: Not found: failed to reset TS proxy: Could not find TS for UUID 432b3fcdbb4c4dc0aa368a7f02647c24
I0517 06:45:09.804522 11664 catalog_manager.cc:3325] Sending ChangeConfig:ADD_PEER:NON_VOTER on tablet 1ab1a102dd9c49aba0780da8d8e19b23 (attempt 1)
I0517 06:45:09.806082 11795 consensus_peers.cc:456] T 1ab1a102dd9c49aba0780da8d8e19b23 P 6c3dcb1ce66b4b3a8e14a7305a1af218 -> Peer 23a5a54ae9484026bfe44987841a7b20 (127.4.96.4:43655): Closing peer: 23a5a54ae9484026bfe44987841a7b20
I0517 06:45:09.806399 11795 consensus_queue.cc:204] T 1ab1a102dd9c49aba0780da8d8e19b23 P 6c3dcb1ce66b4b3a8e14a7305a1af218 [LEADER]: Queue going to LEADER mode. State: All replicated index: 0, Majority replicated index: 5, Committed index: 5, Last appended: 3.5, Last appended by leader: 3, Current term: 3, Majority size: 1, State: 0, Mode: LEADER, active raft config: opid_index: 6 OBSOLETE_local: false peers { permanent_uuid: "6c3dcb1ce66b4b3a8e14a7305a1af218" member_type: VOTER last_known_addr { host: "127.4.96.1" port: 49563 } } peers { permanent_uuid: "23a5a54ae9484026bfe44987841a7b20" member_type: NON_VOTER last_known_addr { host: "127.4.96.4" port: 43655 } attrs { promote: true } } peers { permanent_uuid: "63382e9ca0f7430ba027db6b03202ab2" member_type: NON_VOTER last_known_addr { host: "127.4.96.5" port: 46864 } attrs { promote: true } } unsafe_config_change: true
I0517 06:45:09.807344 11643 catalog_manager.cc:2791] Scheduling retry of 1ab1a102dd9c49aba0780da8d8e19b23 Delete Tablet RPC for TS=a0e9f9fef615453a89e52dc146476b94 with a delay of 43 ms (attempt = 2)
W0517 06:45:09.807549 11643 catalog_manager.cc:2810] Async tablet task 1ab1a102dd9c49aba0780da8d8e19b23 Delete Tablet RPC for TS=a0e9f9fef615453a89e52dc146476b94 failed: Not found: failed to reset TS proxy: Could not find TS for UUID a0e9f9fef615453a89e52dc146476b94
I0517 06:45:09.808370 11845 raft_consensus.cc:2658] T 1ab1a102dd9c49aba0780da8d8e19b23 P 6c3dcb1ce66b4b3a8e14a7305a1af218 [term 3 LEADER]: Committing config change with OpId 3.6: config changed from index 5 to 6, NON_VOTER 63382e9ca0f7430ba027db6b03202ab2 (127.4.96.5) added. New config: { opid_index: 6 OBSOLETE_local: false peers { permanent_uuid: "6c3dcb1ce66b4b3a8e14a7305a1af218" member_type: VOTER last_known_addr { host: "127.4.96.1" port: 49563 } } peers { permanent_uuid: "23a5a54ae9484026bfe44987841a7b20" member_type: NON_VOTER last_known_addr { host: "127.4.96.4" port: 43655 } attrs { promote: true } } peers { permanent_uuid: "63382e9ca0f7430ba027db6b03202ab2" member_type: NON_VOTER last_known_addr { host: "127.4.96.5" port: 46864 } attrs { promote: true } } unsafe_config_change: true }
W0517 06:45:09.812455 11724 consensus_peers.cc:434] T 1ab1a102dd9c49aba0780da8d8e19b23 P 6c3dcb1ce66b4b3a8e14a7305a1af218 -> Peer 23a5a54ae9484026bfe44987841a7b20 (127.4.96.4:43655): Couldn't send request to peer 23a5a54ae9484026bfe44987841a7b20 for tablet 1ab1a102dd9c49aba0780da8d8e19b23. Error code: TABLET_NOT_FOUND (6). Status: Not found: Tablet not found: 1ab1a102dd9c49aba0780da8d8e19b23. Retrying in the next heartbeat period. Already tried 1 times.
I0517 06:45:09.813859 11644 catalog_manager.cc:3240] ChangeConfig:ADD_PEER:NON_VOTER RPC for tablet 1ab1a102dd9c49aba0780da8d8e19b23 with cas_config_opid_index 5: ChangeConfig:ADD_PEER:NON_VOTER succeeded (attempt 1)
I0517 06:45:09.815578 11664 catalog_manager.cc:3686] T 1ab1a102dd9c49aba0780da8d8e19b23 P 6c3dcb1ce66b4b3a8e14a7305a1af218 reported cstate change: config changed from index 5 to 6, NON_VOTER 63382e9ca0f7430ba027db6b03202ab2 (127.4.96.5) added. New cstate: current_term: 3 leader_uuid: "6c3dcb1ce66b4b3a8e14a7305a1af218" committed_config { opid_index: 6 OBSOLETE_local: false peers { permanent_uuid: "6c3dcb1ce66b4b3a8e14a7305a1af218" member_type: VOTER last_known_addr { host: "127.4.96.1" port: 49563 } health_report { overall_health: HEALTHY } } peers { permanent_uuid: "23a5a54ae9484026bfe44987841a7b20" member_type: NON_VOTER last_known_addr { host: "127.4.96.4" port: 43655 } attrs { promote: true } health_report { overall_health: UNKNOWN } } peers { permanent_uuid: "63382e9ca0f7430ba027db6b03202ab2" member_type: NON_VOTER last_known_addr { host: "127.4.96.5" port: 46864 } attrs { promote: true } health_report { overall_health: UNKNOWN } } unsafe_config_change: true }
W0517 06:45:09.820672 11726 consensus_peers.cc:434] T 1ab1a102dd9c49aba0780da8d8e19b23 P 6c3dcb1ce66b4b3a8e14a7305a1af218 -> Peer 63382e9ca0f7430ba027db6b03202ab2 (127.4.96.5:46864): Couldn't send request to peer 63382e9ca0f7430ba027db6b03202ab2 for tablet 1ab1a102dd9c49aba0780da8d8e19b23. Error code: TABLET_NOT_FOUND (6). Status: Not found: Tablet not found: 1ab1a102dd9c49aba0780da8d8e19b23. Retrying in the next heartbeat period. Already tried 1 times.
I0517 06:45:09.851204 11643 catalog_manager.cc:2791] Scheduling retry of 1ab1a102dd9c49aba0780da8d8e19b23 Delete Tablet RPC for TS=a0e9f9fef615453a89e52dc146476b94 with a delay of 106 ms (attempt = 3)
W0517 06:45:09.851390 11643 catalog_manager.cc:2810] Async tablet task 1ab1a102dd9c49aba0780da8d8e19b23 Delete Tablet RPC for TS=a0e9f9fef615453a89e52dc146476b94 failed: Not found: failed to reset TS proxy: Could not find TS for UUID a0e9f9fef615453a89e52dc146476b94
I0517 06:45:09.853518 11645 catalog_manager.cc:2791] Scheduling retry of 1ab1a102dd9c49aba0780da8d8e19b23 Delete Tablet RPC for TS=432b3fcdbb4c4dc0aa368a7f02647c24 with a delay of 96 ms (attempt = 3)
W0517 06:45:09.853678 11645 catalog_manager.cc:2810] Async tablet task 1ab1a102dd9c49aba0780da8d8e19b23 Delete Tablet RPC for TS=432b3fcdbb4c4dc0aa368a7f02647c24 failed: Not found: failed to reset TS proxy: Could not find TS for UUID 432b3fcdbb4c4dc0aa368a7f02647c24
I0517 06:45:09.950232 11645 catalog_manager.cc:2791] Scheduling retry of 1ab1a102dd9c49aba0780da8d8e19b23 Delete Tablet RPC for TS=432b3fcdbb4c4dc0aa368a7f02647c24 with a delay of 174 ms (attempt = 4)
W0517 06:45:09.950381 11645 catalog_manager.cc:2810] Async tablet task 1ab1a102dd9c49aba0780da8d8e19b23 Delete Tablet RPC for TS=432b3fcdbb4c4dc0aa368a7f02647c24 failed: Not found: failed to reset TS proxy: Could not find TS for UUID 432b3fcdbb4c4dc0aa368a7f02647c24
I0517 06:45:09.957947 11643 catalog_manager.cc:2791] Scheduling retry of 1ab1a102dd9c49aba0780da8d8e19b23 Delete Tablet RPC for TS=a0e9f9fef615453a89e52dc146476b94 with a delay of 157 ms (attempt = 4)
W0517 06:45:09.958163 11643 catalog_manager.cc:2810] Async tablet task 1ab1a102dd9c49aba0780da8d8e19b23 Delete Tablet RPC for TS=a0e9f9fef615453a89e52dc146476b94 failed: Not found: failed to reset TS proxy: Could not find TS for UUID a0e9f9fef615453a89e52dc146476b94
I0517 06:45:10.115844 11643 catalog_manager.cc:2791] Scheduling retry of 1ab1a102dd9c49aba0780da8d8e19b23 Delete Tablet RPC for TS=a0e9f9fef615453a89e52dc146476b94 with a delay of 277 ms (attempt = 5)
W0517 06:45:10.116003 11643 catalog_manager.cc:2810] Async tablet task 1ab1a102dd9c49aba0780da8d8e19b23 Delete Tablet RPC for TS=a0e9f9fef615453a89e52dc146476b94 failed: Not found: failed to reset TS proxy: Could not find TS for UUID a0e9f9fef615453a89e52dc146476b94
I0517 06:45:10.125165 11645 catalog_manager.cc:2791] Scheduling retry of 1ab1a102dd9c49aba0780da8d8e19b23 Delete Tablet RPC for TS=432b3fcdbb4c4dc0aa368a7f02647c24 with a delay of 276 ms (attempt = 5)
W0517 06:45:10.125340 11645 catalog_manager.cc:2810] Async tablet task 1ab1a102dd9c49aba0780da8d8e19b23 Delete Tablet RPC for TS=432b3fcdbb4c4dc0aa368a7f02647c24 failed: Not found: failed to reset TS proxy: Could not find TS for UUID 432b3fcdbb4c4dc0aa368a7f02647c24
I0517 06:45:10.346164 11858 ts_tablet_manager.cc:669] T 1ab1a102dd9c49aba0780da8d8e19b23 P 63382e9ca0f7430ba027db6b03202ab2: Initiating tablet copy from peer 6c3dcb1ce66b4b3a8e14a7305a1af218 (127.4.96.1:49563)
I0517 06:45:10.346447 11858 tablet_copy_client.cc:239] T 1ab1a102dd9c49aba0780da8d8e19b23 P 63382e9ca0f7430ba027db6b03202ab2: tablet copy: Beginning tablet copy session from remote peer at address 127.4.96.1:49563
I0517 06:45:10.355348 11815 tablet_copy_service.cc:133] P 6c3dcb1ce66b4b3a8e14a7305a1af218: Received BeginTabletCopySession request for tablet 1ab1a102dd9c49aba0780da8d8e19b23 from peer 63382e9ca0f7430ba027db6b03202ab2 ({username='slave'} at 127.4.96.5:60360)
I0517 06:45:10.355634 11815 tablet_copy_service.cc:154] P 6c3dcb1ce66b4b3a8e14a7305a1af218: Beginning new tablet copy session on tablet 1ab1a102dd9c49aba0780da8d8e19b23 from peer 63382e9ca0f7430ba027db6b03202ab2 at {username='slave'} at 127.4.96.5:60360: session id = 63382e9ca0f7430ba027db6b03202ab2-1ab1a102dd9c49aba0780da8d8e19b23
I0517 06:45:10.358764 11815 tablet_copy_source_session.cc:202] T 1ab1a102dd9c49aba0780da8d8e19b23 P 6c3dcb1ce66b4b3a8e14a7305a1af218: Tablet Copy: opened 0 blocks and 1 log segments
I0517 06:45:10.361390 11858 data_dirs.cc:934] Could only allocate 1 dirs of requested 3 for tablet 1ab1a102dd9c49aba0780da8d8e19b23. 1 dirs total, 0 dirs full, 0 dirs failed
I0517 06:45:10.372089 11858 ts_tablet_manager.cc:1173] T 1ab1a102dd9c49aba0780da8d8e19b23 P 63382e9ca0f7430ba027db6b03202ab2: Registered tablet (data state: TABLET_DATA_COPYING)
I0517 06:45:10.372455 11858 tablet_copy_client.cc:565] T 1ab1a102dd9c49aba0780da8d8e19b23 P 63382e9ca0f7430ba027db6b03202ab2: tablet copy: Starting download of 0 data blocks...
I0517 06:45:10.372685 11858 tablet_copy_client.cc:528] T 1ab1a102dd9c49aba0780da8d8e19b23 P 63382e9ca0f7430ba027db6b03202ab2: tablet copy: Starting download of 1 WAL segments...
I0517 06:45:10.374729 11858 tablet_copy_client.cc:404] T 1ab1a102dd9c49aba0780da8d8e19b23 P 63382e9ca0f7430ba027db6b03202ab2: tablet copy: Tablet Copy complete. Replacing tablet superblock.
I0517 06:45:10.377408 11858 ts_tablet_manager.cc:1028] T 1ab1a102dd9c49aba0780da8d8e19b23 P 63382e9ca0f7430ba027db6b03202ab2: Bootstrapping tablet
I0517 06:45:10.377737 11858 tablet_bootstrap.cc:436] T 1ab1a102dd9c49aba0780da8d8e19b23 P 63382e9ca0f7430ba027db6b03202ab2: Bootstrap starting.
I0517 06:45:10.383152 11858 log.cc:520] T 1ab1a102dd9c49aba0780da8d8e19b23 P 63382e9ca0f7430ba027db6b03202ab2: Log is configured to *not* fsync() on all Append() calls
I0517 06:45:10.389142 11858 tablet_bootstrap.cc:436] T 1ab1a102dd9c49aba0780da8d8e19b23 P 63382e9ca0f7430ba027db6b03202ab2: Bootstrap replayed 1/1 log segments. Stats: ops{read=6 overwritten=0 applied=6 ignored=0} inserts{seen=0 ignored=0} mutations{seen=0 ignored=0} orphaned_commits=0. Pending: 0 replicates
I0517 06:45:10.389598 11858 tablet_bootstrap.cc:436] T 1ab1a102dd9c49aba0780da8d8e19b23 P 63382e9ca0f7430ba027db6b03202ab2: Bootstrap complete.
I0517 06:45:10.389904 11858 ts_tablet_manager.cc:1045] T 1ab1a102dd9c49aba0780da8d8e19b23 P 63382e9ca0f7430ba027db6b03202ab2: Time spent bootstrapping tablet: real 0.012s user 0.012s sys 0.000s
I0517 06:45:10.393959 11643 catalog_manager.cc:2791] Scheduling retry of 1ab1a102dd9c49aba0780da8d8e19b23 Delete Tablet RPC for TS=a0e9f9fef615453a89e52dc146476b94 with a delay of 546 ms (attempt = 6)
W0517 06:45:10.394160 11643 catalog_manager.cc:2810] Async tablet task 1ab1a102dd9c49aba0780da8d8e19b23 Delete Tablet RPC for TS=a0e9f9fef615453a89e52dc146476b94 failed: Not found: failed to reset TS proxy: Could not find TS for UUID a0e9f9fef615453a89e52dc146476b94
I0517 06:45:10.399153 11858 raft_consensus.cc:303] T 1ab1a102dd9c49aba0780da8d8e19b23 P 63382e9ca0f7430ba027db6b03202ab2 [term 3 LEARNER]: Replica starting. Triggering 0 pending transactions. Active config: opid_index: 6 OBSOLETE_local: false peers { permanent_uuid: "6c3dcb1ce66b4b3a8e14a7305a1af218" member_type: VOTER last_known_addr { host: "127.4.96.1" port: 49563 } } peers { permanent_uuid: "23a5a54ae9484026bfe44987841a7b20" member_type: NON_VOTER last_known_addr { host: "127.4.96.4" port: 43655 } attrs { promote: true } } peers { permanent_uuid: "63382e9ca0f7430ba027db6b03202ab2" member_type: NON_VOTER last_known_addr { host: "127.4.96.5" port: 46864 } attrs { promote: true } } unsafe_config_change: true
I0517 06:45:10.399718 11858 raft_consensus.cc:604] T 1ab1a102dd9c49aba0780da8d8e19b23 P 63382e9ca0f7430ba027db6b03202ab2 [term 3 LEARNER]: Becoming Follower/Learner. State: Replica: 63382e9ca0f7430ba027db6b03202ab2, State: Initialized, Role: LEARNER
I0517 06:45:10.400027 11858 consensus_queue.cc:227] T 1ab1a102dd9c49aba0780da8d8e19b23 P 63382e9ca0f7430ba027db6b03202ab2 [NON_LEADER]: Queue going to NON_LEADER mode. State: All replicated index: 0, Majority replicated index: 0, Committed index: 6, Last appended: 3.6, Last appended by leader: 6, Current term: 0, Majority size: -1, State: 0, Mode: NON_LEADER, active raft config: opid_index: 6 OBSOLETE_local: false peers { permanent_uuid: "6c3dcb1ce66b4b3a8e14a7305a1af218" member_type: VOTER last_known_addr { host: "127.4.96.1" port: 49563 } } peers { permanent_uuid: "23a5a54ae9484026bfe44987841a7b20" member_type: NON_VOTER last_known_addr { host: "127.4.96.4" port: 43655 } attrs { promote: true } } peers { permanent_uuid: "63382e9ca0f7430ba027db6b03202ab2" member_type: NON_VOTER last_known_addr { host: "127.4.96.5" port: 46864 } attrs { promote: true } } unsafe_config_change: true
I0517 06:45:10.402115 11858 ts_tablet_manager.cc:1073] T 1ab1a102dd9c49aba0780da8d8e19b23 P 63382e9ca0f7430ba027db6b03202ab2: Time spent starting tablet: real 0.012s user 0.008s sys 0.004s
I0517 06:45:10.402213 11645 catalog_manager.cc:2791] Scheduling retry of 1ab1a102dd9c49aba0780da8d8e19b23 Delete Tablet RPC for TS=432b3fcdbb4c4dc0aa368a7f02647c24 with a delay of 534 ms (attempt = 6)
W0517 06:45:10.402459 11645 catalog_manager.cc:2810] Async tablet task 1ab1a102dd9c49aba0780da8d8e19b23 Delete Tablet RPC for TS=432b3fcdbb4c4dc0aa368a7f02647c24 failed: Not found: failed to reset TS proxy: Could not find TS for UUID 432b3fcdbb4c4dc0aa368a7f02647c24
I0517 06:45:10.403015 11815 tablet_copy_service.cc:323] P 6c3dcb1ce66b4b3a8e14a7305a1af218: Request end of tablet copy session 63382e9ca0f7430ba027db6b03202ab2-1ab1a102dd9c49aba0780da8d8e19b23 received from {username='slave'} at 127.4.96.5:60360
I0517 06:45:10.403201 11815 tablet_copy_service.cc:411] P 6c3dcb1ce66b4b3a8e14a7305a1af218: Ending tablet copy session 63382e9ca0f7430ba027db6b03202ab2-1ab1a102dd9c49aba0780da8d8e19b23 on tablet 1ab1a102dd9c49aba0780da8d8e19b23 with peer 63382e9ca0f7430ba027db6b03202ab2
I0517 06:45:10.423682 11863 ts_tablet_manager.cc:669] T 1ab1a102dd9c49aba0780da8d8e19b23 P 23a5a54ae9484026bfe44987841a7b20: Initiating tablet copy from peer 6c3dcb1ce66b4b3a8e14a7305a1af218 (127.4.96.1:49563)
I0517 06:45:10.423946 11863 tablet_copy_client.cc:239] T 1ab1a102dd9c49aba0780da8d8e19b23 P 23a5a54ae9484026bfe44987841a7b20: tablet copy: Beginning tablet copy session from remote peer at address 127.4.96.1:49563
I0517 06:45:10.432572 11815 tablet_copy_service.cc:133] P 6c3dcb1ce66b4b3a8e14a7305a1af218: Received BeginTabletCopySession request for tablet 1ab1a102dd9c49aba0780da8d8e19b23 from peer 23a5a54ae9484026bfe44987841a7b20 ({username='slave'} at 127.4.96.4:58212)
I0517 06:45:10.432788 11815 tablet_copy_service.cc:154] P 6c3dcb1ce66b4b3a8e14a7305a1af218: Beginning new tablet copy session on tablet 1ab1a102dd9c49aba0780da8d8e19b23 from peer 23a5a54ae9484026bfe44987841a7b20 at {username='slave'} at 127.4.96.4:58212: session id = 23a5a54ae9484026bfe44987841a7b20-1ab1a102dd9c49aba0780da8d8e19b23
I0517 06:45:10.435638 11815 tablet_copy_source_session.cc:202] T 1ab1a102dd9c49aba0780da8d8e19b23 P 6c3dcb1ce66b4b3a8e14a7305a1af218: Tablet Copy: opened 0 blocks and 1 log segments
I0517 06:45:10.437918 11863 data_dirs.cc:934] Could only allocate 1 dirs of requested 3 for tablet 1ab1a102dd9c49aba0780da8d8e19b23. 1 dirs total, 0 dirs full, 0 dirs failed
I0517 06:45:10.448415 11863 ts_tablet_manager.cc:1173] T 1ab1a102dd9c49aba0780da8d8e19b23 P 23a5a54ae9484026bfe44987841a7b20: Registered tablet (data state: TABLET_DATA_COPYING)
I0517 06:45:10.448777 11863 tablet_copy_client.cc:565] T 1ab1a102dd9c49aba0780da8d8e19b23 P 23a5a54ae9484026bfe44987841a7b20: tablet copy: Starting download of 0 data blocks...
I0517 06:45:10.449075 11863 tablet_copy_client.cc:528] T 1ab1a102dd9c49aba0780da8d8e19b23 P 23a5a54ae9484026bfe44987841a7b20: tablet copy: Starting download of 1 WAL segments...
I0517 06:45:10.451102 11863 tablet_copy_client.cc:404] T 1ab1a102dd9c49aba0780da8d8e19b23 P 23a5a54ae9484026bfe44987841a7b20: tablet copy: Tablet Copy complete. Replacing tablet superblock.
I0517 06:45:10.453845 11863 ts_tablet_manager.cc:1028] T 1ab1a102dd9c49aba0780da8d8e19b23 P 23a5a54ae9484026bfe44987841a7b20: Bootstrapping tablet
I0517 06:45:10.454210 11863 tablet_bootstrap.cc:436] T 1ab1a102dd9c49aba0780da8d8e19b23 P 23a5a54ae9484026bfe44987841a7b20: Bootstrap starting.
I0517 06:45:10.459326 11863 log.cc:520] T 1ab1a102dd9c49aba0780da8d8e19b23 P 23a5a54ae9484026bfe44987841a7b20: Log is configured to *not* fsync() on all Append() calls
I0517 06:45:10.470263 11863 tablet_bootstrap.cc:436] T 1ab1a102dd9c49aba0780da8d8e19b23 P 23a5a54ae9484026bfe44987841a7b20: Bootstrap replayed 1/1 log segments. Stats: ops{read=6 overwritten=0 applied=6 ignored=0} inserts{seen=0 ignored=0} mutations{seen=0 ignored=0} orphaned_commits=0. Pending: 0 replicates
I0517 06:45:10.470702 11863 tablet_bootstrap.cc:436] T 1ab1a102dd9c49aba0780da8d8e19b23 P 23a5a54ae9484026bfe44987841a7b20: Bootstrap complete.
I0517 06:45:10.470995 11863 ts_tablet_manager.cc:1045] T 1ab1a102dd9c49aba0780da8d8e19b23 P 23a5a54ae9484026bfe44987841a7b20: Time spent bootstrapping tablet: real 0.017s user 0.008s sys 0.008s
I0517 06:45:10.480070 11863 raft_consensus.cc:303] T 1ab1a102dd9c49aba0780da8d8e19b23 P 23a5a54ae9484026bfe44987841a7b20 [term 3 LEARNER]: Replica starting. Triggering 0 pending transactions. Active config: opid_index: 6 OBSOLETE_local: false peers { permanent_uuid: "6c3dcb1ce66b4b3a8e14a7305a1af218" member_type: VOTER last_known_addr { host: "127.4.96.1" port: 49563 } } peers { permanent_uuid: "23a5a54ae9484026bfe44987841a7b20" member_type: NON_VOTER last_known_addr { host: "127.4.96.4" port: 43655 } attrs { promote: true } } peers { permanent_uuid: "63382e9ca0f7430ba027db6b03202ab2" member_type: NON_VOTER last_known_addr { host: "127.4.96.5" port: 46864 } attrs { promote: true } } unsafe_config_change: true
I0517 06:45:10.480612 11863 raft_consensus.cc:604] T 1ab1a102dd9c49aba0780da8d8e19b23 P 23a5a54ae9484026bfe44987841a7b20 [term 3 LEARNER]: Becoming Follower/Learner. State: Replica: 23a5a54ae9484026bfe44987841a7b20, State: Initialized, Role: LEARNER
I0517 06:45:10.480900 11863 consensus_queue.cc:227] T 1ab1a102dd9c49aba0780da8d8e19b23 P 23a5a54ae9484026bfe44987841a7b20 [NON_LEADER]: Queue going to NON_LEADER mode. State: All replicated index: 0, Majority replicated index: 0, Committed index: 6, Last appended: 3.6, Last appended by leader: 6, Current term: 0, Majority size: -1, State: 0, Mode: NON_LEADER, active raft config: opid_index: 6 OBSOLETE_local: false peers { permanent_uuid: "6c3dcb1ce66b4b3a8e14a7305a1af218" member_type: VOTER last_known_addr { host: "127.4.96.1" port: 49563 } } peers { permanent_uuid: "23a5a54ae9484026bfe44987841a7b20" member_type: NON_VOTER last_known_addr { host: "127.4.96.4" port: 43655 } attrs { promote: true } } peers { permanent_uuid: "63382e9ca0f7430ba027db6b03202ab2" member_type: NON_VOTER last_known_addr { host: "127.4.96.5" port: 46864 } attrs { promote: true } } unsafe_config_change: true
I0517 06:45:10.482825 11863 ts_tablet_manager.cc:1073] T 1ab1a102dd9c49aba0780da8d8e19b23 P 23a5a54ae9484026bfe44987841a7b20: Time spent starting tablet: real 0.012s user 0.008s sys 0.004s
I0517 06:45:10.483688 11815 tablet_copy_service.cc:323] P 6c3dcb1ce66b4b3a8e14a7305a1af218: Request end of tablet copy session 23a5a54ae9484026bfe44987841a7b20-1ab1a102dd9c49aba0780da8d8e19b23 received from {username='slave'} at 127.4.96.4:58212
I0517 06:45:10.483855 11815 tablet_copy_service.cc:411] P 6c3dcb1ce66b4b3a8e14a7305a1af218: Ending tablet copy session 23a5a54ae9484026bfe44987841a7b20-1ab1a102dd9c49aba0780da8d8e19b23 on tablet 1ab1a102dd9c49aba0780da8d8e19b23 with peer 23a5a54ae9484026bfe44987841a7b20
W0517 06:45:10.576784 11574 tablet.cc:1678] T 1ab1a102dd9c49aba0780da8d8e19b23 P 63382e9ca0f7430ba027db6b03202ab2: Can't schedule compaction. Clean time has not been advanced past its initial value.
W0517 06:45:10.649447 11451 tablet.cc:1678] T 1ab1a102dd9c49aba0780da8d8e19b23 P 23a5a54ae9484026bfe44987841a7b20: Can't schedule compaction. Clean time has not been advanced past its initial value.
I0517 06:45:10.927641 11530 raft_consensus.cc:1002] T 1ab1a102dd9c49aba0780da8d8e19b23 P 63382e9ca0f7430ba027db6b03202ab2 [term 3 LEARNER]: Deduplicated request from leader. Original: 3.5->[3.6-3.6] Dedup: 3.6->[]
I0517 06:45:10.936825 11645 catalog_manager.cc:2791] Scheduling retry of 1ab1a102dd9c49aba0780da8d8e19b23 Delete Tablet RPC for TS=432b3fcdbb4c4dc0aa368a7f02647c24 with a delay of 1051 ms (attempt = 7)
W0517 06:45:10.936992 11645 catalog_manager.cc:2810] Async tablet task 1ab1a102dd9c49aba0780da8d8e19b23 Delete Tablet RPC for TS=432b3fcdbb4c4dc0aa368a7f02647c24 failed: Not found: failed to reset TS proxy: Could not find TS for UUID 432b3fcdbb4c4dc0aa368a7f02647c24
I0517 06:45:10.940840 11643 catalog_manager.cc:2791] Scheduling retry of 1ab1a102dd9c49aba0780da8d8e19b23 Delete Tablet RPC for TS=a0e9f9fef615453a89e52dc146476b94 with a delay of 1058 ms (attempt = 7)
W0517 06:45:10.941020 11643 catalog_manager.cc:2810] Async tablet task 1ab1a102dd9c49aba0780da8d8e19b23 Delete Tablet RPC for TS=a0e9f9fef615453a89e52dc146476b94 failed: Not found: failed to reset TS proxy: Could not find TS for UUID a0e9f9fef615453a89e52dc146476b94
I0517 06:45:11.023922 11406 raft_consensus.cc:1002] T 1ab1a102dd9c49aba0780da8d8e19b23 P 23a5a54ae9484026bfe44987841a7b20 [term 3 LEARNER]: Deduplicated request from leader. Original: 3.5->[3.6-3.6] Dedup: 3.6->[]
I0517 06:45:11.323945 11869 raft_consensus.cc:866] T 1ab1a102dd9c49aba0780da8d8e19b23 P 6c3dcb1ce66b4b3a8e14a7305a1af218: attempting to promote NON_VOTER 63382e9ca0f7430ba027db6b03202ab2 to VOTER
I0517 06:45:11.324614 11869 consensus_peers.cc:456] T 1ab1a102dd9c49aba0780da8d8e19b23 P 6c3dcb1ce66b4b3a8e14a7305a1af218 -> Peer 63382e9ca0f7430ba027db6b03202ab2 (127.4.96.5:46864): Closing peer: 63382e9ca0f7430ba027db6b03202ab2
I0517 06:45:11.324765 11869 consensus_peers.cc:456] T 1ab1a102dd9c49aba0780da8d8e19b23 P 6c3dcb1ce66b4b3a8e14a7305a1af218 -> Peer 23a5a54ae9484026bfe44987841a7b20 (127.4.96.4:43655): Closing peer: 23a5a54ae9484026bfe44987841a7b20
I0517 06:45:11.325178 11869 consensus_queue.cc:204] T 1ab1a102dd9c49aba0780da8d8e19b23 P 6c3dcb1ce66b4b3a8e14a7305a1af218 [LEADER]: Queue going to LEADER mode. State: All replicated index: 0, Majority replicated index: 6, Committed index: 6, Last appended: 3.6, Last appended by leader: 3, Current term: 3, Majority size: 2, State: 0, Mode: LEADER, active raft config: opid_index: 7 OBSOLETE_local: false peers { permanent_uuid: "6c3dcb1ce66b4b3a8e14a7305a1af218" member_type: VOTER last_known_addr { host: "127.4.96.1" port: 49563 } } peers { permanent_uuid: "23a5a54ae9484026bfe44987841a7b20" member_type: NON_VOTER last_known_addr { host: "127.4.96.4" port: 43655 } attrs { promote: true } } peers { permanent_uuid: "63382e9ca0f7430ba027db6b03202ab2" member_type: VOTER last_known_addr { host: "127.4.96.5" port: 46864 } attrs { promote: false } } unsafe_config_change: true
I0517 06:45:11.328574 11530 raft_consensus.cc:1057] T 1ab1a102dd9c49aba0780da8d8e19b23 P 63382e9ca0f7430ba027db6b03202ab2 [term 3 LEARNER]: Refusing update from remote peer 6c3dcb1ce66b4b3a8e14a7305a1af218: Log matching property violated. Preceding OpId in replica: term: 3 index: 6. Preceding OpId from leader: term: 3 index: 7. (index mismatch)
I0517 06:45:11.329100 11406 raft_consensus.cc:1057] T 1ab1a102dd9c49aba0780da8d8e19b23 P 23a5a54ae9484026bfe44987841a7b20 [term 3 LEARNER]: Refusing update from remote peer 6c3dcb1ce66b4b3a8e14a7305a1af218: Log matching property violated. Preceding OpId in replica: term: 3 index: 6. Preceding OpId from leader: term: 3 index: 7. (index mismatch)
I0517 06:45:11.329694 11868 consensus_queue.cc:963] T 1ab1a102dd9c49aba0780da8d8e19b23 P 6c3dcb1ce66b4b3a8e14a7305a1af218 [LEADER]: Connected to new peer: Peer: permanent_uuid: "63382e9ca0f7430ba027db6b03202ab2" member_type: VOTER last_known_addr { host: "127.4.96.5" port: 46864 } attrs { promote: false }, Status: LMP_MISMATCH, Last received: 0.0, Next index: 7, Last known committed idx: 6, Time since last communication: 0.000s
I0517 06:45:11.330253 11867 consensus_queue.cc:963] T 1ab1a102dd9c49aba0780da8d8e19b23 P 6c3dcb1ce66b4b3a8e14a7305a1af218 [LEADER]: Connected to new peer: Peer: permanent_uuid: "23a5a54ae9484026bfe44987841a7b20" member_type: NON_VOTER last_known_addr { host: "127.4.96.4" port: 43655 } attrs { promote: true }, Status: LMP_MISMATCH, Last received: 0.0, Next index: 7, Last known committed idx: 6, Time since last communication: 0.000s
I0517 06:45:11.336051 11869 raft_consensus.cc:2658] T 1ab1a102dd9c49aba0780da8d8e19b23 P 6c3dcb1ce66b4b3a8e14a7305a1af218 [term 3 LEADER]: Committing config change with OpId 3.7: config changed from index 6 to 7, 63382e9ca0f7430ba027db6b03202ab2 (127.4.96.5) changed from NON_VOTER to VOTER. New config: { opid_index: 7 OBSOLETE_local: false peers { permanent_uuid: "6c3dcb1ce66b4b3a8e14a7305a1af218" member_type: VOTER last_known_addr { host: "127.4.96.1" port: 49563 } } peers { permanent_uuid: "23a5a54ae9484026bfe44987841a7b20" member_type: NON_VOTER last_known_addr { host: "127.4.96.4" port: 43655 } attrs { promote: true } } peers { permanent_uuid: "63382e9ca0f7430ba027db6b03202ab2" member_type: VOTER last_known_addr { host: "127.4.96.5" port: 46864 } attrs { promote: false } } unsafe_config_change: true }
I0517 06:45:11.337141 11406 raft_consensus.cc:2658] T 1ab1a102dd9c49aba0780da8d8e19b23 P 23a5a54ae9484026bfe44987841a7b20 [term 3 LEARNER]: Committing config change with OpId 3.7: config changed from index 6 to 7, 63382e9ca0f7430ba027db6b03202ab2 (127.4.96.5) changed from NON_VOTER to VOTER. New config: { opid_index: 7 OBSOLETE_local: false peers { permanent_uuid: "6c3dcb1ce66b4b3a8e14a7305a1af218" member_type: VOTER last_known_addr { host: "127.4.96.1" port: 49563 } } peers { permanent_uuid: "23a5a54ae9484026bfe44987841a7b20" member_type: NON_VOTER last_known_addr { host: "127.4.96.4" port: 43655 } attrs { promote: true } } peers { permanent_uuid: "63382e9ca0f7430ba027db6b03202ab2" member_type: VOTER last_known_addr { host: "127.4.96.5" port: 46864 } attrs { promote: false } } unsafe_config_change: true }
I0517 06:45:11.337335 11530 raft_consensus.cc:2658] T 1ab1a102dd9c49aba0780da8d8e19b23 P 63382e9ca0f7430ba027db6b03202ab2 [term 3 FOLLOWER]: Committing config change with OpId 3.7: config changed from index 6 to 7, 63382e9ca0f7430ba027db6b03202ab2 (127.4.96.5) changed from NON_VOTER to VOTER. New config: { opid_index: 7 OBSOLETE_local: false peers { permanent_uuid: "6c3dcb1ce66b4b3a8e14a7305a1af218" member_type: VOTER last_known_addr { host: "127.4.96.1" port: 49563 } } peers { permanent_uuid: "23a5a54ae9484026bfe44987841a7b20" member_type: NON_VOTER last_known_addr { host: "127.4.96.4" port: 43655 } attrs { promote: true } } peers { permanent_uuid: "63382e9ca0f7430ba027db6b03202ab2" member_type: VOTER last_known_addr { host: "127.4.96.5" port: 46864 } attrs { promote: false } } unsafe_config_change: true }
I0517 06:45:11.343703 11867 raft_consensus.cc:866] T 1ab1a102dd9c49aba0780da8d8e19b23 P 6c3dcb1ce66b4b3a8e14a7305a1af218: attempting to promote NON_VOTER 23a5a54ae9484026bfe44987841a7b20 to VOTER
I0517 06:45:11.343209 11664 catalog_manager.cc:3686] T 1ab1a102dd9c49aba0780da8d8e19b23 P 23a5a54ae9484026bfe44987841a7b20 reported cstate change: config changed from index 6 to 7, 63382e9ca0f7430ba027db6b03202ab2 (127.4.96.5) changed from NON_VOTER to VOTER. New cstate: current_term: 3 leader_uuid: "6c3dcb1ce66b4b3a8e14a7305a1af218" committed_config { opid_index: 7 OBSOLETE_local: false peers { permanent_uuid: "6c3dcb1ce66b4b3a8e14a7305a1af218" member_type: VOTER last_known_addr { host: "127.4.96.1" port: 49563 } } peers { permanent_uuid: "23a5a54ae9484026bfe44987841a7b20" member_type: NON_VOTER last_known_addr { host: "127.4.96.4" port: 43655 } attrs { promote: true } } peers { permanent_uuid: "63382e9ca0f7430ba027db6b03202ab2" member_type: VOTER last_known_addr { host: "127.4.96.5" port: 46864 } attrs { promote: false } } unsafe_config_change: true }
I0517 06:45:11.344277 11867 consensus_peers.cc:456] T 1ab1a102dd9c49aba0780da8d8e19b23 P 6c3dcb1ce66b4b3a8e14a7305a1af218 -> Peer 63382e9ca0f7430ba027db6b03202ab2 (127.4.96.5:46864): Closing peer: 63382e9ca0f7430ba027db6b03202ab2
I0517 06:45:11.344405 11867 consensus_peers.cc:456] T 1ab1a102dd9c49aba0780da8d8e19b23 P 6c3dcb1ce66b4b3a8e14a7305a1af218 -> Peer 23a5a54ae9484026bfe44987841a7b20 (127.4.96.4:43655): Closing peer: 23a5a54ae9484026bfe44987841a7b20
I0517 06:45:11.344699 11867 consensus_queue.cc:204] T 1ab1a102dd9c49aba0780da8d8e19b23 P 6c3dcb1ce66b4b3a8e14a7305a1af218 [LEADER]: Queue going to LEADER mode. State: All replicated index: 0, Majority replicated index: 7, Committed index: 7, Last appended: 3.7, Last appended by leader: 3, Current term: 3, Majority size: 2, State: 0, Mode: LEADER, active raft config: opid_index: 8 OBSOLETE_local: false peers { permanent_uuid: "6c3dcb1ce66b4b3a8e14a7305a1af218" member_type: VOTER last_known_addr { host: "127.4.96.1" port: 49563 } } peers { permanent_uuid: "23a5a54ae9484026bfe44987841a7b20" member_type: VOTER last_known_addr { host: "127.4.96.4" port: 43655 } attrs { promote: false } } peers { permanent_uuid: "63382e9ca0f7430ba027db6b03202ab2" member_type: VOTER last_known_addr { host: "127.4.96.5" port: 46864 } attrs { promote: false } } unsafe_config_change: true
I0517 06:45:11.347404 11868 raft_consensus.cc:829] T 1ab1a102dd9c49aba0780da8d8e19b23 P 6c3dcb1ce66b4b3a8e14a7305a1af218 [term 3 LEADER]: attempt to promote peer 23a5a54ae9484026bfe44987841a7b20: there is already a config change operation in progress. Unable to promote follower until it completes. Doing nothing.
I0517 06:45:11.347956 11530 raft_consensus.cc:1057] T 1ab1a102dd9c49aba0780da8d8e19b23 P 63382e9ca0f7430ba027db6b03202ab2 [term 3 FOLLOWER]: Refusing update from remote peer 6c3dcb1ce66b4b3a8e14a7305a1af218: Log matching property violated. Preceding OpId in replica: term: 3 index: 7. Preceding OpId from leader: term: 3 index: 8. (index mismatch)
I0517 06:45:11.348929 11867 consensus_queue.cc:963] T 1ab1a102dd9c49aba0780da8d8e19b23 P 6c3dcb1ce66b4b3a8e14a7305a1af218 [LEADER]: Connected to new peer: Peer: permanent_uuid: "63382e9ca0f7430ba027db6b03202ab2" member_type: VOTER last_known_addr { host: "127.4.96.5" port: 46864 } attrs { promote: false }, Status: LMP_MISMATCH, Last received: 0.0, Next index: 8, Last known committed idx: 7, Time since last communication: 0.000s
I0517 06:45:11.349552 11406 raft_consensus.cc:1057] T 1ab1a102dd9c49aba0780da8d8e19b23 P 23a5a54ae9484026bfe44987841a7b20 [term 3 LEARNER]: Refusing update from remote peer 6c3dcb1ce66b4b3a8e14a7305a1af218: Log matching property violated. Preceding OpId in replica: term: 3 index: 7. Preceding OpId from leader: term: 3 index: 8. (index mismatch)
I0517 06:45:11.350497 11867 consensus_queue.cc:963] T 1ab1a102dd9c49aba0780da8d8e19b23 P 6c3dcb1ce66b4b3a8e14a7305a1af218 [LEADER]: Connected to new peer: Peer: permanent_uuid: "23a5a54ae9484026bfe44987841a7b20" member_type: VOTER last_known_addr { host: "127.4.96.4" port: 43655 } attrs { promote: false }, Status: LMP_MISMATCH, Last received: 0.0, Next index: 8, Last known committed idx: 7, Time since last communication: 0.000s
I0517 06:45:11.353312 11869 raft_consensus.cc:2658] T 1ab1a102dd9c49aba0780da8d8e19b23 P 6c3dcb1ce66b4b3a8e14a7305a1af218 [term 3 LEADER]: Committing config change with OpId 3.8: config changed from index 7 to 8, 23a5a54ae9484026bfe44987841a7b20 (127.4.96.4) changed from NON_VOTER to VOTER. New config: { opid_index: 8 OBSOLETE_local: false peers { permanent_uuid: "6c3dcb1ce66b4b3a8e14a7305a1af218" member_type: VOTER last_known_addr { host: "127.4.96.1" port: 49563 } } peers { permanent_uuid: "23a5a54ae9484026bfe44987841a7b20" member_type: VOTER last_known_addr { host: "127.4.96.4" port: 43655 } attrs { promote: false } } peers { permanent_uuid: "63382e9ca0f7430ba027db6b03202ab2" member_type: VOTER last_known_addr { host: "127.4.96.5" port: 46864 } attrs { promote: false } } unsafe_config_change: true }
I0517 06:45:11.354467 11530 raft_consensus.cc:2658] T 1ab1a102dd9c49aba0780da8d8e19b23 P 63382e9ca0f7430ba027db6b03202ab2 [term 3 FOLLOWER]: Committing config change with OpId 3.8: config changed from index 7 to 8, 23a5a54ae9484026bfe44987841a7b20 (127.4.96.4) changed from NON_VOTER to VOTER. New config: { opid_index: 8 OBSOLETE_local: false peers { permanent_uuid: "6c3dcb1ce66b4b3a8e14a7305a1af218" member_type: VOTER last_known_addr { host: "127.4.96.1" port: 49563 } } peers { permanent_uuid: "23a5a54ae9484026bfe44987841a7b20" member_type: VOTER last_known_addr { host: "127.4.96.4" port: 43655 } attrs { promote: false } } peers { permanent_uuid: "63382e9ca0f7430ba027db6b03202ab2" member_type: VOTER last_known_addr { host: "127.4.96.5" port: 46864 } attrs { promote: false } } unsafe_config_change: true }
I0517 06:45:11.355742 11405 raft_consensus.cc:2658] T 1ab1a102dd9c49aba0780da8d8e19b23 P 23a5a54ae9484026bfe44987841a7b20 [term 3 FOLLOWER]: Committing config change with OpId 3.8: config changed from index 7 to 8, 23a5a54ae9484026bfe44987841a7b20 (127.4.96.4) changed from NON_VOTER to VOTER. New config: { opid_index: 8 OBSOLETE_local: false peers { permanent_uuid: "6c3dcb1ce66b4b3a8e14a7305a1af218" member_type: VOTER last_known_addr { host: "127.4.96.1" port: 49563 } } peers { permanent_uuid: "23a5a54ae9484026bfe44987841a7b20" member_type: VOTER last_known_addr { host: "127.4.96.4" port: 43655 } attrs { promote: false } } peers { permanent_uuid: "63382e9ca0f7430ba027db6b03202ab2" member_type: VOTER last_known_addr { host: "127.4.96.5" port: 46864 } attrs { promote: false } } unsafe_config_change: true }
I0517 06:45:11.360232 11662 catalog_manager.cc:3686] T 1ab1a102dd9c49aba0780da8d8e19b23 P 6c3dcb1ce66b4b3a8e14a7305a1af218 reported cstate change: config changed from index 7 to 8, 23a5a54ae9484026bfe44987841a7b20 (127.4.96.4) changed from NON_VOTER to VOTER. New cstate: current_term: 3 leader_uuid: "6c3dcb1ce66b4b3a8e14a7305a1af218" committed_config { opid_index: 8 OBSOLETE_local: false peers { permanent_uuid: "6c3dcb1ce66b4b3a8e14a7305a1af218" member_type: VOTER last_known_addr { host: "127.4.96.1" port: 49563 } health_report { overall_health: HEALTHY } } peers { permanent_uuid: "23a5a54ae9484026bfe44987841a7b20" member_type: VOTER last_known_addr { host: "127.4.96.4" port: 43655 } attrs { promote: false } health_report { overall_health: HEALTHY } } peers { permanent_uuid: "63382e9ca0f7430ba027db6b03202ab2" member_type: VOTER last_known_addr { host: "127.4.96.5" port: 46864 } attrs { promote: false } health_report { overall_health: HEALTHY } } unsafe_config_change: true }
I0517 06:45:11.463752 4480 kudu-admin-test.cc:1017] Tablet locations: tablet_id: "1ab1a102dd9c49aba0780da8d8e19b23" replicas { ts_info { permanent_uuid: "6c3dcb1ce66b4b3a8e14a7305a1af218" rpc_addresses { host: "127.4.96.1" port: 49563 } } role: LEADER } replicas { ts_info { permanent_uuid: "23a5a54ae9484026bfe44987841a7b20" rpc_addresses { host: "127.4.96.4" port: 43655 } } role: FOLLOWER } replicas { ts_info { permanent_uuid: "63382e9ca0f7430ba027db6b03202ab2" rpc_addresses { host: "127.4.96.5" port: 46864 } } role: FOLLOWER } DEPRECATED_stale: false partition { partition_key_start: "" partition_key_end: "" }
I0517 06:45:11.465302 4480 external_mini_cluster.cc:978] Killing /tmp/dist-test-task4QLboq/build/tsan/bin/kudu-tserver with pid 11714
W0517 06:45:11.487392 11648 connection.cc:512] server connection from 127.4.96.1:54248 recv error: Network error: failed to read from TLS socket (remote: 127.4.96.1:54248): Connection reset by peer (error 104)
W0517 06:45:11.487401 10879 connection.cc:512] client connection to 127.4.96.1:49563 recv error: Network error: failed to read from TLS socket (remote: 127.4.96.1:49563): Connection reset by peer (error 104)
W0517 06:45:11.488101 11644 connection.cc:512] client connection to 127.4.96.1:49563 recv error: Network error: failed to read from TLS socket (remote: 127.4.96.1:49563): Connection reset by peer (error 104)
W0517 06:45:11.488204 11461 connection.cc:512] client connection to 127.4.96.1:49563 recv error: Network error: failed to read from TLS socket (remote: 127.4.96.1:49563): Connection reset by peer (error 104)
W0517 06:45:11.489135 11336 connection.cc:512] server connection from 127.4.96.1:53370 recv error: Network error: failed to read from TLS socket (remote: 127.4.96.1:53370): Connection reset by peer (error 104)
W0517 06:45:11.489143 11460 connection.cc:512] server connection from 127.4.96.1:48843 recv error: Network error: failed to read from TLS socket (remote: 127.4.96.1:48843): Connection reset by peer (error 104)
W0517 06:45:11.490011 11337 connection.cc:512] client connection to 127.4.96.1:49563 recv error: Network error: failed to read from TLS socket (remote: 127.4.96.1:49563): Connection reset by peer (error 104)
I0517 06:45:11.491014 4480 external_mini_cluster.cc:978] Killing /tmp/dist-test-task4QLboq/build/tsan/bin/kudu-tserver with pid 11328
W0517 06:45:11.508824 11645 connection.cc:512] server connection from 127.4.96.4:57213 recv error: Network error: failed to read from TLS socket (remote: 127.4.96.4:57213): Connection reset by peer (error 104)
W0517 06:45:11.508879 10882 connection.cc:512] client connection to 127.4.96.4:43655 recv error: Network error: failed to read from TLS socket (remote: 127.4.96.4:43655): Connection reset by peer (error 104)
W0517 06:45:11.509737 10880 connection.cc:512] client connection to 127.4.96.4:43655 recv error: Network error: failed to read from TLS socket (remote: 127.4.96.4:43655): Connection reset by peer (error 104)
I0517 06:45:11.510576 4480 external_mini_cluster.cc:978] Killing /tmp/dist-test-task4QLboq/build/tsan/bin/kudu-tserver with pid 11450
W0517 06:45:11.535163 11644 connection.cc:512] server connection from 127.4.96.5:55411 recv error: Network error: failed to read from TLS socket (remote: 127.4.96.5:55411): Connection reset by peer (error 104)
