I0517 06:44:17.530668 7054 tablet_bootstrap.cc:436] T e87d26c881e34c10ad80ac7338847fd0 P a668d75502e54c95abf2e1eceee63ab6: Bootstrap complete.
I0517 06:44:17.530975 7054 ts_tablet_manager.cc:1045] T e87d26c881e34c10ad80ac7338847fd0 P a668d75502e54c95abf2e1eceee63ab6: Time spent bootstrapping tablet: real 0.011s user 0.008s sys 0.004s
I0517 06:44:17.540246 7054 raft_consensus.cc:303] T e87d26c881e34c10ad80ac7338847fd0 P a668d75502e54c95abf2e1eceee63ab6 [term 3 LEARNER]: Replica starting. Triggering 0 pending transactions. Active config: opid_index: 5 OBSOLETE_local: false peers { permanent_uuid: "f9766287bc0d4d29927a018255e773e1" member_type: VOTER last_known_addr { host: "127.4.96.1" port: 33942 } } peers { permanent_uuid: "b381de9177314b1294f8324c1ea8ef96" member_type: NON_VOTER last_known_addr { host: "127.4.96.2" port: 35758 } attrs { promote: true } } peers { permanent_uuid: "a668d75502e54c95abf2e1eceee63ab6" member_type: NON_VOTER last_known_addr { host: "127.4.96.5" port: 57208 } attrs { promote: true } } unsafe_config_change: true
I0517 06:44:17.540977 7054 raft_consensus.cc:604] T e87d26c881e34c10ad80ac7338847fd0 P a668d75502e54c95abf2e1eceee63ab6 [term 3 LEARNER]: Becoming Follower/Learner. State: Replica: a668d75502e54c95abf2e1eceee63ab6, State: Initialized, Role: LEARNER
I0517 06:44:17.541345 7054 consensus_queue.cc:227] T e87d26c881e34c10ad80ac7338847fd0 P a668d75502e54c95abf2e1eceee63ab6 [NON_LEADER]: Queue going to NON_LEADER mode. State: All replicated index: 0, Majority replicated index: 0, Committed index: 5, Last appended: 3.5, Last appended by leader: 5, Current term: 0, Majority size: -1, State: 0, Mode: NON_LEADER, active raft config: opid_index: 5 OBSOLETE_local: false peers { permanent_uuid: "f9766287bc0d4d29927a018255e773e1" member_type: VOTER last_known_addr { host: "127.4.96.1" port: 33942 } } peers { permanent_uuid: "b381de9177314b1294f8324c1ea8ef96" member_type: NON_VOTER last_known_addr { host: "127.4.96.2" port: 35758 } attrs { promote: true } } peers { permanent_uuid: "a668d75502e54c95abf2e1eceee63ab6" member_type: NON_VOTER last_known_addr { host: "127.4.96.5" port: 57208 } attrs { promote: true } } unsafe_config_change: true
I0517 06:44:17.543471 7054 ts_tablet_manager.cc:1073] T e87d26c881e34c10ad80ac7338847fd0 P a668d75502e54c95abf2e1eceee63ab6: Time spent starting tablet: real 0.012s user 0.016s sys 0.000s
I0517 06:44:17.544430 6379 tablet_copy_service.cc:323] P f9766287bc0d4d29927a018255e773e1: Request end of tablet copy session a668d75502e54c95abf2e1eceee63ab6-e87d26c881e34c10ad80ac7338847fd0 received from {username='slave'} at 127.4.96.5:39441
I0517 06:44:17.544602 6379 tablet_copy_service.cc:411] P f9766287bc0d4d29927a018255e773e1: Ending tablet copy session a668d75502e54c95abf2e1eceee63ab6-e87d26c881e34c10ad80ac7338847fd0 on tablet e87d26c881e34c10ad80ac7338847fd0 with peer a668d75502e54c95abf2e1eceee63ab6
W0517 06:44:17.592800 6528 tablet.cc:1678] T e87d26c881e34c10ad80ac7338847fd0 P b381de9177314b1294f8324c1ea8ef96: Can't schedule compaction. Clean time has not been advanced past its initial value.
W0517 06:44:17.690513 6900 tablet.cc:1678] T e87d26c881e34c10ad80ac7338847fd0 P a668d75502e54c95abf2e1eceee63ab6: Can't schedule compaction. Clean time has not been advanced past its initial value.
I0517 06:44:17.829429 6484 raft_consensus.cc:1002] T e87d26c881e34c10ad80ac7338847fd0 P b381de9177314b1294f8324c1ea8ef96 [term 3 LEARNER]: Deduplicated request from leader. Original: 3.4->[3.5-3.5] Dedup: 3.5->[]
I0517 06:44:18.024245 6954 catalog_manager.cc:2791] Scheduling retry of e87d26c881e34c10ad80ac7338847fd0 Delete Tablet RPC for TS=e4842316d7f843469d36409ae004670c with a delay of 1051 ms (attempt = 7)
W0517 06:44:18.024442 6954 catalog_manager.cc:2810] Async tablet task e87d26c881e34c10ad80ac7338847fd0 Delete Tablet RPC for TS=e4842316d7f843469d36409ae004670c failed: Not found: failed to reset TS proxy: Could not find TS for UUID e4842316d7f843469d36409ae004670c
I0517 06:44:18.027902 6952 catalog_manager.cc:2791] Scheduling retry of e87d26c881e34c10ad80ac7338847fd0 Delete Tablet RPC for TS=c95723aafe594cc999bfe59b9aee2b1e with a delay of 1058 ms (attempt = 7)
W0517 06:44:18.028066 6952 catalog_manager.cc:2810] Async tablet task e87d26c881e34c10ad80ac7338847fd0 Delete Tablet RPC for TS=c95723aafe594cc999bfe59b9aee2b1e failed: Not found: failed to reset TS proxy: Could not find TS for UUID c95723aafe594cc999bfe59b9aee2b1e
I0517 06:44:18.067286 6856 raft_consensus.cc:1002] T e87d26c881e34c10ad80ac7338847fd0 P a668d75502e54c95abf2e1eceee63ab6 [term 3 LEARNER]: Deduplicated request from leader. Original: 3.4->[3.5-3.5] Dedup: 3.5->[]
I0517 06:44:18.308781 7059 raft_consensus.cc:866] T e87d26c881e34c10ad80ac7338847fd0 P f9766287bc0d4d29927a018255e773e1: attempting to promote NON_VOTER b381de9177314b1294f8324c1ea8ef96 to VOTER
I0517 06:44:18.309397 7059 consensus_peers.cc:456] T e87d26c881e34c10ad80ac7338847fd0 P f9766287bc0d4d29927a018255e773e1 -> Peer a668d75502e54c95abf2e1eceee63ab6 (127.4.96.5:57208): Closing peer: a668d75502e54c95abf2e1eceee63ab6
I0517 06:44:18.309536 7059 consensus_peers.cc:456] T e87d26c881e34c10ad80ac7338847fd0 P f9766287bc0d4d29927a018255e773e1 -> Peer b381de9177314b1294f8324c1ea8ef96 (127.4.96.2:35758): Closing peer: b381de9177314b1294f8324c1ea8ef96
I0517 06:44:18.309943 7059 consensus_queue.cc:204] T e87d26c881e34c10ad80ac7338847fd0 P f9766287bc0d4d29927a018255e773e1 [LEADER]: Queue going to LEADER mode. State: All replicated index: 0, Majority replicated index: 5, Committed index: 5, Last appended: 3.5, Last appended by leader: 0, Current term: 3, Majority size: 2, State: 0, Mode: LEADER, active raft config: opid_index: 6 OBSOLETE_local: false peers { permanent_uuid: "f9766287bc0d4d29927a018255e773e1" member_type: VOTER last_known_addr { host: "127.4.96.1" port: 33942 } } peers { permanent_uuid: "b381de9177314b1294f8324c1ea8ef96" member_type: VOTER last_known_addr { host: "127.4.96.2" port: 35758 } attrs { promote: false } } peers { permanent_uuid: "a668d75502e54c95abf2e1eceee63ab6" member_type: NON_VOTER last_known_addr { host: "127.4.96.5" port: 57208 } attrs { promote: true } } unsafe_config_change: true
I0517 06:44:18.313127 6484 raft_consensus.cc:1057] T e87d26c881e34c10ad80ac7338847fd0 P b381de9177314b1294f8324c1ea8ef96 [term 3 LEARNER]: Refusing update from remote peer f9766287bc0d4d29927a018255e773e1: Log matching property violated. Preceding OpId in replica: term: 3 index: 5. Preceding OpId from leader: term: 3 index: 6. (index mismatch)
I0517 06:44:18.313124 6856 raft_consensus.cc:1057] T e87d26c881e34c10ad80ac7338847fd0 P a668d75502e54c95abf2e1eceee63ab6 [term 3 LEARNER]: Refusing update from remote peer f9766287bc0d4d29927a018255e773e1: Log matching property violated. Preceding OpId in replica: term: 3 index: 5. Preceding OpId from leader: term: 3 index: 6. (index mismatch)
I0517 06:44:18.314091 7048 consensus_queue.cc:963] T e87d26c881e34c10ad80ac7338847fd0 P f9766287bc0d4d29927a018255e773e1 [LEADER]: Connected to new peer: Peer: permanent_uuid: "b381de9177314b1294f8324c1ea8ef96" member_type: VOTER last_known_addr { host: "127.4.96.2" port: 35758 } attrs { promote: false }, Status: LMP_MISMATCH, Last received: 0.0, Next index: 6, Last known committed idx: 5, Time since last communication: 0.000s
I0517 06:44:18.314575 7058 consensus_queue.cc:963] T e87d26c881e34c10ad80ac7338847fd0 P f9766287bc0d4d29927a018255e773e1 [LEADER]: Connected to new peer: Peer: permanent_uuid: "a668d75502e54c95abf2e1eceee63ab6" member_type: NON_VOTER last_known_addr { host: "127.4.96.5" port: 57208 } attrs { promote: true }, Status: LMP_MISMATCH, Last received: 0.0, Next index: 6, Last known committed idx: 5, Time since last communication: 0.000s
I0517 06:44:18.319663 7048 raft_consensus.cc:2658] T e87d26c881e34c10ad80ac7338847fd0 P f9766287bc0d4d29927a018255e773e1 [term 3 LEADER]: Committing config change with OpId 3.6: config changed from index 5 to 6, b381de9177314b1294f8324c1ea8ef96 (127.4.96.2) changed from NON_VOTER to VOTER. New config: { opid_index: 6 OBSOLETE_local: false peers { permanent_uuid: "f9766287bc0d4d29927a018255e773e1" member_type: VOTER last_known_addr { host: "127.4.96.1" port: 33942 } } peers { permanent_uuid: "b381de9177314b1294f8324c1ea8ef96" member_type: VOTER last_known_addr { host: "127.4.96.2" port: 35758 } attrs { promote: false } } peers { permanent_uuid: "a668d75502e54c95abf2e1eceee63ab6" member_type: NON_VOTER last_known_addr { host: "127.4.96.5" port: 57208 } attrs { promote: true } } unsafe_config_change: true }
I0517 06:44:18.321568 6856 raft_consensus.cc:2658] T e87d26c881e34c10ad80ac7338847fd0 P a668d75502e54c95abf2e1eceee63ab6 [term 3 LEARNER]: Committing config change with OpId 3.6: config changed from index 5 to 6, b381de9177314b1294f8324c1ea8ef96 (127.4.96.2) changed from NON_VOTER to VOTER. New config: { opid_index: 6 OBSOLETE_local: false peers { permanent_uuid: "f9766287bc0d4d29927a018255e773e1" member_type: VOTER last_known_addr { host: "127.4.96.1" port: 33942 } } peers { permanent_uuid: "b381de9177314b1294f8324c1ea8ef96" member_type: VOTER last_known_addr { host: "127.4.96.2" port: 35758 } attrs { promote: false } } peers { permanent_uuid: "a668d75502e54c95abf2e1eceee63ab6" member_type: NON_VOTER last_known_addr { host: "127.4.96.5" port: 57208 } attrs { promote: true } } unsafe_config_change: true }
I0517 06:44:18.321789 6483 raft_consensus.cc:2658] T e87d26c881e34c10ad80ac7338847fd0 P b381de9177314b1294f8324c1ea8ef96 [term 3 FOLLOWER]: Committing config change with OpId 3.6: config changed from index 5 to 6, b381de9177314b1294f8324c1ea8ef96 (127.4.96.2) changed from NON_VOTER to VOTER. New config: { opid_index: 6 OBSOLETE_local: false peers { permanent_uuid: "f9766287bc0d4d29927a018255e773e1" member_type: VOTER last_known_addr { host: "127.4.96.1" port: 33942 } } peers { permanent_uuid: "b381de9177314b1294f8324c1ea8ef96" member_type: VOTER last_known_addr { host: "127.4.96.2" port: 35758 } attrs { promote: false } } peers { permanent_uuid: "a668d75502e54c95abf2e1eceee63ab6" member_type: NON_VOTER last_known_addr { host: "127.4.96.5" port: 57208 } attrs { promote: true } } unsafe_config_change: true }
I0517 06:44:18.325013 7058 raft_consensus.cc:866] T e87d26c881e34c10ad80ac7338847fd0 P f9766287bc0d4d29927a018255e773e1: attempting to promote NON_VOTER a668d75502e54c95abf2e1eceee63ab6 to VOTER
I0517 06:44:18.325753 7058 consensus_peers.cc:456] T e87d26c881e34c10ad80ac7338847fd0 P f9766287bc0d4d29927a018255e773e1 -> Peer a668d75502e54c95abf2e1eceee63ab6 (127.4.96.5:57208): Closing peer: a668d75502e54c95abf2e1eceee63ab6
I0517 06:44:18.325948 7058 consensus_peers.cc:456] T e87d26c881e34c10ad80ac7338847fd0 P f9766287bc0d4d29927a018255e773e1 -> Peer b381de9177314b1294f8324c1ea8ef96 (127.4.96.2:35758): Closing peer: b381de9177314b1294f8324c1ea8ef96
I0517 06:44:18.326272 7058 consensus_queue.cc:204] T e87d26c881e34c10ad80ac7338847fd0 P f9766287bc0d4d29927a018255e773e1 [LEADER]: Queue going to LEADER mode. State: All replicated index: 0, Majority replicated index: 6, Committed index: 6, Last appended: 3.6, Last appended by leader: 0, Current term: 3, Majority size: 2, State: 0, Mode: LEADER, active raft config: opid_index: 7 OBSOLETE_local: false peers { permanent_uuid: "f9766287bc0d4d29927a018255e773e1" member_type: VOTER last_known_addr { host: "127.4.96.1" port: 33942 } } peers { permanent_uuid: "b381de9177314b1294f8324c1ea8ef96" member_type: VOTER last_known_addr { host: "127.4.96.2" port: 35758 } attrs { promote: false } } peers { permanent_uuid: "a668d75502e54c95abf2e1eceee63ab6" member_type: VOTER last_known_addr { host: "127.4.96.5" port: 57208 } attrs { promote: false } } unsafe_config_change: true
I0517 06:44:18.326949 6972 catalog_manager.cc:3686] T e87d26c881e34c10ad80ac7338847fd0 P f9766287bc0d4d29927a018255e773e1 reported cstate change: config changed from index 5 to 6, b381de9177314b1294f8324c1ea8ef96 (127.4.96.2) changed from NON_VOTER to VOTER. New cstate: current_term: 3 leader_uuid: "f9766287bc0d4d29927a018255e773e1" committed_config { opid_index: 6 OBSOLETE_local: false peers { permanent_uuid: "f9766287bc0d4d29927a018255e773e1" member_type: VOTER last_known_addr { host: "127.4.96.1" port: 33942 } health_report { overall_health: HEALTHY } } peers { permanent_uuid: "b381de9177314b1294f8324c1ea8ef96" member_type: VOTER last_known_addr { host: "127.4.96.2" port: 35758 } attrs { promote: false } health_report { overall_health: HEALTHY } } peers { permanent_uuid: "a668d75502e54c95abf2e1eceee63ab6" member_type: NON_VOTER last_known_addr { host: "127.4.96.5" port: 57208 } attrs { promote: true } health_report { overall_health: HEALTHY } } unsafe_config_change: true }
I0517 06:44:18.332037 6856 raft_consensus.cc:1057] T e87d26c881e34c10ad80ac7338847fd0 P a668d75502e54c95abf2e1eceee63ab6 [term 3 LEARNER]: Refusing update from remote peer f9766287bc0d4d29927a018255e773e1: Log matching property violated. Preceding OpId in replica: term: 3 index: 6. Preceding OpId from leader: term: 3 index: 7. (index mismatch)
I0517 06:44:18.332504 6483 raft_consensus.cc:1057] T e87d26c881e34c10ad80ac7338847fd0 P b381de9177314b1294f8324c1ea8ef96 [term 3 FOLLOWER]: Refusing update from remote peer f9766287bc0d4d29927a018255e773e1: Log matching property violated. Preceding OpId in replica: term: 3 index: 6. Preceding OpId from leader: term: 3 index: 7. (index mismatch)
I0517 06:44:18.333695 7048 consensus_queue.cc:963] T e87d26c881e34c10ad80ac7338847fd0 P f9766287bc0d4d29927a018255e773e1 [LEADER]: Connected to new peer: Peer: permanent_uuid: "a668d75502e54c95abf2e1eceee63ab6" member_type: VOTER last_known_addr { host: "127.4.96.5" port: 57208 } attrs { promote: false }, Status: LMP_MISMATCH, Last received: 0.0, Next index: 7, Last known committed idx: 6, Time since last communication: 0.000s
I0517 06:44:18.334244 7059 consensus_queue.cc:963] T e87d26c881e34c10ad80ac7338847fd0 P f9766287bc0d4d29927a018255e773e1 [LEADER]: Connected to new peer: Peer: permanent_uuid: "b381de9177314b1294f8324c1ea8ef96" member_type: VOTER last_known_addr { host: "127.4.96.2" port: 35758 } attrs { promote: false }, Status: LMP_MISMATCH, Last received: 0.0, Next index: 7, Last known committed idx: 6, Time since last communication: 0.000s
I0517 06:44:18.340168 7064 raft_consensus.cc:2658] T e87d26c881e34c10ad80ac7338847fd0 P f9766287bc0d4d29927a018255e773e1 [term 3 LEADER]: Committing config change with OpId 3.7: config changed from index 6 to 7, a668d75502e54c95abf2e1eceee63ab6 (127.4.96.5) changed from NON_VOTER to VOTER. New config: { opid_index: 7 OBSOLETE_local: false peers { permanent_uuid: "f9766287bc0d4d29927a018255e773e1" member_type: VOTER last_known_addr { host: "127.4.96.1" port: 33942 } } peers { permanent_uuid: "b381de9177314b1294f8324c1ea8ef96" member_type: VOTER last_known_addr { host: "127.4.96.2" port: 35758 } attrs { promote: false } } peers { permanent_uuid: "a668d75502e54c95abf2e1eceee63ab6" member_type: VOTER last_known_addr { host: "127.4.96.5" port: 57208 } attrs { promote: false } } unsafe_config_change: true }
I0517 06:44:18.342160 6483 raft_consensus.cc:2658] T e87d26c881e34c10ad80ac7338847fd0 P b381de9177314b1294f8324c1ea8ef96 [term 3 FOLLOWER]: Committing config change with OpId 3.7: config changed from index 6 to 7, a668d75502e54c95abf2e1eceee63ab6 (127.4.96.5) changed from NON_VOTER to VOTER. New config: { opid_index: 7 OBSOLETE_local: false peers { permanent_uuid: "f9766287bc0d4d29927a018255e773e1" member_type: VOTER last_known_addr { host: "127.4.96.1" port: 33942 } } peers { permanent_uuid: "b381de9177314b1294f8324c1ea8ef96" member_type: VOTER last_known_addr { host: "127.4.96.2" port: 35758 } attrs { promote: false } } peers { permanent_uuid: "a668d75502e54c95abf2e1eceee63ab6" member_type: VOTER last_known_addr { host: "127.4.96.5" port: 57208 } attrs { promote: false } } unsafe_config_change: true }
I0517 06:44:18.343605 6856 raft_consensus.cc:2658] T e87d26c881e34c10ad80ac7338847fd0 P a668d75502e54c95abf2e1eceee63ab6 [term 3 FOLLOWER]: Committing config change with OpId 3.7: config changed from index 6 to 7, a668d75502e54c95abf2e1eceee63ab6 (127.4.96.5) changed from NON_VOTER to VOTER. New config: { opid_index: 7 OBSOLETE_local: false peers { permanent_uuid: "f9766287bc0d4d29927a018255e773e1" member_type: VOTER last_known_addr { host: "127.4.96.1" port: 33942 } } peers { permanent_uuid: "b381de9177314b1294f8324c1ea8ef96" member_type: VOTER last_known_addr { host: "127.4.96.2" port: 35758 } attrs { promote: false } } peers { permanent_uuid: "a668d75502e54c95abf2e1eceee63ab6" member_type: VOTER last_known_addr { host: "127.4.96.5" port: 57208 } attrs { promote: false } } unsafe_config_change: true }
I0517 06:44:18.346009 6971 catalog_manager.cc:3686] T e87d26c881e34c10ad80ac7338847fd0 P f9766287bc0d4d29927a018255e773e1 reported cstate change: config changed from index 6 to 7, a668d75502e54c95abf2e1eceee63ab6 (127.4.96.5) changed from NON_VOTER to VOTER. New cstate: current_term: 3 leader_uuid: "f9766287bc0d4d29927a018255e773e1" committed_config { opid_index: 7 OBSOLETE_local: false peers { permanent_uuid: "f9766287bc0d4d29927a018255e773e1" member_type: VOTER last_known_addr { host: "127.4.96.1" port: 33942 } health_report { overall_health: HEALTHY } } peers { permanent_uuid: "b381de9177314b1294f8324c1ea8ef96" member_type: VOTER last_known_addr { host: "127.4.96.2" port: 35758 } attrs { promote: false } health_report { overall_health: HEALTHY } } peers { permanent_uuid: "a668d75502e54c95abf2e1eceee63ab6" member_type: VOTER last_known_addr { host: "127.4.96.5" port: 57208 } attrs { promote: false } health_report { overall_health: HEALTHY } } unsafe_config_change: true }
I0517 06:44:18.452546 4480 kudu-admin-test.cc:528] Waiting for Master to see new config...
I0517 06:44:18.463021 4480 kudu-admin-test.cc:533] Tablet locations: tablet_id: "e87d26c881e34c10ad80ac7338847fd0" replicas { ts_info { permanent_uuid: "f9766287bc0d4d29927a018255e773e1" rpc_addresses { host: "127.4.96.1" port: 33942 } } role: LEADER } replicas { ts_info { permanent_uuid: "b381de9177314b1294f8324c1ea8ef96" rpc_addresses { host: "127.4.96.2" port: 35758 } } role: FOLLOWER } replicas { ts_info { permanent_uuid: "a668d75502e54c95abf2e1eceee63ab6" rpc_addresses { host: "127.4.96.5" port: 57208 } } role: FOLLOWER } DEPRECATED_stale: false partition { partition_key_start: "" partition_key_end: "" }
I0517 06:44:18.464243 4480 external_mini_cluster.cc:978] Killing /tmp/dist-test-task4QLboq/build/tsan/bin/kudu-tserver with pid 6271
W0517 06:44:18.486192 6953 connection.cc:512] client connection to 127.4.96.1:33942 recv error: Network error: failed to read from TLS socket (remote: 127.4.96.1:33942): Connection reset by peer (error 104)
W0517 06:44:18.486225 6415 connection.cc:512] client connection to 127.4.96.1:33942 recv error: Network error: failed to read from TLS socket (remote: 127.4.96.1:33942): Connection reset by peer (error 104)
W0517 06:44:18.487191 6954 connection.cc:512] server connection from 127.4.96.1:32827 recv error: Network error: failed to read from TLS socket (remote: 127.4.96.1:32827): Connection reset by peer (error 104)
W0517 06:44:18.487277 6414 connection.cc:512] server connection from 127.4.96.1:45378 recv error: Network error: failed to read from TLS socket (remote: 127.4.96.1:45378): Connection reset by peer (error 104)
W0517 06:44:18.487248 6208 connection.cc:512] client connection to 127.4.96.1:33942 recv error: Network error: failed to read from TLS socket (remote: 127.4.96.1:33942): Connection reset by peer (error 104)
W0517 06:44:18.488137 6205 connection.cc:512] client connection to 127.4.96.1:33942 recv error: Network error: failed to read from TLS socket (remote: 127.4.96.1:33942): Connection reset by peer (error 104)
W0517 06:44:18.488180 6787 connection.cc:512] server connection from 127.4.96.1:38932 recv error: Network error: failed to read from TLS socket (remote: 127.4.96.1:38932): Connection reset by peer (error 104)
W0517 06:44:18.488972 6787 connection.cc:512] client connection to 127.4.96.1:33942 recv error: Network error: failed to read from TLS socket (remote: 127.4.96.1:33942): Connection reset by peer (error 104)
I0517 06:44:18.489754 4480 external_mini_cluster.cc:978] Killing /tmp/dist-test-task4QLboq/build/tsan/bin/kudu-tserver with pid 6406
W0517 06:44:18.508704 6207 connection.cc:512] client connection to 127.4.96.2:35758 recv error: Network error: failed to read from TLS socket (remote: 127.4.96.2:35758): Connection reset by peer (error 104)
W0517 06:44:18.508723 6953 connection.cc:512] server connection from 127.4.96.2:49745 recv error: Network error: failed to read from TLS socket (remote: 127.4.96.2:49745): Connection reset by peer (error 104)
I0517 06:44:18.508762 4480 external_mini_cluster.cc:978] Killing /tmp/dist-test-task4QLboq/build/tsan/bin/kudu-tserver with pid 6778
W0517 06:44:18.509503 6208 connection.cc:512] client connection to 127.4.96.2:35758 recv error: Network error: failed to read from TLS socket (remote: 127.4.96.2:35758): Connection reset by peer (error 104)
W0517 06:44:18.533407 6208 connection.cc:512] client connection to 127.4.96.5:57208 recv error: Network error: failed to read from TLS socket (remote: 127.4.96.5:57208): Connection reset by peer (error 104)
W0517 06:44:18.533447 6953 connection.cc:512] server connection from 127.4.96.5:39457 recv error: Network error: failed to read from TLS socket (remote: 127.4.96.5:39457): Connection reset by peer (error 104)
I0517 06:44:18.534297 4480 external_mini_cluster.cc:978] Killing /tmp/dist-test-task4QLboq/build/tsan/bin/kudu-master with pid 6943
W0517 06:44:18.561491 6208 connection.cc:512] client connection to 127.4.96.62:39669 recv error: Network error: failed to read from TLS socket (remote: 127.4.96.62:39669): Connection reset by peer (error 104) [ OK ] AdminCliTest.TestUnsafeChangeConfigOnSingleLeader (7705 ms) [ RUN ] AdminCliTest.TestUnsafeChangeConfigForConfigWithTwoNodes
I0517 06:44:18.576352 4480 test_util.cc:200] Using random seed: 707395532
I0517 06:44:18.579404 4480 ts_itest-base.cc:113] Starting cluster with:
I0517 06:44:18.579499 4480 ts_itest-base.cc:114] --------------
I0517 06:44:18.579574 4480 ts_itest-base.cc:115] 4 tablet servers
I0517 06:44:18.579646 4480 ts_itest-base.cc:116] 3 replicas per TS
I0517 06:44:18.579721 4480 ts_itest-base.cc:117] --------------
I0517 06:44:18.581981 4480 external_mini_cluster.cc:786] Running /tmp/dist-test-task4QLboq/build/tsan/bin/kudu-master /tmp/dist-test-task4QLboq/build/tsan/bin/kudu-master --fs_wal_dir=/tmp/dist-test-task4QLboq/test-tmp/kudu-admin-test.0.AdminCliTest.TestUnsafeChangeConfigForConfigWithTwoNodes.1526539434354140-4480/raft_consensus-itest-cluster/master-0/wal --fs_data_dirs=/tmp/dist-test-task4QLboq/test-tmp/kudu-admin-test.0.AdminCliTest.TestUnsafeChangeConfigForConfigWithTwoNodes.1526539434354140-4480/raft_consensus-itest-cluster/master-0/data --block_manager=log --webserver_interface=localhost --ipki_ca_key_size=1024 --tsk_num_rsa_bits=512 --rpc_bind_addresses=127.4.96.62:50252 --webserver_interface=127.4.96.62 --webserver_port=0 --never_fsync --ipki_server_key_size=1024 --enable_minidumps=false --redact=none --metrics_log_interval_ms=1000 --logtostderr --logbuflevel=-1 --log_dir=/tmp/dist-test-task4QLboq/test-tmp/kudu-admin-test.0.AdminCliTest.TestUnsafeChangeConfigForConfigWithTwoNodes.1526539434354140-4480/raft_consensus-itest-cluster/master-0/logs --server_dump_info_path=/tmp/dist-test-task4QLboq/test-tmp/kudu-admin-test.0.AdminCliTest.TestUnsafeChangeConfigForConfigWithTwoNodes.1526539434354140-4480/raft_consensus-itest-cluster/master-0/data/info.pb --server_dump_info_format=pb --rpc_server_allow_ephemeral_ports --unlock_experimental_flags --unlock_unsafe_flags --rpc_reuseport=true with env {} WARNING: Logging before InitGoogleLogging() is written to STDERR
W0517 06:44:18.693573 7077 flags.cc:406] Enabled unsafe flag: --rpc_server_allow_ephemeral_ports=true
W0517 06:44:18.693883 7077 flags.cc:406] Enabled unsafe flag: --never_fsync=true
W0517 06:44:18.702735 7077 flags.cc:406] Enabled experimental flag: --ipki_ca_key_size=1024
W0517 06:44:18.702853 7077 flags.cc:406] Enabled experimental flag: --ipki_server_key_size=1024
W0517 06:44:18.702952 7077 flags.cc:406] Enabled experimental flag: --tsk_num_rsa_bits=512
W0517 06:44:18.703061 7077 flags.cc:406] Enabled experimental flag: --rpc_reuseport=true
I0517 06:44:18.716692 7077 master_main.cc:73] Master server non-default flags: --fs_data_dirs=/tmp/dist-test-task4QLboq/test-tmp/kudu-admin-test.0.AdminCliTest.TestUnsafeChangeConfigForConfigWithTwoNodes.1526539434354140-4480/raft_consensus-itest-cluster/master-0/data --fs_wal_dir=/tmp/dist-test-task4QLboq/test-tmp/kudu-admin-test.0.AdminCliTest.TestUnsafeChangeConfigForConfigWithTwoNodes.1526539434354140-4480/raft_consensus-itest-cluster/master-0/wal --ipki_ca_key_size=1024 --ipki_server_key_size=1024 --tsk_num_rsa_bits=512 --rpc_bind_addresses=127.4.96.62:50252 --rpc_reuseport=true --rpc_server_allow_ephemeral_ports=true --metrics_log_interval_ms=1000 --server_dump_info_format=pb --server_dump_info_path=/tmp/dist-test-task4QLboq/test-tmp/kudu-admin-test.0.AdminCliTest.TestUnsafeChangeConfigForConfigWithTwoNodes.1526539434354140-4480/raft_consensus-itest-cluster/master-0/data/info.pb --webserver_interface=127.4.96.62 --webserver_port=0 --never_fsync=true --redact=none --unlock_experimental_flags=true --unlock_unsafe_flags=true --enable_minidumps=false --log_dir=/tmp/dist-test-task4QLboq/test-tmp/kudu-admin-test.0.AdminCliTest.TestUnsafeChangeConfigForConfigWithTwoNodes.1526539434354140-4480/raft_consensus-itest-cluster/master-0/logs --logbuflevel=-1 --logtostderr=true Master server version: kudu 1.8.0-SNAPSHOT revision f969af316286807a745fa39b9c2ee604c88b63c9 build type FASTDEBUG built by None at 17 May 2018 06:38:04 UTC on jenkins-slave-snjf build id 13499 TSAN enabled
I0517 06:44:18.724251 7077 master_main.cc:80] Initializing master server...
I0517 06:44:18.725739 7077 system_ntp.cc:143] NTP initialized. Skew: 500ppm Current error: 128319us
I0517 06:44:18.726477 7077 fs_manager.cc:260] Metadata directory not provided
I0517 06:44:18.726599 7077 fs_manager.cc:266] Using write-ahead log directory (fs_wal_dir) as metadata directory
I0517 06:44:18.726796 7077 server_base.cc:432] Could not load existing FS layout: Not found: /tmp/dist-test-task4QLboq/test-tmp/kudu-admin-test.0.AdminCliTest.TestUnsafeChangeConfigForConfigWithTwoNodes.1526539434354140-4480/raft_consensus-itest-cluster/master-0/data/instance: No such file or directory (error 2)
I0517 06:44:18.726902 7077 server_base.cc:433] Attempting to create new FS layout instead
I0517 06:44:18.734067 7077 fs_manager.cc:595] Generated new instance metadata in path /tmp/dist-test-task4QLboq/test-tmp/kudu-admin-test.0.AdminCliTest.TestUnsafeChangeConfigForConfigWithTwoNodes.1526539434354140-4480/raft_consensus-itest-cluster/master-0/data/instance: uuid: "5cf0d2389b82497caf635141f8800e65" format_stamp: "Formatted at 2018-05-17 06:44:18 on dist-test-slave-dist-test-slave-26mv"
I0517 06:44:18.734710 7077 fs_manager.cc:595] Generated new instance metadata in path /tmp/dist-test-task4QLboq/test-tmp/kudu-admin-test.0.AdminCliTest.TestUnsafeChangeConfigForConfigWithTwoNodes.1526539434354140-4480/raft_consensus-itest-cluster/master-0/wal/instance: uuid: "5cf0d2389b82497caf635141f8800e65" format_stamp: "Formatted at 2018-05-17 06:44:18 on dist-test-slave-dist-test-slave-26mv"
I0517 06:44:18.744123 7077 fs_manager.cc:495] Time spent creating directory manager: real 0.009s user 0.004s sys 0.008s
I0517 06:44:18.745268 7077 env_posix.cc:1643] Not raising this process' open files per process limit of 65536; it is already as high as it can go
I0517 06:44:18.745654 7077 file_cache.cc:470] Constructed file cache lbm with capacity 26214
I0517 06:44:18.751935 7077 fs_manager.cc:417] Time spent opening block manager: real 0.001s user 0.000s sys 0.004s
I0517 06:44:18.752041 7077 fs_manager.cc:428] Opened local filesystem: /tmp/dist-test-task4QLboq/test-tmp/kudu-admin-test.0.AdminCliTest.TestUnsafeChangeConfigForConfigWithTwoNodes.1526539434354140-4480/raft_consensus-itest-cluster/master-0/data,/tmp/dist-test-task4QLboq/test-tmp/kudu-admin-test.0.AdminCliTest.TestUnsafeChangeConfigForConfigWithTwoNodes.1526539434354140-4480/raft_consensus-itest-cluster/master-0/wal uuid: "5cf0d2389b82497caf635141f8800e65" format_stamp: "Formatted at 2018-05-17 06:44:18 on dist-test-slave-dist-test-slave-26mv"
I0517 06:44:18.752228 7077 fs_report.cc:347] Block manager report -------------------- 1 data directories: /tmp/dist-test-task4QLboq/test-tmp/kudu-admin-test.0.AdminCliTest.TestUnsafeChangeConfigForConfigWithTwoNodes.1526539434354140-4480/raft_consensus-itest-cluster/master-0/data/data Total live blocks: 0 Total live bytes: 0 Total live bytes (after alignment): 0 Total number of LBM containers: 0 (0 full) Did not check for missing blocks Did not check for orphaned blocks Total full LBM containers with extra space: 0 (0 repaired) Total full LBM container extra space in bytes: 0 (0 repaired) Total incomplete LBM containers: 0 (0 repaired) Total LBM partial records: 0 (0 repaired)
I0517 06:44:18.925081 7077 env_posix.cc:1643] Not raising this process' running threads per effective uid limit of 60284; it is already as high as it can go
I0517 06:44:18.926739 7077 master_main.cc:83] Starting Master server...
I0517 06:44:18.966586 7077 rpc_server.cc:205] RPC server started. Bound to: 127.4.96.62:50252
I0517 06:44:18.967414 7077 webserver.cc:173] Starting webserver on 127.4.96.62:0
I0517 06:44:18.967512 7077 webserver.cc:184] Document root disabled
I0517 06:44:18.968708 7077 webserver.cc:311] Webserver started. Bound to: http://127.4.96.62:52951/
I0517 06:44:18.969429 7077 server_base.cc:607] Dumped server information to /tmp/dist-test-task4QLboq/test-tmp/kudu-admin-test.0.AdminCliTest.TestUnsafeChangeConfigForConfigWithTwoNodes.1526539434354140-4480/raft_consensus-itest-cluster/master-0/data/info.pb
I0517 06:44:18.971978 7138 data_dirs.cc:934] Could only allocate 1 dirs of requested 3 for tablet 00000000000000000000000000000000. 1 dirs total, 0 dirs full, 0 dirs failed
I0517 06:44:18.974226 4480 external_mini_cluster.cc:848] Started /tmp/dist-test-task4QLboq/build/tsan/bin/kudu-master as pid 7077
I0517 06:44:18.975535 4480 external_mini_cluster.cc:786] Running /tmp/dist-test-task4QLboq/build/tsan/bin/kudu-tserver /tmp/dist-test-task4QLboq/build/tsan/bin/kudu-tserver --fs_wal_dir=/tmp/dist-test-task4QLboq/test-tmp/kudu-admin-test.0.AdminCliTest.TestUnsafeChangeConfigForConfigWithTwoNodes.1526539434354140-4480/raft_consensus-itest-cluster/ts-0/wal --fs_data_dirs=/tmp/dist-test-task4QLboq/test-tmp/kudu-admin-test.0.AdminCliTest.TestUnsafeChangeConfigForConfigWithTwoNodes.1526539434354140-4480/raft_consensus-itest-cluster/ts-0/data --block_manager=log --rpc_bind_addresses=127.4.96.1:0 --local_ip_for_outbound_sockets=127.4.96.1 --webserver_interface=127.4.96.1 --webserver_port=0 --tserver_master_addrs=127.4.96.62:50252 --never_fsync --ipki_server_key_size=1024 --enable_minidumps=false --redact=none --metrics_log_interval_ms=1000 --logtostderr --logbuflevel=-1 --log_dir=/tmp/dist-test-task4QLboq/test-tmp/kudu-admin-test.0.AdminCliTest.TestUnsafeChangeConfigForConfigWithTwoNodes.1526539434354140-4480/raft_consensus-itest-cluster/ts-0/logs --server_dump_info_path=/tmp/dist-test-task4QLboq/test-tmp/kudu-admin-test.0.AdminCliTest.TestUnsafeChangeConfigForConfigWithTwoNodes.1526539434354140-4480/raft_consensus-itest-cluster/ts-0/data/info.pb --server_dump_info_format=pb --rpc_server_allow_ephemeral_ports --unlock_experimental_flags --unlock_unsafe_flags --log_cache_size_limit_mb=10 --consensus_rpc_timeout_ms=30000 with env {}
I0517 06:44:18.987915 7138 tablet_bootstrap.cc:436] T 00000000000000000000000000000000 P 5cf0d2389b82497caf635141f8800e65: Bootstrap starting.
I0517 06:44:18.990150 7138 tablet_bootstrap.cc:587] T 00000000000000000000000000000000 P 5cf0d2389b82497caf635141f8800e65: No blocks or log segments found. Creating new log.
I0517 06:44:18.991276 7138 log.cc:520] T 00000000000000000000000000000000 P 5cf0d2389b82497caf635141f8800e65: Log is configured to *not* fsync() on all Append() calls
I0517 06:44:18.993587 7138 tablet_bootstrap.cc:436] T 00000000000000000000000000000000 P 5cf0d2389b82497caf635141f8800e65: No bootstrap required, opened a new log
I0517 06:44:19.005187 7138 raft_consensus.cc:303] T 00000000000000000000000000000000 P 5cf0d2389b82497caf635141f8800e65 [term 0 FOLLOWER]: Replica starting. Triggering 0 pending transactions. Active config: opid_index: -1 OBSOLETE_local: true peers { permanent_uuid: "5cf0d2389b82497caf635141f8800e65" member_type: VOTER }
I0517 06:44:19.005488 7138 raft_consensus.cc:329] T 00000000000000000000000000000000 P 5cf0d2389b82497caf635141f8800e65 [term 0 FOLLOWER]: Consensus starting up: Expiring failure detector timer to make a prompt election more likely
I0517 06:44:19.005614 7138 raft_consensus.cc:604] T 00000000000000000000000000000000 P 5cf0d2389b82497caf635141f8800e65 [term 0 FOLLOWER]: Becoming Follower/Learner. State: Replica: 5cf0d2389b82497caf635141f8800e65, State: Initialized, Role: FOLLOWER
I0517 06:44:19.006072 7138 consensus_queue.cc:227] T 00000000000000000000000000000000 P 5cf0d2389b82497caf635141f8800e65 [NON_LEADER]: Queue going to NON_LEADER mode. State: All replicated index: 0, Majority replicated index: 0, Committed index: 0, Last appended: 0.0, Last appended by leader: 0, Current term: 0, Majority size: -1, State: 0, Mode: NON_LEADER, active raft config: opid_index: -1 OBSOLETE_local: true peers { permanent_uuid: "5cf0d2389b82497caf635141f8800e65" member_type: VOTER }
I0517 06:44:19.006441 7138 raft_consensus.cc:343] T 00000000000000000000000000000000 P 5cf0d2389b82497caf635141f8800e65 [term 0 FOLLOWER]: Only one voter in the Raft config. Triggering election immediately
I0517 06:44:19.006582 7138 raft_consensus.cc:435] T 00000000000000000000000000000000 P 5cf0d2389b82497caf635141f8800e65 [term 0 FOLLOWER]: Starting leader election (initial election of a single-replica configuration)
I0517 06:44:19.006733 7138 raft_consensus.cc:2704] T 00000000000000000000000000000000 P 5cf0d2389b82497caf635141f8800e65: Snoozing failure detection for 1.901s (starting election)
I0517 06:44:19.006870 7138 raft_consensus.cc:2756] T 00000000000000000000000000000000 P 5cf0d2389b82497caf635141f8800e65 [term 0 FOLLOWER]: Advancing to term 1
I0517 06:44:19.009248 7138 raft_consensus.cc:457] T 00000000000000000000000000000000 P 5cf0d2389b82497caf635141f8800e65 [term 1 FOLLOWER]: Starting leader election with config: opid_index: -1 OBSOLETE_local: true peers { permanent_uuid: "5cf0d2389b82497caf635141f8800e65" member_type: VOTER }
I0517 06:44:19.009649 7138 leader_election.cc:270] T 00000000000000000000000000000000 P 5cf0d2389b82497caf635141f8800e65 [CANDIDATE]: Term 1 election: Election decided. Result: candidate won.
I0517 06:44:19.011241 7141 raft_consensus.cc:2704] T 00000000000000000000000000000000 P 5cf0d2389b82497caf635141f8800e65: Snoozing failure detection for 1.610s (election complete)
I0517 06:44:19.011523 7141 raft_consensus.cc:2511] T 00000000000000000000000000000000 P 5cf0d2389b82497caf635141f8800e65 [term 1 FOLLOWER]: Leader election won for term 1
I0517 06:44:19.022383 7141 raft_consensus.cc:571] T 00000000000000000000000000000000 P 5cf0d2389b82497caf635141f8800e65 [term 1 LEADER]: Becoming Leader. State: Replica: 5cf0d2389b82497caf635141f8800e65, State: Running, Role: LEADER
I0517 06:44:19.022792 7141 consensus_queue.cc:204] T 00000000000000000000000000000000 P 5cf0d2389b82497caf635141f8800e65 [LEADER]: Queue going to LEADER mode. State: All replicated index: 0, Majority replicated index: 0, Committed index: 0, Last appended: 0.0, Last appended by leader: 0, Current term: 1, Majority size: 1, State: 0, Mode: LEADER, active raft config: opid_index: -1 OBSOLETE_local: true peers { permanent_uuid: "5cf0d2389b82497caf635141f8800e65" member_type: VOTER }
I0517 06:44:19.026010 7142 sys_catalog.cc:335] T 00000000000000000000000000000000 P 5cf0d2389b82497caf635141f8800e65 [sys.catalog]: SysCatalogTable state changed. Reason: RaftConsensus started. Latest consensus state: current_term: 1 leader_uuid: "5cf0d2389b82497caf635141f8800e65" committed_config { opid_index: -1 OBSOLETE_local: true peers { permanent_uuid: "5cf0d2389b82497caf635141f8800e65" member_type: VOTER } }
I0517 06:44:19.026458 7142 sys_catalog.cc:338] T 00000000000000000000000000000000 P 5cf0d2389b82497caf635141f8800e65 [sys.catalog]: This master's current role is: LEADER WARNING: Logging before InitGoogleLogging() is written to STDERR
W0517 06:44:19.087932 7139 flags.cc:406] Enabled unsafe flag: --rpc_server_allow_ephemeral_ports=true
W0517 06:44:19.088279 7139 flags.cc:406] Enabled unsafe flag: --never_fsync=true
W0517 06:44:19.096210 7139 flags.cc:406] Enabled experimental flag: --ipki_server_key_size=1024
W0517 06:44:19.096539 7139 flags.cc:406] Enabled experimental flag: --local_ip_for_outbound_sockets=127.4.96.1
I0517 06:44:19.028064 7138 sys_catalog.cc:335] T 00000000000000000000000000000000 P 5cf0d2389b82497caf635141f8800e65 [sys.catalog]: SysCatalogTable state changed. Reason: Started TabletReplica. Latest consensus state: current_term: 1 leader_uuid: "5cf0d2389b82497caf635141f8800e65" committed_config { opid_index: -1 OBSOLETE_local: true peers { permanent_uuid: "5cf0d2389b82497caf635141f8800e65" member_type: VOTER } }
I0517 06:44:19.109670 7138 sys_catalog.cc:338] T 00000000000000000000000000000000 P 5cf0d2389b82497caf635141f8800e65 [sys.catalog]: This master's current role is: LEADER
I0517 06:44:19.110602 7138 sys_catalog.cc:422] T 00000000000000000000000000000000 P 5cf0d2389b82497caf635141f8800e65 [sys.catalog]: configured and running, proceeding with master startup.
I0517 06:44:19.029196 7143 sys_catalog.cc:335] T 00000000000000000000000000000000 P 5cf0d2389b82497caf635141f8800e65 [sys.catalog]: SysCatalogTable state changed. Reason: New leader 5cf0d2389b82497caf635141f8800e65. Latest consensus state: current_term: 1 leader_uuid: "5cf0d2389b82497caf635141f8800e65" committed_config { opid_index: -1 OBSOLETE_local: true peers { permanent_uuid: "5cf0d2389b82497caf635141f8800e65" member_type: VOTER } }
I0517 06:44:19.113701 7143 sys_catalog.cc:338] T 00000000000000000000000000000000 P 5cf0d2389b82497caf635141f8800e65 [sys.catalog]: This master's current role is: LEADER
I0517 06:44:19.120090 7149 catalog_manager.cc:504] Waiting for catalog manager background task thread to start: Service unavailable: Catalog manager is not initialized. State: 1
I0517 06:44:19.120656 7146 catalog_manager.cc:1001] Loading table and tablet metadata into memory...
I0517 06:44:19.120785 7077 master_main.cc:86] Master server successfully started.
I0517 06:44:19.120862 7139 tablet_server_main.cc:78] Tablet server non-default flags: --log_cache_size_limit_mb=10 --fs_data_dirs=/tmp/dist-test-task4QLboq/test-tmp/kudu-admin-test.0.AdminCliTest.TestUnsafeChangeConfigForConfigWithTwoNodes.1526539434354140-4480/raft_consensus-itest-cluster/ts-0/data --fs_wal_dir=/tmp/dist-test-task4QLboq/test-tmp/kudu-admin-test.0.AdminCliTest.TestUnsafeChangeConfigForConfigWithTwoNodes.1526539434354140-4480/raft_consensus-itest-cluster/ts-0/wal --ipki_server_key_size=1024 --rpc_bind_addresses=127.4.96.1:0 --rpc_server_allow_ephemeral_ports=true --metrics_log_interval_ms=1000 --server_dump_info_format=pb --server_dump_info_path=/tmp/dist-test-task4QLboq/test-tmp/kudu-admin-test.0.AdminCliTest.TestUnsafeChangeConfigForConfigWithTwoNodes.1526539434354140-4480/raft_consensus-itest-cluster/ts-0/data/info.pb --webserver_interface=127.4.96.1 --webserver_port=0 --tserver_master_addrs=127.4.96.62:50252 --never_fsync=true --redact=none --unlock_experimental_flags=true --unlock_unsafe_flags=true --enable_minidumps=false --local_ip_for_outbound_sockets=127.4.96.1 --log_dir=/tmp/dist-test-task4QLboq/test-tmp/kudu-admin-test.0.AdminCliTest.TestUnsafeChangeConfigForConfigWithTwoNodes.1526539434354140-4480/raft_consensus-itest-cluster/ts-0/logs --logbuflevel=-1 --logtostderr=true Tablet server version: kudu 1.8.0-SNAPSHOT revision f969af316286807a745fa39b9c2ee604c88b63c9 build type FASTDEBUG built by None at 17 May 2018 06:38:04 UTC on jenkins-slave-snjf build id 13499 TSAN enabled
I0517 06:44:19.124521 7146 catalog_manager.cc:1012] Initializing Kudu internal certificate authority...
I0517 06:44:19.133508 7139 tablet_server_main.cc:85] Initializing tablet server...
I0517 06:44:19.135943 7139 system_ntp.cc:143] NTP initialized. Skew: 500ppm Current error: 128819us
I0517 06:44:19.136562 7139 fs_manager.cc:260] Metadata directory not provided
I0517 06:44:19.136731 7139 fs_manager.cc:266] Using write-ahead log directory (fs_wal_dir) as metadata directory
I0517 06:44:19.137003 7139 server_base.cc:432] Could not load existing FS layout: Not found: /tmp/dist-test-task4QLboq/test-tmp/kudu-admin-test.0.AdminCliTest.TestUnsafeChangeConfigForConfigWithTwoNodes.1526539434354140-4480/raft_consensus-itest-cluster/ts-0/data/instance: No such file or directory (error 2)
I0517 06:44:19.137179 7139 server_base.cc:433] Attempting to create new FS layout instead
I0517 06:44:19.150416 7139 fs_manager.cc:595] Generated new instance metadata in path /tmp/dist-test-task4QLboq/test-tmp/kudu-admin-test.0.AdminCliTest.TestUnsafeChangeConfigForConfigWithTwoNodes.1526539434354140-4480/raft_consensus-itest-cluster/ts-0/data/instance: uuid: "489338f6c6514088a81ec10d776c2d45" format_stamp: "Formatted at 2018-05-17 06:44:19 on dist-test-slave-dist-test-slave-26mv"
I0517 06:44:19.151378 7139 fs_manager.cc:595] Generated new instance metadata in path /tmp/dist-test-task4QLboq/test-tmp/kudu-admin-test.0.AdminCliTest.TestUnsafeChangeConfigForConfigWithTwoNodes.1526539434354140-4480/raft_consensus-itest-cluster/ts-0/wal/instance: uuid: "489338f6c6514088a81ec10d776c2d45" format_stamp: "Formatted at 2018-05-17 06:44:19 on dist-test-slave-dist-test-slave-26mv"
I0517 06:44:19.167373 7139 fs_manager.cc:495] Time spent creating directory manager: real 0.016s user 0.020s sys 0.000s
I0517 06:44:19.168572 7139 env_posix.cc:1643] Not raising this process' open files per process limit of 65536; it is already as high as it can go
I0517 06:44:19.169003 7139 file_cache.cc:470] Constructed file cache lbm with capacity 26214
I0517 06:44:19.176344 7146 catalog_manager.cc:899] Generated new certificate authority record
I0517 06:44:19.178741 7146 catalog_manager.cc:1021] Loading token signing keys...
I0517 06:44:19.191071 7139 fs_manager.cc:417] Time spent opening block manager: real 0.014s user 0.004s sys 0.012s
I0517 06:44:19.191200 7139 fs_manager.cc:428] Opened local filesystem: /tmp/dist-test-task4QLboq/test-tmp/kudu-admin-test.0.AdminCliTest.TestUnsafeChangeConfigForConfigWithTwoNodes.1526539434354140-4480/raft_consensus-itest-cluster/ts-0/data,/tmp/dist-test-task4QLboq/test-tmp/kudu-admin-test.0.AdminCliTest.TestUnsafeChangeConfigForConfigWithTwoNodes.1526539434354140-4480/raft_consensus-itest-cluster/ts-0/wal uuid: "489338f6c6514088a81ec10d776c2d45" format_stamp: "Formatted at 2018-05-17 06:44:19 on dist-test-slave-dist-test-slave-26mv"
I0517 06:44:19.191402 7139 fs_report.cc:347] Block manager report -------------------- 1 data directories: /tmp/dist-test-task4QLboq/test-tmp/kudu-admin-test.0.AdminCliTest.TestUnsafeChangeConfigForConfigWithTwoNodes.1526539434354140-4480/raft_consensus-itest-cluster/ts-0/data/data Total live blocks: 0 Total live bytes: 0 Total live bytes (after alignment): 0 Total number of LBM containers: 0 (0 full) Did not check for missing blocks Did not check for orphaned blocks Total full LBM containers with extra space: 0 (0 repaired) Total full LBM container extra space in bytes: 0 (0 repaired) Total incomplete LBM containers: 0 (0 repaired) Total LBM partial records: 0 (0 repaired)
I0517 06:44:19.202096 7146 catalog_manager.cc:3962] T 00000000000000000000000000000000 P 5cf0d2389b82497caf635141f8800e65: Generated new TSK 0
I0517 06:44:19.419867 7139 env_posix.cc:1643] Not raising this process' running threads per effective uid limit of 60284; it is already as high as it can go
I0517 06:44:19.422435 7139 ts_tablet_manager.cc:356] Loaded tablet metadata (0 live tablets)
I0517 06:44:19.423545 7139 tablet_server_main.cc:90] Starting tablet server...
I0517 06:44:19.525182 7139 rpc_server.cc:205] RPC server started. Bound to: 127.4.96.1:57754
I0517 06:44:19.526111 7139 webserver.cc:173] Starting webserver on 127.4.96.1:0
I0517 06:44:19.526219 7139 webserver.cc:184] Document root disabled
I0517 06:44:19.527580 7139 webserver.cc:311] Webserver started. Bound to: http://127.4.96.1:45919/
I0517 06:44:19.528273 7139 server_base.cc:607] Dumped server information to /tmp/dist-test-task4QLboq/test-tmp/kudu-admin-test.0.AdminCliTest.TestUnsafeChangeConfigForConfigWithTwoNodes.1526539434354140-4480/raft_consensus-itest-cluster/ts-0/data/info.pb
I0517 06:44:19.532991 4480 external_mini_cluster.cc:848] Started /tmp/dist-test-task4QLboq/build/tsan/bin/kudu-tserver as pid 7139
I0517 06:44:19.535197 4480 external_mini_cluster.cc:786] Running /tmp/dist-test-task4QLboq/build/tsan/bin/kudu-tserver /tmp/dist-test-task4QLboq/build/tsan/bin/kudu-tserver --fs_wal_dir=/tmp/dist-test-task4QLboq/test-tmp/kudu-admin-test.0.AdminCliTest.TestUnsafeChangeConfigForConfigWithTwoNodes.1526539434354140-4480/raft_consensus-itest-cluster/ts-1/wal --fs_data_dirs=/tmp/dist-test-task4QLboq/test-tmp/kudu-admin-test.0.AdminCliTest.TestUnsafeChangeConfigForConfigWithTwoNodes.1526539434354140-4480/raft_consensus-itest-cluster/ts-1/data --block_manager=log --rpc_bind_addresses=127.4.96.2:0 --local_ip_for_outbound_sockets=127.4.96.2 --webserver_interface=127.4.96.2 --webserver_port=0 --tserver_master_addrs=127.4.96.62:50252 --never_fsync --ipki_server_key_size=1024 --enable_minidumps=false --redact=none --metrics_log_interval_ms=1000 --logtostderr --logbuflevel=-1 --log_dir=/tmp/dist-test-task4QLboq/test-tmp/kudu-admin-test.0.AdminCliTest.TestUnsafeChangeConfigForConfigWithTwoNodes.1526539434354140-4480/raft_consensus-itest-cluster/ts-1/logs --server_dump_info_path=/tmp/dist-test-task4QLboq/test-tmp/kudu-admin-test.0.AdminCliTest.TestUnsafeChangeConfigForConfigWithTwoNodes.1526539434354140-4480/raft_consensus-itest-cluster/ts-1/data/info.pb --server_dump_info_format=pb --rpc_server_allow_ephemeral_ports --unlock_experimental_flags --unlock_unsafe_flags --log_cache_size_limit_mb=10 --consensus_rpc_timeout_ms=30000 with env {}
I0517 06:44:19.542659 7139 tablet_server_main.cc:93] Tablet server successfully started.
I0517 06:44:19.559995 7271 heartbeater.cc:346] Connected to a master server at 127.4.96.62:50252
I0517 06:44:19.560292 7271 heartbeater.cc:426] Registering TS with master...
I0517 06:44:19.560863 7271 heartbeater.cc:475] Master 127.4.96.62:50252 requested a full tablet report, sending...
I0517 06:44:19.562865 7105 ts_manager.cc:81] Registered new tserver with Master: 489338f6c6514088a81ec10d776c2d45 (127.4.96.1:57754)
I0517 06:44:19.565356 7105 master_service.cc:249] Signed X509 certificate for tserver {username='slave'} at 127.4.96.1:39194 WARNING: Logging before InitGoogleLogging() is written to STDERR
W0517 06:44:19.644634 7275 flags.cc:406] Enabled unsafe flag: --rpc_server_allow_ephemeral_ports=true
W0517 06:44:19.644981 7275 flags.cc:406] Enabled unsafe flag: --never_fsync=true
W0517 06:44:19.652981 7275 flags.cc:406] Enabled experimental flag: --ipki_server_key_size=1024
W0517 06:44:19.653312 7275 flags.cc:406] Enabled experimental flag: --local_ip_for_outbound_sockets=127.4.96.2
I0517 06:44:19.666278 7275 tablet_server_main.cc:78] Tablet server non-default flags: --log_cache_size_limit_mb=10 --fs_data_dirs=/tmp/dist-test-task4QLboq/test-tmp/kudu-admin-test.0.AdminCliTest.TestUnsafeChangeConfigForConfigWithTwoNodes.1526539434354140-4480/raft_consensus-itest-cluster/ts-1/data --fs_wal_dir=/tmp/dist-test-task4QLboq/test-tmp/kudu-admin-test.0.AdminCliTest.TestUnsafeChangeConfigForConfigWithTwoNodes.1526539434354140-4480/raft_consensus-itest-cluster/ts-1/wal --ipki_server_key_size=1024 --rpc_bind_addresses=127.4.96.2:0 --rpc_server_allow_ephemeral_ports=true --metrics_log_interval_ms=1000 --server_dump_info_format=pb --server_dump_info_path=/tmp/dist-test-task4QLboq/test-tmp/kudu-admin-test.0.AdminCliTest.TestUnsafeChangeConfigForConfigWithTwoNodes.1526539434354140-4480/raft_consensus-itest-cluster/ts-1/data/info.pb --webserver_interface=127.4.96.2 --webserver_port=0 --tserver_master_addrs=127.4.96.62:50252 --never_fsync=true --redact=none --unlock_experimental_flags=true --unlock_unsafe_flags=true --enable_minidumps=false --local_ip_for_outbound_sockets=127.4.96.2 --log_dir=/tmp/dist-test-task4QLboq/test-tmp/kudu-admin-test.0.AdminCliTest.TestUnsafeChangeConfigForConfigWithTwoNodes.1526539434354140-4480/raft_consensus-itest-cluster/ts-1/logs --logbuflevel=-1 --logtostderr=true Tablet server version: kudu 1.8.0-SNAPSHOT revision f969af316286807a745fa39b9c2ee604c88b63c9 build type FASTDEBUG built by None at 17 May 2018 06:38:04 UTC on jenkins-slave-snjf build id 13499 TSAN enabled
I0517 06:44:19.674348 7275 tablet_server_main.cc:85] Initializing tablet server...
I0517 06:44:19.676105 7275 system_ntp.cc:143] NTP initialized. Skew: 500ppm Current error: 128819us
I0517 06:44:19.676543 7275 fs_manager.cc:260] Metadata directory not provided
I0517 06:44:19.676662 7275 fs_manager.cc:266] Using write-ahead log directory (fs_wal_dir) as metadata directory
I0517 06:44:19.676863 7275 server_base.cc:432] Could not load existing FS layout: Not found: /tmp/dist-test-task4QLboq/test-tmp/kudu-admin-test.0.AdminCliTest.TestUnsafeChangeConfigForConfigWithTwoNodes.1526539434354140-4480/raft_consensus-itest-cluster/ts-1/data/instance: No such file or directory (error 2)
I0517 06:44:19.676982 7275 server_base.cc:433] Attempting to create new FS layout instead
