I0517 06:44:51.727530 10721 master_main.cc:73] Master server non-default flags: --fs_data_dirs=/tmp/dist-test-task4QLboq/test-tmp/kudu-admin-test.0.AdminCliTest.TestUnsafeChangeConfigFollowerWithPendingConfig.1526539434354140-4480/raft_consensus-itest-cluster/master-0/data --fs_wal_dir=/tmp/dist-test-task4QLboq/test-tmp/kudu-admin-test.0.AdminCliTest.TestUnsafeChangeConfigFollowerWithPendingConfig.1526539434354140-4480/raft_consensus-itest-cluster/master-0/wal --ipki_ca_key_size=1024 --ipki_server_key_size=1024 --tsk_num_rsa_bits=512 --rpc_bind_addresses=127.4.96.62:41305 --rpc_reuseport=true --rpc_server_allow_ephemeral_ports=true --metrics_log_interval_ms=1000 --server_dump_info_format=pb --server_dump_info_path=/tmp/dist-test-task4QLboq/test-tmp/kudu-admin-test.0.AdminCliTest.TestUnsafeChangeConfigFollowerWithPendingConfig.1526539434354140-4480/raft_consensus-itest-cluster/master-0/data/info.pb --webserver_interface=127.4.96.62 --webserver_port=56915 --never_fsync=true --redact=none --unlock_experimental_flags=true --unlock_unsafe_flags=true --enable_minidumps=false --log_dir=/tmp/dist-test-task4QLboq/test-tmp/kudu-admin-test.0.AdminCliTest.TestUnsafeChangeConfigFollowerWithPendingConfig.1526539434354140-4480/raft_consensus-itest-cluster/master-0/logs --logbuflevel=-1 --logtostderr=true Master server version: kudu 1.8.0-SNAPSHOT revision f969af316286807a745fa39b9c2ee604c88b63c9 build type FASTDEBUG built by None at 17 May 2018 06:38:04 UTC on jenkins-slave-snjf build id 13499 TSAN enabled
I0517 06:44:51.735208 10721 master_main.cc:80] Initializing master server...
I0517 06:44:51.736670 10721 system_ntp.cc:143] NTP initialized. Skew: 500ppm Current error: 144819us
I0517 06:44:51.737408 10721 fs_manager.cc:260] Metadata directory not provided
I0517 06:44:51.737542 10721 fs_manager.cc:266] Using write-ahead log directory (fs_wal_dir) as metadata directory
I0517 06:44:51.742830 10721 fs_manager.cc:397] Time spent opening directory manager: real 0.004s user 0.004s sys 0.000s
I0517 06:44:51.743417 10721 env_posix.cc:1643] Not raising this process' open files per process limit of 65536; it is already as high as it can go
I0517 06:44:51.743801 10721 file_cache.cc:470] Constructed file cache lbm with capacity 26214
I0517 06:44:51.750144 10721 fs_manager.cc:417] Time spent opening block manager: real 0.001s user 0.004s sys 0.000s
I0517 06:44:51.750252 10721 fs_manager.cc:428] Opened local filesystem: /tmp/dist-test-task4QLboq/test-tmp/kudu-admin-test.0.AdminCliTest.TestUnsafeChangeConfigFollowerWithPendingConfig.1526539434354140-4480/raft_consensus-itest-cluster/master-0/data,/tmp/dist-test-task4QLboq/test-tmp/kudu-admin-test.0.AdminCliTest.TestUnsafeChangeConfigFollowerWithPendingConfig.1526539434354140-4480/raft_consensus-itest-cluster/master-0/wal uuid: "dba82cf69c2a4538a8be63dd114489da" format_stamp: "Formatted at 2018-05-17 06:44:48 on dist-test-slave-dist-test-slave-26mv"
I0517 06:44:51.751348 10721 fs_report.cc:347] Block manager report -------------------- 1 data directories: /tmp/dist-test-task4QLboq/test-tmp/kudu-admin-test.0.AdminCliTest.TestUnsafeChangeConfigFollowerWithPendingConfig.1526539434354140-4480/raft_consensus-itest-cluster/master-0/data/data Total live blocks: 0 Total live bytes: 0 Total live bytes (after alignment): 0 Total number of LBM containers: 0 (0 full) Did not check for missing blocks Did not check for orphaned blocks Total full LBM containers with extra space: 0 (0 repaired) Total full LBM container extra space in bytes: 0 (0 repaired) Total incomplete LBM containers: 0 (0 repaired) Total LBM partial records: 0 (0 repaired)
W0517 06:44:51.892410 10070 consensus_peers.cc:434] T 881bb0d82041492bbd4945aa8c43312a P 4a56ce22b67e4bd795817145c47d2a15 -> Peer 15ac5271aef7440e87dea2eaa9321ca2 (127.4.96.3:33068): Couldn't send request to peer 15ac5271aef7440e87dea2eaa9321ca2 for tablet 881bb0d82041492bbd4945aa8c43312a. Status: Network error: Client connection negotiation failed: client connection to 127.4.96.3:33068: connect: Connection refused (error 111). Retrying in the next heartbeat period. Already tried 1 times.
W0517 06:44:51.894803 10183 heartbeater.cc:587] Failed to heartbeat to 127.4.96.62:41305: Network error: Failed to send heartbeat to master: Client connection negotiation failed: client connection to 127.4.96.62:41305: connect: Connection refused (error 111)
I0517 06:44:51.924526 10721 env_posix.cc:1643] Not raising this process' running threads per effective uid limit of 60284; it is already as high as it can go
I0517 06:44:51.926230 10721 master_main.cc:83] Starting Master server...
I0517 06:44:51.965941 10721 rpc_server.cc:205] RPC server started. Bound to: 127.4.96.62:41305
I0517 06:44:51.966780 10721 webserver.cc:173] Starting webserver on 127.4.96.62:56915
I0517 06:44:51.966876 10721 webserver.cc:184] Document root disabled
I0517 06:44:51.968047 10721 webserver.cc:311] Webserver started. Bound to: http://127.4.96.62:56915/
I0517 06:44:51.968801 10721 server_base.cc:607] Dumped server information to /tmp/dist-test-task4QLboq/test-tmp/kudu-admin-test.0.AdminCliTest.TestUnsafeChangeConfigFollowerWithPendingConfig.1526539434354140-4480/raft_consensus-itest-cluster/master-0/data/info.pb
W0517 06:44:51.971622 10072 consensus_peers.cc:434] T 881bb0d82041492bbd4945aa8c43312a P 4a56ce22b67e4bd795817145c47d2a15 -> Peer da1d7cec6f814868a154aa0516cf5098 (127.4.96.5:46584): Couldn't send request to peer da1d7cec6f814868a154aa0516cf5098 for tablet 881bb0d82041492bbd4945aa8c43312a. Status: Network error: Client connection negotiation failed: client connection to 127.4.96.5:46584: connect: Connection refused (error 111). Retrying in the next heartbeat period. Already tried 1 times.
I0517 06:44:51.973773 4480 external_mini_cluster.cc:848] Started /tmp/dist-test-task4QLboq/build/tsan/bin/kudu-master as pid 10721
I0517 06:44:51.975898 10140 consensus_peers.cc:456] T 881bb0d82041492bbd4945aa8c43312a P 4a56ce22b67e4bd795817145c47d2a15 -> Peer da1d7cec6f814868a154aa0516cf5098 (127.4.96.5:46584): Closing peer: da1d7cec6f814868a154aa0516cf5098
I0517 06:44:51.976080 10140 consensus_peers.cc:456] T 881bb0d82041492bbd4945aa8c43312a P 4a56ce22b67e4bd795817145c47d2a15 -> Peer 15ac5271aef7440e87dea2eaa9321ca2 (127.4.96.3:33068): Closing peer: 15ac5271aef7440e87dea2eaa9321ca2
I0517 06:44:51.976505 10140 consensus_queue.cc:204] T 881bb0d82041492bbd4945aa8c43312a P 4a56ce22b67e4bd795817145c47d2a15 [LEADER]: Queue going to LEADER mode. State: All replicated index: 0, Majority replicated index: 1, Committed index: 1, Last appended: 1.1, Last appended by leader: 0, Current term: 1, Majority size: 2, State: 0, Mode: LEADER, active raft config: opid_index: 2 OBSOLETE_local: false peers { permanent_uuid: "4a56ce22b67e4bd795817145c47d2a15" member_type: VOTER last_known_addr { host: "127.4.96.1" port: 47178 } } peers { permanent_uuid: "da1d7cec6f814868a154aa0516cf5098" member_type: VOTER last_known_addr { host: "127.4.96.5" port: 46584 } }
W0517 06:44:51.978588 10072 consensus_peers.cc:434] T 881bb0d82041492bbd4945aa8c43312a P 4a56ce22b67e4bd795817145c47d2a15 -> Peer da1d7cec6f814868a154aa0516cf5098 (127.4.96.5:46584): Couldn't send request to peer da1d7cec6f814868a154aa0516cf5098 for tablet 881bb0d82041492bbd4945aa8c43312a. Status: Network error: Client connection negotiation failed: client connection to 127.4.96.5:46584: connect: Connection refused (error 111). Retrying in the next heartbeat period. Already tried 1 times.
I0517 06:44:51.978895 10784 tablet_bootstrap.cc:436] T 00000000000000000000000000000000 P dba82cf69c2a4538a8be63dd114489da: Bootstrap starting.
I0517 06:44:52.002985 10784 log.cc:520] T 00000000000000000000000000000000 P dba82cf69c2a4538a8be63dd114489da: Log is configured to *not* fsync() on all Append() calls
I0517 06:44:52.014387 10784 tablet_bootstrap.cc:436] T 00000000000000000000000000000000 P dba82cf69c2a4538a8be63dd114489da: Bootstrap replayed 1/1 log segments. Stats: ops{read=7 overwritten=0 applied=7 ignored=1} inserts{seen=4 ignored=0} mutations{seen=2 ignored=0} orphaned_commits=0. Pending: 0 replicates
I0517 06:44:52.014892 10784 tablet_bootstrap.cc:436] T 00000000000000000000000000000000 P dba82cf69c2a4538a8be63dd114489da: Bootstrap complete.
I0517 06:44:52.031906 10784 raft_consensus.cc:303] T 00000000000000000000000000000000 P dba82cf69c2a4538a8be63dd114489da [term 1 FOLLOWER]: Replica starting. Triggering 0 pending transactions. Active config: opid_index: -1 OBSOLETE_local: true peers { permanent_uuid: "dba82cf69c2a4538a8be63dd114489da" member_type: VOTER }
I0517 06:44:52.033409 10784 raft_consensus.cc:604] T 00000000000000000000000000000000 P dba82cf69c2a4538a8be63dd114489da [term 1 FOLLOWER]: Becoming Follower/Learner. State: Replica: dba82cf69c2a4538a8be63dd114489da, State: Initialized, Role: FOLLOWER
I0517 06:44:52.033874 10784 consensus_queue.cc:227] T 00000000000000000000000000000000 P dba82cf69c2a4538a8be63dd114489da [NON_LEADER]: Queue going to NON_LEADER mode. State: All replicated index: 0, Majority replicated index: 0, Committed index: 7, Last appended: 1.7, Last appended by leader: 7, Current term: 0, Majority size: -1, State: 0, Mode: NON_LEADER, active raft config: opid_index: -1 OBSOLETE_local: true peers { permanent_uuid: "dba82cf69c2a4538a8be63dd114489da" member_type: VOTER }
I0517 06:44:52.034245 10784 raft_consensus.cc:343] T 00000000000000000000000000000000 P dba82cf69c2a4538a8be63dd114489da [term 1 FOLLOWER]: Only one voter in the Raft config. Triggering election immediately
I0517 06:44:52.034412 10784 raft_consensus.cc:435] T 00000000000000000000000000000000 P dba82cf69c2a4538a8be63dd114489da [term 1 FOLLOWER]: Starting leader election (initial election of a single-replica configuration)
I0517 06:44:52.034555 10784 raft_consensus.cc:2704] T 00000000000000000000000000000000 P dba82cf69c2a4538a8be63dd114489da: Snoozing failure detection for 1.827s (starting election)
I0517 06:44:52.034698 10784 raft_consensus.cc:2756] T 00000000000000000000000000000000 P dba82cf69c2a4538a8be63dd114489da [term 1 FOLLOWER]: Advancing to term 2
I0517 06:44:52.038784 10784 raft_consensus.cc:457] T 00000000000000000000000000000000 P dba82cf69c2a4538a8be63dd114489da [term 2 FOLLOWER]: Starting leader election with config: opid_index: -1 OBSOLETE_local: true peers { permanent_uuid: "dba82cf69c2a4538a8be63dd114489da" member_type: VOTER }
I0517 06:44:52.039188 10784 leader_election.cc:270] T 00000000000000000000000000000000 P dba82cf69c2a4538a8be63dd114489da [CANDIDATE]: Term 2 election: Election decided. Result: candidate won.
I0517 06:44:52.040360 10786 raft_consensus.cc:2704] T 00000000000000000000000000000000 P dba82cf69c2a4538a8be63dd114489da: Snoozing failure detection for 1.975s (election complete)
I0517 06:44:52.040661 10786 raft_consensus.cc:2511] T 00000000000000000000000000000000 P dba82cf69c2a4538a8be63dd114489da [term 2 FOLLOWER]: Leader election won for term 2
I0517 06:44:52.042227 10786 raft_consensus.cc:571] T 00000000000000000000000000000000 P dba82cf69c2a4538a8be63dd114489da [term 2 LEADER]: Becoming Leader. State: Replica: dba82cf69c2a4538a8be63dd114489da, State: Running, Role: LEADER
I0517 06:44:52.042583 10786 consensus_queue.cc:204] T 00000000000000000000000000000000 P dba82cf69c2a4538a8be63dd114489da [LEADER]: Queue going to LEADER mode. State: All replicated index: 0, Majority replicated index: 7, Committed index: 7, Last appended: 1.7, Last appended by leader: 7, Current term: 2, Majority size: 1, State: 0, Mode: LEADER, active raft config: opid_index: -1 OBSOLETE_local: true peers { permanent_uuid: "dba82cf69c2a4538a8be63dd114489da" member_type: VOTER }
I0517 06:44:52.045620 10787 sys_catalog.cc:335] T 00000000000000000000000000000000 P dba82cf69c2a4538a8be63dd114489da [sys.catalog]: SysCatalogTable state changed. Reason: RaftConsensus started. Latest consensus state: current_term: 2 leader_uuid: "dba82cf69c2a4538a8be63dd114489da" committed_config { opid_index: -1 OBSOLETE_local: true peers { permanent_uuid: "dba82cf69c2a4538a8be63dd114489da" member_type: VOTER } }
I0517 06:44:52.046068 10787 sys_catalog.cc:338] T 00000000000000000000000000000000 P dba82cf69c2a4538a8be63dd114489da [sys.catalog]: This master's current role is: LEADER
I0517 06:44:52.046857 10784 sys_catalog.cc:335] T 00000000000000000000000000000000 P dba82cf69c2a4538a8be63dd114489da [sys.catalog]: SysCatalogTable state changed. Reason: Started TabletReplica. Latest consensus state: current_term: 2 leader_uuid: "dba82cf69c2a4538a8be63dd114489da" committed_config { opid_index: -1 OBSOLETE_local: true peers { permanent_uuid: "dba82cf69c2a4538a8be63dd114489da" member_type: VOTER } }
I0517 06:44:52.105216 10784 sys_catalog.cc:338] T 00000000000000000000000000000000 P dba82cf69c2a4538a8be63dd114489da [sys.catalog]: This master's current role is: LEADER
I0517 06:44:52.106143 10784 sys_catalog.cc:422] T 00000000000000000000000000000000 P dba82cf69c2a4538a8be63dd114489da [sys.catalog]: configured and running, proceeding with master startup.
I0517 06:44:52.047111 10788 sys_catalog.cc:335] T 00000000000000000000000000000000 P dba82cf69c2a4538a8be63dd114489da [sys.catalog]: SysCatalogTable state changed. Reason: New leader dba82cf69c2a4538a8be63dd114489da. Latest consensus state: current_term: 2 leader_uuid: "dba82cf69c2a4538a8be63dd114489da" committed_config { opid_index: -1 OBSOLETE_local: true peers { permanent_uuid: "dba82cf69c2a4538a8be63dd114489da" member_type: VOTER } }
I0517 06:44:52.108059 10788 sys_catalog.cc:338] T 00000000000000000000000000000000 P dba82cf69c2a4538a8be63dd114489da [sys.catalog]: This master's current role is: LEADER
I0517 06:44:52.109051 10721 master_main.cc:86] Master server successfully started.
I0517 06:44:52.114027 10791 catalog_manager.cc:1045] T 00000000000000000000000000000000 P dba82cf69c2a4538a8be63dd114489da: acquiring CA information for follower catalog manager: success
I0517 06:44:52.115949 10791 catalog_manager.cc:1073] T 00000000000000000000000000000000 P dba82cf69c2a4538a8be63dd114489da: importing token verification keys for follower catalog manager: success; most recent TSK sequence number 0
I0517 06:44:52.116245 10790 catalog_manager.cc:1001] Loading table and tablet metadata into memory...
I0517 06:44:52.119107 10790 catalog_manager.cc:321] Loaded metadata for table TestTable [id=a4d22e57e98a4e1aa50cbd38128cde9c]
I0517 06:44:52.121906 10790 catalog_manager.cc:375] Loaded metadata for tablet 881bb0d82041492bbd4945aa8c43312a (table TestTable [id=a4d22e57e98a4e1aa50cbd38128cde9c])
I0517 06:44:52.122506 10790 catalog_manager.cc:1012] Initializing Kudu internal certificate authority...
I0517 06:44:52.125180 10790 catalog_manager.cc:1021] Loading token signing keys...
I0517 06:44:52.127249 10790 catalog_manager.cc:3973] T 00000000000000000000000000000000 P dba82cf69c2a4538a8be63dd114489da: Loaded TSK: 0
I0517 06:44:52.332973 10751 master_service.cc:205] Got heartbeat from unknown tserver (permanent_uuid: "6bdab74f06a741abb63715127aeb2811" instance_seqno: 1526539490251043) as {username='slave'} at 127.4.96.4:43719; Asking this server to re-register.
I0517 06:44:52.334313 10556 heartbeater.cc:426] Registering TS with master...
I0517 06:44:52.334656 10556 heartbeater.cc:475] Master 127.4.96.62:41305 requested a full tablet report, sending...
I0517 06:44:52.335954 10751 ts_manager.cc:81] Registered new tserver with Master: 6bdab74f06a741abb63715127aeb2811 (127.4.96.4:60463)
I0517 06:44:52.442725 10751 master_service.cc:205] Got heartbeat from unknown tserver (permanent_uuid: "28ba6c7ee5464c6db38265b65d3fee0f" instance_seqno: 1526539489342279) as {username='slave'} at 127.4.96.2:42738; Asking this server to re-register.
I0517 06:44:52.443627 10308 heartbeater.cc:426] Registering TS with master...
I0517 06:44:52.443884 10308 heartbeater.cc:475] Master 127.4.96.62:41305 requested a full tablet report, sending...
I0517 06:44:52.444983 10751 ts_manager.cc:81] Registered new tserver with Master: 28ba6c7ee5464c6db38265b65d3fee0f (127.4.96.2:55398)
W0517 06:44:52.566594 10072 consensus_peers.cc:434] T 881bb0d82041492bbd4945aa8c43312a P 4a56ce22b67e4bd795817145c47d2a15 -> Peer da1d7cec6f814868a154aa0516cf5098 (127.4.96.5:46584): Couldn't send request to peer da1d7cec6f814868a154aa0516cf5098 for tablet 881bb0d82041492bbd4945aa8c43312a. Status: Network error: Client connection negotiation failed: client connection to 127.4.96.5:46584: connect: Connection refused (error 111). Retrying in the next heartbeat period. Already tried 2 times.
I0517 06:44:52.905392 10183 heartbeater.cc:346] Connected to a master server at 127.4.96.62:41305
I0517 06:44:52.907127 10751 master_service.cc:205] Got heartbeat from unknown tserver (permanent_uuid: "4a56ce22b67e4bd795817145c47d2a15" instance_seqno: 1526539488847807) as {username='slave'} at 127.4.96.1:46440; Asking this server to re-register.
I0517 06:44:52.908072 10183 heartbeater.cc:426] Registering TS with master...
I0517 06:44:52.908303 10183 heartbeater.cc:475] Master 127.4.96.62:41305 requested a full tablet report, sending...
I0517 06:44:52.909727 10751 ts_manager.cc:81] Registered new tserver with Master: 4a56ce22b67e4bd795817145c47d2a15 (127.4.96.1:47178)
W0517 06:44:52.984942 10072 consensus_peers.cc:434] T 881bb0d82041492bbd4945aa8c43312a P 4a56ce22b67e4bd795817145c47d2a15 -> Peer da1d7cec6f814868a154aa0516cf5098 (127.4.96.5:46584): Couldn't send request to peer da1d7cec6f814868a154aa0516cf5098 for tablet 881bb0d82041492bbd4945aa8c43312a. Status: Network error: Client connection negotiation failed: client connection to 127.4.96.5:46584: connect: Connection refused (error 111). Retrying in the next heartbeat period. Already tried 3 times.
W0517 06:44:53.525880 10072 consensus_peers.cc:434] T 881bb0d82041492bbd4945aa8c43312a P 4a56ce22b67e4bd795817145c47d2a15 -> Peer da1d7cec6f814868a154aa0516cf5098 (127.4.96.5:46584): Couldn't send request to peer da1d7cec6f814868a154aa0516cf5098 for tablet 881bb0d82041492bbd4945aa8c43312a. Status: Network error: Client connection negotiation failed: client connection to 127.4.96.5:46584: connect: Connection refused (error 111). Retrying in the next heartbeat period. Already tried 4 times.
W0517 06:44:54.151027 10072 consensus_peers.cc:434] T 881bb0d82041492bbd4945aa8c43312a P 4a56ce22b67e4bd795817145c47d2a15 -> Peer da1d7cec6f814868a154aa0516cf5098 (127.4.96.5:46584): Couldn't send request to peer da1d7cec6f814868a154aa0516cf5098 for tablet 881bb0d82041492bbd4945aa8c43312a. Status: Network error: Client connection negotiation failed: client connection to 127.4.96.5:46584: connect: Connection refused (error 111). Retrying in the next heartbeat period. Already tried 5 times.
I0517 06:44:54.302855 10140 tablet_service.cc:1138] Received LeaderStepDown RPC: tablet_id: "881bb0d82041492bbd4945aa8c43312a" dest_uuid: "4a56ce22b67e4bd795817145c47d2a15" from {username='slave'} at 127.0.0.1:53995
I0517 06:44:54.303179 10140 raft_consensus.cc:530] T 881bb0d82041492bbd4945aa8c43312a P 4a56ce22b67e4bd795817145c47d2a15 [term 1 LEADER]: Received request to step down
I0517 06:44:54.303299 10140 raft_consensus.cc:604] T 881bb0d82041492bbd4945aa8c43312a P 4a56ce22b67e4bd795817145c47d2a15 [term 1 LEADER]: Becoming Follower/Learner. State: Replica: 4a56ce22b67e4bd795817145c47d2a15, State: Running, Role: LEADER
I0517 06:44:54.303630 10140 consensus_queue.cc:227] T 881bb0d82041492bbd4945aa8c43312a P 4a56ce22b67e4bd795817145c47d2a15 [NON_LEADER]: Queue going to NON_LEADER mode. State: All replicated index: 0, Majority replicated index: 1, Committed index: 1, Last appended: 1.2, Last appended by leader: 2, Current term: 1, Majority size: -1, State: 0, Mode: NON_LEADER, active raft config: opid_index: 2 OBSOLETE_local: false peers { permanent_uuid: "4a56ce22b67e4bd795817145c47d2a15" member_type: VOTER last_known_addr { host: "127.4.96.1" port: 47178 } } peers { permanent_uuid: "da1d7cec6f814868a154aa0516cf5098" member_type: VOTER last_known_addr { host: "127.4.96.5" port: 46584 } }
I0517 06:44:54.303984 10140 consensus_peers.cc:456] T 881bb0d82041492bbd4945aa8c43312a P 4a56ce22b67e4bd795817145c47d2a15 -> Peer da1d7cec6f814868a154aa0516cf5098 (127.4.96.5:46584): Closing peer: da1d7cec6f814868a154aa0516cf5098
I0517 06:44:54.304193 10140 raft_consensus.cc:2704] T 881bb0d82041492bbd4945aa8c43312a P 4a56ce22b67e4bd795817145c47d2a15: Snoozing failure detection for 3.000s (explicit stepdown request)
I0517 06:44:55.325491 4480 kudu-admin-test.cc:881] Change Config Op timed out, Sending a Replace config command when change config op is pending on the leader.
W0517 06:44:55.439855 10821 flags.cc:406] Enabled unsafe flag: --never_fsync=true
I0517 06:44:55.646780 10140 tablet_service.cc:1077] Received UnsafeChangeConfig RPC: dest_uuid: "4a56ce22b67e4bd795817145c47d2a15" tablet_id: "881bb0d82041492bbd4945aa8c43312a" caller_id: "kudu-tools" new_config { peers { permanent_uuid: "4a56ce22b67e4bd795817145c47d2a15" } } from {username='slave'} at 127.0.0.1:53997
W0517 06:44:55.647236 10140 raft_consensus.cc:1891] T 881bb0d82041492bbd4945aa8c43312a P 4a56ce22b67e4bd795817145c47d2a15 [term 1 FOLLOWER]: Replica has a pending config, but the new config will be unsafely changed anyway. Currently pending config on the node: opid_index: 2 OBSOLETE_local: false peers { permanent_uuid: "4a56ce22b67e4bd795817145c47d2a15" member_type: VOTER last_known_addr { host: "127.4.96.1" port: 47178 } } peers { permanent_uuid: "da1d7cec6f814868a154aa0516cf5098" member_type: VOTER last_known_addr { host: "127.4.96.5" port: 46584 } }
W0517 06:44:55.647765 10140 raft_consensus.cc:1990] T 881bb0d82041492bbd4945aa8c43312a P 4a56ce22b67e4bd795817145c47d2a15 [term 1 FOLLOWER]: PROCEEDING WITH UNSAFE CONFIG CHANGE ON THIS SERVER, COMMITTED CONFIG: opid_index: -1 OBSOLETE_local: false peers { permanent_uuid: "4a56ce22b67e4bd795817145c47d2a15" member_type: VOTER last_known_addr { host: "127.4.96.1" port: 47178 } } peers { permanent_uuid: "15ac5271aef7440e87dea2eaa9321ca2" member_type: VOTER last_known_addr { host: "127.4.96.3" port: 33068 } } peers { permanent_uuid: "da1d7cec6f814868a154aa0516cf5098" member_type: VOTER last_known_addr { host: "127.4.96.5" port: 46584 } }NEW CONFIG: opid_index: 3 OBSOLETE_local: false peers { permanent_uuid: "4a56ce22b67e4bd795817145c47d2a15" member_type: VOTER last_known_addr { host: "127.4.96.1" port: 47178 } } unsafe_config_change: true
I0517 06:44:55.648351 10140 raft_consensus.cc:2756] T 881bb0d82041492bbd4945aa8c43312a P 4a56ce22b67e4bd795817145c47d2a15 [term 1 FOLLOWER]: Advancing to term 2
I0517 06:44:55.651772 10140 raft_consensus.cc:2823] T 881bb0d82041492bbd4945aa8c43312a P 4a56ce22b67e4bd795817145c47d2a15 [term 2 FOLLOWER]: Allowing unsafe config change even though there is a pending config! Existing pending config: opid_index: 2 OBSOLETE_local: false peers { permanent_uuid: "4a56ce22b67e4bd795817145c47d2a15" member_type: VOTER last_known_addr { host: "127.4.96.1" port: 47178 } } peers { permanent_uuid: "da1d7cec6f814868a154aa0516cf5098" member_type: VOTER last_known_addr { host: "127.4.96.5" port: 46584 } }; New pending config: opid_index: 3 OBSOLETE_local: false peers { permanent_uuid: "4a56ce22b67e4bd795817145c47d2a15" member_type: VOTER last_known_addr { host: "127.4.96.1" port: 47178 } } unsafe_config_change: true
I0517 06:44:57.153085 10840 raft_consensus.cc:435] T 881bb0d82041492bbd4945aa8c43312a P 4a56ce22b67e4bd795817145c47d2a15 [term 2 FOLLOWER]: Starting pre-election (detected failure of leader kudu-tools)
I0517 06:44:57.153311 10840 raft_consensus.cc:2704] T 881bb0d82041492bbd4945aa8c43312a P 4a56ce22b67e4bd795817145c47d2a15: Snoozing failure detection for 1.608s (starting election)
I0517 06:44:57.153486 10840 raft_consensus.cc:457] T 881bb0d82041492bbd4945aa8c43312a P 4a56ce22b67e4bd795817145c47d2a15 [term 2 FOLLOWER]: Starting pre-election with config: opid_index: 3 OBSOLETE_local: false peers { permanent_uuid: "4a56ce22b67e4bd795817145c47d2a15" member_type: VOTER last_known_addr { host: "127.4.96.1" port: 47178 } } unsafe_config_change: true
I0517 06:44:57.153879 10840 leader_election.cc:270] T 881bb0d82041492bbd4945aa8c43312a P 4a56ce22b67e4bd795817145c47d2a15 [CANDIDATE]: Term 3 pre-election: Election decided. Result: candidate won.
I0517 06:44:57.154624 10840 raft_consensus.cc:2704] T 881bb0d82041492bbd4945aa8c43312a P 4a56ce22b67e4bd795817145c47d2a15: Snoozing failure detection for 2.003s (election complete)
I0517 06:44:57.154788 10840 raft_consensus.cc:2511] T 881bb0d82041492bbd4945aa8c43312a P 4a56ce22b67e4bd795817145c47d2a15 [term 2 FOLLOWER]: Leader pre-election won for term 3
I0517 06:44:57.154924 10840 raft_consensus.cc:435] T 881bb0d82041492bbd4945aa8c43312a P 4a56ce22b67e4bd795817145c47d2a15 [term 2 FOLLOWER]: Starting leader election (detected failure of leader kudu-tools)
I0517 06:44:57.155045 10840 raft_consensus.cc:2704] T 881bb0d82041492bbd4945aa8c43312a P 4a56ce22b67e4bd795817145c47d2a15: Snoozing failure detection for 1.696s (starting election)
I0517 06:44:57.155164 10840 raft_consensus.cc:2756] T 881bb0d82041492bbd4945aa8c43312a P 4a56ce22b67e4bd795817145c47d2a15 [term 2 FOLLOWER]: Advancing to term 3
I0517 06:44:57.157862 10840 raft_consensus.cc:457] T 881bb0d82041492bbd4945aa8c43312a P 4a56ce22b67e4bd795817145c47d2a15 [term 3 FOLLOWER]: Starting leader election with config: opid_index: 3 OBSOLETE_local: false peers { permanent_uuid: "4a56ce22b67e4bd795817145c47d2a15" member_type: VOTER last_known_addr { host: "127.4.96.1" port: 47178 } } unsafe_config_change: true
I0517 06:44:57.158241 10840 leader_election.cc:270] T 881bb0d82041492bbd4945aa8c43312a P 4a56ce22b67e4bd795817145c47d2a15 [CANDIDATE]: Term 3 election: Election decided. Result: candidate won.
I0517 06:44:57.158663 10841 raft_consensus.cc:2704] T 881bb0d82041492bbd4945aa8c43312a P 4a56ce22b67e4bd795817145c47d2a15: Snoozing failure detection for 1.878s (election complete)
I0517 06:44:57.158846 10841 raft_consensus.cc:2511] T 881bb0d82041492bbd4945aa8c43312a P 4a56ce22b67e4bd795817145c47d2a15 [term 3 FOLLOWER]: Leader election won for term 3
I0517 06:44:57.159085 10841 raft_consensus.cc:571] T 881bb0d82041492bbd4945aa8c43312a P 4a56ce22b67e4bd795817145c47d2a15 [term 3 LEADER]: Becoming Leader. State: Replica: 4a56ce22b67e4bd795817145c47d2a15, State: Running, Role: LEADER
I0517 06:44:57.159377 10841 consensus_queue.cc:204] T 881bb0d82041492bbd4945aa8c43312a P 4a56ce22b67e4bd795817145c47d2a15 [LEADER]: Queue going to LEADER mode. State: All replicated index: 0, Majority replicated index: 1, Committed index: 1, Last appended: 2.3, Last appended by leader: 0, Current term: 3, Majority size: 1, State: 0, Mode: LEADER, active raft config: opid_index: 3 OBSOLETE_local: false peers { permanent_uuid: "4a56ce22b67e4bd795817145c47d2a15" member_type: VOTER last_known_addr { host: "127.4.96.1" port: 47178 } } unsafe_config_change: true
I0517 06:44:57.161252 10841 raft_consensus.cc:2658] T 881bb0d82041492bbd4945aa8c43312a P 4a56ce22b67e4bd795817145c47d2a15 [term 3 LEADER]: Committing config change with OpId 1.2: config changed from index -1 to 2, VOTER 15ac5271aef7440e87dea2eaa9321ca2 (127.4.96.3) evicted. New config: { opid_index: 2 OBSOLETE_local: false peers { permanent_uuid: "4a56ce22b67e4bd795817145c47d2a15" member_type: VOTER last_known_addr { host: "127.4.96.1" port: 47178 } } peers { permanent_uuid: "da1d7cec6f814868a154aa0516cf5098" member_type: VOTER last_known_addr { host: "127.4.96.5" port: 46584 } } }
I0517 06:44:57.162385 10751 catalog_manager.cc:3686] T 881bb0d82041492bbd4945aa8c43312a P 4a56ce22b67e4bd795817145c47d2a15 reported cstate change: term changed from 1 to 3, now has a pending config: VOTER 4a56ce22b67e4bd795817145c47d2a15 (127.4.96.1). New cstate: current_term: 3 leader_uuid: "4a56ce22b67e4bd795817145c47d2a15" committed_config { opid_index: -1 OBSOLETE_local: false peers { permanent_uuid: "4a56ce22b67e4bd795817145c47d2a15" member_type: VOTER last_known_addr { host: "127.4.96.1" port: 47178 } health_report { overall_health: HEALTHY } } peers { permanent_uuid: "15ac5271aef7440e87dea2eaa9321ca2" member_type: VOTER last_known_addr { host: "127.4.96.3" port: 33068 } } peers { permanent_uuid: "da1d7cec6f814868a154aa0516cf5098" member_type: VOTER last_known_addr { host: "127.4.96.5" port: 46584 } } } pending_config { opid_index: 3 OBSOLETE_local: false peers { permanent_uuid: "4a56ce22b67e4bd795817145c47d2a15" member_type: VOTER last_known_addr { host: "127.4.96.1" port: 47178 } } unsafe_config_change: true }
W0517 06:44:57.164758 10841 rpcz_store.cc:251] Call kudu.consensus.ConsensusService.ChangeConfig from 127.0.0.1:53993 (request call id 33) took 5189ms (client timeout 2000).
W0517 06:44:57.165385 10841 rpcz_store.cc:255] Trace: 0517 06:44:51.975078 (+ 0us) service_pool.cc:162] Inserting onto call queue 0517 06:44:51.975173 (+ 95us) service_pool.cc:221] Handling call 0517 06:44:51.977434 (+ 2261us) log.cc:582] Serialized 364 byte log entry 0517 06:44:57.164712 (+5187278us) inbound_call.cc:162] Queueing success response Metrics: {"dns_us":35,"raft.queue_time_us":77,"raft.run_cpu_time_us":193,"raft.run_wall_time_us":195}
I0517 06:44:57.165714 10841 raft_consensus.cc:2658] T 881bb0d82041492bbd4945aa8c43312a P 4a56ce22b67e4bd795817145c47d2a15 [term 3 LEADER]: Committing config change with OpId 2.3: config changed from index -1 to 3, VOTER 15ac5271aef7440e87dea2eaa9321ca2 (127.4.96.3) evicted, VOTER da1d7cec6f814868a154aa0516cf5098 (127.4.96.5) evicted. New config: { opid_index: 3 OBSOLETE_local: false peers { permanent_uuid: "4a56ce22b67e4bd795817145c47d2a15" member_type: VOTER last_known_addr { host: "127.4.96.1" port: 47178 } } unsafe_config_change: true }
I0517 06:44:57.180061 10751 catalog_manager.cc:3686] T 881bb0d82041492bbd4945aa8c43312a P 4a56ce22b67e4bd795817145c47d2a15 reported cstate change: config changed from index -1 to 3, VOTER 15ac5271aef7440e87dea2eaa9321ca2 (127.4.96.3) evicted, VOTER da1d7cec6f814868a154aa0516cf5098 (127.4.96.5) evicted, no longer has a pending config: VOTER 4a56ce22b67e4bd795817145c47d2a15 (127.4.96.1). New cstate: current_term: 3 leader_uuid: "4a56ce22b67e4bd795817145c47d2a15" committed_config { opid_index: 3 OBSOLETE_local: false peers { permanent_uuid: "4a56ce22b67e4bd795817145c47d2a15" member_type: VOTER last_known_addr { host: "127.4.96.1" port: 47178 } health_report { overall_health: HEALTHY } } unsafe_config_change: true }
I0517 06:44:57.184056 10751 catalog_manager.cc:2791] Scheduling retry of 881bb0d82041492bbd4945aa8c43312a Delete Tablet RPC for TS=15ac5271aef7440e87dea2eaa9321ca2 with a delay of 26 ms (attempt = 1)
W0517 06:44:57.184253 10751 catalog_manager.cc:3845] Failed to send 881bb0d82041492bbd4945aa8c43312a Delete Tablet RPC for TS=15ac5271aef7440e87dea2eaa9321ca2: Not found: failed to reset TS proxy: Could not find TS for UUID 15ac5271aef7440e87dea2eaa9321ca2
I0517 06:44:57.184479 10751 catalog_manager.cc:2791] Scheduling retry of 881bb0d82041492bbd4945aa8c43312a Delete Tablet RPC for TS=da1d7cec6f814868a154aa0516cf5098 with a delay of 21 ms (attempt = 1)
W0517 06:44:57.184630 10751 catalog_manager.cc:3845] Failed to send 881bb0d82041492bbd4945aa8c43312a Delete Tablet RPC for TS=da1d7cec6f814868a154aa0516cf5098: Not found: failed to reset TS proxy: Could not find TS for UUID da1d7cec6f814868a154aa0516cf5098
I0517 06:44:57.185092 10751 catalog_manager.cc:3325] Sending ChangeConfig:ADD_PEER:NON_VOTER on tablet 881bb0d82041492bbd4945aa8c43312a (attempt 1)
I0517 06:44:57.195791 10140 consensus_queue.cc:204] T 881bb0d82041492bbd4945aa8c43312a P 4a56ce22b67e4bd795817145c47d2a15 [LEADER]: Queue going to LEADER mode. State: All replicated index: 0, Majority replicated index: 4, Committed index: 4, Last appended: 3.4, Last appended by leader: 0, Current term: 3, Majority size: 1, State: 0, Mode: LEADER, active raft config: opid_index: 5 OBSOLETE_local: false peers { permanent_uuid: "4a56ce22b67e4bd795817145c47d2a15" member_type: VOTER last_known_addr { host: "127.4.96.1" port: 47178 } } peers { permanent_uuid: "6bdab74f06a741abb63715127aeb2811" member_type: NON_VOTER last_known_addr { host: "127.4.96.4" port: 60463 } attrs { promote: true } } unsafe_config_change: true
I0517 06:44:57.197245 10840 raft_consensus.cc:2658] T 881bb0d82041492bbd4945aa8c43312a P 4a56ce22b67e4bd795817145c47d2a15 [term 3 LEADER]: Committing config change with OpId 3.5: config changed from index 3 to 5, NON_VOTER 6bdab74f06a741abb63715127aeb2811 (127.4.96.4) added. New config: { opid_index: 5 OBSOLETE_local: false peers { permanent_uuid: "4a56ce22b67e4bd795817145c47d2a15" member_type: VOTER last_known_addr { host: "127.4.96.1" port: 47178 } } peers { permanent_uuid: "6bdab74f06a741abb63715127aeb2811" member_type: NON_VOTER last_known_addr { host: "127.4.96.4" port: 60463 } attrs { promote: true } } unsafe_config_change: true }
I0517 06:44:57.202723 10731 catalog_manager.cc:3240] ChangeConfig:ADD_PEER:NON_VOTER RPC for tablet 881bb0d82041492bbd4945aa8c43312a with cas_config_opid_index 3: ChangeConfig:ADD_PEER:NON_VOTER succeeded (attempt 1)
I0517 06:44:57.203821 10751 catalog_manager.cc:3686] T 881bb0d82041492bbd4945aa8c43312a P 4a56ce22b67e4bd795817145c47d2a15 reported cstate change: config changed from index 3 to 5, NON_VOTER 6bdab74f06a741abb63715127aeb2811 (127.4.96.4) added. New cstate: current_term: 3 leader_uuid: "4a56ce22b67e4bd795817145c47d2a15" committed_config { opid_index: 5 OBSOLETE_local: false peers { permanent_uuid: "4a56ce22b67e4bd795817145c47d2a15" member_type: VOTER last_known_addr { host: "127.4.96.1" port: 47178 } health_report { overall_health: HEALTHY } } peers { permanent_uuid: "6bdab74f06a741abb63715127aeb2811" member_type: NON_VOTER last_known_addr { host: "127.4.96.4" port: 60463 } attrs { promote: true } health_report { overall_health: UNKNOWN } } unsafe_config_change: true }
I0517 06:44:57.206288 10731 catalog_manager.cc:2791] Scheduling retry of 881bb0d82041492bbd4945aa8c43312a Delete Tablet RPC for TS=da1d7cec6f814868a154aa0516cf5098 with a delay of 50 ms (attempt = 2)
W0517 06:44:57.206472 10731 catalog_manager.cc:2810] Async tablet task 881bb0d82041492bbd4945aa8c43312a Delete Tablet RPC for TS=da1d7cec6f814868a154aa0516cf5098 failed: Not found: failed to reset TS proxy: Could not find TS for UUID da1d7cec6f814868a154aa0516cf5098
I0517 06:44:57.207548 10751 catalog_manager.cc:3325] Sending ChangeConfig:ADD_PEER:NON_VOTER on tablet 881bb0d82041492bbd4945aa8c43312a (attempt 1)
I0517 06:44:57.209197 10140 consensus_peers.cc:456] T 881bb0d82041492bbd4945aa8c43312a P 4a56ce22b67e4bd795817145c47d2a15 -> Peer 6bdab74f06a741abb63715127aeb2811 (127.4.96.4:60463): Closing peer: 6bdab74f06a741abb63715127aeb2811
I0517 06:44:57.209532 10140 consensus_queue.cc:204] T 881bb0d82041492bbd4945aa8c43312a P 4a56ce22b67e4bd795817145c47d2a15 [LEADER]: Queue going to LEADER mode. State: All replicated index: 0, Majority replicated index: 5, Committed index: 5, Last appended: 3.5, Last appended by leader: 0, Current term: 3, Majority size: 1, State: 0, Mode: LEADER, active raft config: opid_index: 6 OBSOLETE_local: false peers { permanent_uuid: "4a56ce22b67e4bd795817145c47d2a15" member_type: VOTER last_known_addr { host: "127.4.96.1" port: 47178 } } peers { permanent_uuid: "6bdab74f06a741abb63715127aeb2811" member_type: NON_VOTER last_known_addr { host: "127.4.96.4" port: 60463 } attrs { promote: true } } peers { permanent_uuid: "28ba6c7ee5464c6db38265b65d3fee0f" member_type: NON_VOTER last_known_addr { host: "127.4.96.2" port: 55398 } attrs { promote: true } } unsafe_config_change: true
I0517 06:44:57.210675 10729 catalog_manager.cc:2791] Scheduling retry of 881bb0d82041492bbd4945aa8c43312a Delete Tablet RPC for TS=15ac5271aef7440e87dea2eaa9321ca2 with a delay of 43 ms (attempt = 2)
W0517 06:44:57.210891 10729 catalog_manager.cc:2810] Async tablet task 881bb0d82041492bbd4945aa8c43312a Delete Tablet RPC for TS=15ac5271aef7440e87dea2eaa9321ca2 failed: Not found: failed to reset TS proxy: Could not find TS for UUID 15ac5271aef7440e87dea2eaa9321ca2
I0517 06:44:57.211339 10841 raft_consensus.cc:2658] T 881bb0d82041492bbd4945aa8c43312a P 4a56ce22b67e4bd795817145c47d2a15 [term 3 LEADER]: Committing config change with OpId 3.6: config changed from index 5 to 6, NON_VOTER 28ba6c7ee5464c6db38265b65d3fee0f (127.4.96.2) added. New config: { opid_index: 6 OBSOLETE_local: false peers { permanent_uuid: "4a56ce22b67e4bd795817145c47d2a15" member_type: VOTER last_known_addr { host: "127.4.96.1" port: 47178 } } peers { permanent_uuid: "6bdab74f06a741abb63715127aeb2811" member_type: NON_VOTER last_known_addr { host: "127.4.96.4" port: 60463 } attrs { promote: true } } peers { permanent_uuid: "28ba6c7ee5464c6db38265b65d3fee0f" member_type: NON_VOTER last_known_addr { host: "127.4.96.2" port: 55398 } attrs { promote: true } } unsafe_config_change: true }
W0517 06:44:57.212852 10070 consensus_peers.cc:434] T 881bb0d82041492bbd4945aa8c43312a P 4a56ce22b67e4bd795817145c47d2a15 -> Peer 6bdab74f06a741abb63715127aeb2811 (127.4.96.4:60463): Couldn't send request to peer 6bdab74f06a741abb63715127aeb2811 for tablet 881bb0d82041492bbd4945aa8c43312a. Error code: TABLET_NOT_FOUND (6). Status: Not found: Tablet not found: 881bb0d82041492bbd4945aa8c43312a. Retrying in the next heartbeat period. Already tried 1 times.
I0517 06:44:57.214998 10731 catalog_manager.cc:3240] ChangeConfig:ADD_PEER:NON_VOTER RPC for tablet 881bb0d82041492bbd4945aa8c43312a with cas_config_opid_index 5: ChangeConfig:ADD_PEER:NON_VOTER succeeded (attempt 1)
I0517 06:44:57.224794 10751 catalog_manager.cc:3686] T 881bb0d82041492bbd4945aa8c43312a P 4a56ce22b67e4bd795817145c47d2a15 reported cstate change: config changed from index 5 to 6, NON_VOTER 28ba6c7ee5464c6db38265b65d3fee0f (127.4.96.2) added. New cstate: current_term: 3 leader_uuid: "4a56ce22b67e4bd795817145c47d2a15" committed_config { opid_index: 6 OBSOLETE_local: false peers { permanent_uuid: "4a56ce22b67e4bd795817145c47d2a15" member_type: VOTER last_known_addr { host: "127.4.96.1" port: 47178 } health_report { overall_health: HEALTHY } } peers { permanent_uuid: "6bdab74f06a741abb63715127aeb2811" member_type: NON_VOTER last_known_addr { host: "127.4.96.4" port: 60463 } attrs { promote: true } health_report { overall_health: UNKNOWN } } peers { permanent_uuid: "28ba6c7ee5464c6db38265b65d3fee0f" member_type: NON_VOTER last_known_addr { host: "127.4.96.2" port: 55398 } attrs { promote: true } health_report { overall_health: UNKNOWN } } unsafe_config_change: true }
W0517 06:44:57.232316 10071 consensus_peers.cc:434] T 881bb0d82041492bbd4945aa8c43312a P 4a56ce22b67e4bd795817145c47d2a15 -> Peer 28ba6c7ee5464c6db38265b65d3fee0f (127.4.96.2:55398): Couldn't send request to peer 28ba6c7ee5464c6db38265b65d3fee0f for tablet 881bb0d82041492bbd4945aa8c43312a. Error code: TABLET_NOT_FOUND (6). Status: Not found: Tablet not found: 881bb0d82041492bbd4945aa8c43312a. Retrying in the next heartbeat period. Already tried 1 times.
I0517 06:44:57.254528 10729 catalog_manager.cc:2791] Scheduling retry of 881bb0d82041492bbd4945aa8c43312a Delete Tablet RPC for TS=15ac5271aef7440e87dea2eaa9321ca2 with a delay of 106 ms (attempt = 3)
W0517 06:44:57.254896 10729 catalog_manager.cc:2810] Async tablet task 881bb0d82041492bbd4945aa8c43312a Delete Tablet RPC for TS=15ac5271aef7440e87dea2eaa9321ca2 failed: Not found: failed to reset TS proxy: Could not find TS for UUID 15ac5271aef7440e87dea2eaa9321ca2
I0517 06:44:57.257566 10731 catalog_manager.cc:2791] Scheduling retry of 881bb0d82041492bbd4945aa8c43312a Delete Tablet RPC for TS=da1d7cec6f814868a154aa0516cf5098 with a delay of 96 ms (attempt = 3)
W0517 06:44:57.257731 10731 catalog_manager.cc:2810] Async tablet task 881bb0d82041492bbd4945aa8c43312a Delete Tablet RPC for TS=da1d7cec6f814868a154aa0516cf5098 failed: Not found: failed to reset TS proxy: Could not find TS for UUID da1d7cec6f814868a154aa0516cf5098
I0517 06:44:57.354315 10731 catalog_manager.cc:2791] Scheduling retry of 881bb0d82041492bbd4945aa8c43312a Delete Tablet RPC for TS=da1d7cec6f814868a154aa0516cf5098 with a delay of 174 ms (attempt = 4)
W0517 06:44:57.354475 10731 catalog_manager.cc:2810] Async tablet task 881bb0d82041492bbd4945aa8c43312a Delete Tablet RPC for TS=da1d7cec6f814868a154aa0516cf5098 failed: Not found: failed to reset TS proxy: Could not find TS for UUID da1d7cec6f814868a154aa0516cf5098
I0517 06:44:57.361498 10729 catalog_manager.cc:2791] Scheduling retry of 881bb0d82041492bbd4945aa8c43312a Delete Tablet RPC for TS=15ac5271aef7440e87dea2eaa9321ca2 with a delay of 157 ms (attempt = 4)
W0517 06:44:57.361671 10729 catalog_manager.cc:2810] Async tablet task 881bb0d82041492bbd4945aa8c43312a Delete Tablet RPC for TS=15ac5271aef7440e87dea2eaa9321ca2 failed: Not found: failed to reset TS proxy: Could not find TS for UUID 15ac5271aef7440e87dea2eaa9321ca2
I0517 06:44:57.519554 10729 catalog_manager.cc:2791] Scheduling retry of 881bb0d82041492bbd4945aa8c43312a Delete Tablet RPC for TS=15ac5271aef7440e87dea2eaa9321ca2 with a delay of 277 ms (attempt = 5)
W0517 06:44:57.519717 10729 catalog_manager.cc:2810] Async tablet task 881bb0d82041492bbd4945aa8c43312a Delete Tablet RPC for TS=15ac5271aef7440e87dea2eaa9321ca2 failed: Not found: failed to reset TS proxy: Could not find TS for UUID 15ac5271aef7440e87dea2eaa9321ca2
I0517 06:44:57.529245 10731 catalog_manager.cc:2791] Scheduling retry of 881bb0d82041492bbd4945aa8c43312a Delete Tablet RPC for TS=da1d7cec6f814868a154aa0516cf5098 with a delay of 276 ms (attempt = 5)
W0517 06:44:57.529429 10731 catalog_manager.cc:2810] Async tablet task 881bb0d82041492bbd4945aa8c43312a Delete Tablet RPC for TS=da1d7cec6f814868a154aa0516cf5098 failed: Not found: failed to reset TS proxy: Could not find TS for UUID da1d7cec6f814868a154aa0516cf5098
I0517 06:44:57.720234 10853 ts_tablet_manager.cc:669] T 881bb0d82041492bbd4945aa8c43312a P 28ba6c7ee5464c6db38265b65d3fee0f: Initiating tablet copy from peer 4a56ce22b67e4bd795817145c47d2a15 (127.4.96.1:47178)
I0517 06:44:57.720521 10853 tablet_copy_client.cc:239] T 881bb0d82041492bbd4945aa8c43312a P 28ba6c7ee5464c6db38265b65d3fee0f: tablet copy: Beginning tablet copy session from remote peer at address 127.4.96.1:47178
I0517 06:44:57.730064 10160 tablet_copy_service.cc:133] P 4a56ce22b67e4bd795817145c47d2a15: Received BeginTabletCopySession request for tablet 881bb0d82041492bbd4945aa8c43312a from peer 28ba6c7ee5464c6db38265b65d3fee0f ({username='slave'} at 127.4.96.2:39795)
I0517 06:44:57.730300 10160 tablet_copy_service.cc:154] P 4a56ce22b67e4bd795817145c47d2a15: Beginning new tablet copy session on tablet 881bb0d82041492bbd4945aa8c43312a from peer 28ba6c7ee5464c6db38265b65d3fee0f at {username='slave'} at 127.4.96.2:39795: session id = 28ba6c7ee5464c6db38265b65d3fee0f-881bb0d82041492bbd4945aa8c43312a
I0517 06:44:57.733901 10160 tablet_copy_source_session.cc:202] T 881bb0d82041492bbd4945aa8c43312a P 4a56ce22b67e4bd795817145c47d2a15: Tablet Copy: opened 0 blocks and 1 log segments
I0517 06:44:57.736495 10853 data_dirs.cc:934] Could only allocate 1 dirs of requested 3 for tablet 881bb0d82041492bbd4945aa8c43312a. 1 dirs total, 0 dirs full, 0 dirs failed
I0517 06:44:57.747068 10853 ts_tablet_manager.cc:1173] T 881bb0d82041492bbd4945aa8c43312a P 28ba6c7ee5464c6db38265b65d3fee0f: Registered tablet (data state: TABLET_DATA_COPYING)
I0517 06:44:57.747445 10853 tablet_copy_client.cc:565] T 881bb0d82041492bbd4945aa8c43312a P 28ba6c7ee5464c6db38265b65d3fee0f: tablet copy: Starting download of 0 data blocks...
I0517 06:44:57.747674 10853 tablet_copy_client.cc:528] T 881bb0d82041492bbd4945aa8c43312a P 28ba6c7ee5464c6db38265b65d3fee0f: tablet copy: Starting download of 1 WAL segments...
I0517 06:44:57.749590 10853 tablet_copy_client.cc:404] T 881bb0d82041492bbd4945aa8c43312a P 28ba6c7ee5464c6db38265b65d3fee0f: tablet copy: Tablet Copy complete. Replacing tablet superblock.
I0517 06:44:57.752224 10853 ts_tablet_manager.cc:1028] T 881bb0d82041492bbd4945aa8c43312a P 28ba6c7ee5464c6db38265b65d3fee0f: Bootstrapping tablet
I0517 06:44:57.752543 10853 tablet_bootstrap.cc:436] T 881bb0d82041492bbd4945aa8c43312a P 28ba6c7ee5464c6db38265b65d3fee0f: Bootstrap starting.
I0517 06:44:57.757627 10853 log.cc:520] T 881bb0d82041492bbd4945aa8c43312a P 28ba6c7ee5464c6db38265b65d3fee0f: Log is configured to *not* fsync() on all Append() calls
I0517 06:44:57.763964 10853 tablet_bootstrap.cc:436] T 881bb0d82041492bbd4945aa8c43312a P 28ba6c7ee5464c6db38265b65d3fee0f: Bootstrap replayed 1/1 log segments. Stats: ops{read=6 overwritten=0 applied=6 ignored=0} inserts{seen=0 ignored=0} mutations{seen=0 ignored=0} orphaned_commits=0. Pending: 0 replicates
I0517 06:44:57.764484 10853 tablet_bootstrap.cc:436] T 881bb0d82041492bbd4945aa8c43312a P 28ba6c7ee5464c6db38265b65d3fee0f: Bootstrap complete.
I0517 06:44:57.764843 10853 ts_tablet_manager.cc:1045] T 881bb0d82041492bbd4945aa8c43312a P 28ba6c7ee5464c6db38265b65d3fee0f: Time spent bootstrapping tablet: real 0.012s user 0.012s sys 0.004s
I0517 06:44:57.774245 10853 raft_consensus.cc:303] T 881bb0d82041492bbd4945aa8c43312a P 28ba6c7ee5464c6db38265b65d3fee0f [term 3 LEARNER]: Replica starting. Triggering 0 pending transactions. Active config: opid_index: 6 OBSOLETE_local: false peers { permanent_uuid: "4a56ce22b67e4bd795817145c47d2a15" member_type: VOTER last_known_addr { host: "127.4.96.1" port: 47178 } } peers { permanent_uuid: "6bdab74f06a741abb63715127aeb2811" member_type: NON_VOTER last_known_addr { host: "127.4.96.4" port: 60463 } attrs { promote: true } } peers { permanent_uuid: "28ba6c7ee5464c6db38265b65d3fee0f" member_type: NON_VOTER last_known_addr { host: "127.4.96.2" port: 55398 } attrs { promote: true } } unsafe_config_change: true
I0517 06:44:57.774835 10853 raft_consensus.cc:604] T 881bb0d82041492bbd4945aa8c43312a P 28ba6c7ee5464c6db38265b65d3fee0f [term 3 LEARNER]: Becoming Follower/Learner. State: Replica: 28ba6c7ee5464c6db38265b65d3fee0f, State: Initialized, Role: LEARNER
I0517 06:44:57.775166 10853 consensus_queue.cc:227] T 881bb0d82041492bbd4945aa8c43312a P 28ba6c7ee5464c6db38265b65d3fee0f [NON_LEADER]: Queue going to NON_LEADER mode. State: All replicated index: 0, Majority replicated index: 0, Committed index: 6, Last appended: 3.6, Last appended by leader: 6, Current term: 0, Majority size: -1, State: 0, Mode: NON_LEADER, active raft config: opid_index: 6 OBSOLETE_local: false peers { permanent_uuid: "4a56ce22b67e4bd795817145c47d2a15" member_type: VOTER last_known_addr { host: "127.4.96.1" port: 47178 } } peers { permanent_uuid: "6bdab74f06a741abb63715127aeb2811" member_type: NON_VOTER last_known_addr { host: "127.4.96.4" port: 60463 } attrs { promote: true } } peers { permanent_uuid: "28ba6c7ee5464c6db38265b65d3fee0f" member_type: NON_VOTER last_known_addr { host: "127.4.96.2" port: 55398 } attrs { promote: true } } unsafe_config_change: true
I0517 06:44:57.777380 10853 ts_tablet_manager.cc:1073] T 881bb0d82041492bbd4945aa8c43312a P 28ba6c7ee5464c6db38265b65d3fee0f: Time spent starting tablet: real 0.012s user 0.012s sys 0.000s
I0517 06:44:57.778409 10160 tablet_copy_service.cc:323] P 4a56ce22b67e4bd795817145c47d2a15: Request end of tablet copy session 28ba6c7ee5464c6db38265b65d3fee0f-881bb0d82041492bbd4945aa8c43312a received from {username='slave'} at 127.4.96.2:39795
I0517 06:44:57.778583 10160 tablet_copy_service.cc:411] P 4a56ce22b67e4bd795817145c47d2a15: Ending tablet copy session 28ba6c7ee5464c6db38265b65d3fee0f-881bb0d82041492bbd4945aa8c43312a on tablet 881bb0d82041492bbd4945aa8c43312a with peer 28ba6c7ee5464c6db38265b65d3fee0f
I0517 06:44:57.797910 10729 catalog_manager.cc:2791] Scheduling retry of 881bb0d82041492bbd4945aa8c43312a Delete Tablet RPC for TS=15ac5271aef7440e87dea2eaa9321ca2 with a delay of 546 ms (attempt = 6)
W0517 06:44:57.798095 10729 catalog_manager.cc:2810] Async tablet task 881bb0d82041492bbd4945aa8c43312a Delete Tablet RPC for TS=15ac5271aef7440e87dea2eaa9321ca2 failed: Not found: failed to reset TS proxy: Could not find TS for UUID 15ac5271aef7440e87dea2eaa9321ca2
I0517 06:44:57.806210 10731 catalog_manager.cc:2791] Scheduling retry of 881bb0d82041492bbd4945aa8c43312a Delete Tablet RPC for TS=da1d7cec6f814868a154aa0516cf5098 with a delay of 534 ms (attempt = 6)
W0517 06:44:57.806361 10731 catalog_manager.cc:2810] Async tablet task 881bb0d82041492bbd4945aa8c43312a Delete Tablet RPC for TS=da1d7cec6f814868a154aa0516cf5098 failed: Not found: failed to reset TS proxy: Could not find TS for UUID da1d7cec6f814868a154aa0516cf5098
I0517 06:44:57.834252 10858 ts_tablet_manager.cc:669] T 881bb0d82041492bbd4945aa8c43312a P 6bdab74f06a741abb63715127aeb2811: Initiating tablet copy from peer 4a56ce22b67e4bd795817145c47d2a15 (127.4.96.1:47178)
I0517 06:44:57.834555 10858 tablet_copy_client.cc:239] T 881bb0d82041492bbd4945aa8c43312a P 6bdab74f06a741abb63715127aeb2811: tablet copy: Beginning tablet copy session from remote peer at address 127.4.96.1:47178
I0517 06:44:57.842890 10160 tablet_copy_service.cc:133] P 4a56ce22b67e4bd795817145c47d2a15: Received BeginTabletCopySession request for tablet 881bb0d82041492bbd4945aa8c43312a from peer 6bdab74f06a741abb63715127aeb2811 ({username='slave'} at 127.4.96.4:45673)
I0517 06:44:57.843089 10160 tablet_copy_service.cc:154] P 4a56ce22b67e4bd795817145c47d2a15: Beginning new tablet copy session on tablet 881bb0d82041492bbd4945aa8c43312a from peer 6bdab74f06a741abb63715127aeb2811 at {username='slave'} at 127.4.96.4:45673: session id = 6bdab74f06a741abb63715127aeb2811-881bb0d82041492bbd4945aa8c43312a
I0517 06:44:57.846001 10160 tablet_copy_source_session.cc:202] T 881bb0d82041492bbd4945aa8c43312a P 4a56ce22b67e4bd795817145c47d2a15: Tablet Copy: opened 0 blocks and 1 log segments
I0517 06:44:57.848455 10858 data_dirs.cc:934] Could only allocate 1 dirs of requested 3 for tablet 881bb0d82041492bbd4945aa8c43312a. 1 dirs total, 0 dirs full, 0 dirs failed
I0517 06:44:57.859290 10858 ts_tablet_manager.cc:1173] T 881bb0d82041492bbd4945aa8c43312a P 6bdab74f06a741abb63715127aeb2811: Registered tablet (data state: TABLET_DATA_COPYING)
