I0517 06:44:12.472623 6530 tablet_server_main.cc:78] Tablet server non-default flags: --log_cache_size_limit_mb=10 --fs_data_dirs=/tmp/dist-test-task4QLboq/test-tmp/kudu-admin-test.0.AdminCliTest.TestUnsafeChangeConfigOnSingleLeader.1526539434354140-4480/raft_consensus-itest-cluster/ts-2/data --fs_wal_dir=/tmp/dist-test-task4QLboq/test-tmp/kudu-admin-test.0.AdminCliTest.TestUnsafeChangeConfigOnSingleLeader.1526539434354140-4480/raft_consensus-itest-cluster/ts-2/wal --ipki_server_key_size=1024 --rpc_bind_addresses=127.4.96.3:0 --rpc_server_allow_ephemeral_ports=true --metrics_log_interval_ms=1000 --server_dump_info_format=pb --server_dump_info_path=/tmp/dist-test-task4QLboq/test-tmp/kudu-admin-test.0.AdminCliTest.TestUnsafeChangeConfigOnSingleLeader.1526539434354140-4480/raft_consensus-itest-cluster/ts-2/data/info.pb --webserver_interface=127.4.96.3 --webserver_port=0 --tserver_master_addrs=127.4.96.62:39669 --never_fsync=true --redact=none --unlock_experimental_flags=true --unlock_unsafe_flags=true --enable_minidumps=false --local_ip_for_outbound_sockets=127.4.96.3 --log_dir=/tmp/dist-test-task4QLboq/test-tmp/kudu-admin-test.0.AdminCliTest.TestUnsafeChangeConfigOnSingleLeader.1526539434354140-4480/raft_consensus-itest-cluster/ts-2/logs --logbuflevel=-1 --logtostderr=true Tablet server version: kudu 1.8.0-SNAPSHOT revision f969af316286807a745fa39b9c2ee604c88b63c9 build type FASTDEBUG built by None at 17 May 2018 06:38:04 UTC on jenkins-slave-snjf build id 13499 TSAN enabled
I0517 06:44:12.480772 6530 tablet_server_main.cc:85] Initializing tablet server...
I0517 06:44:12.482545 6530 system_ntp.cc:143] NTP initialized. Skew: 500ppm Current error: 125319us
I0517 06:44:12.482966 6530 fs_manager.cc:260] Metadata directory not provided
I0517 06:44:12.483093 6530 fs_manager.cc:266] Using write-ahead log directory (fs_wal_dir) as metadata directory
I0517 06:44:12.483289 6530 server_base.cc:432] Could not load existing FS layout: Not found: /tmp/dist-test-task4QLboq/test-tmp/kudu-admin-test.0.AdminCliTest.TestUnsafeChangeConfigOnSingleLeader.1526539434354140-4480/raft_consensus-itest-cluster/ts-2/data/instance: No such file or directory (error 2)
I0517 06:44:12.483407 6530 server_base.cc:433] Attempting to create new FS layout instead
I0517 06:44:12.490989 6530 fs_manager.cc:595] Generated new instance metadata in path /tmp/dist-test-task4QLboq/test-tmp/kudu-admin-test.0.AdminCliTest.TestUnsafeChangeConfigOnSingleLeader.1526539434354140-4480/raft_consensus-itest-cluster/ts-2/data/instance: uuid: "c95723aafe594cc999bfe59b9aee2b1e" format_stamp: "Formatted at 2018-05-17 06:44:12 on dist-test-slave-dist-test-slave-26mv"
I0517 06:44:12.491667 6530 fs_manager.cc:595] Generated new instance metadata in path /tmp/dist-test-task4QLboq/test-tmp/kudu-admin-test.0.AdminCliTest.TestUnsafeChangeConfigOnSingleLeader.1526539434354140-4480/raft_consensus-itest-cluster/ts-2/wal/instance: uuid: "c95723aafe594cc999bfe59b9aee2b1e" format_stamp: "Formatted at 2018-05-17 06:44:12 on dist-test-slave-dist-test-slave-26mv"
I0517 06:44:12.501372 6530 fs_manager.cc:495] Time spent creating directory manager: real 0.009s user 0.008s sys 0.004s
I0517 06:44:12.502502 6530 env_posix.cc:1643] Not raising this process' open files per process limit of 65536; it is already as high as it can go
I0517 06:44:12.502898 6530 file_cache.cc:470] Constructed file cache lbm with capacity 26214
I0517 06:44:12.509601 6530 fs_manager.cc:417] Time spent opening block manager: real 0.002s user 0.000s sys 0.000s
I0517 06:44:12.509711 6530 fs_manager.cc:428] Opened local filesystem: /tmp/dist-test-task4QLboq/test-tmp/kudu-admin-test.0.AdminCliTest.TestUnsafeChangeConfigOnSingleLeader.1526539434354140-4480/raft_consensus-itest-cluster/ts-2/data,/tmp/dist-test-task4QLboq/test-tmp/kudu-admin-test.0.AdminCliTest.TestUnsafeChangeConfigOnSingleLeader.1526539434354140-4480/raft_consensus-itest-cluster/ts-2/wal uuid: "c95723aafe594cc999bfe59b9aee2b1e" format_stamp: "Formatted at 2018-05-17 06:44:12 on dist-test-slave-dist-test-slave-26mv"
I0517 06:44:12.509954 6530 fs_report.cc:347] Block manager report -------------------- 1 data directories: /tmp/dist-test-task4QLboq/test-tmp/kudu-admin-test.0.AdminCliTest.TestUnsafeChangeConfigOnSingleLeader.1526539434354140-4480/raft_consensus-itest-cluster/ts-2/data/data Total live blocks: 0 Total live bytes: 0 Total live bytes (after alignment): 0 Total number of LBM containers: 0 (0 full) Did not check for missing blocks Did not check for orphaned blocks Total full LBM containers with extra space: 0 (0 repaired) Total full LBM container extra space in bytes: 0 (0 repaired) Total incomplete LBM containers: 0 (0 repaired) Total LBM partial records: 0 (0 repaired)
I0517 06:44:12.744105 6530 env_posix.cc:1643] Not raising this process' running threads per effective uid limit of 60284; it is already as high as it can go
I0517 06:44:12.746418 6530 ts_tablet_manager.cc:356] Loaded tablet metadata (0 live tablets)
I0517 06:44:12.747354 6530 tablet_server_main.cc:90] Starting tablet server...
I0517 06:44:12.830526 6530 rpc_server.cc:205] RPC server started. Bound to: 127.4.96.3:34469
I0517 06:44:12.831404 6530 webserver.cc:173] Starting webserver on 127.4.96.3:0
I0517 06:44:12.831506 6530 webserver.cc:184] Document root disabled
I0517 06:44:12.832684 6530 webserver.cc:311] Webserver started. Bound to: http://127.4.96.3:48876/
I0517 06:44:12.833356 6530 server_base.cc:607] Dumped server information to /tmp/dist-test-task4QLboq/test-tmp/kudu-admin-test.0.AdminCliTest.TestUnsafeChangeConfigOnSingleLeader.1526539434354140-4480/raft_consensus-itest-cluster/ts-2/data/info.pb
I0517 06:44:12.837050 6530 tablet_server_main.cc:93] Tablet server successfully started.
I0517 06:44:12.839996 4480 external_mini_cluster.cc:848] Started /tmp/dist-test-task4QLboq/build/tsan/bin/kudu-tserver as pid 6530
I0517 06:44:12.841296 4480 external_mini_cluster.cc:786] Running /tmp/dist-test-task4QLboq/build/tsan/bin/kudu-tserver /tmp/dist-test-task4QLboq/build/tsan/bin/kudu-tserver --fs_wal_dir=/tmp/dist-test-task4QLboq/test-tmp/kudu-admin-test.0.AdminCliTest.TestUnsafeChangeConfigOnSingleLeader.1526539434354140-4480/raft_consensus-itest-cluster/ts-3/wal --fs_data_dirs=/tmp/dist-test-task4QLboq/test-tmp/kudu-admin-test.0.AdminCliTest.TestUnsafeChangeConfigOnSingleLeader.1526539434354140-4480/raft_consensus-itest-cluster/ts-3/data --block_manager=log --rpc_bind_addresses=127.4.96.4:0 --local_ip_for_outbound_sockets=127.4.96.4 --webserver_interface=127.4.96.4 --webserver_port=0 --tserver_master_addrs=127.4.96.62:39669 --never_fsync --ipki_server_key_size=1024 --enable_minidumps=false --redact=none --metrics_log_interval_ms=1000 --logtostderr --logbuflevel=-1 --log_dir=/tmp/dist-test-task4QLboq/test-tmp/kudu-admin-test.0.AdminCliTest.TestUnsafeChangeConfigOnSingleLeader.1526539434354140-4480/raft_consensus-itest-cluster/ts-3/logs --server_dump_info_path=/tmp/dist-test-task4QLboq/test-tmp/kudu-admin-test.0.AdminCliTest.TestUnsafeChangeConfigOnSingleLeader.1526539434354140-4480/raft_consensus-itest-cluster/ts-3/data/info.pb --server_dump_info_format=pb --rpc_server_allow_ephemeral_ports --unlock_experimental_flags --unlock_unsafe_flags --log_cache_size_limit_mb=10 --consensus_rpc_timeout_ms=30000 with env {}
I0517 06:44:12.856019 6651 heartbeater.cc:346] Connected to a master server at 127.4.96.62:39669
I0517 06:44:12.856243 6651 heartbeater.cc:426] Registering TS with master...
I0517 06:44:12.856657 6651 heartbeater.cc:475] Master 127.4.96.62:39669 requested a full tablet report, sending...
I0517 06:44:12.856756 6402 heartbeater.cc:467] Master 127.4.96.62:39669 was elected leader, sending a full tablet report...
I0517 06:44:12.858366 6236 ts_manager.cc:81] Registered new tserver with Master: c95723aafe594cc999bfe59b9aee2b1e (127.4.96.3:34469)
I0517 06:44:12.859751 6236 master_service.cc:249] Signed X509 certificate for tserver {username='slave'} at 127.4.96.3:43137 WARNING: Logging before InitGoogleLogging() is written to STDERR
W0517 06:44:12.945747 6654 flags.cc:406] Enabled unsafe flag: --rpc_server_allow_ephemeral_ports=true
W0517 06:44:12.946084 6654 flags.cc:406] Enabled unsafe flag: --never_fsync=true
W0517 06:44:12.953900 6654 flags.cc:406] Enabled experimental flag: --ipki_server_key_size=1024
W0517 06:44:12.954234 6654 flags.cc:406] Enabled experimental flag: --local_ip_for_outbound_sockets=127.4.96.4
I0517 06:44:12.966629 6654 tablet_server_main.cc:78] Tablet server non-default flags: --log_cache_size_limit_mb=10 --fs_data_dirs=/tmp/dist-test-task4QLboq/test-tmp/kudu-admin-test.0.AdminCliTest.TestUnsafeChangeConfigOnSingleLeader.1526539434354140-4480/raft_consensus-itest-cluster/ts-3/data --fs_wal_dir=/tmp/dist-test-task4QLboq/test-tmp/kudu-admin-test.0.AdminCliTest.TestUnsafeChangeConfigOnSingleLeader.1526539434354140-4480/raft_consensus-itest-cluster/ts-3/wal --ipki_server_key_size=1024 --rpc_bind_addresses=127.4.96.4:0 --rpc_server_allow_ephemeral_ports=true --metrics_log_interval_ms=1000 --server_dump_info_format=pb --server_dump_info_path=/tmp/dist-test-task4QLboq/test-tmp/kudu-admin-test.0.AdminCliTest.TestUnsafeChangeConfigOnSingleLeader.1526539434354140-4480/raft_consensus-itest-cluster/ts-3/data/info.pb --webserver_interface=127.4.96.4 --webserver_port=0 --tserver_master_addrs=127.4.96.62:39669 --never_fsync=true --redact=none --unlock_experimental_flags=true --unlock_unsafe_flags=true --enable_minidumps=false --local_ip_for_outbound_sockets=127.4.96.4 --log_dir=/tmp/dist-test-task4QLboq/test-tmp/kudu-admin-test.0.AdminCliTest.TestUnsafeChangeConfigOnSingleLeader.1526539434354140-4480/raft_consensus-itest-cluster/ts-3/logs --logbuflevel=-1 --logtostderr=true Tablet server version: kudu 1.8.0-SNAPSHOT revision f969af316286807a745fa39b9c2ee604c88b63c9 build type FASTDEBUG built by None at 17 May 2018 06:38:04 UTC on jenkins-slave-snjf build id 13499 TSAN enabled
I0517 06:44:12.974757 6654 tablet_server_main.cc:85] Initializing tablet server...
I0517 06:44:12.976563 6654 system_ntp.cc:143] NTP initialized. Skew: 500ppm Current error: 125319us
I0517 06:44:12.976989 6654 fs_manager.cc:260] Metadata directory not provided
I0517 06:44:12.977111 6654 fs_manager.cc:266] Using write-ahead log directory (fs_wal_dir) as metadata directory
I0517 06:44:12.977313 6654 server_base.cc:432] Could not load existing FS layout: Not found: /tmp/dist-test-task4QLboq/test-tmp/kudu-admin-test.0.AdminCliTest.TestUnsafeChangeConfigOnSingleLeader.1526539434354140-4480/raft_consensus-itest-cluster/ts-3/data/instance: No such file or directory (error 2)
I0517 06:44:12.977424 6654 server_base.cc:433] Attempting to create new FS layout instead
I0517 06:44:12.984853 6654 fs_manager.cc:595] Generated new instance metadata in path /tmp/dist-test-task4QLboq/test-tmp/kudu-admin-test.0.AdminCliTest.TestUnsafeChangeConfigOnSingleLeader.1526539434354140-4480/raft_consensus-itest-cluster/ts-3/data/instance: uuid: "e4842316d7f843469d36409ae004670c" format_stamp: "Formatted at 2018-05-17 06:44:12 on dist-test-slave-dist-test-slave-26mv"
I0517 06:44:12.985520 6654 fs_manager.cc:595] Generated new instance metadata in path /tmp/dist-test-task4QLboq/test-tmp/kudu-admin-test.0.AdminCliTest.TestUnsafeChangeConfigOnSingleLeader.1526539434354140-4480/raft_consensus-itest-cluster/ts-3/wal/instance: uuid: "e4842316d7f843469d36409ae004670c" format_stamp: "Formatted at 2018-05-17 06:44:12 on dist-test-slave-dist-test-slave-26mv"
I0517 06:44:12.994810 6654 fs_manager.cc:495] Time spent creating directory manager: real 0.009s user 0.008s sys 0.004s
I0517 06:44:12.995874 6654 env_posix.cc:1643] Not raising this process' open files per process limit of 65536; it is already as high as it can go
I0517 06:44:12.996266 6654 file_cache.cc:470] Constructed file cache lbm with capacity 26214
I0517 06:44:13.002571 6654 fs_manager.cc:417] Time spent opening block manager: real 0.001s user 0.000s sys 0.000s
I0517 06:44:13.002684 6654 fs_manager.cc:428] Opened local filesystem: /tmp/dist-test-task4QLboq/test-tmp/kudu-admin-test.0.AdminCliTest.TestUnsafeChangeConfigOnSingleLeader.1526539434354140-4480/raft_consensus-itest-cluster/ts-3/data,/tmp/dist-test-task4QLboq/test-tmp/kudu-admin-test.0.AdminCliTest.TestUnsafeChangeConfigOnSingleLeader.1526539434354140-4480/raft_consensus-itest-cluster/ts-3/wal uuid: "e4842316d7f843469d36409ae004670c" format_stamp: "Formatted at 2018-05-17 06:44:12 on dist-test-slave-dist-test-slave-26mv"
I0517 06:44:13.002888 6654 fs_report.cc:347] Block manager report -------------------- 1 data directories: /tmp/dist-test-task4QLboq/test-tmp/kudu-admin-test.0.AdminCliTest.TestUnsafeChangeConfigOnSingleLeader.1526539434354140-4480/raft_consensus-itest-cluster/ts-3/data/data Total live blocks: 0 Total live bytes: 0 Total live bytes (after alignment): 0 Total number of LBM containers: 0 (0 full) Did not check for missing blocks Did not check for orphaned blocks Total full LBM containers with extra space: 0 (0 repaired) Total full LBM container extra space in bytes: 0 (0 repaired) Total incomplete LBM containers: 0 (0 repaired) Total LBM partial records: 0 (0 repaired)
I0517 06:44:13.174319 6654 env_posix.cc:1643] Not raising this process' running threads per effective uid limit of 60284; it is already as high as it can go
I0517 06:44:13.176646 6654 ts_tablet_manager.cc:356] Loaded tablet metadata (0 live tablets)
I0517 06:44:13.177594 6654 tablet_server_main.cc:90] Starting tablet server...
I0517 06:44:13.270551 6654 rpc_server.cc:205] RPC server started. Bound to: 127.4.96.4:35474
I0517 06:44:13.271446 6654 webserver.cc:173] Starting webserver on 127.4.96.4:0
I0517 06:44:13.271553 6654 webserver.cc:184] Document root disabled
I0517 06:44:13.272786 6654 webserver.cc:311] Webserver started. Bound to: http://127.4.96.4:57169/
I0517 06:44:13.273488 6654 server_base.cc:607] Dumped server information to /tmp/dist-test-task4QLboq/test-tmp/kudu-admin-test.0.AdminCliTest.TestUnsafeChangeConfigOnSingleLeader.1526539434354140-4480/raft_consensus-itest-cluster/ts-3/data/info.pb
I0517 06:44:13.276005 6654 tablet_server_main.cc:93] Tablet server successfully started.
I0517 06:44:13.276955 4480 external_mini_cluster.cc:848] Started /tmp/dist-test-task4QLboq/build/tsan/bin/kudu-tserver as pid 6654
I0517 06:44:13.278208 4480 external_mini_cluster.cc:786] Running /tmp/dist-test-task4QLboq/build/tsan/bin/kudu-tserver /tmp/dist-test-task4QLboq/build/tsan/bin/kudu-tserver --fs_wal_dir=/tmp/dist-test-task4QLboq/test-tmp/kudu-admin-test.0.AdminCliTest.TestUnsafeChangeConfigOnSingleLeader.1526539434354140-4480/raft_consensus-itest-cluster/ts-4/wal --fs_data_dirs=/tmp/dist-test-task4QLboq/test-tmp/kudu-admin-test.0.AdminCliTest.TestUnsafeChangeConfigOnSingleLeader.1526539434354140-4480/raft_consensus-itest-cluster/ts-4/data --block_manager=log --rpc_bind_addresses=127.4.96.5:0 --local_ip_for_outbound_sockets=127.4.96.5 --webserver_interface=127.4.96.5 --webserver_port=0 --tserver_master_addrs=127.4.96.62:39669 --never_fsync --ipki_server_key_size=1024 --enable_minidumps=false --redact=none --metrics_log_interval_ms=1000 --logtostderr --logbuflevel=-1 --log_dir=/tmp/dist-test-task4QLboq/test-tmp/kudu-admin-test.0.AdminCliTest.TestUnsafeChangeConfigOnSingleLeader.1526539434354140-4480/raft_consensus-itest-cluster/ts-4/logs --server_dump_info_path=/tmp/dist-test-task4QLboq/test-tmp/kudu-admin-test.0.AdminCliTest.TestUnsafeChangeConfigOnSingleLeader.1526539434354140-4480/raft_consensus-itest-cluster/ts-4/data/info.pb --server_dump_info_format=pb --rpc_server_allow_ephemeral_ports --unlock_experimental_flags --unlock_unsafe_flags --log_cache_size_limit_mb=10 --consensus_rpc_timeout_ms=30000 with env {}
I0517 06:44:13.296645 6775 heartbeater.cc:346] Connected to a master server at 127.4.96.62:39669
I0517 06:44:13.296888 6775 heartbeater.cc:426] Registering TS with master...
I0517 06:44:13.297315 6775 heartbeater.cc:475] Master 127.4.96.62:39669 requested a full tablet report, sending...
I0517 06:44:13.298728 6236 ts_manager.cc:81] Registered new tserver with Master: e4842316d7f843469d36409ae004670c (127.4.96.4:35474)
I0517 06:44:13.299818 6236 master_service.cc:249] Signed X509 certificate for tserver {username='slave'} at 127.4.96.4:35432
I0517 06:44:13.373195 6527 heartbeater.cc:467] Master 127.4.96.62:39669 was elected leader, sending a full tablet report... WARNING: Logging before InitGoogleLogging() is written to STDERR
W0517 06:44:13.384343 6778 flags.cc:406] Enabled unsafe flag: --rpc_server_allow_ephemeral_ports=true
W0517 06:44:13.384654 6778 flags.cc:406] Enabled unsafe flag: --never_fsync=true
W0517 06:44:13.392498 6778 flags.cc:406] Enabled experimental flag: --ipki_server_key_size=1024
W0517 06:44:13.392804 6778 flags.cc:406] Enabled experimental flag: --local_ip_for_outbound_sockets=127.4.96.5
I0517 06:44:13.405079 6778 tablet_server_main.cc:78] Tablet server non-default flags: --log_cache_size_limit_mb=10 --fs_data_dirs=/tmp/dist-test-task4QLboq/test-tmp/kudu-admin-test.0.AdminCliTest.TestUnsafeChangeConfigOnSingleLeader.1526539434354140-4480/raft_consensus-itest-cluster/ts-4/data --fs_wal_dir=/tmp/dist-test-task4QLboq/test-tmp/kudu-admin-test.0.AdminCliTest.TestUnsafeChangeConfigOnSingleLeader.1526539434354140-4480/raft_consensus-itest-cluster/ts-4/wal --ipki_server_key_size=1024 --rpc_bind_addresses=127.4.96.5:0 --rpc_server_allow_ephemeral_ports=true --metrics_log_interval_ms=1000 --server_dump_info_format=pb --server_dump_info_path=/tmp/dist-test-task4QLboq/test-tmp/kudu-admin-test.0.AdminCliTest.TestUnsafeChangeConfigOnSingleLeader.1526539434354140-4480/raft_consensus-itest-cluster/ts-4/data/info.pb --webserver_interface=127.4.96.5 --webserver_port=0 --tserver_master_addrs=127.4.96.62:39669 --never_fsync=true --redact=none --unlock_experimental_flags=true --unlock_unsafe_flags=true --enable_minidumps=false --local_ip_for_outbound_sockets=127.4.96.5 --log_dir=/tmp/dist-test-task4QLboq/test-tmp/kudu-admin-test.0.AdminCliTest.TestUnsafeChangeConfigOnSingleLeader.1526539434354140-4480/raft_consensus-itest-cluster/ts-4/logs --logbuflevel=-1 --logtostderr=true Tablet server version: kudu 1.8.0-SNAPSHOT revision f969af316286807a745fa39b9c2ee604c88b63c9 build type FASTDEBUG built by None at 17 May 2018 06:38:04 UTC on jenkins-slave-snjf build id 13499 TSAN enabled
I0517 06:44:13.413009 6778 tablet_server_main.cc:85] Initializing tablet server...
I0517 06:44:13.414752 6778 system_ntp.cc:143] NTP initialized. Skew: 500ppm Current error: 125819us
I0517 06:44:13.415150 6778 fs_manager.cc:260] Metadata directory not provided
I0517 06:44:13.415256 6778 fs_manager.cc:266] Using write-ahead log directory (fs_wal_dir) as metadata directory
I0517 06:44:13.415432 6778 server_base.cc:432] Could not load existing FS layout: Not found: /tmp/dist-test-task4QLboq/test-tmp/kudu-admin-test.0.AdminCliTest.TestUnsafeChangeConfigOnSingleLeader.1526539434354140-4480/raft_consensus-itest-cluster/ts-4/data/instance: No such file or directory (error 2)
I0517 06:44:13.415534 6778 server_base.cc:433] Attempting to create new FS layout instead
I0517 06:44:13.423193 6778 fs_manager.cc:595] Generated new instance metadata in path /tmp/dist-test-task4QLboq/test-tmp/kudu-admin-test.0.AdminCliTest.TestUnsafeChangeConfigOnSingleLeader.1526539434354140-4480/raft_consensus-itest-cluster/ts-4/data/instance: uuid: "a668d75502e54c95abf2e1eceee63ab6" format_stamp: "Formatted at 2018-05-17 06:44:13 on dist-test-slave-dist-test-slave-26mv"
I0517 06:44:13.423841 6778 fs_manager.cc:595] Generated new instance metadata in path /tmp/dist-test-task4QLboq/test-tmp/kudu-admin-test.0.AdminCliTest.TestUnsafeChangeConfigOnSingleLeader.1526539434354140-4480/raft_consensus-itest-cluster/ts-4/wal/instance: uuid: "a668d75502e54c95abf2e1eceee63ab6" format_stamp: "Formatted at 2018-05-17 06:44:13 on dist-test-slave-dist-test-slave-26mv"
I0517 06:44:13.433058 6778 fs_manager.cc:495] Time spent creating directory manager: real 0.009s user 0.008s sys 0.004s
I0517 06:44:13.434177 6778 env_posix.cc:1643] Not raising this process' open files per process limit of 65536; it is already as high as it can go
I0517 06:44:13.434556 6778 file_cache.cc:470] Constructed file cache lbm with capacity 26214
I0517 06:44:13.440789 6778 fs_manager.cc:417] Time spent opening block manager: real 0.001s user 0.000s sys 0.000s
I0517 06:44:13.440896 6778 fs_manager.cc:428] Opened local filesystem: /tmp/dist-test-task4QLboq/test-tmp/kudu-admin-test.0.AdminCliTest.TestUnsafeChangeConfigOnSingleLeader.1526539434354140-4480/raft_consensus-itest-cluster/ts-4/data,/tmp/dist-test-task4QLboq/test-tmp/kudu-admin-test.0.AdminCliTest.TestUnsafeChangeConfigOnSingleLeader.1526539434354140-4480/raft_consensus-itest-cluster/ts-4/wal uuid: "a668d75502e54c95abf2e1eceee63ab6" format_stamp: "Formatted at 2018-05-17 06:44:13 on dist-test-slave-dist-test-slave-26mv"
I0517 06:44:13.441076 6778 fs_report.cc:347] Block manager report -------------------- 1 data directories: /tmp/dist-test-task4QLboq/test-tmp/kudu-admin-test.0.AdminCliTest.TestUnsafeChangeConfigOnSingleLeader.1526539434354140-4480/raft_consensus-itest-cluster/ts-4/data/data Total live blocks: 0 Total live bytes: 0 Total live bytes (after alignment): 0 Total number of LBM containers: 0 (0 full) Did not check for missing blocks Did not check for orphaned blocks Total full LBM containers with extra space: 0 (0 repaired) Total full LBM container extra space in bytes: 0 (0 repaired) Total incomplete LBM containers: 0 (0 repaired) Total LBM partial records: 0 (0 repaired)
I0517 06:44:13.592043 6778 env_posix.cc:1643] Not raising this process' running threads per effective uid limit of 60284; it is already as high as it can go
I0517 06:44:13.594341 6778 ts_tablet_manager.cc:356] Loaded tablet metadata (0 live tablets)
I0517 06:44:13.595306 6778 tablet_server_main.cc:90] Starting tablet server...
I0517 06:44:13.680112 6778 rpc_server.cc:205] RPC server started. Bound to: 127.4.96.5:57208
I0517 06:44:13.680977 6778 webserver.cc:173] Starting webserver on 127.4.96.5:0
I0517 06:44:13.681073 6778 webserver.cc:184] Document root disabled
I0517 06:44:13.682255 6778 webserver.cc:311] Webserver started. Bound to: http://127.4.96.5:43549/
I0517 06:44:13.682931 6778 server_base.cc:607] Dumped server information to /tmp/dist-test-task4QLboq/test-tmp/kudu-admin-test.0.AdminCliTest.TestUnsafeChangeConfigOnSingleLeader.1526539434354140-4480/raft_consensus-itest-cluster/ts-4/data/info.pb
I0517 06:44:13.688351 6778 tablet_server_main.cc:93] Tablet server successfully started.
I0517 06:44:13.692962 4480 external_mini_cluster.cc:848] Started /tmp/dist-test-task4QLboq/build/tsan/bin/kudu-tserver as pid 6778
I0517 06:44:13.703902 6899 heartbeater.cc:346] Connected to a master server at 127.4.96.62:39669
I0517 06:44:13.704118 6899 heartbeater.cc:426] Registering TS with master...
I0517 06:44:13.704526 6899 heartbeater.cc:475] Master 127.4.96.62:39669 requested a full tablet report, sending...
I0517 06:44:13.705826 6237 ts_manager.cc:81] Registered new tserver with Master: a668d75502e54c95abf2e1eceee63ab6 (127.4.96.5:57208)
I0517 06:44:13.707448 6237 master_service.cc:249] Signed X509 certificate for tserver {username='slave'} at 127.4.96.5:43172
I0517 06:44:13.707854 4480 external_mini_cluster.cc:482] 5 TS(s) registered with all masters
I0517 06:44:13.725845 6237 catalog_manager.cc:1315] Servicing CreateTable request from {username='slave'} at 127.0.0.1:35376: name: "TestTable" schema { columns { name: "key" type: INT32 is_key: true is_nullable: false encoding: AUTO_ENCODING compression: DEFAULT_COMPRESSION cfile_block_size: 0 } columns { name: "int_val" type: INT32 is_key: false is_nullable: false encoding: AUTO_ENCODING compression: DEFAULT_COMPRESSION cfile_block_size: 0 } columns { name: "string_val" type: STRING is_key: false is_nullable: true encoding: AUTO_ENCODING compression: DEFAULT_COMPRESSION cfile_block_size: 0 } } num_replicas: 3 split_rows_range_bounds { } partition_schema { range_schema { columns { name: "key" } } }
I0517 06:44:13.769748 6712 tablet_service.cc:759] Processing CreateTablet for tablet e87d26c881e34c10ad80ac7338847fd0 (table=TestTable [id=1703e92e40bd4cfdbac9a9d2ebfd525a]), partition=RANGE (key) PARTITION UNBOUNDED
I0517 06:44:13.770689 6712 data_dirs.cc:934] Could only allocate 1 dirs of requested 3 for tablet e87d26c881e34c10ad80ac7338847fd0. 1 dirs total, 0 dirs full, 0 dirs failed
I0517 06:44:13.773376 6588 tablet_service.cc:759] Processing CreateTablet for tablet e87d26c881e34c10ad80ac7338847fd0 (table=TestTable [id=1703e92e40bd4cfdbac9a9d2ebfd525a]), partition=RANGE (key) PARTITION UNBOUNDED
I0517 06:44:13.774042 6588 data_dirs.cc:934] Could only allocate 1 dirs of requested 3 for tablet e87d26c881e34c10ad80ac7338847fd0. 1 dirs total, 0 dirs full, 0 dirs failed
I0517 06:44:13.775403 6339 tablet_service.cc:759] Processing CreateTablet for tablet e87d26c881e34c10ad80ac7338847fd0 (table=TestTable [id=1703e92e40bd4cfdbac9a9d2ebfd525a]), partition=RANGE (key) PARTITION UNBOUNDED
I0517 06:44:13.776226 6339 data_dirs.cc:934] Could only allocate 1 dirs of requested 3 for tablet e87d26c881e34c10ad80ac7338847fd0. 1 dirs total, 0 dirs full, 0 dirs failed
I0517 06:44:13.782629 6712 ts_tablet_manager.cc:1173] T e87d26c881e34c10ad80ac7338847fd0 P e4842316d7f843469d36409ae004670c: Registered tablet (data state: TABLET_DATA_READY)
I0517 06:44:13.786684 6919 ts_tablet_manager.cc:1028] T e87d26c881e34c10ad80ac7338847fd0 P e4842316d7f843469d36409ae004670c: Bootstrapping tablet
I0517 06:44:13.787165 6919 tablet_bootstrap.cc:436] T e87d26c881e34c10ad80ac7338847fd0 P e4842316d7f843469d36409ae004670c: Bootstrap starting.
I0517 06:44:13.789786 6588 ts_tablet_manager.cc:1173] T e87d26c881e34c10ad80ac7338847fd0 P c95723aafe594cc999bfe59b9aee2b1e: Registered tablet (data state: TABLET_DATA_READY)
I0517 06:44:13.790153 6919 tablet_bootstrap.cc:587] T e87d26c881e34c10ad80ac7338847fd0 P e4842316d7f843469d36409ae004670c: No blocks or log segments found. Creating new log.
I0517 06:44:13.791568 6919 log.cc:520] T e87d26c881e34c10ad80ac7338847fd0 P e4842316d7f843469d36409ae004670c: Log is configured to *not* fsync() on all Append() calls
I0517 06:44:13.791573 6920 ts_tablet_manager.cc:1028] T e87d26c881e34c10ad80ac7338847fd0 P c95723aafe594cc999bfe59b9aee2b1e: Bootstrapping tablet
I0517 06:44:13.791961 6339 ts_tablet_manager.cc:1173] T e87d26c881e34c10ad80ac7338847fd0 P f9766287bc0d4d29927a018255e773e1: Registered tablet (data state: TABLET_DATA_READY)
I0517 06:44:13.792038 6920 tablet_bootstrap.cc:436] T e87d26c881e34c10ad80ac7338847fd0 P c95723aafe594cc999bfe59b9aee2b1e: Bootstrap starting.
I0517 06:44:13.796613 6920 tablet_bootstrap.cc:587] T e87d26c881e34c10ad80ac7338847fd0 P c95723aafe594cc999bfe59b9aee2b1e: No blocks or log segments found. Creating new log.
I0517 06:44:13.798086 6920 log.cc:520] T e87d26c881e34c10ad80ac7338847fd0 P c95723aafe594cc999bfe59b9aee2b1e: Log is configured to *not* fsync() on all Append() calls
I0517 06:44:13.799664 6919 tablet_bootstrap.cc:436] T e87d26c881e34c10ad80ac7338847fd0 P e4842316d7f843469d36409ae004670c: No bootstrap required, opened a new log
I0517 06:44:13.799640 6922 ts_tablet_manager.cc:1028] T e87d26c881e34c10ad80ac7338847fd0 P f9766287bc0d4d29927a018255e773e1: Bootstrapping tablet
I0517 06:44:13.800034 6919 ts_tablet_manager.cc:1045] T e87d26c881e34c10ad80ac7338847fd0 P e4842316d7f843469d36409ae004670c: Time spent bootstrapping tablet: real 0.013s user 0.000s sys 0.012s
I0517 06:44:13.800071 6922 tablet_bootstrap.cc:436] T e87d26c881e34c10ad80ac7338847fd0 P f9766287bc0d4d29927a018255e773e1: Bootstrap starting.
I0517 06:44:13.802623 6922 tablet_bootstrap.cc:587] T e87d26c881e34c10ad80ac7338847fd0 P f9766287bc0d4d29927a018255e773e1: No blocks or log segments found. Creating new log.
I0517 06:44:13.803064 6920 tablet_bootstrap.cc:436] T e87d26c881e34c10ad80ac7338847fd0 P c95723aafe594cc999bfe59b9aee2b1e: No bootstrap required, opened a new log
I0517 06:44:13.803433 6920 ts_tablet_manager.cc:1045] T e87d26c881e34c10ad80ac7338847fd0 P c95723aafe594cc999bfe59b9aee2b1e: Time spent bootstrapping tablet: real 0.012s user 0.008s sys 0.000s
I0517 06:44:13.803894 6922 log.cc:520] T e87d26c881e34c10ad80ac7338847fd0 P f9766287bc0d4d29927a018255e773e1: Log is configured to *not* fsync() on all Append() calls
I0517 06:44:13.815384 6919 raft_consensus.cc:303] T e87d26c881e34c10ad80ac7338847fd0 P e4842316d7f843469d36409ae004670c [term 0 FOLLOWER]: Replica starting. Triggering 0 pending transactions. Active config: opid_index: -1 OBSOLETE_local: false peers { permanent_uuid: "c95723aafe594cc999bfe59b9aee2b1e" member_type: VOTER last_known_addr { host: "127.4.96.3" port: 34469 } } peers { permanent_uuid: "e4842316d7f843469d36409ae004670c" member_type: VOTER last_known_addr { host: "127.4.96.4" port: 35474 } } peers { permanent_uuid: "f9766287bc0d4d29927a018255e773e1" member_type: VOTER last_known_addr { host: "127.4.96.1" port: 33942 } }
I0517 06:44:13.816119 6919 raft_consensus.cc:329] T e87d26c881e34c10ad80ac7338847fd0 P e4842316d7f843469d36409ae004670c [term 0 FOLLOWER]: Consensus starting up: Expiring failure detector timer to make a prompt election more likely
I0517 06:44:13.816318 6919 raft_consensus.cc:604] T e87d26c881e34c10ad80ac7338847fd0 P e4842316d7f843469d36409ae004670c [term 0 FOLLOWER]: Becoming Follower/Learner. State: Replica: e4842316d7f843469d36409ae004670c, State: Initialized, Role: FOLLOWER
I0517 06:44:13.816668 6922 tablet_bootstrap.cc:436] T e87d26c881e34c10ad80ac7338847fd0 P f9766287bc0d4d29927a018255e773e1: No bootstrap required, opened a new log
I0517 06:44:13.816936 6922 ts_tablet_manager.cc:1045] T e87d26c881e34c10ad80ac7338847fd0 P f9766287bc0d4d29927a018255e773e1: Time spent bootstrapping tablet: real 0.017s user 0.008s sys 0.008s
I0517 06:44:13.816923 6919 consensus_queue.cc:227] T e87d26c881e34c10ad80ac7338847fd0 P e4842316d7f843469d36409ae004670c [NON_LEADER]: Queue going to NON_LEADER mode. State: All replicated index: 0, Majority replicated index: 0, Committed index: 0, Last appended: 0.0, Last appended by leader: 0, Current term: 0, Majority size: -1, State: 0, Mode: NON_LEADER, active raft config: opid_index: -1 OBSOLETE_local: false peers { permanent_uuid: "c95723aafe594cc999bfe59b9aee2b1e" member_type: VOTER last_known_addr { host: "127.4.96.3" port: 34469 } } peers { permanent_uuid: "e4842316d7f843469d36409ae004670c" member_type: VOTER last_known_addr { host: "127.4.96.4" port: 35474 } } peers { permanent_uuid: "f9766287bc0d4d29927a018255e773e1" member_type: VOTER last_known_addr { host: "127.4.96.1" port: 33942 } }
I0517 06:44:13.818958 6775 heartbeater.cc:467] Master 127.4.96.62:39669 was elected leader, sending a full tablet report...
I0517 06:44:13.820542 6919 ts_tablet_manager.cc:1073] T e87d26c881e34c10ad80ac7338847fd0 P e4842316d7f843469d36409ae004670c: Time spent starting tablet: real 0.020s user 0.016s sys 0.000s
I0517 06:44:13.824859 6920 raft_consensus.cc:303] T e87d26c881e34c10ad80ac7338847fd0 P c95723aafe594cc999bfe59b9aee2b1e [term 0 FOLLOWER]: Replica starting. Triggering 0 pending transactions. Active config: opid_index: -1 OBSOLETE_local: false peers { permanent_uuid: "c95723aafe594cc999bfe59b9aee2b1e" member_type: VOTER last_known_addr { host: "127.4.96.3" port: 34469 } } peers { permanent_uuid: "e4842316d7f843469d36409ae004670c" member_type: VOTER last_known_addr { host: "127.4.96.4" port: 35474 } } peers { permanent_uuid: "f9766287bc0d4d29927a018255e773e1" member_type: VOTER last_known_addr { host: "127.4.96.1" port: 33942 } }
I0517 06:44:13.825389 6920 raft_consensus.cc:329] T e87d26c881e34c10ad80ac7338847fd0 P c95723aafe594cc999bfe59b9aee2b1e [term 0 FOLLOWER]: Consensus starting up: Expiring failure detector timer to make a prompt election more likely
I0517 06:44:13.825531 6920 raft_consensus.cc:604] T e87d26c881e34c10ad80ac7338847fd0 P c95723aafe594cc999bfe59b9aee2b1e [term 0 FOLLOWER]: Becoming Follower/Learner. State: Replica: c95723aafe594cc999bfe59b9aee2b1e, State: Initialized, Role: FOLLOWER
I0517 06:44:13.825985 6920 consensus_queue.cc:227] T e87d26c881e34c10ad80ac7338847fd0 P c95723aafe594cc999bfe59b9aee2b1e [NON_LEADER]: Queue going to NON_LEADER mode. State: All replicated index: 0, Majority replicated index: 0, Committed index: 0, Last appended: 0.0, Last appended by leader: 0, Current term: 0, Majority size: -1, State: 0, Mode: NON_LEADER, active raft config: opid_index: -1 OBSOLETE_local: false peers { permanent_uuid: "c95723aafe594cc999bfe59b9aee2b1e" member_type: VOTER last_known_addr { host: "127.4.96.3" port: 34469 } } peers { permanent_uuid: "e4842316d7f843469d36409ae004670c" member_type: VOTER last_known_addr { host: "127.4.96.4" port: 35474 } } peers { permanent_uuid: "f9766287bc0d4d29927a018255e773e1" member_type: VOTER last_known_addr { host: "127.4.96.1" port: 33942 } }
I0517 06:44:13.827702 6651 heartbeater.cc:467] Master 127.4.96.62:39669 was elected leader, sending a full tablet report...
I0517 06:44:13.828492 6922 raft_consensus.cc:303] T e87d26c881e34c10ad80ac7338847fd0 P f9766287bc0d4d29927a018255e773e1 [term 0 FOLLOWER]: Replica starting. Triggering 0 pending transactions. Active config: opid_index: -1 OBSOLETE_local: false peers { permanent_uuid: "c95723aafe594cc999bfe59b9aee2b1e" member_type: VOTER last_known_addr { host: "127.4.96.3" port: 34469 } } peers { permanent_uuid: "e4842316d7f843469d36409ae004670c" member_type: VOTER last_known_addr { host: "127.4.96.4" port: 35474 } } peers { permanent_uuid: "f9766287bc0d4d29927a018255e773e1" member_type: VOTER last_known_addr { host: "127.4.96.1" port: 33942 } }
I0517 06:44:13.829016 6922 raft_consensus.cc:329] T e87d26c881e34c10ad80ac7338847fd0 P f9766287bc0d4d29927a018255e773e1 [term 0 FOLLOWER]: Consensus starting up: Expiring failure detector timer to make a prompt election more likely
I0517 06:44:13.829156 6922 raft_consensus.cc:604] T e87d26c881e34c10ad80ac7338847fd0 P f9766287bc0d4d29927a018255e773e1 [term 0 FOLLOWER]: Becoming Follower/Learner. State: Replica: f9766287bc0d4d29927a018255e773e1, State: Initialized, Role: FOLLOWER
I0517 06:44:13.829582 6922 consensus_queue.cc:227] T e87d26c881e34c10ad80ac7338847fd0 P f9766287bc0d4d29927a018255e773e1 [NON_LEADER]: Queue going to NON_LEADER mode. State: All replicated index: 0, Majority replicated index: 0, Committed index: 0, Last appended: 0.0, Last appended by leader: 0, Current term: 0, Majority size: -1, State: 0, Mode: NON_LEADER, active raft config: opid_index: -1 OBSOLETE_local: false peers { permanent_uuid: "c95723aafe594cc999bfe59b9aee2b1e" member_type: VOTER last_known_addr { host: "127.4.96.3" port: 34469 } } peers { permanent_uuid: "e4842316d7f843469d36409ae004670c" member_type: VOTER last_known_addr { host: "127.4.96.4" port: 35474 } } peers { permanent_uuid: "f9766287bc0d4d29927a018255e773e1" member_type: VOTER last_known_addr { host: "127.4.96.1" port: 33942 } }
W0517 06:44:13.836251 6652 tablet.cc:1678] T e87d26c881e34c10ad80ac7338847fd0 P c95723aafe594cc999bfe59b9aee2b1e: Can't schedule compaction. Clean time has not been advanced past its initial value.
I0517 06:44:13.844374 6922 ts_tablet_manager.cc:1073] T e87d26c881e34c10ad80ac7338847fd0 P f9766287bc0d4d29927a018255e773e1: Time spent starting tablet: real 0.027s user 0.016s sys 0.008s
I0517 06:44:13.828075 6920 ts_tablet_manager.cc:1073] T e87d26c881e34c10ad80ac7338847fd0 P c95723aafe594cc999bfe59b9aee2b1e: Time spent starting tablet: real 0.024s user 0.016s sys 0.000s
I0517 06:44:13.890041 6927 raft_consensus.cc:435] T e87d26c881e34c10ad80ac7338847fd0 P f9766287bc0d4d29927a018255e773e1 [term 0 FOLLOWER]: Starting pre-election (no leader contacted us within the election timeout)
I0517 06:44:13.890244 6927 raft_consensus.cc:2704] T e87d26c881e34c10ad80ac7338847fd0 P f9766287bc0d4d29927a018255e773e1: Snoozing failure detection for 1.607s (starting election)
I0517 06:44:13.890446 6927 raft_consensus.cc:457] T e87d26c881e34c10ad80ac7338847fd0 P f9766287bc0d4d29927a018255e773e1 [term 0 FOLLOWER]: Starting pre-election with config: opid_index: -1 OBSOLETE_local: false peers { permanent_uuid: "c95723aafe594cc999bfe59b9aee2b1e" member_type: VOTER last_known_addr { host: "127.4.96.3" port: 34469 } } peers { permanent_uuid: "e4842316d7f843469d36409ae004670c" member_type: VOTER last_known_addr { host: "127.4.96.4" port: 35474 } } peers { permanent_uuid: "f9766287bc0d4d29927a018255e773e1" member_type: VOTER last_known_addr { host: "127.4.96.1" port: 33942 } }
I0517 06:44:13.891321 6927 leader_election.cc:243] T e87d26c881e34c10ad80ac7338847fd0 P f9766287bc0d4d29927a018255e773e1 [CANDIDATE]: Term 1 pre-election: Requesting pre-vote from peer c95723aafe594cc999bfe59b9aee2b1e (127.4.96.3:34469)
I0517 06:44:13.891721 6927 leader_election.cc:243] T e87d26c881e34c10ad80ac7338847fd0 P f9766287bc0d4d29927a018255e773e1 [CANDIDATE]: Term 1 pre-election: Requesting pre-vote from peer e4842316d7f843469d36409ae004670c (127.4.96.4:35474)
I0517 06:44:13.909162 6732 tablet_service.cc:995] Received RequestConsensusVote() RPC: tablet_id: "e87d26c881e34c10ad80ac7338847fd0" candidate_uuid: "f9766287bc0d4d29927a018255e773e1" candidate_term: 1 candidate_status { last_received { term: 0 index: 0 } } ignore_live_leader: false dest_uuid: "e4842316d7f843469d36409ae004670c" is_pre_election: true
I0517 06:44:13.909585 6732 raft_consensus.cc:2704] T e87d26c881e34c10ad80ac7338847fd0 P e4842316d7f843469d36409ae004670c: Snoozing failure detection for 1.848s (vote granted)
I0517 06:44:13.909788 6732 raft_consensus.cc:2219] T e87d26c881e34c10ad80ac7338847fd0 P e4842316d7f843469d36409ae004670c [term 0 FOLLOWER]: Leader pre-election vote request: Granting yes vote for candidate f9766287bc0d4d29927a018255e773e1 in term 0.
I0517 06:44:13.910717 6291 leader_election.cc:379] T e87d26c881e34c10ad80ac7338847fd0 P f9766287bc0d4d29927a018255e773e1 [CANDIDATE]: Term 1 pre-election: Vote granted by peer e4842316d7f843469d36409ae004670c (127.4.96.4:35474)
I0517 06:44:13.910902 6291 leader_election.cc:270] T e87d26c881e34c10ad80ac7338847fd0 P f9766287bc0d4d29927a018255e773e1 [CANDIDATE]: Term 1 pre-election: Election decided. Result: candidate won.
I0517 06:44:13.911280 6927 raft_consensus.cc:2704] T e87d26c881e34c10ad80ac7338847fd0 P f9766287bc0d4d29927a018255e773e1: Snoozing failure detection for 1.793s (election complete)
I0517 06:44:13.911242 6608 tablet_service.cc:995] Received RequestConsensusVote() RPC: tablet_id: "e87d26c881e34c10ad80ac7338847fd0" candidate_uuid: "f9766287bc0d4d29927a018255e773e1" candidate_term: 1 candidate_status { last_received { term: 0 index: 0 } } ignore_live_leader: false dest_uuid: "c95723aafe594cc999bfe59b9aee2b1e" is_pre_election: true
I0517 06:44:13.911506 6927 raft_consensus.cc:2511] T e87d26c881e34c10ad80ac7338847fd0 P f9766287bc0d4d29927a018255e773e1 [term 0 FOLLOWER]: Leader pre-election won for term 1
I0517 06:44:13.911689 6927 raft_consensus.cc:435] T e87d26c881e34c10ad80ac7338847fd0 P f9766287bc0d4d29927a018255e773e1 [term 0 FOLLOWER]: Starting leader election (no leader contacted us within the election timeout)
I0517 06:44:13.911793 6608 raft_consensus.cc:2704] T e87d26c881e34c10ad80ac7338847fd0 P c95723aafe594cc999bfe59b9aee2b1e: Snoozing failure detection for 1.520s (vote granted)
I0517 06:44:13.911880 6927 raft_consensus.cc:2704] T e87d26c881e34c10ad80ac7338847fd0 P f9766287bc0d4d29927a018255e773e1: Snoozing failure detection for 1.730s (starting election)
I0517 06:44:13.912065 6927 raft_consensus.cc:2756] T e87d26c881e34c10ad80ac7338847fd0 P f9766287bc0d4d29927a018255e773e1 [term 0 FOLLOWER]: Advancing to term 1
I0517 06:44:13.912041 6608 raft_consensus.cc:2219] T e87d26c881e34c10ad80ac7338847fd0 P c95723aafe594cc999bfe59b9aee2b1e [term 0 FOLLOWER]: Leader pre-election vote request: Granting yes vote for candidate f9766287bc0d4d29927a018255e773e1 in term 0.
I0517 06:44:13.915478 6927 raft_consensus.cc:457] T e87d26c881e34c10ad80ac7338847fd0 P f9766287bc0d4d29927a018255e773e1 [term 1 FOLLOWER]: Starting leader election with config: opid_index: -1 OBSOLETE_local: false peers { permanent_uuid: "c95723aafe594cc999bfe59b9aee2b1e" member_type: VOTER last_known_addr { host: "127.4.96.3" port: 34469 } } peers { permanent_uuid: "e4842316d7f843469d36409ae004670c" member_type: VOTER last_known_addr { host: "127.4.96.4" port: 35474 } } peers { permanent_uuid: "f9766287bc0d4d29927a018255e773e1" member_type: VOTER last_known_addr { host: "127.4.96.1" port: 33942 } }
I0517 06:44:13.916103 6927 leader_election.cc:243] T e87d26c881e34c10ad80ac7338847fd0 P f9766287bc0d4d29927a018255e773e1 [CANDIDATE]: Term 1 election: Requesting vote from peer c95723aafe594cc999bfe59b9aee2b1e (127.4.96.3:34469)
I0517 06:44:13.916373 6927 leader_election.cc:243] T e87d26c881e34c10ad80ac7338847fd0 P f9766287bc0d4d29927a018255e773e1 [CANDIDATE]: Term 1 election: Requesting vote from peer e4842316d7f843469d36409ae004670c (127.4.96.4:35474)
I0517 06:44:13.917356 6732 tablet_service.cc:995] Received RequestConsensusVote() RPC: tablet_id: "e87d26c881e34c10ad80ac7338847fd0" candidate_uuid: "f9766287bc0d4d29927a018255e773e1" candidate_term: 1 candidate_status { last_received { term: 0 index: 0 } } ignore_live_leader: false dest_uuid: "e4842316d7f843469d36409ae004670c"
I0517 06:44:13.917747 6732 raft_consensus.cc:2756] T e87d26c881e34c10ad80ac7338847fd0 P e4842316d7f843469d36409ae004670c [term 0 FOLLOWER]: Advancing to term 1
I0517 06:44:13.918000 6732 raft_consensus.cc:2704] T e87d26c881e34c10ad80ac7338847fd0 P e4842316d7f843469d36409ae004670c: Snoozing failure detection for 2.098s (vote granted)
I0517 06:44:13.921988 6732 raft_consensus.cc:2219] T e87d26c881e34c10ad80ac7338847fd0 P e4842316d7f843469d36409ae004670c [term 1 FOLLOWER]: Leader election vote request: Granting yes vote for candidate f9766287bc0d4d29927a018255e773e1 in term 1.
I0517 06:44:13.922740 6291 leader_election.cc:379] T e87d26c881e34c10ad80ac7338847fd0 P f9766287bc0d4d29927a018255e773e1 [CANDIDATE]: Term 1 election: Vote granted by peer e4842316d7f843469d36409ae004670c (127.4.96.4:35474)
I0517 06:44:13.922976 6291 leader_election.cc:270] T e87d26c881e34c10ad80ac7338847fd0 P f9766287bc0d4d29927a018255e773e1 [CANDIDATE]: Term 1 election: Election decided. Result: candidate won.
I0517 06:44:13.923380 6927 raft_consensus.cc:2704] T e87d26c881e34c10ad80ac7338847fd0 P f9766287bc0d4d29927a018255e773e1: Snoozing failure detection for 1.572s (election complete)
I0517 06:44:13.923563 6927 raft_consensus.cc:2511] T e87d26c881e34c10ad80ac7338847fd0 P f9766287bc0d4d29927a018255e773e1 [term 1 FOLLOWER]: Leader election won for term 1
I0517 06:44:13.912989 6290 leader_election.cc:379] T e87d26c881e34c10ad80ac7338847fd0 P f9766287bc0d4d29927a018255e773e1 [CANDIDATE]: Term 1 pre-election: Vote granted by peer c95723aafe594cc999bfe59b9aee2b1e (127.4.96.3:34469)
W0517 06:44:13.969969 6290 outbound_call.cc:287] RPC callback for RPC call kudu.consensus.ConsensusService.RequestConsensusVote -> {remote=127.4.96.3:34469, user_credentials={real_user=slave}} blocked reactor thread for 57064.6us
I0517 06:44:13.970204 6927 raft_consensus.cc:571] T e87d26c881e34c10ad80ac7338847fd0 P f9766287bc0d4d29927a018255e773e1 [term 1 LEADER]: Becoming Leader. State: Replica: f9766287bc0d4d29927a018255e773e1, State: Running, Role: LEADER
I0517 06:44:13.970680 6927 consensus_queue.cc:204] T e87d26c881e34c10ad80ac7338847fd0 P f9766287bc0d4d29927a018255e773e1 [LEADER]: Queue going to LEADER mode. State: All replicated index: 0, Majority replicated index: 0, Committed index: 0, Last appended: 0.0, Last appended by leader: 0, Current term: 1, Majority size: 2, State: 0, Mode: LEADER, active raft config: opid_index: -1 OBSOLETE_local: false peers { permanent_uuid: "c95723aafe594cc999bfe59b9aee2b1e" member_type: VOTER last_known_addr { host: "127.4.96.3" port: 34469 } } peers { permanent_uuid: "e4842316d7f843469d36409ae004670c" member_type: VOTER last_known_addr { host: "127.4.96.4" port: 35474 } } peers { permanent_uuid: "f9766287bc0d4d29927a018255e773e1" member_type: VOTER last_known_addr { host: "127.4.96.1" port: 33942 } }
I0517 06:44:13.971216 6608 tablet_service.cc:995] Received RequestConsensusVote() RPC: tablet_id: "e87d26c881e34c10ad80ac7338847fd0" candidate_uuid: "f9766287bc0d4d29927a018255e773e1" candidate_term: 1 candidate_status { last_received { term: 0 index: 0 } } ignore_live_leader: false dest_uuid: "c95723aafe594cc999bfe59b9aee2b1e"
I0517 06:44:13.971532 6608 raft_consensus.cc:2756] T e87d26c881e34c10ad80ac7338847fd0 P c95723aafe594cc999bfe59b9aee2b1e [term 0 FOLLOWER]: Advancing to term 1
I0517 06:44:13.971707 6608 raft_consensus.cc:2704] T e87d26c881e34c10ad80ac7338847fd0 P c95723aafe594cc999bfe59b9aee2b1e: Snoozing failure detection for 2.008s (vote granted)
I0517 06:44:13.975328 6608 raft_consensus.cc:2219] T e87d26c881e34c10ad80ac7338847fd0 P c95723aafe594cc999bfe59b9aee2b1e [term 1 FOLLOWER]: Leader election vote request: Granting yes vote for candidate f9766287bc0d4d29927a018255e773e1 in term 1.
I0517 06:44:13.976229 6290 leader_election.cc:379] T e87d26c881e34c10ad80ac7338847fd0 P f9766287bc0d4d29927a018255e773e1 [CANDIDATE]: Term 1 election: Vote granted by peer c95723aafe594cc999bfe59b9aee2b1e (127.4.96.3:34469)
I0517 06:44:13.976860 6236 catalog_manager.cc:3686] T e87d26c881e34c10ad80ac7338847fd0 P f9766287bc0d4d29927a018255e773e1 reported cstate change: term changed from 0 to 1, leader changed from to f9766287bc0d4d29927a018255e773e1 (127.4.96.1). New cstate: current_term: 1 leader_uuid: "f9766287bc0d4d29927a018255e773e1" committed_config { opid_index: -1 OBSOLETE_local: false peers { permanent_uuid: "c95723aafe594cc999bfe59b9aee2b1e" member_type: VOTER last_known_addr { host: "127.4.96.3" port: 34469 } health_report { overall_health: UNKNOWN } } peers { permanent_uuid: "e4842316d7f843469d36409ae004670c" member_type: VOTER last_known_addr { host: "127.4.96.4" port: 35474 } health_report { overall_health: UNKNOWN } } peers { permanent_uuid: "f9766287bc0d4d29927a018255e773e1" member_type: VOTER last_known_addr { host: "127.4.96.1" port: 33942 } health_report { overall_health: HEALTHY } } }
I0517 06:44:14.025573 4480 external_mini_cluster.cc:482] 5 TS(s) registered with all masters
I0517 06:44:14.027557 4480 ts_itest-base.cc:233] Waiting for 1 tablets on tserver f9766287bc0d4d29927a018255e773e1 to finish bootstrapping
I0517 06:44:14.037509 4480 ts_itest-base.cc:233] Waiting for 0 tablets on tserver b381de9177314b1294f8324c1ea8ef96 to finish bootstrapping
I0517 06:44:14.048386 4480 ts_itest-base.cc:233] Waiting for 1 tablets on tserver c95723aafe594cc999bfe59b9aee2b1e to finish bootstrapping
I0517 06:44:14.057471 4480 ts_itest-base.cc:233] Waiting for 1 tablets on tserver e4842316d7f843469d36409ae004670c to finish bootstrapping
I0517 06:44:14.066628 4480 ts_itest-base.cc:233] Waiting for 0 tablets on tserver a668d75502e54c95abf2e1eceee63ab6 to finish bootstrapping
W0517 06:44:14.074939 6403 tablet.cc:1678] T e87d26c881e34c10ad80ac7338847fd0 P f9766287bc0d4d29927a018255e773e1: Can't schedule compaction. Clean time has not been advanced past its initial value.
I0517 06:44:14.077944 4480 kudu-admin-test.cc:477] Waiting for Master to see the current replicas...
I0517 06:44:14.080255 4480 kudu-admin-test.cc:484] Tablet locations: tablet_id: "e87d26c881e34c10ad80ac7338847fd0" replicas { ts_info { permanent_uuid: "c95723aafe594cc999bfe59b9aee2b1e" rpc_addresses { host: "127.4.96.3" port: 34469 } } role: FOLLOWER } replicas { ts_info { permanent_uuid: "e4842316d7f843469d36409ae004670c" rpc_addresses { host: "127.4.96.4" port: 35474 } } role: FOLLOWER } replicas { ts_info { permanent_uuid: "f9766287bc0d4d29927a018255e773e1" rpc_addresses { host: "127.4.96.1" port: 33942 } } role: LEADER } DEPRECATED_stale: false partition { partition_key_start: "" partition_key_end: "" }
W0517 06:44:14.028139 6776 tablet.cc:1678] T e87d26c881e34c10ad80ac7338847fd0 P e4842316d7f843469d36409ae004670c: Can't schedule compaction. Clean time has not been advanced past its initial value.
I0517 06:44:14.481315 6608 raft_consensus.cc:1057] T e87d26c881e34c10ad80ac7338847fd0 P c95723aafe594cc999bfe59b9aee2b1e [term 1 FOLLOWER]: Refusing update from remote peer f9766287bc0d4d29927a018255e773e1: Log matching property violated. Preceding OpId in replica: term: 0 index: 0. Preceding OpId from leader: term: 1 index: 1. (index mismatch)
I0517 06:44:14.482445 6936 consensus_queue.cc:963] T e87d26c881e34c10ad80ac7338847fd0 P f9766287bc0d4d29927a018255e773e1 [LEADER]: Connected to new peer: Peer: permanent_uuid: "c95723aafe594cc999bfe59b9aee2b1e" member_type: VOTER last_known_addr { host: "127.4.96.3" port: 34469 }, Status: LMP_MISMATCH, Last received: 0.0, Next index: 1, Last known committed idx: 0, Time since last communication: 0.000s
I0517 06:44:14.493008 6732 raft_consensus.cc:1057] T e87d26c881e34c10ad80ac7338847fd0 P e4842316d7f843469d36409ae004670c [term 1 FOLLOWER]: Refusing update from remote peer f9766287bc0d4d29927a018255e773e1: Log matching property violated. Preceding OpId in replica: term: 0 index: 0. Preceding OpId from leader: term: 1 index: 1. (index mismatch)
I0517 06:44:14.494601 6940 consensus_queue.cc:963] T e87d26c881e34c10ad80ac7338847fd0 P f9766287bc0d4d29927a018255e773e1 [LEADER]: Connected to new peer: Peer: permanent_uuid: "e4842316d7f843469d36409ae004670c" member_type: VOTER last_known_addr { host: "127.4.96.4" port: 35474 }, Status: LMP_MISMATCH, Last received: 0.0, Next index: 1, Last known committed idx: 0, Time since last communication: 0.000s
I0517 06:44:14.499930 4480 external_mini_cluster.cc:978] Killing /tmp/dist-test-task4QLboq/build/tsan/bin/kudu-tserver with pid 6654
W0517 06:44:14.516983 6219 connection.cc:512] client connection to 127.4.96.4:35474 recv error: Network error: failed to read from TLS socket (remote: 127.4.96.4:35474): Connection reset by peer (error 104)
