[==========] Running 79 tests from 8 test cases. [----------] Global test environment set-up. [----------] 60 tests from TabletServerTest [ RUN ] TabletServerTest.TestPingServer WARNING: Logging before InitGoogleLogging() is written to STDERR
I0517 05:08:39.333891 211 system_ntp.cc:143] NTP initialized. Skew: 500ppm Current error: 1039861us
I0517 05:08:39.334497 211 fs_manager.cc:260] Metadata directory not provided
I0517 05:08:39.334647 211 fs_manager.cc:266] Using write-ahead log directory (fs_wal_dir) as metadata directory
I0517 05:08:39.334879 211 server_base.cc:432] Could not load existing FS layout: Not found: /tmp/dist-test-taskWs1ZT3/test-tmp/tablet_server-test.0.TabletServerTest.TestPingServer.1526533719119959-211/TabletServerTest-fsroot/instance: No such file or directory (error 2)
I0517 05:08:39.335011 211 server_base.cc:433] Attempting to create new FS layout instead
I0517 05:08:39.345643 211 fs_manager.cc:595] Generated new instance metadata in path /tmp/dist-test-taskWs1ZT3/test-tmp/tablet_server-test.0.TabletServerTest.TestPingServer.1526533719119959-211/TabletServerTest-fsroot/instance: uuid: "2d84d731dc324bbbb47f167a625e55c9" format_stamp: "Formatted at 2018-05-17 05:08:39 on dist-test-slave-dist-test-slave-djmg"
I0517 05:08:39.356928 211 fs_manager.cc:495] Time spent creating directory manager: real 0.011s user 0.012s sys 0.000s
I0517 05:08:39.358119 211 env_posix.cc:1661] Not raising this process' open files per process limit of 65536; it is already as high as it can go
I0517 05:08:39.358651 211 file_cache.cc:470] Constructed file cache lbm with capacity 26214
I0517 05:08:39.367382 211 fs_manager.cc:417] Time spent opening block manager: real 0.003s user 0.000s sys 0.000s
I0517 05:08:39.367524 211 fs_manager.cc:428] Opened local filesystem: /tmp/dist-test-taskWs1ZT3/test-tmp/tablet_server-test.0.TabletServerTest.TestPingServer.1526533719119959-211/TabletServerTest-fsroot uuid: "2d84d731dc324bbbb47f167a625e55c9" format_stamp: "Formatted at 2018-05-17 05:08:39 on dist-test-slave-dist-test-slave-djmg"
I0517 05:08:39.367768 211 fs_report.cc:347] Block manager report -------------------- 1 data directories: /tmp/dist-test-taskWs1ZT3/test-tmp/tablet_server-test.0.TabletServerTest.TestPingServer.1526533719119959-211/TabletServerTest-fsroot/data Total live blocks: 0 Total live bytes: 0 Total live bytes (after alignment): 0 Total number of LBM containers: 0 (0 full) Did not check for missing blocks Did not check for orphaned blocks Total full LBM containers with extra space: 0 (0 repaired) Total full LBM container extra space in bytes: 0 (0 repaired) Total incomplete LBM containers: 0 (0 repaired) Total LBM partial records: 0 (0 repaired)
I0517 05:08:39.423830 211 env_posix.cc:1661] Not raising this process' running threads per effective uid limit of 60284; it is already as high as it can go
I0517 05:08:39.427019 211 ts_tablet_manager.cc:356] Loaded tablet metadata (0 live tablets)
I0517 05:08:39.497236 211 rpc_server.cc:205] RPC server started. Bound to: 127.0.0.1:56836
I0517 05:08:39.498173 211 webserver.cc:173] Starting webserver on 127.0.0.1:0
I0517 05:08:39.498288 211 webserver.cc:184] Document root disabled
I0517 05:08:39.500234 211 webserver.cc:311] Webserver started. Bound to: http://127.0.0.1:41759/
W0517 05:08:39.504328 226 reactor.cc:633] Failed to create an outbound connection to 255.255.255.255:1 because connect() failed: Network error: connect(2) error: Network is unreachable (error 101)
W0517 05:08:39.504957 286 heartbeater.cc:587] Failed to heartbeat to 255.255.255.255:1: Network error: Failed to ping master at 255.255.255.255:1: connect(2) error: Network is unreachable (error 101)
W0517 05:08:39.505419 226 reactor.cc:633] Failed to create an outbound connection to 255.255.255.255:1 because connect() failed: Network error: connect(2) error: Network is unreachable (error 101)
W0517 05:08:39.505722 286 heartbeater.cc:587] Failed to heartbeat to 255.255.255.255:1: Network error: Failed to ping master at 255.255.255.255:1: connect(2) error: Network is unreachable (error 101)
W0517 05:08:39.506328 226 reactor.cc:633] Failed to create an outbound connection to 255.255.255.255:1 because connect() failed: Network error: connect(2) error: Network is unreachable (error 101)
W0517 05:08:39.506608 286 heartbeater.cc:587] Failed to heartbeat to 255.255.255.255:1: Network error: Failed to ping master at 255.255.255.255:1: connect(2) error: Network is unreachable (error 101)
W0517 05:08:39.506744 286 heartbeater.cc:380] Failed 3 heartbeats in a row: no longer allowing fast heartbeat attempts.
I0517 05:08:39.504496 287 maintenance_manager.cc:249] Maintenance manager is disabled. Stopping thread.
I0517 05:08:39.505636 211 data_dirs.cc:934] Could only allocate 1 dirs of requested 3 for tablet TestTablet. 1 dirs total, 0 dirs full, 0 dirs failed
I0517 05:08:39.604427 211 ts_tablet_manager.cc:1173] T TestTablet P 2d84d731dc324bbbb47f167a625e55c9: Registered tablet (data state: TABLET_DATA_READY)
I0517 05:08:39.605782 288 ts_tablet_manager.cc:1028] T TestTablet P 2d84d731dc324bbbb47f167a625e55c9: Bootstrapping tablet
I0517 05:08:39.606209 288 tablet_bootstrap.cc:436] T TestTablet P 2d84d731dc324bbbb47f167a625e55c9: Bootstrap starting.
I0517 05:08:39.609814 288 tablet_bootstrap.cc:587] T TestTablet P 2d84d731dc324bbbb47f167a625e55c9: No blocks or log segments found. Creating new log.
I0517 05:08:39.611181 288 log.cc:520] T TestTablet P 2d84d731dc324bbbb47f167a625e55c9: Log is configured to *not* fsync() on all Append() calls
I0517 05:08:39.614616 288 tablet_bootstrap.cc:436] T TestTablet P 2d84d731dc324bbbb47f167a625e55c9: No bootstrap required, opened a new log
I0517 05:08:39.614987 288 ts_tablet_manager.cc:1045] T TestTablet P 2d84d731dc324bbbb47f167a625e55c9: Time spent bootstrapping tablet: real 0.009s user 0.000s sys 0.008s
I0517 05:08:39.629914 288 raft_consensus.cc:303] T TestTablet P 2d84d731dc324bbbb47f167a625e55c9 [term 0 FOLLOWER]: Replica starting. Triggering 0 pending transactions. Active config: opid_index: -1 peers { permanent_uuid: "2d84d731dc324bbbb47f167a625e55c9" member_type: VOTER last_known_addr { host: "127.0.0.1" port: 56836 } }
I0517 05:08:39.630450 288 raft_consensus.cc:329] T TestTablet P 2d84d731dc324bbbb47f167a625e55c9 [term 0 FOLLOWER]: Consensus starting up: Expiring failure detector timer to make a prompt election more likely
I0517 05:08:39.630627 288 raft_consensus.cc:604] T TestTablet P 2d84d731dc324bbbb47f167a625e55c9 [term 0 FOLLOWER]: Becoming Follower/Learner. State: Replica: 2d84d731dc324bbbb47f167a625e55c9, State: Initialized, Role: FOLLOWER
I0517 05:08:39.631151 288 consensus_queue.cc:227] T TestTablet P 2d84d731dc324bbbb47f167a625e55c9 [NON_LEADER]: Queue going to NON_LEADER mode. State: All replicated index: 0, Majority replicated index: 0, Committed index: 0, Last appended: 0.0, Last appended by leader: 0, Current term: 0, Majority size: -1, State: 0, Mode: NON_LEADER, active raft config: opid_index: -1 peers { permanent_uuid: "2d84d731dc324bbbb47f167a625e55c9" member_type: VOTER last_known_addr { host: "127.0.0.1" port: 56836 } }
I0517 05:08:39.631594 288 raft_consensus.cc:343] T TestTablet P 2d84d731dc324bbbb47f167a625e55c9 [term 0 FOLLOWER]: Only one voter in the Raft config. Triggering election immediately
I0517 05:08:39.631798 288 raft_consensus.cc:435] T TestTablet P 2d84d731dc324bbbb47f167a625e55c9 [term 0 FOLLOWER]: Starting leader election (initial election of a single-replica configuration)
I0517 05:08:39.631979 288 raft_consensus.cc:2704] T TestTablet P 2d84d731dc324bbbb47f167a625e55c9: Snoozing failure detection for 2.173s (starting election)
I0517 05:08:39.632176 288 raft_consensus.cc:2756] T TestTablet P 2d84d731dc324bbbb47f167a625e55c9 [term 0 FOLLOWER]: Advancing to term 1
I0517 05:08:39.635139 288 raft_consensus.cc:457] T TestTablet P 2d84d731dc324bbbb47f167a625e55c9 [term 1 FOLLOWER]: Starting leader election with config: opid_index: -1 peers { permanent_uuid: "2d84d731dc324bbbb47f167a625e55c9" member_type: VOTER last_known_addr { host: "127.0.0.1" port: 56836 } }
I0517 05:08:39.635736 288 leader_election.cc:270] T TestTablet P 2d84d731dc324bbbb47f167a625e55c9 [CANDIDATE]: Term 1 election: Election decided. Result: candidate won.
I0517 05:08:39.637877 290 raft_consensus.cc:2704] T TestTablet P 2d84d731dc324bbbb47f167a625e55c9: Snoozing failure detection for 1.547s (election complete)
I0517 05:08:39.638186 290 raft_consensus.cc:2511] T TestTablet P 2d84d731dc324bbbb47f167a625e55c9 [term 1 FOLLOWER]: Leader election won for term 1
I0517 05:08:39.640070 290 raft_consensus.cc:571] T TestTablet P 2d84d731dc324bbbb47f167a625e55c9 [term 1 LEADER]: Becoming Leader. State: Replica: 2d84d731dc324bbbb47f167a625e55c9, State: Running, Role: LEADER
I0517 05:08:39.640573 290 consensus_queue.cc:204] T TestTablet P 2d84d731dc324bbbb47f167a625e55c9 [LEADER]: Queue going to LEADER mode. State: All replicated index: 0, Majority replicated index: 0, Committed index: 0, Last appended: 0.0, Last appended by leader: 0, Current term: 1, Majority size: 1, State: 0, Mode: LEADER, active raft config: opid_index: -1 peers { permanent_uuid: "2d84d731dc324bbbb47f167a625e55c9" member_type: VOTER last_known_addr { host: "127.0.0.1" port: 56836 } }
W0517 05:08:39.640990 226 reactor.cc:633] Failed to create an outbound connection to 255.255.255.255:1 because connect() failed: Network error: connect(2) error: Network is unreachable (error 101)
W0517 05:08:39.641386 286 heartbeater.cc:587] Failed to heartbeat to 255.255.255.255:1: Network error: Failed to ping master at 255.255.255.255:1: connect(2) error: Network is unreachable (error 101)
W0517 05:08:39.641829 226 reactor.cc:633] Failed to create an outbound connection to 255.255.255.255:1 because connect() failed: Network error: connect(2) error: Network is unreachable (error 101)
W0517 05:08:39.642138 286 heartbeater.cc:587] Failed to heartbeat to 255.255.255.255:1: Network error: Failed to ping master at 255.255.255.255:1: connect(2) error: Network is unreachable (error 101)
I0517 05:08:39.644188 288 ts_tablet_manager.cc:1073] T TestTablet P 2d84d731dc324bbbb47f167a625e55c9: Time spent starting tablet: real 0.029s user 0.016s sys 0.008s
I0517 05:08:39.686672 211 tablet_server.cc:144] TabletServer shutting down...
I0517 05:08:39.699766 211 ts_tablet_manager.cc:1118] Shutting down tablet manager...
I0517 05:08:39.700105 211 tablet_replica.cc:261] T TestTablet P 2d84d731dc324bbbb47f167a625e55c9: stopping tablet replica
I0517 05:08:39.700397 211 maintenance_manager.cc:237] P 2d84d731dc324bbbb47f167a625e55c9: Unregistered op CompactRowSetsOp(TestTablet)
I0517 05:08:39.700594 211 maintenance_manager.cc:237] P 2d84d731dc324bbbb47f167a625e55c9: Unregistered op MinorDeltaCompactionOp(TestTablet)
I0517 05:08:39.700763 211 maintenance_manager.cc:237] P 2d84d731dc324bbbb47f167a625e55c9: Unregistered op MajorDeltaCompactionOp(TestTablet)
I0517 05:08:39.700891 211 maintenance_manager.cc:237] P 2d84d731dc324bbbb47f167a625e55c9: Unregistered op UndoDeltaBlockGCOp(TestTablet)
I0517 05:08:39.701032 211 maintenance_manager.cc:237] P 2d84d731dc324bbbb47f167a625e55c9: Unregistered op FlushMRSOp(TestTablet)
I0517 05:08:39.701139 211 maintenance_manager.cc:237] P 2d84d731dc324bbbb47f167a625e55c9: Unregistered op FlushDeltaMemStoresOp(TestTablet)
I0517 05:08:39.701230 211 maintenance_manager.cc:237] P 2d84d731dc324bbbb47f167a625e55c9: Unregistered op LogGCOp(TestTablet)
I0517 05:08:39.701357 211 raft_consensus.cc:2016] T TestTablet P 2d84d731dc324bbbb47f167a625e55c9 [term 1 LEADER]: Raft consensus shutting down.
I0517 05:08:39.701643 211 raft_consensus.cc:2043] T TestTablet P 2d84d731dc324bbbb47f167a625e55c9 [term 1 FOLLOWER]: Raft consensus is shut down!
I0517 05:08:39.735020 211 tablet_server.cc:157] TabletServer shutdown complete.
I0517 05:08:39.735174 211 tablet_server.cc:144] TabletServer shutting down...
I0517 05:08:39.735433 211 tablet_server.cc:157] TabletServer shutdown complete. [ OK ] TabletServerTest.TestPingServer (597 ms) [ RUN ] TabletServerTest.TestStatus
I0517 05:08:39.755538 211 system_ntp.cc:143] NTP initialized. Skew: 500ppm Current error: 1039861us
I0517 05:08:39.755825 211 fs_manager.cc:260] Metadata directory not provided
I0517 05:08:39.755934 211 fs_manager.cc:266] Using write-ahead log directory (fs_wal_dir) as metadata directory
I0517 05:08:39.756067 211 server_base.cc:432] Could not load existing FS layout: Not found: /tmp/dist-test-taskWs1ZT3/test-tmp/tablet_server-test.0.TabletServerTest.TestStatus.1526533719119959-211/TabletServerTest-fsroot/instance: No such file or directory (error 2)
I0517 05:08:39.756166 211 server_base.cc:433] Attempting to create new FS layout instead
I0517 05:08:39.761799 211 fs_manager.cc:595] Generated new instance metadata in path /tmp/dist-test-taskWs1ZT3/test-tmp/tablet_server-test.0.TabletServerTest.TestStatus.1526533719119959-211/TabletServerTest-fsroot/instance: uuid: "83863c023e1145ffbc918b5ba6e1a2c2" format_stamp: "Formatted at 2018-05-17 05:08:39 on dist-test-slave-dist-test-slave-djmg"
I0517 05:08:39.769587 211 fs_manager.cc:495] Time spent creating directory manager: real 0.007s user 0.004s sys 0.004s
I0517 05:08:39.770768 211 file_cache.cc:470] Constructed file cache lbm with capacity 26214
I0517 05:08:39.776983 211 fs_manager.cc:417] Time spent opening block manager: real 0.001s user 0.000s sys 0.004s
I0517 05:08:39.777120 211 fs_manager.cc:428] Opened local filesystem: /tmp/dist-test-taskWs1ZT3/test-tmp/tablet_server-test.0.TabletServerTest.TestStatus.1526533719119959-211/TabletServerTest-fsroot uuid: "83863c023e1145ffbc918b5ba6e1a2c2" format_stamp: "Formatted at 2018-05-17 05:08:39 on dist-test-slave-dist-test-slave-djmg"
I0517 05:08:39.777314 211 fs_report.cc:347] Block manager report -------------------- 1 data directories: /tmp/dist-test-taskWs1ZT3/test-tmp/tablet_server-test.0.TabletServerTest.TestStatus.1526533719119959-211/TabletServerTest-fsroot/data Total live blocks: 0 Total live bytes: 0 Total live bytes (after alignment): 0 Total number of LBM containers: 0 (0 full) Did not check for missing blocks Did not check for orphaned blocks Total full LBM containers with extra space: 0 (0 repaired) Total full LBM container extra space in bytes: 0 (0 repaired) Total incomplete LBM containers: 0 (0 repaired) Total LBM partial records: 0 (0 repaired)
I0517 05:08:39.818895 211 ts_tablet_manager.cc:356] Loaded tablet metadata (0 live tablets)
I0517 05:08:39.846460 211 rpc_server.cc:205] RPC server started. Bound to: 127.0.0.1:60717
I0517 05:08:39.847195 211 webserver.cc:173] Starting webserver on 127.0.0.1:0
I0517 05:08:39.847291 211 webserver.cc:184] Document root disabled
I0517 05:08:39.848415 211 webserver.cc:311] Webserver started. Bound to: http://127.0.0.1:35981/
W0517 05:08:39.850462 304 reactor.cc:633] Failed to create an outbound connection to 255.255.255.255:1 because connect() failed: Network error: connect(2) error: Network is unreachable (error 101)
W0517 05:08:39.850838 364 heartbeater.cc:587] Failed to heartbeat to 255.255.255.255:1: Network error: Failed to ping master at 255.255.255.255:1: connect(2) error: Network is unreachable (error 101)
I0517 05:08:39.850942 365 maintenance_manager.cc:249] Maintenance manager is disabled. Stopping thread.
W0517 05:08:39.851313 304 reactor.cc:633] Failed to create an outbound connection to 255.255.255.255:1 because connect() failed: Network error: connect(2) error: Network is unreachable (error 101)
I0517 05:08:39.851538 211 data_dirs.cc:934] Could only allocate 1 dirs of requested 3 for tablet TestTablet. 1 dirs total, 0 dirs full, 0 dirs failed
W0517 05:08:39.851619 364 heartbeater.cc:587] Failed to heartbeat to 255.255.255.255:1: Network error: Failed to ping master at 255.255.255.255:1: connect(2) error: Network is unreachable (error 101)
W0517 05:08:39.852080 304 reactor.cc:633] Failed to create an outbound connection to 255.255.255.255:1 because connect() failed: Network error: connect(2) error: Network is unreachable (error 101)
W0517 05:08:39.852365 364 heartbeater.cc:587] Failed to heartbeat to 255.255.255.255:1: Network error: Failed to ping master at 255.255.255.255:1: connect(2) error: Network is unreachable (error 101)
W0517 05:08:39.852496 364 heartbeater.cc:380] Failed 3 heartbeats in a row: no longer allowing fast heartbeat attempts.
I0517 05:08:39.857038 211 ts_tablet_manager.cc:1173] T TestTablet P 83863c023e1145ffbc918b5ba6e1a2c2: Registered tablet (data state: TABLET_DATA_READY)
I0517 05:08:39.858916 366 ts_tablet_manager.cc:1028] T TestTablet P 83863c023e1145ffbc918b5ba6e1a2c2: Bootstrapping tablet
I0517 05:08:39.859272 366 tablet_bootstrap.cc:436] T TestTablet P 83863c023e1145ffbc918b5ba6e1a2c2: Bootstrap starting.
I0517 05:08:39.861027 366 tablet_bootstrap.cc:587] T TestTablet P 83863c023e1145ffbc918b5ba6e1a2c2: No blocks or log segments found. Creating new log.
I0517 05:08:39.864375 366 tablet_bootstrap.cc:436] T TestTablet P 83863c023e1145ffbc918b5ba6e1a2c2: No bootstrap required, opened a new log
I0517 05:08:39.864666 366 ts_tablet_manager.cc:1045] T TestTablet P 83863c023e1145ffbc918b5ba6e1a2c2: Time spent bootstrapping tablet: real 0.005s user 0.004s sys 0.000s
I0517 05:08:39.865638 366 raft_consensus.cc:303] T TestTablet P 83863c023e1145ffbc918b5ba6e1a2c2 [term 0 FOLLOWER]: Replica starting. Triggering 0 pending transactions. Active config: opid_index: -1 peers { permanent_uuid: "83863c023e1145ffbc918b5ba6e1a2c2" member_type: VOTER last_known_addr { host: "127.0.0.1" port: 60717 } }
I0517 05:08:39.865977 366 raft_consensus.cc:329] T TestTablet P 83863c023e1145ffbc918b5ba6e1a2c2 [term 0 FOLLOWER]: Consensus starting up: Expiring failure detector timer to make a prompt election more likely
I0517 05:08:39.866116 366 raft_consensus.cc:604] T TestTablet P 83863c023e1145ffbc918b5ba6e1a2c2 [term 0 FOLLOWER]: Becoming Follower/Learner. State: Replica: 83863c023e1145ffbc918b5ba6e1a2c2, State: Initialized, Role: FOLLOWER
I0517 05:08:39.866466 366 consensus_queue.cc:227] T TestTablet P 83863c023e1145ffbc918b5ba6e1a2c2 [NON_LEADER]: Queue going to NON_LEADER mode. State: All replicated index: 0, Majority replicated index: 0, Committed index: 0, Last appended: 0.0, Last appended by leader: 0, Current term: 0, Majority size: -1, State: 0, Mode: NON_LEADER, active raft config: opid_index: -1 peers { permanent_uuid: "83863c023e1145ffbc918b5ba6e1a2c2" member_type: VOTER last_known_addr { host: "127.0.0.1" port: 60717 } }
I0517 05:08:39.866820 366 raft_consensus.cc:343] T TestTablet P 83863c023e1145ffbc918b5ba6e1a2c2 [term 0 FOLLOWER]: Only one voter in the Raft config. Triggering election immediately
I0517 05:08:39.866962 366 raft_consensus.cc:435] T TestTablet P 83863c023e1145ffbc918b5ba6e1a2c2 [term 0 FOLLOWER]: Starting leader election (initial election of a single-replica configuration)
I0517 05:08:39.867111 366 raft_consensus.cc:2704] T TestTablet P 83863c023e1145ffbc918b5ba6e1a2c2: Snoozing failure detection for 2.170s (starting election)
I0517 05:08:39.867269 366 raft_consensus.cc:2756] T TestTablet P 83863c023e1145ffbc918b5ba6e1a2c2 [term 0 FOLLOWER]: Advancing to term 1
I0517 05:08:39.870534 366 raft_consensus.cc:457] T TestTablet P 83863c023e1145ffbc918b5ba6e1a2c2 [term 1 FOLLOWER]: Starting leader election with config: opid_index: -1 peers { permanent_uuid: "83863c023e1145ffbc918b5ba6e1a2c2" member_type: VOTER last_known_addr { host: "127.0.0.1" port: 60717 } }
I0517 05:08:39.870936 366 leader_election.cc:270] T TestTablet P 83863c023e1145ffbc918b5ba6e1a2c2 [CANDIDATE]: Term 1 election: Election decided. Result: candidate won.
I0517 05:08:39.873121 368 raft_consensus.cc:2704] T TestTablet P 83863c023e1145ffbc918b5ba6e1a2c2: Snoozing failure detection for 1.512s (election complete)
I0517 05:08:39.873409 368 raft_consensus.cc:2511] T TestTablet P 83863c023e1145ffbc918b5ba6e1a2c2 [term 1 FOLLOWER]: Leader election won for term 1
W0517 05:08:39.874358 304 reactor.cc:633] Failed to create an outbound connection to 255.255.255.255:1 because connect() failed: Network error: connect(2) error: Network is unreachable (error 101)
I0517 05:08:39.874449 366 ts_tablet_manager.cc:1073] T TestTablet P 83863c023e1145ffbc918b5ba6e1a2c2: Time spent starting tablet: real 0.010s user 0.008s sys 0.000s
W0517 05:08:39.874930 364 heartbeater.cc:587] Failed to heartbeat to 255.255.255.255:1: Network error: Failed to ping master at 255.255.255.255:1: connect(2) error: Network is unreachable (error 101)
W0517 05:08:39.875496 304 reactor.cc:633] Failed to create an outbound connection to 255.255.255.255:1 because connect() failed: Network error: connect(2) error: Network is unreachable (error 101)
W0517 05:08:39.875869 364 heartbeater.cc:587] Failed to heartbeat to 255.255.255.255:1: Network error: Failed to ping master at 255.255.255.255:1: connect(2) error: Network is unreachable (error 101)
I0517 05:08:39.876087 368 raft_consensus.cc:571] T TestTablet P 83863c023e1145ffbc918b5ba6e1a2c2 [term 1 LEADER]: Becoming Leader. State: Replica: 83863c023e1145ffbc918b5ba6e1a2c2, State: Running, Role: LEADER
I0517 05:08:39.876416 368 consensus_queue.cc:204] T TestTablet P 83863c023e1145ffbc918b5ba6e1a2c2 [LEADER]: Queue going to LEADER mode. State: All replicated index: 0, Majority replicated index: 0, Committed index: 0, Last appended: 0.0, Last appended by leader: 0, Current term: 1, Majority size: 1, State: 0, Mode: LEADER, active raft config: opid_index: -1 peers { permanent_uuid: "83863c023e1145ffbc918b5ba6e1a2c2" member_type: VOTER last_known_addr { host: "127.0.0.1" port: 60717 } }
I0517 05:08:39.892698 211 tablet_server.cc:144] TabletServer shutting down...
I0517 05:08:39.893981 305 messenger.cc:381] Service unavailable: service kudu.server.GenericService not registered on TabletServer
I0517 05:08:39.896116 305 messenger.cc:381] Service unavailable: service kudu.server.GenericService not registered on TabletServer
I0517 05:08:39.897089 305 messenger.cc:381] Service unavailable: service kudu.server.GenericService not registered on TabletServer
I0517 05:08:39.898618 305 messenger.cc:381] Service unavailable: service kudu.server.GenericService not registered on TabletServer
I0517 05:08:39.899520 305 messenger.cc:381] Service unavailable: service kudu.server.GenericService not registered on TabletServer
I0517 05:08:39.901172 305 messenger.cc:381] Service unavailable: service kudu.server.GenericService not registered on TabletServer
I0517 05:08:39.902923 305 messenger.cc:381] Service unavailable: service kudu.server.GenericService not registered on TabletServer
I0517 05:08:39.903868 305 messenger.cc:381] Service unavailable: service kudu.server.GenericService not registered on TabletServer
I0517 05:08:39.905513 305 messenger.cc:381] Service unavailable: service kudu.server.GenericService not registered on TabletServer
I0517 05:08:39.906205 211 ts_tablet_manager.cc:1118] Shutting down tablet manager...
I0517 05:08:39.906498 211 tablet_replica.cc:261] T TestTablet P 83863c023e1145ffbc918b5ba6e1a2c2: stopping tablet replica
I0517 05:08:39.906616 305 messenger.cc:381] Service unavailable: service kudu.server.GenericService not registered on TabletServer
I0517 05:08:39.906760 211 maintenance_manager.cc:237] P 83863c023e1145ffbc918b5ba6e1a2c2: Unregistered op CompactRowSetsOp(TestTablet)
I0517 05:08:39.906932 211 maintenance_manager.cc:237] P 83863c023e1145ffbc918b5ba6e1a2c2: Unregistered op MinorDeltaCompactionOp(TestTablet)
I0517 05:08:39.907079 211 maintenance_manager.cc:237] P 83863c023e1145ffbc918b5ba6e1a2c2: Unregistered op MajorDeltaCompactionOp(TestTablet)
I0517 05:08:39.907236 211 maintenance_manager.cc:237] P 83863c023e1145ffbc918b5ba6e1a2c2: Unregistered op UndoDeltaBlockGCOp(TestTablet)
I0517 05:08:39.907380 211 maintenance_manager.cc:237] P 83863c023e1145ffbc918b5ba6e1a2c2: Unregistered op FlushMRSOp(TestTablet)
I0517 05:08:39.907496 211 maintenance_manager.cc:237] P 83863c023e1145ffbc918b5ba6e1a2c2: Unregistered op FlushDeltaMemStoresOp(TestTablet)
I0517 05:08:39.907621 211 maintenance_manager.cc:237] P 83863c023e1145ffbc918b5ba6e1a2c2: Unregistered op LogGCOp(TestTablet)
I0517 05:08:39.907662 305 messenger.cc:381] Service unavailable: service kudu.server.GenericService not registered on TabletServer
I0517 05:08:39.907783 211 raft_consensus.cc:2016] T TestTablet P 83863c023e1145ffbc918b5ba6e1a2c2 [term 1 LEADER]: Raft consensus shutting down.
I0517 05:08:39.908056 211 raft_consensus.cc:2043] T TestTablet P 83863c023e1145ffbc918b5ba6e1a2c2 [term 1 FOLLOWER]: Raft consensus is shut down!
I0517 05:08:39.908612 305 messenger.cc:381] Service unavailable: service kudu.server.GenericService not registered on TabletServer
I0517 05:08:39.909852 305 messenger.cc:381] Service unavailable: service kudu.server.GenericService not registered on TabletServer
I0517 05:08:39.910728 305 messenger.cc:381] Service unavailable: service kudu.server.GenericService not registered on TabletServer
I0517 05:08:39.911904 305 messenger.cc:381] Service unavailable: service kudu.server.GenericService not registered on TabletServer
W0517 05:08:39.912243 305 connection.cc:419] Connection torn down before Call kudu.server.GenericService.GetStatus from 127.0.0.1:52329 (request call id 16) could send its response
I0517 05:08:39.916427 211 tablet_server.cc:157] TabletServer shutdown complete.
I0517 05:08:39.916546 211 tablet_server.cc:144] TabletServer shutting down...
I0517 05:08:39.916816 211 tablet_server.cc:157] TabletServer shutdown complete.
I0517 05:08:39.930552 211 system_ntp.cc:143] NTP initialized. Skew: 500ppm Current error: 1039861us
I0517 05:08:39.930908 211 fs_manager.cc:260] Metadata directory not provided
I0517 05:08:39.931036 211 fs_manager.cc:263] Using existing metadata directory in first data directory
I0517 05:08:39.933481 211 fs_manager.cc:397] Time spent opening directory manager: real 0.002s user 0.000s sys 0.004s
I0517 05:08:39.934506 211 file_cache.cc:470] Constructed file cache lbm with capacity 26214
I0517 05:08:39.942628 211 fs_manager.cc:417] Time spent opening block manager: real 0.001s user 0.000s sys 0.000s
I0517 05:08:39.942781 211 fs_manager.cc:428] Opened local filesystem: /tmp/dist-test-taskWs1ZT3/test-tmp/tablet_server-test.0.TabletServerTest.TestStatus.1526533719119959-211/TabletServerTest-fsroot uuid: "83863c023e1145ffbc918b5ba6e1a2c2" format_stamp: "Formatted at 2018-05-17 05:08:39 on dist-test-slave-dist-test-slave-djmg"
I0517 05:08:39.942978 211 fs_report.cc:347] Block manager report -------------------- 1 data directories: /tmp/dist-test-taskWs1ZT3/test-tmp/tablet_server-test.0.TabletServerTest.TestStatus.1526533719119959-211/TabletServerTest-fsroot/data Total live blocks: 0 Total live bytes: 0 Total live bytes (after alignment): 0 Total number of LBM containers: 0 (0 full) Did not check for missing blocks Did not check for orphaned blocks Total full LBM containers with extra space: 0 (0 repaired) Total full LBM container extra space in bytes: 0 (0 repaired) Total incomplete LBM containers: 0 (0 repaired) Total LBM partial records: 0 (0 repaired)
I0517 05:08:39.977043 211 ts_tablet_manager.cc:344] Loading tablet metadata (0/1 complete)
I0517 05:08:39.977226 211 ts_tablet_manager.cc:1005] T TestTablet P 83863c023e1145ffbc918b5ba6e1a2c2: Loading tablet metadata
I0517 05:08:39.980980 211 ts_tablet_manager.cc:356] Loaded tablet metadata (1 live tablets)
I0517 05:08:39.983793 211 ts_tablet_manager.cc:1173] T TestTablet P 83863c023e1145ffbc918b5ba6e1a2c2: Registered tablet (data state: TABLET_DATA_READY)
I0517 05:08:39.984963 385 ts_tablet_manager.cc:1028] T TestTablet P 83863c023e1145ffbc918b5ba6e1a2c2: Bootstrapping tablet
I0517 05:08:39.985306 385 tablet_bootstrap.cc:436] T TestTablet P 83863c023e1145ffbc918b5ba6e1a2c2: Bootstrap starting.
I0517 05:08:40.001897 385 tablet_bootstrap.cc:436] T TestTablet P 83863c023e1145ffbc918b5ba6e1a2c2: Bootstrap replayed 1/1 log segments. Stats: ops{read=1 overwritten=0 applied=1 ignored=0} inserts{seen=0 ignored=0} mutations{seen=0 ignored=0} orphaned_commits=0. Pending: 0 replicates
I0517 05:08:40.002737 385 tablet_bootstrap.cc:436] T TestTablet P 83863c023e1145ffbc918b5ba6e1a2c2: Bootstrap complete.
I0517 05:08:40.003137 385 ts_tablet_manager.cc:1045] T TestTablet P 83863c023e1145ffbc918b5ba6e1a2c2: Time spent bootstrapping tablet: real 0.018s user 0.008s sys 0.000s
I0517 05:08:40.004382 385 raft_consensus.cc:303] T TestTablet P 83863c023e1145ffbc918b5ba6e1a2c2 [term 1 FOLLOWER]: Replica starting. Triggering 0 pending transactions. Active config: opid_index: -1 peers { permanent_uuid: "83863c023e1145ffbc918b5ba6e1a2c2" member_type: VOTER last_known_addr { host: "127.0.0.1" port: 60717 } }
I0517 05:08:40.004834 385 raft_consensus.cc:604] T TestTablet P 83863c023e1145ffbc918b5ba6e1a2c2 [term 1 FOLLOWER]: Becoming Follower/Learner. State: Replica: 83863c023e1145ffbc918b5ba6e1a2c2, State: Initialized, Role: FOLLOWER
I0517 05:08:40.005266 385 consensus_queue.cc:227] T TestTablet P 83863c023e1145ffbc918b5ba6e1a2c2 [NON_LEADER]: Queue going to NON_LEADER mode. State: All replicated index: 0, Majority replicated index: 0, Committed index: 1, Last appended: 1.1, Last appended by leader: 1, Current term: 0, Majority size: -1, State: 0, Mode: NON_LEADER, active raft config: opid_index: -1 peers { permanent_uuid: "83863c023e1145ffbc918b5ba6e1a2c2" member_type: VOTER last_known_addr { host: "127.0.0.1" port: 60717 } }
I0517 05:08:40.005760 385 raft_consensus.cc:343] T TestTablet P 83863c023e1145ffbc918b5ba6e1a2c2 [term 1 FOLLOWER]: Only one voter in the Raft config. Triggering election immediately
I0517 05:08:40.005936 385 raft_consensus.cc:435] T TestTablet P 83863c023e1145ffbc918b5ba6e1a2c2 [term 1 FOLLOWER]: Starting leader election (initial election of a single-replica configuration)
I0517 05:08:40.006124 385 raft_consensus.cc:2704] T TestTablet P 83863c023e1145ffbc918b5ba6e1a2c2: Snoozing failure detection for 1.944s (starting election)
I0517 05:08:40.006314 385 raft_consensus.cc:2756] T TestTablet P 83863c023e1145ffbc918b5ba6e1a2c2 [term 1 FOLLOWER]: Advancing to term 2
I0517 05:08:40.010746 385 raft_consensus.cc:457] T TestTablet P 83863c023e1145ffbc918b5ba6e1a2c2 [term 2 FOLLOWER]: Starting leader election with config: opid_index: -1 peers { permanent_uuid: "83863c023e1145ffbc918b5ba6e1a2c2" member_type: VOTER last_known_addr { host: "127.0.0.1" port: 60717 } }
I0517 05:08:40.011153 385 leader_election.cc:270] T TestTablet P 83863c023e1145ffbc918b5ba6e1a2c2 [CANDIDATE]: Term 2 election: Election decided. Result: candidate won.
I0517 05:08:40.021059 394 raft_consensus.cc:2704] T TestTablet P 83863c023e1145ffbc918b5ba6e1a2c2: Snoozing failure detection for 1.758s (election complete)
I0517 05:08:40.021425 394 raft_consensus.cc:2511] T TestTablet P 83863c023e1145ffbc918b5ba6e1a2c2 [term 2 FOLLOWER]: Leader election won for term 2
I0517 05:08:40.022723 385 ts_tablet_manager.cc:1073] T TestTablet P 83863c023e1145ffbc918b5ba6e1a2c2: Time spent starting tablet: real 0.019s user 0.000s sys 0.020s
I0517 05:08:40.025461 394 raft_consensus.cc:571] T TestTablet P 83863c023e1145ffbc918b5ba6e1a2c2 [term 2 LEADER]: Becoming Leader. State: Replica: 83863c023e1145ffbc918b5ba6e1a2c2, State: Running, Role: LEADER
I0517 05:08:40.026041 394 consensus_queue.cc:204] T TestTablet P 83863c023e1145ffbc918b5ba6e1a2c2 [LEADER]: Queue going to LEADER mode. State: All replicated index: 0, Majority replicated index: 1, Committed index: 1, Last appended: 1.1, Last appended by leader: 1, Current term: 2, Majority size: 1, State: 0, Mode: LEADER, active raft config: opid_index: -1 peers { permanent_uuid: "83863c023e1145ffbc918b5ba6e1a2c2" member_type: VOTER last_known_addr { host: "127.0.0.1" port: 60717 } }
I0517 05:08:40.065523 211 rpc_server.cc:205] RPC server started. Bound to: 127.0.0.1:60717
I0517 05:08:40.067178 211 webserver.cc:173] Starting webserver on 127.0.0.1:35981
I0517 05:08:40.067301 211 webserver.cc:184] Document root disabled
I0517 05:08:40.069075 211 webserver.cc:311] Webserver started. Bound to: http://127.0.0.1:35981/
W0517 05:08:40.070544 379 reactor.cc:633] Failed to create an outbound connection to 255.255.255.255:1 because connect() failed: Network error: connect(2) error: Network is unreachable (error 101)
W0517 05:08:40.072273 447 heartbeater.cc:587] Failed to heartbeat to 255.255.255.255:1: Network error: Failed to ping master at 255.255.255.255:1: connect(2) error: Network is unreachable (error 101)
I0517 05:08:40.072510 211 tablet_server.cc:144] TabletServer shutting down...
I0517 05:08:40.072471 448 maintenance_manager.cc:249] Maintenance manager is disabled. Stopping thread.
W0517 05:08:40.072861 379 reactor.cc:633] Failed to create an outbound connection to 255.255.255.255:1 because connect() failed: Network error: connect(2) error: Network is unreachable (error 101)
W0517 05:08:40.073324 447 heartbeater.cc:587] Failed to heartbeat to 255.255.255.255:1: Network error: Failed to ping master at 255.255.255.255:1: connect(2) error: Network is unreachable (error 101)
W0517 05:08:40.073792 379 reactor.cc:633] Failed to create an outbound connection to 255.255.255.255:1 because connect() failed: Network error: connect(2) error: Network is unreachable (error 101)
W0517 05:08:40.075345 447 heartbeater.cc:587] Failed to heartbeat to 255.255.255.255:1: Network error: Failed to ping master at 255.255.255.255:1: connect(2) error: Network is unreachable (error 101)
W0517 05:08:40.076093 447 heartbeater.cc:380] Failed 3 heartbeats in a row: no longer allowing fast heartbeat attempts.
I0517 05:08:40.079614 378 messenger.cc:381] Service unavailable: service kudu.server.GenericService not registered on TabletServer
I0517 05:08:40.080668 378 messenger.cc:381] Service unavailable: service kudu.server.GenericService not registered on TabletServer
I0517 05:08:40.082353 378 messenger.cc:381] Service unavailable: service kudu.server.GenericService not registered on TabletServer
I0517 05:08:40.089699 378 messenger.cc:381] Service unavailable: service kudu.server.GenericService not registered on TabletServer
I0517 05:08:40.091087 378 messenger.cc:381] Service unavailable: service kudu.server.GenericService not registered on TabletServer
I0517 05:08:40.092794 378 messenger.cc:381] Service unavailable: service kudu.server.GenericService not registered on TabletServer
I0517 05:08:40.093993 378 messenger.cc:381] Service unavailable: service kudu.server.GenericService not registered on TabletServer
I0517 05:08:40.094094 211 ts_tablet_manager.cc:1118] Shutting down tablet manager...
I0517 05:08:40.094403 211 tablet_replica.cc:261] T TestTablet P 83863c023e1145ffbc918b5ba6e1a2c2: stopping tablet replica
I0517 05:08:40.094581 211 maintenance_manager.cc:237] P 83863c023e1145ffbc918b5ba6e1a2c2: Unregistered op CompactRowSetsOp(TestTablet)
I0517 05:08:40.094696 211 maintenance_manager.cc:237] P 83863c023e1145ffbc918b5ba6e1a2c2: Unregistered op MinorDeltaCompactionOp(TestTablet)
I0517 05:08:40.094792 211 maintenance_manager.cc:237] P 83863c023e1145ffbc918b5ba6e1a2c2: Unregistered op MajorDeltaCompactionOp(TestTablet)
I0517 05:08:40.094894 211 maintenance_manager.cc:237] P 83863c023e1145ffbc918b5ba6e1a2c2: Unregistered op UndoDeltaBlockGCOp(TestTablet)
I0517 05:08:40.095018 211 maintenance_manager.cc:237] P 83863c023e1145ffbc918b5ba6e1a2c2: Unregistered op FlushMRSOp(TestTablet)
I0517 05:08:40.095118 211 maintenance_manager.cc:237] P 83863c023e1145ffbc918b5ba6e1a2c2: Unregistered op FlushDeltaMemStoresOp(TestTablet)
I0517 05:08:40.095217 211 maintenance_manager.cc:237] P 83863c023e1145ffbc918b5ba6e1a2c2: Unregistered op LogGCOp(TestTablet)
I0517 05:08:40.095201 378 messenger.cc:381] Service unavailable: service kudu.server.GenericService not registered on TabletServer
I0517 05:08:40.095376 211 raft_consensus.cc:2016] T TestTablet P 83863c023e1145ffbc918b5ba6e1a2c2 [term 2 LEADER]: Raft consensus shutting down.
I0517 05:08:40.095590 211 raft_consensus.cc:2043] T TestTablet P 83863c023e1145ffbc918b5ba6e1a2c2 [term 2 FOLLOWER]: Raft consensus is shut down!
I0517 05:08:40.096231 378 messenger.cc:381] Service unavailable: service kudu.server.GenericService not registered on TabletServer
I0517 05:08:40.097363 378 messenger.cc:381] Service unavailable: service kudu.server.GenericService not registered on TabletServer
I0517 05:08:40.098330 378 messenger.cc:381] Service unavailable: service kudu.server.GenericService not registered on TabletServer
I0517 05:08:40.099445 378 messenger.cc:381] Service unavailable: service kudu.server.GenericService not registered on TabletServer
W0517 05:08:40.099714 378 connection.cc:419] Connection torn down before Call kudu.server.GenericService.GetStatus from 127.0.0.1:52466 (request call id 12) could send its response
I0517 05:08:40.104784 211 tablet_server.cc:157] TabletServer shutdown complete.
I0517 05:08:40.104923 211 tablet_server.cc:144] TabletServer shutting down...
I0517 05:08:40.105188 211 tablet_server.cc:157] TabletServer shutdown complete.
I0517 05:08:40.115833 211 system_ntp.cc:143] NTP initialized. Skew: 500ppm Current error: 1040361us
I0517 05:08:40.116156 211 fs_manager.cc:260] Metadata directory not provided
I0517 05:08:40.116276 211 fs_manager.cc:263] Using existing metadata directory in first data directory
I0517 05:08:40.118881 211 fs_manager.cc:397] Time spent opening directory manager: real 0.002s user 0.004s sys 0.000s
I0517 05:08:40.119833 211 file_cache.cc:470] Constructed file cache lbm with capacity 26214
I0517 05:08:40.126446 211 fs_manager.cc:417] Time spent opening block manager: real 0.001s user 0.000s sys 0.000s
I0517 05:08:40.126586 211 fs_manager.cc:428] Opened local filesystem: /tmp/dist-test-taskWs1ZT3/test-tmp/tablet_server-test.0.TabletServerTest.TestStatus.1526533719119959-211/TabletServerTest-fsroot uuid: "83863c023e1145ffbc918b5ba6e1a2c2" format_stamp: "Formatted at 2018-05-17 05:08:39 on dist-test-slave-dist-test-slave-djmg"
I0517 05:08:40.126817 211 fs_report.cc:347] Block manager report -------------------- 1 data directories: /tmp/dist-test-taskWs1ZT3/test-tmp/tablet_server-test.0.TabletServerTest.TestStatus.1526533719119959-211/TabletServerTest-fsroot/data Total live blocks: 0 Total live bytes: 0 Total live bytes (after alignment): 0 Total number of LBM containers: 0 (0 full) Did not check for missing blocks Did not check for orphaned blocks Total full LBM containers with extra space: 0 (0 repaired) Total full LBM container extra space in bytes: 0 (0 repaired) Total incomplete LBM containers: 0 (0 repaired) Total LBM partial records: 0 (0 repaired)
I0517 05:08:40.175051 211 ts_tablet_manager.cc:1005] T TestTablet P 83863c023e1145ffbc918b5ba6e1a2c2: Loading tablet metadata
I0517 05:08:40.178483 211 ts_tablet_manager.cc:356] Loaded tablet metadata (1 live tablets)
I0517 05:08:40.181334 211 ts_tablet_manager.cc:1173] T TestTablet P 83863c023e1145ffbc918b5ba6e1a2c2: Registered tablet (data state: TABLET_DATA_READY)
I0517 05:08:40.182446 459 ts_tablet_manager.cc:1028] T TestTablet P 83863c023e1145ffbc918b5ba6e1a2c2: Bootstrapping tablet
I0517 05:08:40.182809 459 tablet_bootstrap.cc:436] T TestTablet P 83863c023e1145ffbc918b5ba6e1a2c2: Bootstrap starting.
I0517 05:08:40.193320 459 tablet_bootstrap.cc:436] T TestTablet P 83863c023e1145ffbc918b5ba6e1a2c2: Bootstrap replayed 1/1 log segments. Stats: ops{read=2 overwritten=0 applied=2 ignored=0} inserts{seen=0 ignored=0} mutations{seen=0 ignored=0} orphaned_commits=0. Pending: 0 replicates
I0517 05:08:40.194092 459 tablet_bootstrap.cc:436] T TestTablet P 83863c023e1145ffbc918b5ba6e1a2c2: Bootstrap complete.
I0517 05:08:40.194512 459 ts_tablet_manager.cc:1045] T TestTablet P 83863c023e1145ffbc918b5ba6e1a2c2: Time spent bootstrapping tablet: real 0.012s user 0.008s sys 0.000s
I0517 05:08:40.196043 459 raft_consensus.cc:303] T TestTablet P 83863c023e1145ffbc918b5ba6e1a2c2 [term 2 FOLLOWER]: Replica starting. Triggering 0 pending transactions. Active config: opid_index: -1 peers { permanent_uuid: "83863c023e1145ffbc918b5ba6e1a2c2" member_type: VOTER last_known_addr { host: "127.0.0.1" port: 60717 } }
I0517 05:08:40.196372 459 raft_consensus.cc:604] T TestTablet P 83863c023e1145ffbc918b5ba6e1a2c2 [term 2 FOLLOWER]: Becoming Follower/Learner. State: Replica: 83863c023e1145ffbc918b5ba6e1a2c2, State: Initialized, Role: FOLLOWER
I0517 05:08:40.196918 459 consensus_queue.cc:227] T TestTablet P 83863c023e1145ffbc918b5ba6e1a2c2 [NON_LEADER]: Queue going to NON_LEADER mode. State: All replicated index: 0, Majority replicated index: 0, Committed index: 2, Last appended: 2.2, Last appended by leader: 2, Current term: 0, Majority size: -1, State: 0, Mode: NON_LEADER, active raft config: opid_index: -1 peers { permanent_uuid: "83863c023e1145ffbc918b5ba6e1a2c2" member_type: VOTER last_known_addr { host: "127.0.0.1" port: 60717 } }
I0517 05:08:40.197511 459 raft_consensus.cc:343] T TestTablet P 83863c023e1145ffbc918b5ba6e1a2c2 [term 2 FOLLOWER]: Only one voter in the Raft config. Triggering election immediately
I0517 05:08:40.197746 459 raft_consensus.cc:435] T TestTablet P 83863c023e1145ffbc918b5ba6e1a2c2 [term 2 FOLLOWER]: Starting leader election (initial election of a single-replica configuration)
I0517 05:08:40.197908 459 raft_consensus.cc:2704] T TestTablet P 83863c023e1145ffbc918b5ba6e1a2c2: Snoozing failure detection for 2.098s (starting election)
I0517 05:08:40.198117 459 raft_consensus.cc:2756] T TestTablet P 83863c023e1145ffbc918b5ba6e1a2c2 [term 2 FOLLOWER]: Advancing to term 3
I0517 05:08:40.204306 459 raft_consensus.cc:457] T TestTablet P 83863c023e1145ffbc918b5ba6e1a2c2 [term 3 FOLLOWER]: Starting leader election with config: opid_index: -1 peers { permanent_uuid: "83863c023e1145ffbc918b5ba6e1a2c2" member_type: VOTER last_known_addr { host: "127.0.0.1" port: 60717 } }
I0517 05:08:40.204879 459 leader_election.cc:270] T TestTablet P 83863c023e1145ffbc918b5ba6e1a2c2 [CANDIDATE]: Term 3 election: Election decided. Result: candidate won.
I0517 05:08:40.207202 474 raft_consensus.cc:2704] T TestTablet P 83863c023e1145ffbc918b5ba6e1a2c2: Snoozing failure detection for 2.052s (election complete)
I0517 05:08:40.208108 474 raft_consensus.cc:2511] T TestTablet P 83863c023e1145ffbc918b5ba6e1a2c2 [term 3 FOLLOWER]: Leader election won for term 3
I0517 05:08:40.208544 459 ts_tablet_manager.cc:1073] T TestTablet P 83863c023e1145ffbc918b5ba6e1a2c2: Time spent starting tablet: real 0.014s user 0.012s sys 0.000s
I0517 05:08:40.209085 474 raft_consensus.cc:571] T TestTablet P 83863c023e1145ffbc918b5ba6e1a2c2 [term 3 LEADER]: Becoming Leader. State: Replica: 83863c023e1145ffbc918b5ba6e1a2c2, State: Running, Role: LEADER
I0517 05:08:40.209681 474 consensus_queue.cc:204] T TestTablet P 83863c023e1145ffbc918b5ba6e1a2c2 [LEADER]: Queue going to LEADER mode. State: All replicated index: 0, Majority replicated index: 2, Committed index: 2, Last appended: 2.2, Last appended by leader: 2, Current term: 3, Majority size: 1, State: 0, Mode: LEADER, active raft config: opid_index: -1 peers { permanent_uuid: "83863c023e1145ffbc918b5ba6e1a2c2" member_type: VOTER last_known_addr { host: "127.0.0.1" port: 60717 } }
I0517 05:08:40.239536 211 rpc_server.cc:205] RPC server started. Bound to: 127.0.0.1:60717
I0517 05:08:40.240355 211 webserver.cc:173] Starting webserver on 127.0.0.1:35981
I0517 05:08:40.240463 211 webserver.cc:184] Document root disabled
I0517 05:08:40.241453 211 webserver.cc:311] Webserver started. Bound to: http://127.0.0.1:35981/
W0517 05:08:40.243710 453 reactor.cc:633] Failed to create an outbound connection to 255.255.255.255:1 because connect() failed: Network error: connect(2) error: Network is unreachable (error 101)
W0517 05:08:40.244091 519 heartbeater.cc:587] Failed to heartbeat to 255.255.255.255:1: Network error: Failed to ping master at 255.255.255.255:1: connect(2) error: Network is unreachable (error 101)
W0517 05:08:40.244499 453 reactor.cc:633] Failed to create an outbound connection to 255.255.255.255:1 because connect() failed: Network error: connect(2) error: Network is unreachable (error 101)
W0517 05:08:40.244897 519 heartbeater.cc:587] Failed to heartbeat to 255.255.255.255:1: Network error: Failed to ping master at 255.255.255.255:1: connect(2) error: Network is unreachable (error 101)
W0517 05:08:40.245272 453 reactor.cc:633] Failed to create an outbound connection to 255.255.255.255:1 because connect() failed: Network error: connect(2) error: Network is unreachable (error 101)
W0517 05:08:40.245570 519 heartbeater.cc:587] Failed to heartbeat to 255.255.255.255:1: Network error: Failed to ping master at 255.255.255.255:1: connect(2) error: Network is unreachable (error 101)
W0517 05:08:40.245709 519 heartbeater.cc:380] Failed 3 heartbeats in a row: no longer allowing fast heartbeat attempts.
I0517 05:08:40.248539 520 maintenance_manager.cc:249] Maintenance manager is disabled. Stopping thread.
I0517 05:08:40.248618 211 tablet_server.cc:144] TabletServer shutting down...
I0517 05:08:40.256094 452 messenger.cc:381] Service unavailable: service kudu.server.GenericService not registered on TabletServer
I0517 05:08:40.257779 452 messenger.cc:381] Service unavailable: service kudu.server.GenericService not registered on TabletServer
I0517 05:08:40.258707 452 messenger.cc:381] Service unavailable: service kudu.server.GenericService not registered on TabletServer
I0517 05:08:40.260108 452 messenger.cc:381] Service unavailable: service kudu.server.GenericService not registered on TabletServer
I0517 05:08:40.261237 452 messenger.cc:381] Service unavailable: service kudu.server.GenericService not registered on TabletServer
I0517 05:08:40.261234 211 ts_tablet_manager.cc:1118] Shutting down tablet manager...
I0517 05:08:40.261588 211 tablet_replica.cc:261] T TestTablet P 83863c023e1145ffbc918b5ba6e1a2c2: stopping tablet replica
I0517 05:08:40.261847 211 maintenance_manager.cc:237] P 83863c023e1145ffbc918b5ba6e1a2c2: Unregistered op CompactRowSetsOp(TestTablet)
I0517 05:08:40.262003 211 maintenance_manager.cc:237] P 83863c023e1145ffbc918b5ba6e1a2c2: Unregistered op MinorDeltaCompactionOp(TestTablet)
I0517 05:08:40.262156 211 maintenance_manager.cc:237] P 83863c023e1145ffbc918b5ba6e1a2c2: Unregistered op MajorDeltaCompactionOp(TestTablet)
I0517 05:08:40.262279 211 maintenance_manager.cc:237] P 83863c023e1145ffbc918b5ba6e1a2c2: Unregistered op UndoDeltaBlockGCOp(TestTablet)
I0517 05:08:40.262231 452 messenger.cc:381] Service unavailable: service kudu.server.GenericService not registered on TabletServer
I0517 05:08:40.262454 211 maintenance_manager.cc:237] P 83863c023e1145ffbc918b5ba6e1a2c2: Unregistered op FlushMRSOp(TestTablet)
I0517 05:08:40.262562 211 maintenance_manager.cc:237] P 83863c023e1145ffbc918b5ba6e1a2c2: Unregistered op FlushDeltaMemStoresOp(TestTablet)
I0517 05:08:40.262660 211 maintenance_manager.cc:237] P 83863c023e1145ffbc918b5ba6e1a2c2: Unregistered op LogGCOp(TestTablet)
I0517 05:08:40.262765 211 raft_consensus.cc:2016] T TestTablet P 83863c023e1145ffbc918b5ba6e1a2c2 [term 3 LEADER]: Raft consensus shutting down.
I0517 05:08:40.262971 211 raft_consensus.cc:2043] T TestTablet P 83863c023e1145ffbc918b5ba6e1a2c2 [term 3 FOLLOWER]: Raft consensus is shut down!
I0517 05:08:40.263309 452 messenger.cc:381] Service unavailable: service kudu.server.GenericService not registered on TabletServer
I0517 05:08:40.264410 452 messenger.cc:381] Service unavailable: service kudu.server.GenericService not registered on TabletServer
I0517 05:08:40.265182 452 messenger.cc:381] Service unavailable: service kudu.server.GenericService not registered on TabletServer
I0517 05:08:40.265918 452 messenger.cc:381] Service unavailable: service kudu.server.GenericService not registered on TabletServer
I0517 05:08:40.266758 452 messenger.cc:381] Service unavailable: service kudu.server.GenericService not registered on TabletServer
I0517 05:08:40.267647 452 messenger.cc:381] Service unavailable: service kudu.server.GenericService not registered on TabletServer
I0517 05:08:40.268473 452 messenger.cc:381] Service unavailable: service kudu.server.GenericService not registered on TabletServer
I0517 05:08:40.269454 452 messenger.cc:381] Service unavailable: service kudu.server.GenericService not registered on TabletServer
I0517 05:08:40.283033 211 tablet_server.cc:157] TabletServer shutdown complete.
I0517 05:08:40.283164 211 tablet_server.cc:144] TabletServer shutting down...
I0517 05:08:40.283367 211 tablet_server.cc:157] TabletServer shutdown complete.
I0517 05:08:40.294109 211 system_ntp.cc:143] NTP initialized. Skew: 500ppm Current error: 1040361us
I0517 05:08:40.294361 211 fs_manager.cc:260] Metadata directory not provided
I0517 05:08:40.294469 211 fs_manager.cc:263] Using existing metadata directory in first data directory
I0517 05:08:40.297232 211 fs_manager.cc:397] Time spent opening directory manager: real 0.002s user 0.000s sys 0.000s
I0517 05:08:40.298215 211 file_cache.cc:470] Constructed file cache lbm with capacity 26214
I0517 05:08:40.304960 211 fs_manager.cc:417] Time spent opening block manager: real 0.001s user 0.000s sys 0.004s
I0517 05:08:40.305115 211 fs_manager.cc:428] Opened local filesystem: /tmp/dist-test-taskWs1ZT3/test-tmp/tablet_server-test.0.TabletServerTest.TestStatus.1526533719119959-211/TabletServerTest-fsroot uuid: "83863c023e1145ffbc918b5ba6e1a2c2" format_stamp: "Formatted at 2018-05-17 05:08:39 on dist-test-slave-dist-test-slave-djmg"
