W0517 05:08:41.249222 818 reactor.cc:633] Failed to create an outbound connection to 255.255.255.255:1 because connect() failed: Network error: connect(2) error: Network is unreachable (error 101)
I0517 05:08:41.249320 885 maintenance_manager.cc:249] Maintenance manager is disabled. Stopping thread.
W0517 05:08:41.249626 884 heartbeater.cc:587] Failed to heartbeat to 255.255.255.255:1: Network error: Failed to ping master at 255.255.255.255:1: connect(2) error: Network is unreachable (error 101)
I0517 05:08:41.249698 211 tablet_server.cc:144] TabletServer shutting down...
W0517 05:08:41.249872 884 heartbeater.cc:380] Failed 3 heartbeats in a row: no longer allowing fast heartbeat attempts.
I0517 05:08:41.259963 819 messenger.cc:381] Service unavailable: service kudu.server.GenericService not registered on TabletServer
I0517 05:08:41.261322 819 messenger.cc:381] Service unavailable: service kudu.server.GenericService not registered on TabletServer
I0517 05:08:41.261816 211 ts_tablet_manager.cc:1118] Shutting down tablet manager...
I0517 05:08:41.262090 211 tablet_replica.cc:261] T TestTablet P 83863c023e1145ffbc918b5ba6e1a2c2: stopping tablet replica
I0517 05:08:41.262262 211 maintenance_manager.cc:237] P 83863c023e1145ffbc918b5ba6e1a2c2: Unregistered op CompactRowSetsOp(TestTablet)
I0517 05:08:41.262307 819 messenger.cc:381] Service unavailable: service kudu.server.GenericService not registered on TabletServer
I0517 05:08:41.262401 211 maintenance_manager.cc:237] P 83863c023e1145ffbc918b5ba6e1a2c2: Unregistered op MinorDeltaCompactionOp(TestTablet)
I0517 05:08:41.262521 211 maintenance_manager.cc:237] P 83863c023e1145ffbc918b5ba6e1a2c2: Unregistered op MajorDeltaCompactionOp(TestTablet)
I0517 05:08:41.262627 211 maintenance_manager.cc:237] P 83863c023e1145ffbc918b5ba6e1a2c2: Unregistered op UndoDeltaBlockGCOp(TestTablet)
I0517 05:08:41.262745 211 maintenance_manager.cc:237] P 83863c023e1145ffbc918b5ba6e1a2c2: Unregistered op FlushMRSOp(TestTablet)
I0517 05:08:41.262838 211 maintenance_manager.cc:237] P 83863c023e1145ffbc918b5ba6e1a2c2: Unregistered op FlushDeltaMemStoresOp(TestTablet)
I0517 05:08:41.262923 211 maintenance_manager.cc:237] P 83863c023e1145ffbc918b5ba6e1a2c2: Unregistered op LogGCOp(TestTablet)
I0517 05:08:41.263025 211 raft_consensus.cc:2016] T TestTablet P 83863c023e1145ffbc918b5ba6e1a2c2 [term 8 LEADER]: Raft consensus shutting down.
I0517 05:08:41.263219 211 raft_consensus.cc:2043] T TestTablet P 83863c023e1145ffbc918b5ba6e1a2c2 [term 8 FOLLOWER]: Raft consensus is shut down!
I0517 05:08:41.263418 819 messenger.cc:381] Service unavailable: service kudu.server.GenericService not registered on TabletServer
I0517 05:08:41.264415 819 messenger.cc:381] Service unavailable: service kudu.server.GenericService not registered on TabletServer
I0517 05:08:41.265422 819 messenger.cc:381] Service unavailable: service kudu.server.GenericService not registered on TabletServer
I0517 05:08:41.266402 819 messenger.cc:381] Service unavailable: service kudu.server.GenericService not registered on TabletServer
I0517 05:08:41.267366 819 messenger.cc:381] Service unavailable: service kudu.server.GenericService not registered on TabletServer
W0517 05:08:41.267673 819 connection.cc:419] Connection torn down before Call kudu.server.GenericService.GetStatus from 127.0.0.1:53676 (request call id 8) could send its response
I0517 05:08:41.272119 211 tablet_server.cc:157] TabletServer shutdown complete.
I0517 05:08:41.272238 211 tablet_server.cc:144] TabletServer shutting down...
I0517 05:08:41.272526 211 tablet_server.cc:157] TabletServer shutdown complete.
I0517 05:08:41.288238 211 system_ntp.cc:143] NTP initialized. Skew: 500ppm Current error: 1040861us
I0517 05:08:41.288674 211 fs_manager.cc:260] Metadata directory not provided
I0517 05:08:41.288838 211 fs_manager.cc:263] Using existing metadata directory in first data directory
I0517 05:08:41.291471 211 fs_manager.cc:397] Time spent opening directory manager: real 0.002s user 0.000s sys 0.000s
I0517 05:08:41.292598 211 file_cache.cc:470] Constructed file cache lbm with capacity 26214
I0517 05:08:41.302350 211 fs_manager.cc:417] Time spent opening block manager: real 0.001s user 0.000s sys 0.000s
I0517 05:08:41.302543 211 fs_manager.cc:428] Opened local filesystem: /tmp/dist-test-taskWs1ZT3/test-tmp/tablet_server-test.0.TabletServerTest.TestStatus.1526533719119959-211/TabletServerTest-fsroot uuid: "83863c023e1145ffbc918b5ba6e1a2c2" format_stamp: "Formatted at 2018-05-17 05:08:39 on dist-test-slave-dist-test-slave-djmg"
I0517 05:08:41.302829 211 fs_report.cc:347] Block manager report -------------------- 1 data directories: /tmp/dist-test-taskWs1ZT3/test-tmp/tablet_server-test.0.TabletServerTest.TestStatus.1526533719119959-211/TabletServerTest-fsroot/data Total live blocks: 0 Total live bytes: 0 Total live bytes (after alignment): 0 Total number of LBM containers: 0 (0 full) Did not check for missing blocks Did not check for orphaned blocks Total full LBM containers with extra space: 0 (0 repaired) Total full LBM container extra space in bytes: 0 (0 repaired) Total incomplete LBM containers: 0 (0 repaired) Total LBM partial records: 0 (0 repaired)
I0517 05:08:41.328708 211 ts_tablet_manager.cc:1005] T TestTablet P 83863c023e1145ffbc918b5ba6e1a2c2: Loading tablet metadata
I0517 05:08:41.331979 211 ts_tablet_manager.cc:356] Loaded tablet metadata (1 live tablets)
I0517 05:08:41.334795 211 ts_tablet_manager.cc:1173] T TestTablet P 83863c023e1145ffbc918b5ba6e1a2c2: Registered tablet (data state: TABLET_DATA_READY)
I0517 05:08:41.335865 896 ts_tablet_manager.cc:1028] T TestTablet P 83863c023e1145ffbc918b5ba6e1a2c2: Bootstrapping tablet
I0517 05:08:41.336215 896 tablet_bootstrap.cc:436] T TestTablet P 83863c023e1145ffbc918b5ba6e1a2c2: Bootstrap starting.
I0517 05:08:41.353471 896 tablet_bootstrap.cc:436] T TestTablet P 83863c023e1145ffbc918b5ba6e1a2c2: Bootstrap replayed 1/1 log segments. Stats: ops{read=8 overwritten=0 applied=8 ignored=0} inserts{seen=0 ignored=0} mutations{seen=0 ignored=0} orphaned_commits=0. Pending: 0 replicates
I0517 05:08:41.354229 896 tablet_bootstrap.cc:436] T TestTablet P 83863c023e1145ffbc918b5ba6e1a2c2: Bootstrap complete.
I0517 05:08:41.354696 896 ts_tablet_manager.cc:1045] T TestTablet P 83863c023e1145ffbc918b5ba6e1a2c2: Time spent bootstrapping tablet: real 0.019s user 0.004s sys 0.008s
I0517 05:08:41.355895 896 raft_consensus.cc:303] T TestTablet P 83863c023e1145ffbc918b5ba6e1a2c2 [term 8 FOLLOWER]: Replica starting. Triggering 0 pending transactions. Active config: opid_index: -1 peers { permanent_uuid: "83863c023e1145ffbc918b5ba6e1a2c2" member_type: VOTER last_known_addr { host: "127.0.0.1" port: 60717 } }
I0517 05:08:41.356346 896 raft_consensus.cc:604] T TestTablet P 83863c023e1145ffbc918b5ba6e1a2c2 [term 8 FOLLOWER]: Becoming Follower/Learner. State: Replica: 83863c023e1145ffbc918b5ba6e1a2c2, State: Initialized, Role: FOLLOWER
I0517 05:08:41.356863 896 consensus_queue.cc:227] T TestTablet P 83863c023e1145ffbc918b5ba6e1a2c2 [NON_LEADER]: Queue going to NON_LEADER mode. State: All replicated index: 0, Majority replicated index: 0, Committed index: 8, Last appended: 8.8, Last appended by leader: 8, Current term: 0, Majority size: -1, State: 0, Mode: NON_LEADER, active raft config: opid_index: -1 peers { permanent_uuid: "83863c023e1145ffbc918b5ba6e1a2c2" member_type: VOTER last_known_addr { host: "127.0.0.1" port: 60717 } }
I0517 05:08:41.357363 896 raft_consensus.cc:343] T TestTablet P 83863c023e1145ffbc918b5ba6e1a2c2 [term 8 FOLLOWER]: Only one voter in the Raft config. Triggering election immediately
I0517 05:08:41.357559 896 raft_consensus.cc:435] T TestTablet P 83863c023e1145ffbc918b5ba6e1a2c2 [term 8 FOLLOWER]: Starting leader election (initial election of a single-replica configuration)
I0517 05:08:41.357751 896 raft_consensus.cc:2704] T TestTablet P 83863c023e1145ffbc918b5ba6e1a2c2: Snoozing failure detection for 1.925s (starting election)
I0517 05:08:41.357939 896 raft_consensus.cc:2756] T TestTablet P 83863c023e1145ffbc918b5ba6e1a2c2 [term 8 FOLLOWER]: Advancing to term 9
I0517 05:08:41.362299 896 raft_consensus.cc:457] T TestTablet P 83863c023e1145ffbc918b5ba6e1a2c2 [term 9 FOLLOWER]: Starting leader election with config: opid_index: -1 peers { permanent_uuid: "83863c023e1145ffbc918b5ba6e1a2c2" member_type: VOTER last_known_addr { host: "127.0.0.1" port: 60717 } }
I0517 05:08:41.362834 896 leader_election.cc:270] T TestTablet P 83863c023e1145ffbc918b5ba6e1a2c2 [CANDIDATE]: Term 9 election: Election decided. Result: candidate won.
I0517 05:08:41.364450 907 raft_consensus.cc:2704] T TestTablet P 83863c023e1145ffbc918b5ba6e1a2c2: Snoozing failure detection for 1.853s (election complete)
I0517 05:08:41.364740 907 raft_consensus.cc:2511] T TestTablet P 83863c023e1145ffbc918b5ba6e1a2c2 [term 9 FOLLOWER]: Leader election won for term 9
I0517 05:08:41.366209 896 ts_tablet_manager.cc:1073] T TestTablet P 83863c023e1145ffbc918b5ba6e1a2c2: Time spent starting tablet: real 0.011s user 0.012s sys 0.000s
I0517 05:08:41.370093 907 raft_consensus.cc:571] T TestTablet P 83863c023e1145ffbc918b5ba6e1a2c2 [term 9 LEADER]: Becoming Leader. State: Replica: 83863c023e1145ffbc918b5ba6e1a2c2, State: Running, Role: LEADER
I0517 05:08:41.370553 907 consensus_queue.cc:204] T TestTablet P 83863c023e1145ffbc918b5ba6e1a2c2 [LEADER]: Queue going to LEADER mode. State: All replicated index: 0, Majority replicated index: 8, Committed index: 8, Last appended: 8.8, Last appended by leader: 8, Current term: 9, Majority size: 1, State: 0, Mode: LEADER, active raft config: opid_index: -1 peers { permanent_uuid: "83863c023e1145ffbc918b5ba6e1a2c2" member_type: VOTER last_known_addr { host: "127.0.0.1" port: 60717 } }
I0517 05:08:41.399703 211 rpc_server.cc:205] RPC server started. Bound to: 127.0.0.1:60717
I0517 05:08:41.400454 211 webserver.cc:173] Starting webserver on 127.0.0.1:35981
I0517 05:08:41.400547 211 webserver.cc:184] Document root disabled
I0517 05:08:41.401559 211 webserver.cc:311] Webserver started. Bound to: http://127.0.0.1:35981/
W0517 05:08:41.402853 890 reactor.cc:633] Failed to create an outbound connection to 255.255.255.255:1 because connect() failed: Network error: connect(2) error: Network is unreachable (error 101)
W0517 05:08:41.403334 956 heartbeater.cc:587] Failed to heartbeat to 255.255.255.255:1: Network error: Failed to ping master at 255.255.255.255:1: connect(2) error: Network is unreachable (error 101)
I0517 05:08:41.403406 958 maintenance_manager.cc:249] Maintenance manager is disabled. Stopping thread.
I0517 05:08:41.403475 211 tablet_server.cc:144] TabletServer shutting down...
W0517 05:08:41.403910 890 reactor.cc:633] Failed to create an outbound connection to 255.255.255.255:1 because connect() failed: Network error: connect(2) error: Network is unreachable (error 101)
W0517 05:08:41.404309 956 heartbeater.cc:587] Failed to heartbeat to 255.255.255.255:1: Network error: Failed to ping master at 255.255.255.255:1: connect(2) error: Network is unreachable (error 101)
W0517 05:08:41.405807 890 reactor.cc:633] Failed to create an outbound connection to 255.255.255.255:1 because connect() failed: Network error: connect(2) error: Network is unreachable (error 101)
W0517 05:08:41.406302 956 heartbeater.cc:587] Failed to heartbeat to 255.255.255.255:1: Network error: Failed to ping master at 255.255.255.255:1: connect(2) error: Network is unreachable (error 101)
W0517 05:08:41.406699 956 heartbeater.cc:380] Failed 3 heartbeats in a row: no longer allowing fast heartbeat attempts.
I0517 05:08:41.418366 888 messenger.cc:381] Service unavailable: service kudu.server.GenericService not registered on TabletServer
I0517 05:08:41.419190 211 ts_tablet_manager.cc:1118] Shutting down tablet manager...
I0517 05:08:41.419509 211 tablet_replica.cc:261] T TestTablet P 83863c023e1145ffbc918b5ba6e1a2c2: stopping tablet replica
I0517 05:08:41.419618 888 messenger.cc:381] Service unavailable: service kudu.server.GenericService not registered on TabletServer
I0517 05:08:41.419746 211 maintenance_manager.cc:237] P 83863c023e1145ffbc918b5ba6e1a2c2: Unregistered op CompactRowSetsOp(TestTablet)
I0517 05:08:41.419925 211 maintenance_manager.cc:237] P 83863c023e1145ffbc918b5ba6e1a2c2: Unregistered op MinorDeltaCompactionOp(TestTablet)
I0517 05:08:41.420083 211 maintenance_manager.cc:237] P 83863c023e1145ffbc918b5ba6e1a2c2: Unregistered op MajorDeltaCompactionOp(TestTablet)
I0517 05:08:41.420202 211 maintenance_manager.cc:237] P 83863c023e1145ffbc918b5ba6e1a2c2: Unregistered op UndoDeltaBlockGCOp(TestTablet)
I0517 05:08:41.420348 211 maintenance_manager.cc:237] P 83863c023e1145ffbc918b5ba6e1a2c2: Unregistered op FlushMRSOp(TestTablet)
I0517 05:08:41.420446 211 maintenance_manager.cc:237] P 83863c023e1145ffbc918b5ba6e1a2c2: Unregistered op FlushDeltaMemStoresOp(TestTablet)
I0517 05:08:41.420538 211 maintenance_manager.cc:237] P 83863c023e1145ffbc918b5ba6e1a2c2: Unregistered op LogGCOp(TestTablet)
I0517 05:08:41.420651 211 raft_consensus.cc:2016] T TestTablet P 83863c023e1145ffbc918b5ba6e1a2c2 [term 9 LEADER]: Raft consensus shutting down.
I0517 05:08:41.420816 888 messenger.cc:381] Service unavailable: service kudu.server.GenericService not registered on TabletServer
I0517 05:08:41.420852 211 raft_consensus.cc:2043] T TestTablet P 83863c023e1145ffbc918b5ba6e1a2c2 [term 9 FOLLOWER]: Raft consensus is shut down!
I0517 05:08:41.421886 888 messenger.cc:381] Service unavailable: service kudu.server.GenericService not registered on TabletServer
I0517 05:08:41.422812 888 messenger.cc:381] Service unavailable: service kudu.server.GenericService not registered on TabletServer
I0517 05:08:41.423769 888 messenger.cc:381] Service unavailable: service kudu.server.GenericService not registered on TabletServer
W0517 05:08:41.424067 888 connection.cc:419] Connection torn down before Call kudu.server.GenericService.GetStatus from 127.0.0.1:53834 (request call id 6) could send its response
I0517 05:08:41.429227 211 tablet_server.cc:157] TabletServer shutdown complete.
I0517 05:08:41.429378 211 tablet_server.cc:144] TabletServer shutting down...
I0517 05:08:41.429633 211 tablet_server.cc:157] TabletServer shutdown complete.
I0517 05:08:41.441191 211 system_ntp.cc:143] NTP initialized. Skew: 500ppm Current error: 1040861us
I0517 05:08:41.441574 211 fs_manager.cc:260] Metadata directory not provided
I0517 05:08:41.441695 211 fs_manager.cc:263] Using existing metadata directory in first data directory
I0517 05:08:41.444084 211 fs_manager.cc:397] Time spent opening directory manager: real 0.002s user 0.004s sys 0.000s
I0517 05:08:41.445233 211 file_cache.cc:470] Constructed file cache lbm with capacity 26214
I0517 05:08:41.454653 211 fs_manager.cc:417] Time spent opening block manager: real 0.001s user 0.000s sys 0.000s
I0517 05:08:41.454795 211 fs_manager.cc:428] Opened local filesystem: /tmp/dist-test-taskWs1ZT3/test-tmp/tablet_server-test.0.TabletServerTest.TestStatus.1526533719119959-211/TabletServerTest-fsroot uuid: "83863c023e1145ffbc918b5ba6e1a2c2" format_stamp: "Formatted at 2018-05-17 05:08:39 on dist-test-slave-dist-test-slave-djmg"
I0517 05:08:41.454994 211 fs_report.cc:347] Block manager report -------------------- 1 data directories: /tmp/dist-test-taskWs1ZT3/test-tmp/tablet_server-test.0.TabletServerTest.TestStatus.1526533719119959-211/TabletServerTest-fsroot/data Total live blocks: 0 Total live bytes: 0 Total live bytes (after alignment): 0 Total number of LBM containers: 0 (0 full) Did not check for missing blocks Did not check for orphaned blocks Total full LBM containers with extra space: 0 (0 repaired) Total full LBM container extra space in bytes: 0 (0 repaired) Total incomplete LBM containers: 0 (0 repaired) Total LBM partial records: 0 (0 repaired)
I0517 05:08:41.482182 211 ts_tablet_manager.cc:1005] T TestTablet P 83863c023e1145ffbc918b5ba6e1a2c2: Loading tablet metadata
I0517 05:08:41.485607 211 ts_tablet_manager.cc:356] Loaded tablet metadata (1 live tablets)
I0517 05:08:41.488369 211 ts_tablet_manager.cc:1173] T TestTablet P 83863c023e1145ffbc918b5ba6e1a2c2: Registered tablet (data state: TABLET_DATA_READY)
I0517 05:08:41.489845 969 ts_tablet_manager.cc:1028] T TestTablet P 83863c023e1145ffbc918b5ba6e1a2c2: Bootstrapping tablet
I0517 05:08:41.490237 969 tablet_bootstrap.cc:436] T TestTablet P 83863c023e1145ffbc918b5ba6e1a2c2: Bootstrap starting.
I0517 05:08:41.505203 969 tablet_bootstrap.cc:436] T TestTablet P 83863c023e1145ffbc918b5ba6e1a2c2: Bootstrap replayed 1/1 log segments. Stats: ops{read=9 overwritten=0 applied=9 ignored=0} inserts{seen=0 ignored=0} mutations{seen=0 ignored=0} orphaned_commits=0. Pending: 0 replicates
I0517 05:08:41.505992 969 tablet_bootstrap.cc:436] T TestTablet P 83863c023e1145ffbc918b5ba6e1a2c2: Bootstrap complete.
I0517 05:08:41.506407 969 ts_tablet_manager.cc:1045] T TestTablet P 83863c023e1145ffbc918b5ba6e1a2c2: Time spent bootstrapping tablet: real 0.016s user 0.012s sys 0.000s
I0517 05:08:41.507659 969 raft_consensus.cc:303] T TestTablet P 83863c023e1145ffbc918b5ba6e1a2c2 [term 9 FOLLOWER]: Replica starting. Triggering 0 pending transactions. Active config: opid_index: -1 peers { permanent_uuid: "83863c023e1145ffbc918b5ba6e1a2c2" member_type: VOTER last_known_addr { host: "127.0.0.1" port: 60717 } }
I0517 05:08:41.508373 969 raft_consensus.cc:604] T TestTablet P 83863c023e1145ffbc918b5ba6e1a2c2 [term 9 FOLLOWER]: Becoming Follower/Learner. State: Replica: 83863c023e1145ffbc918b5ba6e1a2c2, State: Initialized, Role: FOLLOWER
I0517 05:08:41.508932 969 consensus_queue.cc:227] T TestTablet P 83863c023e1145ffbc918b5ba6e1a2c2 [NON_LEADER]: Queue going to NON_LEADER mode. State: All replicated index: 0, Majority replicated index: 0, Committed index: 9, Last appended: 9.9, Last appended by leader: 9, Current term: 0, Majority size: -1, State: 0, Mode: NON_LEADER, active raft config: opid_index: -1 peers { permanent_uuid: "83863c023e1145ffbc918b5ba6e1a2c2" member_type: VOTER last_known_addr { host: "127.0.0.1" port: 60717 } }
I0517 05:08:41.509464 969 raft_consensus.cc:343] T TestTablet P 83863c023e1145ffbc918b5ba6e1a2c2 [term 9 FOLLOWER]: Only one voter in the Raft config. Triggering election immediately
I0517 05:08:41.509619 969 raft_consensus.cc:435] T TestTablet P 83863c023e1145ffbc918b5ba6e1a2c2 [term 9 FOLLOWER]: Starting leader election (initial election of a single-replica configuration)
I0517 05:08:41.509841 969 raft_consensus.cc:2704] T TestTablet P 83863c023e1145ffbc918b5ba6e1a2c2: Snoozing failure detection for 1.709s (starting election)
I0517 05:08:41.510054 969 raft_consensus.cc:2756] T TestTablet P 83863c023e1145ffbc918b5ba6e1a2c2 [term 9 FOLLOWER]: Advancing to term 10
I0517 05:08:41.514456 969 raft_consensus.cc:457] T TestTablet P 83863c023e1145ffbc918b5ba6e1a2c2 [term 10 FOLLOWER]: Starting leader election with config: opid_index: -1 peers { permanent_uuid: "83863c023e1145ffbc918b5ba6e1a2c2" member_type: VOTER last_known_addr { host: "127.0.0.1" port: 60717 } }
I0517 05:08:41.514907 969 leader_election.cc:270] T TestTablet P 83863c023e1145ffbc918b5ba6e1a2c2 [CANDIDATE]: Term 10 election: Election decided. Result: candidate won.
I0517 05:08:41.526506 979 raft_consensus.cc:2704] T TestTablet P 83863c023e1145ffbc918b5ba6e1a2c2: Snoozing failure detection for 1.679s (election complete)
I0517 05:08:41.526772 979 raft_consensus.cc:2511] T TestTablet P 83863c023e1145ffbc918b5ba6e1a2c2 [term 10 FOLLOWER]: Leader election won for term 10
I0517 05:08:41.527966 969 ts_tablet_manager.cc:1073] T TestTablet P 83863c023e1145ffbc918b5ba6e1a2c2: Time spent starting tablet: real 0.021s user 0.008s sys 0.012s
I0517 05:08:41.528836 979 raft_consensus.cc:571] T TestTablet P 83863c023e1145ffbc918b5ba6e1a2c2 [term 10 LEADER]: Becoming Leader. State: Replica: 83863c023e1145ffbc918b5ba6e1a2c2, State: Running, Role: LEADER
I0517 05:08:41.529319 979 consensus_queue.cc:204] T TestTablet P 83863c023e1145ffbc918b5ba6e1a2c2 [LEADER]: Queue going to LEADER mode. State: All replicated index: 0, Majority replicated index: 9, Committed index: 9, Last appended: 9.9, Last appended by leader: 9, Current term: 10, Majority size: 1, State: 0, Mode: LEADER, active raft config: opid_index: -1 peers { permanent_uuid: "83863c023e1145ffbc918b5ba6e1a2c2" member_type: VOTER last_known_addr { host: "127.0.0.1" port: 60717 } }
I0517 05:08:41.558523 211 rpc_server.cc:205] RPC server started. Bound to: 127.0.0.1:60717
I0517 05:08:41.559667 211 webserver.cc:173] Starting webserver on 127.0.0.1:35981
I0517 05:08:41.559840 211 webserver.cc:184] Document root disabled
I0517 05:08:41.561058 211 webserver.cc:311] Webserver started. Bound to: http://127.0.0.1:35981/
W0517 05:08:41.562276 963 reactor.cc:633] Failed to create an outbound connection to 255.255.255.255:1 because connect() failed: Network error: connect(2) error: Network is unreachable (error 101)
W0517 05:08:41.562680 1030 heartbeater.cc:587] Failed to heartbeat to 255.255.255.255:1: Network error: Failed to ping master at 255.255.255.255:1: connect(2) error: Network is unreachable (error 101)
I0517 05:08:41.562917 1031 maintenance_manager.cc:249] Maintenance manager is disabled. Stopping thread.
I0517 05:08:41.562995 211 tablet_server.cc:144] TabletServer shutting down...
W0517 05:08:41.563233 963 reactor.cc:633] Failed to create an outbound connection to 255.255.255.255:1 because connect() failed: Network error: connect(2) error: Network is unreachable (error 101)
W0517 05:08:41.563721 1030 heartbeater.cc:587] Failed to heartbeat to 255.255.255.255:1: Network error: Failed to ping master at 255.255.255.255:1: connect(2) error: Network is unreachable (error 101)
W0517 05:08:41.564702 963 reactor.cc:633] Failed to create an outbound connection to 255.255.255.255:1 because connect() failed: Network error: connect(2) error: Network is unreachable (error 101)
W0517 05:08:41.565434 1030 heartbeater.cc:587] Failed to heartbeat to 255.255.255.255:1: Network error: Failed to ping master at 255.255.255.255:1: connect(2) error: Network is unreachable (error 101)
W0517 05:08:41.565678 1030 heartbeater.cc:380] Failed 3 heartbeats in a row: no longer allowing fast heartbeat attempts.
I0517 05:08:41.573155 961 messenger.cc:381] Service unavailable: service kudu.server.GenericService not registered on TabletServer
I0517 05:08:41.574249 961 messenger.cc:381] Service unavailable: service kudu.server.GenericService not registered on TabletServer
I0517 05:08:41.575925 961 messenger.cc:381] Service unavailable: service kudu.server.GenericService not registered on TabletServer
I0517 05:08:41.577142 961 messenger.cc:381] Service unavailable: service kudu.server.GenericService not registered on TabletServer
I0517 05:08:41.578774 961 messenger.cc:381] Service unavailable: service kudu.server.GenericService not registered on TabletServer
I0517 05:08:41.578791 211 ts_tablet_manager.cc:1118] Shutting down tablet manager...
I0517 05:08:41.579104 211 tablet_replica.cc:261] T TestTablet P 83863c023e1145ffbc918b5ba6e1a2c2: stopping tablet replica
I0517 05:08:41.579339 211 maintenance_manager.cc:237] P 83863c023e1145ffbc918b5ba6e1a2c2: Unregistered op CompactRowSetsOp(TestTablet)
I0517 05:08:41.579493 211 maintenance_manager.cc:237] P 83863c023e1145ffbc918b5ba6e1a2c2: Unregistered op MinorDeltaCompactionOp(TestTablet)
I0517 05:08:41.579638 211 maintenance_manager.cc:237] P 83863c023e1145ffbc918b5ba6e1a2c2: Unregistered op MajorDeltaCompactionOp(TestTablet)
I0517 05:08:41.579797 211 maintenance_manager.cc:237] P 83863c023e1145ffbc918b5ba6e1a2c2: Unregistered op UndoDeltaBlockGCOp(TestTablet)
I0517 05:08:41.579926 211 maintenance_manager.cc:237] P 83863c023e1145ffbc918b5ba6e1a2c2: Unregistered op FlushMRSOp(TestTablet)
I0517 05:08:41.580021 211 maintenance_manager.cc:237] P 83863c023e1145ffbc918b5ba6e1a2c2: Unregistered op FlushDeltaMemStoresOp(TestTablet)
I0517 05:08:41.580109 211 maintenance_manager.cc:237] P 83863c023e1145ffbc918b5ba6e1a2c2: Unregistered op LogGCOp(TestTablet)
I0517 05:08:41.580159 961 messenger.cc:381] Service unavailable: service kudu.server.GenericService not registered on TabletServer
I0517 05:08:41.580211 211 raft_consensus.cc:2016] T TestTablet P 83863c023e1145ffbc918b5ba6e1a2c2 [term 10 LEADER]: Raft consensus shutting down.
I0517 05:08:41.580466 211 raft_consensus.cc:2043] T TestTablet P 83863c023e1145ffbc918b5ba6e1a2c2 [term 10 FOLLOWER]: Raft consensus is shut down!
I0517 05:08:41.581645 961 messenger.cc:381] Service unavailable: service kudu.server.GenericService not registered on TabletServer
I0517 05:08:41.582676 961 messenger.cc:381] Service unavailable: service kudu.server.GenericService not registered on TabletServer
I0517 05:08:41.583681 961 messenger.cc:381] Service unavailable: service kudu.server.GenericService not registered on TabletServer
W0517 05:08:41.583940 961 connection.cc:419] Connection torn down before Call kudu.server.GenericService.GetStatus from 127.0.0.1:53983 (request call id 9) could send its response
I0517 05:08:41.588939 211 tablet_server.cc:157] TabletServer shutdown complete.
I0517 05:08:41.589066 211 tablet_server.cc:144] TabletServer shutting down...
I0517 05:08:41.589287 211 tablet_server.cc:157] TabletServer shutdown complete.
I0517 05:08:41.604373 211 system_ntp.cc:143] NTP initialized. Skew: 500ppm Current error: 1040861us
I0517 05:08:41.604789 211 fs_manager.cc:260] Metadata directory not provided
I0517 05:08:41.604985 211 fs_manager.cc:263] Using existing metadata directory in first data directory
I0517 05:08:41.607525 211 fs_manager.cc:397] Time spent opening directory manager: real 0.002s user 0.000s sys 0.000s
I0517 05:08:41.608615 211 file_cache.cc:470] Constructed file cache lbm with capacity 26214
I0517 05:08:41.618026 211 fs_manager.cc:417] Time spent opening block manager: real 0.001s user 0.000s sys 0.000s
I0517 05:08:41.618216 211 fs_manager.cc:428] Opened local filesystem: /tmp/dist-test-taskWs1ZT3/test-tmp/tablet_server-test.0.TabletServerTest.TestStatus.1526533719119959-211/TabletServerTest-fsroot uuid: "83863c023e1145ffbc918b5ba6e1a2c2" format_stamp: "Formatted at 2018-05-17 05:08:39 on dist-test-slave-dist-test-slave-djmg"
I0517 05:08:41.618507 211 fs_report.cc:347] Block manager report -------------------- 1 data directories: /tmp/dist-test-taskWs1ZT3/test-tmp/tablet_server-test.0.TabletServerTest.TestStatus.1526533719119959-211/TabletServerTest-fsroot/data Total live blocks: 0 Total live bytes: 0 Total live bytes (after alignment): 0 Total number of LBM containers: 0 (0 full) Did not check for missing blocks Did not check for orphaned blocks Total full LBM containers with extra space: 0 (0 repaired) Total full LBM container extra space in bytes: 0 (0 repaired) Total incomplete LBM containers: 0 (0 repaired) Total LBM partial records: 0 (0 repaired)
I0517 05:08:41.660059 211 ts_tablet_manager.cc:1005] T TestTablet P 83863c023e1145ffbc918b5ba6e1a2c2: Loading tablet metadata
I0517 05:08:41.663388 211 ts_tablet_manager.cc:356] Loaded tablet metadata (1 live tablets)
I0517 05:08:41.666213 211 ts_tablet_manager.cc:1173] T TestTablet P 83863c023e1145ffbc918b5ba6e1a2c2: Registered tablet (data state: TABLET_DATA_READY)
I0517 05:08:41.668340 1042 ts_tablet_manager.cc:1028] T TestTablet P 83863c023e1145ffbc918b5ba6e1a2c2: Bootstrapping tablet
I0517 05:08:41.669257 1042 tablet_bootstrap.cc:436] T TestTablet P 83863c023e1145ffbc918b5ba6e1a2c2: Bootstrap starting.
I0517 05:08:41.696305 1042 tablet_bootstrap.cc:436] T TestTablet P 83863c023e1145ffbc918b5ba6e1a2c2: Bootstrap replayed 1/1 log segments. Stats: ops{read=10 overwritten=0 applied=10 ignored=0} inserts{seen=0 ignored=0} mutations{seen=0 ignored=0} orphaned_commits=0. Pending: 0 replicates
I0517 05:08:41.696908 1042 tablet_bootstrap.cc:436] T TestTablet P 83863c023e1145ffbc918b5ba6e1a2c2: Bootstrap complete.
I0517 05:08:41.697221 1042 ts_tablet_manager.cc:1045] T TestTablet P 83863c023e1145ffbc918b5ba6e1a2c2: Time spent bootstrapping tablet: real 0.029s user 0.008s sys 0.004s
I0517 05:08:41.698103 1042 raft_consensus.cc:303] T TestTablet P 83863c023e1145ffbc918b5ba6e1a2c2 [term 10 FOLLOWER]: Replica starting. Triggering 0 pending transactions. Active config: opid_index: -1 peers { permanent_uuid: "83863c023e1145ffbc918b5ba6e1a2c2" member_type: VOTER last_known_addr { host: "127.0.0.1" port: 60717 } }
I0517 05:08:41.698437 1042 raft_consensus.cc:604] T TestTablet P 83863c023e1145ffbc918b5ba6e1a2c2 [term 10 FOLLOWER]: Becoming Follower/Learner. State: Replica: 83863c023e1145ffbc918b5ba6e1a2c2, State: Initialized, Role: FOLLOWER
I0517 05:08:41.698786 1042 consensus_queue.cc:227] T TestTablet P 83863c023e1145ffbc918b5ba6e1a2c2 [NON_LEADER]: Queue going to NON_LEADER mode. State: All replicated index: 0, Majority replicated index: 0, Committed index: 10, Last appended: 10.10, Last appended by leader: 10, Current term: 0, Majority size: -1, State: 0, Mode: NON_LEADER, active raft config: opid_index: -1 peers { permanent_uuid: "83863c023e1145ffbc918b5ba6e1a2c2" member_type: VOTER last_known_addr { host: "127.0.0.1" port: 60717 } }
I0517 05:08:41.699148 1042 raft_consensus.cc:343] T TestTablet P 83863c023e1145ffbc918b5ba6e1a2c2 [term 10 FOLLOWER]: Only one voter in the Raft config. Triggering election immediately
I0517 05:08:41.699285 1042 raft_consensus.cc:435] T TestTablet P 83863c023e1145ffbc918b5ba6e1a2c2 [term 10 FOLLOWER]: Starting leader election (initial election of a single-replica configuration)
I0517 05:08:41.699422 1042 raft_consensus.cc:2704] T TestTablet P 83863c023e1145ffbc918b5ba6e1a2c2: Snoozing failure detection for 2.133s (starting election)
I0517 05:08:41.699556 1042 raft_consensus.cc:2756] T TestTablet P 83863c023e1145ffbc918b5ba6e1a2c2 [term 10 FOLLOWER]: Advancing to term 11
I0517 05:08:41.702628 1042 raft_consensus.cc:457] T TestTablet P 83863c023e1145ffbc918b5ba6e1a2c2 [term 11 FOLLOWER]: Starting leader election with config: opid_index: -1 peers { permanent_uuid: "83863c023e1145ffbc918b5ba6e1a2c2" member_type: VOTER last_known_addr { host: "127.0.0.1" port: 60717 } }
I0517 05:08:41.703023 1042 leader_election.cc:270] T TestTablet P 83863c023e1145ffbc918b5ba6e1a2c2 [CANDIDATE]: Term 11 election: Election decided. Result: candidate won.
I0517 05:08:41.713402 1045 raft_consensus.cc:2704] T TestTablet P 83863c023e1145ffbc918b5ba6e1a2c2: Snoozing failure detection for 2.034s (election complete)
I0517 05:08:41.714329 1045 raft_consensus.cc:2511] T TestTablet P 83863c023e1145ffbc918b5ba6e1a2c2 [term 11 FOLLOWER]: Leader election won for term 11
I0517 05:08:41.717821 1045 raft_consensus.cc:571] T TestTablet P 83863c023e1145ffbc918b5ba6e1a2c2 [term 11 LEADER]: Becoming Leader. State: Replica: 83863c023e1145ffbc918b5ba6e1a2c2, State: Running, Role: LEADER
I0517 05:08:41.718238 1045 consensus_queue.cc:204] T TestTablet P 83863c023e1145ffbc918b5ba6e1a2c2 [LEADER]: Queue going to LEADER mode. State: All replicated index: 0, Majority replicated index: 10, Committed index: 10, Last appended: 10.10, Last appended by leader: 10, Current term: 11, Majority size: 1, State: 0, Mode: LEADER, active raft config: opid_index: -1 peers { permanent_uuid: "83863c023e1145ffbc918b5ba6e1a2c2" member_type: VOTER last_known_addr { host: "127.0.0.1" port: 60717 } }
I0517 05:08:41.724388 1042 ts_tablet_manager.cc:1073] T TestTablet P 83863c023e1145ffbc918b5ba6e1a2c2: Time spent starting tablet: real 0.027s user 0.016s sys 0.008s
I0517 05:08:41.757897 211 rpc_server.cc:205] RPC server started. Bound to: 127.0.0.1:60717
I0517 05:08:41.759032 211 webserver.cc:173] Starting webserver on 127.0.0.1:35981
I0517 05:08:41.759197 211 webserver.cc:184] Document root disabled
I0517 05:08:41.760206 211 webserver.cc:311] Webserver started. Bound to: http://127.0.0.1:35981/
W0517 05:08:41.761406 1036 reactor.cc:633] Failed to create an outbound connection to 255.255.255.255:1 because connect() failed: Network error: connect(2) error: Network is unreachable (error 101)
W0517 05:08:41.761847 1103 heartbeater.cc:587] Failed to heartbeat to 255.255.255.255:1: Network error: Failed to ping master at 255.255.255.255:1: connect(2) error: Network is unreachable (error 101)
W0517 05:08:41.762310 1036 reactor.cc:633] Failed to create an outbound connection to 255.255.255.255:1 because connect() failed: Network error: connect(2) error: Network is unreachable (error 101)
W0517 05:08:41.762663 1103 heartbeater.cc:587] Failed to heartbeat to 255.255.255.255:1: Network error: Failed to ping master at 255.255.255.255:1: connect(2) error: Network is unreachable (error 101)
W0517 05:08:41.763067 1036 reactor.cc:633] Failed to create an outbound connection to 255.255.255.255:1 because connect() failed: Network error: connect(2) error: Network is unreachable (error 101)
W0517 05:08:41.763417 1103 heartbeater.cc:587] Failed to heartbeat to 255.255.255.255:1: Network error: Failed to ping master at 255.255.255.255:1: connect(2) error: Network is unreachable (error 101)
W0517 05:08:41.763600 1103 heartbeater.cc:380] Failed 3 heartbeats in a row: no longer allowing fast heartbeat attempts.
I0517 05:08:41.764292 1104 maintenance_manager.cc:249] Maintenance manager is disabled. Stopping thread.
I0517 05:08:41.766999 211 tablet_server.cc:144] TabletServer shutting down...
I0517 05:08:41.778679 211 ts_tablet_manager.cc:1118] Shutting down tablet manager...
I0517 05:08:41.778990 211 tablet_replica.cc:261] T TestTablet P 83863c023e1145ffbc918b5ba6e1a2c2: stopping tablet replica
I0517 05:08:41.779259 211 maintenance_manager.cc:237] P 83863c023e1145ffbc918b5ba6e1a2c2: Unregistered op CompactRowSetsOp(TestTablet)
I0517 05:08:41.779424 211 maintenance_manager.cc:237] P 83863c023e1145ffbc918b5ba6e1a2c2: Unregistered op MinorDeltaCompactionOp(TestTablet)
I0517 05:08:41.779563 211 maintenance_manager.cc:237] P 83863c023e1145ffbc918b5ba6e1a2c2: Unregistered op MajorDeltaCompactionOp(TestTablet)
I0517 05:08:41.779664 211 maintenance_manager.cc:237] P 83863c023e1145ffbc918b5ba6e1a2c2: Unregistered op UndoDeltaBlockGCOp(TestTablet)
I0517 05:08:41.779785 211 maintenance_manager.cc:237] P 83863c023e1145ffbc918b5ba6e1a2c2: Unregistered op FlushMRSOp(TestTablet)
I0517 05:08:41.779878 211 maintenance_manager.cc:237] P 83863c023e1145ffbc918b5ba6e1a2c2: Unregistered op FlushDeltaMemStoresOp(TestTablet)
I0517 05:08:41.779974 211 maintenance_manager.cc:237] P 83863c023e1145ffbc918b5ba6e1a2c2: Unregistered op LogGCOp(TestTablet)
I0517 05:08:41.780077 211 raft_consensus.cc:2016] T TestTablet P 83863c023e1145ffbc918b5ba6e1a2c2 [term 11 LEADER]: Raft consensus shutting down.
I0517 05:08:41.780292 211 raft_consensus.cc:2043] T TestTablet P 83863c023e1145ffbc918b5ba6e1a2c2 [term 11 FOLLOWER]: Raft consensus is shut down!
I0517 05:08:41.788024 211 tablet_server.cc:157] TabletServer shutdown complete.
I0517 05:08:41.788166 211 tablet_server.cc:144] TabletServer shutting down...
I0517 05:08:41.788370 211 tablet_server.cc:157] TabletServer shutdown complete. [ OK ] TabletServerTest.TestStatus (2052 ms) [ RUN ] TabletServerTest.TestServerClock
I0517 05:08:41.806831 211 system_ntp.cc:143] NTP initialized. Skew: 500ppm Current error: 1040861us
I0517 05:08:41.807128 211 fs_manager.cc:260] Metadata directory not provided
I0517 05:08:41.807245 211 fs_manager.cc:266] Using write-ahead log directory (fs_wal_dir) as metadata directory
I0517 05:08:41.807386 211 server_base.cc:432] Could not load existing FS layout: Not found: /tmp/dist-test-taskWs1ZT3/test-tmp/tablet_server-test.0.TabletServerTest.TestServerClock.1526533719119959-211/TabletServerTest-fsroot/instance: No such file or directory (error 2)
I0517 05:08:41.807482 211 server_base.cc:433] Attempting to create new FS layout instead
I0517 05:08:41.813086 211 fs_manager.cc:595] Generated new instance metadata in path /tmp/dist-test-taskWs1ZT3/test-tmp/tablet_server-test.0.TabletServerTest.TestServerClock.1526533719119959-211/TabletServerTest-fsroot/instance: uuid: "f0c44e1c8f864ee9bffaebe9145b90b9" format_stamp: "Formatted at 2018-05-17 05:08:41 on dist-test-slave-dist-test-slave-djmg"
I0517 05:08:41.820704 211 fs_manager.cc:495] Time spent creating directory manager: real 0.007s user 0.008s sys 0.000s
I0517 05:08:41.821888 211 file_cache.cc:470] Constructed file cache lbm with capacity 26214
I0517 05:08:41.827987 211 fs_manager.cc:417] Time spent opening block manager: real 0.001s user 0.000s sys 0.000s
I0517 05:08:41.828156 211 fs_manager.cc:428] Opened local filesystem: /tmp/dist-test-taskWs1ZT3/test-tmp/tablet_server-test.0.TabletServerTest.TestServerClock.1526533719119959-211/TabletServerTest-fsroot uuid: "f0c44e1c8f864ee9bffaebe9145b90b9" format_stamp: "Formatted at 2018-05-17 05:08:41 on dist-test-slave-dist-test-slave-djmg"
I0517 05:08:41.828356 211 fs_report.cc:347] Block manager report -------------------- 1 data directories: /tmp/dist-test-taskWs1ZT3/test-tmp/tablet_server-test.0.TabletServerTest.TestServerClock.1526533719119959-211/TabletServerTest-fsroot/data Total live blocks: 0 Total live bytes: 0 Total live bytes (after alignment): 0 Total number of LBM containers: 0 (0 full) Did not check for missing blocks Did not check for orphaned blocks Total full LBM containers with extra space: 0 (0 repaired) Total full LBM container extra space in bytes: 0 (0 repaired) Total incomplete LBM containers: 0 (0 repaired) Total LBM partial records: 0 (0 repaired)
I0517 05:08:41.851732 211 ts_tablet_manager.cc:356] Loaded tablet metadata (0 live tablets)
I0517 05:08:41.877267 211 rpc_server.cc:205] RPC server started. Bound to: 127.0.0.1:52530
I0517 05:08:41.878005 211 webserver.cc:173] Starting webserver on 127.0.0.1:0
I0517 05:08:41.878098 211 webserver.cc:184] Document root disabled
I0517 05:08:41.878911 211 webserver.cc:311] Webserver started. Bound to: http://127.0.0.1:37939/
W0517 05:08:41.880049 1113 reactor.cc:633] Failed to create an outbound connection to 255.255.255.255:1 because connect() failed: Network error: connect(2) error: Network is unreachable (error 101)
I0517 05:08:41.880308 1174 maintenance_manager.cc:249] Maintenance manager is disabled. Stopping thread.
W0517 05:08:41.880426 1173 heartbeater.cc:587] Failed to heartbeat to 255.255.255.255:1: Network error: Failed to ping master at 255.255.255.255:1: connect(2) error: Network is unreachable (error 101)
I0517 05:08:41.880897 211 data_dirs.cc:934] Could only allocate 1 dirs of requested 3 for tablet TestTablet. 1 dirs total, 0 dirs full, 0 dirs failed
W0517 05:08:41.880923 1113 reactor.cc:633] Failed to create an outbound connection to 255.255.255.255:1 because connect() failed: Network error: connect(2) error: Network is unreachable (error 101)
W0517 05:08:41.881280 1173 heartbeater.cc:587] Failed to heartbeat to 255.255.255.255:1: Network error: Failed to ping master at 255.255.255.255:1: connect(2) error: Network is unreachable (error 101)
W0517 05:08:41.881697 1113 reactor.cc:633] Failed to create an outbound connection to 255.255.255.255:1 because connect() failed: Network error: connect(2) error: Network is unreachable (error 101)
W0517 05:08:41.881988 1173 heartbeater.cc:587] Failed to heartbeat to 255.255.255.255:1: Network error: Failed to ping master at 255.255.255.255:1: connect(2) error: Network is unreachable (error 101)
W0517 05:08:41.882148 1173 heartbeater.cc:380] Failed 3 heartbeats in a row: no longer allowing fast heartbeat attempts.
I0517 05:08:41.886783 211 ts_tablet_manager.cc:1173] T TestTablet P f0c44e1c8f864ee9bffaebe9145b90b9: Registered tablet (data state: TABLET_DATA_READY)
I0517 05:08:41.887672 1175 ts_tablet_manager.cc:1028] T TestTablet P f0c44e1c8f864ee9bffaebe9145b90b9: Bootstrapping tablet
I0517 05:08:41.887961 1175 tablet_bootstrap.cc:436] T TestTablet P f0c44e1c8f864ee9bffaebe9145b90b9: Bootstrap starting.
I0517 05:08:41.889663 1175 tablet_bootstrap.cc:587] T TestTablet P f0c44e1c8f864ee9bffaebe9145b90b9: No blocks or log segments found. Creating new log.
I0517 05:08:41.891919 1175 tablet_bootstrap.cc:436] T TestTablet P f0c44e1c8f864ee9bffaebe9145b90b9: No bootstrap required, opened a new log
I0517 05:08:41.892163 1175 ts_tablet_manager.cc:1045] T TestTablet P f0c44e1c8f864ee9bffaebe9145b90b9: Time spent bootstrapping tablet: real 0.004s user 0.000s sys 0.000s
I0517 05:08:41.893084 1175 raft_consensus.cc:303] T TestTablet P f0c44e1c8f864ee9bffaebe9145b90b9 [term 0 FOLLOWER]: Replica starting. Triggering 0 pending transactions. Active config: opid_index: -1 peers { permanent_uuid: "f0c44e1c8f864ee9bffaebe9145b90b9" member_type: VOTER last_known_addr { host: "127.0.0.1" port: 52530 } }
I0517 05:08:41.893399 1175 raft_consensus.cc:329] T TestTablet P f0c44e1c8f864ee9bffaebe9145b90b9 [term 0 FOLLOWER]: Consensus starting up: Expiring failure detector timer to make a prompt election more likely
I0517 05:08:41.893530 1175 raft_consensus.cc:604] T TestTablet P f0c44e1c8f864ee9bffaebe9145b90b9 [term 0 FOLLOWER]: Becoming Follower/Learner. State: Replica: f0c44e1c8f864ee9bffaebe9145b90b9, State: Initialized, Role: FOLLOWER
I0517 05:08:41.893847 1175 consensus_queue.cc:227] T TestTablet P f0c44e1c8f864ee9bffaebe9145b90b9 [NON_LEADER]: Queue going to NON_LEADER mode. State: All replicated index: 0, Majority replicated index: 0, Committed index: 0, Last appended: 0.0, Last appended by leader: 0, Current term: 0, Majority size: -1, State: 0, Mode: NON_LEADER, active raft config: opid_index: -1 peers { permanent_uuid: "f0c44e1c8f864ee9bffaebe9145b90b9" member_type: VOTER last_known_addr { host: "127.0.0.1" port: 52530 } }
I0517 05:08:41.894182 1175 raft_consensus.cc:343] T TestTablet P f0c44e1c8f864ee9bffaebe9145b90b9 [term 0 FOLLOWER]: Only one voter in the Raft config. Triggering election immediately
I0517 05:08:41.894317 1175 raft_consensus.cc:435] T TestTablet P f0c44e1c8f864ee9bffaebe9145b90b9 [term 0 FOLLOWER]: Starting leader election (initial election of a single-replica configuration)
I0517 05:08:41.894459 1175 raft_consensus.cc:2704] T TestTablet P f0c44e1c8f864ee9bffaebe9145b90b9: Snoozing failure detection for 1.935s (starting election)
I0517 05:08:41.894611 1175 raft_consensus.cc:2756] T TestTablet P f0c44e1c8f864ee9bffaebe9145b90b9 [term 0 FOLLOWER]: Advancing to term 1
I0517 05:08:41.897671 1175 raft_consensus.cc:457] T TestTablet P f0c44e1c8f864ee9bffaebe9145b90b9 [term 1 FOLLOWER]: Starting leader election with config: opid_index: -1 peers { permanent_uuid: "f0c44e1c8f864ee9bffaebe9145b90b9" member_type: VOTER last_known_addr { host: "127.0.0.1" port: 52530 } }
I0517 05:08:41.898092 1175 leader_election.cc:270] T TestTablet P f0c44e1c8f864ee9bffaebe9145b90b9 [CANDIDATE]: Term 1 election: Election decided. Result: candidate won.
I0517 05:08:41.899098 1177 raft_consensus.cc:2704] T TestTablet P f0c44e1c8f864ee9bffaebe9145b90b9: Snoozing failure detection for 1.767s (election complete)
I0517 05:08:41.899351 1177 raft_consensus.cc:2511] T TestTablet P f0c44e1c8f864ee9bffaebe9145b90b9 [term 1 FOLLOWER]: Leader election won for term 1
W0517 05:08:41.900771 1113 reactor.cc:633] Failed to create an outbound connection to 255.255.255.255:1 because connect() failed: Network error: connect(2) error: Network is unreachable (error 101)
I0517 05:08:41.900815 1175 ts_tablet_manager.cc:1073] T TestTablet P f0c44e1c8f864ee9bffaebe9145b90b9: Time spent starting tablet: real 0.009s user 0.008s sys 0.004s
I0517 05:08:41.900912 1177 raft_consensus.cc:571] T TestTablet P f0c44e1c8f864ee9bffaebe9145b90b9 [term 1 LEADER]: Becoming Leader. State: Replica: f0c44e1c8f864ee9bffaebe9145b90b9, State: Running, Role: LEADER
W0517 05:08:41.901252 1173 heartbeater.cc:587] Failed to heartbeat to 255.255.255.255:1: Network error: Failed to ping master at 255.255.255.255:1: connect(2) error: Network is unreachable (error 101)
I0517 05:08:41.901281 1177 consensus_queue.cc:204] T TestTablet P f0c44e1c8f864ee9bffaebe9145b90b9 [LEADER]: Queue going to LEADER mode. State: All replicated index: 0, Majority replicated index: 0, Committed index: 0, Last appended: 0.0, Last appended by leader: 0, Current term: 1, Majority size: 1, State: 0, Mode: LEADER, active raft config: opid_index: -1 peers { permanent_uuid: "f0c44e1c8f864ee9bffaebe9145b90b9" member_type: VOTER last_known_addr { host: "127.0.0.1" port: 52530 } }
W0517 05:08:41.901671 1113 reactor.cc:633] Failed to create an outbound connection to 255.255.255.255:1 because connect() failed: Network error: connect(2) error: Network is unreachable (error 101)
W0517 05:08:41.901960 1173 heartbeater.cc:587] Failed to heartbeat to 255.255.255.255:1: Network error: Failed to ping master at 255.255.255.255:1: connect(2) error: Network is unreachable (error 101)
I0517 05:08:41.912740 211 tablet_server.cc:144] TabletServer shutting down...
I0517 05:08:41.925468 211 ts_tablet_manager.cc:1118] Shutting down tablet manager...
I0517 05:08:41.925760 211 tablet_replica.cc:261] T TestTablet P f0c44e1c8f864ee9bffaebe9145b90b9: stopping tablet replica
I0517 05:08:41.925952 211 maintenance_manager.cc:237] P f0c44e1c8f864ee9bffaebe9145b90b9: Unregistered op CompactRowSetsOp(TestTablet)
I0517 05:08:41.926084 211 maintenance_manager.cc:237] P f0c44e1c8f864ee9bffaebe9145b90b9: Unregistered op MinorDeltaCompactionOp(TestTablet)
I0517 05:08:41.926229 211 maintenance_manager.cc:237] P f0c44e1c8f864ee9bffaebe9145b90b9: Unregistered op MajorDeltaCompactionOp(TestTablet)
I0517 05:08:41.926348 211 maintenance_manager.cc:237] P f0c44e1c8f864ee9bffaebe9145b90b9: Unregistered op UndoDeltaBlockGCOp(TestTablet)
I0517 05:08:41.926494 211 maintenance_manager.cc:237] P f0c44e1c8f864ee9bffaebe9145b90b9: Unregistered op FlushMRSOp(TestTablet)
I0517 05:08:41.926615 211 maintenance_manager.cc:237] P f0c44e1c8f864ee9bffaebe9145b90b9: Unregistered op FlushDeltaMemStoresOp(TestTablet)
I0517 05:08:41.926743 211 maintenance_manager.cc:237] P f0c44e1c8f864ee9bffaebe9145b90b9: Unregistered op LogGCOp(TestTablet)
I0517 05:08:41.926884 211 raft_consensus.cc:2016] T TestTablet P f0c44e1c8f864ee9bffaebe9145b90b9 [term 1 LEADER]: Raft consensus shutting down.
I0517 05:08:41.927155 211 raft_consensus.cc:2043] T TestTablet P f0c44e1c8f864ee9bffaebe9145b90b9 [term 1 FOLLOWER]: Raft consensus is shut down!
I0517 05:08:41.943452 211 tablet_server.cc:157] TabletServer shutdown complete.
I0517 05:08:41.943584 211 tablet_server.cc:144] TabletServer shutting down...
I0517 05:08:41.943850 211 tablet_server.cc:157] TabletServer shutdown complete. [ OK ] TabletServerTest.TestServerClock (155 ms) [ RUN ] TabletServerTest.TestGetFlags
I0517 05:08:41.961813 211 system_ntp.cc:143] NTP initialized. Skew: 500ppm Current error: 1040861us
I0517 05:08:41.962115 211 fs_manager.cc:260] Metadata directory not provided
I0517 05:08:41.962232 211 fs_manager.cc:266] Using write-ahead log directory (fs_wal_dir) as metadata directory
I0517 05:08:41.962389 211 server_base.cc:432] Could not load existing FS layout: Not found: /tmp/dist-test-taskWs1ZT3/test-tmp/tablet_server-test.0.TabletServerTest.TestGetFlags.1526533719119959-211/TabletServerTest-fsroot/instance: No such file or directory (error 2)
I0517 05:08:41.962491 211 server_base.cc:433] Attempting to create new FS layout instead
I0517 05:08:41.968142 211 fs_manager.cc:595] Generated new instance metadata in path /tmp/dist-test-taskWs1ZT3/test-tmp/tablet_server-test.0.TabletServerTest.TestGetFlags.1526533719119959-211/TabletServerTest-fsroot/instance: uuid: "46baa2f9bf044937a485dd6bcaee73d2" format_stamp: "Formatted at 2018-05-17 05:08:41 on dist-test-slave-dist-test-slave-djmg"
I0517 05:08:41.975760 211 fs_manager.cc:495] Time spent creating directory manager: real 0.007s user 0.008s sys 0.004s
I0517 05:08:41.976913 211 file_cache.cc:470] Constructed file cache lbm with capacity 26214
I0517 05:08:41.982944 211 fs_manager.cc:417] Time spent opening block manager: real 0.001s user 0.004s sys 0.000s
I0517 05:08:41.983079 211 fs_manager.cc:428] Opened local filesystem: /tmp/dist-test-taskWs1ZT3/test-tmp/tablet_server-test.0.TabletServerTest.TestGetFlags.1526533719119959-211/TabletServerTest-fsroot uuid: "46baa2f9bf044937a485dd6bcaee73d2" format_stamp: "Formatted at 2018-05-17 05:08:41 on dist-test-slave-dist-test-slave-djmg"
I0517 05:08:41.983323 211 fs_report.cc:347] Block manager report -------------------- 1 data directories: /tmp/dist-test-taskWs1ZT3/test-tmp/tablet_server-test.0.TabletServerTest.TestGetFlags.1526533719119959-211/TabletServerTest-fsroot/data Total live blocks: 0 Total live bytes: 0 Total live bytes (after alignment): 0 Total number of LBM containers: 0 (0 full) Did not check for missing blocks Did not check for orphaned blocks Total full LBM containers with extra space: 0 (0 repaired) Total full LBM container extra space in bytes: 0 (0 repaired) Total incomplete LBM containers: 0 (0 repaired) Total LBM partial records: 0 (0 repaired)
I0517 05:08:42.011718 211 ts_tablet_manager.cc:356] Loaded tablet metadata (0 live tablets)
I0517 05:08:42.037304 211 rpc_server.cc:205] RPC server started. Bound to: 127.0.0.1:59771
I0517 05:08:42.038028 211 webserver.cc:173] Starting webserver on 127.0.0.1:0
I0517 05:08:42.038120 211 webserver.cc:184] Document root disabled
I0517 05:08:42.038915 211 webserver.cc:311] Webserver started. Bound to: http://127.0.0.1:45766/
W0517 05:08:42.039947 1191 reactor.cc:633] Failed to create an outbound connection to 255.255.255.255:1 because connect() failed: Network error: connect(2) error: Network is unreachable (error 101)
I0517 05:08:42.040211 1252 maintenance_manager.cc:249] Maintenance manager is disabled. Stopping thread.
W0517 05:08:42.040343 1251 heartbeater.cc:587] Failed to heartbeat to 255.255.255.255:1: Network error: Failed to ping master at 255.255.255.255:1: connect(2) error: Network is unreachable (error 101)
I0517 05:08:42.040796 211 data_dirs.cc:934] Could only allocate 1 dirs of requested 3 for tablet TestTablet. 1 dirs total, 0 dirs full, 0 dirs failed
