I0517 05:08:45.367457 211 maintenance_manager.cc:237] P c2e6da7766f9465bba2ff04ea415c784: Unregistered op MajorDeltaCompactionOp(TestTablet)
I0517 05:08:45.367584 211 maintenance_manager.cc:237] P c2e6da7766f9465bba2ff04ea415c784: Unregistered op UndoDeltaBlockGCOp(TestTablet)
I0517 05:08:45.367739 211 maintenance_manager.cc:237] P c2e6da7766f9465bba2ff04ea415c784: Unregistered op FlushMRSOp(TestTablet)
I0517 05:08:45.367858 211 maintenance_manager.cc:237] P c2e6da7766f9465bba2ff04ea415c784: Unregistered op FlushDeltaMemStoresOp(TestTablet)
I0517 05:08:45.367985 211 maintenance_manager.cc:237] P c2e6da7766f9465bba2ff04ea415c784: Unregistered op LogGCOp(TestTablet)
I0517 05:08:45.368129 211 raft_consensus.cc:2016] T TestTablet P c2e6da7766f9465bba2ff04ea415c784 [term 1 LEADER]: Raft consensus shutting down.
I0517 05:08:45.368400 211 raft_consensus.cc:2043] T TestTablet P c2e6da7766f9465bba2ff04ea415c784 [term 1 FOLLOWER]: Raft consensus is shut down!
I0517 05:08:45.378298 211 tablet_server.cc:157] TabletServer shutdown complete.
I0517 05:08:45.378486 211 tablet_server.cc:144] TabletServer shutting down...
I0517 05:08:45.378792 211 tablet_server.cc:157] TabletServer shutdown complete. [ OK ] TabletServerTest.TestExternalConsistencyModes_ClientPropagated (351 ms) [ RUN ] TabletServerTest.TestExternalConsistencyModes_CommitWait
I0517 05:08:45.406780 211 system_ntp.cc:143] NTP initialized. Skew: 500ppm Current error: 1042861us
I0517 05:08:45.407227 211 fs_manager.cc:260] Metadata directory not provided
I0517 05:08:45.407387 211 fs_manager.cc:266] Using write-ahead log directory (fs_wal_dir) as metadata directory
I0517 05:08:45.407608 211 server_base.cc:432] Could not load existing FS layout: Not found: /tmp/dist-test-taskWs1ZT3/test-tmp/tablet_server-test.0.TabletServerTest.TestExternalConsistencyModes_CommitWait.1526533719119959-211/TabletServerTest-fsroot/instance: No such file or directory (error 2)
I0517 05:08:45.407763 211 server_base.cc:433] Attempting to create new FS layout instead
I0517 05:08:45.417584 211 fs_manager.cc:595] Generated new instance metadata in path /tmp/dist-test-taskWs1ZT3/test-tmp/tablet_server-test.0.TabletServerTest.TestExternalConsistencyModes_CommitWait.1526533719119959-211/TabletServerTest-fsroot/instance: uuid: "d59468ca766a4523835a96bb9a809f4c" format_stamp: "Formatted at 2018-05-17 05:08:45 on dist-test-slave-dist-test-slave-djmg"
I0517 05:08:45.430218 211 fs_manager.cc:495] Time spent creating directory manager: real 0.012s user 0.012s sys 0.000s
I0517 05:08:45.431871 211 file_cache.cc:470] Constructed file cache lbm with capacity 26214
I0517 05:08:45.442153 211 fs_manager.cc:417] Time spent opening block manager: real 0.001s user 0.000s sys 0.000s
I0517 05:08:45.442373 211 fs_manager.cc:428] Opened local filesystem: /tmp/dist-test-taskWs1ZT3/test-tmp/tablet_server-test.0.TabletServerTest.TestExternalConsistencyModes_CommitWait.1526533719119959-211/TabletServerTest-fsroot uuid: "d59468ca766a4523835a96bb9a809f4c" format_stamp: "Formatted at 2018-05-17 05:08:45 on dist-test-slave-dist-test-slave-djmg"
I0517 05:08:45.442670 211 fs_report.cc:347] Block manager report -------------------- 1 data directories: /tmp/dist-test-taskWs1ZT3/test-tmp/tablet_server-test.0.TabletServerTest.TestExternalConsistencyModes_CommitWait.1526533719119959-211/TabletServerTest-fsroot/data Total live blocks: 0 Total live bytes: 0 Total live bytes (after alignment): 0 Total number of LBM containers: 0 (0 full) Did not check for missing blocks Did not check for orphaned blocks Total full LBM containers with extra space: 0 (0 repaired) Total full LBM container extra space in bytes: 0 (0 repaired) Total incomplete LBM containers: 0 (0 repaired) Total LBM partial records: 0 (0 repaired)
I0517 05:08:45.475651 211 ts_tablet_manager.cc:356] Loaded tablet metadata (0 live tablets)
I0517 05:08:45.515156 211 rpc_server.cc:205] RPC server started. Bound to: 127.0.0.1:39896
I0517 05:08:45.516319 211 webserver.cc:173] Starting webserver on 127.0.0.1:0
I0517 05:08:45.516471 211 webserver.cc:184] Document root disabled
I0517 05:08:45.517474 211 webserver.cc:311] Webserver started. Bound to: http://127.0.0.1:48254/
W0517 05:08:45.518636 1886 reactor.cc:633] Failed to create an outbound connection to 255.255.255.255:1 because connect() failed: Network error: connect(2) error: Network is unreachable (error 101)
W0517 05:08:45.519002 1946 heartbeater.cc:587] Failed to heartbeat to 255.255.255.255:1: Network error: Failed to ping master at 255.255.255.255:1: connect(2) error: Network is unreachable (error 101)
W0517 05:08:45.519420 1886 reactor.cc:633] Failed to create an outbound connection to 255.255.255.255:1 because connect() failed: Network error: connect(2) error: Network is unreachable (error 101)
W0517 05:08:45.519724 1946 heartbeater.cc:587] Failed to heartbeat to 255.255.255.255:1: Network error: Failed to ping master at 255.255.255.255:1: connect(2) error: Network is unreachable (error 101)
W0517 05:08:45.520138 1886 reactor.cc:633] Failed to create an outbound connection to 255.255.255.255:1 because connect() failed: Network error: connect(2) error: Network is unreachable (error 101)
W0517 05:08:45.520426 1946 heartbeater.cc:587] Failed to heartbeat to 255.255.255.255:1: Network error: Failed to ping master at 255.255.255.255:1: connect(2) error: Network is unreachable (error 101)
W0517 05:08:45.520609 1946 heartbeater.cc:380] Failed 3 heartbeats in a row: no longer allowing fast heartbeat attempts.
I0517 05:08:45.529181 1947 maintenance_manager.cc:249] Maintenance manager is disabled. Stopping thread.
I0517 05:08:45.529834 211 data_dirs.cc:934] Could only allocate 1 dirs of requested 3 for tablet TestTablet. 1 dirs total, 0 dirs full, 0 dirs failed
I0517 05:08:45.538997 211 ts_tablet_manager.cc:1173] T TestTablet P d59468ca766a4523835a96bb9a809f4c: Registered tablet (data state: TABLET_DATA_READY)
I0517 05:08:45.540154 1948 ts_tablet_manager.cc:1028] T TestTablet P d59468ca766a4523835a96bb9a809f4c: Bootstrapping tablet
I0517 05:08:45.540472 1948 tablet_bootstrap.cc:436] T TestTablet P d59468ca766a4523835a96bb9a809f4c: Bootstrap starting.
I0517 05:08:45.542345 1948 tablet_bootstrap.cc:587] T TestTablet P d59468ca766a4523835a96bb9a809f4c: No blocks or log segments found. Creating new log.
I0517 05:08:45.554006 1948 tablet_bootstrap.cc:436] T TestTablet P d59468ca766a4523835a96bb9a809f4c: No bootstrap required, opened a new log
I0517 05:08:45.554329 1948 ts_tablet_manager.cc:1045] T TestTablet P d59468ca766a4523835a96bb9a809f4c: Time spent bootstrapping tablet: real 0.014s user 0.004s sys 0.008s
I0517 05:08:45.555397 1948 raft_consensus.cc:303] T TestTablet P d59468ca766a4523835a96bb9a809f4c [term 0 FOLLOWER]: Replica starting. Triggering 0 pending transactions. Active config: opid_index: -1 peers { permanent_uuid: "d59468ca766a4523835a96bb9a809f4c" member_type: VOTER last_known_addr { host: "127.0.0.1" port: 39896 } }
I0517 05:08:45.555747 1948 raft_consensus.cc:329] T TestTablet P d59468ca766a4523835a96bb9a809f4c [term 0 FOLLOWER]: Consensus starting up: Expiring failure detector timer to make a prompt election more likely
I0517 05:08:45.555896 1948 raft_consensus.cc:604] T TestTablet P d59468ca766a4523835a96bb9a809f4c [term 0 FOLLOWER]: Becoming Follower/Learner. State: Replica: d59468ca766a4523835a96bb9a809f4c, State: Initialized, Role: FOLLOWER
I0517 05:08:45.556280 1948 consensus_queue.cc:227] T TestTablet P d59468ca766a4523835a96bb9a809f4c [NON_LEADER]: Queue going to NON_LEADER mode. State: All replicated index: 0, Majority replicated index: 0, Committed index: 0, Last appended: 0.0, Last appended by leader: 0, Current term: 0, Majority size: -1, State: 0, Mode: NON_LEADER, active raft config: opid_index: -1 peers { permanent_uuid: "d59468ca766a4523835a96bb9a809f4c" member_type: VOTER last_known_addr { host: "127.0.0.1" port: 39896 } }
I0517 05:08:45.556681 1948 raft_consensus.cc:343] T TestTablet P d59468ca766a4523835a96bb9a809f4c [term 0 FOLLOWER]: Only one voter in the Raft config. Triggering election immediately
I0517 05:08:45.556833 1948 raft_consensus.cc:435] T TestTablet P d59468ca766a4523835a96bb9a809f4c [term 0 FOLLOWER]: Starting leader election (initial election of a single-replica configuration)
I0517 05:08:45.556982 1948 raft_consensus.cc:2704] T TestTablet P d59468ca766a4523835a96bb9a809f4c: Snoozing failure detection for 1.645s (starting election)
I0517 05:08:45.557143 1948 raft_consensus.cc:2756] T TestTablet P d59468ca766a4523835a96bb9a809f4c [term 0 FOLLOWER]: Advancing to term 1
I0517 05:08:45.560180 1948 raft_consensus.cc:457] T TestTablet P d59468ca766a4523835a96bb9a809f4c [term 1 FOLLOWER]: Starting leader election with config: opid_index: -1 peers { permanent_uuid: "d59468ca766a4523835a96bb9a809f4c" member_type: VOTER last_known_addr { host: "127.0.0.1" port: 39896 } }
I0517 05:08:45.560624 1948 leader_election.cc:270] T TestTablet P d59468ca766a4523835a96bb9a809f4c [CANDIDATE]: Term 1 election: Election decided. Result: candidate won.
I0517 05:08:45.573468 1950 raft_consensus.cc:2704] T TestTablet P d59468ca766a4523835a96bb9a809f4c: Snoozing failure detection for 1.873s (election complete)
I0517 05:08:45.573796 1950 raft_consensus.cc:2511] T TestTablet P d59468ca766a4523835a96bb9a809f4c [term 1 FOLLOWER]: Leader election won for term 1
W0517 05:08:45.585760 1886 reactor.cc:633] Failed to create an outbound connection to 255.255.255.255:1 because connect() failed: Network error: connect(2) error: Network is unreachable (error 101)
I0517 05:08:45.585798 1948 ts_tablet_manager.cc:1073] T TestTablet P d59468ca766a4523835a96bb9a809f4c: Time spent starting tablet: real 0.031s user 0.016s sys 0.016s
W0517 05:08:45.586251 1946 heartbeater.cc:587] Failed to heartbeat to 255.255.255.255:1: Network error: Failed to ping master at 255.255.255.255:1: connect(2) error: Network is unreachable (error 101)
I0517 05:08:45.586333 1950 raft_consensus.cc:571] T TestTablet P d59468ca766a4523835a96bb9a809f4c [term 1 LEADER]: Becoming Leader. State: Replica: d59468ca766a4523835a96bb9a809f4c, State: Running, Role: LEADER
W0517 05:08:45.586853 1886 reactor.cc:633] Failed to create an outbound connection to 255.255.255.255:1 because connect() failed: Network error: connect(2) error: Network is unreachable (error 101)
W0517 05:08:45.587167 1946 heartbeater.cc:587] Failed to heartbeat to 255.255.255.255:1: Network error: Failed to ping master at 255.255.255.255:1: connect(2) error: Network is unreachable (error 101)
I0517 05:08:45.587119 1950 consensus_queue.cc:204] T TestTablet P d59468ca766a4523835a96bb9a809f4c [LEADER]: Queue going to LEADER mode. State: All replicated index: 0, Majority replicated index: 0, Committed index: 0, Last appended: 0.0, Last appended by leader: 0, Current term: 1, Majority size: 1, State: 0, Mode: LEADER, active raft config: opid_index: -1 peers { permanent_uuid: "d59468ca766a4523835a96bb9a809f4c" member_type: VOTER last_known_addr { host: "127.0.0.1" port: 39896 } }
I0517 05:08:45.604367 211 tablet_server-test.cc:851] Submitting write with commit wait at: 1526533725604320 us +- 1042861 us
W0517 05:08:46.587929 1886 reactor.cc:633] Failed to create an outbound connection to 255.255.255.255:1 because connect() failed: Network error: connect(2) error: Network is unreachable (error 101)
W0517 05:08:46.588333 1946 heartbeater.cc:587] Failed to heartbeat to 255.255.255.255:1: Network error: Failed to ping master at 255.255.255.255:1: connect(2) error: Network is unreachable (error 101)
W0517 05:08:47.589175 1886 reactor.cc:633] Failed to create an outbound connection to 255.255.255.255:1 because connect() failed: Network error: connect(2) error: Network is unreachable (error 101)
W0517 05:08:47.589687 1946 heartbeater.cc:587] Failed to heartbeat to 255.255.255.255:1: Network error: Failed to ping master at 255.255.255.255:1: connect(2) error: Network is unreachable (error 101)
I0517 05:08:47.724858 1957 rpcz_store.cc:265] Call kudu.tserver.TabletServerService.Write from 127.0.0.1:51523 (request call id 1) took 2097ms. Request Metrics: {"child_traces":[["txn",{"apply.queue_time_us":764,"num_ops":1,"prepare.queue_time_us":9398,"prepare.run_cpu_time_us":980,"prepare.run_wall_time_us":982,"replication_time_us":1105,"thread_start_us":9703,"threads_started":2}]]}
I0517 05:08:47.726775 211 tablet_server-test.cc:883] Write applied at: 1526533726680405 us, current time: 1526533727726741 us, write took: 2122421 us
I0517 05:08:47.727087 211 tablet_server.cc:144] TabletServer shutting down...
I0517 05:08:47.741206 211 ts_tablet_manager.cc:1118] Shutting down tablet manager...
I0517 05:08:47.741487 211 tablet_replica.cc:261] T TestTablet P d59468ca766a4523835a96bb9a809f4c: stopping tablet replica
I0517 05:08:47.741699 211 maintenance_manager.cc:237] P d59468ca766a4523835a96bb9a809f4c: Unregistered op CompactRowSetsOp(TestTablet)
I0517 05:08:47.741835 211 maintenance_manager.cc:237] P d59468ca766a4523835a96bb9a809f4c: Unregistered op MinorDeltaCompactionOp(TestTablet)
I0517 05:08:47.742000 211 maintenance_manager.cc:237] P d59468ca766a4523835a96bb9a809f4c: Unregistered op MajorDeltaCompactionOp(TestTablet)
I0517 05:08:47.742136 211 maintenance_manager.cc:237] P d59468ca766a4523835a96bb9a809f4c: Unregistered op UndoDeltaBlockGCOp(TestTablet)
I0517 05:08:47.742300 211 maintenance_manager.cc:237] P d59468ca766a4523835a96bb9a809f4c: Unregistered op FlushMRSOp(TestTablet)
I0517 05:08:47.742435 211 maintenance_manager.cc:237] P d59468ca766a4523835a96bb9a809f4c: Unregistered op FlushDeltaMemStoresOp(TestTablet)
I0517 05:08:47.742559 211 maintenance_manager.cc:237] P d59468ca766a4523835a96bb9a809f4c: Unregistered op LogGCOp(TestTablet)
I0517 05:08:47.742707 211 raft_consensus.cc:2016] T TestTablet P d59468ca766a4523835a96bb9a809f4c [term 1 LEADER]: Raft consensus shutting down.
I0517 05:08:47.742979 211 raft_consensus.cc:2043] T TestTablet P d59468ca766a4523835a96bb9a809f4c [term 1 FOLLOWER]: Raft consensus is shut down!
I0517 05:08:47.758922 211 tablet_server.cc:157] TabletServer shutdown complete.
I0517 05:08:47.759069 211 tablet_server.cc:144] TabletServer shutting down...
I0517 05:08:47.759310 211 tablet_server.cc:157] TabletServer shutdown complete. [ OK ] TabletServerTest.TestExternalConsistencyModes_CommitWait (2377 ms) [ RUN ] TabletServerTest.TestInsertAndMutate
I0517 05:08:47.778458 211 system_ntp.cc:143] NTP initialized. Skew: 500ppm Current error: 1043861us
I0517 05:08:47.778765 211 fs_manager.cc:260] Metadata directory not provided
I0517 05:08:47.778872 211 fs_manager.cc:266] Using write-ahead log directory (fs_wal_dir) as metadata directory
I0517 05:08:47.779014 211 server_base.cc:432] Could not load existing FS layout: Not found: /tmp/dist-test-taskWs1ZT3/test-tmp/tablet_server-test.0.TabletServerTest.TestInsertAndMutate.1526533719119959-211/TabletServerTest-fsroot/instance: No such file or directory (error 2)
I0517 05:08:47.779109 211 server_base.cc:433] Attempting to create new FS layout instead
I0517 05:08:47.784847 211 fs_manager.cc:595] Generated new instance metadata in path /tmp/dist-test-taskWs1ZT3/test-tmp/tablet_server-test.0.TabletServerTest.TestInsertAndMutate.1526533719119959-211/TabletServerTest-fsroot/instance: uuid: "8dfc6e96dfee433280556492bb0f5a60" format_stamp: "Formatted at 2018-05-17 05:08:47 on dist-test-slave-dist-test-slave-djmg"
I0517 05:08:47.792721 211 fs_manager.cc:495] Time spent creating directory manager: real 0.007s user 0.008s sys 0.000s
I0517 05:08:47.793964 211 file_cache.cc:470] Constructed file cache lbm with capacity 26214
I0517 05:08:47.800189 211 fs_manager.cc:417] Time spent opening block manager: real 0.001s user 0.000s sys 0.000s
I0517 05:08:47.800326 211 fs_manager.cc:428] Opened local filesystem: /tmp/dist-test-taskWs1ZT3/test-tmp/tablet_server-test.0.TabletServerTest.TestInsertAndMutate.1526533719119959-211/TabletServerTest-fsroot uuid: "8dfc6e96dfee433280556492bb0f5a60" format_stamp: "Formatted at 2018-05-17 05:08:47 on dist-test-slave-dist-test-slave-djmg"
I0517 05:08:47.800547 211 fs_report.cc:347] Block manager report -------------------- 1 data directories: /tmp/dist-test-taskWs1ZT3/test-tmp/tablet_server-test.0.TabletServerTest.TestInsertAndMutate.1526533719119959-211/TabletServerTest-fsroot/data Total live blocks: 0 Total live bytes: 0 Total live bytes (after alignment): 0 Total number of LBM containers: 0 (0 full) Did not check for missing blocks Did not check for orphaned blocks Total full LBM containers with extra space: 0 (0 repaired) Total full LBM container extra space in bytes: 0 (0 repaired) Total incomplete LBM containers: 0 (0 repaired) Total LBM partial records: 0 (0 repaired)
I0517 05:08:47.841148 211 ts_tablet_manager.cc:356] Loaded tablet metadata (0 live tablets)
I0517 05:08:47.868978 211 rpc_server.cc:205] RPC server started. Bound to: 127.0.0.1:53747
I0517 05:08:47.869810 211 webserver.cc:173] Starting webserver on 127.0.0.1:0
I0517 05:08:47.869961 211 webserver.cc:184] Document root disabled
I0517 05:08:47.870860 211 webserver.cc:311] Webserver started. Bound to: http://127.0.0.1:50112/
W0517 05:08:47.872097 1966 reactor.cc:633] Failed to create an outbound connection to 255.255.255.255:1 because connect() failed: Network error: connect(2) error: Network is unreachable (error 101)
W0517 05:08:47.872491 2026 heartbeater.cc:587] Failed to heartbeat to 255.255.255.255:1: Network error: Failed to ping master at 255.255.255.255:1: connect(2) error: Network is unreachable (error 101)
W0517 05:08:47.872952 1966 reactor.cc:633] Failed to create an outbound connection to 255.255.255.255:1 because connect() failed: Network error: connect(2) error: Network is unreachable (error 101)
I0517 05:08:47.872782 2027 maintenance_manager.cc:249] Maintenance manager is disabled. Stopping thread.
W0517 05:08:47.873282 2026 heartbeater.cc:587] Failed to heartbeat to 255.255.255.255:1: Network error: Failed to ping master at 255.255.255.255:1: connect(2) error: Network is unreachable (error 101)
I0517 05:08:47.873486 211 data_dirs.cc:934] Could only allocate 1 dirs of requested 3 for tablet TestTablet. 1 dirs total, 0 dirs full, 0 dirs failed
W0517 05:08:47.874956 1966 reactor.cc:633] Failed to create an outbound connection to 255.255.255.255:1 because connect() failed: Network error: connect(2) error: Network is unreachable (error 101)
W0517 05:08:47.875363 2026 heartbeater.cc:587] Failed to heartbeat to 255.255.255.255:1: Network error: Failed to ping master at 255.255.255.255:1: connect(2) error: Network is unreachable (error 101)
W0517 05:08:47.875506 2026 heartbeater.cc:380] Failed 3 heartbeats in a row: no longer allowing fast heartbeat attempts.
I0517 05:08:47.880494 211 ts_tablet_manager.cc:1173] T TestTablet P 8dfc6e96dfee433280556492bb0f5a60: Registered tablet (data state: TABLET_DATA_READY)
I0517 05:08:47.881430 2028 ts_tablet_manager.cc:1028] T TestTablet P 8dfc6e96dfee433280556492bb0f5a60: Bootstrapping tablet
I0517 05:08:47.881713 2028 tablet_bootstrap.cc:436] T TestTablet P 8dfc6e96dfee433280556492bb0f5a60: Bootstrap starting.
I0517 05:08:47.883404 2028 tablet_bootstrap.cc:587] T TestTablet P 8dfc6e96dfee433280556492bb0f5a60: No blocks or log segments found. Creating new log.
I0517 05:08:47.885776 2028 tablet_bootstrap.cc:436] T TestTablet P 8dfc6e96dfee433280556492bb0f5a60: No bootstrap required, opened a new log
I0517 05:08:47.886054 2028 ts_tablet_manager.cc:1045] T TestTablet P 8dfc6e96dfee433280556492bb0f5a60: Time spent bootstrapping tablet: real 0.004s user 0.000s sys 0.000s
I0517 05:08:47.886916 2028 raft_consensus.cc:303] T TestTablet P 8dfc6e96dfee433280556492bb0f5a60 [term 0 FOLLOWER]: Replica starting. Triggering 0 pending transactions. Active config: opid_index: -1 peers { permanent_uuid: "8dfc6e96dfee433280556492bb0f5a60" member_type: VOTER last_known_addr { host: "127.0.0.1" port: 53747 } }
I0517 05:08:47.887257 2028 raft_consensus.cc:329] T TestTablet P 8dfc6e96dfee433280556492bb0f5a60 [term 0 FOLLOWER]: Consensus starting up: Expiring failure detector timer to make a prompt election more likely
I0517 05:08:47.887388 2028 raft_consensus.cc:604] T TestTablet P 8dfc6e96dfee433280556492bb0f5a60 [term 0 FOLLOWER]: Becoming Follower/Learner. State: Replica: 8dfc6e96dfee433280556492bb0f5a60, State: Initialized, Role: FOLLOWER
I0517 05:08:47.887714 2028 consensus_queue.cc:227] T TestTablet P 8dfc6e96dfee433280556492bb0f5a60 [NON_LEADER]: Queue going to NON_LEADER mode. State: All replicated index: 0, Majority replicated index: 0, Committed index: 0, Last appended: 0.0, Last appended by leader: 0, Current term: 0, Majority size: -1, State: 0, Mode: NON_LEADER, active raft config: opid_index: -1 peers { permanent_uuid: "8dfc6e96dfee433280556492bb0f5a60" member_type: VOTER last_known_addr { host: "127.0.0.1" port: 53747 } }
I0517 05:08:47.888058 2028 raft_consensus.cc:343] T TestTablet P 8dfc6e96dfee433280556492bb0f5a60 [term 0 FOLLOWER]: Only one voter in the Raft config. Triggering election immediately
I0517 05:08:47.888221 2028 raft_consensus.cc:435] T TestTablet P 8dfc6e96dfee433280556492bb0f5a60 [term 0 FOLLOWER]: Starting leader election (initial election of a single-replica configuration)
I0517 05:08:47.888371 2028 raft_consensus.cc:2704] T TestTablet P 8dfc6e96dfee433280556492bb0f5a60: Snoozing failure detection for 1.568s (starting election)
I0517 05:08:47.888536 2028 raft_consensus.cc:2756] T TestTablet P 8dfc6e96dfee433280556492bb0f5a60 [term 0 FOLLOWER]: Advancing to term 1
I0517 05:08:47.891651 2028 raft_consensus.cc:457] T TestTablet P 8dfc6e96dfee433280556492bb0f5a60 [term 1 FOLLOWER]: Starting leader election with config: opid_index: -1 peers { permanent_uuid: "8dfc6e96dfee433280556492bb0f5a60" member_type: VOTER last_known_addr { host: "127.0.0.1" port: 53747 } }
I0517 05:08:47.892057 2028 leader_election.cc:270] T TestTablet P 8dfc6e96dfee433280556492bb0f5a60 [CANDIDATE]: Term 1 election: Election decided. Result: candidate won.
I0517 05:08:47.893134 2030 raft_consensus.cc:2704] T TestTablet P 8dfc6e96dfee433280556492bb0f5a60: Snoozing failure detection for 2.105s (election complete)
I0517 05:08:47.893378 2030 raft_consensus.cc:2511] T TestTablet P 8dfc6e96dfee433280556492bb0f5a60 [term 1 FOLLOWER]: Leader election won for term 1
W0517 05:08:47.894186 1966 reactor.cc:633] Failed to create an outbound connection to 255.255.255.255:1 because connect() failed: Network error: connect(2) error: Network is unreachable (error 101)
I0517 05:08:47.894281 2028 ts_tablet_manager.cc:1073] T TestTablet P 8dfc6e96dfee433280556492bb0f5a60: Time spent starting tablet: real 0.008s user 0.000s sys 0.012s
I0517 05:08:47.894520 2030 raft_consensus.cc:571] T TestTablet P 8dfc6e96dfee433280556492bb0f5a60 [term 1 LEADER]: Becoming Leader. State: Replica: 8dfc6e96dfee433280556492bb0f5a60, State: Running, Role: LEADER
W0517 05:08:47.894659 2026 heartbeater.cc:587] Failed to heartbeat to 255.255.255.255:1: Network error: Failed to ping master at 255.255.255.255:1: connect(2) error: Network is unreachable (error 101)
I0517 05:08:47.894886 2030 consensus_queue.cc:204] T TestTablet P 8dfc6e96dfee433280556492bb0f5a60 [LEADER]: Queue going to LEADER mode. State: All replicated index: 0, Majority replicated index: 0, Committed index: 0, Last appended: 0.0, Last appended by leader: 0, Current term: 1, Majority size: 1, State: 0, Mode: LEADER, active raft config: opid_index: -1 peers { permanent_uuid: "8dfc6e96dfee433280556492bb0f5a60" member_type: VOTER last_known_addr { host: "127.0.0.1" port: 53747 } }
W0517 05:08:47.895066 1966 reactor.cc:633] Failed to create an outbound connection to 255.255.255.255:1 because connect() failed: Network error: connect(2) error: Network is unreachable (error 101)
W0517 05:08:47.895465 2026 heartbeater.cc:587] Failed to heartbeat to 255.255.255.255:1: Network error: Failed to ping master at 255.255.255.255:1: connect(2) error: Network is unreachable (error 101)
I0517 05:08:47.996078 211 tablet_server.cc:144] TabletServer shutting down...
I0517 05:08:48.007158 211 ts_tablet_manager.cc:1118] Shutting down tablet manager...
I0517 05:08:48.007449 211 tablet_replica.cc:261] T TestTablet P 8dfc6e96dfee433280556492bb0f5a60: stopping tablet replica
I0517 05:08:48.007674 211 maintenance_manager.cc:237] P 8dfc6e96dfee433280556492bb0f5a60: Unregistered op CompactRowSetsOp(TestTablet)
I0517 05:08:48.007809 211 maintenance_manager.cc:237] P 8dfc6e96dfee433280556492bb0f5a60: Unregistered op MinorDeltaCompactionOp(TestTablet)
I0517 05:08:48.007988 211 maintenance_manager.cc:237] P 8dfc6e96dfee433280556492bb0f5a60: Unregistered op MajorDeltaCompactionOp(TestTablet)
I0517 05:08:48.008132 211 maintenance_manager.cc:237] P 8dfc6e96dfee433280556492bb0f5a60: Unregistered op UndoDeltaBlockGCOp(TestTablet)
I0517 05:08:48.008311 211 maintenance_manager.cc:237] P 8dfc6e96dfee433280556492bb0f5a60: Unregistered op FlushMRSOp(TestTablet)
I0517 05:08:48.008450 211 maintenance_manager.cc:237] P 8dfc6e96dfee433280556492bb0f5a60: Unregistered op FlushDeltaMemStoresOp(TestTablet)
I0517 05:08:48.008579 211 maintenance_manager.cc:237] P 8dfc6e96dfee433280556492bb0f5a60: Unregistered op LogGCOp(TestTablet)
I0517 05:08:48.008740 211 raft_consensus.cc:2016] T TestTablet P 8dfc6e96dfee433280556492bb0f5a60 [term 1 LEADER]: Raft consensus shutting down.
I0517 05:08:48.009016 211 raft_consensus.cc:2043] T TestTablet P 8dfc6e96dfee433280556492bb0f5a60 [term 1 FOLLOWER]: Raft consensus is shut down!
I0517 05:08:48.020704 211 tablet_server.cc:157] TabletServer shutdown complete.
I0517 05:08:48.020843 211 tablet_server.cc:144] TabletServer shutting down...
I0517 05:08:48.021106 211 tablet_server.cc:157] TabletServer shutdown complete.
I0517 05:08:48.031910 211 system_ntp.cc:143] NTP initialized. Skew: 500ppm Current error: 1044361us
I0517 05:08:48.032239 211 fs_manager.cc:260] Metadata directory not provided
I0517 05:08:48.032348 211 fs_manager.cc:263] Using existing metadata directory in first data directory
I0517 05:08:48.034514 211 fs_manager.cc:397] Time spent opening directory manager: real 0.002s user 0.004s sys 0.000s
I0517 05:08:48.035426 211 file_cache.cc:470] Constructed file cache lbm with capacity 26214
I0517 05:08:48.041514 211 fs_manager.cc:417] Time spent opening block manager: real 0.001s user 0.008s sys 0.000s
I0517 05:08:48.041661 211 fs_manager.cc:428] Opened local filesystem: /tmp/dist-test-taskWs1ZT3/test-tmp/tablet_server-test.0.TabletServerTest.TestInsertAndMutate.1526533719119959-211/TabletServerTest-fsroot uuid: "8dfc6e96dfee433280556492bb0f5a60" format_stamp: "Formatted at 2018-05-17 05:08:47 on dist-test-slave-dist-test-slave-djmg"
I0517 05:08:48.041891 211 fs_report.cc:347] Block manager report -------------------- 1 data directories: /tmp/dist-test-taskWs1ZT3/test-tmp/tablet_server-test.0.TabletServerTest.TestInsertAndMutate.1526533719119959-211/TabletServerTest-fsroot/data Total live blocks: 0 Total live bytes: 0 Total live bytes (after alignment): 0 Total number of LBM containers: 0 (0 full) Did not check for missing blocks Did not check for orphaned blocks Total full LBM containers with extra space: 0 (0 repaired) Total full LBM container extra space in bytes: 0 (0 repaired) Total incomplete LBM containers: 0 (0 repaired) Total LBM partial records: 0 (0 repaired)
I0517 05:08:48.072564 211 ts_tablet_manager.cc:344] Loading tablet metadata (0/1 complete)
I0517 05:08:48.072719 211 ts_tablet_manager.cc:1005] T TestTablet P 8dfc6e96dfee433280556492bb0f5a60: Loading tablet metadata
I0517 05:08:48.076161 211 ts_tablet_manager.cc:356] Loaded tablet metadata (1 live tablets)
I0517 05:08:48.079056 211 ts_tablet_manager.cc:1173] T TestTablet P 8dfc6e96dfee433280556492bb0f5a60: Registered tablet (data state: TABLET_DATA_READY)
I0517 05:08:48.079957 2048 ts_tablet_manager.cc:1028] T TestTablet P 8dfc6e96dfee433280556492bb0f5a60: Bootstrapping tablet
I0517 05:08:48.080276 2048 tablet_bootstrap.cc:436] T TestTablet P 8dfc6e96dfee433280556492bb0f5a60: Bootstrap starting.
I0517 05:08:48.114950 2048 tablet_bootstrap.cc:436] T TestTablet P 8dfc6e96dfee433280556492bb0f5a60: Bootstrap replayed 1/1 log segments. Stats: ops{read=7 overwritten=0 applied=7 ignored=2} inserts{seen=5 ignored=0} mutations{seen=7 ignored=0} orphaned_commits=0. Pending: 0 replicates
I0517 05:08:48.115628 2048 tablet_bootstrap.cc:436] T TestTablet P 8dfc6e96dfee433280556492bb0f5a60: Bootstrap complete.
I0517 05:08:48.115983 2048 ts_tablet_manager.cc:1045] T TestTablet P 8dfc6e96dfee433280556492bb0f5a60: Time spent bootstrapping tablet: real 0.036s user 0.016s sys 0.016s
I0517 05:08:48.116955 2048 raft_consensus.cc:303] T TestTablet P 8dfc6e96dfee433280556492bb0f5a60 [term 1 FOLLOWER]: Replica starting. Triggering 0 pending transactions. Active config: opid_index: -1 peers { permanent_uuid: "8dfc6e96dfee433280556492bb0f5a60" member_type: VOTER last_known_addr { host: "127.0.0.1" port: 53747 } }
I0517 05:08:48.117302 2048 raft_consensus.cc:604] T TestTablet P 8dfc6e96dfee433280556492bb0f5a60 [term 1 FOLLOWER]: Becoming Follower/Learner. State: Replica: 8dfc6e96dfee433280556492bb0f5a60, State: Initialized, Role: FOLLOWER
I0517 05:08:48.117704 2048 consensus_queue.cc:227] T TestTablet P 8dfc6e96dfee433280556492bb0f5a60 [NON_LEADER]: Queue going to NON_LEADER mode. State: All replicated index: 0, Majority replicated index: 0, Committed index: 7, Last appended: 1.7, Last appended by leader: 7, Current term: 0, Majority size: -1, State: 0, Mode: NON_LEADER, active raft config: opid_index: -1 peers { permanent_uuid: "8dfc6e96dfee433280556492bb0f5a60" member_type: VOTER last_known_addr { host: "127.0.0.1" port: 53747 } }
I0517 05:08:48.118072 2048 raft_consensus.cc:343] T TestTablet P 8dfc6e96dfee433280556492bb0f5a60 [term 1 FOLLOWER]: Only one voter in the Raft config. Triggering election immediately
I0517 05:08:48.118216 2048 raft_consensus.cc:435] T TestTablet P 8dfc6e96dfee433280556492bb0f5a60 [term 1 FOLLOWER]: Starting leader election (initial election of a single-replica configuration)
I0517 05:08:48.118381 2048 raft_consensus.cc:2704] T TestTablet P 8dfc6e96dfee433280556492bb0f5a60: Snoozing failure detection for 2.025s (starting election)
I0517 05:08:48.118528 2048 raft_consensus.cc:2756] T TestTablet P 8dfc6e96dfee433280556492bb0f5a60 [term 1 FOLLOWER]: Advancing to term 2
I0517 05:08:48.122226 2048 raft_consensus.cc:457] T TestTablet P 8dfc6e96dfee433280556492bb0f5a60 [term 2 FOLLOWER]: Starting leader election with config: opid_index: -1 peers { permanent_uuid: "8dfc6e96dfee433280556492bb0f5a60" member_type: VOTER last_known_addr { host: "127.0.0.1" port: 53747 } }
I0517 05:08:48.122674 2048 leader_election.cc:270] T TestTablet P 8dfc6e96dfee433280556492bb0f5a60 [CANDIDATE]: Term 2 election: Election decided. Result: candidate won.
I0517 05:08:48.126679 2063 raft_consensus.cc:2704] T TestTablet P 8dfc6e96dfee433280556492bb0f5a60: Snoozing failure detection for 1.815s (election complete)
I0517 05:08:48.127018 2063 raft_consensus.cc:2511] T TestTablet P 8dfc6e96dfee433280556492bb0f5a60 [term 2 FOLLOWER]: Leader election won for term 2
I0517 05:08:48.127894 2048 ts_tablet_manager.cc:1073] T TestTablet P 8dfc6e96dfee433280556492bb0f5a60: Time spent starting tablet: real 0.012s user 0.004s sys 0.008s
I0517 05:08:48.131999 2063 raft_consensus.cc:571] T TestTablet P 8dfc6e96dfee433280556492bb0f5a60 [term 2 LEADER]: Becoming Leader. State: Replica: 8dfc6e96dfee433280556492bb0f5a60, State: Running, Role: LEADER
I0517 05:08:48.132568 2063 consensus_queue.cc:204] T TestTablet P 8dfc6e96dfee433280556492bb0f5a60 [LEADER]: Queue going to LEADER mode. State: All replicated index: 0, Majority replicated index: 7, Committed index: 7, Last appended: 1.7, Last appended by leader: 7, Current term: 2, Majority size: 1, State: 0, Mode: LEADER, active raft config: opid_index: -1 peers { permanent_uuid: "8dfc6e96dfee433280556492bb0f5a60" member_type: VOTER last_known_addr { host: "127.0.0.1" port: 53747 } }
I0517 05:08:48.147042 211 rpc_server.cc:205] RPC server started. Bound to: 127.0.0.1:49300
I0517 05:08:48.147812 211 webserver.cc:173] Starting webserver on 127.0.0.1:0
I0517 05:08:48.147910 211 webserver.cc:184] Document root disabled
I0517 05:08:48.148727 211 webserver.cc:311] Webserver started. Bound to: http://127.0.0.1:35254/
W0517 05:08:48.150027 2042 reactor.cc:633] Failed to create an outbound connection to 255.255.255.255:1 because connect() failed: Network error: connect(2) error: Network is unreachable (error 101)
I0517 05:08:48.150161 2109 maintenance_manager.cc:249] Maintenance manager is disabled. Stopping thread.
W0517 05:08:48.150434 2108 heartbeater.cc:587] Failed to heartbeat to 255.255.255.255:1: Network error: Failed to ping master at 255.255.255.255:1: connect(2) error: Network is unreachable (error 101)
W0517 05:08:48.150890 2042 reactor.cc:633] Failed to create an outbound connection to 255.255.255.255:1 because connect() failed: Network error: connect(2) error: Network is unreachable (error 101)
W0517 05:08:48.151165 2108 heartbeater.cc:587] Failed to heartbeat to 255.255.255.255:1: Network error: Failed to ping master at 255.255.255.255:1: connect(2) error: Network is unreachable (error 101)
W0517 05:08:48.151509 2042 reactor.cc:633] Failed to create an outbound connection to 255.255.255.255:1 because connect() failed: Network error: connect(2) error: Network is unreachable (error 101)
W0517 05:08:48.151782 2108 heartbeater.cc:587] Failed to heartbeat to 255.255.255.255:1: Network error: Failed to ping master at 255.255.255.255:1: connect(2) error: Network is unreachable (error 101)
W0517 05:08:48.151903 2108 heartbeater.cc:380] Failed 3 heartbeats in a row: no longer allowing fast heartbeat attempts.
I0517 05:08:48.153429 211 tablet_server.cc:144] TabletServer shutting down...
I0517 05:08:48.168841 211 ts_tablet_manager.cc:1118] Shutting down tablet manager...
I0517 05:08:48.169147 211 tablet_replica.cc:261] T TestTablet P 8dfc6e96dfee433280556492bb0f5a60: stopping tablet replica
I0517 05:08:48.169420 211 maintenance_manager.cc:237] P 8dfc6e96dfee433280556492bb0f5a60: Unregistered op CompactRowSetsOp(TestTablet)
I0517 05:08:48.169579 211 maintenance_manager.cc:237] P 8dfc6e96dfee433280556492bb0f5a60: Unregistered op MinorDeltaCompactionOp(TestTablet)
I0517 05:08:48.169728 211 maintenance_manager.cc:237] P 8dfc6e96dfee433280556492bb0f5a60: Unregistered op MajorDeltaCompactionOp(TestTablet)
I0517 05:08:48.169848 211 maintenance_manager.cc:237] P 8dfc6e96dfee433280556492bb0f5a60: Unregistered op UndoDeltaBlockGCOp(TestTablet)
I0517 05:08:48.169967 211 maintenance_manager.cc:237] P 8dfc6e96dfee433280556492bb0f5a60: Unregistered op FlushMRSOp(TestTablet)
I0517 05:08:48.170069 211 maintenance_manager.cc:237] P 8dfc6e96dfee433280556492bb0f5a60: Unregistered op FlushDeltaMemStoresOp(TestTablet)
I0517 05:08:48.170204 211 maintenance_manager.cc:237] P 8dfc6e96dfee433280556492bb0f5a60: Unregistered op LogGCOp(TestTablet)
I0517 05:08:48.170354 211 raft_consensus.cc:2016] T TestTablet P 8dfc6e96dfee433280556492bb0f5a60 [term 2 LEADER]: Raft consensus shutting down.
I0517 05:08:48.170642 211 raft_consensus.cc:2043] T TestTablet P 8dfc6e96dfee433280556492bb0f5a60 [term 2 FOLLOWER]: Raft consensus is shut down!
I0517 05:08:48.178279 211 tablet_server.cc:157] TabletServer shutdown complete.
I0517 05:08:48.178418 211 tablet_server.cc:144] TabletServer shutting down...
I0517 05:08:48.178643 211 tablet_server.cc:157] TabletServer shutdown complete. [ OK ] TabletServerTest.TestInsertAndMutate (420 ms) [ RUN ] TabletServerTest.TestInvalidWriteRequest_BadSchema
I0517 05:08:48.197840 211 system_ntp.cc:143] NTP initialized. Skew: 500ppm Current error: 1044361us
I0517 05:08:48.198137 211 fs_manager.cc:260] Metadata directory not provided
I0517 05:08:48.198243 211 fs_manager.cc:266] Using write-ahead log directory (fs_wal_dir) as metadata directory
I0517 05:08:48.198386 211 server_base.cc:432] Could not load existing FS layout: Not found: /tmp/dist-test-taskWs1ZT3/test-tmp/tablet_server-test.0.TabletServerTest.TestInvalidWriteRequest_BadSchema.1526533719119959-211/TabletServerTest-fsroot/instance: No such file or directory (error 2)
I0517 05:08:48.198483 211 server_base.cc:433] Attempting to create new FS layout instead
I0517 05:08:48.204324 211 fs_manager.cc:595] Generated new instance metadata in path /tmp/dist-test-taskWs1ZT3/test-tmp/tablet_server-test.0.TabletServerTest.TestInvalidWriteRequest_BadSchema.1526533719119959-211/TabletServerTest-fsroot/instance: uuid: "2c22a47975f74fcbad9027f1dbdad2d3" format_stamp: "Formatted at 2018-05-17 05:08:48 on dist-test-slave-dist-test-slave-djmg"
I0517 05:08:48.212358 211 fs_manager.cc:495] Time spent creating directory manager: real 0.008s user 0.004s sys 0.000s
I0517 05:08:48.213603 211 file_cache.cc:470] Constructed file cache lbm with capacity 26214
I0517 05:08:48.219840 211 fs_manager.cc:417] Time spent opening block manager: real 0.001s user 0.004s sys 0.000s
I0517 05:08:48.219974 211 fs_manager.cc:428] Opened local filesystem: /tmp/dist-test-taskWs1ZT3/test-tmp/tablet_server-test.0.TabletServerTest.TestInvalidWriteRequest_BadSchema.1526533719119959-211/TabletServerTest-fsroot uuid: "2c22a47975f74fcbad9027f1dbdad2d3" format_stamp: "Formatted at 2018-05-17 05:08:48 on dist-test-slave-dist-test-slave-djmg"
I0517 05:08:48.220196 211 fs_report.cc:347] Block manager report -------------------- 1 data directories: /tmp/dist-test-taskWs1ZT3/test-tmp/tablet_server-test.0.TabletServerTest.TestInvalidWriteRequest_BadSchema.1526533719119959-211/TabletServerTest-fsroot/data Total live blocks: 0 Total live bytes: 0 Total live bytes (after alignment): 0 Total number of LBM containers: 0 (0 full) Did not check for missing blocks Did not check for orphaned blocks Total full LBM containers with extra space: 0 (0 repaired) Total full LBM container extra space in bytes: 0 (0 repaired) Total incomplete LBM containers: 0 (0 repaired) Total LBM partial records: 0 (0 repaired)
I0517 05:08:48.263170 211 ts_tablet_manager.cc:356] Loaded tablet metadata (0 live tablets)
I0517 05:08:48.288705 211 rpc_server.cc:205] RPC server started. Bound to: 127.0.0.1:60501
I0517 05:08:48.289451 211 webserver.cc:173] Starting webserver on 127.0.0.1:0
I0517 05:08:48.289547 211 webserver.cc:184] Document root disabled
I0517 05:08:48.290347 211 webserver.cc:311] Webserver started. Bound to: http://127.0.0.1:36894/
W0517 05:08:48.291434 2118 reactor.cc:633] Failed to create an outbound connection to 255.255.255.255:1 because connect() failed: Network error: connect(2) error: Network is unreachable (error 101)
I0517 05:08:48.291688 2179 maintenance_manager.cc:249] Maintenance manager is disabled. Stopping thread.
W0517 05:08:48.291807 2178 heartbeater.cc:587] Failed to heartbeat to 255.255.255.255:1: Network error: Failed to ping master at 255.255.255.255:1: connect(2) error: Network is unreachable (error 101)
W0517 05:08:48.292273 2118 reactor.cc:633] Failed to create an outbound connection to 255.255.255.255:1 because connect() failed: Network error: connect(2) error: Network is unreachable (error 101)
I0517 05:08:48.292290 211 data_dirs.cc:934] Could only allocate 1 dirs of requested 3 for tablet TestTablet. 1 dirs total, 0 dirs full, 0 dirs failed
W0517 05:08:48.292598 2178 heartbeater.cc:587] Failed to heartbeat to 255.255.255.255:1: Network error: Failed to ping master at 255.255.255.255:1: connect(2) error: Network is unreachable (error 101)
W0517 05:08:48.293028 2118 reactor.cc:633] Failed to create an outbound connection to 255.255.255.255:1 because connect() failed: Network error: connect(2) error: Network is unreachable (error 101)
W0517 05:08:48.293298 2178 heartbeater.cc:587] Failed to heartbeat to 255.255.255.255:1: Network error: Failed to ping master at 255.255.255.255:1: connect(2) error: Network is unreachable (error 101)
W0517 05:08:48.293419 2178 heartbeater.cc:380] Failed 3 heartbeats in a row: no longer allowing fast heartbeat attempts.
I0517 05:08:48.298429 211 ts_tablet_manager.cc:1173] T TestTablet P 2c22a47975f74fcbad9027f1dbdad2d3: Registered tablet (data state: TABLET_DATA_READY)
I0517 05:08:48.299401 2180 ts_tablet_manager.cc:1028] T TestTablet P 2c22a47975f74fcbad9027f1dbdad2d3: Bootstrapping tablet
I0517 05:08:48.299679 2180 tablet_bootstrap.cc:436] T TestTablet P 2c22a47975f74fcbad9027f1dbdad2d3: Bootstrap starting.
I0517 05:08:48.301308 2180 tablet_bootstrap.cc:587] T TestTablet P 2c22a47975f74fcbad9027f1dbdad2d3: No blocks or log segments found. Creating new log.
I0517 05:08:48.303484 2180 tablet_bootstrap.cc:436] T TestTablet P 2c22a47975f74fcbad9027f1dbdad2d3: No bootstrap required, opened a new log
I0517 05:08:48.303715 2180 ts_tablet_manager.cc:1045] T TestTablet P 2c22a47975f74fcbad9027f1dbdad2d3: Time spent bootstrapping tablet: real 0.004s user 0.000s sys 0.000s
I0517 05:08:48.304555 2180 raft_consensus.cc:303] T TestTablet P 2c22a47975f74fcbad9027f1dbdad2d3 [term 0 FOLLOWER]: Replica starting. Triggering 0 pending transactions. Active config: opid_index: -1 peers { permanent_uuid: "2c22a47975f74fcbad9027f1dbdad2d3" member_type: VOTER last_known_addr { host: "127.0.0.1" port: 60501 } }
I0517 05:08:48.304891 2180 raft_consensus.cc:329] T TestTablet P 2c22a47975f74fcbad9027f1dbdad2d3 [term 0 FOLLOWER]: Consensus starting up: Expiring failure detector timer to make a prompt election more likely
I0517 05:08:48.305011 2180 raft_consensus.cc:604] T TestTablet P 2c22a47975f74fcbad9027f1dbdad2d3 [term 0 FOLLOWER]: Becoming Follower/Learner. State: Replica: 2c22a47975f74fcbad9027f1dbdad2d3, State: Initialized, Role: FOLLOWER
I0517 05:08:48.305347 2180 consensus_queue.cc:227] T TestTablet P 2c22a47975f74fcbad9027f1dbdad2d3 [NON_LEADER]: Queue going to NON_LEADER mode. State: All replicated index: 0, Majority replicated index: 0, Committed index: 0, Last appended: 0.0, Last appended by leader: 0, Current term: 0, Majority size: -1, State: 0, Mode: NON_LEADER, active raft config: opid_index: -1 peers { permanent_uuid: "2c22a47975f74fcbad9027f1dbdad2d3" member_type: VOTER last_known_addr { host: "127.0.0.1" port: 60501 } }
I0517 05:08:48.305691 2180 raft_consensus.cc:343] T TestTablet P 2c22a47975f74fcbad9027f1dbdad2d3 [term 0 FOLLOWER]: Only one voter in the Raft config. Triggering election immediately
I0517 05:08:48.305814 2180 raft_consensus.cc:435] T TestTablet P 2c22a47975f74fcbad9027f1dbdad2d3 [term 0 FOLLOWER]: Starting leader election (initial election of a single-replica configuration)
I0517 05:08:48.305948 2180 raft_consensus.cc:2704] T TestTablet P 2c22a47975f74fcbad9027f1dbdad2d3: Snoozing failure detection for 2.180s (starting election)
I0517 05:08:48.306079 2180 raft_consensus.cc:2756] T TestTablet P 2c22a47975f74fcbad9027f1dbdad2d3 [term 0 FOLLOWER]: Advancing to term 1
I0517 05:08:48.309090 2180 raft_consensus.cc:457] T TestTablet P 2c22a47975f74fcbad9027f1dbdad2d3 [term 1 FOLLOWER]: Starting leader election with config: opid_index: -1 peers { permanent_uuid: "2c22a47975f74fcbad9027f1dbdad2d3" member_type: VOTER last_known_addr { host: "127.0.0.1" port: 60501 } }
I0517 05:08:48.309469 2180 leader_election.cc:270] T TestTablet P 2c22a47975f74fcbad9027f1dbdad2d3 [CANDIDATE]: Term 1 election: Election decided. Result: candidate won.
I0517 05:08:48.310379 2182 raft_consensus.cc:2704] T TestTablet P 2c22a47975f74fcbad9027f1dbdad2d3: Snoozing failure detection for 1.963s (election complete)
I0517 05:08:48.310600 2182 raft_consensus.cc:2511] T TestTablet P 2c22a47975f74fcbad9027f1dbdad2d3 [term 1 FOLLOWER]: Leader election won for term 1
I0517 05:08:48.311566 2182 raft_consensus.cc:571] T TestTablet P 2c22a47975f74fcbad9027f1dbdad2d3 [term 1 LEADER]: Becoming Leader. State: Replica: 2c22a47975f74fcbad9027f1dbdad2d3, State: Running, Role: LEADER
W0517 05:08:48.311841 2118 reactor.cc:633] Failed to create an outbound connection to 255.255.255.255:1 because connect() failed: Network error: connect(2) error: Network is unreachable (error 101)
I0517 05:08:48.311957 2182 consensus_queue.cc:204] T TestTablet P 2c22a47975f74fcbad9027f1dbdad2d3 [LEADER]: Queue going to LEADER mode. State: All replicated index: 0, Majority replicated index: 0, Committed index: 0, Last appended: 0.0, Last appended by leader: 0, Current term: 1, Majority size: 1, State: 0, Mode: LEADER, active raft config: opid_index: -1 peers { permanent_uuid: "2c22a47975f74fcbad9027f1dbdad2d3" member_type: VOTER last_known_addr { host: "127.0.0.1" port: 60501 } }
W0517 05:08:48.312197 2178 heartbeater.cc:587] Failed to heartbeat to 255.255.255.255:1: Network error: Failed to ping master at 255.255.255.255:1: connect(2) error: Network is unreachable (error 101)
W0517 05:08:48.312695 2118 reactor.cc:633] Failed to create an outbound connection to 255.255.255.255:1 because connect() failed: Network error: connect(2) error: Network is unreachable (error 101)
I0517 05:08:48.312530 2180 ts_tablet_manager.cc:1073] T TestTablet P 2c22a47975f74fcbad9027f1dbdad2d3: Time spent starting tablet: real 0.009s user 0.012s sys 0.000s
W0517 05:08:48.313024 2178 heartbeater.cc:587] Failed to heartbeat to 255.255.255.255:1: Network error: Failed to ping master at 255.255.255.255:1: connect(2) error: Network is unreachable (error 101)
I0517 05:08:48.331467 211 tablet_server.cc:144] TabletServer shutting down...
I0517 05:08:48.353078 211 ts_tablet_manager.cc:1118] Shutting down tablet manager...
I0517 05:08:48.353394 211 tablet_replica.cc:261] T TestTablet P 2c22a47975f74fcbad9027f1dbdad2d3: stopping tablet replica
I0517 05:08:48.353590 211 maintenance_manager.cc:237] P 2c22a47975f74fcbad9027f1dbdad2d3: Unregistered op CompactRowSetsOp(TestTablet)
I0517 05:08:48.353724 211 maintenance_manager.cc:237] P 2c22a47975f74fcbad9027f1dbdad2d3: Unregistered op MinorDeltaCompactionOp(TestTablet)
I0517 05:08:48.353857 211 maintenance_manager.cc:237] P 2c22a47975f74fcbad9027f1dbdad2d3: Unregistered op MajorDeltaCompactionOp(TestTablet)
I0517 05:08:48.353981 211 maintenance_manager.cc:237] P 2c22a47975f74fcbad9027f1dbdad2d3: Unregistered op UndoDeltaBlockGCOp(TestTablet)
I0517 05:08:48.354130 211 maintenance_manager.cc:237] P 2c22a47975f74fcbad9027f1dbdad2d3: Unregistered op FlushMRSOp(TestTablet)
I0517 05:08:48.354266 211 maintenance_manager.cc:237] P 2c22a47975f74fcbad9027f1dbdad2d3: Unregistered op FlushDeltaMemStoresOp(TestTablet)
I0517 05:08:48.354396 211 maintenance_manager.cc:237] P 2c22a47975f74fcbad9027f1dbdad2d3: Unregistered op LogGCOp(TestTablet)
I0517 05:08:48.354542 211 raft_consensus.cc:2016] T TestTablet P 2c22a47975f74fcbad9027f1dbdad2d3 [term 1 LEADER]: Raft consensus shutting down.
I0517 05:08:48.354812 211 raft_consensus.cc:2043] T TestTablet P 2c22a47975f74fcbad9027f1dbdad2d3 [term 1 FOLLOWER]: Raft consensus is shut down!
I0517 05:08:48.362505 211 tablet_server.cc:157] TabletServer shutdown complete.
I0517 05:08:48.362635 211 tablet_server.cc:144] TabletServer shutting down...
I0517 05:08:48.362843 211 tablet_server.cc:157] TabletServer shutdown complete. [ OK ] TabletServerTest.TestInvalidWriteRequest_BadSchema (184 ms) [ RUN ] TabletServerTest.TestRecoveryWithMutationsWhileFlushing
I0517 05:08:48.381628 211 system_ntp.cc:143] NTP initialized. Skew: 500ppm Current error: 1044361us
I0517 05:08:48.381913 211 fs_manager.cc:260] Metadata directory not provided
I0517 05:08:48.382025 211 fs_manager.cc:266] Using write-ahead log directory (fs_wal_dir) as metadata directory
I0517 05:08:48.382175 211 server_base.cc:432] Could not load existing FS layout: Not found: /tmp/dist-test-taskWs1ZT3/test-tmp/tablet_server-test.0.TabletServerTest.TestRecoveryWithMutationsWhileFlushing.1526533719119959-211/TabletServerTest-fsroot/instance: No such file or directory (error 2)
I0517 05:08:48.382275 211 server_base.cc:433] Attempting to create new FS layout instead
I0517 05:08:48.387974 211 fs_manager.cc:595] Generated new instance metadata in path /tmp/dist-test-taskWs1ZT3/test-tmp/tablet_server-test.0.TabletServerTest.TestRecoveryWithMutationsWhileFlushing.1526533719119959-211/TabletServerTest-fsroot/instance: uuid: "6a4dce3390ab4c379cfa864848800a5c" format_stamp: "Formatted at 2018-05-17 05:08:48 on dist-test-slave-dist-test-slave-djmg"
I0517 05:08:48.395779 211 fs_manager.cc:495] Time spent creating directory manager: real 0.007s user 0.008s sys 0.004s
I0517 05:08:48.396989 211 file_cache.cc:470] Constructed file cache lbm with capacity 26214
I0517 05:08:48.403133 211 fs_manager.cc:417] Time spent opening block manager: real 0.001s user 0.004s sys 0.000s
I0517 05:08:48.403300 211 fs_manager.cc:428] Opened local filesystem: /tmp/dist-test-taskWs1ZT3/test-tmp/tablet_server-test.0.TabletServerTest.TestRecoveryWithMutationsWhileFlushing.1526533719119959-211/TabletServerTest-fsroot uuid: "6a4dce3390ab4c379cfa864848800a5c" format_stamp: "Formatted at 2018-05-17 05:08:48 on dist-test-slave-dist-test-slave-djmg"
I0517 05:08:48.403496 211 fs_report.cc:347] Block manager report -------------------- 1 data directories: /tmp/dist-test-taskWs1ZT3/test-tmp/tablet_server-test.0.TabletServerTest.TestRecoveryWithMutationsWhileFlushing.1526533719119959-211/TabletServerTest-fsroot/data Total live blocks: 0 Total live bytes: 0 Total live bytes (after alignment): 0 Total number of LBM containers: 0 (0 full) Did not check for missing blocks Did not check for orphaned blocks Total full LBM containers with extra space: 0 (0 repaired) Total full LBM container extra space in bytes: 0 (0 repaired) Total incomplete LBM containers: 0 (0 repaired) Total LBM partial records: 0 (0 repaired)
I0517 05:08:48.424695 211 ts_tablet_manager.cc:356] Loaded tablet metadata (0 live tablets)
I0517 05:08:48.450273 211 rpc_server.cc:205] RPC server started. Bound to: 127.0.0.1:35583
I0517 05:08:48.451005 211 webserver.cc:173] Starting webserver on 127.0.0.1:0
I0517 05:08:48.451098 211 webserver.cc:184] Document root disabled
I0517 05:08:48.451985 211 webserver.cc:311] Webserver started. Bound to: http://127.0.0.1:41130/
