I0517 05:08:44.429446 1562 consensus_queue.cc:227] T TestTablet P f4998497555848f89674c0241e6613a5 [NON_LEADER]: Queue going to NON_LEADER mode. State: All replicated index: 0, Majority replicated index: 0, Committed index: 0, Last appended: 0.0, Last appended by leader: 0, Current term: 0, Majority size: -1, State: 0, Mode: NON_LEADER, active raft config: opid_index: -1 peers { permanent_uuid: "f4998497555848f89674c0241e6613a5" member_type: VOTER last_known_addr { host: "127.0.0.1" port: 52438 } }
I0517 05:08:44.429785 1562 raft_consensus.cc:343] T TestTablet P f4998497555848f89674c0241e6613a5 [term 0 FOLLOWER]: Only one voter in the Raft config. Triggering election immediately
I0517 05:08:44.429935 1562 raft_consensus.cc:435] T TestTablet P f4998497555848f89674c0241e6613a5 [term 0 FOLLOWER]: Starting leader election (initial election of a single-replica configuration)
I0517 05:08:44.430083 1562 raft_consensus.cc:2704] T TestTablet P f4998497555848f89674c0241e6613a5: Snoozing failure detection for 1.719s (starting election)
I0517 05:08:44.430232 1562 raft_consensus.cc:2756] T TestTablet P f4998497555848f89674c0241e6613a5 [term 0 FOLLOWER]: Advancing to term 1
I0517 05:08:44.433682 1562 raft_consensus.cc:457] T TestTablet P f4998497555848f89674c0241e6613a5 [term 1 FOLLOWER]: Starting leader election with config: opid_index: -1 peers { permanent_uuid: "f4998497555848f89674c0241e6613a5" member_type: VOTER last_known_addr { host: "127.0.0.1" port: 52438 } }
I0517 05:08:44.434101 1562 leader_election.cc:270] T TestTablet P f4998497555848f89674c0241e6613a5 [CANDIDATE]: Term 1 election: Election decided. Result: candidate won.
I0517 05:08:44.435086 1564 raft_consensus.cc:2704] T TestTablet P f4998497555848f89674c0241e6613a5: Snoozing failure detection for 1.567s (election complete)
I0517 05:08:44.435298 1564 raft_consensus.cc:2511] T TestTablet P f4998497555848f89674c0241e6613a5 [term 1 FOLLOWER]: Leader election won for term 1
W0517 05:08:44.436750 1500 reactor.cc:633] Failed to create an outbound connection to 255.255.255.255:1 because connect() failed: Network error: connect(2) error: Network is unreachable (error 101)
I0517 05:08:44.436882 1562 ts_tablet_manager.cc:1073] T TestTablet P f4998497555848f89674c0241e6613a5: Time spent starting tablet: real 0.009s user 0.008s sys 0.000s
I0517 05:08:44.436818 1564 raft_consensus.cc:571] T TestTablet P f4998497555848f89674c0241e6613a5 [term 1 LEADER]: Becoming Leader. State: Replica: f4998497555848f89674c0241e6613a5, State: Running, Role: LEADER
W0517 05:08:44.437283 1560 heartbeater.cc:587] Failed to heartbeat to 255.255.255.255:1: Network error: Failed to ping master at 255.255.255.255:1: connect(2) error: Network is unreachable (error 101)
I0517 05:08:44.437270 1564 consensus_queue.cc:204] T TestTablet P f4998497555848f89674c0241e6613a5 [LEADER]: Queue going to LEADER mode. State: All replicated index: 0, Majority replicated index: 0, Committed index: 0, Last appended: 0.0, Last appended by leader: 0, Current term: 1, Majority size: 1, State: 0, Mode: LEADER, active raft config: opid_index: -1 peers { permanent_uuid: "f4998497555848f89674c0241e6613a5" member_type: VOTER last_known_addr { host: "127.0.0.1" port: 52438 } }
W0517 05:08:44.437769 1500 reactor.cc:633] Failed to create an outbound connection to 255.255.255.255:1 because connect() failed: Network error: connect(2) error: Network is unreachable (error 101)
W0517 05:08:44.438127 1560 heartbeater.cc:587] Failed to heartbeat to 255.255.255.255:1: Network error: Failed to ping master at 255.255.255.255:1: connect(2) error: Network is unreachable (error 101)
I0517 05:08:44.439076 211 tablet_replica.cc:261] T TestTablet P f4998497555848f89674c0241e6613a5: stopping tablet replica
I0517 05:08:44.439249 211 maintenance_manager.cc:237] P f4998497555848f89674c0241e6613a5: Unregistered op CompactRowSetsOp(TestTablet)
I0517 05:08:44.439395 211 maintenance_manager.cc:237] P f4998497555848f89674c0241e6613a5: Unregistered op MinorDeltaCompactionOp(TestTablet)
I0517 05:08:44.439510 211 maintenance_manager.cc:237] P f4998497555848f89674c0241e6613a5: Unregistered op MajorDeltaCompactionOp(TestTablet)
I0517 05:08:44.439628 211 maintenance_manager.cc:237] P f4998497555848f89674c0241e6613a5: Unregistered op UndoDeltaBlockGCOp(TestTablet)
I0517 05:08:44.439771 211 maintenance_manager.cc:237] P f4998497555848f89674c0241e6613a5: Unregistered op FlushMRSOp(TestTablet)
I0517 05:08:44.439890 211 maintenance_manager.cc:237] P f4998497555848f89674c0241e6613a5: Unregistered op FlushDeltaMemStoresOp(TestTablet)
I0517 05:08:44.440018 211 maintenance_manager.cc:237] P f4998497555848f89674c0241e6613a5: Unregistered op LogGCOp(TestTablet)
I0517 05:08:44.440165 211 raft_consensus.cc:2016] T TestTablet P f4998497555848f89674c0241e6613a5 [term 1 LEADER]: Raft consensus shutting down.
I0517 05:08:44.440414 211 raft_consensus.cc:2043] T TestTablet P f4998497555848f89674c0241e6613a5 [term 1 FOLLOWER]: Raft consensus is shut down!
I0517 05:08:44.442162 211 ts_tablet_manager.cc:1369] T TestTablet P f4998497555848f89674c0241e6613a5: Deleting tablet data with delete state TABLET_DATA_TOMBSTONED
I0517 05:08:44.448909 211 ts_tablet_manager.cc:1382] T TestTablet P f4998497555848f89674c0241e6613a5: tablet deleted with delete type TABLET_DATA_TOMBSTONED: last-logged OpId 1.1
I0517 05:08:44.449177 211 log.cc:981] T TestTablet P f4998497555848f89674c0241e6613a5: Deleting WAL directory at /tmp/dist-test-taskWs1ZT3/test-tmp/tablet_server-test.0.TabletServerTest.TestFailedTabletsOnWebUI.1526533719119959-211/TabletServerTest-fsroot/wals/TestTablet
I0517 05:08:44.456604 211 tablet_server.cc:144] TabletServer shutting down...
I0517 05:08:44.467213 211 ts_tablet_manager.cc:1118] Shutting down tablet manager...
I0517 05:08:44.481716 211 tablet_server.cc:157] TabletServer shutdown complete.
I0517 05:08:44.481865 211 tablet_server.cc:144] TabletServer shutting down...
I0517 05:08:44.482151 211 tablet_server.cc:157] TabletServer shutdown complete. [ OK ] TabletServerTest.TestFailedTabletsOnWebUI (163 ms) [ RUN ] TabletServerTest.TestTombstonedTabletOnWebUI
I0517 05:08:44.501224 211 system_ntp.cc:143] NTP initialized. Skew: 500ppm Current error: 1042361us
I0517 05:08:44.501580 211 fs_manager.cc:260] Metadata directory not provided
I0517 05:08:44.501709 211 fs_manager.cc:266] Using write-ahead log directory (fs_wal_dir) as metadata directory
I0517 05:08:44.501875 211 server_base.cc:432] Could not load existing FS layout: Not found: /tmp/dist-test-taskWs1ZT3/test-tmp/tablet_server-test.0.TabletServerTest.TestTombstonedTabletOnWebUI.1526533719119959-211/TabletServerTest-fsroot/instance: No such file or directory (error 2)
I0517 05:08:44.501974 211 server_base.cc:433] Attempting to create new FS layout instead
I0517 05:08:44.507618 211 fs_manager.cc:595] Generated new instance metadata in path /tmp/dist-test-taskWs1ZT3/test-tmp/tablet_server-test.0.TabletServerTest.TestTombstonedTabletOnWebUI.1526533719119959-211/TabletServerTest-fsroot/instance: uuid: "db91399c213b407fbb8a00df729317b5" format_stamp: "Formatted at 2018-05-17 05:08:44 on dist-test-slave-dist-test-slave-djmg"
I0517 05:08:44.515509 211 fs_manager.cc:495] Time spent creating directory manager: real 0.007s user 0.008s sys 0.000s
I0517 05:08:44.516736 211 file_cache.cc:470] Constructed file cache lbm with capacity 26214
I0517 05:08:44.523011 211 fs_manager.cc:417] Time spent opening block manager: real 0.001s user 0.000s sys 0.000s
I0517 05:08:44.523154 211 fs_manager.cc:428] Opened local filesystem: /tmp/dist-test-taskWs1ZT3/test-tmp/tablet_server-test.0.TabletServerTest.TestTombstonedTabletOnWebUI.1526533719119959-211/TabletServerTest-fsroot uuid: "db91399c213b407fbb8a00df729317b5" format_stamp: "Formatted at 2018-05-17 05:08:44 on dist-test-slave-dist-test-slave-djmg"
I0517 05:08:44.523404 211 fs_report.cc:347] Block manager report -------------------- 1 data directories: /tmp/dist-test-taskWs1ZT3/test-tmp/tablet_server-test.0.TabletServerTest.TestTombstonedTabletOnWebUI.1526533719119959-211/TabletServerTest-fsroot/data Total live blocks: 0 Total live bytes: 0 Total live bytes (after alignment): 0 Total number of LBM containers: 0 (0 full) Did not check for missing blocks Did not check for orphaned blocks Total full LBM containers with extra space: 0 (0 repaired) Total full LBM container extra space in bytes: 0 (0 repaired) Total incomplete LBM containers: 0 (0 repaired) Total LBM partial records: 0 (0 repaired)
I0517 05:08:44.568037 211 ts_tablet_manager.cc:356] Loaded tablet metadata (0 live tablets)
I0517 05:08:44.595269 211 rpc_server.cc:205] RPC server started. Bound to: 127.0.0.1:48632
I0517 05:08:44.596040 211 webserver.cc:173] Starting webserver on 127.0.0.1:0
I0517 05:08:44.596145 211 webserver.cc:184] Document root disabled
I0517 05:08:44.597036 211 webserver.cc:311] Webserver started. Bound to: http://127.0.0.1:42073/
W0517 05:08:44.598073 1577 reactor.cc:633] Failed to create an outbound connection to 255.255.255.255:1 because connect() failed: Network error: connect(2) error: Network is unreachable (error 101)
I0517 05:08:44.598414 1638 maintenance_manager.cc:249] Maintenance manager is disabled. Stopping thread.
W0517 05:08:44.598498 1637 heartbeater.cc:587] Failed to heartbeat to 255.255.255.255:1: Network error: Failed to ping master at 255.255.255.255:1: connect(2) error: Network is unreachable (error 101)
I0517 05:08:44.598929 211 data_dirs.cc:934] Could only allocate 1 dirs of requested 3 for tablet TestTablet. 1 dirs total, 0 dirs full, 0 dirs failed
W0517 05:08:44.599000 1577 reactor.cc:633] Failed to create an outbound connection to 255.255.255.255:1 because connect() failed: Network error: connect(2) error: Network is unreachable (error 101)
W0517 05:08:44.599292 1637 heartbeater.cc:587] Failed to heartbeat to 255.255.255.255:1: Network error: Failed to ping master at 255.255.255.255:1: connect(2) error: Network is unreachable (error 101)
W0517 05:08:44.599668 1577 reactor.cc:633] Failed to create an outbound connection to 255.255.255.255:1 because connect() failed: Network error: connect(2) error: Network is unreachable (error 101)
W0517 05:08:44.599938 1637 heartbeater.cc:587] Failed to heartbeat to 255.255.255.255:1: Network error: Failed to ping master at 255.255.255.255:1: connect(2) error: Network is unreachable (error 101)
W0517 05:08:44.600062 1637 heartbeater.cc:380] Failed 3 heartbeats in a row: no longer allowing fast heartbeat attempts.
I0517 05:08:44.605289 211 ts_tablet_manager.cc:1173] T TestTablet P db91399c213b407fbb8a00df729317b5: Registered tablet (data state: TABLET_DATA_READY)
I0517 05:08:44.606231 1639 ts_tablet_manager.cc:1028] T TestTablet P db91399c213b407fbb8a00df729317b5: Bootstrapping tablet
I0517 05:08:44.606520 1639 tablet_bootstrap.cc:436] T TestTablet P db91399c213b407fbb8a00df729317b5: Bootstrap starting.
I0517 05:08:44.608206 1639 tablet_bootstrap.cc:587] T TestTablet P db91399c213b407fbb8a00df729317b5: No blocks or log segments found. Creating new log.
I0517 05:08:44.610632 1639 tablet_bootstrap.cc:436] T TestTablet P db91399c213b407fbb8a00df729317b5: No bootstrap required, opened a new log
I0517 05:08:44.610863 1639 ts_tablet_manager.cc:1045] T TestTablet P db91399c213b407fbb8a00df729317b5: Time spent bootstrapping tablet: real 0.004s user 0.000s sys 0.000s
I0517 05:08:44.611711 1639 raft_consensus.cc:303] T TestTablet P db91399c213b407fbb8a00df729317b5 [term 0 FOLLOWER]: Replica starting. Triggering 0 pending transactions. Active config: opid_index: -1 peers { permanent_uuid: "db91399c213b407fbb8a00df729317b5" member_type: VOTER last_known_addr { host: "127.0.0.1" port: 48632 } }
I0517 05:08:44.612011 1639 raft_consensus.cc:329] T TestTablet P db91399c213b407fbb8a00df729317b5 [term 0 FOLLOWER]: Consensus starting up: Expiring failure detector timer to make a prompt election more likely
I0517 05:08:44.612131 1639 raft_consensus.cc:604] T TestTablet P db91399c213b407fbb8a00df729317b5 [term 0 FOLLOWER]: Becoming Follower/Learner. State: Replica: db91399c213b407fbb8a00df729317b5, State: Initialized, Role: FOLLOWER
I0517 05:08:44.612474 1639 consensus_queue.cc:227] T TestTablet P db91399c213b407fbb8a00df729317b5 [NON_LEADER]: Queue going to NON_LEADER mode. State: All replicated index: 0, Majority replicated index: 0, Committed index: 0, Last appended: 0.0, Last appended by leader: 0, Current term: 0, Majority size: -1, State: 0, Mode: NON_LEADER, active raft config: opid_index: -1 peers { permanent_uuid: "db91399c213b407fbb8a00df729317b5" member_type: VOTER last_known_addr { host: "127.0.0.1" port: 48632 } }
I0517 05:08:44.612852 1639 raft_consensus.cc:343] T TestTablet P db91399c213b407fbb8a00df729317b5 [term 0 FOLLOWER]: Only one voter in the Raft config. Triggering election immediately
I0517 05:08:44.612973 1639 raft_consensus.cc:435] T TestTablet P db91399c213b407fbb8a00df729317b5 [term 0 FOLLOWER]: Starting leader election (initial election of a single-replica configuration)
I0517 05:08:44.613104 1639 raft_consensus.cc:2704] T TestTablet P db91399c213b407fbb8a00df729317b5: Snoozing failure detection for 1.990s (starting election)
I0517 05:08:44.613235 1639 raft_consensus.cc:2756] T TestTablet P db91399c213b407fbb8a00df729317b5 [term 0 FOLLOWER]: Advancing to term 1
I0517 05:08:44.616274 1639 raft_consensus.cc:457] T TestTablet P db91399c213b407fbb8a00df729317b5 [term 1 FOLLOWER]: Starting leader election with config: opid_index: -1 peers { permanent_uuid: "db91399c213b407fbb8a00df729317b5" member_type: VOTER last_known_addr { host: "127.0.0.1" port: 48632 } }
I0517 05:08:44.616675 1639 leader_election.cc:270] T TestTablet P db91399c213b407fbb8a00df729317b5 [CANDIDATE]: Term 1 election: Election decided. Result: candidate won.
I0517 05:08:44.617696 1641 raft_consensus.cc:2704] T TestTablet P db91399c213b407fbb8a00df729317b5: Snoozing failure detection for 1.768s (election complete)
I0517 05:08:44.617908 1641 raft_consensus.cc:2511] T TestTablet P db91399c213b407fbb8a00df729317b5 [term 1 FOLLOWER]: Leader election won for term 1
I0517 05:08:44.618785 1641 raft_consensus.cc:571] T TestTablet P db91399c213b407fbb8a00df729317b5 [term 1 LEADER]: Becoming Leader. State: Replica: db91399c213b407fbb8a00df729317b5, State: Running, Role: LEADER
I0517 05:08:44.619117 1641 consensus_queue.cc:204] T TestTablet P db91399c213b407fbb8a00df729317b5 [LEADER]: Queue going to LEADER mode. State: All replicated index: 0, Majority replicated index: 0, Committed index: 0, Last appended: 0.0, Last appended by leader: 0, Current term: 1, Majority size: 1, State: 0, Mode: LEADER, active raft config: opid_index: -1 peers { permanent_uuid: "db91399c213b407fbb8a00df729317b5" member_type: VOTER last_known_addr { host: "127.0.0.1" port: 48632 } }
W0517 05:08:44.619362 1577 reactor.cc:633] Failed to create an outbound connection to 255.255.255.255:1 because connect() failed: Network error: connect(2) error: Network is unreachable (error 101)
W0517 05:08:44.619734 1637 heartbeater.cc:587] Failed to heartbeat to 255.255.255.255:1: Network error: Failed to ping master at 255.255.255.255:1: connect(2) error: Network is unreachable (error 101)
W0517 05:08:44.620260 1577 reactor.cc:633] Failed to create an outbound connection to 255.255.255.255:1 because connect() failed: Network error: connect(2) error: Network is unreachable (error 101)
W0517 05:08:44.620651 1637 heartbeater.cc:587] Failed to heartbeat to 255.255.255.255:1: Network error: Failed to ping master at 255.255.255.255:1: connect(2) error: Network is unreachable (error 101)
W0517 05:08:44.621811 1577 reactor.cc:633] Failed to create an outbound connection to 255.255.255.255:1 because connect() failed: Network error: connect(2) error: Network is unreachable (error 101)
I0517 05:08:44.621908 1639 ts_tablet_manager.cc:1073] T TestTablet P db91399c213b407fbb8a00df729317b5: Time spent starting tablet: real 0.011s user 0.012s sys 0.000s
W0517 05:08:44.622155 1637 heartbeater.cc:587] Failed to heartbeat to 255.255.255.255:1: Network error: Failed to ping master at 255.255.255.255:1: connect(2) error: Network is unreachable (error 101) /home/jenkins-slave/workspace/kudu-master/2/src/kudu/tserver/tablet_server-test.cc:541: Failure Failed Bad status: Already present: State transition of tablet TestTablet already in progress: creating tablet
I0517 05:08:44.622530 211 tablet_server.cc:144] TabletServer shutting down...
I0517 05:08:44.633260 211 ts_tablet_manager.cc:1118] Shutting down tablet manager...
I0517 05:08:44.633571 211 tablet_replica.cc:261] T TestTablet P db91399c213b407fbb8a00df729317b5: stopping tablet replica
I0517 05:08:44.633815 211 maintenance_manager.cc:237] P db91399c213b407fbb8a00df729317b5: Unregistered op CompactRowSetsOp(TestTablet)
I0517 05:08:44.633971 211 maintenance_manager.cc:237] P db91399c213b407fbb8a00df729317b5: Unregistered op MinorDeltaCompactionOp(TestTablet)
I0517 05:08:44.634111 211 maintenance_manager.cc:237] P db91399c213b407fbb8a00df729317b5: Unregistered op MajorDeltaCompactionOp(TestTablet)
I0517 05:08:44.634213 211 maintenance_manager.cc:237] P db91399c213b407fbb8a00df729317b5: Unregistered op UndoDeltaBlockGCOp(TestTablet)
I0517 05:08:44.634331 211 maintenance_manager.cc:237] P db91399c213b407fbb8a00df729317b5: Unregistered op FlushMRSOp(TestTablet)
I0517 05:08:44.634425 211 maintenance_manager.cc:237] P db91399c213b407fbb8a00df729317b5: Unregistered op FlushDeltaMemStoresOp(TestTablet)
I0517 05:08:44.634521 211 maintenance_manager.cc:237] P db91399c213b407fbb8a00df729317b5: Unregistered op LogGCOp(TestTablet)
I0517 05:08:44.634624 211 raft_consensus.cc:2016] T TestTablet P db91399c213b407fbb8a00df729317b5 [term 1 LEADER]: Raft consensus shutting down.
I0517 05:08:44.634850 211 raft_consensus.cc:2043] T TestTablet P db91399c213b407fbb8a00df729317b5 [term 1 FOLLOWER]: Raft consensus is shut down!
I0517 05:08:44.641754 211 tablet_server.cc:157] TabletServer shutdown complete.
I0517 05:08:44.641894 211 tablet_server.cc:144] TabletServer shutting down...
I0517 05:08:44.642132 211 tablet_server.cc:157] TabletServer shutdown complete.
I0517 05:08:44.649005 211 test_util.cc:123] -----------------------------------------------
I0517 05:08:44.649142 211 test_util.cc:124] Had fatal failures, leaving test files at /tmp/dist-test-taskWs1ZT3/test-tmp/tablet_server-test.0.TabletServerTest.TestTombstonedTabletOnWebUI.1526533719119959-211 [ FAILED ] TabletServerTest.TestTombstonedTabletOnWebUI (159 ms) [ RUN ] TabletServerTest.TestInsert
I0517 05:08:44.660010 211 system_ntp.cc:143] NTP initialized. Skew: 500ppm Current error: 1042361us
I0517 05:08:44.660358 211 fs_manager.cc:260] Metadata directory not provided
I0517 05:08:44.660482 211 fs_manager.cc:266] Using write-ahead log directory (fs_wal_dir) as metadata directory
I0517 05:08:44.660657 211 server_base.cc:432] Could not load existing FS layout: Not found: /tmp/dist-test-taskWs1ZT3/test-tmp/tablet_server-test.0.TabletServerTest.TestInsert.1526533719119959-211/TabletServerTest-fsroot/instance: No such file or directory (error 2)
I0517 05:08:44.660758 211 server_base.cc:433] Attempting to create new FS layout instead
I0517 05:08:44.667436 211 fs_manager.cc:595] Generated new instance metadata in path /tmp/dist-test-taskWs1ZT3/test-tmp/tablet_server-test.0.TabletServerTest.TestInsert.1526533719119959-211/TabletServerTest-fsroot/instance: uuid: "b9e8e722e251478d8d4d18a13816c095" format_stamp: "Formatted at 2018-05-17 05:08:44 on dist-test-slave-dist-test-slave-djmg"
I0517 05:08:44.675508 211 fs_manager.cc:495] Time spent creating directory manager: real 0.008s user 0.008s sys 0.000s
I0517 05:08:44.676712 211 file_cache.cc:470] Constructed file cache lbm with capacity 26214
I0517 05:08:44.682874 211 fs_manager.cc:417] Time spent opening block manager: real 0.001s user 0.004s sys 0.000s
I0517 05:08:44.683015 211 fs_manager.cc:428] Opened local filesystem: /tmp/dist-test-taskWs1ZT3/test-tmp/tablet_server-test.0.TabletServerTest.TestInsert.1526533719119959-211/TabletServerTest-fsroot uuid: "b9e8e722e251478d8d4d18a13816c095" format_stamp: "Formatted at 2018-05-17 05:08:44 on dist-test-slave-dist-test-slave-djmg"
I0517 05:08:44.683241 211 fs_report.cc:347] Block manager report -------------------- 1 data directories: /tmp/dist-test-taskWs1ZT3/test-tmp/tablet_server-test.0.TabletServerTest.TestInsert.1526533719119959-211/TabletServerTest-fsroot/data Total live blocks: 0 Total live bytes: 0 Total live bytes (after alignment): 0 Total number of LBM containers: 0 (0 full) Did not check for missing blocks Did not check for orphaned blocks Total full LBM containers with extra space: 0 (0 repaired) Total full LBM container extra space in bytes: 0 (0 repaired) Total incomplete LBM containers: 0 (0 repaired) Total LBM partial records: 0 (0 repaired)
I0517 05:08:44.722851 211 ts_tablet_manager.cc:356] Loaded tablet metadata (0 live tablets)
I0517 05:08:44.748361 211 rpc_server.cc:205] RPC server started. Bound to: 127.0.0.1:43207
I0517 05:08:44.749135 211 webserver.cc:173] Starting webserver on 127.0.0.1:0
I0517 05:08:44.749239 211 webserver.cc:184] Document root disabled
I0517 05:08:44.750066 211 webserver.cc:311] Webserver started. Bound to: http://127.0.0.1:43351/
W0517 05:08:44.751154 1653 reactor.cc:633] Failed to create an outbound connection to 255.255.255.255:1 because connect() failed: Network error: connect(2) error: Network is unreachable (error 101)
I0517 05:08:44.751453 1714 maintenance_manager.cc:249] Maintenance manager is disabled. Stopping thread.
W0517 05:08:44.751585 1713 heartbeater.cc:587] Failed to heartbeat to 255.255.255.255:1: Network error: Failed to ping master at 255.255.255.255:1: connect(2) error: Network is unreachable (error 101)
I0517 05:08:44.751993 211 data_dirs.cc:934] Could only allocate 1 dirs of requested 3 for tablet TestTablet. 1 dirs total, 0 dirs full, 0 dirs failed
W0517 05:08:44.752105 1653 reactor.cc:633] Failed to create an outbound connection to 255.255.255.255:1 because connect() failed: Network error: connect(2) error: Network is unreachable (error 101)
W0517 05:08:44.752398 1713 heartbeater.cc:587] Failed to heartbeat to 255.255.255.255:1: Network error: Failed to ping master at 255.255.255.255:1: connect(2) error: Network is unreachable (error 101)
W0517 05:08:44.752756 1653 reactor.cc:633] Failed to create an outbound connection to 255.255.255.255:1 because connect() failed: Network error: connect(2) error: Network is unreachable (error 101)
W0517 05:08:44.753023 1713 heartbeater.cc:587] Failed to heartbeat to 255.255.255.255:1: Network error: Failed to ping master at 255.255.255.255:1: connect(2) error: Network is unreachable (error 101)
W0517 05:08:44.753149 1713 heartbeater.cc:380] Failed 3 heartbeats in a row: no longer allowing fast heartbeat attempts.
I0517 05:08:44.758352 211 ts_tablet_manager.cc:1173] T TestTablet P b9e8e722e251478d8d4d18a13816c095: Registered tablet (data state: TABLET_DATA_READY)
I0517 05:08:44.759285 1715 ts_tablet_manager.cc:1028] T TestTablet P b9e8e722e251478d8d4d18a13816c095: Bootstrapping tablet
I0517 05:08:44.759570 1715 tablet_bootstrap.cc:436] T TestTablet P b9e8e722e251478d8d4d18a13816c095: Bootstrap starting.
I0517 05:08:44.761241 1715 tablet_bootstrap.cc:587] T TestTablet P b9e8e722e251478d8d4d18a13816c095: No blocks or log segments found. Creating new log.
I0517 05:08:44.763509 1715 tablet_bootstrap.cc:436] T TestTablet P b9e8e722e251478d8d4d18a13816c095: No bootstrap required, opened a new log
I0517 05:08:44.763780 1715 ts_tablet_manager.cc:1045] T TestTablet P b9e8e722e251478d8d4d18a13816c095: Time spent bootstrapping tablet: real 0.004s user 0.000s sys 0.000s
I0517 05:08:44.764689 1715 raft_consensus.cc:303] T TestTablet P b9e8e722e251478d8d4d18a13816c095 [term 0 FOLLOWER]: Replica starting. Triggering 0 pending transactions. Active config: opid_index: -1 peers { permanent_uuid: "b9e8e722e251478d8d4d18a13816c095" member_type: VOTER last_known_addr { host: "127.0.0.1" port: 43207 } }
I0517 05:08:44.765013 1715 raft_consensus.cc:329] T TestTablet P b9e8e722e251478d8d4d18a13816c095 [term 0 FOLLOWER]: Consensus starting up: Expiring failure detector timer to make a prompt election more likely
I0517 05:08:44.765147 1715 raft_consensus.cc:604] T TestTablet P b9e8e722e251478d8d4d18a13816c095 [term 0 FOLLOWER]: Becoming Follower/Learner. State: Replica: b9e8e722e251478d8d4d18a13816c095, State: Initialized, Role: FOLLOWER
I0517 05:08:44.765491 1715 consensus_queue.cc:227] T TestTablet P b9e8e722e251478d8d4d18a13816c095 [NON_LEADER]: Queue going to NON_LEADER mode. State: All replicated index: 0, Majority replicated index: 0, Committed index: 0, Last appended: 0.0, Last appended by leader: 0, Current term: 0, Majority size: -1, State: 0, Mode: NON_LEADER, active raft config: opid_index: -1 peers { permanent_uuid: "b9e8e722e251478d8d4d18a13816c095" member_type: VOTER last_known_addr { host: "127.0.0.1" port: 43207 } }
I0517 05:08:44.765836 1715 raft_consensus.cc:343] T TestTablet P b9e8e722e251478d8d4d18a13816c095 [term 0 FOLLOWER]: Only one voter in the Raft config. Triggering election immediately
I0517 05:08:44.765974 1715 raft_consensus.cc:435] T TestTablet P b9e8e722e251478d8d4d18a13816c095 [term 0 FOLLOWER]: Starting leader election (initial election of a single-replica configuration)
I0517 05:08:44.766121 1715 raft_consensus.cc:2704] T TestTablet P b9e8e722e251478d8d4d18a13816c095: Snoozing failure detection for 1.528s (starting election)
I0517 05:08:44.766271 1715 raft_consensus.cc:2756] T TestTablet P b9e8e722e251478d8d4d18a13816c095 [term 0 FOLLOWER]: Advancing to term 1
I0517 05:08:44.769469 1715 raft_consensus.cc:457] T TestTablet P b9e8e722e251478d8d4d18a13816c095 [term 1 FOLLOWER]: Starting leader election with config: opid_index: -1 peers { permanent_uuid: "b9e8e722e251478d8d4d18a13816c095" member_type: VOTER last_known_addr { host: "127.0.0.1" port: 43207 } }
I0517 05:08:44.769862 1715 leader_election.cc:270] T TestTablet P b9e8e722e251478d8d4d18a13816c095 [CANDIDATE]: Term 1 election: Election decided. Result: candidate won.
I0517 05:08:44.770853 1717 raft_consensus.cc:2704] T TestTablet P b9e8e722e251478d8d4d18a13816c095: Snoozing failure detection for 1.633s (election complete)
I0517 05:08:44.771070 1717 raft_consensus.cc:2511] T TestTablet P b9e8e722e251478d8d4d18a13816c095 [term 1 FOLLOWER]: Leader election won for term 1
I0517 05:08:44.771925 1717 raft_consensus.cc:571] T TestTablet P b9e8e722e251478d8d4d18a13816c095 [term 1 LEADER]: Becoming Leader. State: Replica: b9e8e722e251478d8d4d18a13816c095, State: Running, Role: LEADER
I0517 05:08:44.772373 1717 consensus_queue.cc:204] T TestTablet P b9e8e722e251478d8d4d18a13816c095 [LEADER]: Queue going to LEADER mode. State: All replicated index: 0, Majority replicated index: 0, Committed index: 0, Last appended: 0.0, Last appended by leader: 0, Current term: 1, Majority size: 1, State: 0, Mode: LEADER, active raft config: opid_index: -1 peers { permanent_uuid: "b9e8e722e251478d8d4d18a13816c095" member_type: VOTER last_known_addr { host: "127.0.0.1" port: 43207 } }
I0517 05:08:44.772831 1715 ts_tablet_manager.cc:1073] T TestTablet P b9e8e722e251478d8d4d18a13816c095: Time spent starting tablet: real 0.009s user 0.008s sys 0.004s
W0517 05:08:44.772794 1653 reactor.cc:633] Failed to create an outbound connection to 255.255.255.255:1 because connect() failed: Network error: connect(2) error: Network is unreachable (error 101)
W0517 05:08:44.773303 1713 heartbeater.cc:587] Failed to heartbeat to 255.255.255.255:1: Network error: Failed to ping master at 255.255.255.255:1: connect(2) error: Network is unreachable (error 101)
W0517 05:08:44.773780 1653 reactor.cc:633] Failed to create an outbound connection to 255.255.255.255:1 because connect() failed: Network error: connect(2) error: Network is unreachable (error 101)
W0517 05:08:44.774183 1713 heartbeater.cc:587] Failed to heartbeat to 255.255.255.255:1: Network error: Failed to ping master at 255.255.255.255:1: connect(2) error: Network is unreachable (error 101)
I0517 05:08:44.858806 211 tablet_server.cc:144] TabletServer shutting down...
I0517 05:08:44.869550 211 ts_tablet_manager.cc:1118] Shutting down tablet manager...
I0517 05:08:44.869879 211 tablet_replica.cc:261] T TestTablet P b9e8e722e251478d8d4d18a13816c095: stopping tablet replica
I0517 05:08:44.870074 211 maintenance_manager.cc:237] P b9e8e722e251478d8d4d18a13816c095: Unregistered op CompactRowSetsOp(TestTablet)
I0517 05:08:44.870204 211 maintenance_manager.cc:237] P b9e8e722e251478d8d4d18a13816c095: Unregistered op MinorDeltaCompactionOp(TestTablet)
I0517 05:08:44.870340 211 maintenance_manager.cc:237] P b9e8e722e251478d8d4d18a13816c095: Unregistered op MajorDeltaCompactionOp(TestTablet)
I0517 05:08:44.870465 211 maintenance_manager.cc:237] P b9e8e722e251478d8d4d18a13816c095: Unregistered op UndoDeltaBlockGCOp(TestTablet)
I0517 05:08:44.870620 211 maintenance_manager.cc:237] P b9e8e722e251478d8d4d18a13816c095: Unregistered op FlushMRSOp(TestTablet)
I0517 05:08:44.870772 211 maintenance_manager.cc:237] P b9e8e722e251478d8d4d18a13816c095: Unregistered op FlushDeltaMemStoresOp(TestTablet)
I0517 05:08:44.870903 211 maintenance_manager.cc:237] P b9e8e722e251478d8d4d18a13816c095: Unregistered op LogGCOp(TestTablet)
I0517 05:08:44.871053 211 raft_consensus.cc:2016] T TestTablet P b9e8e722e251478d8d4d18a13816c095 [term 1 LEADER]: Raft consensus shutting down.
I0517 05:08:44.871300 211 raft_consensus.cc:2043] T TestTablet P b9e8e722e251478d8d4d18a13816c095 [term 1 FOLLOWER]: Raft consensus is shut down!
I0517 05:08:44.888223 211 tablet_server.cc:157] TabletServer shutdown complete.
I0517 05:08:44.888365 211 tablet_server.cc:144] TabletServer shutting down...
I0517 05:08:44.888589 211 tablet_server.cc:157] TabletServer shutdown complete.
I0517 05:08:44.899601 211 system_ntp.cc:143] NTP initialized. Skew: 500ppm Current error: 1042361us
I0517 05:08:44.899875 211 fs_manager.cc:260] Metadata directory not provided
I0517 05:08:44.899972 211 fs_manager.cc:263] Using existing metadata directory in first data directory
I0517 05:08:44.902110 211 fs_manager.cc:397] Time spent opening directory manager: real 0.002s user 0.004s sys 0.000s
I0517 05:08:44.902950 211 file_cache.cc:470] Constructed file cache lbm with capacity 26214
I0517 05:08:44.908979 211 fs_manager.cc:417] Time spent opening block manager: real 0.001s user 0.000s sys 0.004s
I0517 05:08:44.909112 211 fs_manager.cc:428] Opened local filesystem: /tmp/dist-test-taskWs1ZT3/test-tmp/tablet_server-test.0.TabletServerTest.TestInsert.1526533719119959-211/TabletServerTest-fsroot uuid: "b9e8e722e251478d8d4d18a13816c095" format_stamp: "Formatted at 2018-05-17 05:08:44 on dist-test-slave-dist-test-slave-djmg"
I0517 05:08:44.909338 211 fs_report.cc:347] Block manager report -------------------- 1 data directories: /tmp/dist-test-taskWs1ZT3/test-tmp/tablet_server-test.0.TabletServerTest.TestInsert.1526533719119959-211/TabletServerTest-fsroot/data Total live blocks: 0 Total live bytes: 0 Total live bytes (after alignment): 0 Total number of LBM containers: 0 (0 full) Did not check for missing blocks Did not check for orphaned blocks Total full LBM containers with extra space: 0 (0 repaired) Total full LBM container extra space in bytes: 0 (0 repaired) Total incomplete LBM containers: 0 (0 repaired) Total LBM partial records: 0 (0 repaired)
I0517 05:08:44.936597 211 ts_tablet_manager.cc:344] Loading tablet metadata (0/1 complete)
I0517 05:08:44.936759 211 ts_tablet_manager.cc:1005] T TestTablet P b9e8e722e251478d8d4d18a13816c095: Loading tablet metadata
I0517 05:08:44.940115 211 ts_tablet_manager.cc:356] Loaded tablet metadata (1 live tablets)
I0517 05:08:44.943022 211 ts_tablet_manager.cc:1173] T TestTablet P b9e8e722e251478d8d4d18a13816c095: Registered tablet (data state: TABLET_DATA_READY)
I0517 05:08:44.943918 1735 ts_tablet_manager.cc:1028] T TestTablet P b9e8e722e251478d8d4d18a13816c095: Bootstrapping tablet
I0517 05:08:44.944249 1735 tablet_bootstrap.cc:436] T TestTablet P b9e8e722e251478d8d4d18a13816c095: Bootstrap starting.
I0517 05:08:44.967217 1735 tablet_bootstrap.cc:436] T TestTablet P b9e8e722e251478d8d4d18a13816c095: Bootstrap replayed 1/1 log segments. Stats: ops{read=4 overwritten=0 applied=4 ignored=1} inserts{seen=5 ignored=0} mutations{seen=0 ignored=0} orphaned_commits=0. Pending: 0 replicates
I0517 05:08:44.968073 1735 tablet_bootstrap.cc:436] T TestTablet P b9e8e722e251478d8d4d18a13816c095: Bootstrap complete.
I0517 05:08:44.968619 1735 ts_tablet_manager.cc:1045] T TestTablet P b9e8e722e251478d8d4d18a13816c095: Time spent bootstrapping tablet: real 0.024s user 0.020s sys 0.000s
I0517 05:08:44.970032 1735 raft_consensus.cc:303] T TestTablet P b9e8e722e251478d8d4d18a13816c095 [term 1 FOLLOWER]: Replica starting. Triggering 0 pending transactions. Active config: opid_index: -1 peers { permanent_uuid: "b9e8e722e251478d8d4d18a13816c095" member_type: VOTER last_known_addr { host: "127.0.0.1" port: 43207 } }
I0517 05:08:44.970440 1735 raft_consensus.cc:604] T TestTablet P b9e8e722e251478d8d4d18a13816c095 [term 1 FOLLOWER]: Becoming Follower/Learner. State: Replica: b9e8e722e251478d8d4d18a13816c095, State: Initialized, Role: FOLLOWER
I0517 05:08:44.970820 1735 consensus_queue.cc:227] T TestTablet P b9e8e722e251478d8d4d18a13816c095 [NON_LEADER]: Queue going to NON_LEADER mode. State: All replicated index: 0, Majority replicated index: 0, Committed index: 4, Last appended: 1.4, Last appended by leader: 4, Current term: 0, Majority size: -1, State: 0, Mode: NON_LEADER, active raft config: opid_index: -1 peers { permanent_uuid: "b9e8e722e251478d8d4d18a13816c095" member_type: VOTER last_known_addr { host: "127.0.0.1" port: 43207 } }
I0517 05:08:44.971403 1735 raft_consensus.cc:343] T TestTablet P b9e8e722e251478d8d4d18a13816c095 [term 1 FOLLOWER]: Only one voter in the Raft config. Triggering election immediately
I0517 05:08:44.971627 1735 raft_consensus.cc:435] T TestTablet P b9e8e722e251478d8d4d18a13816c095 [term 1 FOLLOWER]: Starting leader election (initial election of a single-replica configuration)
I0517 05:08:44.971882 1735 raft_consensus.cc:2704] T TestTablet P b9e8e722e251478d8d4d18a13816c095: Snoozing failure detection for 2.214s (starting election)
I0517 05:08:44.972108 1735 raft_consensus.cc:2756] T TestTablet P b9e8e722e251478d8d4d18a13816c095 [term 1 FOLLOWER]: Advancing to term 2
I0517 05:08:44.976977 211 rpc_server.cc:205] RPC server started. Bound to: 127.0.0.1:54857
I0517 05:08:44.976966 1735 raft_consensus.cc:457] T TestTablet P b9e8e722e251478d8d4d18a13816c095 [term 2 FOLLOWER]: Starting leader election with config: opid_index: -1 peers { permanent_uuid: "b9e8e722e251478d8d4d18a13816c095" member_type: VOTER last_known_addr { host: "127.0.0.1" port: 43207 } }
I0517 05:08:44.977471 1735 leader_election.cc:270] T TestTablet P b9e8e722e251478d8d4d18a13816c095 [CANDIDATE]: Term 2 election: Election decided. Result: candidate won.
I0517 05:08:44.977874 211 webserver.cc:173] Starting webserver on 127.0.0.1:0
I0517 05:08:44.978029 211 webserver.cc:184] Document root disabled
I0517 05:08:44.978539 1790 raft_consensus.cc:2704] T TestTablet P b9e8e722e251478d8d4d18a13816c095: Snoozing failure detection for 2.036s (election complete)
I0517 05:08:44.979007 1790 raft_consensus.cc:2511] T TestTablet P b9e8e722e251478d8d4d18a13816c095 [term 2 FOLLOWER]: Leader election won for term 2
I0517 05:08:44.979465 211 webserver.cc:311] Webserver started. Bound to: http://127.0.0.1:48441/
I0517 05:08:44.980044 1735 ts_tablet_manager.cc:1073] T TestTablet P b9e8e722e251478d8d4d18a13816c095: Time spent starting tablet: real 0.011s user 0.004s sys 0.004s
I0517 05:08:44.980253 1790 raft_consensus.cc:571] T TestTablet P b9e8e722e251478d8d4d18a13816c095 [term 2 LEADER]: Becoming Leader. State: Replica: b9e8e722e251478d8d4d18a13816c095, State: Running, Role: LEADER
I0517 05:08:44.980733 1790 consensus_queue.cc:204] T TestTablet P b9e8e722e251478d8d4d18a13816c095 [LEADER]: Queue going to LEADER mode. State: All replicated index: 0, Majority replicated index: 4, Committed index: 4, Last appended: 1.4, Last appended by leader: 4, Current term: 2, Majority size: 1, State: 0, Mode: LEADER, active raft config: opid_index: -1 peers { permanent_uuid: "b9e8e722e251478d8d4d18a13816c095" member_type: VOTER last_known_addr { host: "127.0.0.1" port: 43207 } }
W0517 05:08:44.981215 1729 reactor.cc:633] Failed to create an outbound connection to 255.255.255.255:1 because connect() failed: Network error: connect(2) error: Network is unreachable (error 101)
I0517 05:08:44.981355 1795 maintenance_manager.cc:249] Maintenance manager is disabled. Stopping thread.
W0517 05:08:44.981722 1794 heartbeater.cc:587] Failed to heartbeat to 255.255.255.255:1: Network error: Failed to ping master at 255.255.255.255:1: connect(2) error: Network is unreachable (error 101)
W0517 05:08:44.982290 1729 reactor.cc:633] Failed to create an outbound connection to 255.255.255.255:1 because connect() failed: Network error: connect(2) error: Network is unreachable (error 101)
W0517 05:08:44.982676 1794 heartbeater.cc:587] Failed to heartbeat to 255.255.255.255:1: Network error: Failed to ping master at 255.255.255.255:1: connect(2) error: Network is unreachable (error 101)
W0517 05:08:44.983172 1729 reactor.cc:633] Failed to create an outbound connection to 255.255.255.255:1 because connect() failed: Network error: connect(2) error: Network is unreachable (error 101)
W0517 05:08:44.983542 1794 heartbeater.cc:587] Failed to heartbeat to 255.255.255.255:1: Network error: Failed to ping master at 255.255.255.255:1: connect(2) error: Network is unreachable (error 101)
W0517 05:08:44.983729 1794 heartbeater.cc:380] Failed 3 heartbeats in a row: no longer allowing fast heartbeat attempts.
I0517 05:08:44.986429 211 tablet_server.cc:144] TabletServer shutting down...
I0517 05:08:45.009326 211 ts_tablet_manager.cc:1118] Shutting down tablet manager...
I0517 05:08:45.009887 211 tablet_replica.cc:261] T TestTablet P b9e8e722e251478d8d4d18a13816c095: stopping tablet replica
I0517 05:08:45.010174 211 maintenance_manager.cc:237] P b9e8e722e251478d8d4d18a13816c095: Unregistered op CompactRowSetsOp(TestTablet)
I0517 05:08:45.010370 211 maintenance_manager.cc:237] P b9e8e722e251478d8d4d18a13816c095: Unregistered op MinorDeltaCompactionOp(TestTablet)
I0517 05:08:45.010536 211 maintenance_manager.cc:237] P b9e8e722e251478d8d4d18a13816c095: Unregistered op MajorDeltaCompactionOp(TestTablet)
I0517 05:08:45.010705 211 maintenance_manager.cc:237] P b9e8e722e251478d8d4d18a13816c095: Unregistered op UndoDeltaBlockGCOp(TestTablet)
I0517 05:08:45.010905 211 maintenance_manager.cc:237] P b9e8e722e251478d8d4d18a13816c095: Unregistered op FlushMRSOp(TestTablet)
I0517 05:08:45.011066 211 maintenance_manager.cc:237] P b9e8e722e251478d8d4d18a13816c095: Unregistered op FlushDeltaMemStoresOp(TestTablet)
I0517 05:08:45.011214 211 maintenance_manager.cc:237] P b9e8e722e251478d8d4d18a13816c095: Unregistered op LogGCOp(TestTablet)
I0517 05:08:45.011375 211 raft_consensus.cc:2016] T TestTablet P b9e8e722e251478d8d4d18a13816c095 [term 2 LEADER]: Raft consensus shutting down.
I0517 05:08:45.011693 211 raft_consensus.cc:2043] T TestTablet P b9e8e722e251478d8d4d18a13816c095 [term 2 FOLLOWER]: Raft consensus is shut down!
I0517 05:08:45.028915 211 tablet_server.cc:157] TabletServer shutdown complete.
I0517 05:08:45.029060 211 tablet_server.cc:144] TabletServer shutting down...
I0517 05:08:45.029299 211 tablet_server.cc:157] TabletServer shutdown complete. [ OK ] TabletServerTest.TestInsert (389 ms) [ RUN ] TabletServerTest.TestExternalConsistencyModes_ClientPropagated
I0517 05:08:45.063611 211 system_ntp.cc:143] NTP initialized. Skew: 500ppm Current error: 1042861us
I0517 05:08:45.063942 211 fs_manager.cc:260] Metadata directory not provided
I0517 05:08:45.064070 211 fs_manager.cc:266] Using write-ahead log directory (fs_wal_dir) as metadata directory
I0517 05:08:45.064242 211 server_base.cc:432] Could not load existing FS layout: Not found: /tmp/dist-test-taskWs1ZT3/test-tmp/tablet_server-test.0.TabletServerTest.TestExternalConsistencyModes_ClientPropagated.1526533719119959-211/TabletServerTest-fsroot/instance: No such file or directory (error 2)
I0517 05:08:45.064347 211 server_base.cc:433] Attempting to create new FS layout instead
I0517 05:08:45.070086 211 fs_manager.cc:595] Generated new instance metadata in path /tmp/dist-test-taskWs1ZT3/test-tmp/tablet_server-test.0.TabletServerTest.TestExternalConsistencyModes_ClientPropagated.1526533719119959-211/TabletServerTest-fsroot/instance: uuid: "c2e6da7766f9465bba2ff04ea415c784" format_stamp: "Formatted at 2018-05-17 05:08:45 on dist-test-slave-dist-test-slave-djmg"
I0517 05:08:45.085693 211 fs_manager.cc:495] Time spent creating directory manager: real 0.015s user 0.004s sys 0.012s
I0517 05:08:45.087004 211 file_cache.cc:470] Constructed file cache lbm with capacity 26214
I0517 05:08:45.105463 211 fs_manager.cc:417] Time spent opening block manager: real 0.013s user 0.000s sys 0.016s
I0517 05:08:45.105634 211 fs_manager.cc:428] Opened local filesystem: /tmp/dist-test-taskWs1ZT3/test-tmp/tablet_server-test.0.TabletServerTest.TestExternalConsistencyModes_ClientPropagated.1526533719119959-211/TabletServerTest-fsroot uuid: "c2e6da7766f9465bba2ff04ea415c784" format_stamp: "Formatted at 2018-05-17 05:08:45 on dist-test-slave-dist-test-slave-djmg"
I0517 05:08:45.105921 211 fs_report.cc:347] Block manager report -------------------- 1 data directories: /tmp/dist-test-taskWs1ZT3/test-tmp/tablet_server-test.0.TabletServerTest.TestExternalConsistencyModes_ClientPropagated.1526533719119959-211/TabletServerTest-fsroot/data Total live blocks: 0 Total live bytes: 0 Total live bytes (after alignment): 0 Total number of LBM containers: 0 (0 full) Did not check for missing blocks Did not check for orphaned blocks Total full LBM containers with extra space: 0 (0 repaired) Total full LBM container extra space in bytes: 0 (0 repaired) Total incomplete LBM containers: 0 (0 repaired) Total LBM partial records: 0 (0 repaired)
I0517 05:08:45.176007 211 ts_tablet_manager.cc:356] Loaded tablet metadata (0 live tablets)
I0517 05:08:45.242796 211 rpc_server.cc:205] RPC server started. Bound to: 127.0.0.1:53794
I0517 05:08:45.244060 211 webserver.cc:173] Starting webserver on 127.0.0.1:0
I0517 05:08:45.244230 211 webserver.cc:184] Document root disabled
I0517 05:08:45.245252 211 webserver.cc:311] Webserver started. Bound to: http://127.0.0.1:49462/
W0517 05:08:45.246426 1806 reactor.cc:633] Failed to create an outbound connection to 255.255.255.255:1 because connect() failed: Network error: connect(2) error: Network is unreachable (error 101)
W0517 05:08:45.246825 1866 heartbeater.cc:587] Failed to heartbeat to 255.255.255.255:1: Network error: Failed to ping master at 255.255.255.255:1: connect(2) error: Network is unreachable (error 101)
W0517 05:08:45.247213 1806 reactor.cc:633] Failed to create an outbound connection to 255.255.255.255:1 because connect() failed: Network error: connect(2) error: Network is unreachable (error 101)
W0517 05:08:45.247517 1866 heartbeater.cc:587] Failed to heartbeat to 255.255.255.255:1: Network error: Failed to ping master at 255.255.255.255:1: connect(2) error: Network is unreachable (error 101)
W0517 05:08:45.247881 1806 reactor.cc:633] Failed to create an outbound connection to 255.255.255.255:1 because connect() failed: Network error: connect(2) error: Network is unreachable (error 101)
W0517 05:08:45.248183 1866 heartbeater.cc:587] Failed to heartbeat to 255.255.255.255:1: Network error: Failed to ping master at 255.255.255.255:1: connect(2) error: Network is unreachable (error 101)
W0517 05:08:45.248314 1866 heartbeater.cc:380] Failed 3 heartbeats in a row: no longer allowing fast heartbeat attempts.
I0517 05:08:45.261195 1867 maintenance_manager.cc:249] Maintenance manager is disabled. Stopping thread.
I0517 05:08:45.261888 211 data_dirs.cc:934] Could only allocate 1 dirs of requested 3 for tablet TestTablet. 1 dirs total, 0 dirs full, 0 dirs failed
I0517 05:08:45.271041 211 ts_tablet_manager.cc:1173] T TestTablet P c2e6da7766f9465bba2ff04ea415c784: Registered tablet (data state: TABLET_DATA_READY)
I0517 05:08:45.272099 1868 ts_tablet_manager.cc:1028] T TestTablet P c2e6da7766f9465bba2ff04ea415c784: Bootstrapping tablet
I0517 05:08:45.272425 1868 tablet_bootstrap.cc:436] T TestTablet P c2e6da7766f9465bba2ff04ea415c784: Bootstrap starting.
I0517 05:08:45.274125 1868 tablet_bootstrap.cc:587] T TestTablet P c2e6da7766f9465bba2ff04ea415c784: No blocks or log segments found. Creating new log.
I0517 05:08:45.285948 1868 tablet_bootstrap.cc:436] T TestTablet P c2e6da7766f9465bba2ff04ea415c784: No bootstrap required, opened a new log
I0517 05:08:45.286257 1868 ts_tablet_manager.cc:1045] T TestTablet P c2e6da7766f9465bba2ff04ea415c784: Time spent bootstrapping tablet: real 0.014s user 0.004s sys 0.008s
I0517 05:08:45.287267 1868 raft_consensus.cc:303] T TestTablet P c2e6da7766f9465bba2ff04ea415c784 [term 0 FOLLOWER]: Replica starting. Triggering 0 pending transactions. Active config: opid_index: -1 peers { permanent_uuid: "c2e6da7766f9465bba2ff04ea415c784" member_type: VOTER last_known_addr { host: "127.0.0.1" port: 53794 } }
I0517 05:08:45.287631 1868 raft_consensus.cc:329] T TestTablet P c2e6da7766f9465bba2ff04ea415c784 [term 0 FOLLOWER]: Consensus starting up: Expiring failure detector timer to make a prompt election more likely
I0517 05:08:45.287772 1868 raft_consensus.cc:604] T TestTablet P c2e6da7766f9465bba2ff04ea415c784 [term 0 FOLLOWER]: Becoming Follower/Learner. State: Replica: c2e6da7766f9465bba2ff04ea415c784, State: Initialized, Role: FOLLOWER
I0517 05:08:45.288152 1868 consensus_queue.cc:227] T TestTablet P c2e6da7766f9465bba2ff04ea415c784 [NON_LEADER]: Queue going to NON_LEADER mode. State: All replicated index: 0, Majority replicated index: 0, Committed index: 0, Last appended: 0.0, Last appended by leader: 0, Current term: 0, Majority size: -1, State: 0, Mode: NON_LEADER, active raft config: opid_index: -1 peers { permanent_uuid: "c2e6da7766f9465bba2ff04ea415c784" member_type: VOTER last_known_addr { host: "127.0.0.1" port: 53794 } }
I0517 05:08:45.288513 1868 raft_consensus.cc:343] T TestTablet P c2e6da7766f9465bba2ff04ea415c784 [term 0 FOLLOWER]: Only one voter in the Raft config. Triggering election immediately
I0517 05:08:45.288686 1868 raft_consensus.cc:435] T TestTablet P c2e6da7766f9465bba2ff04ea415c784 [term 0 FOLLOWER]: Starting leader election (initial election of a single-replica configuration)
I0517 05:08:45.288838 1868 raft_consensus.cc:2704] T TestTablet P c2e6da7766f9465bba2ff04ea415c784: Snoozing failure detection for 2.161s (starting election)
I0517 05:08:45.289005 1868 raft_consensus.cc:2756] T TestTablet P c2e6da7766f9465bba2ff04ea415c784 [term 0 FOLLOWER]: Advancing to term 1
I0517 05:08:45.291985 1868 raft_consensus.cc:457] T TestTablet P c2e6da7766f9465bba2ff04ea415c784 [term 1 FOLLOWER]: Starting leader election with config: opid_index: -1 peers { permanent_uuid: "c2e6da7766f9465bba2ff04ea415c784" member_type: VOTER last_known_addr { host: "127.0.0.1" port: 53794 } }
I0517 05:08:45.292404 1868 leader_election.cc:270] T TestTablet P c2e6da7766f9465bba2ff04ea415c784 [CANDIDATE]: Term 1 election: Election decided. Result: candidate won.
I0517 05:08:45.305203 1870 raft_consensus.cc:2704] T TestTablet P c2e6da7766f9465bba2ff04ea415c784: Snoozing failure detection for 1.500s (election complete)
I0517 05:08:45.305526 1870 raft_consensus.cc:2511] T TestTablet P c2e6da7766f9465bba2ff04ea415c784 [term 1 FOLLOWER]: Leader election won for term 1
W0517 05:08:45.317663 1806 reactor.cc:633] Failed to create an outbound connection to 255.255.255.255:1 because connect() failed: Network error: connect(2) error: Network is unreachable (error 101)
I0517 05:08:45.317694 1868 ts_tablet_manager.cc:1073] T TestTablet P c2e6da7766f9465bba2ff04ea415c784: Time spent starting tablet: real 0.031s user 0.008s sys 0.024s
I0517 05:08:45.317873 1870 raft_consensus.cc:571] T TestTablet P c2e6da7766f9465bba2ff04ea415c784 [term 1 LEADER]: Becoming Leader. State: Replica: c2e6da7766f9465bba2ff04ea415c784, State: Running, Role: LEADER
W0517 05:08:45.318364 1866 heartbeater.cc:587] Failed to heartbeat to 255.255.255.255:1: Network error: Failed to ping master at 255.255.255.255:1: connect(2) error: Network is unreachable (error 101)
W0517 05:08:45.318792 1806 reactor.cc:633] Failed to create an outbound connection to 255.255.255.255:1 because connect() failed: Network error: connect(2) error: Network is unreachable (error 101)
I0517 05:08:45.318591 1870 consensus_queue.cc:204] T TestTablet P c2e6da7766f9465bba2ff04ea415c784 [LEADER]: Queue going to LEADER mode. State: All replicated index: 0, Majority replicated index: 0, Committed index: 0, Last appended: 0.0, Last appended by leader: 0, Current term: 1, Majority size: 1, State: 0, Mode: LEADER, active raft config: opid_index: -1 peers { permanent_uuid: "c2e6da7766f9465bba2ff04ea415c784" member_type: VOTER last_known_addr { host: "127.0.0.1" port: 53794 } }
W0517 05:08:45.319126 1866 heartbeater.cc:587] Failed to heartbeat to 255.255.255.255:1: Network error: Failed to ping master at 255.255.255.255:1: connect(2) error: Network is unreachable (error 101)
I0517 05:08:45.356272 211 tablet_server.cc:144] TabletServer shutting down...
I0517 05:08:45.366493 211 ts_tablet_manager.cc:1118] Shutting down tablet manager...
I0517 05:08:45.366802 211 tablet_replica.cc:261] T TestTablet P c2e6da7766f9465bba2ff04ea415c784: stopping tablet replica
I0517 05:08:45.367087 211 maintenance_manager.cc:237] P c2e6da7766f9465bba2ff04ea415c784: Unregistered op CompactRowSetsOp(TestTablet)
I0517 05:08:45.367282 211 maintenance_manager.cc:237] P c2e6da7766f9465bba2ff04ea415c784: Unregistered op MinorDeltaCompactionOp(TestTablet)
