I0517 05:09:22.571995 7212 raft_consensus.cc:435] T TestTablet P 97e4b6be765d4e27a72113f62aafbef7 [term 1 FOLLOWER]: Starting leader election (initial election of a single-replica configuration)
I0517 05:09:22.572162 7212 raft_consensus.cc:2704] T TestTablet P 97e4b6be765d4e27a72113f62aafbef7: Snoozing failure detection for 1.893s (starting election)
I0517 05:09:22.572333 7212 raft_consensus.cc:2756] T TestTablet P 97e4b6be765d4e27a72113f62aafbef7 [term 1 FOLLOWER]: Advancing to term 2
I0517 05:09:22.576889 7212 raft_consensus.cc:457] T TestTablet P 97e4b6be765d4e27a72113f62aafbef7 [term 2 FOLLOWER]: Starting leader election with config: opid_index: -1 peers { permanent_uuid: "97e4b6be765d4e27a72113f62aafbef7" member_type: VOTER last_known_addr { host: "127.0.0.1" port: 55000 } }
I0517 05:09:22.577419 7212 leader_election.cc:270] T TestTablet P 97e4b6be765d4e27a72113f62aafbef7 [CANDIDATE]: Term 2 election: Election decided. Result: candidate won.
I0517 05:09:22.579197 7222 raft_consensus.cc:2704] T TestTablet P 97e4b6be765d4e27a72113f62aafbef7: Snoozing failure detection for 1.503s (election complete)
I0517 05:09:22.579744 7222 raft_consensus.cc:2511] T TestTablet P 97e4b6be765d4e27a72113f62aafbef7 [term 2 FOLLOWER]: Leader election won for term 2
I0517 05:09:22.582268 7222 raft_consensus.cc:571] T TestTablet P 97e4b6be765d4e27a72113f62aafbef7 [term 2 LEADER]: Becoming Leader. State: Replica: 97e4b6be765d4e27a72113f62aafbef7, State: Running, Role: LEADER
I0517 05:09:22.582617 7222 consensus_queue.cc:204] T TestTablet P 97e4b6be765d4e27a72113f62aafbef7 [LEADER]: Queue going to LEADER mode. State: All replicated index: 0, Majority replicated index: 1, Committed index: 1, Last appended: 1.1, Last appended by leader: 1, Current term: 2, Majority size: 1, State: 0, Mode: LEADER, active raft config: opid_index: -1 peers { permanent_uuid: "97e4b6be765d4e27a72113f62aafbef7" member_type: VOTER last_known_addr { host: "127.0.0.1" port: 55000 } }
I0517 05:09:22.585635 7212 ts_tablet_manager.cc:1073] T TestTablet P 97e4b6be765d4e27a72113f62aafbef7: Time spent starting tablet: real 0.016s user 0.000s sys 0.012s
I0517 05:09:22.605173 211 rpc_server.cc:205] RPC server started. Bound to: 127.0.0.1:55000
I0517 05:09:22.606029 211 webserver.cc:173] Starting webserver on 127.0.0.1:46838
I0517 05:09:22.606127 211 webserver.cc:184] Document root disabled
I0517 05:09:22.606942 211 webserver.cc:311] Webserver started. Bound to: http://127.0.0.1:46838/
W0517 05:09:22.608053 7206 reactor.cc:633] Failed to create an outbound connection to 255.255.255.255:1 because connect() failed: Network error: connect(2) error: Network is unreachable (error 101)
I0517 05:09:22.608330 7273 maintenance_manager.cc:249] Maintenance manager is disabled. Stopping thread.
W0517 05:09:22.608440 7272 heartbeater.cc:587] Failed to heartbeat to 255.255.255.255:1: Network error: Failed to ping master at 255.255.255.255:1: connect(2) error: Network is unreachable (error 101)
I0517 05:09:22.608597 211 tablet_server.cc:144] TabletServer shutting down...
W0517 05:09:22.608988 7206 reactor.cc:633] Failed to create an outbound connection to 255.255.255.255:1 because connect() failed: Network error: connect(2) error: Network is unreachable (error 101)
W0517 05:09:22.609346 7272 heartbeater.cc:587] Failed to heartbeat to 255.255.255.255:1: Network error: Failed to ping master at 255.255.255.255:1: connect(2) error: Network is unreachable (error 101)
W0517 05:09:22.610393 7206 reactor.cc:633] Failed to create an outbound connection to 255.255.255.255:1 because connect() failed: Network error: connect(2) error: Network is unreachable (error 101)
W0517 05:09:22.610873 7272 heartbeater.cc:587] Failed to heartbeat to 255.255.255.255:1: Network error: Failed to ping master at 255.255.255.255:1: connect(2) error: Network is unreachable (error 101)
W0517 05:09:22.611064 7272 heartbeater.cc:380] Failed 3 heartbeats in a row: no longer allowing fast heartbeat attempts.
I0517 05:09:22.628809 211 ts_tablet_manager.cc:1118] Shutting down tablet manager...
I0517 05:09:22.629119 211 tablet_replica.cc:261] T TestTablet P 97e4b6be765d4e27a72113f62aafbef7: stopping tablet replica
I0517 05:09:22.629364 211 maintenance_manager.cc:237] P 97e4b6be765d4e27a72113f62aafbef7: Unregistered op CompactRowSetsOp(TestTablet)
I0517 05:09:22.629523 211 maintenance_manager.cc:237] P 97e4b6be765d4e27a72113f62aafbef7: Unregistered op MinorDeltaCompactionOp(TestTablet)
I0517 05:09:22.629673 211 maintenance_manager.cc:237] P 97e4b6be765d4e27a72113f62aafbef7: Unregistered op MajorDeltaCompactionOp(TestTablet)
I0517 05:09:22.629777 211 maintenance_manager.cc:237] P 97e4b6be765d4e27a72113f62aafbef7: Unregistered op UndoDeltaBlockGCOp(TestTablet)
I0517 05:09:22.629895 211 maintenance_manager.cc:237] P 97e4b6be765d4e27a72113f62aafbef7: Unregistered op FlushMRSOp(TestTablet)
I0517 05:09:22.629987 211 maintenance_manager.cc:237] P 97e4b6be765d4e27a72113f62aafbef7: Unregistered op FlushDeltaMemStoresOp(TestTablet)
I0517 05:09:22.630079 211 maintenance_manager.cc:237] P 97e4b6be765d4e27a72113f62aafbef7: Unregistered op LogGCOp(TestTablet)
I0517 05:09:22.630183 211 raft_consensus.cc:2016] T TestTablet P 97e4b6be765d4e27a72113f62aafbef7 [term 2 LEADER]: Raft consensus shutting down.
I0517 05:09:22.630390 211 raft_consensus.cc:2043] T TestTablet P 97e4b6be765d4e27a72113f62aafbef7 [term 2 FOLLOWER]: Raft consensus is shut down!
I0517 05:09:22.637713 211 tablet_server.cc:157] TabletServer shutdown complete.
I0517 05:09:22.637841 211 tablet_server.cc:144] TabletServer shutting down...
I0517 05:09:22.638059 211 tablet_server.cc:157] TabletServer shutdown complete.
I0517 05:09:22.649513 211 system_ntp.cc:143] NTP initialized. Skew: 500ppm Current error: 1061361us
I0517 05:09:22.649808 211 fs_manager.cc:260] Metadata directory not provided
I0517 05:09:22.649904 211 fs_manager.cc:263] Using existing metadata directory in first data directory
I0517 05:09:22.652083 211 fs_manager.cc:397] Time spent opening directory manager: real 0.002s user 0.004s sys 0.000s
I0517 05:09:22.652938 211 file_cache.cc:470] Constructed file cache lbm with capacity 26214
I0517 05:09:22.664754 211 fs_manager.cc:417] Time spent opening block manager: real 0.007s user 0.004s sys 0.000s
I0517 05:09:22.664897 211 fs_manager.cc:428] Opened local filesystem: /tmp/dist-test-taskWs1ZT3/test-tmp/tablet_server-test.0.TabletServerTest.TestKeysInRowsetMetadataPreventStartupSeeks.1526533719119959-211/TabletServerTest-fsroot uuid: "97e4b6be765d4e27a72113f62aafbef7" format_stamp: "Formatted at 2018-05-17 05:09:22 on dist-test-slave-dist-test-slave-djmg"
I0517 05:09:22.665119 211 fs_report.cc:347] Block manager report -------------------- 1 data directories: /tmp/dist-test-taskWs1ZT3/test-tmp/tablet_server-test.0.TabletServerTest.TestKeysInRowsetMetadataPreventStartupSeeks.1526533719119959-211/TabletServerTest-fsroot/data Total live blocks: 5 Total live bytes: 6914 Total live bytes (after alignment): 24576 Total number of LBM containers: 6 (0 full) Did not check for missing blocks Did not check for orphaned blocks Total full LBM containers with extra space: 0 (0 repaired) Total full LBM container extra space in bytes: 0 (0 repaired) Total incomplete LBM containers: 0 (0 repaired) Total LBM partial records: 0 (0 repaired)
I0517 05:09:22.683425 211 ts_tablet_manager.cc:1005] T TestTablet P 97e4b6be765d4e27a72113f62aafbef7: Loading tablet metadata
I0517 05:09:22.687557 211 ts_tablet_manager.cc:356] Loaded tablet metadata (1 live tablets)
I0517 05:09:22.690865 211 ts_tablet_manager.cc:1173] T TestTablet P 97e4b6be765d4e27a72113f62aafbef7: Registered tablet (data state: TABLET_DATA_READY)
I0517 05:09:22.691767 7284 ts_tablet_manager.cc:1028] T TestTablet P 97e4b6be765d4e27a72113f62aafbef7: Bootstrapping tablet
I0517 05:09:22.692070 7284 tablet_bootstrap.cc:436] T TestTablet P 97e4b6be765d4e27a72113f62aafbef7: Bootstrap starting.
I0517 05:09:22.706192 7284 tablet_bootstrap.cc:436] T TestTablet P 97e4b6be765d4e27a72113f62aafbef7: Bootstrap replayed 1/1 log segments. Stats: ops{read=2 overwritten=0 applied=2 ignored=0} inserts{seen=0 ignored=0} mutations{seen=0 ignored=0} orphaned_commits=0. Pending: 0 replicates
I0517 05:09:22.706960 7284 tablet_bootstrap.cc:436] T TestTablet P 97e4b6be765d4e27a72113f62aafbef7: Bootstrap complete.
I0517 05:09:22.707371 7284 ts_tablet_manager.cc:1045] T TestTablet P 97e4b6be765d4e27a72113f62aafbef7: Time spent bootstrapping tablet: real 0.015s user 0.012s sys 0.000s
I0517 05:09:22.708694 7284 raft_consensus.cc:303] T TestTablet P 97e4b6be765d4e27a72113f62aafbef7 [term 2 FOLLOWER]: Replica starting. Triggering 0 pending transactions. Active config: opid_index: -1 peers { permanent_uuid: "97e4b6be765d4e27a72113f62aafbef7" member_type: VOTER last_known_addr { host: "127.0.0.1" port: 55000 } }
I0517 05:09:22.709141 7284 raft_consensus.cc:604] T TestTablet P 97e4b6be765d4e27a72113f62aafbef7 [term 2 FOLLOWER]: Becoming Follower/Learner. State: Replica: 97e4b6be765d4e27a72113f62aafbef7, State: Initialized, Role: FOLLOWER
I0517 05:09:22.709735 7284 consensus_queue.cc:227] T TestTablet P 97e4b6be765d4e27a72113f62aafbef7 [NON_LEADER]: Queue going to NON_LEADER mode. State: All replicated index: 0, Majority replicated index: 0, Committed index: 2, Last appended: 2.2, Last appended by leader: 2, Current term: 0, Majority size: -1, State: 0, Mode: NON_LEADER, active raft config: opid_index: -1 peers { permanent_uuid: "97e4b6be765d4e27a72113f62aafbef7" member_type: VOTER last_known_addr { host: "127.0.0.1" port: 55000 } }
I0517 05:09:22.710252 7284 raft_consensus.cc:343] T TestTablet P 97e4b6be765d4e27a72113f62aafbef7 [term 2 FOLLOWER]: Only one voter in the Raft config. Triggering election immediately
I0517 05:09:22.710433 7284 raft_consensus.cc:435] T TestTablet P 97e4b6be765d4e27a72113f62aafbef7 [term 2 FOLLOWER]: Starting leader election (initial election of a single-replica configuration)
I0517 05:09:22.710645 7284 raft_consensus.cc:2704] T TestTablet P 97e4b6be765d4e27a72113f62aafbef7: Snoozing failure detection for 2.017s (starting election)
I0517 05:09:22.710837 7284 raft_consensus.cc:2756] T TestTablet P 97e4b6be765d4e27a72113f62aafbef7 [term 2 FOLLOWER]: Advancing to term 3
I0517 05:09:22.716248 7284 raft_consensus.cc:457] T TestTablet P 97e4b6be765d4e27a72113f62aafbef7 [term 3 FOLLOWER]: Starting leader election with config: opid_index: -1 peers { permanent_uuid: "97e4b6be765d4e27a72113f62aafbef7" member_type: VOTER last_known_addr { host: "127.0.0.1" port: 55000 } }
I0517 05:09:22.716802 7284 leader_election.cc:270] T TestTablet P 97e4b6be765d4e27a72113f62aafbef7 [CANDIDATE]: Term 3 election: Election decided. Result: candidate won.
I0517 05:09:22.724464 7325 raft_consensus.cc:2704] T TestTablet P 97e4b6be765d4e27a72113f62aafbef7: Snoozing failure detection for 1.735s (election complete)
I0517 05:09:22.724871 7325 raft_consensus.cc:2511] T TestTablet P 97e4b6be765d4e27a72113f62aafbef7 [term 3 FOLLOWER]: Leader election won for term 3
I0517 05:09:22.726269 211 rpc_server.cc:205] RPC server started. Bound to: 127.0.0.1:55000
I0517 05:09:22.726397 7284 ts_tablet_manager.cc:1073] T TestTablet P 97e4b6be765d4e27a72113f62aafbef7: Time spent starting tablet: real 0.019s user 0.016s sys 0.004s
I0517 05:09:22.727481 211 webserver.cc:173] Starting webserver on 127.0.0.1:46838
I0517 05:09:22.727650 211 webserver.cc:184] Document root disabled
I0517 05:09:22.728619 211 webserver.cc:311] Webserver started. Bound to: http://127.0.0.1:46838/
W0517 05:09:22.729754 7278 reactor.cc:633] Failed to create an outbound connection to 255.255.255.255:1 because connect() failed: Network error: connect(2) error: Network is unreachable (error 101)
W0517 05:09:22.730120 7343 heartbeater.cc:587] Failed to heartbeat to 255.255.255.255:1: Network error: Failed to ping master at 255.255.255.255:1: connect(2) error: Network is unreachable (error 101)
W0517 05:09:22.730481 7278 reactor.cc:633] Failed to create an outbound connection to 255.255.255.255:1 because connect() failed: Network error: connect(2) error: Network is unreachable (error 101)
W0517 05:09:22.730785 7343 heartbeater.cc:587] Failed to heartbeat to 255.255.255.255:1: Network error: Failed to ping master at 255.255.255.255:1: connect(2) error: Network is unreachable (error 101)
W0517 05:09:22.731111 7278 reactor.cc:633] Failed to create an outbound connection to 255.255.255.255:1 because connect() failed: Network error: connect(2) error: Network is unreachable (error 101)
W0517 05:09:22.731395 7343 heartbeater.cc:587] Failed to heartbeat to 255.255.255.255:1: Network error: Failed to ping master at 255.255.255.255:1: connect(2) error: Network is unreachable (error 101)
W0517 05:09:22.731531 7343 heartbeater.cc:380] Failed 3 heartbeats in a row: no longer allowing fast heartbeat attempts.
I0517 05:09:22.734238 7344 maintenance_manager.cc:249] Maintenance manager is disabled. Stopping thread.
I0517 05:09:22.734236 7325 raft_consensus.cc:571] T TestTablet P 97e4b6be765d4e27a72113f62aafbef7 [term 3 LEADER]: Becoming Leader. State: Replica: 97e4b6be765d4e27a72113f62aafbef7, State: Running, Role: LEADER
I0517 05:09:22.734479 211 tablet_server.cc:144] TabletServer shutting down...
I0517 05:09:22.734838 7325 consensus_queue.cc:204] T TestTablet P 97e4b6be765d4e27a72113f62aafbef7 [LEADER]: Queue going to LEADER mode. State: All replicated index: 0, Majority replicated index: 2, Committed index: 2, Last appended: 2.2, Last appended by leader: 2, Current term: 3, Majority size: 1, State: 0, Mode: LEADER, active raft config: opid_index: -1 peers { permanent_uuid: "97e4b6be765d4e27a72113f62aafbef7" member_type: VOTER last_known_addr { host: "127.0.0.1" port: 55000 } }
I0517 05:09:22.757292 211 ts_tablet_manager.cc:1118] Shutting down tablet manager...
I0517 05:09:22.757649 211 tablet_replica.cc:261] T TestTablet P 97e4b6be765d4e27a72113f62aafbef7: stopping tablet replica
I0517 05:09:22.757892 211 maintenance_manager.cc:237] P 97e4b6be765d4e27a72113f62aafbef7: Unregistered op CompactRowSetsOp(TestTablet)
I0517 05:09:22.758077 211 maintenance_manager.cc:237] P 97e4b6be765d4e27a72113f62aafbef7: Unregistered op MinorDeltaCompactionOp(TestTablet)
I0517 05:09:22.758227 211 maintenance_manager.cc:237] P 97e4b6be765d4e27a72113f62aafbef7: Unregistered op MajorDeltaCompactionOp(TestTablet)
I0517 05:09:22.758332 211 maintenance_manager.cc:237] P 97e4b6be765d4e27a72113f62aafbef7: Unregistered op UndoDeltaBlockGCOp(TestTablet)
I0517 05:09:22.758453 211 maintenance_manager.cc:237] P 97e4b6be765d4e27a72113f62aafbef7: Unregistered op FlushMRSOp(TestTablet)
I0517 05:09:22.758549 211 maintenance_manager.cc:237] P 97e4b6be765d4e27a72113f62aafbef7: Unregistered op FlushDeltaMemStoresOp(TestTablet)
I0517 05:09:22.758638 211 maintenance_manager.cc:237] P 97e4b6be765d4e27a72113f62aafbef7: Unregistered op LogGCOp(TestTablet)
I0517 05:09:22.758745 211 raft_consensus.cc:2016] T TestTablet P 97e4b6be765d4e27a72113f62aafbef7 [term 3 LEADER]: Raft consensus shutting down.
I0517 05:09:22.758952 211 raft_consensus.cc:2043] T TestTablet P 97e4b6be765d4e27a72113f62aafbef7 [term 3 FOLLOWER]: Raft consensus is shut down!
I0517 05:09:22.766090 211 tablet_server.cc:157] TabletServer shutdown complete.
I0517 05:09:22.766225 211 tablet_server.cc:144] TabletServer shutting down...
I0517 05:09:22.766424 211 tablet_server.cc:157] TabletServer shutdown complete. [ OK ] TabletServerTest.TestKeysInRowsetMetadataPreventStartupSeeks (496 ms) [----------] 60 tests from TabletServerTest (43631 ms total) [----------] 1 test from TabletServerDiskFailureTest [ RUN ] TabletServerDiskFailureTest.TestRandomOpSequence
I0517 05:09:22.789260 211 system_ntp.cc:143] NTP initialized. Skew: 500ppm Current error: 1061361us
I0517 05:09:22.789847 211 fs_manager.cc:260] Metadata directory not provided
I0517 05:09:22.789963 211 fs_manager.cc:266] Using write-ahead log directory (fs_wal_dir) as metadata directory
I0517 05:09:22.790122 211 server_base.cc:432] Could not load existing FS layout: Not found: /tmp/dist-test-taskWs1ZT3/test-tmp/tablet_server-test.0.TabletServerDiskFailureTest.TestRandomOpSequence.1526533719119959-211/TabletServerTest-fsroot/data-0/instance: No such file or directory (error 2)
I0517 05:09:22.790220 211 server_base.cc:433] Attempting to create new FS layout instead
I0517 05:09:22.795881 211 fs_manager.cc:595] Generated new instance metadata in path /tmp/dist-test-taskWs1ZT3/test-tmp/tablet_server-test.0.TabletServerDiskFailureTest.TestRandomOpSequence.1526533719119959-211/TabletServerTest-fsroot/data-0/instance: uuid: "3f271f70b7c2436f8b76c4d3068891e6" format_stamp: "Formatted at 2018-05-17 05:09:22 on dist-test-slave-dist-test-slave-djmg"
I0517 05:09:22.796499 211 fs_manager.cc:595] Generated new instance metadata in path /tmp/dist-test-taskWs1ZT3/test-tmp/tablet_server-test.0.TabletServerDiskFailureTest.TestRandomOpSequence.1526533719119959-211/TabletServerTest-fsroot/data-1/instance: uuid: "3f271f70b7c2436f8b76c4d3068891e6" format_stamp: "Formatted at 2018-05-17 05:09:22 on dist-test-slave-dist-test-slave-djmg"
I0517 05:09:22.797061 211 fs_manager.cc:595] Generated new instance metadata in path /tmp/dist-test-taskWs1ZT3/test-tmp/tablet_server-test.0.TabletServerDiskFailureTest.TestRandomOpSequence.1526533719119959-211/TabletServerTest-fsroot/data-2/instance: uuid: "3f271f70b7c2436f8b76c4d3068891e6" format_stamp: "Formatted at 2018-05-17 05:09:22 on dist-test-slave-dist-test-slave-djmg"
I0517 05:09:22.797598 211 fs_manager.cc:595] Generated new instance metadata in path /tmp/dist-test-taskWs1ZT3/test-tmp/tablet_server-test.0.TabletServerDiskFailureTest.TestRandomOpSequence.1526533719119959-211/TabletServerTest-fsroot/data-3/instance: uuid: "3f271f70b7c2436f8b76c4d3068891e6" format_stamp: "Formatted at 2018-05-17 05:09:22 on dist-test-slave-dist-test-slave-djmg"
I0517 05:09:22.798125 211 fs_manager.cc:595] Generated new instance metadata in path /tmp/dist-test-taskWs1ZT3/test-tmp/tablet_server-test.0.TabletServerDiskFailureTest.TestRandomOpSequence.1526533719119959-211/TabletServerTest-fsroot/data-4/instance: uuid: "3f271f70b7c2436f8b76c4d3068891e6" format_stamp: "Formatted at 2018-05-17 05:09:22 on dist-test-slave-dist-test-slave-djmg"
I0517 05:09:22.798658 211 fs_manager.cc:595] Generated new instance metadata in path /tmp/dist-test-taskWs1ZT3/test-tmp/tablet_server-test.0.TabletServerDiskFailureTest.TestRandomOpSequence.1526533719119959-211/TabletServerTest-fsroot/wal/instance: uuid: "3f271f70b7c2436f8b76c4d3068891e6" format_stamp: "Formatted at 2018-05-17 05:09:22 on dist-test-slave-dist-test-slave-djmg"
I0517 05:09:22.813258 211 fs_manager.cc:495] Time spent creating directory manager: real 0.014s user 0.016s sys 0.000s
I0517 05:09:22.815696 211 file_cache.cc:470] Constructed file cache lbm with capacity 26214
I0517 05:09:22.822373 211 fs_manager.cc:417] Time spent opening block manager: real 0.001s user 0.000s sys 0.000s
I0517 05:09:22.822559 211 fs_manager.cc:428] Opened local filesystem: /tmp/dist-test-taskWs1ZT3/test-tmp/tablet_server-test.0.TabletServerDiskFailureTest.TestRandomOpSequence.1526533719119959-211/TabletServerTest-fsroot/data-0,/tmp/dist-test-taskWs1ZT3/test-tmp/tablet_server-test.0.TabletServerDiskFailureTest.TestRandomOpSequence.1526533719119959-211/TabletServerTest-fsroot/data-1,/tmp/dist-test-taskWs1ZT3/test-tmp/tablet_server-test.0.TabletServerDiskFailureTest.TestRandomOpSequence.1526533719119959-211/TabletServerTest-fsroot/data-2,/tmp/dist-test-taskWs1ZT3/test-tmp/tablet_server-test.0.TabletServerDiskFailureTest.TestRandomOpSequence.1526533719119959-211/TabletServerTest-fsroot/data-3,/tmp/dist-test-taskWs1ZT3/test-tmp/tablet_server-test.0.TabletServerDiskFailureTest.TestRandomOpSequence.1526533719119959-211/TabletServerTest-fsroot/data-4,/tmp/dist-test-taskWs1ZT3/test-tmp/tablet_server-test.0.TabletServerDiskFailureTest.TestRandomOpSequence.1526533719119959-211/TabletServerTest-fsroot/wal uuid: "3f271f70b7c2436f8b76c4d3068891e6" format_stamp: "Formatted at 2018-05-17 05:09:22 on dist-test-slave-dist-test-slave-djmg"
I0517 05:09:22.822798 211 fs_report.cc:347] Block manager report -------------------- 5 data directories: /tmp/dist-test-taskWs1ZT3/test-tmp/tablet_server-test.0.TabletServerDiskFailureTest.TestRandomOpSequence.1526533719119959-211/TabletServerTest-fsroot/data-0/data, /tmp/dist-test-taskWs1ZT3/test-tmp/tablet_server-test.0.TabletServerDiskFailureTest.TestRandomOpSequence.1526533719119959-211/TabletServerTest-fsroot/data-1/data, /tmp/dist-test-taskWs1ZT3/test-tmp/tablet_server-test.0.TabletServerDiskFailureTest.TestRandomOpSequence.1526533719119959-211/TabletServerTest-fsroot/data-2/data, /tmp/dist-test-taskWs1ZT3/test-tmp/tablet_server-test.0.TabletServerDiskFailureTest.TestRandomOpSequence.1526533719119959-211/TabletServerTest-fsroot/data-3/data, /tmp/dist-test-taskWs1ZT3/test-tmp/tablet_server-test.0.TabletServerDiskFailureTest.TestRandomOpSequence.1526533719119959-211/TabletServerTest-fsroot/data-4/data Total live blocks: 0 Total live bytes: 0 Total live bytes (after alignment): 0 Total number of LBM containers: 0 (0 full) Did not check for missing blocks Did not check for orphaned blocks Total full LBM containers with extra space: 0 (0 repaired) Total full LBM container extra space in bytes: 0 (0 repaired) Total incomplete LBM containers: 0 (0 repaired) Total LBM partial records: 0 (0 repaired)
I0517 05:09:22.841572 211 ts_tablet_manager.cc:356] Loaded tablet metadata (0 live tablets)
I0517 05:09:22.867570 211 rpc_server.cc:205] RPC server started. Bound to: 127.0.0.1:41536
I0517 05:09:22.868361 211 webserver.cc:173] Starting webserver on 127.0.0.1:0
I0517 05:09:22.868463 211 webserver.cc:184] Document root disabled
I0517 05:09:22.869289 211 webserver.cc:311] Webserver started. Bound to: http://127.0.0.1:40953/
W0517 05:09:22.870342 7358 reactor.cc:633] Failed to create an outbound connection to 255.255.255.255:1 because connect() failed: Network error: connect(2) error: Network is unreachable (error 101)
W0517 05:09:22.870728 7422 heartbeater.cc:587] Failed to heartbeat to 255.255.255.255:1: Network error: Failed to ping master at 255.255.255.255:1: connect(2) error: Network is unreachable (error 101)
W0517 05:09:22.871126 7358 reactor.cc:633] Failed to create an outbound connection to 255.255.255.255:1 because connect() failed: Network error: connect(2) error: Network is unreachable (error 101)
W0517 05:09:22.871417 7422 heartbeater.cc:587] Failed to heartbeat to 255.255.255.255:1: Network error: Failed to ping master at 255.255.255.255:1: connect(2) error: Network is unreachable (error 101)
W0517 05:09:22.871816 7358 reactor.cc:633] Failed to create an outbound connection to 255.255.255.255:1 because connect() failed: Network error: connect(2) error: Network is unreachable (error 101)
W0517 05:09:22.872100 7422 heartbeater.cc:587] Failed to heartbeat to 255.255.255.255:1: Network error: Failed to ping master at 255.255.255.255:1: connect(2) error: Network is unreachable (error 101)
W0517 05:09:22.872263 7422 heartbeater.cc:380] Failed 3 heartbeats in a row: no longer allowing fast heartbeat attempts.
I0517 05:09:22.877714 211 ts_tablet_manager.cc:1173] T TestTablet P 3f271f70b7c2436f8b76c4d3068891e6: Registered tablet (data state: TABLET_DATA_READY)
I0517 05:09:22.878882 7424 ts_tablet_manager.cc:1028] T TestTablet P 3f271f70b7c2436f8b76c4d3068891e6: Bootstrapping tablet
I0517 05:09:22.879181 7424 tablet_bootstrap.cc:436] T TestTablet P 3f271f70b7c2436f8b76c4d3068891e6: Bootstrap starting.
I0517 05:09:22.880954 7424 tablet_bootstrap.cc:587] T TestTablet P 3f271f70b7c2436f8b76c4d3068891e6: No blocks or log segments found. Creating new log.
I0517 05:09:22.883186 7424 tablet_bootstrap.cc:436] T TestTablet P 3f271f70b7c2436f8b76c4d3068891e6: No bootstrap required, opened a new log
I0517 05:09:22.883431 7424 ts_tablet_manager.cc:1045] T TestTablet P 3f271f70b7c2436f8b76c4d3068891e6: Time spent bootstrapping tablet: real 0.004s user 0.000s sys 0.000s
I0517 05:09:22.884310 7424 raft_consensus.cc:303] T TestTablet P 3f271f70b7c2436f8b76c4d3068891e6 [term 0 FOLLOWER]: Replica starting. Triggering 0 pending transactions. Active config: opid_index: -1 peers { permanent_uuid: "3f271f70b7c2436f8b76c4d3068891e6" member_type: VOTER last_known_addr { host: "127.0.0.1" port: 41536 } }
I0517 05:09:22.884620 7424 raft_consensus.cc:329] T TestTablet P 3f271f70b7c2436f8b76c4d3068891e6 [term 0 FOLLOWER]: Consensus starting up: Expiring failure detector timer to make a prompt election more likely
I0517 05:09:22.884788 7424 raft_consensus.cc:604] T TestTablet P 3f271f70b7c2436f8b76c4d3068891e6 [term 0 FOLLOWER]: Becoming Follower/Learner. State: Replica: 3f271f70b7c2436f8b76c4d3068891e6, State: Initialized, Role: FOLLOWER
I0517 05:09:22.885149 7424 consensus_queue.cc:227] T TestTablet P 3f271f70b7c2436f8b76c4d3068891e6 [NON_LEADER]: Queue going to NON_LEADER mode. State: All replicated index: 0, Majority replicated index: 0, Committed index: 0, Last appended: 0.0, Last appended by leader: 0, Current term: 0, Majority size: -1, State: 0, Mode: NON_LEADER, active raft config: opid_index: -1 peers { permanent_uuid: "3f271f70b7c2436f8b76c4d3068891e6" member_type: VOTER last_known_addr { host: "127.0.0.1" port: 41536 } }
I0517 05:09:22.885502 7424 raft_consensus.cc:343] T TestTablet P 3f271f70b7c2436f8b76c4d3068891e6 [term 0 FOLLOWER]: Only one voter in the Raft config. Triggering election immediately
I0517 05:09:22.885645 7424 raft_consensus.cc:435] T TestTablet P 3f271f70b7c2436f8b76c4d3068891e6 [term 0 FOLLOWER]: Starting leader election (initial election of a single-replica configuration)
I0517 05:09:22.885789 7424 raft_consensus.cc:2704] T TestTablet P 3f271f70b7c2436f8b76c4d3068891e6: Snoozing failure detection for 1.970s (starting election)
I0517 05:09:22.885941 7424 raft_consensus.cc:2756] T TestTablet P 3f271f70b7c2436f8b76c4d3068891e6 [term 0 FOLLOWER]: Advancing to term 1
I0517 05:09:22.889530 7424 raft_consensus.cc:457] T TestTablet P 3f271f70b7c2436f8b76c4d3068891e6 [term 1 FOLLOWER]: Starting leader election with config: opid_index: -1 peers { permanent_uuid: "3f271f70b7c2436f8b76c4d3068891e6" member_type: VOTER last_known_addr { host: "127.0.0.1" port: 41536 } }
I0517 05:09:22.889915 7424 leader_election.cc:270] T TestTablet P 3f271f70b7c2436f8b76c4d3068891e6 [CANDIDATE]: Term 1 election: Election decided. Result: candidate won.
I0517 05:09:22.890915 7426 raft_consensus.cc:2704] T TestTablet P 3f271f70b7c2436f8b76c4d3068891e6: Snoozing failure detection for 1.542s (election complete)
I0517 05:09:22.891139 7426 raft_consensus.cc:2511] T TestTablet P 3f271f70b7c2436f8b76c4d3068891e6 [term 1 FOLLOWER]: Leader election won for term 1
W0517 05:09:22.892076 7358 reactor.cc:633] Failed to create an outbound connection to 255.255.255.255:1 because connect() failed: Network error: connect(2) error: Network is unreachable (error 101)
I0517 05:09:22.892144 7424 ts_tablet_manager.cc:1073] T TestTablet P 3f271f70b7c2436f8b76c4d3068891e6: Time spent starting tablet: real 0.009s user 0.012s sys 0.000s
W0517 05:09:22.892499 7422 heartbeater.cc:587] Failed to heartbeat to 255.255.255.255:1: Network error: Failed to ping master at 255.255.255.255:1: connect(2) error: Network is unreachable (error 101)
W0517 05:09:22.892904 7358 reactor.cc:633] Failed to create an outbound connection to 255.255.255.255:1 because connect() failed: Network error: connect(2) error: Network is unreachable (error 101)
I0517 05:09:22.892827 7426 raft_consensus.cc:571] T TestTablet P 3f271f70b7c2436f8b76c4d3068891e6 [term 1 LEADER]: Becoming Leader. State: Replica: 3f271f70b7c2436f8b76c4d3068891e6, State: Running, Role: LEADER
W0517 05:09:22.893257 7422 heartbeater.cc:587] Failed to heartbeat to 255.255.255.255:1: Network error: Failed to ping master at 255.255.255.255:1: connect(2) error: Network is unreachable (error 101)
I0517 05:09:22.893275 7426 consensus_queue.cc:204] T TestTablet P 3f271f70b7c2436f8b76c4d3068891e6 [LEADER]: Queue going to LEADER mode. State: All replicated index: 0, Majority replicated index: 0, Committed index: 0, Last appended: 0.0, Last appended by leader: 0, Current term: 1, Majority size: 1, State: 0, Mode: LEADER, active raft config: opid_index: -1 peers { permanent_uuid: "3f271f70b7c2436f8b76c4d3068891e6" member_type: VOTER last_known_addr { host: "127.0.0.1" port: 41536 } }
I0517 05:09:22.895118 211 tablet_server-test.cc:588] Not running slow test. To run, use KUDU_ALLOW_SLOW_TESTS=1
I0517 05:09:22.895315 211 tablet_server.cc:144] TabletServer shutting down...
I0517 05:09:22.918730 211 ts_tablet_manager.cc:1118] Shutting down tablet manager...
I0517 05:09:22.919070 211 tablet_replica.cc:261] T TestTablet P 3f271f70b7c2436f8b76c4d3068891e6: stopping tablet replica
I0517 05:09:22.919319 211 maintenance_manager.cc:237] P 3f271f70b7c2436f8b76c4d3068891e6: Unregistered op CompactRowSetsOp(TestTablet)
I0517 05:09:22.919488 211 maintenance_manager.cc:237] P 3f271f70b7c2436f8b76c4d3068891e6: Unregistered op MinorDeltaCompactionOp(TestTablet)
I0517 05:09:22.919637 211 maintenance_manager.cc:237] P 3f271f70b7c2436f8b76c4d3068891e6: Unregistered op MajorDeltaCompactionOp(TestTablet)
I0517 05:09:22.919737 211 maintenance_manager.cc:237] P 3f271f70b7c2436f8b76c4d3068891e6: Unregistered op UndoDeltaBlockGCOp(TestTablet)
I0517 05:09:22.919862 211 maintenance_manager.cc:237] P 3f271f70b7c2436f8b76c4d3068891e6: Unregistered op FlushMRSOp(TestTablet)
I0517 05:09:22.919955 211 maintenance_manager.cc:237] P 3f271f70b7c2436f8b76c4d3068891e6: Unregistered op FlushDeltaMemStoresOp(TestTablet)
I0517 05:09:22.920042 211 maintenance_manager.cc:237] P 3f271f70b7c2436f8b76c4d3068891e6: Unregistered op LogGCOp(TestTablet)
I0517 05:09:22.920142 211 raft_consensus.cc:2016] T TestTablet P 3f271f70b7c2436f8b76c4d3068891e6 [term 1 LEADER]: Raft consensus shutting down.
I0517 05:09:22.920346 211 raft_consensus.cc:2043] T TestTablet P 3f271f70b7c2436f8b76c4d3068891e6 [term 1 FOLLOWER]: Raft consensus is shut down!
I0517 05:09:22.936341 211 tablet_server.cc:157] TabletServer shutdown complete.
I0517 05:09:22.936512 211 tablet_server.cc:144] TabletServer shutting down...
I0517 05:09:22.936770 211 tablet_server.cc:157] TabletServer shutdown complete. [ OK ] TabletServerDiskFailureTest.TestRandomOpSequence (169 ms) [----------] 1 test from TabletServerDiskFailureTest (169 ms total) [----------] 3 tests from Params/ExpiredScannerParamTest [ RUN ] Params/ExpiredScannerParamTest.Test/0
I0517 05:09:22.958068 211 system_ntp.cc:143] NTP initialized. Skew: 500ppm Current error: 1061361us
I0517 05:09:22.958367 211 fs_manager.cc:260] Metadata directory not provided
I0517 05:09:22.958497 211 fs_manager.cc:266] Using write-ahead log directory (fs_wal_dir) as metadata directory
I0517 05:09:22.958654 211 server_base.cc:432] Could not load existing FS layout: Not found: /tmp/dist-test-taskWs1ZT3/test-tmp/tablet_server-test.0.Params_ExpiredScannerParamTest.Test_0.1526533719119959-211/TabletServerTest-fsroot/instance: No such file or directory (error 2)
I0517 05:09:22.958757 211 server_base.cc:433] Attempting to create new FS layout instead
I0517 05:09:22.964447 211 fs_manager.cc:595] Generated new instance metadata in path /tmp/dist-test-taskWs1ZT3/test-tmp/tablet_server-test.0.Params_ExpiredScannerParamTest.Test_0.1526533719119959-211/TabletServerTest-fsroot/instance: uuid: "3ee386006d4a401097d1f8d98c05462c" format_stamp: "Formatted at 2018-05-17 05:09:22 on dist-test-slave-dist-test-slave-djmg"
I0517 05:09:22.972172 211 fs_manager.cc:495] Time spent creating directory manager: real 0.007s user 0.000s sys 0.000s
I0517 05:09:22.973387 211 file_cache.cc:470] Constructed file cache lbm with capacity 26214
I0517 05:09:22.979859 211 fs_manager.cc:417] Time spent opening block manager: real 0.001s user 0.000s sys 0.000s
I0517 05:09:22.980010 211 fs_manager.cc:428] Opened local filesystem: /tmp/dist-test-taskWs1ZT3/test-tmp/tablet_server-test.0.Params_ExpiredScannerParamTest.Test_0.1526533719119959-211/TabletServerTest-fsroot uuid: "3ee386006d4a401097d1f8d98c05462c" format_stamp: "Formatted at 2018-05-17 05:09:22 on dist-test-slave-dist-test-slave-djmg"
I0517 05:09:22.980232 211 fs_report.cc:347] Block manager report -------------------- 1 data directories: /tmp/dist-test-taskWs1ZT3/test-tmp/tablet_server-test.0.Params_ExpiredScannerParamTest.Test_0.1526533719119959-211/TabletServerTest-fsroot/data Total live blocks: 0 Total live bytes: 0 Total live bytes (after alignment): 0 Total number of LBM containers: 0 (0 full) Did not check for missing blocks Did not check for orphaned blocks Total full LBM containers with extra space: 0 (0 repaired) Total full LBM container extra space in bytes: 0 (0 repaired) Total incomplete LBM containers: 0 (0 repaired) Total LBM partial records: 0 (0 repaired)
I0517 05:09:23.025696 211 ts_tablet_manager.cc:356] Loaded tablet metadata (0 live tablets)
I0517 05:09:23.052183 211 rpc_server.cc:205] RPC server started. Bound to: 127.0.0.1:51272
I0517 05:09:23.053009 211 webserver.cc:173] Starting webserver on 127.0.0.1:0
I0517 05:09:23.053108 211 webserver.cc:184] Document root disabled
I0517 05:09:23.053957 211 webserver.cc:311] Webserver started. Bound to: http://127.0.0.1:50489/
W0517 05:09:23.055011 7438 reactor.cc:633] Failed to create an outbound connection to 255.255.255.255:1 because connect() failed: Network error: connect(2) error: Network is unreachable (error 101)
I0517 05:09:23.055326 7499 maintenance_manager.cc:249] Maintenance manager is disabled. Stopping thread.
W0517 05:09:23.055413 7498 heartbeater.cc:587] Failed to heartbeat to 255.255.255.255:1: Network error: Failed to ping master at 255.255.255.255:1: connect(2) error: Network is unreachable (error 101)
I0517 05:09:23.055896 211 data_dirs.cc:934] Could only allocate 1 dirs of requested 3 for tablet TestTablet. 1 dirs total, 0 dirs full, 0 dirs failed
W0517 05:09:23.055917 7438 reactor.cc:633] Failed to create an outbound connection to 255.255.255.255:1 because connect() failed: Network error: connect(2) error: Network is unreachable (error 101)
W0517 05:09:23.056244 7498 heartbeater.cc:587] Failed to heartbeat to 255.255.255.255:1: Network error: Failed to ping master at 255.255.255.255:1: connect(2) error: Network is unreachable (error 101)
W0517 05:09:23.056655 7438 reactor.cc:633] Failed to create an outbound connection to 255.255.255.255:1 because connect() failed: Network error: connect(2) error: Network is unreachable (error 101)
W0517 05:09:23.057003 7498 heartbeater.cc:587] Failed to heartbeat to 255.255.255.255:1: Network error: Failed to ping master at 255.255.255.255:1: connect(2) error: Network is unreachable (error 101)
W0517 05:09:23.057160 7498 heartbeater.cc:380] Failed 3 heartbeats in a row: no longer allowing fast heartbeat attempts.
I0517 05:09:23.062659 211 ts_tablet_manager.cc:1173] T TestTablet P 3ee386006d4a401097d1f8d98c05462c: Registered tablet (data state: TABLET_DATA_READY)
I0517 05:09:23.063606 7500 ts_tablet_manager.cc:1028] T TestTablet P 3ee386006d4a401097d1f8d98c05462c: Bootstrapping tablet
I0517 05:09:23.063920 7500 tablet_bootstrap.cc:436] T TestTablet P 3ee386006d4a401097d1f8d98c05462c: Bootstrap starting.
I0517 05:09:23.065590 7500 tablet_bootstrap.cc:587] T TestTablet P 3ee386006d4a401097d1f8d98c05462c: No blocks or log segments found. Creating new log.
I0517 05:09:23.067757 7500 tablet_bootstrap.cc:436] T TestTablet P 3ee386006d4a401097d1f8d98c05462c: No bootstrap required, opened a new log
I0517 05:09:23.068015 7500 ts_tablet_manager.cc:1045] T TestTablet P 3ee386006d4a401097d1f8d98c05462c: Time spent bootstrapping tablet: real 0.004s user 0.000s sys 0.000s
I0517 05:09:23.068920 7500 raft_consensus.cc:303] T TestTablet P 3ee386006d4a401097d1f8d98c05462c [term 0 FOLLOWER]: Replica starting. Triggering 0 pending transactions. Active config: opid_index: -1 peers { permanent_uuid: "3ee386006d4a401097d1f8d98c05462c" member_type: VOTER last_known_addr { host: "127.0.0.1" port: 51272 } }
I0517 05:09:23.069238 7500 raft_consensus.cc:329] T TestTablet P 3ee386006d4a401097d1f8d98c05462c [term 0 FOLLOWER]: Consensus starting up: Expiring failure detector timer to make a prompt election more likely
I0517 05:09:23.069371 7500 raft_consensus.cc:604] T TestTablet P 3ee386006d4a401097d1f8d98c05462c [term 0 FOLLOWER]: Becoming Follower/Learner. State: Replica: 3ee386006d4a401097d1f8d98c05462c, State: Initialized, Role: FOLLOWER
I0517 05:09:23.069697 7500 consensus_queue.cc:227] T TestTablet P 3ee386006d4a401097d1f8d98c05462c [NON_LEADER]: Queue going to NON_LEADER mode. State: All replicated index: 0, Majority replicated index: 0, Committed index: 0, Last appended: 0.0, Last appended by leader: 0, Current term: 0, Majority size: -1, State: 0, Mode: NON_LEADER, active raft config: opid_index: -1 peers { permanent_uuid: "3ee386006d4a401097d1f8d98c05462c" member_type: VOTER last_known_addr { host: "127.0.0.1" port: 51272 } }
I0517 05:09:23.070042 7500 raft_consensus.cc:343] T TestTablet P 3ee386006d4a401097d1f8d98c05462c [term 0 FOLLOWER]: Only one voter in the Raft config. Triggering election immediately
I0517 05:09:23.070174 7500 raft_consensus.cc:435] T TestTablet P 3ee386006d4a401097d1f8d98c05462c [term 0 FOLLOWER]: Starting leader election (initial election of a single-replica configuration)
I0517 05:09:23.070327 7500 raft_consensus.cc:2704] T TestTablet P 3ee386006d4a401097d1f8d98c05462c: Snoozing failure detection for 1.901s (starting election)
I0517 05:09:23.070493 7500 raft_consensus.cc:2756] T TestTablet P 3ee386006d4a401097d1f8d98c05462c [term 0 FOLLOWER]: Advancing to term 1
I0517 05:09:23.073907 7500 raft_consensus.cc:457] T TestTablet P 3ee386006d4a401097d1f8d98c05462c [term 1 FOLLOWER]: Starting leader election with config: opid_index: -1 peers { permanent_uuid: "3ee386006d4a401097d1f8d98c05462c" member_type: VOTER last_known_addr { host: "127.0.0.1" port: 51272 } }
I0517 05:09:23.074295 7500 leader_election.cc:270] T TestTablet P 3ee386006d4a401097d1f8d98c05462c [CANDIDATE]: Term 1 election: Election decided. Result: candidate won.
I0517 05:09:23.075268 7502 raft_consensus.cc:2704] T TestTablet P 3ee386006d4a401097d1f8d98c05462c: Snoozing failure detection for 1.572s (election complete)
I0517 05:09:23.075464 7502 raft_consensus.cc:2511] T TestTablet P 3ee386006d4a401097d1f8d98c05462c [term 1 FOLLOWER]: Leader election won for term 1
I0517 05:09:23.076344 7502 raft_consensus.cc:571] T TestTablet P 3ee386006d4a401097d1f8d98c05462c [term 1 LEADER]: Becoming Leader. State: Replica: 3ee386006d4a401097d1f8d98c05462c, State: Running, Role: LEADER
I0517 05:09:23.076743 7502 consensus_queue.cc:204] T TestTablet P 3ee386006d4a401097d1f8d98c05462c [LEADER]: Queue going to LEADER mode. State: All replicated index: 0, Majority replicated index: 0, Committed index: 0, Last appended: 0.0, Last appended by leader: 0, Current term: 1, Majority size: 1, State: 0, Mode: LEADER, active raft config: opid_index: -1 peers { permanent_uuid: "3ee386006d4a401097d1f8d98c05462c" member_type: VOTER last_known_addr { host: "127.0.0.1" port: 51272 } }
W0517 05:09:23.076951 7438 reactor.cc:633] Failed to create an outbound connection to 255.255.255.255:1 because connect() failed: Network error: connect(2) error: Network is unreachable (error 101)
W0517 05:09:23.077417 7498 heartbeater.cc:587] Failed to heartbeat to 255.255.255.255:1: Network error: Failed to ping master at 255.255.255.255:1: connect(2) error: Network is unreachable (error 101)
W0517 05:09:23.077893 7438 reactor.cc:633] Failed to create an outbound connection to 255.255.255.255:1 because connect() failed: Network error: connect(2) error: Network is unreachable (error 101)
W0517 05:09:23.078251 7498 heartbeater.cc:587] Failed to heartbeat to 255.255.255.255:1: Network error: Failed to ping master at 255.255.255.255:1: connect(2) error: Network is unreachable (error 101)
W0517 05:09:23.079048 7438 reactor.cc:633] Failed to create an outbound connection to 255.255.255.255:1 because connect() failed: Network error: connect(2) error: Network is unreachable (error 101)
I0517 05:09:23.079244 7500 ts_tablet_manager.cc:1073] T TestTablet P 3ee386006d4a401097d1f8d98c05462c: Time spent starting tablet: real 0.011s user 0.008s sys 0.004s
W0517 05:09:23.079463 7498 heartbeater.cc:587] Failed to heartbeat to 255.255.255.255:1: Network error: Failed to ping master at 255.255.255.255:1: connect(2) error: Network is unreachable (error 101)
W0517 05:09:24.080219 7438 reactor.cc:633] Failed to create an outbound connection to 255.255.255.255:1 because connect() failed: Network error: connect(2) error: Network is unreachable (error 101)
W0517 05:09:24.080663 7498 heartbeater.cc:587] Failed to heartbeat to 255.255.255.255:1: Network error: Failed to ping master at 255.255.255.255:1: connect(2) error: Network is unreachable (error 101)
W0517 05:09:25.081359 7438 reactor.cc:633] Failed to create an outbound connection to 255.255.255.255:1 because connect() failed: Network error: connect(2) error: Network is unreachable (error 101)
W0517 05:09:25.081710 7498 heartbeater.cc:587] Failed to heartbeat to 255.255.255.255:1: Network error: Failed to ping master at 255.255.255.255:1: connect(2) error: Network is unreachable (error 101)
W0517 05:09:26.082394 7438 reactor.cc:633] Failed to create an outbound connection to 255.255.255.255:1 because connect() failed: Network error: connect(2) error: Network is unreachable (error 101)
W0517 05:09:26.082767 7498 heartbeater.cc:587] Failed to heartbeat to 255.255.255.255:1: Network error: Failed to ping master at 255.255.255.255:1: connect(2) error: Network is unreachable (error 101)
W0517 05:09:27.083416 7438 reactor.cc:633] Failed to create an outbound connection to 255.255.255.255:1 because connect() failed: Network error: connect(2) error: Network is unreachable (error 101)
W0517 05:09:27.083778 7498 heartbeater.cc:587] Failed to heartbeat to 255.255.255.255:1: Network error: Failed to ping master at 255.255.255.255:1: connect(2) error: Network is unreachable (error 101)
I0517 05:09:28.044464 7444 scanners.cc:251] Expiring scanner id: 0826a8dc250640ee90b1a20d8b338704, of tablet TestTablet, after 4912 ms of inactivity, which is > TTL (1 ms).
W0517 05:09:28.084524 7438 reactor.cc:633] Failed to create an outbound connection to 255.255.255.255:1 because connect() failed: Network error: connect(2) error: Network is unreachable (error 101)
W0517 05:09:28.084910 7498 heartbeater.cc:587] Failed to heartbeat to 255.255.255.255:1: Network error: Failed to ping master at 255.255.255.255:1: connect(2) error: Network is unreachable (error 101)
I0517 05:09:28.163518 211 tablet_server.cc:144] TabletServer shutting down...
I0517 05:09:28.175053 211 ts_tablet_manager.cc:1118] Shutting down tablet manager...
I0517 05:09:28.175282 211 tablet_replica.cc:261] T TestTablet P 3ee386006d4a401097d1f8d98c05462c: stopping tablet replica
I0517 05:09:28.175438 211 maintenance_manager.cc:237] P 3ee386006d4a401097d1f8d98c05462c: Unregistered op CompactRowSetsOp(TestTablet)
I0517 05:09:28.175560 211 maintenance_manager.cc:237] P 3ee386006d4a401097d1f8d98c05462c: Unregistered op MinorDeltaCompactionOp(TestTablet)
I0517 05:09:28.175667 211 maintenance_manager.cc:237] P 3ee386006d4a401097d1f8d98c05462c: Unregistered op MajorDeltaCompactionOp(TestTablet)
I0517 05:09:28.175765 211 maintenance_manager.cc:237] P 3ee386006d4a401097d1f8d98c05462c: Unregistered op UndoDeltaBlockGCOp(TestTablet)
I0517 05:09:28.175885 211 maintenance_manager.cc:237] P 3ee386006d4a401097d1f8d98c05462c: Unregistered op FlushMRSOp(TestTablet)
I0517 05:09:28.175979 211 maintenance_manager.cc:237] P 3ee386006d4a401097d1f8d98c05462c: Unregistered op FlushDeltaMemStoresOp(TestTablet)
I0517 05:09:28.176069 211 maintenance_manager.cc:237] P 3ee386006d4a401097d1f8d98c05462c: Unregistered op LogGCOp(TestTablet)
I0517 05:09:28.176172 211 raft_consensus.cc:2016] T TestTablet P 3ee386006d4a401097d1f8d98c05462c [term 1 LEADER]: Raft consensus shutting down.
I0517 05:09:28.176373 211 raft_consensus.cc:2043] T TestTablet P 3ee386006d4a401097d1f8d98c05462c [term 1 FOLLOWER]: Raft consensus is shut down!
I0517 05:09:28.191951 211 tablet_server.cc:157] TabletServer shutdown complete.
I0517 05:09:28.192106 211 tablet_server.cc:144] TabletServer shutting down...
I0517 05:09:28.192320 211 tablet_server.cc:157] TabletServer shutdown complete. [ OK ] Params/ExpiredScannerParamTest.Test/0 (5253 ms) [ RUN ] Params/ExpiredScannerParamTest.Test/1
I0517 05:09:28.211474 211 system_ntp.cc:143] NTP initialized. Skew: 500ppm Current error: 1064361us
I0517 05:09:28.211807 211 fs_manager.cc:260] Metadata directory not provided
I0517 05:09:28.211930 211 fs_manager.cc:266] Using write-ahead log directory (fs_wal_dir) as metadata directory
I0517 05:09:28.212075 211 server_base.cc:432] Could not load existing FS layout: Not found: /tmp/dist-test-taskWs1ZT3/test-tmp/tablet_server-test.0.Params_ExpiredScannerParamTest.Test_1.1526533719119959-211/TabletServerTest-fsroot/instance: No such file or directory (error 2)
I0517 05:09:28.212198 211 server_base.cc:433] Attempting to create new FS layout instead
I0517 05:09:28.217859 211 fs_manager.cc:595] Generated new instance metadata in path /tmp/dist-test-taskWs1ZT3/test-tmp/tablet_server-test.0.Params_ExpiredScannerParamTest.Test_1.1526533719119959-211/TabletServerTest-fsroot/instance: uuid: "b5e48218af22462993bb0d59c3d62358" format_stamp: "Formatted at 2018-05-17 05:09:28 on dist-test-slave-dist-test-slave-djmg"
I0517 05:09:28.225703 211 fs_manager.cc:495] Time spent creating directory manager: real 0.007s user 0.008s sys 0.000s
I0517 05:09:28.226899 211 file_cache.cc:470] Constructed file cache lbm with capacity 26214
I0517 05:09:28.233106 211 fs_manager.cc:417] Time spent opening block manager: real 0.001s user 0.004s sys 0.000s
I0517 05:09:28.233243 211 fs_manager.cc:428] Opened local filesystem: /tmp/dist-test-taskWs1ZT3/test-tmp/tablet_server-test.0.Params_ExpiredScannerParamTest.Test_1.1526533719119959-211/TabletServerTest-fsroot uuid: "b5e48218af22462993bb0d59c3d62358" format_stamp: "Formatted at 2018-05-17 05:09:28 on dist-test-slave-dist-test-slave-djmg"
I0517 05:09:28.233439 211 fs_report.cc:347] Block manager report -------------------- 1 data directories: /tmp/dist-test-taskWs1ZT3/test-tmp/tablet_server-test.0.Params_ExpiredScannerParamTest.Test_1.1526533719119959-211/TabletServerTest-fsroot/data Total live blocks: 0 Total live bytes: 0 Total live bytes (after alignment): 0 Total number of LBM containers: 0 (0 full) Did not check for missing blocks Did not check for orphaned blocks Total full LBM containers with extra space: 0 (0 repaired) Total full LBM container extra space in bytes: 0 (0 repaired) Total incomplete LBM containers: 0 (0 repaired) Total LBM partial records: 0 (0 repaired)
I0517 05:09:28.279381 211 ts_tablet_manager.cc:356] Loaded tablet metadata (0 live tablets)
I0517 05:09:28.305559 211 rpc_server.cc:205] RPC server started. Bound to: 127.0.0.1:56519
I0517 05:09:28.306360 211 webserver.cc:173] Starting webserver on 127.0.0.1:0
I0517 05:09:28.306454 211 webserver.cc:184] Document root disabled
I0517 05:09:28.307276 211 webserver.cc:311] Webserver started. Bound to: http://127.0.0.1:45682/
W0517 05:09:28.308270 7516 reactor.cc:633] Failed to create an outbound connection to 255.255.255.255:1 because connect() failed: Network error: connect(2) error: Network is unreachable (error 101)
W0517 05:09:28.308600 7576 heartbeater.cc:587] Failed to heartbeat to 255.255.255.255:1: Network error: Failed to ping master at 255.255.255.255:1: connect(2) error: Network is unreachable (error 101)
I0517 05:09:28.308820 7577 maintenance_manager.cc:249] Maintenance manager is disabled. Stopping thread.
W0517 05:09:28.309023 7516 reactor.cc:633] Failed to create an outbound connection to 255.255.255.255:1 because connect() failed: Network error: connect(2) error: Network is unreachable (error 101)
I0517 05:09:28.309295 211 data_dirs.cc:934] Could only allocate 1 dirs of requested 3 for tablet TestTablet. 1 dirs total, 0 dirs full, 0 dirs failed
I0517 05:09:28.315999 211 ts_tablet_manager.cc:1173] T TestTablet P b5e48218af22462993bb0d59c3d62358: Registered tablet (data state: TABLET_DATA_READY)
W0517 05:09:28.309314 7576 heartbeater.cc:587] Failed to heartbeat to 255.255.255.255:1: Network error: Failed to ping master at 255.255.255.255:1: connect(2) error: Network is unreachable (error 101)
W0517 05:09:28.316912 7516 reactor.cc:633] Failed to create an outbound connection to 255.255.255.255:1 because connect() failed: Network error: connect(2) error: Network is unreachable (error 101)
I0517 05:09:28.316915 7578 ts_tablet_manager.cc:1028] T TestTablet P b5e48218af22462993bb0d59c3d62358: Bootstrapping tablet
W0517 05:09:28.317229 7576 heartbeater.cc:587] Failed to heartbeat to 255.255.255.255:1: Network error: Failed to ping master at 255.255.255.255:1: connect(2) error: Network is unreachable (error 101)
I0517 05:09:28.317262 7578 tablet_bootstrap.cc:436] T TestTablet P b5e48218af22462993bb0d59c3d62358: Bootstrap starting.
W0517 05:09:28.317371 7576 heartbeater.cc:380] Failed 3 heartbeats in a row: no longer allowing fast heartbeat attempts.
I0517 05:09:28.319046 7578 tablet_bootstrap.cc:587] T TestTablet P b5e48218af22462993bb0d59c3d62358: No blocks or log segments found. Creating new log.
I0517 05:09:28.321255 7578 tablet_bootstrap.cc:436] T TestTablet P b5e48218af22462993bb0d59c3d62358: No bootstrap required, opened a new log
I0517 05:09:28.321478 7578 ts_tablet_manager.cc:1045] T TestTablet P b5e48218af22462993bb0d59c3d62358: Time spent bootstrapping tablet: real 0.004s user 0.000s sys 0.000s
