W0517 05:08:42.040851 1191 reactor.cc:633] Failed to create an outbound connection to 255.255.255.255:1 because connect() failed: Network error: connect(2) error: Network is unreachable (error 101)
W0517 05:08:42.041182 1251 heartbeater.cc:587] Failed to heartbeat to 255.255.255.255:1: Network error: Failed to ping master at 255.255.255.255:1: connect(2) error: Network is unreachable (error 101)
W0517 05:08:42.041613 1191 reactor.cc:633] Failed to create an outbound connection to 255.255.255.255:1 because connect() failed: Network error: connect(2) error: Network is unreachable (error 101)
W0517 05:08:42.041896 1251 heartbeater.cc:587] Failed to heartbeat to 255.255.255.255:1: Network error: Failed to ping master at 255.255.255.255:1: connect(2) error: Network is unreachable (error 101)
W0517 05:08:42.042057 1251 heartbeater.cc:380] Failed 3 heartbeats in a row: no longer allowing fast heartbeat attempts.
I0517 05:08:42.046672 211 ts_tablet_manager.cc:1173] T TestTablet P 46baa2f9bf044937a485dd6bcaee73d2: Registered tablet (data state: TABLET_DATA_READY)
I0517 05:08:42.047628 1253 ts_tablet_manager.cc:1028] T TestTablet P 46baa2f9bf044937a485dd6bcaee73d2: Bootstrapping tablet
I0517 05:08:42.047899 1253 tablet_bootstrap.cc:436] T TestTablet P 46baa2f9bf044937a485dd6bcaee73d2: Bootstrap starting.
I0517 05:08:42.049587 1253 tablet_bootstrap.cc:587] T TestTablet P 46baa2f9bf044937a485dd6bcaee73d2: No blocks or log segments found. Creating new log.
I0517 05:08:42.051841 1253 tablet_bootstrap.cc:436] T TestTablet P 46baa2f9bf044937a485dd6bcaee73d2: No bootstrap required, opened a new log
I0517 05:08:42.052085 1253 ts_tablet_manager.cc:1045] T TestTablet P 46baa2f9bf044937a485dd6bcaee73d2: Time spent bootstrapping tablet: real 0.004s user 0.000s sys 0.000s
I0517 05:08:42.053048 1253 raft_consensus.cc:303] T TestTablet P 46baa2f9bf044937a485dd6bcaee73d2 [term 0 FOLLOWER]: Replica starting. Triggering 0 pending transactions. Active config: opid_index: -1 peers { permanent_uuid: "46baa2f9bf044937a485dd6bcaee73d2" member_type: VOTER last_known_addr { host: "127.0.0.1" port: 59771 } }
I0517 05:08:42.053369 1253 raft_consensus.cc:329] T TestTablet P 46baa2f9bf044937a485dd6bcaee73d2 [term 0 FOLLOWER]: Consensus starting up: Expiring failure detector timer to make a prompt election more likely
I0517 05:08:42.053503 1253 raft_consensus.cc:604] T TestTablet P 46baa2f9bf044937a485dd6bcaee73d2 [term 0 FOLLOWER]: Becoming Follower/Learner. State: Replica: 46baa2f9bf044937a485dd6bcaee73d2, State: Initialized, Role: FOLLOWER
I0517 05:08:42.053859 1253 consensus_queue.cc:227] T TestTablet P 46baa2f9bf044937a485dd6bcaee73d2 [NON_LEADER]: Queue going to NON_LEADER mode. State: All replicated index: 0, Majority replicated index: 0, Committed index: 0, Last appended: 0.0, Last appended by leader: 0, Current term: 0, Majority size: -1, State: 0, Mode: NON_LEADER, active raft config: opid_index: -1 peers { permanent_uuid: "46baa2f9bf044937a485dd6bcaee73d2" member_type: VOTER last_known_addr { host: "127.0.0.1" port: 59771 } }
I0517 05:08:42.054210 1253 raft_consensus.cc:343] T TestTablet P 46baa2f9bf044937a485dd6bcaee73d2 [term 0 FOLLOWER]: Only one voter in the Raft config. Triggering election immediately
I0517 05:08:42.054347 1253 raft_consensus.cc:435] T TestTablet P 46baa2f9bf044937a485dd6bcaee73d2 [term 0 FOLLOWER]: Starting leader election (initial election of a single-replica configuration)
I0517 05:08:42.054524 1253 raft_consensus.cc:2704] T TestTablet P 46baa2f9bf044937a485dd6bcaee73d2: Snoozing failure detection for 1.552s (starting election)
I0517 05:08:42.054698 1253 raft_consensus.cc:2756] T TestTablet P 46baa2f9bf044937a485dd6bcaee73d2 [term 0 FOLLOWER]: Advancing to term 1
I0517 05:08:42.058030 1253 raft_consensus.cc:457] T TestTablet P 46baa2f9bf044937a485dd6bcaee73d2 [term 1 FOLLOWER]: Starting leader election with config: opid_index: -1 peers { permanent_uuid: "46baa2f9bf044937a485dd6bcaee73d2" member_type: VOTER last_known_addr { host: "127.0.0.1" port: 59771 } }
I0517 05:08:42.058428 1253 leader_election.cc:270] T TestTablet P 46baa2f9bf044937a485dd6bcaee73d2 [CANDIDATE]: Term 1 election: Election decided. Result: candidate won.
I0517 05:08:42.059543 1255 raft_consensus.cc:2704] T TestTablet P 46baa2f9bf044937a485dd6bcaee73d2: Snoozing failure detection for 2.150s (election complete)
I0517 05:08:42.059765 1255 raft_consensus.cc:2511] T TestTablet P 46baa2f9bf044937a485dd6bcaee73d2 [term 1 FOLLOWER]: Leader election won for term 1
I0517 05:08:42.060659 1255 raft_consensus.cc:571] T TestTablet P 46baa2f9bf044937a485dd6bcaee73d2 [term 1 LEADER]: Becoming Leader. State: Replica: 46baa2f9bf044937a485dd6bcaee73d2, State: Running, Role: LEADER
I0517 05:08:42.061034 1255 consensus_queue.cc:204] T TestTablet P 46baa2f9bf044937a485dd6bcaee73d2 [LEADER]: Queue going to LEADER mode. State: All replicated index: 0, Majority replicated index: 0, Committed index: 0, Last appended: 0.0, Last appended by leader: 0, Current term: 1, Majority size: 1, State: 0, Mode: LEADER, active raft config: opid_index: -1 peers { permanent_uuid: "46baa2f9bf044937a485dd6bcaee73d2" member_type: VOTER last_known_addr { host: "127.0.0.1" port: 59771 } }
W0517 05:08:42.061229 1191 reactor.cc:633] Failed to create an outbound connection to 255.255.255.255:1 because connect() failed: Network error: connect(2) error: Network is unreachable (error 101)
W0517 05:08:42.061709 1251 heartbeater.cc:587] Failed to heartbeat to 255.255.255.255:1: Network error: Failed to ping master at 255.255.255.255:1: connect(2) error: Network is unreachable (error 101)
W0517 05:08:42.062187 1191 reactor.cc:633] Failed to create an outbound connection to 255.255.255.255:1 because connect() failed: Network error: connect(2) error: Network is unreachable (error 101)
W0517 05:08:42.062572 1251 heartbeater.cc:587] Failed to heartbeat to 255.255.255.255:1: Network error: Failed to ping master at 255.255.255.255:1: connect(2) error: Network is unreachable (error 101)
W0517 05:08:42.064144 1191 reactor.cc:633] Failed to create an outbound connection to 255.255.255.255:1 because connect() failed: Network error: connect(2) error: Network is unreachable (error 101)
I0517 05:08:42.064265 1253 ts_tablet_manager.cc:1073] T TestTablet P 46baa2f9bf044937a485dd6bcaee73d2: Time spent starting tablet: real 0.012s user 0.012s sys 0.004s
W0517 05:08:42.064517 1251 heartbeater.cc:587] Failed to heartbeat to 255.255.255.255:1: Network error: Failed to ping master at 255.255.255.255:1: connect(2) error: Network is unreachable (error 101)
I0517 05:08:42.172752 211 tablet_server.cc:144] TabletServer shutting down...
I0517 05:08:42.184809 211 ts_tablet_manager.cc:1118] Shutting down tablet manager...
I0517 05:08:42.185127 211 tablet_replica.cc:261] T TestTablet P 46baa2f9bf044937a485dd6bcaee73d2: stopping tablet replica
I0517 05:08:42.185367 211 maintenance_manager.cc:237] P 46baa2f9bf044937a485dd6bcaee73d2: Unregistered op CompactRowSetsOp(TestTablet)
I0517 05:08:42.185523 211 maintenance_manager.cc:237] P 46baa2f9bf044937a485dd6bcaee73d2: Unregistered op MinorDeltaCompactionOp(TestTablet)
I0517 05:08:42.185679 211 maintenance_manager.cc:237] P 46baa2f9bf044937a485dd6bcaee73d2: Unregistered op MajorDeltaCompactionOp(TestTablet)
I0517 05:08:42.185783 211 maintenance_manager.cc:237] P 46baa2f9bf044937a485dd6bcaee73d2: Unregistered op UndoDeltaBlockGCOp(TestTablet)
I0517 05:08:42.185910 211 maintenance_manager.cc:237] P 46baa2f9bf044937a485dd6bcaee73d2: Unregistered op FlushMRSOp(TestTablet)
I0517 05:08:42.186017 211 maintenance_manager.cc:237] P 46baa2f9bf044937a485dd6bcaee73d2: Unregistered op FlushDeltaMemStoresOp(TestTablet)
I0517 05:08:42.186105 211 maintenance_manager.cc:237] P 46baa2f9bf044937a485dd6bcaee73d2: Unregistered op LogGCOp(TestTablet)
I0517 05:08:42.186206 211 raft_consensus.cc:2016] T TestTablet P 46baa2f9bf044937a485dd6bcaee73d2 [term 1 LEADER]: Raft consensus shutting down.
I0517 05:08:42.186408 211 raft_consensus.cc:2043] T TestTablet P 46baa2f9bf044937a485dd6bcaee73d2 [term 1 FOLLOWER]: Raft consensus is shut down!
I0517 05:08:42.202738 211 tablet_server.cc:157] TabletServer shutdown complete.
I0517 05:08:42.202883 211 tablet_server.cc:144] TabletServer shutting down...
I0517 05:08:42.203127 211 tablet_server.cc:157] TabletServer shutdown complete. [ OK ] TabletServerTest.TestGetFlags (260 ms) [ RUN ] TabletServerTest.TestSetFlags
I0517 05:08:42.221647 211 system_ntp.cc:143] NTP initialized. Skew: 500ppm Current error: 1041361us
I0517 05:08:42.221959 211 fs_manager.cc:260] Metadata directory not provided
I0517 05:08:42.222082 211 fs_manager.cc:266] Using write-ahead log directory (fs_wal_dir) as metadata directory
I0517 05:08:42.222246 211 server_base.cc:432] Could not load existing FS layout: Not found: /tmp/dist-test-taskWs1ZT3/test-tmp/tablet_server-test.0.TabletServerTest.TestSetFlags.1526533719119959-211/TabletServerTest-fsroot/instance: No such file or directory (error 2)
I0517 05:08:42.222348 211 server_base.cc:433] Attempting to create new FS layout instead
I0517 05:08:42.228081 211 fs_manager.cc:595] Generated new instance metadata in path /tmp/dist-test-taskWs1ZT3/test-tmp/tablet_server-test.0.TabletServerTest.TestSetFlags.1526533719119959-211/TabletServerTest-fsroot/instance: uuid: "75fa8d293961449091e191e099de84b0" format_stamp: "Formatted at 2018-05-17 05:08:42 on dist-test-slave-dist-test-slave-djmg"
I0517 05:08:42.235990 211 fs_manager.cc:495] Time spent creating directory manager: real 0.007s user 0.004s sys 0.008s
I0517 05:08:42.237254 211 file_cache.cc:470] Constructed file cache lbm with capacity 26214
I0517 05:08:42.243469 211 fs_manager.cc:417] Time spent opening block manager: real 0.001s user 0.000s sys 0.000s
I0517 05:08:42.243657 211 fs_manager.cc:428] Opened local filesystem: /tmp/dist-test-taskWs1ZT3/test-tmp/tablet_server-test.0.TabletServerTest.TestSetFlags.1526533719119959-211/TabletServerTest-fsroot uuid: "75fa8d293961449091e191e099de84b0" format_stamp: "Formatted at 2018-05-17 05:08:42 on dist-test-slave-dist-test-slave-djmg"
I0517 05:08:42.243865 211 fs_report.cc:347] Block manager report -------------------- 1 data directories: /tmp/dist-test-taskWs1ZT3/test-tmp/tablet_server-test.0.TabletServerTest.TestSetFlags.1526533719119959-211/TabletServerTest-fsroot/data Total live blocks: 0 Total live bytes: 0 Total live bytes (after alignment): 0 Total number of LBM containers: 0 (0 full) Did not check for missing blocks Did not check for orphaned blocks Total full LBM containers with extra space: 0 (0 repaired) Total full LBM container extra space in bytes: 0 (0 repaired) Total incomplete LBM containers: 0 (0 repaired) Total LBM partial records: 0 (0 repaired)
I0517 05:08:42.309348 211 ts_tablet_manager.cc:356] Loaded tablet metadata (0 live tablets)
I0517 05:08:42.335891 211 rpc_server.cc:205] RPC server started. Bound to: 127.0.0.1:57039
I0517 05:08:42.336706 211 webserver.cc:173] Starting webserver on 127.0.0.1:0
I0517 05:08:42.336814 211 webserver.cc:184] Document root disabled
I0517 05:08:42.337677 211 webserver.cc:311] Webserver started. Bound to: http://127.0.0.1:43124/
W0517 05:08:42.338790 1269 reactor.cc:633] Failed to create an outbound connection to 255.255.255.255:1 because connect() failed: Network error: connect(2) error: Network is unreachable (error 101)
I0517 05:08:42.339043 1330 maintenance_manager.cc:249] Maintenance manager is disabled. Stopping thread.
W0517 05:08:42.339187 1329 heartbeater.cc:587] Failed to heartbeat to 255.255.255.255:1: Network error: Failed to ping master at 255.255.255.255:1: connect(2) error: Network is unreachable (error 101)
I0517 05:08:42.339596 211 data_dirs.cc:934] Could only allocate 1 dirs of requested 3 for tablet TestTablet. 1 dirs total, 0 dirs full, 0 dirs failed
W0517 05:08:42.339679 1269 reactor.cc:633] Failed to create an outbound connection to 255.255.255.255:1 because connect() failed: Network error: connect(2) error: Network is unreachable (error 101)
W0517 05:08:42.339969 1329 heartbeater.cc:587] Failed to heartbeat to 255.255.255.255:1: Network error: Failed to ping master at 255.255.255.255:1: connect(2) error: Network is unreachable (error 101)
W0517 05:08:42.340327 1269 reactor.cc:633] Failed to create an outbound connection to 255.255.255.255:1 because connect() failed: Network error: connect(2) error: Network is unreachable (error 101)
W0517 05:08:42.340610 1329 heartbeater.cc:587] Failed to heartbeat to 255.255.255.255:1: Network error: Failed to ping master at 255.255.255.255:1: connect(2) error: Network is unreachable (error 101)
W0517 05:08:42.340767 1329 heartbeater.cc:380] Failed 3 heartbeats in a row: no longer allowing fast heartbeat attempts.
I0517 05:08:42.346300 211 ts_tablet_manager.cc:1173] T TestTablet P 75fa8d293961449091e191e099de84b0: Registered tablet (data state: TABLET_DATA_READY)
I0517 05:08:42.347276 1331 ts_tablet_manager.cc:1028] T TestTablet P 75fa8d293961449091e191e099de84b0: Bootstrapping tablet
I0517 05:08:42.347632 1331 tablet_bootstrap.cc:436] T TestTablet P 75fa8d293961449091e191e099de84b0: Bootstrap starting.
I0517 05:08:42.349643 1331 tablet_bootstrap.cc:587] T TestTablet P 75fa8d293961449091e191e099de84b0: No blocks or log segments found. Creating new log.
I0517 05:08:42.351966 1331 tablet_bootstrap.cc:436] T TestTablet P 75fa8d293961449091e191e099de84b0: No bootstrap required, opened a new log
I0517 05:08:42.352262 1331 ts_tablet_manager.cc:1045] T TestTablet P 75fa8d293961449091e191e099de84b0: Time spent bootstrapping tablet: real 0.005s user 0.004s sys 0.000s
I0517 05:08:42.353374 1331 raft_consensus.cc:303] T TestTablet P 75fa8d293961449091e191e099de84b0 [term 0 FOLLOWER]: Replica starting. Triggering 0 pending transactions. Active config: opid_index: -1 peers { permanent_uuid: "75fa8d293961449091e191e099de84b0" member_type: VOTER last_known_addr { host: "127.0.0.1" port: 57039 } }
I0517 05:08:42.353765 1331 raft_consensus.cc:329] T TestTablet P 75fa8d293961449091e191e099de84b0 [term 0 FOLLOWER]: Consensus starting up: Expiring failure detector timer to make a prompt election more likely
I0517 05:08:42.353937 1331 raft_consensus.cc:604] T TestTablet P 75fa8d293961449091e191e099de84b0 [term 0 FOLLOWER]: Becoming Follower/Learner. State: Replica: 75fa8d293961449091e191e099de84b0, State: Initialized, Role: FOLLOWER
I0517 05:08:42.354306 1331 consensus_queue.cc:227] T TestTablet P 75fa8d293961449091e191e099de84b0 [NON_LEADER]: Queue going to NON_LEADER mode. State: All replicated index: 0, Majority replicated index: 0, Committed index: 0, Last appended: 0.0, Last appended by leader: 0, Current term: 0, Majority size: -1, State: 0, Mode: NON_LEADER, active raft config: opid_index: -1 peers { permanent_uuid: "75fa8d293961449091e191e099de84b0" member_type: VOTER last_known_addr { host: "127.0.0.1" port: 57039 } }
I0517 05:08:42.354665 1331 raft_consensus.cc:343] T TestTablet P 75fa8d293961449091e191e099de84b0 [term 0 FOLLOWER]: Only one voter in the Raft config. Triggering election immediately
I0517 05:08:42.354804 1331 raft_consensus.cc:435] T TestTablet P 75fa8d293961449091e191e099de84b0 [term 0 FOLLOWER]: Starting leader election (initial election of a single-replica configuration)
I0517 05:08:42.354974 1331 raft_consensus.cc:2704] T TestTablet P 75fa8d293961449091e191e099de84b0: Snoozing failure detection for 1.954s (starting election)
I0517 05:08:42.355137 1331 raft_consensus.cc:2756] T TestTablet P 75fa8d293961449091e191e099de84b0 [term 0 FOLLOWER]: Advancing to term 1
I0517 05:08:42.358382 1331 raft_consensus.cc:457] T TestTablet P 75fa8d293961449091e191e099de84b0 [term 1 FOLLOWER]: Starting leader election with config: opid_index: -1 peers { permanent_uuid: "75fa8d293961449091e191e099de84b0" member_type: VOTER last_known_addr { host: "127.0.0.1" port: 57039 } }
I0517 05:08:42.358789 1331 leader_election.cc:270] T TestTablet P 75fa8d293961449091e191e099de84b0 [CANDIDATE]: Term 1 election: Election decided. Result: candidate won.
I0517 05:08:42.359833 1333 raft_consensus.cc:2704] T TestTablet P 75fa8d293961449091e191e099de84b0: Snoozing failure detection for 2.170s (election complete)
I0517 05:08:42.360061 1333 raft_consensus.cc:2511] T TestTablet P 75fa8d293961449091e191e099de84b0 [term 1 FOLLOWER]: Leader election won for term 1
I0517 05:08:42.360999 1333 raft_consensus.cc:571] T TestTablet P 75fa8d293961449091e191e099de84b0 [term 1 LEADER]: Becoming Leader. State: Replica: 75fa8d293961449091e191e099de84b0, State: Running, Role: LEADER
I0517 05:08:42.361443 1333 consensus_queue.cc:204] T TestTablet P 75fa8d293961449091e191e099de84b0 [LEADER]: Queue going to LEADER mode. State: All replicated index: 0, Majority replicated index: 0, Committed index: 0, Last appended: 0.0, Last appended by leader: 0, Current term: 1, Majority size: 1, State: 0, Mode: LEADER, active raft config: opid_index: -1 peers { permanent_uuid: "75fa8d293961449091e191e099de84b0" member_type: VOTER last_known_addr { host: "127.0.0.1" port: 57039 } }
W0517 05:08:42.362195 1269 reactor.cc:633] Failed to create an outbound connection to 255.255.255.255:1 because connect() failed: Network error: connect(2) error: Network is unreachable (error 101)
I0517 05:08:42.362263 1331 ts_tablet_manager.cc:1073] T TestTablet P 75fa8d293961449091e191e099de84b0: Time spent starting tablet: real 0.010s user 0.008s sys 0.000s
W0517 05:08:42.362700 1329 heartbeater.cc:587] Failed to heartbeat to 255.255.255.255:1: Network error: Failed to ping master at 255.255.255.255:1: connect(2) error: Network is unreachable (error 101)
W0517 05:08:42.363435 1269 reactor.cc:633] Failed to create an outbound connection to 255.255.255.255:1 because connect() failed: Network error: connect(2) error: Network is unreachable (error 101)
W0517 05:08:42.364372 1329 heartbeater.cc:587] Failed to heartbeat to 255.255.255.255:1: Network error: Failed to ping master at 255.255.255.255:1: connect(2) error: Network is unreachable (error 101)
I0517 05:08:42.375340 1326 generic_service.cc:146] {username='slave'} at 127.0.0.1:39330 changed flags via RPC: metrics_retirement_age_ms from '120000' to '12345'
W0517 05:08:42.379292 1326 generic_service.cc:126] {username='slave'} at 127.0.0.1:39330 forcing change of non-runtime-safe flag tablet_bloom_target_fp_rate
I0517 05:08:42.379513 1326 generic_service.cc:146] {username='slave'} at 127.0.0.1:39330 changed flags via RPC: tablet_bloom_target_fp_rate from '9.9999997473787516e-05' to '1.0'
I0517 05:08:42.380357 211 tablet_server.cc:144] TabletServer shutting down...
I0517 05:08:42.391608 211 ts_tablet_manager.cc:1118] Shutting down tablet manager...
I0517 05:08:42.391968 211 tablet_replica.cc:261] T TestTablet P 75fa8d293961449091e191e099de84b0: stopping tablet replica
I0517 05:08:42.392204 211 maintenance_manager.cc:237] P 75fa8d293961449091e191e099de84b0: Unregistered op CompactRowSetsOp(TestTablet)
I0517 05:08:42.392362 211 maintenance_manager.cc:237] P 75fa8d293961449091e191e099de84b0: Unregistered op MinorDeltaCompactionOp(TestTablet)
I0517 05:08:42.392530 211 maintenance_manager.cc:237] P 75fa8d293961449091e191e099de84b0: Unregistered op MajorDeltaCompactionOp(TestTablet)
I0517 05:08:42.392659 211 maintenance_manager.cc:237] P 75fa8d293961449091e191e099de84b0: Unregistered op UndoDeltaBlockGCOp(TestTablet)
I0517 05:08:42.392796 211 maintenance_manager.cc:237] P 75fa8d293961449091e191e099de84b0: Unregistered op FlushMRSOp(TestTablet)
I0517 05:08:42.392899 211 maintenance_manager.cc:237] P 75fa8d293961449091e191e099de84b0: Unregistered op FlushDeltaMemStoresOp(TestTablet)
I0517 05:08:42.392992 211 maintenance_manager.cc:237] P 75fa8d293961449091e191e099de84b0: Unregistered op LogGCOp(TestTablet)
I0517 05:08:42.393096 211 raft_consensus.cc:2016] T TestTablet P 75fa8d293961449091e191e099de84b0 [term 1 LEADER]: Raft consensus shutting down.
I0517 05:08:42.393306 211 raft_consensus.cc:2043] T TestTablet P 75fa8d293961449091e191e099de84b0 [term 1 FOLLOWER]: Raft consensus is shut down!
I0517 05:08:42.401113 211 tablet_server.cc:157] TabletServer shutdown complete.
I0517 05:08:42.401249 211 tablet_server.cc:144] TabletServer shutting down...
I0517 05:08:42.401460 211 tablet_server.cc:157] TabletServer shutdown complete. [ OK ] TabletServerTest.TestSetFlags (199 ms) [ RUN ] TabletServerTest.TestWebPages
I0517 05:08:42.421556 211 system_ntp.cc:143] NTP initialized. Skew: 500ppm Current error: 1041361us
I0517 05:08:42.421839 211 fs_manager.cc:260] Metadata directory not provided
I0517 05:08:42.421947 211 fs_manager.cc:266] Using write-ahead log directory (fs_wal_dir) as metadata directory
I0517 05:08:42.422089 211 server_base.cc:432] Could not load existing FS layout: Not found: /tmp/dist-test-taskWs1ZT3/test-tmp/tablet_server-test.0.TabletServerTest.TestWebPages.1526533719119959-211/TabletServerTest-fsroot/instance: No such file or directory (error 2)
I0517 05:08:42.422183 211 server_base.cc:433] Attempting to create new FS layout instead
I0517 05:08:42.427878 211 fs_manager.cc:595] Generated new instance metadata in path /tmp/dist-test-taskWs1ZT3/test-tmp/tablet_server-test.0.TabletServerTest.TestWebPages.1526533719119959-211/TabletServerTest-fsroot/instance: uuid: "fdd15cf3523b4b569f49ed50cffe01b8" format_stamp: "Formatted at 2018-05-17 05:08:42 on dist-test-slave-dist-test-slave-djmg"
I0517 05:08:42.435855 211 fs_manager.cc:495] Time spent creating directory manager: real 0.008s user 0.004s sys 0.008s
I0517 05:08:42.437173 211 file_cache.cc:470] Constructed file cache lbm with capacity 26214
I0517 05:08:42.443353 211 fs_manager.cc:417] Time spent opening block manager: real 0.001s user 0.000s sys 0.000s
I0517 05:08:42.443523 211 fs_manager.cc:428] Opened local filesystem: /tmp/dist-test-taskWs1ZT3/test-tmp/tablet_server-test.0.TabletServerTest.TestWebPages.1526533719119959-211/TabletServerTest-fsroot uuid: "fdd15cf3523b4b569f49ed50cffe01b8" format_stamp: "Formatted at 2018-05-17 05:08:42 on dist-test-slave-dist-test-slave-djmg"
I0517 05:08:42.443729 211 fs_report.cc:347] Block manager report -------------------- 1 data directories: /tmp/dist-test-taskWs1ZT3/test-tmp/tablet_server-test.0.TabletServerTest.TestWebPages.1526533719119959-211/TabletServerTest-fsroot/data Total live blocks: 0 Total live bytes: 0 Total live bytes (after alignment): 0 Total number of LBM containers: 0 (0 full) Did not check for missing blocks Did not check for orphaned blocks Total full LBM containers with extra space: 0 (0 repaired) Total full LBM container extra space in bytes: 0 (0 repaired) Total incomplete LBM containers: 0 (0 repaired) Total LBM partial records: 0 (0 repaired)
I0517 05:08:42.459038 211 ts_tablet_manager.cc:356] Loaded tablet metadata (0 live tablets)
I0517 05:08:42.485426 211 rpc_server.cc:205] RPC server started. Bound to: 127.0.0.1:47056
I0517 05:08:42.486198 211 webserver.cc:173] Starting webserver on 127.0.0.1:0
I0517 05:08:42.486296 211 webserver.cc:184] Document root disabled
I0517 05:08:42.487112 211 webserver.cc:311] Webserver started. Bound to: http://127.0.0.1:51056/
W0517 05:08:42.488153 1347 reactor.cc:633] Failed to create an outbound connection to 255.255.255.255:1 because connect() failed: Network error: connect(2) error: Network is unreachable (error 101)
I0517 05:08:42.488405 1408 maintenance_manager.cc:249] Maintenance manager is disabled. Stopping thread.
W0517 05:08:42.488543 1407 heartbeater.cc:587] Failed to heartbeat to 255.255.255.255:1: Network error: Failed to ping master at 255.255.255.255:1: connect(2) error: Network is unreachable (error 101)
I0517 05:08:42.489034 211 data_dirs.cc:934] Could only allocate 1 dirs of requested 3 for tablet TestTablet. 1 dirs total, 0 dirs full, 0 dirs failed
W0517 05:08:42.489058 1347 reactor.cc:633] Failed to create an outbound connection to 255.255.255.255:1 because connect() failed: Network error: connect(2) error: Network is unreachable (error 101)
W0517 05:08:42.489406 1407 heartbeater.cc:587] Failed to heartbeat to 255.255.255.255:1: Network error: Failed to ping master at 255.255.255.255:1: connect(2) error: Network is unreachable (error 101)
W0517 05:08:42.489826 1347 reactor.cc:633] Failed to create an outbound connection to 255.255.255.255:1 because connect() failed: Network error: connect(2) error: Network is unreachable (error 101)
W0517 05:08:42.490128 1407 heartbeater.cc:587] Failed to heartbeat to 255.255.255.255:1: Network error: Failed to ping master at 255.255.255.255:1: connect(2) error: Network is unreachable (error 101)
W0517 05:08:42.490262 1407 heartbeater.cc:380] Failed 3 heartbeats in a row: no longer allowing fast heartbeat attempts.
I0517 05:08:42.495383 211 ts_tablet_manager.cc:1173] T TestTablet P fdd15cf3523b4b569f49ed50cffe01b8: Registered tablet (data state: TABLET_DATA_READY)
I0517 05:08:42.496459 1409 ts_tablet_manager.cc:1028] T TestTablet P fdd15cf3523b4b569f49ed50cffe01b8: Bootstrapping tablet
I0517 05:08:42.496769 1409 tablet_bootstrap.cc:436] T TestTablet P fdd15cf3523b4b569f49ed50cffe01b8: Bootstrap starting.
I0517 05:08:42.498359 1409 tablet_bootstrap.cc:587] T TestTablet P fdd15cf3523b4b569f49ed50cffe01b8: No blocks or log segments found. Creating new log.
I0517 05:08:42.500705 1409 tablet_bootstrap.cc:436] T TestTablet P fdd15cf3523b4b569f49ed50cffe01b8: No bootstrap required, opened a new log
I0517 05:08:42.500946 1409 ts_tablet_manager.cc:1045] T TestTablet P fdd15cf3523b4b569f49ed50cffe01b8: Time spent bootstrapping tablet: real 0.004s user 0.004s sys 0.000s
I0517 05:08:42.501802 1409 raft_consensus.cc:303] T TestTablet P fdd15cf3523b4b569f49ed50cffe01b8 [term 0 FOLLOWER]: Replica starting. Triggering 0 pending transactions. Active config: opid_index: -1 peers { permanent_uuid: "fdd15cf3523b4b569f49ed50cffe01b8" member_type: VOTER last_known_addr { host: "127.0.0.1" port: 47056 } }
I0517 05:08:42.502146 1409 raft_consensus.cc:329] T TestTablet P fdd15cf3523b4b569f49ed50cffe01b8 [term 0 FOLLOWER]: Consensus starting up: Expiring failure detector timer to make a prompt election more likely
I0517 05:08:42.502265 1409 raft_consensus.cc:604] T TestTablet P fdd15cf3523b4b569f49ed50cffe01b8 [term 0 FOLLOWER]: Becoming Follower/Learner. State: Replica: fdd15cf3523b4b569f49ed50cffe01b8, State: Initialized, Role: FOLLOWER
I0517 05:08:42.502570 1409 consensus_queue.cc:227] T TestTablet P fdd15cf3523b4b569f49ed50cffe01b8 [NON_LEADER]: Queue going to NON_LEADER mode. State: All replicated index: 0, Majority replicated index: 0, Committed index: 0, Last appended: 0.0, Last appended by leader: 0, Current term: 0, Majority size: -1, State: 0, Mode: NON_LEADER, active raft config: opid_index: -1 peers { permanent_uuid: "fdd15cf3523b4b569f49ed50cffe01b8" member_type: VOTER last_known_addr { host: "127.0.0.1" port: 47056 } }
I0517 05:08:42.502894 1409 raft_consensus.cc:343] T TestTablet P fdd15cf3523b4b569f49ed50cffe01b8 [term 0 FOLLOWER]: Only one voter in the Raft config. Triggering election immediately
I0517 05:08:42.503024 1409 raft_consensus.cc:435] T TestTablet P fdd15cf3523b4b569f49ed50cffe01b8 [term 0 FOLLOWER]: Starting leader election (initial election of a single-replica configuration)
I0517 05:08:42.503157 1409 raft_consensus.cc:2704] T TestTablet P fdd15cf3523b4b569f49ed50cffe01b8: Snoozing failure detection for 1.863s (starting election)
I0517 05:08:42.503293 1409 raft_consensus.cc:2756] T TestTablet P fdd15cf3523b4b569f49ed50cffe01b8 [term 0 FOLLOWER]: Advancing to term 1
I0517 05:08:42.506433 1409 raft_consensus.cc:457] T TestTablet P fdd15cf3523b4b569f49ed50cffe01b8 [term 1 FOLLOWER]: Starting leader election with config: opid_index: -1 peers { permanent_uuid: "fdd15cf3523b4b569f49ed50cffe01b8" member_type: VOTER last_known_addr { host: "127.0.0.1" port: 47056 } }
I0517 05:08:42.506829 1409 leader_election.cc:270] T TestTablet P fdd15cf3523b4b569f49ed50cffe01b8 [CANDIDATE]: Term 1 election: Election decided. Result: candidate won.
I0517 05:08:42.507750 1411 raft_consensus.cc:2704] T TestTablet P fdd15cf3523b4b569f49ed50cffe01b8: Snoozing failure detection for 1.677s (election complete)
I0517 05:08:42.507962 1411 raft_consensus.cc:2511] T TestTablet P fdd15cf3523b4b569f49ed50cffe01b8 [term 1 FOLLOWER]: Leader election won for term 1
I0517 05:08:42.508961 1411 raft_consensus.cc:571] T TestTablet P fdd15cf3523b4b569f49ed50cffe01b8 [term 1 LEADER]: Becoming Leader. State: Replica: fdd15cf3523b4b569f49ed50cffe01b8, State: Running, Role: LEADER
W0517 05:08:42.509583 1347 reactor.cc:633] Failed to create an outbound connection to 255.255.255.255:1 because connect() failed: Network error: connect(2) error: Network is unreachable (error 101)
I0517 05:08:42.509485 1411 consensus_queue.cc:204] T TestTablet P fdd15cf3523b4b569f49ed50cffe01b8 [LEADER]: Queue going to LEADER mode. State: All replicated index: 0, Majority replicated index: 0, Committed index: 0, Last appended: 0.0, Last appended by leader: 0, Current term: 1, Majority size: 1, State: 0, Mode: LEADER, active raft config: opid_index: -1 peers { permanent_uuid: "fdd15cf3523b4b569f49ed50cffe01b8" member_type: VOTER last_known_addr { host: "127.0.0.1" port: 47056 } }
W0517 05:08:42.509999 1407 heartbeater.cc:587] Failed to heartbeat to 255.255.255.255:1: Network error: Failed to ping master at 255.255.255.255:1: connect(2) error: Network is unreachable (error 101)
I0517 05:08:42.510398 1409 ts_tablet_manager.cc:1073] T TestTablet P fdd15cf3523b4b569f49ed50cffe01b8: Time spent starting tablet: real 0.009s user 0.008s sys 0.000s
W0517 05:08:42.510474 1347 reactor.cc:633] Failed to create an outbound connection to 255.255.255.255:1 because connect() failed: Network error: connect(2) error: Network is unreachable (error 101)
W0517 05:08:42.510807 1407 heartbeater.cc:587] Failed to heartbeat to 255.255.255.255:1: Network error: Failed to ping master at 255.255.255.255:1: connect(2) error: Network is unreachable (error 101)
W0517 05:08:43.511569 1347 reactor.cc:633] Failed to create an outbound connection to 255.255.255.255:1 because connect() failed: Network error: connect(2) error: Network is unreachable (error 101)
W0517 05:08:43.511939 1407 heartbeater.cc:587] Failed to heartbeat to 255.255.255.255:1: Network error: Failed to ping master at 255.255.255.255:1: connect(2) error: Network is unreachable (error 101)
I0517 05:08:44.122835 211 tablet_server.cc:144] TabletServer shutting down...
I0517 05:08:44.134557 211 ts_tablet_manager.cc:1118] Shutting down tablet manager...
I0517 05:08:44.134815 211 tablet_replica.cc:261] T TestTablet P fdd15cf3523b4b569f49ed50cffe01b8: stopping tablet replica
I0517 05:08:44.135015 211 maintenance_manager.cc:237] P fdd15cf3523b4b569f49ed50cffe01b8: Unregistered op CompactRowSetsOp(TestTablet)
I0517 05:08:44.135151 211 maintenance_manager.cc:237] P fdd15cf3523b4b569f49ed50cffe01b8: Unregistered op MinorDeltaCompactionOp(TestTablet)
I0517 05:08:44.135273 211 maintenance_manager.cc:237] P fdd15cf3523b4b569f49ed50cffe01b8: Unregistered op MajorDeltaCompactionOp(TestTablet)
I0517 05:08:44.135413 211 maintenance_manager.cc:237] P fdd15cf3523b4b569f49ed50cffe01b8: Unregistered op UndoDeltaBlockGCOp(TestTablet)
I0517 05:08:44.135572 211 maintenance_manager.cc:237] P fdd15cf3523b4b569f49ed50cffe01b8: Unregistered op FlushMRSOp(TestTablet)
I0517 05:08:44.135716 211 maintenance_manager.cc:237] P fdd15cf3523b4b569f49ed50cffe01b8: Unregistered op FlushDeltaMemStoresOp(TestTablet)
I0517 05:08:44.135838 211 maintenance_manager.cc:237] P fdd15cf3523b4b569f49ed50cffe01b8: Unregistered op LogGCOp(TestTablet)
I0517 05:08:44.135991 211 raft_consensus.cc:2016] T TestTablet P fdd15cf3523b4b569f49ed50cffe01b8 [term 1 LEADER]: Raft consensus shutting down.
I0517 05:08:44.136255 211 raft_consensus.cc:2043] T TestTablet P fdd15cf3523b4b569f49ed50cffe01b8 [term 1 FOLLOWER]: Raft consensus is shut down!
I0517 05:08:44.151497 211 tablet_server.cc:157] TabletServer shutdown complete.
I0517 05:08:44.151640 211 tablet_server.cc:144] TabletServer shutting down...
I0517 05:08:44.151932 211 tablet_server.cc:157] TabletServer shutdown complete. [ OK ] TabletServerTest.TestWebPages (1749 ms) [ RUN ] TabletServerTest.TestFailedTabletsRejectConsensusState
I0517 05:08:44.170660 211 system_ntp.cc:143] NTP initialized. Skew: 500ppm Current error: 1042361us
I0517 05:08:44.170970 211 fs_manager.cc:260] Metadata directory not provided
I0517 05:08:44.171089 211 fs_manager.cc:266] Using write-ahead log directory (fs_wal_dir) as metadata directory
I0517 05:08:44.171254 211 server_base.cc:432] Could not load existing FS layout: Not found: /tmp/dist-test-taskWs1ZT3/test-tmp/tablet_server-test.0.TabletServerTest.TestFailedTabletsRejectConsensusState.1526533719119959-211/TabletServerTest-fsroot/instance: No such file or directory (error 2)
I0517 05:08:44.171360 211 server_base.cc:433] Attempting to create new FS layout instead
I0517 05:08:44.177163 211 fs_manager.cc:595] Generated new instance metadata in path /tmp/dist-test-taskWs1ZT3/test-tmp/tablet_server-test.0.TabletServerTest.TestFailedTabletsRejectConsensusState.1526533719119959-211/TabletServerTest-fsroot/instance: uuid: "37870bb67f4f443d8ae4109893a1ec93" format_stamp: "Formatted at 2018-05-17 05:08:44 on dist-test-slave-dist-test-slave-djmg"
I0517 05:08:44.185359 211 fs_manager.cc:495] Time spent creating directory manager: real 0.008s user 0.004s sys 0.004s
I0517 05:08:44.186616 211 file_cache.cc:470] Constructed file cache lbm with capacity 26214
I0517 05:08:44.193202 211 fs_manager.cc:417] Time spent opening block manager: real 0.001s user 0.004s sys 0.000s
I0517 05:08:44.193352 211 fs_manager.cc:428] Opened local filesystem: /tmp/dist-test-taskWs1ZT3/test-tmp/tablet_server-test.0.TabletServerTest.TestFailedTabletsRejectConsensusState.1526533719119959-211/TabletServerTest-fsroot uuid: "37870bb67f4f443d8ae4109893a1ec93" format_stamp: "Formatted at 2018-05-17 05:08:44 on dist-test-slave-dist-test-slave-djmg"
I0517 05:08:44.193611 211 fs_report.cc:347] Block manager report -------------------- 1 data directories: /tmp/dist-test-taskWs1ZT3/test-tmp/tablet_server-test.0.TabletServerTest.TestFailedTabletsRejectConsensusState.1526533719119959-211/TabletServerTest-fsroot/data Total live blocks: 0 Total live bytes: 0 Total live bytes (after alignment): 0 Total number of LBM containers: 0 (0 full) Did not check for missing blocks Did not check for orphaned blocks Total full LBM containers with extra space: 0 (0 repaired) Total full LBM container extra space in bytes: 0 (0 repaired) Total incomplete LBM containers: 0 (0 repaired) Total LBM partial records: 0 (0 repaired)
I0517 05:08:44.235110 211 ts_tablet_manager.cc:356] Loaded tablet metadata (0 live tablets)
I0517 05:08:44.261103 211 rpc_server.cc:205] RPC server started. Bound to: 127.0.0.1:47199
I0517 05:08:44.261864 211 webserver.cc:173] Starting webserver on 127.0.0.1:0
I0517 05:08:44.261968 211 webserver.cc:184] Document root disabled
I0517 05:08:44.262809 211 webserver.cc:311] Webserver started. Bound to: http://127.0.0.1:36059/
W0517 05:08:44.263926 1424 reactor.cc:633] Failed to create an outbound connection to 255.255.255.255:1 because connect() failed: Network error: connect(2) error: Network is unreachable (error 101)
I0517 05:08:44.264222 1485 maintenance_manager.cc:249] Maintenance manager is disabled. Stopping thread.
W0517 05:08:44.264297 1484 heartbeater.cc:587] Failed to heartbeat to 255.255.255.255:1: Network error: Failed to ping master at 255.255.255.255:1: connect(2) error: Network is unreachable (error 101)
I0517 05:08:44.264808 211 data_dirs.cc:934] Could only allocate 1 dirs of requested 3 for tablet TestTablet. 1 dirs total, 0 dirs full, 0 dirs failed
W0517 05:08:44.264861 1424 reactor.cc:633] Failed to create an outbound connection to 255.255.255.255:1 because connect() failed: Network error: connect(2) error: Network is unreachable (error 101)
W0517 05:08:44.265213 1484 heartbeater.cc:587] Failed to heartbeat to 255.255.255.255:1: Network error: Failed to ping master at 255.255.255.255:1: connect(2) error: Network is unreachable (error 101)
W0517 05:08:44.265648 1424 reactor.cc:633] Failed to create an outbound connection to 255.255.255.255:1 because connect() failed: Network error: connect(2) error: Network is unreachable (error 101)
W0517 05:08:44.265950 1484 heartbeater.cc:587] Failed to heartbeat to 255.255.255.255:1: Network error: Failed to ping master at 255.255.255.255:1: connect(2) error: Network is unreachable (error 101)
W0517 05:08:44.266085 1484 heartbeater.cc:380] Failed 3 heartbeats in a row: no longer allowing fast heartbeat attempts.
I0517 05:08:44.271138 211 ts_tablet_manager.cc:1173] T TestTablet P 37870bb67f4f443d8ae4109893a1ec93: Registered tablet (data state: TABLET_DATA_READY)
I0517 05:08:44.272115 1486 ts_tablet_manager.cc:1028] T TestTablet P 37870bb67f4f443d8ae4109893a1ec93: Bootstrapping tablet
I0517 05:08:44.272406 1486 tablet_bootstrap.cc:436] T TestTablet P 37870bb67f4f443d8ae4109893a1ec93: Bootstrap starting.
I0517 05:08:44.274173 1486 tablet_bootstrap.cc:587] T TestTablet P 37870bb67f4f443d8ae4109893a1ec93: No blocks or log segments found. Creating new log.
I0517 05:08:44.276434 1486 tablet_bootstrap.cc:436] T TestTablet P 37870bb67f4f443d8ae4109893a1ec93: No bootstrap required, opened a new log
I0517 05:08:44.276716 1486 ts_tablet_manager.cc:1045] T TestTablet P 37870bb67f4f443d8ae4109893a1ec93: Time spent bootstrapping tablet: real 0.004s user 0.004s sys 0.000s
I0517 05:08:44.277611 1486 raft_consensus.cc:303] T TestTablet P 37870bb67f4f443d8ae4109893a1ec93 [term 0 FOLLOWER]: Replica starting. Triggering 0 pending transactions. Active config: opid_index: -1 peers { permanent_uuid: "37870bb67f4f443d8ae4109893a1ec93" member_type: VOTER last_known_addr { host: "127.0.0.1" port: 47199 } }
I0517 05:08:44.277963 1486 raft_consensus.cc:329] T TestTablet P 37870bb67f4f443d8ae4109893a1ec93 [term 0 FOLLOWER]: Consensus starting up: Expiring failure detector timer to make a prompt election more likely
I0517 05:08:44.278102 1486 raft_consensus.cc:604] T TestTablet P 37870bb67f4f443d8ae4109893a1ec93 [term 0 FOLLOWER]: Becoming Follower/Learner. State: Replica: 37870bb67f4f443d8ae4109893a1ec93, State: Initialized, Role: FOLLOWER
I0517 05:08:44.278443 1486 consensus_queue.cc:227] T TestTablet P 37870bb67f4f443d8ae4109893a1ec93 [NON_LEADER]: Queue going to NON_LEADER mode. State: All replicated index: 0, Majority replicated index: 0, Committed index: 0, Last appended: 0.0, Last appended by leader: 0, Current term: 0, Majority size: -1, State: 0, Mode: NON_LEADER, active raft config: opid_index: -1 peers { permanent_uuid: "37870bb67f4f443d8ae4109893a1ec93" member_type: VOTER last_known_addr { host: "127.0.0.1" port: 47199 } }
I0517 05:08:44.278789 1486 raft_consensus.cc:343] T TestTablet P 37870bb67f4f443d8ae4109893a1ec93 [term 0 FOLLOWER]: Only one voter in the Raft config. Triggering election immediately
I0517 05:08:44.278934 1486 raft_consensus.cc:435] T TestTablet P 37870bb67f4f443d8ae4109893a1ec93 [term 0 FOLLOWER]: Starting leader election (initial election of a single-replica configuration)
I0517 05:08:44.279076 1486 raft_consensus.cc:2704] T TestTablet P 37870bb67f4f443d8ae4109893a1ec93: Snoozing failure detection for 1.590s (starting election)
I0517 05:08:44.279225 1486 raft_consensus.cc:2756] T TestTablet P 37870bb67f4f443d8ae4109893a1ec93 [term 0 FOLLOWER]: Advancing to term 1
I0517 05:08:44.282537 1486 raft_consensus.cc:457] T TestTablet P 37870bb67f4f443d8ae4109893a1ec93 [term 1 FOLLOWER]: Starting leader election with config: opid_index: -1 peers { permanent_uuid: "37870bb67f4f443d8ae4109893a1ec93" member_type: VOTER last_known_addr { host: "127.0.0.1" port: 47199 } }
I0517 05:08:44.282939 1486 leader_election.cc:270] T TestTablet P 37870bb67f4f443d8ae4109893a1ec93 [CANDIDATE]: Term 1 election: Election decided. Result: candidate won.
I0517 05:08:44.283929 1488 raft_consensus.cc:2704] T TestTablet P 37870bb67f4f443d8ae4109893a1ec93: Snoozing failure detection for 2.207s (election complete)
I0517 05:08:44.284137 1488 raft_consensus.cc:2511] T TestTablet P 37870bb67f4f443d8ae4109893a1ec93 [term 1 FOLLOWER]: Leader election won for term 1
I0517 05:08:44.285565 1486 ts_tablet_manager.cc:1073] T TestTablet P 37870bb67f4f443d8ae4109893a1ec93: Time spent starting tablet: real 0.009s user 0.008s sys 0.000s
W0517 05:08:44.285559 1424 reactor.cc:633] Failed to create an outbound connection to 255.255.255.255:1 because connect() failed: Network error: connect(2) error: Network is unreachable (error 101)
I0517 05:08:44.285639 1488 raft_consensus.cc:571] T TestTablet P 37870bb67f4f443d8ae4109893a1ec93 [term 1 LEADER]: Becoming Leader. State: Replica: 37870bb67f4f443d8ae4109893a1ec93, State: Running, Role: LEADER
W0517 05:08:44.286034 1484 heartbeater.cc:587] Failed to heartbeat to 255.255.255.255:1: Network error: Failed to ping master at 255.255.255.255:1: connect(2) error: Network is unreachable (error 101)
I0517 05:08:44.286036 1488 consensus_queue.cc:204] T TestTablet P 37870bb67f4f443d8ae4109893a1ec93 [LEADER]: Queue going to LEADER mode. State: All replicated index: 0, Majority replicated index: 0, Committed index: 0, Last appended: 0.0, Last appended by leader: 0, Current term: 1, Majority size: 1, State: 0, Mode: LEADER, active raft config: opid_index: -1 peers { permanent_uuid: "37870bb67f4f443d8ae4109893a1ec93" member_type: VOTER last_known_addr { host: "127.0.0.1" port: 47199 } }
W0517 05:08:44.286473 1424 reactor.cc:633] Failed to create an outbound connection to 255.255.255.255:1 because connect() failed: Network error: connect(2) error: Network is unreachable (error 101)
W0517 05:08:44.286782 1484 heartbeater.cc:587] Failed to heartbeat to 255.255.255.255:1: Network error: Failed to ping master at 255.255.255.255:1: connect(2) error: Network is unreachable (error 101)
I0517 05:08:44.287744 211 tablet_replica.cc:261] T TestTablet P 37870bb67f4f443d8ae4109893a1ec93: stopping tablet replica
I0517 05:08:44.287911 211 maintenance_manager.cc:237] P 37870bb67f4f443d8ae4109893a1ec93: Unregistered op CompactRowSetsOp(TestTablet)
I0517 05:08:44.288029 211 maintenance_manager.cc:237] P 37870bb67f4f443d8ae4109893a1ec93: Unregistered op MinorDeltaCompactionOp(TestTablet)
I0517 05:08:44.288187 211 maintenance_manager.cc:237] P 37870bb67f4f443d8ae4109893a1ec93: Unregistered op MajorDeltaCompactionOp(TestTablet)
I0517 05:08:44.288342 211 maintenance_manager.cc:237] P 37870bb67f4f443d8ae4109893a1ec93: Unregistered op UndoDeltaBlockGCOp(TestTablet)
I0517 05:08:44.288496 211 maintenance_manager.cc:237] P 37870bb67f4f443d8ae4109893a1ec93: Unregistered op FlushMRSOp(TestTablet)
I0517 05:08:44.288589 211 maintenance_manager.cc:237] P 37870bb67f4f443d8ae4109893a1ec93: Unregistered op FlushDeltaMemStoresOp(TestTablet)
I0517 05:08:44.288699 211 maintenance_manager.cc:237] P 37870bb67f4f443d8ae4109893a1ec93: Unregistered op LogGCOp(TestTablet)
I0517 05:08:44.288802 211 raft_consensus.cc:2016] T TestTablet P 37870bb67f4f443d8ae4109893a1ec93 [term 1 LEADER]: Raft consensus shutting down.
I0517 05:08:44.288980 211 raft_consensus.cc:2043] T TestTablet P 37870bb67f4f443d8ae4109893a1ec93 [term 1 FOLLOWER]: Raft consensus is shut down!
I0517 05:08:44.290776 211 tablet_server.cc:144] TabletServer shutting down...
I0517 05:08:44.303588 211 ts_tablet_manager.cc:1118] Shutting down tablet manager...
I0517 05:08:44.318296 211 tablet_server.cc:157] TabletServer shutdown complete.
I0517 05:08:44.318465 211 tablet_server.cc:144] TabletServer shutting down...
I0517 05:08:44.318768 211 tablet_server.cc:157] TabletServer shutdown complete. [ OK ] TabletServerTest.TestFailedTabletsRejectConsensusState (166 ms) [ RUN ] TabletServerTest.TestFailedTabletsOnWebUI
I0517 05:08:44.337754 211 system_ntp.cc:143] NTP initialized. Skew: 500ppm Current error: 1042361us
I0517 05:08:44.338107 211 fs_manager.cc:260] Metadata directory not provided
I0517 05:08:44.338240 211 fs_manager.cc:266] Using write-ahead log directory (fs_wal_dir) as metadata directory
I0517 05:08:44.338421 211 server_base.cc:432] Could not load existing FS layout: Not found: /tmp/dist-test-taskWs1ZT3/test-tmp/tablet_server-test.0.TabletServerTest.TestFailedTabletsOnWebUI.1526533719119959-211/TabletServerTest-fsroot/instance: No such file or directory (error 2)
I0517 05:08:44.338526 211 server_base.cc:433] Attempting to create new FS layout instead
I0517 05:08:44.344282 211 fs_manager.cc:595] Generated new instance metadata in path /tmp/dist-test-taskWs1ZT3/test-tmp/tablet_server-test.0.TabletServerTest.TestFailedTabletsOnWebUI.1526533719119959-211/TabletServerTest-fsroot/instance: uuid: "f4998497555848f89674c0241e6613a5" format_stamp: "Formatted at 2018-05-17 05:08:44 on dist-test-slave-dist-test-slave-djmg"
I0517 05:08:44.352246 211 fs_manager.cc:495] Time spent creating directory manager: real 0.007s user 0.008s sys 0.000s
I0517 05:08:44.353514 211 file_cache.cc:470] Constructed file cache lbm with capacity 26214
I0517 05:08:44.359740 211 fs_manager.cc:417] Time spent opening block manager: real 0.001s user 0.004s sys 0.000s
I0517 05:08:44.359880 211 fs_manager.cc:428] Opened local filesystem: /tmp/dist-test-taskWs1ZT3/test-tmp/tablet_server-test.0.TabletServerTest.TestFailedTabletsOnWebUI.1526533719119959-211/TabletServerTest-fsroot uuid: "f4998497555848f89674c0241e6613a5" format_stamp: "Formatted at 2018-05-17 05:08:44 on dist-test-slave-dist-test-slave-djmg"
I0517 05:08:44.360110 211 fs_report.cc:347] Block manager report -------------------- 1 data directories: /tmp/dist-test-taskWs1ZT3/test-tmp/tablet_server-test.0.TabletServerTest.TestFailedTabletsOnWebUI.1526533719119959-211/TabletServerTest-fsroot/data Total live blocks: 0 Total live bytes: 0 Total live bytes (after alignment): 0 Total number of LBM containers: 0 (0 full) Did not check for missing blocks Did not check for orphaned blocks Total full LBM containers with extra space: 0 (0 repaired) Total full LBM container extra space in bytes: 0 (0 repaired) Total incomplete LBM containers: 0 (0 repaired) Total LBM partial records: 0 (0 repaired)
I0517 05:08:44.385475 211 ts_tablet_manager.cc:356] Loaded tablet metadata (0 live tablets)
I0517 05:08:44.412187 211 rpc_server.cc:205] RPC server started. Bound to: 127.0.0.1:52438
I0517 05:08:44.412989 211 webserver.cc:173] Starting webserver on 127.0.0.1:0
I0517 05:08:44.413094 211 webserver.cc:184] Document root disabled
I0517 05:08:44.413908 211 webserver.cc:311] Webserver started. Bound to: http://127.0.0.1:56344/
W0517 05:08:44.414959 1500 reactor.cc:633] Failed to create an outbound connection to 255.255.255.255:1 because connect() failed: Network error: connect(2) error: Network is unreachable (error 101)
I0517 05:08:44.415298 1561 maintenance_manager.cc:249] Maintenance manager is disabled. Stopping thread.
W0517 05:08:44.415416 1560 heartbeater.cc:587] Failed to heartbeat to 255.255.255.255:1: Network error: Failed to ping master at 255.255.255.255:1: connect(2) error: Network is unreachable (error 101)
I0517 05:08:44.415828 211 data_dirs.cc:934] Could only allocate 1 dirs of requested 3 for tablet TestTablet. 1 dirs total, 0 dirs full, 0 dirs failed
W0517 05:08:44.415879 1500 reactor.cc:633] Failed to create an outbound connection to 255.255.255.255:1 because connect() failed: Network error: connect(2) error: Network is unreachable (error 101)
W0517 05:08:44.416213 1560 heartbeater.cc:587] Failed to heartbeat to 255.255.255.255:1: Network error: Failed to ping master at 255.255.255.255:1: connect(2) error: Network is unreachable (error 101)
W0517 05:08:44.416661 1500 reactor.cc:633] Failed to create an outbound connection to 255.255.255.255:1 because connect() failed: Network error: connect(2) error: Network is unreachable (error 101)
W0517 05:08:44.416996 1560 heartbeater.cc:587] Failed to heartbeat to 255.255.255.255:1: Network error: Failed to ping master at 255.255.255.255:1: connect(2) error: Network is unreachable (error 101)
W0517 05:08:44.417161 1560 heartbeater.cc:380] Failed 3 heartbeats in a row: no longer allowing fast heartbeat attempts.
I0517 05:08:44.421955 211 ts_tablet_manager.cc:1173] T TestTablet P f4998497555848f89674c0241e6613a5: Registered tablet (data state: TABLET_DATA_READY)
I0517 05:08:44.422884 1562 ts_tablet_manager.cc:1028] T TestTablet P f4998497555848f89674c0241e6613a5: Bootstrapping tablet
I0517 05:08:44.423202 1562 tablet_bootstrap.cc:436] T TestTablet P f4998497555848f89674c0241e6613a5: Bootstrap starting.
I0517 05:08:44.425019 1562 tablet_bootstrap.cc:587] T TestTablet P f4998497555848f89674c0241e6613a5: No blocks or log segments found. Creating new log.
I0517 05:08:44.427376 1562 tablet_bootstrap.cc:436] T TestTablet P f4998497555848f89674c0241e6613a5: No bootstrap required, opened a new log
I0517 05:08:44.427636 1562 ts_tablet_manager.cc:1045] T TestTablet P f4998497555848f89674c0241e6613a5: Time spent bootstrapping tablet: real 0.005s user 0.004s sys 0.000s
I0517 05:08:44.428593 1562 raft_consensus.cc:303] T TestTablet P f4998497555848f89674c0241e6613a5 [term 0 FOLLOWER]: Replica starting. Triggering 0 pending transactions. Active config: opid_index: -1 peers { permanent_uuid: "f4998497555848f89674c0241e6613a5" member_type: VOTER last_known_addr { host: "127.0.0.1" port: 52438 } }
I0517 05:08:44.428975 1562 raft_consensus.cc:329] T TestTablet P f4998497555848f89674c0241e6613a5 [term 0 FOLLOWER]: Consensus starting up: Expiring failure detector timer to make a prompt election more likely
I0517 05:08:44.429116 1562 raft_consensus.cc:604] T TestTablet P f4998497555848f89674c0241e6613a5 [term 0 FOLLOWER]: Becoming Follower/Learner. State: Replica: f4998497555848f89674c0241e6613a5, State: Initialized, Role: FOLLOWER
