I0517 05:09:21.660933 211 server_base.cc:433] Attempting to create new FS layout instead
I0517 05:09:21.666756 211 fs_manager.cc:595] Generated new instance metadata in path /tmp/dist-test-taskWs1ZT3/test-tmp/tablet_server-test.0.TabletServerTest.TestDataDirGroupsCreated.1526533719119959-211/TabletServerTest-fsroot/instance: uuid: "e374da7f04e145b9be0ebc24cf7b1764" format_stamp: "Formatted at 2018-05-17 05:09:21 on dist-test-slave-dist-test-slave-djmg"
I0517 05:09:21.674700 211 fs_manager.cc:495] Time spent creating directory manager: real 0.008s user 0.008s sys 0.000s
I0517 05:09:21.675937 211 file_cache.cc:470] Constructed file cache lbm with capacity 26214
I0517 05:09:21.682081 211 fs_manager.cc:417] Time spent opening block manager: real 0.001s user 0.000s sys 0.000s
I0517 05:09:21.682224 211 fs_manager.cc:428] Opened local filesystem: /tmp/dist-test-taskWs1ZT3/test-tmp/tablet_server-test.0.TabletServerTest.TestDataDirGroupsCreated.1526533719119959-211/TabletServerTest-fsroot uuid: "e374da7f04e145b9be0ebc24cf7b1764" format_stamp: "Formatted at 2018-05-17 05:09:21 on dist-test-slave-dist-test-slave-djmg"
I0517 05:09:21.682440 211 fs_report.cc:347] Block manager report -------------------- 1 data directories: /tmp/dist-test-taskWs1ZT3/test-tmp/tablet_server-test.0.TabletServerTest.TestDataDirGroupsCreated.1526533719119959-211/TabletServerTest-fsroot/data Total live blocks: 0 Total live bytes: 0 Total live bytes (after alignment): 0 Total number of LBM containers: 0 (0 full) Did not check for missing blocks Did not check for orphaned blocks Total full LBM containers with extra space: 0 (0 repaired) Total full LBM container extra space in bytes: 0 (0 repaired) Total incomplete LBM containers: 0 (0 repaired) Total LBM partial records: 0 (0 repaired)
I0517 05:09:21.734139 211 ts_tablet_manager.cc:356] Loaded tablet metadata (0 live tablets)
I0517 05:09:21.760247 211 rpc_server.cc:205] RPC server started. Bound to: 127.0.0.1:50681
I0517 05:09:21.761081 211 webserver.cc:173] Starting webserver on 127.0.0.1:0
I0517 05:09:21.761186 211 webserver.cc:184] Document root disabled
I0517 05:09:21.762010 211 webserver.cc:311] Webserver started. Bound to: http://127.0.0.1:49961/
W0517 05:09:21.763101 6904 reactor.cc:633] Failed to create an outbound connection to 255.255.255.255:1 because connect() failed: Network error: connect(2) error: Network is unreachable (error 101)
I0517 05:09:21.763403 6965 maintenance_manager.cc:249] Maintenance manager is disabled. Stopping thread.
W0517 05:09:21.763476 6964 heartbeater.cc:587] Failed to heartbeat to 255.255.255.255:1: Network error: Failed to ping master at 255.255.255.255:1: connect(2) error: Network is unreachable (error 101)
W0517 05:09:21.764066 6904 reactor.cc:633] Failed to create an outbound connection to 255.255.255.255:1 because connect() failed: Network error: connect(2) error: Network is unreachable (error 101)
I0517 05:09:21.764080 211 data_dirs.cc:934] Could only allocate 1 dirs of requested 3 for tablet TestTablet. 1 dirs total, 0 dirs full, 0 dirs failed
W0517 05:09:21.764394 6964 heartbeater.cc:587] Failed to heartbeat to 255.255.255.255:1: Network error: Failed to ping master at 255.255.255.255:1: connect(2) error: Network is unreachable (error 101)
W0517 05:09:21.764780 6904 reactor.cc:633] Failed to create an outbound connection to 255.255.255.255:1 because connect() failed: Network error: connect(2) error: Network is unreachable (error 101)
W0517 05:09:21.765048 6964 heartbeater.cc:587] Failed to heartbeat to 255.255.255.255:1: Network error: Failed to ping master at 255.255.255.255:1: connect(2) error: Network is unreachable (error 101)
W0517 05:09:21.765172 6964 heartbeater.cc:380] Failed 3 heartbeats in a row: no longer allowing fast heartbeat attempts.
I0517 05:09:21.771168 211 ts_tablet_manager.cc:1173] T TestTablet P e374da7f04e145b9be0ebc24cf7b1764: Registered tablet (data state: TABLET_DATA_READY)
I0517 05:09:21.772140 6966 ts_tablet_manager.cc:1028] T TestTablet P e374da7f04e145b9be0ebc24cf7b1764: Bootstrapping tablet
I0517 05:09:21.772455 6966 tablet_bootstrap.cc:436] T TestTablet P e374da7f04e145b9be0ebc24cf7b1764: Bootstrap starting.
I0517 05:09:21.774432 6966 tablet_bootstrap.cc:587] T TestTablet P e374da7f04e145b9be0ebc24cf7b1764: No blocks or log segments found. Creating new log.
I0517 05:09:21.776790 6966 tablet_bootstrap.cc:436] T TestTablet P e374da7f04e145b9be0ebc24cf7b1764: No bootstrap required, opened a new log
I0517 05:09:21.777043 6966 ts_tablet_manager.cc:1045] T TestTablet P e374da7f04e145b9be0ebc24cf7b1764: Time spent bootstrapping tablet: real 0.005s user 0.004s sys 0.000s
I0517 05:09:21.777969 6966 raft_consensus.cc:303] T TestTablet P e374da7f04e145b9be0ebc24cf7b1764 [term 0 FOLLOWER]: Replica starting. Triggering 0 pending transactions. Active config: opid_index: -1 peers { permanent_uuid: "e374da7f04e145b9be0ebc24cf7b1764" member_type: VOTER last_known_addr { host: "127.0.0.1" port: 50681 } }
I0517 05:09:21.778283 6966 raft_consensus.cc:329] T TestTablet P e374da7f04e145b9be0ebc24cf7b1764 [term 0 FOLLOWER]: Consensus starting up: Expiring failure detector timer to make a prompt election more likely
I0517 05:09:21.778432 6966 raft_consensus.cc:604] T TestTablet P e374da7f04e145b9be0ebc24cf7b1764 [term 0 FOLLOWER]: Becoming Follower/Learner. State: Replica: e374da7f04e145b9be0ebc24cf7b1764, State: Initialized, Role: FOLLOWER
I0517 05:09:21.778798 6966 consensus_queue.cc:227] T TestTablet P e374da7f04e145b9be0ebc24cf7b1764 [NON_LEADER]: Queue going to NON_LEADER mode. State: All replicated index: 0, Majority replicated index: 0, Committed index: 0, Last appended: 0.0, Last appended by leader: 0, Current term: 0, Majority size: -1, State: 0, Mode: NON_LEADER, active raft config: opid_index: -1 peers { permanent_uuid: "e374da7f04e145b9be0ebc24cf7b1764" member_type: VOTER last_known_addr { host: "127.0.0.1" port: 50681 } }
I0517 05:09:21.779142 6966 raft_consensus.cc:343] T TestTablet P e374da7f04e145b9be0ebc24cf7b1764 [term 0 FOLLOWER]: Only one voter in the Raft config. Triggering election immediately
I0517 05:09:21.779291 6966 raft_consensus.cc:435] T TestTablet P e374da7f04e145b9be0ebc24cf7b1764 [term 0 FOLLOWER]: Starting leader election (initial election of a single-replica configuration)
I0517 05:09:21.779433 6966 raft_consensus.cc:2704] T TestTablet P e374da7f04e145b9be0ebc24cf7b1764: Snoozing failure detection for 2.111s (starting election)
I0517 05:09:21.779585 6966 raft_consensus.cc:2756] T TestTablet P e374da7f04e145b9be0ebc24cf7b1764 [term 0 FOLLOWER]: Advancing to term 1
I0517 05:09:21.783267 6966 raft_consensus.cc:457] T TestTablet P e374da7f04e145b9be0ebc24cf7b1764 [term 1 FOLLOWER]: Starting leader election with config: opid_index: -1 peers { permanent_uuid: "e374da7f04e145b9be0ebc24cf7b1764" member_type: VOTER last_known_addr { host: "127.0.0.1" port: 50681 } }
I0517 05:09:21.783689 6966 leader_election.cc:270] T TestTablet P e374da7f04e145b9be0ebc24cf7b1764 [CANDIDATE]: Term 1 election: Election decided. Result: candidate won.
I0517 05:09:21.784749 6968 raft_consensus.cc:2704] T TestTablet P e374da7f04e145b9be0ebc24cf7b1764: Snoozing failure detection for 2.018s (election complete)
I0517 05:09:21.784958 6968 raft_consensus.cc:2511] T TestTablet P e374da7f04e145b9be0ebc24cf7b1764 [term 1 FOLLOWER]: Leader election won for term 1
I0517 05:09:21.785933 6968 raft_consensus.cc:571] T TestTablet P e374da7f04e145b9be0ebc24cf7b1764 [term 1 LEADER]: Becoming Leader. State: Replica: e374da7f04e145b9be0ebc24cf7b1764, State: Running, Role: LEADER
I0517 05:09:21.786358 6968 consensus_queue.cc:204] T TestTablet P e374da7f04e145b9be0ebc24cf7b1764 [LEADER]: Queue going to LEADER mode. State: All replicated index: 0, Majority replicated index: 0, Committed index: 0, Last appended: 0.0, Last appended by leader: 0, Current term: 1, Majority size: 1, State: 0, Mode: LEADER, active raft config: opid_index: -1 peers { permanent_uuid: "e374da7f04e145b9be0ebc24cf7b1764" member_type: VOTER last_known_addr { host: "127.0.0.1" port: 50681 } }
I0517 05:09:21.786865 6966 ts_tablet_manager.cc:1073] T TestTablet P e374da7f04e145b9be0ebc24cf7b1764: Time spent starting tablet: real 0.010s user 0.008s sys 0.000s
W0517 05:09:21.786834 6904 reactor.cc:633] Failed to create an outbound connection to 255.255.255.255:1 because connect() failed: Network error: connect(2) error: Network is unreachable (error 101)
W0517 05:09:21.787310 6964 heartbeater.cc:587] Failed to heartbeat to 255.255.255.255:1: Network error: Failed to ping master at 255.255.255.255:1: connect(2) error: Network is unreachable (error 101)
W0517 05:09:21.787833 6904 reactor.cc:633] Failed to create an outbound connection to 255.255.255.255:1 because connect() failed: Network error: connect(2) error: Network is unreachable (error 101)
W0517 05:09:21.788247 6964 heartbeater.cc:587] Failed to heartbeat to 255.255.255.255:1: Network error: Failed to ping master at 255.255.255.255:1: connect(2) error: Network is unreachable (error 101)
I0517 05:09:21.795258 211 tablet_server.cc:144] TabletServer shutting down...
I0517 05:09:21.806615 211 ts_tablet_manager.cc:1118] Shutting down tablet manager...
I0517 05:09:21.806941 211 tablet_replica.cc:261] T TestTablet P e374da7f04e145b9be0ebc24cf7b1764: stopping tablet replica
I0517 05:09:21.807179 211 maintenance_manager.cc:237] P e374da7f04e145b9be0ebc24cf7b1764: Unregistered op CompactRowSetsOp(TestTablet)
I0517 05:09:21.807335 211 maintenance_manager.cc:237] P e374da7f04e145b9be0ebc24cf7b1764: Unregistered op MinorDeltaCompactionOp(TestTablet)
I0517 05:09:21.807479 211 maintenance_manager.cc:237] P e374da7f04e145b9be0ebc24cf7b1764: Unregistered op MajorDeltaCompactionOp(TestTablet)
I0517 05:09:21.807580 211 maintenance_manager.cc:237] P e374da7f04e145b9be0ebc24cf7b1764: Unregistered op UndoDeltaBlockGCOp(TestTablet)
I0517 05:09:21.807703 211 maintenance_manager.cc:237] P e374da7f04e145b9be0ebc24cf7b1764: Unregistered op FlushMRSOp(TestTablet)
I0517 05:09:21.807821 211 maintenance_manager.cc:237] P e374da7f04e145b9be0ebc24cf7b1764: Unregistered op FlushDeltaMemStoresOp(TestTablet)
I0517 05:09:21.807909 211 maintenance_manager.cc:237] P e374da7f04e145b9be0ebc24cf7b1764: Unregistered op LogGCOp(TestTablet)
I0517 05:09:21.808013 211 raft_consensus.cc:2016] T TestTablet P e374da7f04e145b9be0ebc24cf7b1764 [term 1 LEADER]: Raft consensus shutting down.
I0517 05:09:21.808243 211 raft_consensus.cc:2043] T TestTablet P e374da7f04e145b9be0ebc24cf7b1764 [term 1 FOLLOWER]: Raft consensus is shut down!
I0517 05:09:21.824079 211 tablet_server.cc:157] TabletServer shutdown complete.
I0517 05:09:21.824226 211 tablet_server.cc:144] TabletServer shutting down...
I0517 05:09:21.824510 211 tablet_server.cc:157] TabletServer shutdown complete.
I0517 05:09:21.835685 211 system_ntp.cc:143] NTP initialized. Skew: 500ppm Current error: 1060861us
I0517 05:09:21.836068 211 fs_manager.cc:260] Metadata directory not provided
I0517 05:09:21.836179 211 fs_manager.cc:263] Using existing metadata directory in first data directory
I0517 05:09:21.838268 211 fs_manager.cc:397] Time spent opening directory manager: real 0.001s user 0.004s sys 0.000s
I0517 05:09:21.839149 211 file_cache.cc:470] Constructed file cache lbm with capacity 26214
I0517 05:09:21.845211 211 fs_manager.cc:417] Time spent opening block manager: real 0.001s user 0.004s sys 0.000s
I0517 05:09:21.845356 211 fs_manager.cc:428] Opened local filesystem: /tmp/dist-test-taskWs1ZT3/test-tmp/tablet_server-test.0.TabletServerTest.TestDataDirGroupsCreated.1526533719119959-211/TabletServerTest-fsroot uuid: "e374da7f04e145b9be0ebc24cf7b1764" format_stamp: "Formatted at 2018-05-17 05:09:21 on dist-test-slave-dist-test-slave-djmg"
I0517 05:09:21.845589 211 fs_report.cc:347] Block manager report -------------------- 1 data directories: /tmp/dist-test-taskWs1ZT3/test-tmp/tablet_server-test.0.TabletServerTest.TestDataDirGroupsCreated.1526533719119959-211/TabletServerTest-fsroot/data Total live blocks: 0 Total live bytes: 0 Total live bytes (after alignment): 0 Total number of LBM containers: 0 (0 full) Did not check for missing blocks Did not check for orphaned blocks Total full LBM containers with extra space: 0 (0 repaired) Total full LBM container extra space in bytes: 0 (0 repaired) Total incomplete LBM containers: 0 (0 repaired) Total LBM partial records: 0 (0 repaired)
I0517 05:09:21.875900 211 ts_tablet_manager.cc:344] Loading tablet metadata (0/1 complete)
I0517 05:09:21.876039 211 ts_tablet_manager.cc:1005] T TestTablet P e374da7f04e145b9be0ebc24cf7b1764: Loading tablet metadata
I0517 05:09:21.880076 211 ts_tablet_manager.cc:356] Loaded tablet metadata (1 live tablets)
I0517 05:09:21.883528 211 ts_tablet_manager.cc:1173] T TestTablet P e374da7f04e145b9be0ebc24cf7b1764: Registered tablet (data state: TABLET_DATA_READY)
I0517 05:09:21.884474 6982 ts_tablet_manager.cc:1028] T TestTablet P e374da7f04e145b9be0ebc24cf7b1764: Bootstrapping tablet
I0517 05:09:21.884790 6982 tablet_bootstrap.cc:436] T TestTablet P e374da7f04e145b9be0ebc24cf7b1764: Bootstrap starting.
I0517 05:09:21.891536 6982 tablet_bootstrap.cc:436] T TestTablet P e374da7f04e145b9be0ebc24cf7b1764: Bootstrap replayed 1/1 log segments. Stats: ops{read=1 overwritten=0 applied=1 ignored=0} inserts{seen=0 ignored=0} mutations{seen=0 ignored=0} orphaned_commits=0. Pending: 0 replicates
I0517 05:09:21.892246 6982 tablet_bootstrap.cc:436] T TestTablet P e374da7f04e145b9be0ebc24cf7b1764: Bootstrap complete.
I0517 05:09:21.892626 6982 ts_tablet_manager.cc:1045] T TestTablet P e374da7f04e145b9be0ebc24cf7b1764: Time spent bootstrapping tablet: real 0.008s user 0.004s sys 0.000s
I0517 05:09:21.895927 6982 raft_consensus.cc:303] T TestTablet P e374da7f04e145b9be0ebc24cf7b1764 [term 1 FOLLOWER]: Replica starting. Triggering 0 pending transactions. Active config: opid_index: -1 peers { permanent_uuid: "e374da7f04e145b9be0ebc24cf7b1764" member_type: VOTER last_known_addr { host: "127.0.0.1" port: 50681 } }
I0517 05:09:21.896395 6982 raft_consensus.cc:604] T TestTablet P e374da7f04e145b9be0ebc24cf7b1764 [term 1 FOLLOWER]: Becoming Follower/Learner. State: Replica: e374da7f04e145b9be0ebc24cf7b1764, State: Initialized, Role: FOLLOWER
I0517 05:09:21.896878 6982 consensus_queue.cc:227] T TestTablet P e374da7f04e145b9be0ebc24cf7b1764 [NON_LEADER]: Queue going to NON_LEADER mode. State: All replicated index: 0, Majority replicated index: 0, Committed index: 1, Last appended: 1.1, Last appended by leader: 1, Current term: 0, Majority size: -1, State: 0, Mode: NON_LEADER, active raft config: opid_index: -1 peers { permanent_uuid: "e374da7f04e145b9be0ebc24cf7b1764" member_type: VOTER last_known_addr { host: "127.0.0.1" port: 50681 } }
I0517 05:09:21.897361 6982 raft_consensus.cc:343] T TestTablet P e374da7f04e145b9be0ebc24cf7b1764 [term 1 FOLLOWER]: Only one voter in the Raft config. Triggering election immediately
I0517 05:09:21.897547 6982 raft_consensus.cc:435] T TestTablet P e374da7f04e145b9be0ebc24cf7b1764 [term 1 FOLLOWER]: Starting leader election (initial election of a single-replica configuration)
I0517 05:09:21.897735 6982 raft_consensus.cc:2704] T TestTablet P e374da7f04e145b9be0ebc24cf7b1764: Snoozing failure detection for 1.726s (starting election)
I0517 05:09:21.897931 6982 raft_consensus.cc:2756] T TestTablet P e374da7f04e145b9be0ebc24cf7b1764 [term 1 FOLLOWER]: Advancing to term 2
I0517 05:09:21.902823 6982 raft_consensus.cc:457] T TestTablet P e374da7f04e145b9be0ebc24cf7b1764 [term 2 FOLLOWER]: Starting leader election with config: opid_index: -1 peers { permanent_uuid: "e374da7f04e145b9be0ebc24cf7b1764" member_type: VOTER last_known_addr { host: "127.0.0.1" port: 50681 } }
I0517 05:09:21.903388 6982 leader_election.cc:270] T TestTablet P e374da7f04e145b9be0ebc24cf7b1764 [CANDIDATE]: Term 2 election: Election decided. Result: candidate won.
I0517 05:09:21.904537 6989 raft_consensus.cc:2704] T TestTablet P e374da7f04e145b9be0ebc24cf7b1764: Snoozing failure detection for 2.150s (election complete)
I0517 05:09:21.904886 6989 raft_consensus.cc:2511] T TestTablet P e374da7f04e145b9be0ebc24cf7b1764 [term 2 FOLLOWER]: Leader election won for term 2
I0517 05:09:21.906380 6989 raft_consensus.cc:571] T TestTablet P e374da7f04e145b9be0ebc24cf7b1764 [term 2 LEADER]: Becoming Leader. State: Replica: e374da7f04e145b9be0ebc24cf7b1764, State: Running, Role: LEADER
I0517 05:09:21.906672 6982 ts_tablet_manager.cc:1073] T TestTablet P e374da7f04e145b9be0ebc24cf7b1764: Time spent starting tablet: real 0.014s user 0.012s sys 0.000s
I0517 05:09:21.906965 6989 consensus_queue.cc:204] T TestTablet P e374da7f04e145b9be0ebc24cf7b1764 [LEADER]: Queue going to LEADER mode. State: All replicated index: 0, Majority replicated index: 1, Committed index: 1, Last appended: 1.1, Last appended by leader: 1, Current term: 2, Majority size: 1, State: 0, Mode: LEADER, active raft config: opid_index: -1 peers { permanent_uuid: "e374da7f04e145b9be0ebc24cf7b1764" member_type: VOTER last_known_addr { host: "127.0.0.1" port: 50681 } }
I0517 05:09:21.930142 211 rpc_server.cc:205] RPC server started. Bound to: 127.0.0.1:38785
I0517 05:09:21.931030 211 webserver.cc:173] Starting webserver on 127.0.0.1:0
I0517 05:09:21.931140 211 webserver.cc:184] Document root disabled
I0517 05:09:21.931984 211 webserver.cc:311] Webserver started. Bound to: http://127.0.0.1:54701/
W0517 05:09:21.933101 6976 reactor.cc:633] Failed to create an outbound connection to 255.255.255.255:1 because connect() failed: Network error: connect(2) error: Network is unreachable (error 101)
W0517 05:09:21.933511 7042 heartbeater.cc:587] Failed to heartbeat to 255.255.255.255:1: Network error: Failed to ping master at 255.255.255.255:1: connect(2) error: Network is unreachable (error 101)
W0517 05:09:21.933924 6976 reactor.cc:633] Failed to create an outbound connection to 255.255.255.255:1 because connect() failed: Network error: connect(2) error: Network is unreachable (error 101)
W0517 05:09:21.934257 7042 heartbeater.cc:587] Failed to heartbeat to 255.255.255.255:1: Network error: Failed to ping master at 255.255.255.255:1: connect(2) error: Network is unreachable (error 101)
I0517 05:09:21.934232 7043 maintenance_manager.cc:249] Maintenance manager is disabled. Stopping thread.
W0517 05:09:21.934710 6976 reactor.cc:633] Failed to create an outbound connection to 255.255.255.255:1 because connect() failed: Network error: connect(2) error: Network is unreachable (error 101)
I0517 05:09:21.934942 211 tablet_server.cc:144] TabletServer shutting down...
W0517 05:09:21.935003 7042 heartbeater.cc:587] Failed to heartbeat to 255.255.255.255:1: Network error: Failed to ping master at 255.255.255.255:1: connect(2) error: Network is unreachable (error 101)
W0517 05:09:21.935197 7042 heartbeater.cc:380] Failed 3 heartbeats in a row: no longer allowing fast heartbeat attempts.
I0517 05:09:21.955173 211 ts_tablet_manager.cc:1118] Shutting down tablet manager...
I0517 05:09:21.955468 211 tablet_replica.cc:261] T TestTablet P e374da7f04e145b9be0ebc24cf7b1764: stopping tablet replica
I0517 05:09:21.955669 211 maintenance_manager.cc:237] P e374da7f04e145b9be0ebc24cf7b1764: Unregistered op CompactRowSetsOp(TestTablet)
I0517 05:09:21.955801 211 maintenance_manager.cc:237] P e374da7f04e145b9be0ebc24cf7b1764: Unregistered op MinorDeltaCompactionOp(TestTablet)
I0517 05:09:21.955924 211 maintenance_manager.cc:237] P e374da7f04e145b9be0ebc24cf7b1764: Unregistered op MajorDeltaCompactionOp(TestTablet)
I0517 05:09:21.956048 211 maintenance_manager.cc:237] P e374da7f04e145b9be0ebc24cf7b1764: Unregistered op UndoDeltaBlockGCOp(TestTablet)
I0517 05:09:21.956210 211 maintenance_manager.cc:237] P e374da7f04e145b9be0ebc24cf7b1764: Unregistered op FlushMRSOp(TestTablet)
I0517 05:09:21.956329 211 maintenance_manager.cc:237] P e374da7f04e145b9be0ebc24cf7b1764: Unregistered op FlushDeltaMemStoresOp(TestTablet)
I0517 05:09:21.956459 211 maintenance_manager.cc:237] P e374da7f04e145b9be0ebc24cf7b1764: Unregistered op LogGCOp(TestTablet)
I0517 05:09:21.956602 211 raft_consensus.cc:2016] T TestTablet P e374da7f04e145b9be0ebc24cf7b1764 [term 2 LEADER]: Raft consensus shutting down.
I0517 05:09:21.956885 211 raft_consensus.cc:2043] T TestTablet P e374da7f04e145b9be0ebc24cf7b1764 [term 2 FOLLOWER]: Raft consensus is shut down!
I0517 05:09:21.972940 211 tablet_server.cc:157] TabletServer shutdown complete.
I0517 05:09:21.973073 211 tablet_server.cc:144] TabletServer shutting down...
I0517 05:09:21.973287 211 tablet_server.cc:157] TabletServer shutdown complete. [ OK ] TabletServerTest.TestDataDirGroupsCreated (333 ms) [ RUN ] TabletServerTest.TestNoMetricsForTombstonedTablet
I0517 05:09:21.993549 211 system_ntp.cc:143] NTP initialized. Skew: 500ppm Current error: 1060861us
I0517 05:09:21.993878 211 fs_manager.cc:260] Metadata directory not provided
I0517 05:09:21.994004 211 fs_manager.cc:266] Using write-ahead log directory (fs_wal_dir) as metadata directory
I0517 05:09:21.994141 211 server_base.cc:432] Could not load existing FS layout: Not found: /tmp/dist-test-taskWs1ZT3/test-tmp/tablet_server-test.0.TabletServerTest.TestNoMetricsForTombstonedTablet.1526533719119959-211/TabletServerTest-fsroot/instance: No such file or directory (error 2)
I0517 05:09:21.994236 211 server_base.cc:433] Attempting to create new FS layout instead
I0517 05:09:21.999917 211 fs_manager.cc:595] Generated new instance metadata in path /tmp/dist-test-taskWs1ZT3/test-tmp/tablet_server-test.0.TabletServerTest.TestNoMetricsForTombstonedTablet.1526533719119959-211/TabletServerTest-fsroot/instance: uuid: "67dae4cb496549568dd8ccbf6eb258d7" format_stamp: "Formatted at 2018-05-17 05:09:21 on dist-test-slave-dist-test-slave-djmg"
I0517 05:09:22.007580 211 fs_manager.cc:495] Time spent creating directory manager: real 0.007s user 0.004s sys 0.004s
I0517 05:09:22.008831 211 file_cache.cc:470] Constructed file cache lbm with capacity 26214
I0517 05:09:22.014971 211 fs_manager.cc:417] Time spent opening block manager: real 0.001s user 0.000s sys 0.000s
I0517 05:09:22.015110 211 fs_manager.cc:428] Opened local filesystem: /tmp/dist-test-taskWs1ZT3/test-tmp/tablet_server-test.0.TabletServerTest.TestNoMetricsForTombstonedTablet.1526533719119959-211/TabletServerTest-fsroot uuid: "67dae4cb496549568dd8ccbf6eb258d7" format_stamp: "Formatted at 2018-05-17 05:09:21 on dist-test-slave-dist-test-slave-djmg"
I0517 05:09:22.015319 211 fs_report.cc:347] Block manager report -------------------- 1 data directories: /tmp/dist-test-taskWs1ZT3/test-tmp/tablet_server-test.0.TabletServerTest.TestNoMetricsForTombstonedTablet.1526533719119959-211/TabletServerTest-fsroot/data Total live blocks: 0 Total live bytes: 0 Total live bytes (after alignment): 0 Total number of LBM containers: 0 (0 full) Did not check for missing blocks Did not check for orphaned blocks Total full LBM containers with extra space: 0 (0 repaired) Total full LBM container extra space in bytes: 0 (0 repaired) Total incomplete LBM containers: 0 (0 repaired) Total LBM partial records: 0 (0 repaired)
I0517 05:09:22.058779 211 ts_tablet_manager.cc:356] Loaded tablet metadata (0 live tablets)
I0517 05:09:22.084952 211 rpc_server.cc:205] RPC server started. Bound to: 127.0.0.1:52604
I0517 05:09:22.085739 211 webserver.cc:173] Starting webserver on 127.0.0.1:0
I0517 05:09:22.085844 211 webserver.cc:184] Document root disabled
I0517 05:09:22.086665 211 webserver.cc:311] Webserver started. Bound to: http://127.0.0.1:50744/
W0517 05:09:22.087712 7052 reactor.cc:633] Failed to create an outbound connection to 255.255.255.255:1 because connect() failed: Network error: connect(2) error: Network is unreachable (error 101)
I0517 05:09:22.087944 7113 maintenance_manager.cc:249] Maintenance manager is disabled. Stopping thread.
W0517 05:09:22.088083 7112 heartbeater.cc:587] Failed to heartbeat to 255.255.255.255:1: Network error: Failed to ping master at 255.255.255.255:1: connect(2) error: Network is unreachable (error 101)
W0517 05:09:22.088521 7052 reactor.cc:633] Failed to create an outbound connection to 255.255.255.255:1 because connect() failed: Network error: connect(2) error: Network is unreachable (error 101)
I0517 05:09:22.088526 211 data_dirs.cc:934] Could only allocate 1 dirs of requested 3 for tablet TestTablet. 1 dirs total, 0 dirs full, 0 dirs failed
W0517 05:09:22.088860 7112 heartbeater.cc:587] Failed to heartbeat to 255.255.255.255:1: Network error: Failed to ping master at 255.255.255.255:1: connect(2) error: Network is unreachable (error 101)
W0517 05:09:22.089251 7052 reactor.cc:633] Failed to create an outbound connection to 255.255.255.255:1 because connect() failed: Network error: connect(2) error: Network is unreachable (error 101)
W0517 05:09:22.089560 7112 heartbeater.cc:587] Failed to heartbeat to 255.255.255.255:1: Network error: Failed to ping master at 255.255.255.255:1: connect(2) error: Network is unreachable (error 101)
W0517 05:09:22.089720 7112 heartbeater.cc:380] Failed 3 heartbeats in a row: no longer allowing fast heartbeat attempts.
I0517 05:09:22.095584 211 ts_tablet_manager.cc:1173] T TestTablet P 67dae4cb496549568dd8ccbf6eb258d7: Registered tablet (data state: TABLET_DATA_READY)
I0517 05:09:22.096505 7114 ts_tablet_manager.cc:1028] T TestTablet P 67dae4cb496549568dd8ccbf6eb258d7: Bootstrapping tablet
I0517 05:09:22.096801 7114 tablet_bootstrap.cc:436] T TestTablet P 67dae4cb496549568dd8ccbf6eb258d7: Bootstrap starting.
I0517 05:09:22.098520 7114 tablet_bootstrap.cc:587] T TestTablet P 67dae4cb496549568dd8ccbf6eb258d7: No blocks or log segments found. Creating new log.
I0517 05:09:22.100836 7114 tablet_bootstrap.cc:436] T TestTablet P 67dae4cb496549568dd8ccbf6eb258d7: No bootstrap required, opened a new log
I0517 05:09:22.101083 7114 ts_tablet_manager.cc:1045] T TestTablet P 67dae4cb496549568dd8ccbf6eb258d7: Time spent bootstrapping tablet: real 0.004s user 0.004s sys 0.000s
I0517 05:09:22.102123 7114 raft_consensus.cc:303] T TestTablet P 67dae4cb496549568dd8ccbf6eb258d7 [term 0 FOLLOWER]: Replica starting. Triggering 0 pending transactions. Active config: opid_index: -1 peers { permanent_uuid: "67dae4cb496549568dd8ccbf6eb258d7" member_type: VOTER last_known_addr { host: "127.0.0.1" port: 52604 } }
I0517 05:09:22.102438 7114 raft_consensus.cc:329] T TestTablet P 67dae4cb496549568dd8ccbf6eb258d7 [term 0 FOLLOWER]: Consensus starting up: Expiring failure detector timer to make a prompt election more likely
I0517 05:09:22.102579 7114 raft_consensus.cc:604] T TestTablet P 67dae4cb496549568dd8ccbf6eb258d7 [term 0 FOLLOWER]: Becoming Follower/Learner. State: Replica: 67dae4cb496549568dd8ccbf6eb258d7, State: Initialized, Role: FOLLOWER
I0517 05:09:22.102926 7114 consensus_queue.cc:227] T TestTablet P 67dae4cb496549568dd8ccbf6eb258d7 [NON_LEADER]: Queue going to NON_LEADER mode. State: All replicated index: 0, Majority replicated index: 0, Committed index: 0, Last appended: 0.0, Last appended by leader: 0, Current term: 0, Majority size: -1, State: 0, Mode: NON_LEADER, active raft config: opid_index: -1 peers { permanent_uuid: "67dae4cb496549568dd8ccbf6eb258d7" member_type: VOTER last_known_addr { host: "127.0.0.1" port: 52604 } }
I0517 05:09:22.103261 7114 raft_consensus.cc:343] T TestTablet P 67dae4cb496549568dd8ccbf6eb258d7 [term 0 FOLLOWER]: Only one voter in the Raft config. Triggering election immediately
I0517 05:09:22.103401 7114 raft_consensus.cc:435] T TestTablet P 67dae4cb496549568dd8ccbf6eb258d7 [term 0 FOLLOWER]: Starting leader election (initial election of a single-replica configuration)
I0517 05:09:22.103544 7114 raft_consensus.cc:2704] T TestTablet P 67dae4cb496549568dd8ccbf6eb258d7: Snoozing failure detection for 1.887s (starting election)
I0517 05:09:22.103696 7114 raft_consensus.cc:2756] T TestTablet P 67dae4cb496549568dd8ccbf6eb258d7 [term 0 FOLLOWER]: Advancing to term 1
I0517 05:09:22.107530 7114 raft_consensus.cc:457] T TestTablet P 67dae4cb496549568dd8ccbf6eb258d7 [term 1 FOLLOWER]: Starting leader election with config: opid_index: -1 peers { permanent_uuid: "67dae4cb496549568dd8ccbf6eb258d7" member_type: VOTER last_known_addr { host: "127.0.0.1" port: 52604 } }
I0517 05:09:22.107928 7114 leader_election.cc:270] T TestTablet P 67dae4cb496549568dd8ccbf6eb258d7 [CANDIDATE]: Term 1 election: Election decided. Result: candidate won.
I0517 05:09:22.108949 7116 raft_consensus.cc:2704] T TestTablet P 67dae4cb496549568dd8ccbf6eb258d7: Snoozing failure detection for 1.563s (election complete)
I0517 05:09:22.109148 7116 raft_consensus.cc:2511] T TestTablet P 67dae4cb496549568dd8ccbf6eb258d7 [term 1 FOLLOWER]: Leader election won for term 1
W0517 05:09:22.110025 7052 reactor.cc:633] Failed to create an outbound connection to 255.255.255.255:1 because connect() failed: Network error: connect(2) error: Network is unreachable (error 101)
I0517 05:09:22.110085 7114 ts_tablet_manager.cc:1073] T TestTablet P 67dae4cb496549568dd8ccbf6eb258d7: Time spent starting tablet: real 0.009s user 0.004s sys 0.004s
W0517 05:09:22.110451 7112 heartbeater.cc:587] Failed to heartbeat to 255.255.255.255:1: Network error: Failed to ping master at 255.255.255.255:1: connect(2) error: Network is unreachable (error 101)
W0517 05:09:22.110867 7052 reactor.cc:633] Failed to create an outbound connection to 255.255.255.255:1 because connect() failed: Network error: connect(2) error: Network is unreachable (error 101)
I0517 05:09:22.111168 7116 raft_consensus.cc:571] T TestTablet P 67dae4cb496549568dd8ccbf6eb258d7 [term 1 LEADER]: Becoming Leader. State: Replica: 67dae4cb496549568dd8ccbf6eb258d7, State: Running, Role: LEADER
W0517 05:09:22.111263 7112 heartbeater.cc:587] Failed to heartbeat to 255.255.255.255:1: Network error: Failed to ping master at 255.255.255.255:1: connect(2) error: Network is unreachable (error 101)
I0517 05:09:22.111538 7116 consensus_queue.cc:204] T TestTablet P 67dae4cb496549568dd8ccbf6eb258d7 [LEADER]: Queue going to LEADER mode. State: All replicated index: 0, Majority replicated index: 0, Committed index: 0, Last appended: 0.0, Last appended by leader: 0, Current term: 1, Majority size: 1, State: 0, Mode: LEADER, active raft config: opid_index: -1 peers { permanent_uuid: "67dae4cb496549568dd8ccbf6eb258d7" member_type: VOTER last_known_addr { host: "127.0.0.1" port: 52604 } }
I0517 05:09:22.128206 7079 tablet_service.cc:800] Processing DeleteTablet for tablet TestTablet with delete_type TABLET_DATA_TOMBSTONED from {username='slave'} at 127.0.0.1:46996
I0517 05:09:22.129312 7124 tablet_replica.cc:261] T TestTablet P 67dae4cb496549568dd8ccbf6eb258d7: stopping tablet replica
I0517 05:09:22.129524 7124 maintenance_manager.cc:237] P 67dae4cb496549568dd8ccbf6eb258d7: Unregistered op CompactRowSetsOp(TestTablet)
I0517 05:09:22.129686 7124 maintenance_manager.cc:237] P 67dae4cb496549568dd8ccbf6eb258d7: Unregistered op MinorDeltaCompactionOp(TestTablet)
I0517 05:09:22.129823 7124 maintenance_manager.cc:237] P 67dae4cb496549568dd8ccbf6eb258d7: Unregistered op MajorDeltaCompactionOp(TestTablet)
I0517 05:09:22.129942 7124 maintenance_manager.cc:237] P 67dae4cb496549568dd8ccbf6eb258d7: Unregistered op UndoDeltaBlockGCOp(TestTablet)
I0517 05:09:22.130091 7124 maintenance_manager.cc:237] P 67dae4cb496549568dd8ccbf6eb258d7: Unregistered op FlushMRSOp(TestTablet)
I0517 05:09:22.130224 7124 maintenance_manager.cc:237] P 67dae4cb496549568dd8ccbf6eb258d7: Unregistered op FlushDeltaMemStoresOp(TestTablet)
I0517 05:09:22.130357 7124 maintenance_manager.cc:237] P 67dae4cb496549568dd8ccbf6eb258d7: Unregistered op LogGCOp(TestTablet)
I0517 05:09:22.130511 7124 raft_consensus.cc:2016] T TestTablet P 67dae4cb496549568dd8ccbf6eb258d7 [term 1 LEADER]: Raft consensus shutting down.
I0517 05:09:22.130753 7124 raft_consensus.cc:2043] T TestTablet P 67dae4cb496549568dd8ccbf6eb258d7 [term 1 FOLLOWER]: Raft consensus is shut down!
I0517 05:09:22.132450 7124 ts_tablet_manager.cc:1369] T TestTablet P 67dae4cb496549568dd8ccbf6eb258d7: Deleting tablet data with delete state TABLET_DATA_TOMBSTONED
I0517 05:09:22.139901 7124 ts_tablet_manager.cc:1382] T TestTablet P 67dae4cb496549568dd8ccbf6eb258d7: tablet deleted with delete type TABLET_DATA_TOMBSTONED: last-logged OpId 1.2
I0517 05:09:22.140107 7124 log.cc:981] T TestTablet P 67dae4cb496549568dd8ccbf6eb258d7: Deleting WAL directory at /tmp/dist-test-taskWs1ZT3/test-tmp/tablet_server-test.0.TabletServerTest.TestNoMetricsForTombstonedTablet.1526533719119959-211/TabletServerTest-fsroot/wals/TestTablet
I0517 05:09:22.246605 211 tablet_server.cc:144] TabletServer shutting down...
I0517 05:09:22.257737 211 ts_tablet_manager.cc:1118] Shutting down tablet manager...
I0517 05:09:22.273521 211 tablet_server.cc:157] TabletServer shutdown complete.
I0517 05:09:22.273671 211 tablet_server.cc:144] TabletServer shutting down...
I0517 05:09:22.273922 211 tablet_server.cc:157] TabletServer shutdown complete. [ OK ] TabletServerTest.TestNoMetricsForTombstonedTablet (300 ms) [ RUN ] TabletServerTest.TestKeysInRowsetMetadataPreventStartupSeeks
I0517 05:09:22.292924 211 system_ntp.cc:143] NTP initialized. Skew: 500ppm Current error: 1061361us
I0517 05:09:22.293237 211 fs_manager.cc:260] Metadata directory not provided
I0517 05:09:22.293354 211 fs_manager.cc:266] Using write-ahead log directory (fs_wal_dir) as metadata directory
I0517 05:09:22.293509 211 server_base.cc:432] Could not load existing FS layout: Not found: /tmp/dist-test-taskWs1ZT3/test-tmp/tablet_server-test.0.TabletServerTest.TestKeysInRowsetMetadataPreventStartupSeeks.1526533719119959-211/TabletServerTest-fsroot/instance: No such file or directory (error 2)
I0517 05:09:22.293609 211 server_base.cc:433] Attempting to create new FS layout instead
I0517 05:09:22.299336 211 fs_manager.cc:595] Generated new instance metadata in path /tmp/dist-test-taskWs1ZT3/test-tmp/tablet_server-test.0.TabletServerTest.TestKeysInRowsetMetadataPreventStartupSeeks.1526533719119959-211/TabletServerTest-fsroot/instance: uuid: "97e4b6be765d4e27a72113f62aafbef7" format_stamp: "Formatted at 2018-05-17 05:09:22 on dist-test-slave-dist-test-slave-djmg"
I0517 05:09:22.307060 211 fs_manager.cc:495] Time spent creating directory manager: real 0.007s user 0.008s sys 0.004s
I0517 05:09:22.308245 211 file_cache.cc:470] Constructed file cache lbm with capacity 26214
I0517 05:09:22.314389 211 fs_manager.cc:417] Time spent opening block manager: real 0.001s user 0.000s sys 0.000s
I0517 05:09:22.314537 211 fs_manager.cc:428] Opened local filesystem: /tmp/dist-test-taskWs1ZT3/test-tmp/tablet_server-test.0.TabletServerTest.TestKeysInRowsetMetadataPreventStartupSeeks.1526533719119959-211/TabletServerTest-fsroot uuid: "97e4b6be765d4e27a72113f62aafbef7" format_stamp: "Formatted at 2018-05-17 05:09:22 on dist-test-slave-dist-test-slave-djmg"
I0517 05:09:22.314749 211 fs_report.cc:347] Block manager report -------------------- 1 data directories: /tmp/dist-test-taskWs1ZT3/test-tmp/tablet_server-test.0.TabletServerTest.TestKeysInRowsetMetadataPreventStartupSeeks.1526533719119959-211/TabletServerTest-fsroot/data Total live blocks: 0 Total live bytes: 0 Total live bytes (after alignment): 0 Total number of LBM containers: 0 (0 full) Did not check for missing blocks Did not check for orphaned blocks Total full LBM containers with extra space: 0 (0 repaired) Total full LBM container extra space in bytes: 0 (0 repaired) Total incomplete LBM containers: 0 (0 repaired) Total LBM partial records: 0 (0 repaired)
I0517 05:09:22.339139 211 ts_tablet_manager.cc:356] Loaded tablet metadata (0 live tablets)
I0517 05:09:22.365227 211 rpc_server.cc:205] RPC server started. Bound to: 127.0.0.1:55000
I0517 05:09:22.366036 211 webserver.cc:173] Starting webserver on 127.0.0.1:0
I0517 05:09:22.366156 211 webserver.cc:184] Document root disabled
I0517 05:09:22.366974 211 webserver.cc:311] Webserver started. Bound to: http://127.0.0.1:46838/
W0517 05:09:22.368011 7134 reactor.cc:633] Failed to create an outbound connection to 255.255.255.255:1 because connect() failed: Network error: connect(2) error: Network is unreachable (error 101)
I0517 05:09:22.368239 7195 maintenance_manager.cc:249] Maintenance manager is disabled. Stopping thread.
W0517 05:09:22.368362 7194 heartbeater.cc:587] Failed to heartbeat to 255.255.255.255:1: Network error: Failed to ping master at 255.255.255.255:1: connect(2) error: Network is unreachable (error 101)
W0517 05:09:22.368821 7134 reactor.cc:633] Failed to create an outbound connection to 255.255.255.255:1 because connect() failed: Network error: connect(2) error: Network is unreachable (error 101)
I0517 05:09:22.368834 211 data_dirs.cc:934] Could only allocate 1 dirs of requested 3 for tablet TestTablet. 1 dirs total, 0 dirs full, 0 dirs failed
W0517 05:09:22.369149 7194 heartbeater.cc:587] Failed to heartbeat to 255.255.255.255:1: Network error: Failed to ping master at 255.255.255.255:1: connect(2) error: Network is unreachable (error 101)
W0517 05:09:22.369498 7134 reactor.cc:633] Failed to create an outbound connection to 255.255.255.255:1 because connect() failed: Network error: connect(2) error: Network is unreachable (error 101)
W0517 05:09:22.369784 7194 heartbeater.cc:587] Failed to heartbeat to 255.255.255.255:1: Network error: Failed to ping master at 255.255.255.255:1: connect(2) error: Network is unreachable (error 101)
W0517 05:09:22.369909 7194 heartbeater.cc:380] Failed 3 heartbeats in a row: no longer allowing fast heartbeat attempts.
I0517 05:09:22.375726 211 ts_tablet_manager.cc:1173] T TestTablet P 97e4b6be765d4e27a72113f62aafbef7: Registered tablet (data state: TABLET_DATA_READY)
I0517 05:09:22.376756 7196 ts_tablet_manager.cc:1028] T TestTablet P 97e4b6be765d4e27a72113f62aafbef7: Bootstrapping tablet
I0517 05:09:22.377033 7196 tablet_bootstrap.cc:436] T TestTablet P 97e4b6be765d4e27a72113f62aafbef7: Bootstrap starting.
I0517 05:09:22.378708 7196 tablet_bootstrap.cc:587] T TestTablet P 97e4b6be765d4e27a72113f62aafbef7: No blocks or log segments found. Creating new log.
I0517 05:09:22.380900 7196 tablet_bootstrap.cc:436] T TestTablet P 97e4b6be765d4e27a72113f62aafbef7: No bootstrap required, opened a new log
I0517 05:09:22.381145 7196 ts_tablet_manager.cc:1045] T TestTablet P 97e4b6be765d4e27a72113f62aafbef7: Time spent bootstrapping tablet: real 0.004s user 0.004s sys 0.000s
I0517 05:09:22.381996 7196 raft_consensus.cc:303] T TestTablet P 97e4b6be765d4e27a72113f62aafbef7 [term 0 FOLLOWER]: Replica starting. Triggering 0 pending transactions. Active config: opid_index: -1 peers { permanent_uuid: "97e4b6be765d4e27a72113f62aafbef7" member_type: VOTER last_known_addr { host: "127.0.0.1" port: 55000 } }
I0517 05:09:22.382305 7196 raft_consensus.cc:329] T TestTablet P 97e4b6be765d4e27a72113f62aafbef7 [term 0 FOLLOWER]: Consensus starting up: Expiring failure detector timer to make a prompt election more likely
I0517 05:09:22.382424 7196 raft_consensus.cc:604] T TestTablet P 97e4b6be765d4e27a72113f62aafbef7 [term 0 FOLLOWER]: Becoming Follower/Learner. State: Replica: 97e4b6be765d4e27a72113f62aafbef7, State: Initialized, Role: FOLLOWER
I0517 05:09:22.382730 7196 consensus_queue.cc:227] T TestTablet P 97e4b6be765d4e27a72113f62aafbef7 [NON_LEADER]: Queue going to NON_LEADER mode. State: All replicated index: 0, Majority replicated index: 0, Committed index: 0, Last appended: 0.0, Last appended by leader: 0, Current term: 0, Majority size: -1, State: 0, Mode: NON_LEADER, active raft config: opid_index: -1 peers { permanent_uuid: "97e4b6be765d4e27a72113f62aafbef7" member_type: VOTER last_known_addr { host: "127.0.0.1" port: 55000 } }
I0517 05:09:22.383041 7196 raft_consensus.cc:343] T TestTablet P 97e4b6be765d4e27a72113f62aafbef7 [term 0 FOLLOWER]: Only one voter in the Raft config. Triggering election immediately
I0517 05:09:22.383170 7196 raft_consensus.cc:435] T TestTablet P 97e4b6be765d4e27a72113f62aafbef7 [term 0 FOLLOWER]: Starting leader election (initial election of a single-replica configuration)
I0517 05:09:22.383301 7196 raft_consensus.cc:2704] T TestTablet P 97e4b6be765d4e27a72113f62aafbef7: Snoozing failure detection for 2.012s (starting election)
I0517 05:09:22.383430 7196 raft_consensus.cc:2756] T TestTablet P 97e4b6be765d4e27a72113f62aafbef7 [term 0 FOLLOWER]: Advancing to term 1
I0517 05:09:22.387018 7196 raft_consensus.cc:457] T TestTablet P 97e4b6be765d4e27a72113f62aafbef7 [term 1 FOLLOWER]: Starting leader election with config: opid_index: -1 peers { permanent_uuid: "97e4b6be765d4e27a72113f62aafbef7" member_type: VOTER last_known_addr { host: "127.0.0.1" port: 55000 } }
I0517 05:09:22.387405 7196 leader_election.cc:270] T TestTablet P 97e4b6be765d4e27a72113f62aafbef7 [CANDIDATE]: Term 1 election: Election decided. Result: candidate won.
I0517 05:09:22.388394 7198 raft_consensus.cc:2704] T TestTablet P 97e4b6be765d4e27a72113f62aafbef7: Snoozing failure detection for 2.123s (election complete)
I0517 05:09:22.388603 7198 raft_consensus.cc:2511] T TestTablet P 97e4b6be765d4e27a72113f62aafbef7 [term 1 FOLLOWER]: Leader election won for term 1
W0517 05:09:22.389952 7134 reactor.cc:633] Failed to create an outbound connection to 255.255.255.255:1 because connect() failed: Network error: connect(2) error: Network is unreachable (error 101)
I0517 05:09:22.389991 7196 ts_tablet_manager.cc:1073] T TestTablet P 97e4b6be765d4e27a72113f62aafbef7: Time spent starting tablet: real 0.009s user 0.008s sys 0.000s
I0517 05:09:22.390089 7198 raft_consensus.cc:571] T TestTablet P 97e4b6be765d4e27a72113f62aafbef7 [term 1 LEADER]: Becoming Leader. State: Replica: 97e4b6be765d4e27a72113f62aafbef7, State: Running, Role: LEADER
W0517 05:09:22.390384 7194 heartbeater.cc:587] Failed to heartbeat to 255.255.255.255:1: Network error: Failed to ping master at 255.255.255.255:1: connect(2) error: Network is unreachable (error 101)
I0517 05:09:22.390486 7198 consensus_queue.cc:204] T TestTablet P 97e4b6be765d4e27a72113f62aafbef7 [LEADER]: Queue going to LEADER mode. State: All replicated index: 0, Majority replicated index: 0, Committed index: 0, Last appended: 0.0, Last appended by leader: 0, Current term: 1, Majority size: 1, State: 0, Mode: LEADER, active raft config: opid_index: -1 peers { permanent_uuid: "97e4b6be765d4e27a72113f62aafbef7" member_type: VOTER last_known_addr { host: "127.0.0.1" port: 55000 } }
W0517 05:09:22.390763 7134 reactor.cc:633] Failed to create an outbound connection to 255.255.255.255:1 because connect() failed: Network error: connect(2) error: Network is unreachable (error 101)
W0517 05:09:22.391041 7194 heartbeater.cc:587] Failed to heartbeat to 255.255.255.255:1: Network error: Failed to ping master at 255.255.255.255:1: connect(2) error: Network is unreachable (error 101)
I0517 05:09:22.433428 211 tablet.cc:1152] T TestTablet P 97e4b6be765d4e27a72113f62aafbef7: Flush: entering stage 1 (old memrowset already frozen for inserts)
I0517 05:09:22.433586 211 compaction.cc:913] Selected 1 rowsets to compact:
I0517 05:09:22.433674 211 compaction.cc:916] memrowset(current size on disk: ~0 bytes)
I0517 05:09:22.433755 211 tablet.cc:1154] T TestTablet P 97e4b6be765d4e27a72113f62aafbef7: Memstore in-memory size: 15703 bytes
I0517 05:09:22.433861 211 tablet.cc:1443] T TestTablet P 97e4b6be765d4e27a72113f62aafbef7: Flush: entering phase 1 (flushing snapshot). Phase 1 snapshot: MvccSnapshot[committed={T|T < 6252682290925105152 or (T in {6252682290925105152})}]
I0517 05:09:22.437297 211 multi_column_writer.cc:98] Opened CFile writers for 3 column(s)
I0517 05:09:22.454107 211 tablet.cc:1528] T TestTablet P 97e4b6be765d4e27a72113f62aafbef7: Flush: entering phase 2 (starting to duplicate updates in new rowsets)
I0517 05:09:22.454393 211 tablet.cc:1583] T TestTablet P 97e4b6be765d4e27a72113f62aafbef7: Flush Phase 2: carrying over any updates which arrived during Phase 1
I0517 05:09:22.454495 211 tablet.cc:1585] T TestTablet P 97e4b6be765d4e27a72113f62aafbef7: Phase 2 snapshot: MvccSnapshot[committed={T|T < 6252682290925105152 or (T in {6252682290925105152})}]
I0517 05:09:22.464574 211 tablet.cc:1633] T TestTablet P 97e4b6be765d4e27a72113f62aafbef7: Flush successful on 100 rows (5748 bytes)
I0517 05:09:22.465400 211 tablet_server.cc:144] TabletServer shutting down...
I0517 05:09:22.478884 211 ts_tablet_manager.cc:1118] Shutting down tablet manager...
I0517 05:09:22.479198 211 tablet_replica.cc:261] T TestTablet P 97e4b6be765d4e27a72113f62aafbef7: stopping tablet replica
I0517 05:09:22.479435 211 maintenance_manager.cc:237] P 97e4b6be765d4e27a72113f62aafbef7: Unregistered op CompactRowSetsOp(TestTablet)
I0517 05:09:22.479605 211 maintenance_manager.cc:237] P 97e4b6be765d4e27a72113f62aafbef7: Unregistered op MinorDeltaCompactionOp(TestTablet)
I0517 05:09:22.479749 211 maintenance_manager.cc:237] P 97e4b6be765d4e27a72113f62aafbef7: Unregistered op MajorDeltaCompactionOp(TestTablet)
I0517 05:09:22.479854 211 maintenance_manager.cc:237] P 97e4b6be765d4e27a72113f62aafbef7: Unregistered op UndoDeltaBlockGCOp(TestTablet)
I0517 05:09:22.479974 211 maintenance_manager.cc:237] P 97e4b6be765d4e27a72113f62aafbef7: Unregistered op FlushMRSOp(TestTablet)
I0517 05:09:22.480072 211 maintenance_manager.cc:237] P 97e4b6be765d4e27a72113f62aafbef7: Unregistered op FlushDeltaMemStoresOp(TestTablet)
I0517 05:09:22.480161 211 maintenance_manager.cc:237] P 97e4b6be765d4e27a72113f62aafbef7: Unregistered op LogGCOp(TestTablet)
I0517 05:09:22.480262 211 raft_consensus.cc:2016] T TestTablet P 97e4b6be765d4e27a72113f62aafbef7 [term 1 LEADER]: Raft consensus shutting down.
I0517 05:09:22.480468 211 raft_consensus.cc:2043] T TestTablet P 97e4b6be765d4e27a72113f62aafbef7 [term 1 FOLLOWER]: Raft consensus is shut down!
I0517 05:09:22.496495 211 tablet_server.cc:157] TabletServer shutdown complete.
I0517 05:09:22.496673 211 tablet_server.cc:144] TabletServer shutting down...
I0517 05:09:22.496927 211 tablet_server.cc:157] TabletServer shutdown complete.
I0517 05:09:22.508461 211 system_ntp.cc:143] NTP initialized. Skew: 500ppm Current error: 1061361us
I0517 05:09:22.508793 211 fs_manager.cc:260] Metadata directory not provided
I0517 05:09:22.508893 211 fs_manager.cc:263] Using existing metadata directory in first data directory
I0517 05:09:22.511379 211 fs_manager.cc:397] Time spent opening directory manager: real 0.002s user 0.000s sys 0.000s
I0517 05:09:22.512251 211 file_cache.cc:470] Constructed file cache lbm with capacity 26214
I0517 05:09:22.524093 211 fs_manager.cc:417] Time spent opening block manager: real 0.007s user 0.000s sys 0.000s
I0517 05:09:22.524235 211 fs_manager.cc:428] Opened local filesystem: /tmp/dist-test-taskWs1ZT3/test-tmp/tablet_server-test.0.TabletServerTest.TestKeysInRowsetMetadataPreventStartupSeeks.1526533719119959-211/TabletServerTest-fsroot uuid: "97e4b6be765d4e27a72113f62aafbef7" format_stamp: "Formatted at 2018-05-17 05:09:22 on dist-test-slave-dist-test-slave-djmg"
I0517 05:09:22.524436 211 fs_report.cc:347] Block manager report -------------------- 1 data directories: /tmp/dist-test-taskWs1ZT3/test-tmp/tablet_server-test.0.TabletServerTest.TestKeysInRowsetMetadataPreventStartupSeeks.1526533719119959-211/TabletServerTest-fsroot/data Total live blocks: 5 Total live bytes: 6914 Total live bytes (after alignment): 24576 Total number of LBM containers: 6 (0 full) Did not check for missing blocks Did not check for orphaned blocks Total full LBM containers with extra space: 0 (0 repaired) Total full LBM container extra space in bytes: 0 (0 repaired) Total incomplete LBM containers: 0 (0 repaired) Total LBM partial records: 0 (0 repaired)
I0517 05:09:22.552476 211 ts_tablet_manager.cc:1005] T TestTablet P 97e4b6be765d4e27a72113f62aafbef7: Loading tablet metadata
I0517 05:09:22.556619 211 ts_tablet_manager.cc:356] Loaded tablet metadata (1 live tablets)
I0517 05:09:22.559780 211 ts_tablet_manager.cc:1173] T TestTablet P 97e4b6be765d4e27a72113f62aafbef7: Registered tablet (data state: TABLET_DATA_READY)
I0517 05:09:22.560694 7212 ts_tablet_manager.cc:1028] T TestTablet P 97e4b6be765d4e27a72113f62aafbef7: Bootstrapping tablet
I0517 05:09:22.561069 7212 tablet_bootstrap.cc:436] T TestTablet P 97e4b6be765d4e27a72113f62aafbef7: Bootstrap starting.
I0517 05:09:22.568811 7212 tablet_bootstrap.cc:436] T TestTablet P 97e4b6be765d4e27a72113f62aafbef7: Bootstrap replayed 1/1 log segments. Stats: ops{read=1 overwritten=0 applied=1 ignored=0} inserts{seen=0 ignored=0} mutations{seen=0 ignored=0} orphaned_commits=0. Pending: 0 replicates
I0517 05:09:22.569517 7212 tablet_bootstrap.cc:436] T TestTablet P 97e4b6be765d4e27a72113f62aafbef7: Bootstrap complete.
I0517 05:09:22.569900 7212 ts_tablet_manager.cc:1045] T TestTablet P 97e4b6be765d4e27a72113f62aafbef7: Time spent bootstrapping tablet: real 0.009s user 0.008s sys 0.000s
I0517 05:09:22.570806 7212 raft_consensus.cc:303] T TestTablet P 97e4b6be765d4e27a72113f62aafbef7 [term 1 FOLLOWER]: Replica starting. Triggering 0 pending transactions. Active config: opid_index: -1 peers { permanent_uuid: "97e4b6be765d4e27a72113f62aafbef7" member_type: VOTER last_known_addr { host: "127.0.0.1" port: 55000 } }
I0517 05:09:22.571125 7212 raft_consensus.cc:604] T TestTablet P 97e4b6be765d4e27a72113f62aafbef7 [term 1 FOLLOWER]: Becoming Follower/Learner. State: Replica: 97e4b6be765d4e27a72113f62aafbef7, State: Initialized, Role: FOLLOWER
I0517 05:09:22.571499 7212 consensus_queue.cc:227] T TestTablet P 97e4b6be765d4e27a72113f62aafbef7 [NON_LEADER]: Queue going to NON_LEADER mode. State: All replicated index: 0, Majority replicated index: 0, Committed index: 1, Last appended: 1.1, Last appended by leader: 1, Current term: 0, Majority size: -1, State: 0, Mode: NON_LEADER, active raft config: opid_index: -1 peers { permanent_uuid: "97e4b6be765d4e27a72113f62aafbef7" member_type: VOTER last_known_addr { host: "127.0.0.1" port: 55000 } }
I0517 05:09:22.571852 7212 raft_consensus.cc:343] T TestTablet P 97e4b6be765d4e27a72113f62aafbef7 [term 1 FOLLOWER]: Only one voter in the Raft config. Triggering election immediately
