I0517 05:08:51.692081 3478 consensus_queue.cc:227] T TestTablet P 7923fb3952c74df196d388550a6906af [NON_LEADER]: Queue going to NON_LEADER mode. State: All replicated index: 0, Majority replicated index: 0, Committed index: 4, Last appended: 1.4, Last appended by leader: 4, Current term: 0, Majority size: -1, State: 0, Mode: NON_LEADER, active raft config: opid_index: -1 peers { permanent_uuid: "7923fb3952c74df196d388550a6906af" member_type: VOTER last_known_addr { host: "127.0.0.1" port: 35918 } }
I0517 05:08:51.692435 3478 raft_consensus.cc:343] T TestTablet P 7923fb3952c74df196d388550a6906af [term 1 FOLLOWER]: Only one voter in the Raft config. Triggering election immediately
I0517 05:08:51.692579 3478 raft_consensus.cc:435] T TestTablet P 7923fb3952c74df196d388550a6906af [term 1 FOLLOWER]: Starting leader election (initial election of a single-replica configuration)
I0517 05:08:51.693156 3478 raft_consensus.cc:2704] T TestTablet P 7923fb3952c74df196d388550a6906af: Snoozing failure detection for 1.902s (starting election)
I0517 05:08:51.693317 3478 raft_consensus.cc:2756] T TestTablet P 7923fb3952c74df196d388550a6906af [term 1 FOLLOWER]: Advancing to term 2
I0517 05:08:51.696555 3478 raft_consensus.cc:457] T TestTablet P 7923fb3952c74df196d388550a6906af [term 2 FOLLOWER]: Starting leader election with config: opid_index: -1 peers { permanent_uuid: "7923fb3952c74df196d388550a6906af" member_type: VOTER last_known_addr { host: "127.0.0.1" port: 35918 } }
I0517 05:08:51.696990 3478 leader_election.cc:270] T TestTablet P 7923fb3952c74df196d388550a6906af [CANDIDATE]: Term 2 election: Election decided. Result: candidate won.
I0517 05:08:51.698524 3487 raft_consensus.cc:2704] T TestTablet P 7923fb3952c74df196d388550a6906af: Snoozing failure detection for 1.506s (election complete)
I0517 05:08:51.698812 3487 raft_consensus.cc:2511] T TestTablet P 7923fb3952c74df196d388550a6906af [term 2 FOLLOWER]: Leader election won for term 2
I0517 05:08:51.699915 3478 ts_tablet_manager.cc:1073] T TestTablet P 7923fb3952c74df196d388550a6906af: Time spent starting tablet: real 0.009s user 0.008s sys 0.004s
I0517 05:08:51.700693 3487 raft_consensus.cc:571] T TestTablet P 7923fb3952c74df196d388550a6906af [term 2 LEADER]: Becoming Leader. State: Replica: 7923fb3952c74df196d388550a6906af, State: Running, Role: LEADER
I0517 05:08:51.701283 3487 consensus_queue.cc:204] T TestTablet P 7923fb3952c74df196d388550a6906af [LEADER]: Queue going to LEADER mode. State: All replicated index: 0, Majority replicated index: 4, Committed index: 4, Last appended: 1.4, Last appended by leader: 4, Current term: 2, Majority size: 1, State: 0, Mode: LEADER, active raft config: opid_index: -1 peers { permanent_uuid: "7923fb3952c74df196d388550a6906af" member_type: VOTER last_known_addr { host: "127.0.0.1" port: 35918 } }
I0517 05:08:51.725262 211 rpc_server.cc:205] RPC server started. Bound to: 127.0.0.1:37158
I0517 05:08:51.726071 211 webserver.cc:173] Starting webserver on 127.0.0.1:0
I0517 05:08:51.726167 211 webserver.cc:184] Document root disabled
I0517 05:08:51.726984 211 webserver.cc:311] Webserver started. Bound to: http://127.0.0.1:47967/
W0517 05:08:51.728016 3472 reactor.cc:633] Failed to create an outbound connection to 255.255.255.255:1 because connect() failed: Network error: connect(2) error: Network is unreachable (error 101)
I0517 05:08:51.728278 3539 maintenance_manager.cc:249] Maintenance manager is disabled. Stopping thread.
W0517 05:08:51.728404 3538 heartbeater.cc:587] Failed to heartbeat to 255.255.255.255:1: Network error: Failed to ping master at 255.255.255.255:1: connect(2) error: Network is unreachable (error 101)
W0517 05:08:51.728868 3472 reactor.cc:633] Failed to create an outbound connection to 255.255.255.255:1 because connect() failed: Network error: connect(2) error: Network is unreachable (error 101)
W0517 05:08:51.729154 3538 heartbeater.cc:587] Failed to heartbeat to 255.255.255.255:1: Network error: Failed to ping master at 255.255.255.255:1: connect(2) error: Network is unreachable (error 101)
W0517 05:08:51.729495 3472 reactor.cc:633] Failed to create an outbound connection to 255.255.255.255:1 because connect() failed: Network error: connect(2) error: Network is unreachable (error 101)
W0517 05:08:51.729764 3538 heartbeater.cc:587] Failed to heartbeat to 255.255.255.255:1: Network error: Failed to ping master at 255.255.255.255:1: connect(2) error: Network is unreachable (error 101)
W0517 05:08:51.729888 3538 heartbeater.cc:380] Failed 3 heartbeats in a row: no longer allowing fast heartbeat attempts.
I0517 05:08:51.732012 211 tablet_server.cc:144] TabletServer shutting down...
I0517 05:08:51.770891 211 ts_tablet_manager.cc:1118] Shutting down tablet manager...
I0517 05:08:51.771220 211 tablet_replica.cc:261] T TestTablet P 7923fb3952c74df196d388550a6906af: stopping tablet replica
I0517 05:08:51.771473 211 maintenance_manager.cc:237] P 7923fb3952c74df196d388550a6906af: Unregistered op CompactRowSetsOp(TestTablet)
I0517 05:08:51.771627 211 maintenance_manager.cc:237] P 7923fb3952c74df196d388550a6906af: Unregistered op MinorDeltaCompactionOp(TestTablet)
I0517 05:08:51.771781 211 maintenance_manager.cc:237] P 7923fb3952c74df196d388550a6906af: Unregistered op MajorDeltaCompactionOp(TestTablet)
I0517 05:08:51.771898 211 maintenance_manager.cc:237] P 7923fb3952c74df196d388550a6906af: Unregistered op UndoDeltaBlockGCOp(TestTablet)
I0517 05:08:51.772028 211 maintenance_manager.cc:237] P 7923fb3952c74df196d388550a6906af: Unregistered op FlushMRSOp(TestTablet)
I0517 05:08:51.772125 211 maintenance_manager.cc:237] P 7923fb3952c74df196d388550a6906af: Unregistered op FlushDeltaMemStoresOp(TestTablet)
I0517 05:08:51.772218 211 maintenance_manager.cc:237] P 7923fb3952c74df196d388550a6906af: Unregistered op LogGCOp(TestTablet)
I0517 05:08:51.772320 211 raft_consensus.cc:2016] T TestTablet P 7923fb3952c74df196d388550a6906af [term 2 LEADER]: Raft consensus shutting down.
I0517 05:08:51.772521 211 raft_consensus.cc:2043] T TestTablet P 7923fb3952c74df196d388550a6906af [term 2 FOLLOWER]: Raft consensus is shut down!
I0517 05:08:51.788599 211 tablet_server.cc:157] TabletServer shutdown complete.
I0517 05:08:51.788795 211 tablet_server.cc:144] TabletServer shutting down...
I0517 05:08:51.789055 211 tablet_server.cc:157] TabletServer shutdown complete. [ OK ] TabletServerTest.TestKUDU_177_RecoveryOfDMSEditsAfterMajorDeltaCompaction (432 ms) [ RUN ] TabletServerTest.TestClientGetsErrorBackWhenRecoveryFailed
I0517 05:08:51.809842 211 system_ntp.cc:143] NTP initialized. Skew: 500ppm Current error: 1045861us
I0517 05:08:51.810168 211 fs_manager.cc:260] Metadata directory not provided
I0517 05:08:51.810292 211 fs_manager.cc:266] Using write-ahead log directory (fs_wal_dir) as metadata directory
I0517 05:08:51.810452 211 server_base.cc:432] Could not load existing FS layout: Not found: /tmp/dist-test-taskWs1ZT3/test-tmp/tablet_server-test.0.TabletServerTest.TestClientGetsErrorBackWhenRecoveryFailed.1526533719119959-211/TabletServerTest-fsroot/instance: No such file or directory (error 2)
I0517 05:08:51.810565 211 server_base.cc:433] Attempting to create new FS layout instead
I0517 05:08:51.816296 211 fs_manager.cc:595] Generated new instance metadata in path /tmp/dist-test-taskWs1ZT3/test-tmp/tablet_server-test.0.TabletServerTest.TestClientGetsErrorBackWhenRecoveryFailed.1526533719119959-211/TabletServerTest-fsroot/instance: uuid: "99dc50c1bfc94eeea77fef807af90e27" format_stamp: "Formatted at 2018-05-17 05:08:51 on dist-test-slave-dist-test-slave-djmg"
I0517 05:08:51.824213 211 fs_manager.cc:495] Time spent creating directory manager: real 0.007s user 0.004s sys 0.000s
I0517 05:08:51.825469 211 file_cache.cc:470] Constructed file cache lbm with capacity 26214
I0517 05:08:51.831710 211 fs_manager.cc:417] Time spent opening block manager: real 0.001s user 0.000s sys 0.000s
I0517 05:08:51.831861 211 fs_manager.cc:428] Opened local filesystem: /tmp/dist-test-taskWs1ZT3/test-tmp/tablet_server-test.0.TabletServerTest.TestClientGetsErrorBackWhenRecoveryFailed.1526533719119959-211/TabletServerTest-fsroot uuid: "99dc50c1bfc94eeea77fef807af90e27" format_stamp: "Formatted at 2018-05-17 05:08:51 on dist-test-slave-dist-test-slave-djmg"
I0517 05:08:51.832093 211 fs_report.cc:347] Block manager report -------------------- 1 data directories: /tmp/dist-test-taskWs1ZT3/test-tmp/tablet_server-test.0.TabletServerTest.TestClientGetsErrorBackWhenRecoveryFailed.1526533719119959-211/TabletServerTest-fsroot/data Total live blocks: 0 Total live bytes: 0 Total live bytes (after alignment): 0 Total number of LBM containers: 0 (0 full) Did not check for missing blocks Did not check for orphaned blocks Total full LBM containers with extra space: 0 (0 repaired) Total full LBM container extra space in bytes: 0 (0 repaired) Total incomplete LBM containers: 0 (0 repaired) Total LBM partial records: 0 (0 repaired)
I0517 05:08:51.849735 211 ts_tablet_manager.cc:356] Loaded tablet metadata (0 live tablets)
I0517 05:08:51.875604 211 rpc_server.cc:205] RPC server started. Bound to: 127.0.0.1:59947
I0517 05:08:51.876380 211 webserver.cc:173] Starting webserver on 127.0.0.1:0
I0517 05:08:51.876482 211 webserver.cc:184] Document root disabled
I0517 05:08:51.877338 211 webserver.cc:311] Webserver started. Bound to: http://127.0.0.1:35408/
W0517 05:08:51.878365 3548 reactor.cc:633] Failed to create an outbound connection to 255.255.255.255:1 because connect() failed: Network error: connect(2) error: Network is unreachable (error 101)
I0517 05:08:51.878654 3609 maintenance_manager.cc:249] Maintenance manager is disabled. Stopping thread.
W0517 05:08:51.878724 3608 heartbeater.cc:587] Failed to heartbeat to 255.255.255.255:1: Network error: Failed to ping master at 255.255.255.255:1: connect(2) error: Network is unreachable (error 101)
I0517 05:08:51.879209 211 data_dirs.cc:934] Could only allocate 1 dirs of requested 3 for tablet TestTablet. 1 dirs total, 0 dirs full, 0 dirs failed
W0517 05:08:51.879294 3548 reactor.cc:633] Failed to create an outbound connection to 255.255.255.255:1 because connect() failed: Network error: connect(2) error: Network is unreachable (error 101)
W0517 05:08:51.879578 3608 heartbeater.cc:587] Failed to heartbeat to 255.255.255.255:1: Network error: Failed to ping master at 255.255.255.255:1: connect(2) error: Network is unreachable (error 101)
W0517 05:08:51.880015 3548 reactor.cc:633] Failed to create an outbound connection to 255.255.255.255:1 because connect() failed: Network error: connect(2) error: Network is unreachable (error 101)
W0517 05:08:51.880308 3608 heartbeater.cc:587] Failed to heartbeat to 255.255.255.255:1: Network error: Failed to ping master at 255.255.255.255:1: connect(2) error: Network is unreachable (error 101)
W0517 05:08:51.880432 3608 heartbeater.cc:380] Failed 3 heartbeats in a row: no longer allowing fast heartbeat attempts.
I0517 05:08:51.885880 211 ts_tablet_manager.cc:1173] T TestTablet P 99dc50c1bfc94eeea77fef807af90e27: Registered tablet (data state: TABLET_DATA_READY)
I0517 05:08:51.886783 3610 ts_tablet_manager.cc:1028] T TestTablet P 99dc50c1bfc94eeea77fef807af90e27: Bootstrapping tablet
I0517 05:08:51.887084 3610 tablet_bootstrap.cc:436] T TestTablet P 99dc50c1bfc94eeea77fef807af90e27: Bootstrap starting.
I0517 05:08:51.888741 3610 tablet_bootstrap.cc:587] T TestTablet P 99dc50c1bfc94eeea77fef807af90e27: No blocks or log segments found. Creating new log.
I0517 05:08:51.890981 3610 tablet_bootstrap.cc:436] T TestTablet P 99dc50c1bfc94eeea77fef807af90e27: No bootstrap required, opened a new log
I0517 05:08:51.891234 3610 ts_tablet_manager.cc:1045] T TestTablet P 99dc50c1bfc94eeea77fef807af90e27: Time spent bootstrapping tablet: real 0.004s user 0.000s sys 0.000s
I0517 05:08:51.892092 3610 raft_consensus.cc:303] T TestTablet P 99dc50c1bfc94eeea77fef807af90e27 [term 0 FOLLOWER]: Replica starting. Triggering 0 pending transactions. Active config: opid_index: -1 peers { permanent_uuid: "99dc50c1bfc94eeea77fef807af90e27" member_type: VOTER last_known_addr { host: "127.0.0.1" port: 59947 } }
I0517 05:08:51.892403 3610 raft_consensus.cc:329] T TestTablet P 99dc50c1bfc94eeea77fef807af90e27 [term 0 FOLLOWER]: Consensus starting up: Expiring failure detector timer to make a prompt election more likely
I0517 05:08:51.892522 3610 raft_consensus.cc:604] T TestTablet P 99dc50c1bfc94eeea77fef807af90e27 [term 0 FOLLOWER]: Becoming Follower/Learner. State: Replica: 99dc50c1bfc94eeea77fef807af90e27, State: Initialized, Role: FOLLOWER
I0517 05:08:51.892875 3610 consensus_queue.cc:227] T TestTablet P 99dc50c1bfc94eeea77fef807af90e27 [NON_LEADER]: Queue going to NON_LEADER mode. State: All replicated index: 0, Majority replicated index: 0, Committed index: 0, Last appended: 0.0, Last appended by leader: 0, Current term: 0, Majority size: -1, State: 0, Mode: NON_LEADER, active raft config: opid_index: -1 peers { permanent_uuid: "99dc50c1bfc94eeea77fef807af90e27" member_type: VOTER last_known_addr { host: "127.0.0.1" port: 59947 } }
I0517 05:08:51.893223 3610 raft_consensus.cc:343] T TestTablet P 99dc50c1bfc94eeea77fef807af90e27 [term 0 FOLLOWER]: Only one voter in the Raft config. Triggering election immediately
I0517 05:08:51.893347 3610 raft_consensus.cc:435] T TestTablet P 99dc50c1bfc94eeea77fef807af90e27 [term 0 FOLLOWER]: Starting leader election (initial election of a single-replica configuration)
I0517 05:08:51.893476 3610 raft_consensus.cc:2704] T TestTablet P 99dc50c1bfc94eeea77fef807af90e27: Snoozing failure detection for 1.776s (starting election)
I0517 05:08:51.893610 3610 raft_consensus.cc:2756] T TestTablet P 99dc50c1bfc94eeea77fef807af90e27 [term 0 FOLLOWER]: Advancing to term 1
I0517 05:08:51.896841 3610 raft_consensus.cc:457] T TestTablet P 99dc50c1bfc94eeea77fef807af90e27 [term 1 FOLLOWER]: Starting leader election with config: opid_index: -1 peers { permanent_uuid: "99dc50c1bfc94eeea77fef807af90e27" member_type: VOTER last_known_addr { host: "127.0.0.1" port: 59947 } }
I0517 05:08:51.897214 3610 leader_election.cc:270] T TestTablet P 99dc50c1bfc94eeea77fef807af90e27 [CANDIDATE]: Term 1 election: Election decided. Result: candidate won.
I0517 05:08:51.898181 3612 raft_consensus.cc:2704] T TestTablet P 99dc50c1bfc94eeea77fef807af90e27: Snoozing failure detection for 1.889s (election complete)
I0517 05:08:51.898398 3612 raft_consensus.cc:2511] T TestTablet P 99dc50c1bfc94eeea77fef807af90e27 [term 1 FOLLOWER]: Leader election won for term 1
I0517 05:08:51.899385 3612 raft_consensus.cc:571] T TestTablet P 99dc50c1bfc94eeea77fef807af90e27 [term 1 LEADER]: Becoming Leader. State: Replica: 99dc50c1bfc94eeea77fef807af90e27, State: Running, Role: LEADER
W0517 05:08:51.899605 3548 reactor.cc:633] Failed to create an outbound connection to 255.255.255.255:1 because connect() failed: Network error: connect(2) error: Network is unreachable (error 101)
I0517 05:08:51.899749 3612 consensus_queue.cc:204] T TestTablet P 99dc50c1bfc94eeea77fef807af90e27 [LEADER]: Queue going to LEADER mode. State: All replicated index: 0, Majority replicated index: 0, Committed index: 0, Last appended: 0.0, Last appended by leader: 0, Current term: 1, Majority size: 1, State: 0, Mode: LEADER, active raft config: opid_index: -1 peers { permanent_uuid: "99dc50c1bfc94eeea77fef807af90e27" member_type: VOTER last_known_addr { host: "127.0.0.1" port: 59947 } }
W0517 05:08:51.899965 3608 heartbeater.cc:587] Failed to heartbeat to 255.255.255.255:1: Network error: Failed to ping master at 255.255.255.255:1: connect(2) error: Network is unreachable (error 101)
W0517 05:08:51.900477 3548 reactor.cc:633] Failed to create an outbound connection to 255.255.255.255:1 because connect() failed: Network error: connect(2) error: Network is unreachable (error 101)
W0517 05:08:51.900825 3608 heartbeater.cc:587] Failed to heartbeat to 255.255.255.255:1: Network error: Failed to ping master at 255.255.255.255:1: connect(2) error: Network is unreachable (error 101)
I0517 05:08:51.900322 3610 ts_tablet_manager.cc:1073] T TestTablet P 99dc50c1bfc94eeea77fef807af90e27: Time spent starting tablet: real 0.009s user 0.008s sys 0.004s
I0517 05:08:51.936439 211 tablet.cc:1152] T TestTablet P 99dc50c1bfc94eeea77fef807af90e27: Flush: entering stage 1 (old memrowset already frozen for inserts)
I0517 05:08:51.936611 211 compaction.cc:913] Selected 1 rowsets to compact:
I0517 05:08:51.936746 211 compaction.cc:916] memrowset(current size on disk: ~0 bytes)
I0517 05:08:51.936844 211 tablet.cc:1154] T TestTablet P 99dc50c1bfc94eeea77fef807af90e27: Memstore in-memory size: 763 bytes
I0517 05:08:51.936976 211 tablet.cc:1443] T TestTablet P 99dc50c1bfc94eeea77fef807af90e27: Flush: entering phase 1 (flushing snapshot). Phase 1 snapshot: MvccSnapshot[committed={T|T < 6252682166002819072 or (T in {6252682166002819072})}]
I0517 05:08:51.940225 211 multi_column_writer.cc:98] Opened CFile writers for 3 column(s)
I0517 05:08:51.949642 211 tablet.cc:1528] T TestTablet P 99dc50c1bfc94eeea77fef807af90e27: Flush: entering phase 2 (starting to duplicate updates in new rowsets)
I0517 05:08:51.949944 211 tablet.cc:1583] T TestTablet P 99dc50c1bfc94eeea77fef807af90e27: Flush Phase 2: carrying over any updates which arrived during Phase 1
I0517 05:08:51.950048 211 tablet.cc:1585] T TestTablet P 99dc50c1bfc94eeea77fef807af90e27: Phase 2 snapshot: MvccSnapshot[committed={T|T < 6252682166002819072 or (T in {6252682166002819072})}]
I0517 05:08:51.955276 211 tablet.cc:1633] T TestTablet P 99dc50c1bfc94eeea77fef807af90e27: Flush successful on 7 rows (4691 bytes)
I0517 05:08:51.955981 211 tablet_server.cc:144] TabletServer shutting down...
I0517 05:08:51.966661 211 ts_tablet_manager.cc:1118] Shutting down tablet manager...
I0517 05:08:51.966938 211 tablet_replica.cc:261] T TestTablet P 99dc50c1bfc94eeea77fef807af90e27: stopping tablet replica
I0517 05:08:51.967156 211 maintenance_manager.cc:237] P 99dc50c1bfc94eeea77fef807af90e27: Unregistered op CompactRowSetsOp(TestTablet)
I0517 05:08:51.967290 211 maintenance_manager.cc:237] P 99dc50c1bfc94eeea77fef807af90e27: Unregistered op MinorDeltaCompactionOp(TestTablet)
I0517 05:08:51.967418 211 maintenance_manager.cc:237] P 99dc50c1bfc94eeea77fef807af90e27: Unregistered op MajorDeltaCompactionOp(TestTablet)
I0517 05:08:51.967540 211 maintenance_manager.cc:237] P 99dc50c1bfc94eeea77fef807af90e27: Unregistered op UndoDeltaBlockGCOp(TestTablet)
I0517 05:08:51.967694 211 maintenance_manager.cc:237] P 99dc50c1bfc94eeea77fef807af90e27: Unregistered op FlushMRSOp(TestTablet)
I0517 05:08:51.967814 211 maintenance_manager.cc:237] P 99dc50c1bfc94eeea77fef807af90e27: Unregistered op FlushDeltaMemStoresOp(TestTablet)
I0517 05:08:51.967941 211 maintenance_manager.cc:237] P 99dc50c1bfc94eeea77fef807af90e27: Unregistered op LogGCOp(TestTablet)
I0517 05:08:51.968082 211 raft_consensus.cc:2016] T TestTablet P 99dc50c1bfc94eeea77fef807af90e27 [term 1 LEADER]: Raft consensus shutting down.
I0517 05:08:51.968338 211 raft_consensus.cc:2043] T TestTablet P 99dc50c1bfc94eeea77fef807af90e27 [term 1 FOLLOWER]: Raft consensus is shut down!
I0517 05:08:51.977290 211 tablet_server.cc:157] TabletServer shutdown complete.
I0517 05:08:51.977429 211 tablet_server.cc:144] TabletServer shutting down...
I0517 05:08:51.977669 211 tablet_server.cc:157] TabletServer shutdown complete.
I0517 05:08:51.989507 211 system_ntp.cc:143] NTP initialized. Skew: 500ppm Current error: 1045861us
I0517 05:08:51.989831 211 fs_manager.cc:260] Metadata directory not provided
I0517 05:08:51.989943 211 fs_manager.cc:263] Using existing metadata directory in first data directory
I0517 05:08:51.992218 211 fs_manager.cc:397] Time spent opening directory manager: real 0.002s user 0.004s sys 0.000s
I0517 05:08:51.993108 211 file_cache.cc:470] Constructed file cache lbm with capacity 26214
I0517 05:08:52.005513 211 fs_manager.cc:417] Time spent opening block manager: real 0.007s user 0.004s sys 0.000s
I0517 05:08:52.005662 211 fs_manager.cc:428] Opened local filesystem: /tmp/dist-test-taskWs1ZT3/test-tmp/tablet_server-test.0.TabletServerTest.TestClientGetsErrorBackWhenRecoveryFailed.1526533719119959-211/TabletServerTest-fsroot uuid: "99dc50c1bfc94eeea77fef807af90e27" format_stamp: "Formatted at 2018-05-17 05:08:51 on dist-test-slave-dist-test-slave-djmg"
I0517 05:08:52.005878 211 fs_report.cc:347] Block manager report -------------------- 1 data directories: /tmp/dist-test-taskWs1ZT3/test-tmp/tablet_server-test.0.TabletServerTest.TestClientGetsErrorBackWhenRecoveryFailed.1526533719119959-211/TabletServerTest-fsroot/data Total live blocks: 5 Total live bytes: 4914 Total live bytes (after alignment): 24576 Total number of LBM containers: 6 (0 full) Did not check for missing blocks Did not check for orphaned blocks Total full LBM containers with extra space: 0 (0 repaired) Total full LBM container extra space in bytes: 0 (0 repaired) Total incomplete LBM containers: 0 (0 repaired) Total LBM partial records: 0 (0 repaired)
I0517 05:08:52.045861 211 ts_tablet_manager.cc:1005] T TestTablet P 99dc50c1bfc94eeea77fef807af90e27: Loading tablet metadata
I0517 05:08:52.049778 211 ts_tablet_manager.cc:356] Loaded tablet metadata (1 live tablets)
I0517 05:08:52.052875 211 ts_tablet_manager.cc:1173] T TestTablet P 99dc50c1bfc94eeea77fef807af90e27: Registered tablet (data state: TABLET_DATA_READY)
I0517 05:08:52.053870 3630 ts_tablet_manager.cc:1028] T TestTablet P 99dc50c1bfc94eeea77fef807af90e27: Bootstrapping tablet
I0517 05:08:52.054185 3630 tablet_bootstrap.cc:436] T TestTablet P 99dc50c1bfc94eeea77fef807af90e27: Bootstrap starting.
W0517 05:08:52.063943 3630 log_util.cc:201] Found a corruption in a closed log segment: Corruption: Entry CRC mismatch in byte range 197-348: expected CRC=631318937, computed=4260436810: Log file corruption detected. Failed trying to read batch #0 at offset 181 for log segment /tmp/dist-test-taskWs1ZT3/test-tmp/tablet_server-test.0.TabletServerTest.TestClientGetsErrorBackWhenRecoveryFailed.1526533719119959-211/TabletServerTest-fsroot/wals/TestTablet.recovery/wal-000000001: Prior entries: [off=150 REPLICATE (1.1)] [off=181 COMMIT (1.1)]
E0517 05:08:52.066416 3630 ts_tablet_manager.cc:1066] T TestTablet P 99dc50c1bfc94eeea77fef807af90e27: Tablet failed to bootstrap: Corruption: Failed log replay. Reason: Error reading Log Segment of tablet TestTablet: Corruption: Entry CRC mismatch in byte range 197-348: expected CRC=631318937, computed=4260436810: Log file corruption detected. Failed trying to read batch #0 at offset 181 for log segment /tmp/dist-test-taskWs1ZT3/test-tmp/tablet_server-test.0.TabletServerTest.TestClientGetsErrorBackWhenRecoveryFailed.1526533719119959-211/TabletServerTest-fsroot/wals/TestTablet.recovery/wal-000000001: Prior entries: [off=150 REPLICATE (1.1)] [off=181 COMMIT (1.1)] (Read up to entry 2 of segment 1, in path /tmp/dist-test-taskWs1ZT3/test-tmp/tablet_server-test.0.TabletServerTest.TestClientGetsErrorBackWhenRecoveryFailed.1526533719119959-211/TabletServerTest-fsroot/wals/TestTablet.recovery/wal-000000001)
I0517 05:08:52.066648 3630 ts_tablet_manager.cc:1045] T TestTablet P 99dc50c1bfc94eeea77fef807af90e27: Time spent bootstrapping tablet: real 0.013s user 0.008s sys 0.000s
I0517 05:08:52.066838 3630 tablet_replica.cc:261] T TestTablet P 99dc50c1bfc94eeea77fef807af90e27: stopping tablet replica
I0517 05:08:52.067037 3630 raft_consensus.cc:2016] T TestTablet P 99dc50c1bfc94eeea77fef807af90e27 [term 1 FOLLOWER]: Raft consensus shutting down.
I0517 05:08:52.067309 3630 raft_consensus.cc:2043] T TestTablet P 99dc50c1bfc94eeea77fef807af90e27 [term 1 FOLLOWER]: Raft consensus is shut down!
I0517 05:08:52.086563 211 rpc_server.cc:205] RPC server started. Bound to: 127.0.0.1:38425
I0517 05:08:52.087386 211 webserver.cc:173] Starting webserver on 127.0.0.1:0
I0517 05:08:52.087486 211 webserver.cc:184] Document root disabled
I0517 05:08:52.088289 211 webserver.cc:311] Webserver started. Bound to: http://127.0.0.1:37463/
W0517 05:08:52.089366 3624 reactor.cc:633] Failed to create an outbound connection to 255.255.255.255:1 because connect() failed: Network error: connect(2) error: Network is unreachable (error 101)
I0517 05:08:52.089640 3687 maintenance_manager.cc:249] Maintenance manager is disabled. Stopping thread.
W0517 05:08:52.089749 3686 heartbeater.cc:587] Failed to heartbeat to 255.255.255.255:1: Network error: Failed to ping master at 255.255.255.255:1: connect(2) error: Network is unreachable (error 101)
W0517 05:08:52.090679 3624 reactor.cc:633] Failed to create an outbound connection to 255.255.255.255:1 because connect() failed: Network error: connect(2) error: Network is unreachable (error 101)
W0517 05:08:52.091125 3686 heartbeater.cc:587] Failed to heartbeat to 255.255.255.255:1: Network error: Failed to ping master at 255.255.255.255:1: connect(2) error: Network is unreachable (error 101)
W0517 05:08:52.091615 3624 reactor.cc:633] Failed to create an outbound connection to 255.255.255.255:1 because connect() failed: Network error: connect(2) error: Network is unreachable (error 101)
W0517 05:08:52.091907 3686 heartbeater.cc:587] Failed to heartbeat to 255.255.255.255:1: Network error: Failed to ping master at 255.255.255.255:1: connect(2) error: Network is unreachable (error 101)
W0517 05:08:52.092059 3686 heartbeater.cc:380] Failed 3 heartbeats in a row: no longer allowing fast heartbeat attempts.
I0517 05:08:52.100293 211 tablet_server.cc:144] TabletServer shutting down...
I0517 05:08:52.111304 211 ts_tablet_manager.cc:1118] Shutting down tablet manager...
I0517 05:08:52.125445 211 tablet_server.cc:157] TabletServer shutdown complete.
I0517 05:08:52.125579 211 tablet_server.cc:144] TabletServer shutting down...
I0517 05:08:52.125792 211 tablet_server.cc:157] TabletServer shutdown complete. [ OK ] TabletServerTest.TestClientGetsErrorBackWhenRecoveryFailed (337 ms) [ RUN ] TabletServerTest.TestReadLatest
I0517 05:08:52.146507 211 system_ntp.cc:143] NTP initialized. Skew: 500ppm Current error: 1046361us
I0517 05:08:52.146787 211 fs_manager.cc:260] Metadata directory not provided
I0517 05:08:52.146891 211 fs_manager.cc:266] Using write-ahead log directory (fs_wal_dir) as metadata directory
I0517 05:08:52.147033 211 server_base.cc:432] Could not load existing FS layout: Not found: /tmp/dist-test-taskWs1ZT3/test-tmp/tablet_server-test.0.TabletServerTest.TestReadLatest.1526533719119959-211/TabletServerTest-fsroot/instance: No such file or directory (error 2)
I0517 05:08:52.147140 211 server_base.cc:433] Attempting to create new FS layout instead
I0517 05:08:52.152750 211 fs_manager.cc:595] Generated new instance metadata in path /tmp/dist-test-taskWs1ZT3/test-tmp/tablet_server-test.0.TabletServerTest.TestReadLatest.1526533719119959-211/TabletServerTest-fsroot/instance: uuid: "5e1af8fb1be042fa887295b814027317" format_stamp: "Formatted at 2018-05-17 05:08:52 on dist-test-slave-dist-test-slave-djmg"
I0517 05:08:52.160387 211 fs_manager.cc:495] Time spent creating directory manager: real 0.007s user 0.004s sys 0.000s
I0517 05:08:52.161603 211 file_cache.cc:470] Constructed file cache lbm with capacity 26214
I0517 05:08:52.167793 211 fs_manager.cc:417] Time spent opening block manager: real 0.001s user 0.000s sys 0.000s
I0517 05:08:52.167927 211 fs_manager.cc:428] Opened local filesystem: /tmp/dist-test-taskWs1ZT3/test-tmp/tablet_server-test.0.TabletServerTest.TestReadLatest.1526533719119959-211/TabletServerTest-fsroot uuid: "5e1af8fb1be042fa887295b814027317" format_stamp: "Formatted at 2018-05-17 05:08:52 on dist-test-slave-dist-test-slave-djmg"
I0517 05:08:52.168155 211 fs_report.cc:347] Block manager report -------------------- 1 data directories: /tmp/dist-test-taskWs1ZT3/test-tmp/tablet_server-test.0.TabletServerTest.TestReadLatest.1526533719119959-211/TabletServerTest-fsroot/data Total live blocks: 0 Total live bytes: 0 Total live bytes (after alignment): 0 Total number of LBM containers: 0 (0 full) Did not check for missing blocks Did not check for orphaned blocks Total full LBM containers with extra space: 0 (0 repaired) Total full LBM container extra space in bytes: 0 (0 repaired) Total incomplete LBM containers: 0 (0 repaired) Total LBM partial records: 0 (0 repaired)
I0517 05:08:52.214617 211 ts_tablet_manager.cc:356] Loaded tablet metadata (0 live tablets)
I0517 05:08:52.240312 211 rpc_server.cc:205] RPC server started. Bound to: 127.0.0.1:58173
I0517 05:08:52.241103 211 webserver.cc:173] Starting webserver on 127.0.0.1:0
I0517 05:08:52.241204 211 webserver.cc:184] Document root disabled
I0517 05:08:52.242020 211 webserver.cc:311] Webserver started. Bound to: http://127.0.0.1:51029/
W0517 05:08:52.243048 3697 reactor.cc:633] Failed to create an outbound connection to 255.255.255.255:1 because connect() failed: Network error: connect(2) error: Network is unreachable (error 101)
I0517 05:08:52.243290 3758 maintenance_manager.cc:249] Maintenance manager is disabled. Stopping thread.
W0517 05:08:52.243414 3757 heartbeater.cc:587] Failed to heartbeat to 255.255.255.255:1: Network error: Failed to ping master at 255.255.255.255:1: connect(2) error: Network is unreachable (error 101)
W0517 05:08:52.243867 3697 reactor.cc:633] Failed to create an outbound connection to 255.255.255.255:1 because connect() failed: Network error: connect(2) error: Network is unreachable (error 101)
I0517 05:08:52.243873 211 data_dirs.cc:934] Could only allocate 1 dirs of requested 3 for tablet TestTablet. 1 dirs total, 0 dirs full, 0 dirs failed
W0517 05:08:52.244204 3757 heartbeater.cc:587] Failed to heartbeat to 255.255.255.255:1: Network error: Failed to ping master at 255.255.255.255:1: connect(2) error: Network is unreachable (error 101)
W0517 05:08:52.244565 3697 reactor.cc:633] Failed to create an outbound connection to 255.255.255.255:1 because connect() failed: Network error: connect(2) error: Network is unreachable (error 101)
W0517 05:08:52.244863 3757 heartbeater.cc:587] Failed to heartbeat to 255.255.255.255:1: Network error: Failed to ping master at 255.255.255.255:1: connect(2) error: Network is unreachable (error 101)
W0517 05:08:52.244987 3757 heartbeater.cc:380] Failed 3 heartbeats in a row: no longer allowing fast heartbeat attempts.
I0517 05:08:52.250500 211 ts_tablet_manager.cc:1173] T TestTablet P 5e1af8fb1be042fa887295b814027317: Registered tablet (data state: TABLET_DATA_READY)
I0517 05:08:52.251441 3759 ts_tablet_manager.cc:1028] T TestTablet P 5e1af8fb1be042fa887295b814027317: Bootstrapping tablet
I0517 05:08:52.251760 3759 tablet_bootstrap.cc:436] T TestTablet P 5e1af8fb1be042fa887295b814027317: Bootstrap starting.
I0517 05:08:52.253480 3759 tablet_bootstrap.cc:587] T TestTablet P 5e1af8fb1be042fa887295b814027317: No blocks or log segments found. Creating new log.
I0517 05:08:52.256026 3759 tablet_bootstrap.cc:436] T TestTablet P 5e1af8fb1be042fa887295b814027317: No bootstrap required, opened a new log
I0517 05:08:52.256304 3759 ts_tablet_manager.cc:1045] T TestTablet P 5e1af8fb1be042fa887295b814027317: Time spent bootstrapping tablet: real 0.005s user 0.004s sys 0.000s
I0517 05:08:52.257249 3759 raft_consensus.cc:303] T TestTablet P 5e1af8fb1be042fa887295b814027317 [term 0 FOLLOWER]: Replica starting. Triggering 0 pending transactions. Active config: opid_index: -1 peers { permanent_uuid: "5e1af8fb1be042fa887295b814027317" member_type: VOTER last_known_addr { host: "127.0.0.1" port: 58173 } }
I0517 05:08:52.257586 3759 raft_consensus.cc:329] T TestTablet P 5e1af8fb1be042fa887295b814027317 [term 0 FOLLOWER]: Consensus starting up: Expiring failure detector timer to make a prompt election more likely
I0517 05:08:52.257722 3759 raft_consensus.cc:604] T TestTablet P 5e1af8fb1be042fa887295b814027317 [term 0 FOLLOWER]: Becoming Follower/Learner. State: Replica: 5e1af8fb1be042fa887295b814027317, State: Initialized, Role: FOLLOWER
I0517 05:08:52.258103 3759 consensus_queue.cc:227] T TestTablet P 5e1af8fb1be042fa887295b814027317 [NON_LEADER]: Queue going to NON_LEADER mode. State: All replicated index: 0, Majority replicated index: 0, Committed index: 0, Last appended: 0.0, Last appended by leader: 0, Current term: 0, Majority size: -1, State: 0, Mode: NON_LEADER, active raft config: opid_index: -1 peers { permanent_uuid: "5e1af8fb1be042fa887295b814027317" member_type: VOTER last_known_addr { host: "127.0.0.1" port: 58173 } }
I0517 05:08:52.258462 3759 raft_consensus.cc:343] T TestTablet P 5e1af8fb1be042fa887295b814027317 [term 0 FOLLOWER]: Only one voter in the Raft config. Triggering election immediately
I0517 05:08:52.258605 3759 raft_consensus.cc:435] T TestTablet P 5e1af8fb1be042fa887295b814027317 [term 0 FOLLOWER]: Starting leader election (initial election of a single-replica configuration)
I0517 05:08:52.258749 3759 raft_consensus.cc:2704] T TestTablet P 5e1af8fb1be042fa887295b814027317: Snoozing failure detection for 2.212s (starting election)
I0517 05:08:52.258903 3759 raft_consensus.cc:2756] T TestTablet P 5e1af8fb1be042fa887295b814027317 [term 0 FOLLOWER]: Advancing to term 1
I0517 05:08:52.262337 3759 raft_consensus.cc:457] T TestTablet P 5e1af8fb1be042fa887295b814027317 [term 1 FOLLOWER]: Starting leader election with config: opid_index: -1 peers { permanent_uuid: "5e1af8fb1be042fa887295b814027317" member_type: VOTER last_known_addr { host: "127.0.0.1" port: 58173 } }
I0517 05:08:52.262778 3759 leader_election.cc:270] T TestTablet P 5e1af8fb1be042fa887295b814027317 [CANDIDATE]: Term 1 election: Election decided. Result: candidate won.
I0517 05:08:52.263778 3761 raft_consensus.cc:2704] T TestTablet P 5e1af8fb1be042fa887295b814027317: Snoozing failure detection for 1.927s (election complete)
I0517 05:08:52.263993 3761 raft_consensus.cc:2511] T TestTablet P 5e1af8fb1be042fa887295b814027317 [term 1 FOLLOWER]: Leader election won for term 1
I0517 05:08:52.265004 3761 raft_consensus.cc:571] T TestTablet P 5e1af8fb1be042fa887295b814027317 [term 1 LEADER]: Becoming Leader. State: Replica: 5e1af8fb1be042fa887295b814027317, State: Running, Role: LEADER
I0517 05:08:52.265514 3761 consensus_queue.cc:204] T TestTablet P 5e1af8fb1be042fa887295b814027317 [LEADER]: Queue going to LEADER mode. State: All replicated index: 0, Majority replicated index: 0, Committed index: 0, Last appended: 0.0, Last appended by leader: 0, Current term: 1, Majority size: 1, State: 0, Mode: LEADER, active raft config: opid_index: -1 peers { permanent_uuid: "5e1af8fb1be042fa887295b814027317" member_type: VOTER last_known_addr { host: "127.0.0.1" port: 58173 } }
I0517 05:08:52.266165 3759 ts_tablet_manager.cc:1073] T TestTablet P 5e1af8fb1be042fa887295b814027317: Time spent starting tablet: real 0.010s user 0.008s sys 0.000s
W0517 05:08:52.266110 3697 reactor.cc:633] Failed to create an outbound connection to 255.255.255.255:1 because connect() failed: Network error: connect(2) error: Network is unreachable (error 101)
W0517 05:08:52.266655 3757 heartbeater.cc:587] Failed to heartbeat to 255.255.255.255:1: Network error: Failed to ping master at 255.255.255.255:1: connect(2) error: Network is unreachable (error 101)
W0517 05:08:52.267228 3697 reactor.cc:633] Failed to create an outbound connection to 255.255.255.255:1 because connect() failed: Network error: connect(2) error: Network is unreachable (error 101)
W0517 05:08:52.267626 3757 heartbeater.cc:587] Failed to heartbeat to 255.255.255.255:1: Network error: Failed to ping master at 255.255.255.255:1: connect(2) error: Network is unreachable (error 101)
I0517 05:08:52.822360 211 tablet_server.cc:144] TabletServer shutting down...
I0517 05:08:52.833119 211 ts_tablet_manager.cc:1118] Shutting down tablet manager...
I0517 05:08:52.833358 211 tablet_replica.cc:261] T TestTablet P 5e1af8fb1be042fa887295b814027317: stopping tablet replica
I0517 05:08:52.833537 211 maintenance_manager.cc:237] P 5e1af8fb1be042fa887295b814027317: Unregistered op CompactRowSetsOp(TestTablet)
I0517 05:08:52.833669 211 maintenance_manager.cc:237] P 5e1af8fb1be042fa887295b814027317: Unregistered op MinorDeltaCompactionOp(TestTablet)
I0517 05:08:52.833789 211 maintenance_manager.cc:237] P 5e1af8fb1be042fa887295b814027317: Unregistered op MajorDeltaCompactionOp(TestTablet)
I0517 05:08:52.833909 211 maintenance_manager.cc:237] P 5e1af8fb1be042fa887295b814027317: Unregistered op UndoDeltaBlockGCOp(TestTablet)
I0517 05:08:52.834069 211 maintenance_manager.cc:237] P 5e1af8fb1be042fa887295b814027317: Unregistered op FlushMRSOp(TestTablet)
I0517 05:08:52.834204 211 maintenance_manager.cc:237] P 5e1af8fb1be042fa887295b814027317: Unregistered op FlushDeltaMemStoresOp(TestTablet)
I0517 05:08:52.834331 211 maintenance_manager.cc:237] P 5e1af8fb1be042fa887295b814027317: Unregistered op LogGCOp(TestTablet)
I0517 05:08:52.834494 211 raft_consensus.cc:2016] T TestTablet P 5e1af8fb1be042fa887295b814027317 [term 1 LEADER]: Raft consensus shutting down.
I0517 05:08:52.834761 211 raft_consensus.cc:2043] T TestTablet P 5e1af8fb1be042fa887295b814027317 [term 1 FOLLOWER]: Raft consensus is shut down!
I0517 05:08:52.852077 211 tablet_server.cc:157] TabletServer shutdown complete.
I0517 05:08:52.852214 211 tablet_server.cc:144] TabletServer shutting down...
I0517 05:08:52.852427 211 tablet_server.cc:157] TabletServer shutdown complete. [ OK ] TabletServerTest.TestReadLatest (725 ms) [ RUN ] TabletServerTest.TestSnapshotScan
I0517 05:08:52.872615 211 system_ntp.cc:143] NTP initialized. Skew: 500ppm Current error: 1046361us
I0517 05:08:52.872941 211 fs_manager.cc:260] Metadata directory not provided
I0517 05:08:52.873046 211 fs_manager.cc:266] Using write-ahead log directory (fs_wal_dir) as metadata directory
I0517 05:08:52.873184 211 server_base.cc:432] Could not load existing FS layout: Not found: /tmp/dist-test-taskWs1ZT3/test-tmp/tablet_server-test.0.TabletServerTest.TestSnapshotScan.1526533719119959-211/TabletServerTest-fsroot/instance: No such file or directory (error 2)
I0517 05:08:52.873276 211 server_base.cc:433] Attempting to create new FS layout instead
I0517 05:08:52.879039 211 fs_manager.cc:595] Generated new instance metadata in path /tmp/dist-test-taskWs1ZT3/test-tmp/tablet_server-test.0.TabletServerTest.TestSnapshotScan.1526533719119959-211/TabletServerTest-fsroot/instance: uuid: "a3dfbf4a569a483e9a642d59491abee0" format_stamp: "Formatted at 2018-05-17 05:08:52 on dist-test-slave-dist-test-slave-djmg"
I0517 05:08:52.886766 211 fs_manager.cc:495] Time spent creating directory manager: real 0.007s user 0.012s sys 0.000s
I0517 05:08:52.887972 211 file_cache.cc:470] Constructed file cache lbm with capacity 26214
I0517 05:08:52.894053 211 fs_manager.cc:417] Time spent opening block manager: real 0.001s user 0.004s sys 0.000s
I0517 05:08:52.894191 211 fs_manager.cc:428] Opened local filesystem: /tmp/dist-test-taskWs1ZT3/test-tmp/tablet_server-test.0.TabletServerTest.TestSnapshotScan.1526533719119959-211/TabletServerTest-fsroot uuid: "a3dfbf4a569a483e9a642d59491abee0" format_stamp: "Formatted at 2018-05-17 05:08:52 on dist-test-slave-dist-test-slave-djmg"
I0517 05:08:52.894382 211 fs_report.cc:347] Block manager report -------------------- 1 data directories: /tmp/dist-test-taskWs1ZT3/test-tmp/tablet_server-test.0.TabletServerTest.TestSnapshotScan.1526533719119959-211/TabletServerTest-fsroot/data Total live blocks: 0 Total live bytes: 0 Total live bytes (after alignment): 0 Total number of LBM containers: 0 (0 full) Did not check for missing blocks Did not check for orphaned blocks Total full LBM containers with extra space: 0 (0 repaired) Total full LBM container extra space in bytes: 0 (0 repaired) Total incomplete LBM containers: 0 (0 repaired) Total LBM partial records: 0 (0 repaired)
I0517 05:08:52.935411 211 ts_tablet_manager.cc:356] Loaded tablet metadata (0 live tablets)
I0517 05:08:52.960965 211 rpc_server.cc:205] RPC server started. Bound to: 127.0.0.1:47592
I0517 05:08:52.961740 211 webserver.cc:173] Starting webserver on 127.0.0.1:0
I0517 05:08:52.961846 211 webserver.cc:184] Document root disabled
I0517 05:08:52.962644 211 webserver.cc:311] Webserver started. Bound to: http://127.0.0.1:45576/
W0517 05:08:52.963735 3775 reactor.cc:633] Failed to create an outbound connection to 255.255.255.255:1 because connect() failed: Network error: connect(2) error: Network is unreachable (error 101)
I0517 05:08:52.963994 3836 maintenance_manager.cc:249] Maintenance manager is disabled. Stopping thread.
W0517 05:08:52.964151 3835 heartbeater.cc:587] Failed to heartbeat to 255.255.255.255:1: Network error: Failed to ping master at 255.255.255.255:1: connect(2) error: Network is unreachable (error 101)
I0517 05:08:52.964555 211 data_dirs.cc:934] Could only allocate 1 dirs of requested 3 for tablet TestTablet. 1 dirs total, 0 dirs full, 0 dirs failed
W0517 05:08:52.964663 3775 reactor.cc:633] Failed to create an outbound connection to 255.255.255.255:1 because connect() failed: Network error: connect(2) error: Network is unreachable (error 101)
W0517 05:08:52.965046 3835 heartbeater.cc:587] Failed to heartbeat to 255.255.255.255:1: Network error: Failed to ping master at 255.255.255.255:1: connect(2) error: Network is unreachable (error 101)
W0517 05:08:52.965392 3775 reactor.cc:633] Failed to create an outbound connection to 255.255.255.255:1 because connect() failed: Network error: connect(2) error: Network is unreachable (error 101)
W0517 05:08:52.965662 3835 heartbeater.cc:587] Failed to heartbeat to 255.255.255.255:1: Network error: Failed to ping master at 255.255.255.255:1: connect(2) error: Network is unreachable (error 101)
W0517 05:08:52.965786 3835 heartbeater.cc:380] Failed 3 heartbeats in a row: no longer allowing fast heartbeat attempts.
I0517 05:08:52.975306 211 ts_tablet_manager.cc:1173] T TestTablet P a3dfbf4a569a483e9a642d59491abee0: Registered tablet (data state: TABLET_DATA_READY)
I0517 05:08:52.976580 3837 ts_tablet_manager.cc:1028] T TestTablet P a3dfbf4a569a483e9a642d59491abee0: Bootstrapping tablet
I0517 05:08:52.977046 3837 tablet_bootstrap.cc:436] T TestTablet P a3dfbf4a569a483e9a642d59491abee0: Bootstrap starting.
I0517 05:08:52.979393 3837 tablet_bootstrap.cc:587] T TestTablet P a3dfbf4a569a483e9a642d59491abee0: No blocks or log segments found. Creating new log.
I0517 05:08:52.982409 3837 tablet_bootstrap.cc:436] T TestTablet P a3dfbf4a569a483e9a642d59491abee0: No bootstrap required, opened a new log
I0517 05:08:52.982725 3837 ts_tablet_manager.cc:1045] T TestTablet P a3dfbf4a569a483e9a642d59491abee0: Time spent bootstrapping tablet: real 0.006s user 0.004s sys 0.000s
I0517 05:08:52.983920 3837 raft_consensus.cc:303] T TestTablet P a3dfbf4a569a483e9a642d59491abee0 [term 0 FOLLOWER]: Replica starting. Triggering 0 pending transactions. Active config: opid_index: -1 peers { permanent_uuid: "a3dfbf4a569a483e9a642d59491abee0" member_type: VOTER last_known_addr { host: "127.0.0.1" port: 47592 } }
I0517 05:08:52.984344 3837 raft_consensus.cc:329] T TestTablet P a3dfbf4a569a483e9a642d59491abee0 [term 0 FOLLOWER]: Consensus starting up: Expiring failure detector timer to make a prompt election more likely
I0517 05:08:52.984511 3837 raft_consensus.cc:604] T TestTablet P a3dfbf4a569a483e9a642d59491abee0 [term 0 FOLLOWER]: Becoming Follower/Learner. State: Replica: a3dfbf4a569a483e9a642d59491abee0, State: Initialized, Role: FOLLOWER
I0517 05:08:52.984956 3837 consensus_queue.cc:227] T TestTablet P a3dfbf4a569a483e9a642d59491abee0 [NON_LEADER]: Queue going to NON_LEADER mode. State: All replicated index: 0, Majority replicated index: 0, Committed index: 0, Last appended: 0.0, Last appended by leader: 0, Current term: 0, Majority size: -1, State: 0, Mode: NON_LEADER, active raft config: opid_index: -1 peers { permanent_uuid: "a3dfbf4a569a483e9a642d59491abee0" member_type: VOTER last_known_addr { host: "127.0.0.1" port: 47592 } }
I0517 05:08:52.985412 3837 raft_consensus.cc:343] T TestTablet P a3dfbf4a569a483e9a642d59491abee0 [term 0 FOLLOWER]: Only one voter in the Raft config. Triggering election immediately
I0517 05:08:52.985569 3837 raft_consensus.cc:435] T TestTablet P a3dfbf4a569a483e9a642d59491abee0 [term 0 FOLLOWER]: Starting leader election (initial election of a single-replica configuration)
I0517 05:08:52.985730 3837 raft_consensus.cc:2704] T TestTablet P a3dfbf4a569a483e9a642d59491abee0: Snoozing failure detection for 1.566s (starting election)
I0517 05:08:52.985899 3837 raft_consensus.cc:2756] T TestTablet P a3dfbf4a569a483e9a642d59491abee0 [term 0 FOLLOWER]: Advancing to term 1
I0517 05:08:52.990648 3837 raft_consensus.cc:457] T TestTablet P a3dfbf4a569a483e9a642d59491abee0 [term 1 FOLLOWER]: Starting leader election with config: opid_index: -1 peers { permanent_uuid: "a3dfbf4a569a483e9a642d59491abee0" member_type: VOTER last_known_addr { host: "127.0.0.1" port: 47592 } }
I0517 05:08:52.991129 3837 leader_election.cc:270] T TestTablet P a3dfbf4a569a483e9a642d59491abee0 [CANDIDATE]: Term 1 election: Election decided. Result: candidate won.
I0517 05:08:52.992233 3839 raft_consensus.cc:2704] T TestTablet P a3dfbf4a569a483e9a642d59491abee0: Snoozing failure detection for 2.102s (election complete)
I0517 05:08:52.992455 3839 raft_consensus.cc:2511] T TestTablet P a3dfbf4a569a483e9a642d59491abee0 [term 1 FOLLOWER]: Leader election won for term 1
W0517 05:08:52.993594 3775 reactor.cc:633] Failed to create an outbound connection to 255.255.255.255:1 because connect() failed: Network error: connect(2) error: Network is unreachable (error 101)
I0517 05:08:52.993665 3837 ts_tablet_manager.cc:1073] T TestTablet P a3dfbf4a569a483e9a642d59491abee0: Time spent starting tablet: real 0.011s user 0.012s sys 0.000s
W0517 05:08:52.993927 3835 heartbeater.cc:587] Failed to heartbeat to 255.255.255.255:1: Network error: Failed to ping master at 255.255.255.255:1: connect(2) error: Network is unreachable (error 101)
W0517 05:08:52.994421 3775 reactor.cc:633] Failed to create an outbound connection to 255.255.255.255:1 because connect() failed: Network error: connect(2) error: Network is unreachable (error 101)
W0517 05:08:52.994756 3835 heartbeater.cc:587] Failed to heartbeat to 255.255.255.255:1: Network error: Failed to ping master at 255.255.255.255:1: connect(2) error: Network is unreachable (error 101)
W0517 05:08:52.995152 3775 reactor.cc:633] Failed to create an outbound connection to 255.255.255.255:1 because connect() failed: Network error: connect(2) error: Network is unreachable (error 101)
W0517 05:08:52.995563 3835 heartbeater.cc:587] Failed to heartbeat to 255.255.255.255:1: Network error: Failed to ping master at 255.255.255.255:1: connect(2) error: Network is unreachable (error 101)
I0517 05:08:52.996446 3839 raft_consensus.cc:571] T TestTablet P a3dfbf4a569a483e9a642d59491abee0 [term 1 LEADER]: Becoming Leader. State: Replica: a3dfbf4a569a483e9a642d59491abee0, State: Running, Role: LEADER
I0517 05:08:52.996881 3839 consensus_queue.cc:204] T TestTablet P a3dfbf4a569a483e9a642d59491abee0 [LEADER]: Queue going to LEADER mode. State: All replicated index: 0, Majority replicated index: 0, Committed index: 0, Last appended: 0.0, Last appended by leader: 0, Current term: 1, Majority size: 1, State: 0, Mode: LEADER, active raft config: opid_index: -1 peers { permanent_uuid: "a3dfbf4a569a483e9a642d59491abee0" member_type: VOTER last_known_addr { host: "127.0.0.1" port: 47592 } }
I0517 05:08:53.175926 211 tablet_server.cc:144] TabletServer shutting down...
I0517 05:08:53.191239 211 ts_tablet_manager.cc:1118] Shutting down tablet manager...
I0517 05:08:53.191637 211 tablet_replica.cc:261] T TestTablet P a3dfbf4a569a483e9a642d59491abee0: stopping tablet replica
I0517 05:08:53.191843 211 maintenance_manager.cc:237] P a3dfbf4a569a483e9a642d59491abee0: Unregistered op CompactRowSetsOp(TestTablet)
I0517 05:08:53.191970 211 maintenance_manager.cc:237] P a3dfbf4a569a483e9a642d59491abee0: Unregistered op MinorDeltaCompactionOp(TestTablet)
I0517 05:08:53.192081 211 maintenance_manager.cc:237] P a3dfbf4a569a483e9a642d59491abee0: Unregistered op MajorDeltaCompactionOp(TestTablet)
I0517 05:08:53.192188 211 maintenance_manager.cc:237] P a3dfbf4a569a483e9a642d59491abee0: Unregistered op UndoDeltaBlockGCOp(TestTablet)
I0517 05:08:53.192329 211 maintenance_manager.cc:237] P a3dfbf4a569a483e9a642d59491abee0: Unregistered op FlushMRSOp(TestTablet)
I0517 05:08:53.192431 211 maintenance_manager.cc:237] P a3dfbf4a569a483e9a642d59491abee0: Unregistered op FlushDeltaMemStoresOp(TestTablet)
I0517 05:08:53.192520 211 maintenance_manager.cc:237] P a3dfbf4a569a483e9a642d59491abee0: Unregistered op LogGCOp(TestTablet)
I0517 05:08:53.192646 211 raft_consensus.cc:2016] T TestTablet P a3dfbf4a569a483e9a642d59491abee0 [term 1 LEADER]: Raft consensus shutting down.
I0517 05:08:53.192864 211 raft_consensus.cc:2043] T TestTablet P a3dfbf4a569a483e9a642d59491abee0 [term 1 FOLLOWER]: Raft consensus is shut down!
I0517 05:08:53.204385 211 tablet_server.cc:157] TabletServer shutdown complete.
I0517 05:08:53.204753 211 tablet_server.cc:144] TabletServer shutting down...
I0517 05:08:53.205298 211 tablet_server.cc:157] TabletServer shutdown complete. [ OK ] TabletServerTest.TestSnapshotScan (357 ms) [ RUN ] TabletServerTest.TestSnapshotScan_WithoutSnapshotTimestamp
I0517 05:08:53.232311 211 system_ntp.cc:143] NTP initialized. Skew: 500ppm Current error: 1046861us
I0517 05:08:53.232821 211 fs_manager.cc:260] Metadata directory not provided
I0517 05:08:53.232941 211 fs_manager.cc:266] Using write-ahead log directory (fs_wal_dir) as metadata directory
I0517 05:08:53.233242 211 server_base.cc:432] Could not load existing FS layout: Not found: /tmp/dist-test-taskWs1ZT3/test-tmp/tablet_server-test.0.TabletServerTest.TestSnapshotScan_WithoutSnapshotTimestamp.1526533719119959-211/TabletServerTest-fsroot/instance: No such file or directory (error 2)
I0517 05:08:53.233388 211 server_base.cc:433] Attempting to create new FS layout instead
