I0517 05:08:50.002601 2862 leader_election.cc:270] T TestTablet P 94cc363f2a794e108ed8384ebc4cc57f [CANDIDATE]: Term 1 election: Election decided. Result: candidate won.
I0517 05:08:50.003582 2864 raft_consensus.cc:2704] T TestTablet P 94cc363f2a794e108ed8384ebc4cc57f: Snoozing failure detection for 2.223s (election complete)
I0517 05:08:50.003813 2864 raft_consensus.cc:2511] T TestTablet P 94cc363f2a794e108ed8384ebc4cc57f [term 1 FOLLOWER]: Leader election won for term 1
I0517 05:08:50.004765 2864 raft_consensus.cc:571] T TestTablet P 94cc363f2a794e108ed8384ebc4cc57f [term 1 LEADER]: Becoming Leader. State: Replica: 94cc363f2a794e108ed8384ebc4cc57f, State: Running, Role: LEADER
W0517 05:08:50.005792 2800 reactor.cc:633] Failed to create an outbound connection to 255.255.255.255:1 because connect() failed: Network error: connect(2) error: Network is unreachable (error 101)
I0517 05:08:50.005858 2862 ts_tablet_manager.cc:1073] T TestTablet P 94cc363f2a794e108ed8384ebc4cc57f: Time spent starting tablet: real 0.010s user 0.012s sys 0.000s
I0517 05:08:50.005605 2864 consensus_queue.cc:204] T TestTablet P 94cc363f2a794e108ed8384ebc4cc57f [LEADER]: Queue going to LEADER mode. State: All replicated index: 0, Majority replicated index: 0, Committed index: 0, Last appended: 0.0, Last appended by leader: 0, Current term: 1, Majority size: 1, State: 0, Mode: LEADER, active raft config: opid_index: -1 peers { permanent_uuid: "94cc363f2a794e108ed8384ebc4cc57f" member_type: VOTER last_known_addr { host: "127.0.0.1" port: 50673 } }
W0517 05:08:50.006213 2860 heartbeater.cc:587] Failed to heartbeat to 255.255.255.255:1: Network error: Failed to ping master at 255.255.255.255:1: connect(2) error: Network is unreachable (error 101)
W0517 05:08:50.006662 2800 reactor.cc:633] Failed to create an outbound connection to 255.255.255.255:1 because connect() failed: Network error: connect(2) error: Network is unreachable (error 101)
W0517 05:08:50.007091 2860 heartbeater.cc:587] Failed to heartbeat to 255.255.255.255:1: Network error: Failed to ping master at 255.255.255.255:1: connect(2) error: Network is unreachable (error 101)
I0517 05:08:50.023138 211 tablet.cc:1152] T TestTablet P 94cc363f2a794e108ed8384ebc4cc57f: Flush: entering stage 1 (old memrowset already frozen for inserts)
I0517 05:08:50.023288 211 compaction.cc:913] Selected 1 rowsets to compact:
I0517 05:08:50.023376 211 compaction.cc:916] memrowset(current size on disk: ~0 bytes)
I0517 05:08:50.023460 211 tablet.cc:1154] T TestTablet P 94cc363f2a794e108ed8384ebc4cc57f: Memstore in-memory size: 763 bytes
I0517 05:08:50.023566 211 tablet.cc:1443] T TestTablet P 94cc363f2a794e108ed8384ebc4cc57f: Flush: entering phase 1 (flushing snapshot). Phase 1 snapshot: MvccSnapshot[committed={T|T < 6252682158160928768 or (T in {6252682158160928768})}]
I0517 05:08:50.026790 211 multi_column_writer.cc:98] Opened CFile writers for 3 column(s)
I0517 05:08:50.034652 211 tablet.cc:1528] T TestTablet P 94cc363f2a794e108ed8384ebc4cc57f: Flush: entering phase 2 (starting to duplicate updates in new rowsets)
I0517 05:08:50.034950 211 tablet.cc:1583] T TestTablet P 94cc363f2a794e108ed8384ebc4cc57f: Flush Phase 2: carrying over any updates which arrived during Phase 1
I0517 05:08:50.035048 211 tablet.cc:1585] T TestTablet P 94cc363f2a794e108ed8384ebc4cc57f: Phase 2 snapshot: MvccSnapshot[committed={T|T < 6252682158160928768 or (T in {6252682158160928768})}]
I0517 05:08:50.040324 211 tablet.cc:1633] T TestTablet P 94cc363f2a794e108ed8384ebc4cc57f: Flush successful on 1 rows (4628 bytes)
I0517 05:08:50.056279 211 tablet.cc:1152] T TestTablet P 94cc363f2a794e108ed8384ebc4cc57f: Flush: entering stage 1 (old memrowset already frozen for inserts)
I0517 05:08:50.056424 211 compaction.cc:913] Selected 1 rowsets to compact:
I0517 05:08:50.056510 211 compaction.cc:916] memrowset(current size on disk: ~0 bytes)
I0517 05:08:50.056591 211 tablet.cc:1154] T TestTablet P 94cc363f2a794e108ed8384ebc4cc57f: Memstore in-memory size: 763 bytes
I0517 05:08:50.056718 211 tablet.cc:1443] T TestTablet P 94cc363f2a794e108ed8384ebc4cc57f: Flush: entering phase 1 (flushing snapshot). Phase 1 snapshot: MvccSnapshot[committed={T|T < 6252682158299213824 or (T in {6252682158299213824})}]
I0517 05:08:50.057879 211 multi_column_writer.cc:98] Opened CFile writers for 3 column(s)
I0517 05:08:50.063702 211 tablet.cc:1528] T TestTablet P 94cc363f2a794e108ed8384ebc4cc57f: Flush: entering phase 2 (starting to duplicate updates in new rowsets)
I0517 05:08:50.064131 211 tablet.cc:1583] T TestTablet P 94cc363f2a794e108ed8384ebc4cc57f: Flush Phase 2: carrying over any updates which arrived during Phase 1
I0517 05:08:50.064256 211 tablet.cc:1585] T TestTablet P 94cc363f2a794e108ed8384ebc4cc57f: Phase 2 snapshot: MvccSnapshot[committed={T|T < 6252682158299213824 or (T in {6252682158299213824})}]
I0517 05:08:50.069492 211 tablet.cc:1633] T TestTablet P 94cc363f2a794e108ed8384ebc4cc57f: Flush successful on 1 rows (4628 bytes)
I0517 05:08:50.085561 211 tablet.cc:1152] T TestTablet P 94cc363f2a794e108ed8384ebc4cc57f: Flush: entering stage 1 (old memrowset already frozen for inserts)
I0517 05:08:50.085721 211 compaction.cc:913] Selected 1 rowsets to compact:
I0517 05:08:50.085810 211 compaction.cc:916] memrowset(current size on disk: ~0 bytes)
I0517 05:08:50.085894 211 tablet.cc:1154] T TestTablet P 94cc363f2a794e108ed8384ebc4cc57f: Memstore in-memory size: 763 bytes
I0517 05:08:50.085999 211 tablet.cc:1443] T TestTablet P 94cc363f2a794e108ed8384ebc4cc57f: Flush: entering phase 1 (flushing snapshot). Phase 1 snapshot: MvccSnapshot[committed={T|T < 6252682158418751488 or (T in {6252682158418751488})}]
I0517 05:08:50.087162 211 multi_column_writer.cc:98] Opened CFile writers for 3 column(s)
I0517 05:08:50.093093 211 tablet.cc:1528] T TestTablet P 94cc363f2a794e108ed8384ebc4cc57f: Flush: entering phase 2 (starting to duplicate updates in new rowsets)
I0517 05:08:50.093485 211 tablet.cc:1583] T TestTablet P 94cc363f2a794e108ed8384ebc4cc57f: Flush Phase 2: carrying over any updates which arrived during Phase 1
I0517 05:08:50.093590 211 tablet.cc:1585] T TestTablet P 94cc363f2a794e108ed8384ebc4cc57f: Phase 2 snapshot: MvccSnapshot[committed={T|T < 6252682158418751488 or (T in {6252682158418751488})}]
I0517 05:08:50.099095 211 tablet.cc:1633] T TestTablet P 94cc363f2a794e108ed8384ebc4cc57f: Flush successful on 1 rows (4628 bytes)
I0517 05:08:50.120925 211 tablet.cc:1152] T TestTablet P 94cc363f2a794e108ed8384ebc4cc57f: Flush: entering stage 1 (old memrowset already frozen for inserts)
I0517 05:08:50.121089 211 compaction.cc:913] Selected 1 rowsets to compact:
I0517 05:08:50.121201 211 compaction.cc:916] memrowset(current size on disk: ~0 bytes)
I0517 05:08:50.121301 211 tablet.cc:1154] T TestTablet P 94cc363f2a794e108ed8384ebc4cc57f: Memstore in-memory size: 763 bytes
I0517 05:08:50.121435 211 tablet.cc:1443] T TestTablet P 94cc363f2a794e108ed8384ebc4cc57f: Flush: entering phase 1 (flushing snapshot). Phase 1 snapshot: MvccSnapshot[committed={T|T < 6252682158558961664 or (T in {6252682158558961664})}]
I0517 05:08:50.122654 211 multi_column_writer.cc:98] Opened CFile writers for 3 column(s)
I0517 05:08:50.128733 211 tablet.cc:1528] T TestTablet P 94cc363f2a794e108ed8384ebc4cc57f: Flush: entering phase 2 (starting to duplicate updates in new rowsets)
I0517 05:08:50.129164 211 tablet.cc:1583] T TestTablet P 94cc363f2a794e108ed8384ebc4cc57f: Flush Phase 2: carrying over any updates which arrived during Phase 1
I0517 05:08:50.129278 211 tablet.cc:1585] T TestTablet P 94cc363f2a794e108ed8384ebc4cc57f: Phase 2 snapshot: MvccSnapshot[committed={T|T < 6252682158558961664 or (T in {6252682158558961664})}]
I0517 05:08:50.135550 211 tablet.cc:1633] T TestTablet P 94cc363f2a794e108ed8384ebc4cc57f: Flush successful on 1 rows (4637 bytes)
I0517 05:08:50.141594 211 tablet_server.cc:144] TabletServer shutting down...
I0517 05:08:50.152712 211 ts_tablet_manager.cc:1118] Shutting down tablet manager...
I0517 05:08:50.153028 211 tablet_replica.cc:261] T TestTablet P 94cc363f2a794e108ed8384ebc4cc57f: stopping tablet replica
I0517 05:08:50.153278 211 maintenance_manager.cc:237] P 94cc363f2a794e108ed8384ebc4cc57f: Unregistered op CompactRowSetsOp(TestTablet)
I0517 05:08:50.153434 211 maintenance_manager.cc:237] P 94cc363f2a794e108ed8384ebc4cc57f: Unregistered op MinorDeltaCompactionOp(TestTablet)
I0517 05:08:50.153583 211 maintenance_manager.cc:237] P 94cc363f2a794e108ed8384ebc4cc57f: Unregistered op MajorDeltaCompactionOp(TestTablet)
I0517 05:08:50.153692 211 maintenance_manager.cc:237] P 94cc363f2a794e108ed8384ebc4cc57f: Unregistered op UndoDeltaBlockGCOp(TestTablet)
I0517 05:08:50.153815 211 maintenance_manager.cc:237] P 94cc363f2a794e108ed8384ebc4cc57f: Unregistered op FlushMRSOp(TestTablet)
I0517 05:08:50.153908 211 maintenance_manager.cc:237] P 94cc363f2a794e108ed8384ebc4cc57f: Unregistered op FlushDeltaMemStoresOp(TestTablet)
I0517 05:08:50.153996 211 maintenance_manager.cc:237] P 94cc363f2a794e108ed8384ebc4cc57f: Unregistered op LogGCOp(TestTablet)
I0517 05:08:50.154098 211 raft_consensus.cc:2016] T TestTablet P 94cc363f2a794e108ed8384ebc4cc57f [term 1 LEADER]: Raft consensus shutting down.
I0517 05:08:50.154304 211 raft_consensus.cc:2043] T TestTablet P 94cc363f2a794e108ed8384ebc4cc57f [term 1 FOLLOWER]: Raft consensus is shut down!
I0517 05:08:50.163905 211 tablet_server.cc:157] TabletServer shutdown complete.
I0517 05:08:50.164036 211 tablet_server.cc:144] TabletServer shutting down...
I0517 05:08:50.164245 211 tablet_server.cc:157] TabletServer shutdown complete.
I0517 05:08:50.176072 211 system_ntp.cc:143] NTP initialized. Skew: 500ppm Current error: 1045361us
I0517 05:08:50.176370 211 fs_manager.cc:260] Metadata directory not provided
I0517 05:08:50.176465 211 fs_manager.cc:263] Using existing metadata directory in first data directory
I0517 05:08:50.178793 211 fs_manager.cc:397] Time spent opening directory manager: real 0.002s user 0.000s sys 0.000s
I0517 05:08:50.179626 211 file_cache.cc:470] Constructed file cache lbm with capacity 26214
I0517 05:08:50.192471 211 fs_manager.cc:417] Time spent opening block manager: real 0.008s user 0.000s sys 0.000s
I0517 05:08:50.192620 211 fs_manager.cc:428] Opened local filesystem: /tmp/dist-test-taskWs1ZT3/test-tmp/tablet_server-test.0.TabletServerTest.TestKUDU_1341.1526533719119959-211/TabletServerTest-fsroot uuid: "94cc363f2a794e108ed8384ebc4cc57f" format_stamp: "Formatted at 2018-05-17 05:08:49 on dist-test-slave-dist-test-slave-djmg"
I0517 05:08:50.192838 211 fs_report.cc:347] Block manager report -------------------- 1 data directories: /tmp/dist-test-taskWs1ZT3/test-tmp/tablet_server-test.0.TabletServerTest.TestKUDU_1341.1526533719119959-211/TabletServerTest-fsroot/data Total live blocks: 20 Total live bytes: 19213 Total live bytes (after alignment): 98304 Total number of LBM containers: 6 (0 full) Did not check for missing blocks Did not check for orphaned blocks Total full LBM containers with extra space: 0 (0 repaired) Total full LBM container extra space in bytes: 0 (0 repaired) Total incomplete LBM containers: 0 (0 repaired) Total LBM partial records: 0 (0 repaired)
I0517 05:08:50.262718 211 ts_tablet_manager.cc:344] Loading tablet metadata (0/1 complete)
I0517 05:08:50.262856 211 ts_tablet_manager.cc:1005] T TestTablet P 94cc363f2a794e108ed8384ebc4cc57f: Loading tablet metadata
I0517 05:08:50.266909 211 ts_tablet_manager.cc:356] Loaded tablet metadata (1 live tablets)
I0517 05:08:50.269953 211 ts_tablet_manager.cc:1173] T TestTablet P 94cc363f2a794e108ed8384ebc4cc57f: Registered tablet (data state: TABLET_DATA_READY)
I0517 05:08:50.270956 2882 ts_tablet_manager.cc:1028] T TestTablet P 94cc363f2a794e108ed8384ebc4cc57f: Bootstrapping tablet
I0517 05:08:50.271301 2882 tablet_bootstrap.cc:436] T TestTablet P 94cc363f2a794e108ed8384ebc4cc57f: Bootstrap starting.
I0517 05:08:50.301537 2882 tablet_bootstrap.cc:436] T TestTablet P 94cc363f2a794e108ed8384ebc4cc57f: Bootstrap replayed 1/1 log segments. Stats: ops{read=12 overwritten=0 applied=12 ignored=5} inserts{seen=0 ignored=0} mutations{seen=6 ignored=0} orphaned_commits=0. Pending: 0 replicates
I0517 05:08:50.302364 2882 tablet_bootstrap.cc:436] T TestTablet P 94cc363f2a794e108ed8384ebc4cc57f: Bootstrap complete.
I0517 05:08:50.302796 2882 ts_tablet_manager.cc:1045] T TestTablet P 94cc363f2a794e108ed8384ebc4cc57f: Time spent bootstrapping tablet: real 0.032s user 0.024s sys 0.004s
I0517 05:08:50.304005 2882 raft_consensus.cc:303] T TestTablet P 94cc363f2a794e108ed8384ebc4cc57f [term 1 FOLLOWER]: Replica starting. Triggering 0 pending transactions. Active config: opid_index: -1 peers { permanent_uuid: "94cc363f2a794e108ed8384ebc4cc57f" member_type: VOTER last_known_addr { host: "127.0.0.1" port: 50673 } }
I0517 05:08:50.304443 2882 raft_consensus.cc:604] T TestTablet P 94cc363f2a794e108ed8384ebc4cc57f [term 1 FOLLOWER]: Becoming Follower/Learner. State: Replica: 94cc363f2a794e108ed8384ebc4cc57f, State: Initialized, Role: FOLLOWER
I0517 05:08:50.304731 211 rpc_server.cc:205] RPC server started. Bound to: 127.0.0.1:37559
I0517 05:08:50.304977 2882 consensus_queue.cc:227] T TestTablet P 94cc363f2a794e108ed8384ebc4cc57f [NON_LEADER]: Queue going to NON_LEADER mode. State: All replicated index: 0, Majority replicated index: 0, Committed index: 12, Last appended: 1.12, Last appended by leader: 12, Current term: 0, Majority size: -1, State: 0, Mode: NON_LEADER, active raft config: opid_index: -1 peers { permanent_uuid: "94cc363f2a794e108ed8384ebc4cc57f" member_type: VOTER last_known_addr { host: "127.0.0.1" port: 50673 } }
I0517 05:08:50.305493 2882 raft_consensus.cc:343] T TestTablet P 94cc363f2a794e108ed8384ebc4cc57f [term 1 FOLLOWER]: Only one voter in the Raft config. Triggering election immediately
I0517 05:08:50.305688 2882 raft_consensus.cc:435] T TestTablet P 94cc363f2a794e108ed8384ebc4cc57f [term 1 FOLLOWER]: Starting leader election (initial election of a single-replica configuration)
I0517 05:08:50.305897 211 webserver.cc:173] Starting webserver on 127.0.0.1:0
I0517 05:08:50.305891 2882 raft_consensus.cc:2704] T TestTablet P 94cc363f2a794e108ed8384ebc4cc57f: Snoozing failure detection for 1.811s (starting election)
I0517 05:08:50.306087 211 webserver.cc:184] Document root disabled
I0517 05:08:50.306144 2882 raft_consensus.cc:2756] T TestTablet P 94cc363f2a794e108ed8384ebc4cc57f [term 1 FOLLOWER]: Advancing to term 2
I0517 05:08:50.307082 211 webserver.cc:311] Webserver started. Bound to: http://127.0.0.1:47349/
W0517 05:08:50.308173 2876 reactor.cc:633] Failed to create an outbound connection to 255.255.255.255:1 because connect() failed: Network error: connect(2) error: Network is unreachable (error 101)
W0517 05:08:50.308521 2938 heartbeater.cc:587] Failed to heartbeat to 255.255.255.255:1: Network error: Failed to ping master at 255.255.255.255:1: connect(2) error: Network is unreachable (error 101)
W0517 05:08:50.308933 2876 reactor.cc:633] Failed to create an outbound connection to 255.255.255.255:1 because connect() failed: Network error: connect(2) error: Network is unreachable (error 101)
W0517 05:08:50.309226 2938 heartbeater.cc:587] Failed to heartbeat to 255.255.255.255:1: Network error: Failed to ping master at 255.255.255.255:1: connect(2) error: Network is unreachable (error 101)
W0517 05:08:50.309587 2876 reactor.cc:633] Failed to create an outbound connection to 255.255.255.255:1 because connect() failed: Network error: connect(2) error: Network is unreachable (error 101)
W0517 05:08:50.309890 2938 heartbeater.cc:587] Failed to heartbeat to 255.255.255.255:1: Network error: Failed to ping master at 255.255.255.255:1: connect(2) error: Network is unreachable (error 101)
W0517 05:08:50.310035 2938 heartbeater.cc:380] Failed 3 heartbeats in a row: no longer allowing fast heartbeat attempts.
I0517 05:08:50.310932 2882 raft_consensus.cc:457] T TestTablet P 94cc363f2a794e108ed8384ebc4cc57f [term 2 FOLLOWER]: Starting leader election with config: opid_index: -1 peers { permanent_uuid: "94cc363f2a794e108ed8384ebc4cc57f" member_type: VOTER last_known_addr { host: "127.0.0.1" port: 50673 } }
I0517 05:08:50.311468 2882 leader_election.cc:270] T TestTablet P 94cc363f2a794e108ed8384ebc4cc57f [CANDIDATE]: Term 2 election: Election decided. Result: candidate won.
I0517 05:08:50.312523 2940 raft_consensus.cc:2704] T TestTablet P 94cc363f2a794e108ed8384ebc4cc57f: Snoozing failure detection for 1.888s (election complete)
I0517 05:08:50.312741 2940 raft_consensus.cc:2511] T TestTablet P 94cc363f2a794e108ed8384ebc4cc57f [term 2 FOLLOWER]: Leader election won for term 2
I0517 05:08:50.314453 2939 maintenance_manager.cc:249] Maintenance manager is disabled. Stopping thread.
W0517 05:08:50.315251 2876 reactor.cc:633] Failed to create an outbound connection to 255.255.255.255:1 because connect() failed: Network error: connect(2) error: Network is unreachable (error 101)
I0517 05:08:50.315481 2882 ts_tablet_manager.cc:1073] T TestTablet P 94cc363f2a794e108ed8384ebc4cc57f: Time spent starting tablet: real 0.012s user 0.008s sys 0.004s
W0517 05:08:50.315630 2938 heartbeater.cc:587] Failed to heartbeat to 255.255.255.255:1: Network error: Failed to ping master at 255.255.255.255:1: connect(2) error: Network is unreachable (error 101)
W0517 05:08:50.316068 2876 reactor.cc:633] Failed to create an outbound connection to 255.255.255.255:1 because connect() failed: Network error: connect(2) error: Network is unreachable (error 101)
I0517 05:08:50.316167 2940 raft_consensus.cc:571] T TestTablet P 94cc363f2a794e108ed8384ebc4cc57f [term 2 LEADER]: Becoming Leader. State: Replica: 94cc363f2a794e108ed8384ebc4cc57f, State: Running, Role: LEADER
W0517 05:08:50.316402 2938 heartbeater.cc:587] Failed to heartbeat to 255.255.255.255:1: Network error: Failed to ping master at 255.255.255.255:1: connect(2) error: Network is unreachable (error 101)
I0517 05:08:50.316586 2940 consensus_queue.cc:204] T TestTablet P 94cc363f2a794e108ed8384ebc4cc57f [LEADER]: Queue going to LEADER mode. State: All replicated index: 0, Majority replicated index: 12, Committed index: 12, Last appended: 1.12, Last appended by leader: 12, Current term: 2, Majority size: 1, State: 0, Mode: LEADER, active raft config: opid_index: -1 peers { permanent_uuid: "94cc363f2a794e108ed8384ebc4cc57f" member_type: VOTER last_known_addr { host: "127.0.0.1" port: 50673 } }
I0517 05:08:50.324168 211 tablet.cc:1143] T TestTablet P 94cc363f2a794e108ed8384ebc4cc57f: MemRowSet was empty: no flush needed.
I0517 05:08:50.331960 211 tablet.cc:1663] T TestTablet P 94cc363f2a794e108ed8384ebc4cc57f: Compaction: stage 1 complete, picked 4 rowsets to compact or flush
I0517 05:08:50.332113 211 compaction.cc:913] Selected 4 rowsets to compact:
I0517 05:08:50.332199 211 compaction.cc:916] RowSet(0)(current size on disk: ~4791 bytes)
I0517 05:08:50.332307 211 compaction.cc:916] RowSet(1)(current size on disk: ~4791 bytes)
I0517 05:08:50.332406 211 compaction.cc:916] RowSet(2)(current size on disk: ~4791 bytes)
I0517 05:08:50.332501 211 compaction.cc:916] RowSet(3)(current size on disk: ~4840 bytes)
I0517 05:08:50.332607 211 tablet.cc:1443] T TestTablet P 94cc363f2a794e108ed8384ebc4cc57f: Compaction: entering phase 1 (flushing snapshot). Phase 1 snapshot: MvccSnapshot[committed={T|T < 6252682158558961664 or (T in {6252682158558961664})}]
I0517 05:08:50.334529 211 multi_column_writer.cc:98] Opened CFile writers for 3 column(s)
I0517 05:08:50.347545 211 tablet.cc:1528] T TestTablet P 94cc363f2a794e108ed8384ebc4cc57f: Compaction: entering phase 2 (starting to duplicate updates in new rowsets)
I0517 05:08:50.347884 211 tablet.cc:1583] T TestTablet P 94cc363f2a794e108ed8384ebc4cc57f: Compaction Phase 2: carrying over any updates which arrived during Phase 1
I0517 05:08:50.347982 211 tablet.cc:1585] T TestTablet P 94cc363f2a794e108ed8384ebc4cc57f: Phase 2 snapshot: MvccSnapshot[committed={T|T < 6252682158558961664 or (T in {6252682158558961664})}]
I0517 05:08:50.360263 211 tablet.cc:1633] T TestTablet P 94cc363f2a794e108ed8384ebc4cc57f: Compaction successful on 1 rows (4637 bytes)
I0517 05:08:50.364625 211 tablet_server.cc:144] TabletServer shutting down...
I0517 05:08:50.376502 211 ts_tablet_manager.cc:1118] Shutting down tablet manager...
I0517 05:08:50.376811 211 tablet_replica.cc:261] T TestTablet P 94cc363f2a794e108ed8384ebc4cc57f: stopping tablet replica
I0517 05:08:50.377019 211 maintenance_manager.cc:237] P 94cc363f2a794e108ed8384ebc4cc57f: Unregistered op CompactRowSetsOp(TestTablet)
I0517 05:08:50.377173 211 maintenance_manager.cc:237] P 94cc363f2a794e108ed8384ebc4cc57f: Unregistered op MinorDeltaCompactionOp(TestTablet)
I0517 05:08:50.377295 211 maintenance_manager.cc:237] P 94cc363f2a794e108ed8384ebc4cc57f: Unregistered op MajorDeltaCompactionOp(TestTablet)
I0517 05:08:50.377427 211 maintenance_manager.cc:237] P 94cc363f2a794e108ed8384ebc4cc57f: Unregistered op UndoDeltaBlockGCOp(TestTablet)
I0517 05:08:50.377575 211 maintenance_manager.cc:237] P 94cc363f2a794e108ed8384ebc4cc57f: Unregistered op FlushMRSOp(TestTablet)
I0517 05:08:50.377691 211 maintenance_manager.cc:237] P 94cc363f2a794e108ed8384ebc4cc57f: Unregistered op FlushDeltaMemStoresOp(TestTablet)
I0517 05:08:50.377820 211 maintenance_manager.cc:237] P 94cc363f2a794e108ed8384ebc4cc57f: Unregistered op LogGCOp(TestTablet)
I0517 05:08:50.377964 211 raft_consensus.cc:2016] T TestTablet P 94cc363f2a794e108ed8384ebc4cc57f [term 2 LEADER]: Raft consensus shutting down.
I0517 05:08:50.378239 211 raft_consensus.cc:2043] T TestTablet P 94cc363f2a794e108ed8384ebc4cc57f [term 2 FOLLOWER]: Raft consensus is shut down!
I0517 05:08:50.385522 211 tablet_server.cc:157] TabletServer shutdown complete.
I0517 05:08:50.385670 211 tablet_server.cc:144] TabletServer shutting down...
I0517 05:08:50.385885 211 tablet_server.cc:157] TabletServer shutdown complete. [ OK ] TabletServerTest.TestKUDU_1341 (498 ms) [ RUN ] TabletServerTest.TestExactlyOnceForErrorsAcrossRestart
I0517 05:08:50.407848 211 system_ntp.cc:143] NTP initialized. Skew: 500ppm Current error: 1045361us
I0517 05:08:50.408152 211 fs_manager.cc:260] Metadata directory not provided
I0517 05:08:50.408259 211 fs_manager.cc:266] Using write-ahead log directory (fs_wal_dir) as metadata directory
I0517 05:08:50.408402 211 server_base.cc:432] Could not load existing FS layout: Not found: /tmp/dist-test-taskWs1ZT3/test-tmp/tablet_server-test.0.TabletServerTest.TestExactlyOnceForErrorsAcrossRestart.1526533719119959-211/TabletServerTest-fsroot/instance: No such file or directory (error 2)
I0517 05:08:50.408500 211 server_base.cc:433] Attempting to create new FS layout instead
I0517 05:08:50.414201 211 fs_manager.cc:595] Generated new instance metadata in path /tmp/dist-test-taskWs1ZT3/test-tmp/tablet_server-test.0.TabletServerTest.TestExactlyOnceForErrorsAcrossRestart.1526533719119959-211/TabletServerTest-fsroot/instance: uuid: "3408dd67e5c143ceab3de5c3026649e7" format_stamp: "Formatted at 2018-05-17 05:08:50 on dist-test-slave-dist-test-slave-djmg"
I0517 05:08:50.422135 211 fs_manager.cc:495] Time spent creating directory manager: real 0.008s user 0.008s sys 0.000s
I0517 05:08:50.423353 211 file_cache.cc:470] Constructed file cache lbm with capacity 26214
I0517 05:08:50.429601 211 fs_manager.cc:417] Time spent opening block manager: real 0.001s user 0.004s sys 0.004s
I0517 05:08:50.429750 211 fs_manager.cc:428] Opened local filesystem: /tmp/dist-test-taskWs1ZT3/test-tmp/tablet_server-test.0.TabletServerTest.TestExactlyOnceForErrorsAcrossRestart.1526533719119959-211/TabletServerTest-fsroot uuid: "3408dd67e5c143ceab3de5c3026649e7" format_stamp: "Formatted at 2018-05-17 05:08:50 on dist-test-slave-dist-test-slave-djmg"
I0517 05:08:50.429953 211 fs_report.cc:347] Block manager report -------------------- 1 data directories: /tmp/dist-test-taskWs1ZT3/test-tmp/tablet_server-test.0.TabletServerTest.TestExactlyOnceForErrorsAcrossRestart.1526533719119959-211/TabletServerTest-fsroot/data Total live blocks: 0 Total live bytes: 0 Total live bytes (after alignment): 0 Total number of LBM containers: 0 (0 full) Did not check for missing blocks Did not check for orphaned blocks Total full LBM containers with extra space: 0 (0 repaired) Total full LBM container extra space in bytes: 0 (0 repaired) Total incomplete LBM containers: 0 (0 repaired) Total LBM partial records: 0 (0 repaired)
I0517 05:08:50.468652 211 ts_tablet_manager.cc:356] Loaded tablet metadata (0 live tablets)
I0517 05:08:50.495777 211 rpc_server.cc:205] RPC server started. Bound to: 127.0.0.1:51373
I0517 05:08:50.496538 211 webserver.cc:173] Starting webserver on 127.0.0.1:0
I0517 05:08:50.496659 211 webserver.cc:184] Document root disabled
I0517 05:08:50.497604 211 webserver.cc:311] Webserver started. Bound to: http://127.0.0.1:41870/
W0517 05:08:50.498654 2952 reactor.cc:633] Failed to create an outbound connection to 255.255.255.255:1 because connect() failed: Network error: connect(2) error: Network is unreachable (error 101)
I0517 05:08:50.498916 3013 maintenance_manager.cc:249] Maintenance manager is disabled. Stopping thread.
W0517 05:08:50.499135 3012 heartbeater.cc:587] Failed to heartbeat to 255.255.255.255:1: Network error: Failed to ping master at 255.255.255.255:1: connect(2) error: Network is unreachable (error 101)
I0517 05:08:50.499514 211 data_dirs.cc:934] Could only allocate 1 dirs of requested 3 for tablet TestTablet. 1 dirs total, 0 dirs full, 0 dirs failed
W0517 05:08:50.499702 2952 reactor.cc:633] Failed to create an outbound connection to 255.255.255.255:1 because connect() failed: Network error: connect(2) error: Network is unreachable (error 101)
W0517 05:08:50.500018 3012 heartbeater.cc:587] Failed to heartbeat to 255.255.255.255:1: Network error: Failed to ping master at 255.255.255.255:1: connect(2) error: Network is unreachable (error 101)
W0517 05:08:50.500442 2952 reactor.cc:633] Failed to create an outbound connection to 255.255.255.255:1 because connect() failed: Network error: connect(2) error: Network is unreachable (error 101)
W0517 05:08:50.500766 3012 heartbeater.cc:587] Failed to heartbeat to 255.255.255.255:1: Network error: Failed to ping master at 255.255.255.255:1: connect(2) error: Network is unreachable (error 101)
W0517 05:08:50.500901 3012 heartbeater.cc:380] Failed 3 heartbeats in a row: no longer allowing fast heartbeat attempts.
I0517 05:08:50.506017 211 ts_tablet_manager.cc:1173] T TestTablet P 3408dd67e5c143ceab3de5c3026649e7: Registered tablet (data state: TABLET_DATA_READY)
I0517 05:08:50.506912 3014 ts_tablet_manager.cc:1028] T TestTablet P 3408dd67e5c143ceab3de5c3026649e7: Bootstrapping tablet
I0517 05:08:50.507227 3014 tablet_bootstrap.cc:436] T TestTablet P 3408dd67e5c143ceab3de5c3026649e7: Bootstrap starting.
I0517 05:08:50.509132 3014 tablet_bootstrap.cc:587] T TestTablet P 3408dd67e5c143ceab3de5c3026649e7: No blocks or log segments found. Creating new log.
I0517 05:08:50.511757 3014 tablet_bootstrap.cc:436] T TestTablet P 3408dd67e5c143ceab3de5c3026649e7: No bootstrap required, opened a new log
I0517 05:08:50.512048 3014 ts_tablet_manager.cc:1045] T TestTablet P 3408dd67e5c143ceab3de5c3026649e7: Time spent bootstrapping tablet: real 0.005s user 0.004s sys 0.000s
I0517 05:08:50.513144 3014 raft_consensus.cc:303] T TestTablet P 3408dd67e5c143ceab3de5c3026649e7 [term 0 FOLLOWER]: Replica starting. Triggering 0 pending transactions. Active config: opid_index: -1 peers { permanent_uuid: "3408dd67e5c143ceab3de5c3026649e7" member_type: VOTER last_known_addr { host: "127.0.0.1" port: 51373 } }
I0517 05:08:50.513458 3014 raft_consensus.cc:329] T TestTablet P 3408dd67e5c143ceab3de5c3026649e7 [term 0 FOLLOWER]: Consensus starting up: Expiring failure detector timer to make a prompt election more likely
I0517 05:08:50.513604 3014 raft_consensus.cc:604] T TestTablet P 3408dd67e5c143ceab3de5c3026649e7 [term 0 FOLLOWER]: Becoming Follower/Learner. State: Replica: 3408dd67e5c143ceab3de5c3026649e7, State: Initialized, Role: FOLLOWER
I0517 05:08:50.513995 3014 consensus_queue.cc:227] T TestTablet P 3408dd67e5c143ceab3de5c3026649e7 [NON_LEADER]: Queue going to NON_LEADER mode. State: All replicated index: 0, Majority replicated index: 0, Committed index: 0, Last appended: 0.0, Last appended by leader: 0, Current term: 0, Majority size: -1, State: 0, Mode: NON_LEADER, active raft config: opid_index: -1 peers { permanent_uuid: "3408dd67e5c143ceab3de5c3026649e7" member_type: VOTER last_known_addr { host: "127.0.0.1" port: 51373 } }
I0517 05:08:50.514386 3014 raft_consensus.cc:343] T TestTablet P 3408dd67e5c143ceab3de5c3026649e7 [term 0 FOLLOWER]: Only one voter in the Raft config. Triggering election immediately
I0517 05:08:50.514528 3014 raft_consensus.cc:435] T TestTablet P 3408dd67e5c143ceab3de5c3026649e7 [term 0 FOLLOWER]: Starting leader election (initial election of a single-replica configuration)
I0517 05:08:50.514678 3014 raft_consensus.cc:2704] T TestTablet P 3408dd67e5c143ceab3de5c3026649e7: Snoozing failure detection for 1.895s (starting election)
I0517 05:08:50.514863 3014 raft_consensus.cc:2756] T TestTablet P 3408dd67e5c143ceab3de5c3026649e7 [term 0 FOLLOWER]: Advancing to term 1
I0517 05:08:50.518160 3014 raft_consensus.cc:457] T TestTablet P 3408dd67e5c143ceab3de5c3026649e7 [term 1 FOLLOWER]: Starting leader election with config: opid_index: -1 peers { permanent_uuid: "3408dd67e5c143ceab3de5c3026649e7" member_type: VOTER last_known_addr { host: "127.0.0.1" port: 51373 } }
I0517 05:08:50.518589 3014 leader_election.cc:270] T TestTablet P 3408dd67e5c143ceab3de5c3026649e7 [CANDIDATE]: Term 1 election: Election decided. Result: candidate won.
I0517 05:08:50.519750 3016 raft_consensus.cc:2704] T TestTablet P 3408dd67e5c143ceab3de5c3026649e7: Snoozing failure detection for 2.170s (election complete)
I0517 05:08:50.520016 3016 raft_consensus.cc:2511] T TestTablet P 3408dd67e5c143ceab3de5c3026649e7 [term 1 FOLLOWER]: Leader election won for term 1
I0517 05:08:50.521155 3016 raft_consensus.cc:571] T TestTablet P 3408dd67e5c143ceab3de5c3026649e7 [term 1 LEADER]: Becoming Leader. State: Replica: 3408dd67e5c143ceab3de5c3026649e7, State: Running, Role: LEADER
I0517 05:08:50.521549 3014 ts_tablet_manager.cc:1073] T TestTablet P 3408dd67e5c143ceab3de5c3026649e7: Time spent starting tablet: real 0.009s user 0.008s sys 0.000s
W0517 05:08:50.521502 2952 reactor.cc:633] Failed to create an outbound connection to 255.255.255.255:1 because connect() failed: Network error: connect(2) error: Network is unreachable (error 101)
W0517 05:08:50.521993 3012 heartbeater.cc:587] Failed to heartbeat to 255.255.255.255:1: Network error: Failed to ping master at 255.255.255.255:1: connect(2) error: Network is unreachable (error 101)
I0517 05:08:50.521786 3016 consensus_queue.cc:204] T TestTablet P 3408dd67e5c143ceab3de5c3026649e7 [LEADER]: Queue going to LEADER mode. State: All replicated index: 0, Majority replicated index: 0, Committed index: 0, Last appended: 0.0, Last appended by leader: 0, Current term: 1, Majority size: 1, State: 0, Mode: LEADER, active raft config: opid_index: -1 peers { permanent_uuid: "3408dd67e5c143ceab3de5c3026649e7" member_type: VOTER last_known_addr { host: "127.0.0.1" port: 51373 } }
W0517 05:08:50.522435 2952 reactor.cc:633] Failed to create an outbound connection to 255.255.255.255:1 because connect() failed: Network error: connect(2) error: Network is unreachable (error 101)
W0517 05:08:50.522763 3012 heartbeater.cc:587] Failed to heartbeat to 255.255.255.255:1: Network error: Failed to ping master at 255.255.255.255:1: connect(2) error: Network is unreachable (error 101)
I0517 05:08:50.544173 211 tablet_server.cc:144] TabletServer shutting down...
I0517 05:08:50.555316 211 ts_tablet_manager.cc:1118] Shutting down tablet manager...
I0517 05:08:50.555608 211 tablet_replica.cc:261] T TestTablet P 3408dd67e5c143ceab3de5c3026649e7: stopping tablet replica
I0517 05:08:50.555809 211 maintenance_manager.cc:237] P 3408dd67e5c143ceab3de5c3026649e7: Unregistered op CompactRowSetsOp(TestTablet)
I0517 05:08:50.555938 211 maintenance_manager.cc:237] P 3408dd67e5c143ceab3de5c3026649e7: Unregistered op MinorDeltaCompactionOp(TestTablet)
I0517 05:08:50.556083 211 maintenance_manager.cc:237] P 3408dd67e5c143ceab3de5c3026649e7: Unregistered op MajorDeltaCompactionOp(TestTablet)
I0517 05:08:50.556205 211 maintenance_manager.cc:237] P 3408dd67e5c143ceab3de5c3026649e7: Unregistered op UndoDeltaBlockGCOp(TestTablet)
I0517 05:08:50.556349 211 maintenance_manager.cc:237] P 3408dd67e5c143ceab3de5c3026649e7: Unregistered op FlushMRSOp(TestTablet)
I0517 05:08:50.556480 211 maintenance_manager.cc:237] P 3408dd67e5c143ceab3de5c3026649e7: Unregistered op FlushDeltaMemStoresOp(TestTablet)
I0517 05:08:50.556605 211 maintenance_manager.cc:237] P 3408dd67e5c143ceab3de5c3026649e7: Unregistered op LogGCOp(TestTablet)
I0517 05:08:50.556768 211 raft_consensus.cc:2016] T TestTablet P 3408dd67e5c143ceab3de5c3026649e7 [term 1 LEADER]: Raft consensus shutting down.
I0517 05:08:50.557045 211 raft_consensus.cc:2043] T TestTablet P 3408dd67e5c143ceab3de5c3026649e7 [term 1 FOLLOWER]: Raft consensus is shut down!
I0517 05:08:50.574009 211 tablet_server.cc:157] TabletServer shutdown complete.
I0517 05:08:50.574170 211 tablet_server.cc:144] TabletServer shutting down...
I0517 05:08:50.574424 211 tablet_server.cc:157] TabletServer shutdown complete.
I0517 05:08:50.586429 211 system_ntp.cc:143] NTP initialized. Skew: 500ppm Current error: 1045361us
I0517 05:08:50.586747 211 fs_manager.cc:260] Metadata directory not provided
I0517 05:08:50.586859 211 fs_manager.cc:263] Using existing metadata directory in first data directory
I0517 05:08:50.589072 211 fs_manager.cc:397] Time spent opening directory manager: real 0.002s user 0.000s sys 0.000s
I0517 05:08:50.590140 211 file_cache.cc:470] Constructed file cache lbm with capacity 26214
I0517 05:08:50.596928 211 fs_manager.cc:417] Time spent opening block manager: real 0.001s user 0.004s sys 0.000s
I0517 05:08:50.597100 211 fs_manager.cc:428] Opened local filesystem: /tmp/dist-test-taskWs1ZT3/test-tmp/tablet_server-test.0.TabletServerTest.TestExactlyOnceForErrorsAcrossRestart.1526533719119959-211/TabletServerTest-fsroot uuid: "3408dd67e5c143ceab3de5c3026649e7" format_stamp: "Formatted at 2018-05-17 05:08:50 on dist-test-slave-dist-test-slave-djmg"
I0517 05:08:50.597322 211 fs_report.cc:347] Block manager report -------------------- 1 data directories: /tmp/dist-test-taskWs1ZT3/test-tmp/tablet_server-test.0.TabletServerTest.TestExactlyOnceForErrorsAcrossRestart.1526533719119959-211/TabletServerTest-fsroot/data Total live blocks: 0 Total live bytes: 0 Total live bytes (after alignment): 0 Total number of LBM containers: 0 (0 full) Did not check for missing blocks Did not check for orphaned blocks Total full LBM containers with extra space: 0 (0 repaired) Total full LBM container extra space in bytes: 0 (0 repaired) Total incomplete LBM containers: 0 (0 repaired) Total LBM partial records: 0 (0 repaired)
I0517 05:08:50.652685 211 ts_tablet_manager.cc:1005] T TestTablet P 3408dd67e5c143ceab3de5c3026649e7: Loading tablet metadata
I0517 05:08:50.656438 211 ts_tablet_manager.cc:356] Loaded tablet metadata (1 live tablets)
I0517 05:08:50.659453 211 ts_tablet_manager.cc:1173] T TestTablet P 3408dd67e5c143ceab3de5c3026649e7: Registered tablet (data state: TABLET_DATA_READY)
I0517 05:08:50.660341 3034 ts_tablet_manager.cc:1028] T TestTablet P 3408dd67e5c143ceab3de5c3026649e7: Bootstrapping tablet
I0517 05:08:50.660660 3034 tablet_bootstrap.cc:436] T TestTablet P 3408dd67e5c143ceab3de5c3026649e7: Bootstrap starting.
I0517 05:08:50.677552 3034 tablet_bootstrap.cc:436] T TestTablet P 3408dd67e5c143ceab3de5c3026649e7: Bootstrap replayed 1/1 log segments. Stats: ops{read=3 overwritten=0 applied=3 ignored=1} inserts{seen=2 ignored=0} mutations{seen=0 ignored=0} orphaned_commits=0. Pending: 0 replicates
I0517 05:08:50.678385 3034 tablet_bootstrap.cc:436] T TestTablet P 3408dd67e5c143ceab3de5c3026649e7: Bootstrap complete.
I0517 05:08:50.678800 3034 ts_tablet_manager.cc:1045] T TestTablet P 3408dd67e5c143ceab3de5c3026649e7: Time spent bootstrapping tablet: real 0.018s user 0.012s sys 0.004s
I0517 05:08:50.680099 3034 raft_consensus.cc:303] T TestTablet P 3408dd67e5c143ceab3de5c3026649e7 [term 1 FOLLOWER]: Replica starting. Triggering 0 pending transactions. Active config: opid_index: -1 peers { permanent_uuid: "3408dd67e5c143ceab3de5c3026649e7" member_type: VOTER last_known_addr { host: "127.0.0.1" port: 51373 } }
I0517 05:08:50.680565 3034 raft_consensus.cc:604] T TestTablet P 3408dd67e5c143ceab3de5c3026649e7 [term 1 FOLLOWER]: Becoming Follower/Learner. State: Replica: 3408dd67e5c143ceab3de5c3026649e7, State: Initialized, Role: FOLLOWER
I0517 05:08:50.681254 3034 consensus_queue.cc:227] T TestTablet P 3408dd67e5c143ceab3de5c3026649e7 [NON_LEADER]: Queue going to NON_LEADER mode. State: All replicated index: 0, Majority replicated index: 0, Committed index: 3, Last appended: 1.3, Last appended by leader: 3, Current term: 0, Majority size: -1, State: 0, Mode: NON_LEADER, active raft config: opid_index: -1 peers { permanent_uuid: "3408dd67e5c143ceab3de5c3026649e7" member_type: VOTER last_known_addr { host: "127.0.0.1" port: 51373 } }
I0517 05:08:50.681768 3034 raft_consensus.cc:343] T TestTablet P 3408dd67e5c143ceab3de5c3026649e7 [term 1 FOLLOWER]: Only one voter in the Raft config. Triggering election immediately
I0517 05:08:50.681949 3034 raft_consensus.cc:435] T TestTablet P 3408dd67e5c143ceab3de5c3026649e7 [term 1 FOLLOWER]: Starting leader election (initial election of a single-replica configuration)
I0517 05:08:50.682193 3034 raft_consensus.cc:2704] T TestTablet P 3408dd67e5c143ceab3de5c3026649e7: Snoozing failure detection for 2.032s (starting election)
I0517 05:08:50.682387 3034 raft_consensus.cc:2756] T TestTablet P 3408dd67e5c143ceab3de5c3026649e7 [term 1 FOLLOWER]: Advancing to term 2
I0517 05:08:50.687336 3034 raft_consensus.cc:457] T TestTablet P 3408dd67e5c143ceab3de5c3026649e7 [term 2 FOLLOWER]: Starting leader election with config: opid_index: -1 peers { permanent_uuid: "3408dd67e5c143ceab3de5c3026649e7" member_type: VOTER last_known_addr { host: "127.0.0.1" port: 51373 } }
I0517 05:08:50.687871 3034 leader_election.cc:270] T TestTablet P 3408dd67e5c143ceab3de5c3026649e7 [CANDIDATE]: Term 2 election: Election decided. Result: candidate won.
I0517 05:08:50.688982 3078 raft_consensus.cc:2704] T TestTablet P 3408dd67e5c143ceab3de5c3026649e7: Snoozing failure detection for 1.956s (election complete)
I0517 05:08:50.689216 3078 raft_consensus.cc:2511] T TestTablet P 3408dd67e5c143ceab3de5c3026649e7 [term 2 FOLLOWER]: Leader election won for term 2
I0517 05:08:50.696210 3034 ts_tablet_manager.cc:1073] T TestTablet P 3408dd67e5c143ceab3de5c3026649e7: Time spent starting tablet: real 0.017s user 0.004s sys 0.012s
I0517 05:08:50.697769 3078 raft_consensus.cc:571] T TestTablet P 3408dd67e5c143ceab3de5c3026649e7 [term 2 LEADER]: Becoming Leader. State: Replica: 3408dd67e5c143ceab3de5c3026649e7, State: Running, Role: LEADER
I0517 05:08:50.698173 3078 consensus_queue.cc:204] T TestTablet P 3408dd67e5c143ceab3de5c3026649e7 [LEADER]: Queue going to LEADER mode. State: All replicated index: 0, Majority replicated index: 3, Committed index: 3, Last appended: 1.3, Last appended by leader: 3, Current term: 2, Majority size: 1, State: 0, Mode: LEADER, active raft config: opid_index: -1 peers { permanent_uuid: "3408dd67e5c143ceab3de5c3026649e7" member_type: VOTER last_known_addr { host: "127.0.0.1" port: 51373 } }
I0517 05:08:50.703021 211 rpc_server.cc:205] RPC server started. Bound to: 127.0.0.1:53665
I0517 05:08:50.703789 211 webserver.cc:173] Starting webserver on 127.0.0.1:0
I0517 05:08:50.703886 211 webserver.cc:184] Document root disabled
I0517 05:08:50.704696 211 webserver.cc:311] Webserver started. Bound to: http://127.0.0.1:38110/
W0517 05:08:50.705729 3028 reactor.cc:633] Failed to create an outbound connection to 255.255.255.255:1 because connect() failed: Network error: connect(2) error: Network is unreachable (error 101)
I0517 05:08:50.705991 3095 maintenance_manager.cc:249] Maintenance manager is disabled. Stopping thread.
W0517 05:08:50.706107 3094 heartbeater.cc:587] Failed to heartbeat to 255.255.255.255:1: Network error: Failed to ping master at 255.255.255.255:1: connect(2) error: Network is unreachable (error 101)
W0517 05:08:50.706526 3028 reactor.cc:633] Failed to create an outbound connection to 255.255.255.255:1 because connect() failed: Network error: connect(2) error: Network is unreachable (error 101)
W0517 05:08:50.706830 3094 heartbeater.cc:587] Failed to heartbeat to 255.255.255.255:1: Network error: Failed to ping master at 255.255.255.255:1: connect(2) error: Network is unreachable (error 101)
W0517 05:08:50.707573 3028 reactor.cc:633] Failed to create an outbound connection to 255.255.255.255:1 because connect() failed: Network error: connect(2) error: Network is unreachable (error 101)
W0517 05:08:50.707903 3094 heartbeater.cc:587] Failed to heartbeat to 255.255.255.255:1: Network error: Failed to ping master at 255.255.255.255:1: connect(2) error: Network is unreachable (error 101)
W0517 05:08:50.708046 3094 heartbeater.cc:380] Failed 3 heartbeats in a row: no longer allowing fast heartbeat attempts.
I0517 05:08:50.715524 211 tablet_server.cc:144] TabletServer shutting down...
I0517 05:08:50.726299 211 ts_tablet_manager.cc:1118] Shutting down tablet manager...
I0517 05:08:50.726586 211 tablet_replica.cc:261] T TestTablet P 3408dd67e5c143ceab3de5c3026649e7: stopping tablet replica
I0517 05:08:50.726773 211 maintenance_manager.cc:237] P 3408dd67e5c143ceab3de5c3026649e7: Unregistered op CompactRowSetsOp(TestTablet)
I0517 05:08:50.726891 211 maintenance_manager.cc:237] P 3408dd67e5c143ceab3de5c3026649e7: Unregistered op MinorDeltaCompactionOp(TestTablet)
I0517 05:08:50.726995 211 maintenance_manager.cc:237] P 3408dd67e5c143ceab3de5c3026649e7: Unregistered op MajorDeltaCompactionOp(TestTablet)
I0517 05:08:50.727104 211 maintenance_manager.cc:237] P 3408dd67e5c143ceab3de5c3026649e7: Unregistered op UndoDeltaBlockGCOp(TestTablet)
I0517 05:08:50.727222 211 maintenance_manager.cc:237] P 3408dd67e5c143ceab3de5c3026649e7: Unregistered op FlushMRSOp(TestTablet)
I0517 05:08:50.727314 211 maintenance_manager.cc:237] P 3408dd67e5c143ceab3de5c3026649e7: Unregistered op FlushDeltaMemStoresOp(TestTablet)
I0517 05:08:50.727403 211 maintenance_manager.cc:237] P 3408dd67e5c143ceab3de5c3026649e7: Unregistered op LogGCOp(TestTablet)
I0517 05:08:50.727517 211 raft_consensus.cc:2016] T TestTablet P 3408dd67e5c143ceab3de5c3026649e7 [term 2 LEADER]: Raft consensus shutting down.
I0517 05:08:50.727721 211 raft_consensus.cc:2043] T TestTablet P 3408dd67e5c143ceab3de5c3026649e7 [term 2 FOLLOWER]: Raft consensus is shut down!
I0517 05:08:50.744060 211 tablet_server.cc:157] TabletServer shutdown complete.
I0517 05:08:50.744206 211 tablet_server.cc:144] TabletServer shutting down...
I0517 05:08:50.744438 211 tablet_server.cc:157] TabletServer shutdown complete.
I0517 05:08:50.755450 211 system_ntp.cc:143] NTP initialized. Skew: 500ppm Current error: 1045361us
I0517 05:08:50.755764 211 fs_manager.cc:260] Metadata directory not provided
I0517 05:08:50.755872 211 fs_manager.cc:263] Using existing metadata directory in first data directory
I0517 05:08:50.757894 211 fs_manager.cc:397] Time spent opening directory manager: real 0.001s user 0.004s sys 0.000s
I0517 05:08:50.758769 211 file_cache.cc:470] Constructed file cache lbm with capacity 26214
I0517 05:08:50.764850 211 fs_manager.cc:417] Time spent opening block manager: real 0.001s user 0.004s sys 0.000s
I0517 05:08:50.764992 211 fs_manager.cc:428] Opened local filesystem: /tmp/dist-test-taskWs1ZT3/test-tmp/tablet_server-test.0.TabletServerTest.TestExactlyOnceForErrorsAcrossRestart.1526533719119959-211/TabletServerTest-fsroot uuid: "3408dd67e5c143ceab3de5c3026649e7" format_stamp: "Formatted at 2018-05-17 05:08:50 on dist-test-slave-dist-test-slave-djmg"
I0517 05:08:50.765213 211 fs_report.cc:347] Block manager report -------------------- 1 data directories: /tmp/dist-test-taskWs1ZT3/test-tmp/tablet_server-test.0.TabletServerTest.TestExactlyOnceForErrorsAcrossRestart.1526533719119959-211/TabletServerTest-fsroot/data Total live blocks: 0 Total live bytes: 0 Total live bytes (after alignment): 0 Total number of LBM containers: 0 (0 full) Did not check for missing blocks Did not check for orphaned blocks Total full LBM containers with extra space: 0 (0 repaired) Total full LBM container extra space in bytes: 0 (0 repaired) Total incomplete LBM containers: 0 (0 repaired) Total LBM partial records: 0 (0 repaired)
I0517 05:08:50.784276 211 ts_tablet_manager.cc:1005] T TestTablet P 3408dd67e5c143ceab3de5c3026649e7: Loading tablet metadata
I0517 05:08:50.787962 211 ts_tablet_manager.cc:356] Loaded tablet metadata (1 live tablets)
I0517 05:08:50.790992 211 ts_tablet_manager.cc:1173] T TestTablet P 3408dd67e5c143ceab3de5c3026649e7: Registered tablet (data state: TABLET_DATA_READY)
I0517 05:08:50.791908 3107 ts_tablet_manager.cc:1028] T TestTablet P 3408dd67e5c143ceab3de5c3026649e7: Bootstrapping tablet
I0517 05:08:50.792250 3107 tablet_bootstrap.cc:436] T TestTablet P 3408dd67e5c143ceab3de5c3026649e7: Bootstrap starting.
I0517 05:08:50.802423 3107 tablet_bootstrap.cc:436] T TestTablet P 3408dd67e5c143ceab3de5c3026649e7: Bootstrap replayed 1/1 log segments. Stats: ops{read=4 overwritten=0 applied=4 ignored=1} inserts{seen=2 ignored=0} mutations{seen=0 ignored=0} orphaned_commits=0. Pending: 0 replicates
I0517 05:08:50.803158 3107 tablet_bootstrap.cc:436] T TestTablet P 3408dd67e5c143ceab3de5c3026649e7: Bootstrap complete.
I0517 05:08:50.803566 3107 ts_tablet_manager.cc:1045] T TestTablet P 3408dd67e5c143ceab3de5c3026649e7: Time spent bootstrapping tablet: real 0.011s user 0.004s sys 0.004s
I0517 05:08:50.804484 3107 raft_consensus.cc:303] T TestTablet P 3408dd67e5c143ceab3de5c3026649e7 [term 2 FOLLOWER]: Replica starting. Triggering 0 pending transactions. Active config: opid_index: -1 peers { permanent_uuid: "3408dd67e5c143ceab3de5c3026649e7" member_type: VOTER last_known_addr { host: "127.0.0.1" port: 51373 } }
I0517 05:08:50.804838 3107 raft_consensus.cc:604] T TestTablet P 3408dd67e5c143ceab3de5c3026649e7 [term 2 FOLLOWER]: Becoming Follower/Learner. State: Replica: 3408dd67e5c143ceab3de5c3026649e7, State: Initialized, Role: FOLLOWER
I0517 05:08:50.805219 3107 consensus_queue.cc:227] T TestTablet P 3408dd67e5c143ceab3de5c3026649e7 [NON_LEADER]: Queue going to NON_LEADER mode. State: All replicated index: 0, Majority replicated index: 0, Committed index: 4, Last appended: 2.4, Last appended by leader: 4, Current term: 0, Majority size: -1, State: 0, Mode: NON_LEADER, active raft config: opid_index: -1 peers { permanent_uuid: "3408dd67e5c143ceab3de5c3026649e7" member_type: VOTER last_known_addr { host: "127.0.0.1" port: 51373 } }
I0517 05:08:50.805588 3107 raft_consensus.cc:343] T TestTablet P 3408dd67e5c143ceab3de5c3026649e7 [term 2 FOLLOWER]: Only one voter in the Raft config. Triggering election immediately
I0517 05:08:50.805727 3107 raft_consensus.cc:435] T TestTablet P 3408dd67e5c143ceab3de5c3026649e7 [term 2 FOLLOWER]: Starting leader election (initial election of a single-replica configuration)
I0517 05:08:50.805871 3107 raft_consensus.cc:2704] T TestTablet P 3408dd67e5c143ceab3de5c3026649e7: Snoozing failure detection for 2.149s (starting election)
I0517 05:08:50.806058 3107 raft_consensus.cc:2756] T TestTablet P 3408dd67e5c143ceab3de5c3026649e7 [term 2 FOLLOWER]: Advancing to term 3
I0517 05:08:50.809747 3107 raft_consensus.cc:457] T TestTablet P 3408dd67e5c143ceab3de5c3026649e7 [term 3 FOLLOWER]: Starting leader election with config: opid_index: -1 peers { permanent_uuid: "3408dd67e5c143ceab3de5c3026649e7" member_type: VOTER last_known_addr { host: "127.0.0.1" port: 51373 } }
I0517 05:08:50.810173 3107 leader_election.cc:270] T TestTablet P 3408dd67e5c143ceab3de5c3026649e7 [CANDIDATE]: Term 3 election: Election decided. Result: candidate won.
I0517 05:08:50.811378 3116 raft_consensus.cc:2704] T TestTablet P 3408dd67e5c143ceab3de5c3026649e7: Snoozing failure detection for 1.951s (election complete)
I0517 05:08:50.812240 3116 raft_consensus.cc:2511] T TestTablet P 3408dd67e5c143ceab3de5c3026649e7 [term 3 FOLLOWER]: Leader election won for term 3
I0517 05:08:50.812852 3107 ts_tablet_manager.cc:1073] T TestTablet P 3408dd67e5c143ceab3de5c3026649e7: Time spent starting tablet: real 0.009s user 0.004s sys 0.008s
I0517 05:08:50.813143 3116 raft_consensus.cc:571] T TestTablet P 3408dd67e5c143ceab3de5c3026649e7 [term 3 LEADER]: Becoming Leader. State: Replica: 3408dd67e5c143ceab3de5c3026649e7, State: Running, Role: LEADER
I0517 05:08:50.813725 3116 consensus_queue.cc:204] T TestTablet P 3408dd67e5c143ceab3de5c3026649e7 [LEADER]: Queue going to LEADER mode. State: All replicated index: 0, Majority replicated index: 4, Committed index: 4, Last appended: 2.4, Last appended by leader: 4, Current term: 3, Majority size: 1, State: 0, Mode: LEADER, active raft config: opid_index: -1 peers { permanent_uuid: "3408dd67e5c143ceab3de5c3026649e7" member_type: VOTER last_known_addr { host: "127.0.0.1" port: 51373 } }
I0517 05:08:50.838762 211 rpc_server.cc:205] RPC server started. Bound to: 127.0.0.1:40563
I0517 05:08:50.839552 211 webserver.cc:173] Starting webserver on 127.0.0.1:0
I0517 05:08:50.839649 211 webserver.cc:184] Document root disabled
I0517 05:08:50.840458 211 webserver.cc:311] Webserver started. Bound to: http://127.0.0.1:32916/
W0517 05:08:50.841507 3101 reactor.cc:633] Failed to create an outbound connection to 255.255.255.255:1 because connect() failed: Network error: connect(2) error: Network is unreachable (error 101)
I0517 05:08:50.841776 3167 maintenance_manager.cc:249] Maintenance manager is disabled. Stopping thread.
