I0517 05:09:41.104975 211 webserver.cc:311] Webserver started. Bound to: http://127.0.0.1:52520/
I0517 05:09:41.106189 8512 maintenance_manager.cc:249] Maintenance manager is disabled. Stopping thread.
W0517 05:09:41.106305 8451 reactor.cc:633] Failed to create an outbound connection to 255.255.255.255:1 because connect() failed: Network error: connect(2) error: Network is unreachable (error 101)
I0517 05:09:41.106609 211 data_dirs.cc:934] Could only allocate 1 dirs of requested 3 for tablet TestTablet. 1 dirs total, 0 dirs full, 0 dirs failed
W0517 05:09:41.106765 8511 heartbeater.cc:587] Failed to heartbeat to 255.255.255.255:1: Network error: Failed to ping master at 255.255.255.255:1: connect(2) error: Network is unreachable (error 101)
W0517 05:09:41.107224 8451 reactor.cc:633] Failed to create an outbound connection to 255.255.255.255:1 because connect() failed: Network error: connect(2) error: Network is unreachable (error 101)
W0517 05:09:41.107494 8511 heartbeater.cc:587] Failed to heartbeat to 255.255.255.255:1: Network error: Failed to ping master at 255.255.255.255:1: connect(2) error: Network is unreachable (error 101)
W0517 05:09:41.107836 8451 reactor.cc:633] Failed to create an outbound connection to 255.255.255.255:1 because connect() failed: Network error: connect(2) error: Network is unreachable (error 101)
W0517 05:09:41.108086 8511 heartbeater.cc:587] Failed to heartbeat to 255.255.255.255:1: Network error: Failed to ping master at 255.255.255.255:1: connect(2) error: Network is unreachable (error 101)
W0517 05:09:41.108214 8511 heartbeater.cc:380] Failed 3 heartbeats in a row: no longer allowing fast heartbeat attempts.
I0517 05:09:41.113584 211 ts_tablet_manager.cc:1173] T TestTablet P 9b784a4bc9a44b07be87886603ca6ea5: Registered tablet (data state: TABLET_DATA_READY)
I0517 05:09:41.114740 8513 ts_tablet_manager.cc:1028] T TestTablet P 9b784a4bc9a44b07be87886603ca6ea5: Bootstrapping tablet
I0517 05:09:41.115097 8513 tablet_bootstrap.cc:436] T TestTablet P 9b784a4bc9a44b07be87886603ca6ea5: Bootstrap starting.
I0517 05:09:41.117172 8513 tablet_bootstrap.cc:587] T TestTablet P 9b784a4bc9a44b07be87886603ca6ea5: No blocks or log segments found. Creating new log.
I0517 05:09:41.120168 8513 tablet_bootstrap.cc:436] T TestTablet P 9b784a4bc9a44b07be87886603ca6ea5: No bootstrap required, opened a new log
I0517 05:09:41.120498 8513 ts_tablet_manager.cc:1045] T TestTablet P 9b784a4bc9a44b07be87886603ca6ea5: Time spent bootstrapping tablet: real 0.006s user 0.004s sys 0.000s
I0517 05:09:41.121619 8513 raft_consensus.cc:303] T TestTablet P 9b784a4bc9a44b07be87886603ca6ea5 [term 0 FOLLOWER]: Replica starting. Triggering 0 pending transactions. Active config: opid_index: -1 peers { permanent_uuid: "9b784a4bc9a44b07be87886603ca6ea5" member_type: VOTER last_known_addr { host: "127.0.0.1" port: 57755 } }
I0517 05:09:41.121995 8513 raft_consensus.cc:329] T TestTablet P 9b784a4bc9a44b07be87886603ca6ea5 [term 0 FOLLOWER]: Consensus starting up: Expiring failure detector timer to make a prompt election more likely
I0517 05:09:41.122118 8513 raft_consensus.cc:604] T TestTablet P 9b784a4bc9a44b07be87886603ca6ea5 [term 0 FOLLOWER]: Becoming Follower/Learner. State: Replica: 9b784a4bc9a44b07be87886603ca6ea5, State: Initialized, Role: FOLLOWER
I0517 05:09:41.122517 8513 consensus_queue.cc:227] T TestTablet P 9b784a4bc9a44b07be87886603ca6ea5 [NON_LEADER]: Queue going to NON_LEADER mode. State: All replicated index: 0, Majority replicated index: 0, Committed index: 0, Last appended: 0.0, Last appended by leader: 0, Current term: 0, Majority size: -1, State: 0, Mode: NON_LEADER, active raft config: opid_index: -1 peers { permanent_uuid: "9b784a4bc9a44b07be87886603ca6ea5" member_type: VOTER last_known_addr { host: "127.0.0.1" port: 57755 } }
I0517 05:09:41.122887 8513 raft_consensus.cc:343] T TestTablet P 9b784a4bc9a44b07be87886603ca6ea5 [term 0 FOLLOWER]: Only one voter in the Raft config. Triggering election immediately
I0517 05:09:41.123024 8513 raft_consensus.cc:435] T TestTablet P 9b784a4bc9a44b07be87886603ca6ea5 [term 0 FOLLOWER]: Starting leader election (initial election of a single-replica configuration)
I0517 05:09:41.123162 8513 raft_consensus.cc:2704] T TestTablet P 9b784a4bc9a44b07be87886603ca6ea5: Snoozing failure detection for 1.771s (starting election)
I0517 05:09:41.123306 8513 raft_consensus.cc:2756] T TestTablet P 9b784a4bc9a44b07be87886603ca6ea5 [term 0 FOLLOWER]: Advancing to term 1
I0517 05:09:41.128119 8513 raft_consensus.cc:457] T TestTablet P 9b784a4bc9a44b07be87886603ca6ea5 [term 1 FOLLOWER]: Starting leader election with config: opid_index: -1 peers { permanent_uuid: "9b784a4bc9a44b07be87886603ca6ea5" member_type: VOTER last_known_addr { host: "127.0.0.1" port: 57755 } }
I0517 05:09:41.128665 8513 leader_election.cc:270] T TestTablet P 9b784a4bc9a44b07be87886603ca6ea5 [CANDIDATE]: Term 1 election: Election decided. Result: candidate won.
I0517 05:09:41.129910 8515 raft_consensus.cc:2704] T TestTablet P 9b784a4bc9a44b07be87886603ca6ea5: Snoozing failure detection for 2.008s (election complete)
I0517 05:09:41.130261 8515 raft_consensus.cc:2511] T TestTablet P 9b784a4bc9a44b07be87886603ca6ea5 [term 1 FOLLOWER]: Leader election won for term 1
I0517 05:09:41.131600 8515 raft_consensus.cc:571] T TestTablet P 9b784a4bc9a44b07be87886603ca6ea5 [term 1 LEADER]: Becoming Leader. State: Replica: 9b784a4bc9a44b07be87886603ca6ea5, State: Running, Role: LEADER
W0517 05:09:41.131615 8451 reactor.cc:633] Failed to create an outbound connection to 255.255.255.255:1 because connect() failed: Network error: connect(2) error: Network is unreachable (error 101)
I0517 05:09:41.131695 8513 ts_tablet_manager.cc:1073] T TestTablet P 9b784a4bc9a44b07be87886603ca6ea5: Time spent starting tablet: real 0.011s user 0.012s sys 0.000s
W0517 05:09:41.132046 8511 heartbeater.cc:587] Failed to heartbeat to 255.255.255.255:1: Network error: Failed to ping master at 255.255.255.255:1: connect(2) error: Network is unreachable (error 101)
I0517 05:09:41.131949 8515 consensus_queue.cc:204] T TestTablet P 9b784a4bc9a44b07be87886603ca6ea5 [LEADER]: Queue going to LEADER mode. State: All replicated index: 0, Majority replicated index: 0, Committed index: 0, Last appended: 0.0, Last appended by leader: 0, Current term: 1, Majority size: 1, State: 0, Mode: LEADER, active raft config: opid_index: -1 peers { permanent_uuid: "9b784a4bc9a44b07be87886603ca6ea5" member_type: VOTER last_known_addr { host: "127.0.0.1" port: 57755 } }
W0517 05:09:41.132556 8451 reactor.cc:633] Failed to create an outbound connection to 255.255.255.255:1 because connect() failed: Network error: connect(2) error: Network is unreachable (error 101)
W0517 05:09:41.132916 8511 heartbeater.cc:587] Failed to heartbeat to 255.255.255.255:1: Network error: Failed to ping master at 255.255.255.255:1: connect(2) error: Network is unreachable (error 101)
I0517 05:09:41.158150 211 tablet_server.cc:144] TabletServer shutting down...
I0517 05:09:41.169529 211 ts_tablet_manager.cc:1118] Shutting down tablet manager...
I0517 05:09:41.169834 211 tablet_replica.cc:261] T TestTablet P 9b784a4bc9a44b07be87886603ca6ea5: stopping tablet replica
I0517 05:09:41.170019 211 maintenance_manager.cc:237] P 9b784a4bc9a44b07be87886603ca6ea5: Unregistered op CompactRowSetsOp(TestTablet)
I0517 05:09:41.170141 211 maintenance_manager.cc:237] P 9b784a4bc9a44b07be87886603ca6ea5: Unregistered op MinorDeltaCompactionOp(TestTablet)
I0517 05:09:41.170246 211 maintenance_manager.cc:237] P 9b784a4bc9a44b07be87886603ca6ea5: Unregistered op MajorDeltaCompactionOp(TestTablet)
I0517 05:09:41.170397 211 maintenance_manager.cc:237] P 9b784a4bc9a44b07be87886603ca6ea5: Unregistered op UndoDeltaBlockGCOp(TestTablet)
I0517 05:09:41.170521 211 maintenance_manager.cc:237] P 9b784a4bc9a44b07be87886603ca6ea5: Unregistered op FlushMRSOp(TestTablet)
I0517 05:09:41.170617 211 maintenance_manager.cc:237] P 9b784a4bc9a44b07be87886603ca6ea5: Unregistered op FlushDeltaMemStoresOp(TestTablet)
I0517 05:09:41.170725 211 maintenance_manager.cc:237] P 9b784a4bc9a44b07be87886603ca6ea5: Unregistered op LogGCOp(TestTablet)
I0517 05:09:41.170827 211 raft_consensus.cc:2016] T TestTablet P 9b784a4bc9a44b07be87886603ca6ea5 [term 1 LEADER]: Raft consensus shutting down.
I0517 05:09:41.171033 211 raft_consensus.cc:2043] T TestTablet P 9b784a4bc9a44b07be87886603ca6ea5 [term 1 FOLLOWER]: Raft consensus is shut down!
I0517 05:09:41.188284 211 tablet_server.cc:157] TabletServer shutdown complete.
I0517 05:09:41.188449 211 tablet_server.cc:144] TabletServer shutting down...
I0517 05:09:41.188760 211 tablet_server.cc:157] TabletServer shutdown complete. [ OK ] Params/InvalidScanRequest_NewScanAndScannerIDParamTest.Test/1 (185 ms) [ RUN ] Params/InvalidScanRequest_NewScanAndScannerIDParamTest.Test/2
I0517 05:09:41.213384 211 system_ntp.cc:143] NTP initialized. Skew: 500ppm Current error: 1070861us
I0517 05:09:41.213789 211 fs_manager.cc:260] Metadata directory not provided
I0517 05:09:41.213920 211 fs_manager.cc:266] Using write-ahead log directory (fs_wal_dir) as metadata directory
I0517 05:09:41.214093 211 server_base.cc:432] Could not load existing FS layout: Not found: /tmp/dist-test-taskWs1ZT3/test-tmp/tablet_server-test.0.Params_InvalidScanRequest_NewScanAndScannerIDParamTest.Test_2.1526533719119959-211/TabletServerTest-fsroot/instance: No such file or directory (error 2)
I0517 05:09:41.214198 211 server_base.cc:433] Attempting to create new FS layout instead
I0517 05:09:41.220432 211 fs_manager.cc:595] Generated new instance metadata in path /tmp/dist-test-taskWs1ZT3/test-tmp/tablet_server-test.0.Params_InvalidScanRequest_NewScanAndScannerIDParamTest.Test_2.1526533719119959-211/TabletServerTest-fsroot/instance: uuid: "fa56d0cf2a0440f882e5f7c50492c5b8" format_stamp: "Formatted at 2018-05-17 05:09:41 on dist-test-slave-dist-test-slave-djmg"
I0517 05:09:41.229979 211 fs_manager.cc:495] Time spent creating directory manager: real 0.009s user 0.004s sys 0.004s
I0517 05:09:41.231454 211 file_cache.cc:470] Constructed file cache lbm with capacity 26214
I0517 05:09:41.238633 211 fs_manager.cc:417] Time spent opening block manager: real 0.002s user 0.000s sys 0.000s
I0517 05:09:41.238860 211 fs_manager.cc:428] Opened local filesystem: /tmp/dist-test-taskWs1ZT3/test-tmp/tablet_server-test.0.Params_InvalidScanRequest_NewScanAndScannerIDParamTest.Test_2.1526533719119959-211/TabletServerTest-fsroot uuid: "fa56d0cf2a0440f882e5f7c50492c5b8" format_stamp: "Formatted at 2018-05-17 05:09:41 on dist-test-slave-dist-test-slave-djmg"
I0517 05:09:41.239092 211 fs_report.cc:347] Block manager report -------------------- 1 data directories: /tmp/dist-test-taskWs1ZT3/test-tmp/tablet_server-test.0.Params_InvalidScanRequest_NewScanAndScannerIDParamTest.Test_2.1526533719119959-211/TabletServerTest-fsroot/data Total live blocks: 0 Total live bytes: 0 Total live bytes (after alignment): 0 Total number of LBM containers: 0 (0 full) Did not check for missing blocks Did not check for orphaned blocks Total full LBM containers with extra space: 0 (0 repaired) Total full LBM container extra space in bytes: 0 (0 repaired) Total incomplete LBM containers: 0 (0 repaired) Total LBM partial records: 0 (0 repaired)
I0517 05:09:41.263924 211 ts_tablet_manager.cc:356] Loaded tablet metadata (0 live tablets)
I0517 05:09:41.296005 211 rpc_server.cc:205] RPC server started. Bound to: 127.0.0.1:53115
I0517 05:09:41.296906 211 webserver.cc:173] Starting webserver on 127.0.0.1:0
I0517 05:09:41.297008 211 webserver.cc:184] Document root disabled
I0517 05:09:41.298022 211 webserver.cc:311] Webserver started. Bound to: http://127.0.0.1:49540/
W0517 05:09:41.299207 8529 reactor.cc:633] Failed to create an outbound connection to 255.255.255.255:1 because connect() failed: Network error: connect(2) error: Network is unreachable (error 101)
I0517 05:09:41.299361 8590 maintenance_manager.cc:249] Maintenance manager is disabled. Stopping thread.
W0517 05:09:41.299597 8589 heartbeater.cc:587] Failed to heartbeat to 255.255.255.255:1: Network error: Failed to ping master at 255.255.255.255:1: connect(2) error: Network is unreachable (error 101)
W0517 05:09:41.299988 8529 reactor.cc:633] Failed to create an outbound connection to 255.255.255.255:1 because connect() failed: Network error: connect(2) error: Network is unreachable (error 101)
I0517 05:09:41.300012 211 data_dirs.cc:934] Could only allocate 1 dirs of requested 3 for tablet TestTablet. 1 dirs total, 0 dirs full, 0 dirs failed
W0517 05:09:41.300261 8589 heartbeater.cc:587] Failed to heartbeat to 255.255.255.255:1: Network error: Failed to ping master at 255.255.255.255:1: connect(2) error: Network is unreachable (error 101)
W0517 05:09:41.300578 8529 reactor.cc:633] Failed to create an outbound connection to 255.255.255.255:1 because connect() failed: Network error: connect(2) error: Network is unreachable (error 101)
W0517 05:09:41.300843 8589 heartbeater.cc:587] Failed to heartbeat to 255.255.255.255:1: Network error: Failed to ping master at 255.255.255.255:1: connect(2) error: Network is unreachable (error 101)
W0517 05:09:41.300964 8589 heartbeater.cc:380] Failed 3 heartbeats in a row: no longer allowing fast heartbeat attempts.
I0517 05:09:41.309252 211 ts_tablet_manager.cc:1173] T TestTablet P fa56d0cf2a0440f882e5f7c50492c5b8: Registered tablet (data state: TABLET_DATA_READY)
I0517 05:09:41.310516 8591 ts_tablet_manager.cc:1028] T TestTablet P fa56d0cf2a0440f882e5f7c50492c5b8: Bootstrapping tablet
I0517 05:09:41.310978 8591 tablet_bootstrap.cc:436] T TestTablet P fa56d0cf2a0440f882e5f7c50492c5b8: Bootstrap starting.
I0517 05:09:41.312950 8591 tablet_bootstrap.cc:587] T TestTablet P fa56d0cf2a0440f882e5f7c50492c5b8: No blocks or log segments found. Creating new log.
I0517 05:09:41.315587 8591 tablet_bootstrap.cc:436] T TestTablet P fa56d0cf2a0440f882e5f7c50492c5b8: No bootstrap required, opened a new log
I0517 05:09:41.315851 8591 ts_tablet_manager.cc:1045] T TestTablet P fa56d0cf2a0440f882e5f7c50492c5b8: Time spent bootstrapping tablet: real 0.005s user 0.004s sys 0.000s
I0517 05:09:41.316826 8591 raft_consensus.cc:303] T TestTablet P fa56d0cf2a0440f882e5f7c50492c5b8 [term 0 FOLLOWER]: Replica starting. Triggering 0 pending transactions. Active config: opid_index: -1 peers { permanent_uuid: "fa56d0cf2a0440f882e5f7c50492c5b8" member_type: VOTER last_known_addr { host: "127.0.0.1" port: 53115 } }
I0517 05:09:41.317134 8591 raft_consensus.cc:329] T TestTablet P fa56d0cf2a0440f882e5f7c50492c5b8 [term 0 FOLLOWER]: Consensus starting up: Expiring failure detector timer to make a prompt election more likely
I0517 05:09:41.317272 8591 raft_consensus.cc:604] T TestTablet P fa56d0cf2a0440f882e5f7c50492c5b8 [term 0 FOLLOWER]: Becoming Follower/Learner. State: Replica: fa56d0cf2a0440f882e5f7c50492c5b8, State: Initialized, Role: FOLLOWER
I0517 05:09:41.317600 8591 consensus_queue.cc:227] T TestTablet P fa56d0cf2a0440f882e5f7c50492c5b8 [NON_LEADER]: Queue going to NON_LEADER mode. State: All replicated index: 0, Majority replicated index: 0, Committed index: 0, Last appended: 0.0, Last appended by leader: 0, Current term: 0, Majority size: -1, State: 0, Mode: NON_LEADER, active raft config: opid_index: -1 peers { permanent_uuid: "fa56d0cf2a0440f882e5f7c50492c5b8" member_type: VOTER last_known_addr { host: "127.0.0.1" port: 53115 } }
I0517 05:09:41.317930 8591 raft_consensus.cc:343] T TestTablet P fa56d0cf2a0440f882e5f7c50492c5b8 [term 0 FOLLOWER]: Only one voter in the Raft config. Triggering election immediately
I0517 05:09:41.318054 8591 raft_consensus.cc:435] T TestTablet P fa56d0cf2a0440f882e5f7c50492c5b8 [term 0 FOLLOWER]: Starting leader election (initial election of a single-replica configuration)
I0517 05:09:41.318190 8591 raft_consensus.cc:2704] T TestTablet P fa56d0cf2a0440f882e5f7c50492c5b8: Snoozing failure detection for 2.129s (starting election)
I0517 05:09:41.318326 8591 raft_consensus.cc:2756] T TestTablet P fa56d0cf2a0440f882e5f7c50492c5b8 [term 0 FOLLOWER]: Advancing to term 1
I0517 05:09:41.322167 8591 raft_consensus.cc:457] T TestTablet P fa56d0cf2a0440f882e5f7c50492c5b8 [term 1 FOLLOWER]: Starting leader election with config: opid_index: -1 peers { permanent_uuid: "fa56d0cf2a0440f882e5f7c50492c5b8" member_type: VOTER last_known_addr { host: "127.0.0.1" port: 53115 } }
I0517 05:09:41.322582 8591 leader_election.cc:270] T TestTablet P fa56d0cf2a0440f882e5f7c50492c5b8 [CANDIDATE]: Term 1 election: Election decided. Result: candidate won.
I0517 05:09:41.323812 8593 raft_consensus.cc:2704] T TestTablet P fa56d0cf2a0440f882e5f7c50492c5b8: Snoozing failure detection for 2.068s (election complete)
I0517 05:09:41.324069 8593 raft_consensus.cc:2511] T TestTablet P fa56d0cf2a0440f882e5f7c50492c5b8 [term 1 FOLLOWER]: Leader election won for term 1
I0517 05:09:41.324986 8593 raft_consensus.cc:571] T TestTablet P fa56d0cf2a0440f882e5f7c50492c5b8 [term 1 LEADER]: Becoming Leader. State: Replica: fa56d0cf2a0440f882e5f7c50492c5b8, State: Running, Role: LEADER
I0517 05:09:41.325475 8593 consensus_queue.cc:204] T TestTablet P fa56d0cf2a0440f882e5f7c50492c5b8 [LEADER]: Queue going to LEADER mode. State: All replicated index: 0, Majority replicated index: 0, Committed index: 0, Last appended: 0.0, Last appended by leader: 0, Current term: 1, Majority size: 1, State: 0, Mode: LEADER, active raft config: opid_index: -1 peers { permanent_uuid: "fa56d0cf2a0440f882e5f7c50492c5b8" member_type: VOTER last_known_addr { host: "127.0.0.1" port: 53115 } }
W0517 05:09:41.325871 8529 reactor.cc:633] Failed to create an outbound connection to 255.255.255.255:1 because connect() failed: Network error: connect(2) error: Network is unreachable (error 101)
I0517 05:09:41.326007 8591 ts_tablet_manager.cc:1073] T TestTablet P fa56d0cf2a0440f882e5f7c50492c5b8: Time spent starting tablet: real 0.010s user 0.004s sys 0.004s
W0517 05:09:41.326305 8589 heartbeater.cc:587] Failed to heartbeat to 255.255.255.255:1: Network error: Failed to ping master at 255.255.255.255:1: connect(2) error: Network is unreachable (error 101)
W0517 05:09:41.326694 8529 reactor.cc:633] Failed to create an outbound connection to 255.255.255.255:1 because connect() failed: Network error: connect(2) error: Network is unreachable (error 101)
W0517 05:09:41.326992 8589 heartbeater.cc:587] Failed to heartbeat to 255.255.255.255:1: Network error: Failed to ping master at 255.255.255.255:1: connect(2) error: Network is unreachable (error 101)
I0517 05:09:41.338819 211 tablet_server.cc:144] TabletServer shutting down...
I0517 05:09:41.350190 211 ts_tablet_manager.cc:1118] Shutting down tablet manager...
I0517 05:09:41.350546 211 tablet_replica.cc:261] T TestTablet P fa56d0cf2a0440f882e5f7c50492c5b8: stopping tablet replica
I0517 05:09:41.350760 211 maintenance_manager.cc:237] P fa56d0cf2a0440f882e5f7c50492c5b8: Unregistered op CompactRowSetsOp(TestTablet)
I0517 05:09:41.350890 211 maintenance_manager.cc:237] P fa56d0cf2a0440f882e5f7c50492c5b8: Unregistered op MinorDeltaCompactionOp(TestTablet)
I0517 05:09:41.351011 211 maintenance_manager.cc:237] P fa56d0cf2a0440f882e5f7c50492c5b8: Unregistered op MajorDeltaCompactionOp(TestTablet)
I0517 05:09:41.351120 211 maintenance_manager.cc:237] P fa56d0cf2a0440f882e5f7c50492c5b8: Unregistered op UndoDeltaBlockGCOp(TestTablet)
I0517 05:09:41.351265 211 maintenance_manager.cc:237] P fa56d0cf2a0440f882e5f7c50492c5b8: Unregistered op FlushMRSOp(TestTablet)
I0517 05:09:41.351366 211 maintenance_manager.cc:237] P fa56d0cf2a0440f882e5f7c50492c5b8: Unregistered op FlushDeltaMemStoresOp(TestTablet)
I0517 05:09:41.351464 211 maintenance_manager.cc:237] P fa56d0cf2a0440f882e5f7c50492c5b8: Unregistered op LogGCOp(TestTablet)
I0517 05:09:41.351581 211 raft_consensus.cc:2016] T TestTablet P fa56d0cf2a0440f882e5f7c50492c5b8 [term 1 LEADER]: Raft consensus shutting down.
I0517 05:09:41.351852 211 raft_consensus.cc:2043] T TestTablet P fa56d0cf2a0440f882e5f7c50492c5b8 [term 1 FOLLOWER]: Raft consensus is shut down!
I0517 05:09:41.368909 211 tablet_server.cc:157] TabletServer shutdown complete.
I0517 05:09:41.369045 211 tablet_server.cc:144] TabletServer shutting down...
I0517 05:09:41.369285 211 tablet_server.cc:157] TabletServer shutdown complete. [ OK ] Params/InvalidScanRequest_NewScanAndScannerIDParamTest.Test/2 (178 ms) [----------] 3 tests from Params/InvalidScanRequest_NewScanAndScannerIDParamTest (562 ms total) [----------] 3 tests from Params/InvalidScanRequest_WithIdsParamTest [ RUN ] Params/InvalidScanRequest_WithIdsParamTest.Test/0
I0517 05:09:41.390116 211 system_ntp.cc:143] NTP initialized. Skew: 500ppm Current error: 1070861us
I0517 05:09:41.390432 211 fs_manager.cc:260] Metadata directory not provided
I0517 05:09:41.390542 211 fs_manager.cc:266] Using write-ahead log directory (fs_wal_dir) as metadata directory
I0517 05:09:41.390691 211 server_base.cc:432] Could not load existing FS layout: Not found: /tmp/dist-test-taskWs1ZT3/test-tmp/tablet_server-test.0.Params_InvalidScanRequest_WithIdsParamTest.Test_0.1526533719119959-211/TabletServerTest-fsroot/instance: No such file or directory (error 2)
I0517 05:09:41.390789 211 server_base.cc:433] Attempting to create new FS layout instead
I0517 05:09:41.396620 211 fs_manager.cc:595] Generated new instance metadata in path /tmp/dist-test-taskWs1ZT3/test-tmp/tablet_server-test.0.Params_InvalidScanRequest_WithIdsParamTest.Test_0.1526533719119959-211/TabletServerTest-fsroot/instance: uuid: "0e7f7ec28bc44362a5b4e8b4060843af" format_stamp: "Formatted at 2018-05-17 05:09:41 on dist-test-slave-dist-test-slave-djmg"
I0517 05:09:41.405050 211 fs_manager.cc:495] Time spent creating directory manager: real 0.008s user 0.008s sys 0.000s
I0517 05:09:41.406289 211 file_cache.cc:470] Constructed file cache lbm with capacity 26214
I0517 05:09:41.412647 211 fs_manager.cc:417] Time spent opening block manager: real 0.001s user 0.004s sys 0.000s
I0517 05:09:41.412788 211 fs_manager.cc:428] Opened local filesystem: /tmp/dist-test-taskWs1ZT3/test-tmp/tablet_server-test.0.Params_InvalidScanRequest_WithIdsParamTest.Test_0.1526533719119959-211/TabletServerTest-fsroot uuid: "0e7f7ec28bc44362a5b4e8b4060843af" format_stamp: "Formatted at 2018-05-17 05:09:41 on dist-test-slave-dist-test-slave-djmg"
I0517 05:09:41.412988 211 fs_report.cc:347] Block manager report -------------------- 1 data directories: /tmp/dist-test-taskWs1ZT3/test-tmp/tablet_server-test.0.Params_InvalidScanRequest_WithIdsParamTest.Test_0.1526533719119959-211/TabletServerTest-fsroot/data Total live blocks: 0 Total live bytes: 0 Total live bytes (after alignment): 0 Total number of LBM containers: 0 (0 full) Did not check for missing blocks Did not check for orphaned blocks Total full LBM containers with extra space: 0 (0 repaired) Total full LBM container extra space in bytes: 0 (0 repaired) Total incomplete LBM containers: 0 (0 repaired) Total LBM partial records: 0 (0 repaired)
I0517 05:09:41.444176 211 ts_tablet_manager.cc:356] Loaded tablet metadata (0 live tablets)
I0517 05:09:41.472668 211 rpc_server.cc:205] RPC server started. Bound to: 127.0.0.1:46878
I0517 05:09:41.473477 211 webserver.cc:173] Starting webserver on 127.0.0.1:0
I0517 05:09:41.473574 211 webserver.cc:184] Document root disabled
I0517 05:09:41.474416 211 webserver.cc:311] Webserver started. Bound to: http://127.0.0.1:52617/
W0517 05:09:41.475831 8607 reactor.cc:633] Failed to create an outbound connection to 255.255.255.255:1 because connect() failed: Network error: connect(2) error: Network is unreachable (error 101)
I0517 05:09:41.475831 8668 maintenance_manager.cc:249] Maintenance manager is disabled. Stopping thread.
I0517 05:09:41.476104 211 data_dirs.cc:934] Could only allocate 1 dirs of requested 3 for tablet TestTablet. 1 dirs total, 0 dirs full, 0 dirs failed
W0517 05:09:41.476356 8667 heartbeater.cc:587] Failed to heartbeat to 255.255.255.255:1: Network error: Failed to ping master at 255.255.255.255:1: connect(2) error: Network is unreachable (error 101)
W0517 05:09:41.476936 8607 reactor.cc:633] Failed to create an outbound connection to 255.255.255.255:1 because connect() failed: Network error: connect(2) error: Network is unreachable (error 101)
W0517 05:09:41.477257 8667 heartbeater.cc:587] Failed to heartbeat to 255.255.255.255:1: Network error: Failed to ping master at 255.255.255.255:1: connect(2) error: Network is unreachable (error 101)
W0517 05:09:41.477599 8607 reactor.cc:633] Failed to create an outbound connection to 255.255.255.255:1 because connect() failed: Network error: connect(2) error: Network is unreachable (error 101)
W0517 05:09:41.477856 8667 heartbeater.cc:587] Failed to heartbeat to 255.255.255.255:1: Network error: Failed to ping master at 255.255.255.255:1: connect(2) error: Network is unreachable (error 101)
W0517 05:09:41.477983 8667 heartbeater.cc:380] Failed 3 heartbeats in a row: no longer allowing fast heartbeat attempts.
I0517 05:09:41.483269 211 ts_tablet_manager.cc:1173] T TestTablet P 0e7f7ec28bc44362a5b4e8b4060843af: Registered tablet (data state: TABLET_DATA_READY)
I0517 05:09:41.484344 8669 ts_tablet_manager.cc:1028] T TestTablet P 0e7f7ec28bc44362a5b4e8b4060843af: Bootstrapping tablet
I0517 05:09:41.484724 8669 tablet_bootstrap.cc:436] T TestTablet P 0e7f7ec28bc44362a5b4e8b4060843af: Bootstrap starting.
I0517 05:09:41.486858 8669 tablet_bootstrap.cc:587] T TestTablet P 0e7f7ec28bc44362a5b4e8b4060843af: No blocks or log segments found. Creating new log.
I0517 05:09:41.489888 8669 tablet_bootstrap.cc:436] T TestTablet P 0e7f7ec28bc44362a5b4e8b4060843af: No bootstrap required, opened a new log
I0517 05:09:41.490201 8669 ts_tablet_manager.cc:1045] T TestTablet P 0e7f7ec28bc44362a5b4e8b4060843af: Time spent bootstrapping tablet: real 0.006s user 0.004s sys 0.000s
I0517 05:09:41.491325 8669 raft_consensus.cc:303] T TestTablet P 0e7f7ec28bc44362a5b4e8b4060843af [term 0 FOLLOWER]: Replica starting. Triggering 0 pending transactions. Active config: opid_index: -1 peers { permanent_uuid: "0e7f7ec28bc44362a5b4e8b4060843af" member_type: VOTER last_known_addr { host: "127.0.0.1" port: 46878 } }
I0517 05:09:41.491688 8669 raft_consensus.cc:329] T TestTablet P 0e7f7ec28bc44362a5b4e8b4060843af [term 0 FOLLOWER]: Consensus starting up: Expiring failure detector timer to make a prompt election more likely
I0517 05:09:41.491819 8669 raft_consensus.cc:604] T TestTablet P 0e7f7ec28bc44362a5b4e8b4060843af [term 0 FOLLOWER]: Becoming Follower/Learner. State: Replica: 0e7f7ec28bc44362a5b4e8b4060843af, State: Initialized, Role: FOLLOWER
I0517 05:09:41.492231 8669 consensus_queue.cc:227] T TestTablet P 0e7f7ec28bc44362a5b4e8b4060843af [NON_LEADER]: Queue going to NON_LEADER mode. State: All replicated index: 0, Majority replicated index: 0, Committed index: 0, Last appended: 0.0, Last appended by leader: 0, Current term: 0, Majority size: -1, State: 0, Mode: NON_LEADER, active raft config: opid_index: -1 peers { permanent_uuid: "0e7f7ec28bc44362a5b4e8b4060843af" member_type: VOTER last_known_addr { host: "127.0.0.1" port: 46878 } }
I0517 05:09:41.492611 8669 raft_consensus.cc:343] T TestTablet P 0e7f7ec28bc44362a5b4e8b4060843af [term 0 FOLLOWER]: Only one voter in the Raft config. Triggering election immediately
I0517 05:09:41.492775 8669 raft_consensus.cc:435] T TestTablet P 0e7f7ec28bc44362a5b4e8b4060843af [term 0 FOLLOWER]: Starting leader election (initial election of a single-replica configuration)
I0517 05:09:41.492928 8669 raft_consensus.cc:2704] T TestTablet P 0e7f7ec28bc44362a5b4e8b4060843af: Snoozing failure detection for 1.608s (starting election)
I0517 05:09:41.493077 8669 raft_consensus.cc:2756] T TestTablet P 0e7f7ec28bc44362a5b4e8b4060843af [term 0 FOLLOWER]: Advancing to term 1
I0517 05:09:41.497681 8669 raft_consensus.cc:457] T TestTablet P 0e7f7ec28bc44362a5b4e8b4060843af [term 1 FOLLOWER]: Starting leader election with config: opid_index: -1 peers { permanent_uuid: "0e7f7ec28bc44362a5b4e8b4060843af" member_type: VOTER last_known_addr { host: "127.0.0.1" port: 46878 } }
I0517 05:09:41.498220 8669 leader_election.cc:270] T TestTablet P 0e7f7ec28bc44362a5b4e8b4060843af [CANDIDATE]: Term 1 election: Election decided. Result: candidate won.
I0517 05:09:41.499622 8671 raft_consensus.cc:2704] T TestTablet P 0e7f7ec28bc44362a5b4e8b4060843af: Snoozing failure detection for 1.522s (election complete)
I0517 05:09:41.499950 8671 raft_consensus.cc:2511] T TestTablet P 0e7f7ec28bc44362a5b4e8b4060843af [term 1 FOLLOWER]: Leader election won for term 1
I0517 05:09:41.500798 8671 raft_consensus.cc:571] T TestTablet P 0e7f7ec28bc44362a5b4e8b4060843af [term 1 LEADER]: Becoming Leader. State: Replica: 0e7f7ec28bc44362a5b4e8b4060843af, State: Running, Role: LEADER
I0517 05:09:41.501137 8671 consensus_queue.cc:204] T TestTablet P 0e7f7ec28bc44362a5b4e8b4060843af [LEADER]: Queue going to LEADER mode. State: All replicated index: 0, Majority replicated index: 0, Committed index: 0, Last appended: 0.0, Last appended by leader: 0, Current term: 1, Majority size: 1, State: 0, Mode: LEADER, active raft config: opid_index: -1 peers { permanent_uuid: "0e7f7ec28bc44362a5b4e8b4060843af" member_type: VOTER last_known_addr { host: "127.0.0.1" port: 46878 } }
W0517 05:09:41.501346 8607 reactor.cc:633] Failed to create an outbound connection to 255.255.255.255:1 because connect() failed: Network error: connect(2) error: Network is unreachable (error 101)
W0517 05:09:41.501741 8667 heartbeater.cc:587] Failed to heartbeat to 255.255.255.255:1: Network error: Failed to ping master at 255.255.255.255:1: connect(2) error: Network is unreachable (error 101)
W0517 05:09:41.502108 8607 reactor.cc:633] Failed to create an outbound connection to 255.255.255.255:1 because connect() failed: Network error: connect(2) error: Network is unreachable (error 101)
W0517 05:09:41.502427 8667 heartbeater.cc:587] Failed to heartbeat to 255.255.255.255:1: Network error: Failed to ping master at 255.255.255.255:1: connect(2) error: Network is unreachable (error 101)
I0517 05:09:41.502698 8669 ts_tablet_manager.cc:1073] T TestTablet P 0e7f7ec28bc44362a5b4e8b4060843af: Time spent starting tablet: real 0.012s user 0.008s sys 0.004s
W0517 05:09:41.502797 8607 reactor.cc:633] Failed to create an outbound connection to 255.255.255.255:1 because connect() failed: Network error: connect(2) error: Network is unreachable (error 101)
W0517 05:09:41.503098 8667 heartbeater.cc:587] Failed to heartbeat to 255.255.255.255:1: Network error: Failed to ping master at 255.255.255.255:1: connect(2) error: Network is unreachable (error 101)
I0517 05:09:41.529676 211 tablet_server.cc:144] TabletServer shutting down...
I0517 05:09:41.541095 211 ts_tablet_manager.cc:1118] Shutting down tablet manager...
I0517 05:09:41.541396 211 tablet_replica.cc:261] T TestTablet P 0e7f7ec28bc44362a5b4e8b4060843af: stopping tablet replica
I0517 05:09:41.541584 211 maintenance_manager.cc:237] P 0e7f7ec28bc44362a5b4e8b4060843af: Unregistered op CompactRowSetsOp(TestTablet)
I0517 05:09:41.541707 211 maintenance_manager.cc:237] P 0e7f7ec28bc44362a5b4e8b4060843af: Unregistered op MinorDeltaCompactionOp(TestTablet)
I0517 05:09:41.541813 211 maintenance_manager.cc:237] P 0e7f7ec28bc44362a5b4e8b4060843af: Unregistered op MajorDeltaCompactionOp(TestTablet)
I0517 05:09:41.541923 211 maintenance_manager.cc:237] P 0e7f7ec28bc44362a5b4e8b4060843af: Unregistered op UndoDeltaBlockGCOp(TestTablet)
I0517 05:09:41.542044 211 maintenance_manager.cc:237] P 0e7f7ec28bc44362a5b4e8b4060843af: Unregistered op FlushMRSOp(TestTablet)
I0517 05:09:41.542140 211 maintenance_manager.cc:237] P 0e7f7ec28bc44362a5b4e8b4060843af: Unregistered op FlushDeltaMemStoresOp(TestTablet)
I0517 05:09:41.542227 211 maintenance_manager.cc:237] P 0e7f7ec28bc44362a5b4e8b4060843af: Unregistered op LogGCOp(TestTablet)
I0517 05:09:41.542327 211 raft_consensus.cc:2016] T TestTablet P 0e7f7ec28bc44362a5b4e8b4060843af [term 1 LEADER]: Raft consensus shutting down.
I0517 05:09:41.542546 211 raft_consensus.cc:2043] T TestTablet P 0e7f7ec28bc44362a5b4e8b4060843af [term 1 FOLLOWER]: Raft consensus is shut down!
I0517 05:09:41.559586 211 tablet_server.cc:157] TabletServer shutdown complete.
I0517 05:09:41.559726 211 tablet_server.cc:144] TabletServer shutting down...
I0517 05:09:41.559960 211 tablet_server.cc:157] TabletServer shutdown complete. [ OK ] Params/InvalidScanRequest_WithIdsParamTest.Test/0 (190 ms) [ RUN ] Params/InvalidScanRequest_WithIdsParamTest.Test/1
I0517 05:09:41.580132 211 system_ntp.cc:143] NTP initialized. Skew: 500ppm Current error: 1070861us
I0517 05:09:41.580436 211 fs_manager.cc:260] Metadata directory not provided
I0517 05:09:41.580545 211 fs_manager.cc:266] Using write-ahead log directory (fs_wal_dir) as metadata directory
I0517 05:09:41.580720 211 server_base.cc:432] Could not load existing FS layout: Not found: /tmp/dist-test-taskWs1ZT3/test-tmp/tablet_server-test.0.Params_InvalidScanRequest_WithIdsParamTest.Test_1.1526533719119959-211/TabletServerTest-fsroot/instance: No such file or directory (error 2)
I0517 05:09:41.580816 211 server_base.cc:433] Attempting to create new FS layout instead
I0517 05:09:41.586475 211 fs_manager.cc:595] Generated new instance metadata in path /tmp/dist-test-taskWs1ZT3/test-tmp/tablet_server-test.0.Params_InvalidScanRequest_WithIdsParamTest.Test_1.1526533719119959-211/TabletServerTest-fsroot/instance: uuid: "58ed2ff9e34b475cb6139259e62b915c" format_stamp: "Formatted at 2018-05-17 05:09:41 on dist-test-slave-dist-test-slave-djmg"
I0517 05:09:41.594666 211 fs_manager.cc:495] Time spent creating directory manager: real 0.008s user 0.004s sys 0.004s
I0517 05:09:41.595870 211 file_cache.cc:470] Constructed file cache lbm with capacity 26214
I0517 05:09:41.602393 211 fs_manager.cc:417] Time spent opening block manager: real 0.001s user 0.000s sys 0.000s
I0517 05:09:41.602543 211 fs_manager.cc:428] Opened local filesystem: /tmp/dist-test-taskWs1ZT3/test-tmp/tablet_server-test.0.Params_InvalidScanRequest_WithIdsParamTest.Test_1.1526533719119959-211/TabletServerTest-fsroot uuid: "58ed2ff9e34b475cb6139259e62b915c" format_stamp: "Formatted at 2018-05-17 05:09:41 on dist-test-slave-dist-test-slave-djmg"
I0517 05:09:41.602794 211 fs_report.cc:347] Block manager report -------------------- 1 data directories: /tmp/dist-test-taskWs1ZT3/test-tmp/tablet_server-test.0.Params_InvalidScanRequest_WithIdsParamTest.Test_1.1526533719119959-211/TabletServerTest-fsroot/data Total live blocks: 0 Total live bytes: 0 Total live bytes (after alignment): 0 Total number of LBM containers: 0 (0 full) Did not check for missing blocks Did not check for orphaned blocks Total full LBM containers with extra space: 0 (0 repaired) Total full LBM container extra space in bytes: 0 (0 repaired) Total incomplete LBM containers: 0 (0 repaired) Total LBM partial records: 0 (0 repaired)
I0517 05:09:41.650382 211 ts_tablet_manager.cc:356] Loaded tablet metadata (0 live tablets)
I0517 05:09:41.678570 211 rpc_server.cc:205] RPC server started. Bound to: 127.0.0.1:50244
I0517 05:09:41.679332 211 webserver.cc:173] Starting webserver on 127.0.0.1:0
I0517 05:09:41.679426 211 webserver.cc:184] Document root disabled
I0517 05:09:41.680344 211 webserver.cc:311] Webserver started. Bound to: http://127.0.0.1:51824/
I0517 05:09:41.681680 8746 maintenance_manager.cc:249] Maintenance manager is disabled. Stopping thread.
W0517 05:09:41.681721 8685 reactor.cc:633] Failed to create an outbound connection to 255.255.255.255:1 because connect() failed: Network error: connect(2) error: Network is unreachable (error 101)
I0517 05:09:41.682132 211 data_dirs.cc:934] Could only allocate 1 dirs of requested 3 for tablet TestTablet. 1 dirs total, 0 dirs full, 0 dirs failed
W0517 05:09:41.682194 8745 heartbeater.cc:587] Failed to heartbeat to 255.255.255.255:1: Network error: Failed to ping master at 255.255.255.255:1: connect(2) error: Network is unreachable (error 101)
W0517 05:09:41.682679 8685 reactor.cc:633] Failed to create an outbound connection to 255.255.255.255:1 because connect() failed: Network error: connect(2) error: Network is unreachable (error 101)
W0517 05:09:41.682967 8745 heartbeater.cc:587] Failed to heartbeat to 255.255.255.255:1: Network error: Failed to ping master at 255.255.255.255:1: connect(2) error: Network is unreachable (error 101)
W0517 05:09:41.683333 8685 reactor.cc:633] Failed to create an outbound connection to 255.255.255.255:1 because connect() failed: Network error: connect(2) error: Network is unreachable (error 101)
W0517 05:09:41.683594 8745 heartbeater.cc:587] Failed to heartbeat to 255.255.255.255:1: Network error: Failed to ping master at 255.255.255.255:1: connect(2) error: Network is unreachable (error 101)
W0517 05:09:41.683729 8745 heartbeater.cc:380] Failed 3 heartbeats in a row: no longer allowing fast heartbeat attempts.
I0517 05:09:41.689363 211 ts_tablet_manager.cc:1173] T TestTablet P 58ed2ff9e34b475cb6139259e62b915c: Registered tablet (data state: TABLET_DATA_READY)
I0517 05:09:41.690469 8747 ts_tablet_manager.cc:1028] T TestTablet P 58ed2ff9e34b475cb6139259e62b915c: Bootstrapping tablet
I0517 05:09:41.690848 8747 tablet_bootstrap.cc:436] T TestTablet P 58ed2ff9e34b475cb6139259e62b915c: Bootstrap starting.
I0517 05:09:41.692916 8747 tablet_bootstrap.cc:587] T TestTablet P 58ed2ff9e34b475cb6139259e62b915c: No blocks or log segments found. Creating new log.
I0517 05:09:41.695864 8747 tablet_bootstrap.cc:436] T TestTablet P 58ed2ff9e34b475cb6139259e62b915c: No bootstrap required, opened a new log
I0517 05:09:41.696192 8747 ts_tablet_manager.cc:1045] T TestTablet P 58ed2ff9e34b475cb6139259e62b915c: Time spent bootstrapping tablet: real 0.005s user 0.000s sys 0.004s
I0517 05:09:41.697325 8747 raft_consensus.cc:303] T TestTablet P 58ed2ff9e34b475cb6139259e62b915c [term 0 FOLLOWER]: Replica starting. Triggering 0 pending transactions. Active config: opid_index: -1 peers { permanent_uuid: "58ed2ff9e34b475cb6139259e62b915c" member_type: VOTER last_known_addr { host: "127.0.0.1" port: 50244 } }
I0517 05:09:41.697676 8747 raft_consensus.cc:329] T TestTablet P 58ed2ff9e34b475cb6139259e62b915c [term 0 FOLLOWER]: Consensus starting up: Expiring failure detector timer to make a prompt election more likely
I0517 05:09:41.697808 8747 raft_consensus.cc:604] T TestTablet P 58ed2ff9e34b475cb6139259e62b915c [term 0 FOLLOWER]: Becoming Follower/Learner. State: Replica: 58ed2ff9e34b475cb6139259e62b915c, State: Initialized, Role: FOLLOWER
I0517 05:09:41.698220 8747 consensus_queue.cc:227] T TestTablet P 58ed2ff9e34b475cb6139259e62b915c [NON_LEADER]: Queue going to NON_LEADER mode. State: All replicated index: 0, Majority replicated index: 0, Committed index: 0, Last appended: 0.0, Last appended by leader: 0, Current term: 0, Majority size: -1, State: 0, Mode: NON_LEADER, active raft config: opid_index: -1 peers { permanent_uuid: "58ed2ff9e34b475cb6139259e62b915c" member_type: VOTER last_known_addr { host: "127.0.0.1" port: 50244 } }
I0517 05:09:41.698575 8747 raft_consensus.cc:343] T TestTablet P 58ed2ff9e34b475cb6139259e62b915c [term 0 FOLLOWER]: Only one voter in the Raft config. Triggering election immediately
I0517 05:09:41.698704 8747 raft_consensus.cc:435] T TestTablet P 58ed2ff9e34b475cb6139259e62b915c [term 0 FOLLOWER]: Starting leader election (initial election of a single-replica configuration)
I0517 05:09:41.698860 8747 raft_consensus.cc:2704] T TestTablet P 58ed2ff9e34b475cb6139259e62b915c: Snoozing failure detection for 1.883s (starting election)
I0517 05:09:41.699008 8747 raft_consensus.cc:2756] T TestTablet P 58ed2ff9e34b475cb6139259e62b915c [term 0 FOLLOWER]: Advancing to term 1
I0517 05:09:41.703600 8747 raft_consensus.cc:457] T TestTablet P 58ed2ff9e34b475cb6139259e62b915c [term 1 FOLLOWER]: Starting leader election with config: opid_index: -1 peers { permanent_uuid: "58ed2ff9e34b475cb6139259e62b915c" member_type: VOTER last_known_addr { host: "127.0.0.1" port: 50244 } }
I0517 05:09:41.704125 8747 leader_election.cc:270] T TestTablet P 58ed2ff9e34b475cb6139259e62b915c [CANDIDATE]: Term 1 election: Election decided. Result: candidate won.
I0517 05:09:41.705386 8749 raft_consensus.cc:2704] T TestTablet P 58ed2ff9e34b475cb6139259e62b915c: Snoozing failure detection for 1.836s (election complete)
I0517 05:09:41.705647 8749 raft_consensus.cc:2511] T TestTablet P 58ed2ff9e34b475cb6139259e62b915c [term 1 FOLLOWER]: Leader election won for term 1
I0517 05:09:41.706410 8749 raft_consensus.cc:571] T TestTablet P 58ed2ff9e34b475cb6139259e62b915c [term 1 LEADER]: Becoming Leader. State: Replica: 58ed2ff9e34b475cb6139259e62b915c, State: Running, Role: LEADER
I0517 05:09:41.706779 8749 consensus_queue.cc:204] T TestTablet P 58ed2ff9e34b475cb6139259e62b915c [LEADER]: Queue going to LEADER mode. State: All replicated index: 0, Majority replicated index: 0, Committed index: 0, Last appended: 0.0, Last appended by leader: 0, Current term: 1, Majority size: 1, State: 0, Mode: LEADER, active raft config: opid_index: -1 peers { permanent_uuid: "58ed2ff9e34b475cb6139259e62b915c" member_type: VOTER last_known_addr { host: "127.0.0.1" port: 50244 } }
W0517 05:09:41.707077 8685 reactor.cc:633] Failed to create an outbound connection to 255.255.255.255:1 because connect() failed: Network error: connect(2) error: Network is unreachable (error 101)
I0517 05:09:41.707129 8747 ts_tablet_manager.cc:1073] T TestTablet P 58ed2ff9e34b475cb6139259e62b915c: Time spent starting tablet: real 0.011s user 0.004s sys 0.008s
W0517 05:09:41.707463 8745 heartbeater.cc:587] Failed to heartbeat to 255.255.255.255:1: Network error: Failed to ping master at 255.255.255.255:1: connect(2) error: Network is unreachable (error 101)
W0517 05:09:41.707892 8685 reactor.cc:633] Failed to create an outbound connection to 255.255.255.255:1 because connect() failed: Network error: connect(2) error: Network is unreachable (error 101)
W0517 05:09:41.708206 8745 heartbeater.cc:587] Failed to heartbeat to 255.255.255.255:1: Network error: Failed to ping master at 255.255.255.255:1: connect(2) error: Network is unreachable (error 101)
I0517 05:09:41.734627 211 tablet_server.cc:144] TabletServer shutting down...
I0517 05:09:41.746103 211 ts_tablet_manager.cc:1118] Shutting down tablet manager...
I0517 05:09:41.746389 211 tablet_replica.cc:261] T TestTablet P 58ed2ff9e34b475cb6139259e62b915c: stopping tablet replica
I0517 05:09:41.746599 211 maintenance_manager.cc:237] P 58ed2ff9e34b475cb6139259e62b915c: Unregistered op CompactRowSetsOp(TestTablet)
I0517 05:09:41.746717 211 maintenance_manager.cc:237] P 58ed2ff9e34b475cb6139259e62b915c: Unregistered op MinorDeltaCompactionOp(TestTablet)
I0517 05:09:41.746817 211 maintenance_manager.cc:237] P 58ed2ff9e34b475cb6139259e62b915c: Unregistered op MajorDeltaCompactionOp(TestTablet)
I0517 05:09:41.746932 211 maintenance_manager.cc:237] P 58ed2ff9e34b475cb6139259e62b915c: Unregistered op UndoDeltaBlockGCOp(TestTablet)
I0517 05:09:41.747056 211 maintenance_manager.cc:237] P 58ed2ff9e34b475cb6139259e62b915c: Unregistered op FlushMRSOp(TestTablet)
I0517 05:09:41.747150 211 maintenance_manager.cc:237] P 58ed2ff9e34b475cb6139259e62b915c: Unregistered op FlushDeltaMemStoresOp(TestTablet)
I0517 05:09:41.747237 211 maintenance_manager.cc:237] P 58ed2ff9e34b475cb6139259e62b915c: Unregistered op LogGCOp(TestTablet)
I0517 05:09:41.747337 211 raft_consensus.cc:2016] T TestTablet P 58ed2ff9e34b475cb6139259e62b915c [term 1 LEADER]: Raft consensus shutting down.
I0517 05:09:41.747545 211 raft_consensus.cc:2043] T TestTablet P 58ed2ff9e34b475cb6139259e62b915c [term 1 FOLLOWER]: Raft consensus is shut down!
I0517 05:09:41.755487 211 tablet_server.cc:157] TabletServer shutdown complete.
I0517 05:09:41.755640 211 tablet_server.cc:144] TabletServer shutting down...
I0517 05:09:41.755872 211 tablet_server.cc:157] TabletServer shutdown complete. [ OK ] Params/InvalidScanRequest_WithIdsParamTest.Test/1 (196 ms) [ RUN ] Params/InvalidScanRequest_WithIdsParamTest.Test/2
I0517 05:09:41.776598 211 system_ntp.cc:143] NTP initialized. Skew: 500ppm Current error: 1070861us
I0517 05:09:41.776937 211 fs_manager.cc:260] Metadata directory not provided
I0517 05:09:41.777060 211 fs_manager.cc:266] Using write-ahead log directory (fs_wal_dir) as metadata directory
I0517 05:09:41.777236 211 server_base.cc:432] Could not load existing FS layout: Not found: /tmp/dist-test-taskWs1ZT3/test-tmp/tablet_server-test.0.Params_InvalidScanRequest_WithIdsParamTest.Test_2.1526533719119959-211/TabletServerTest-fsroot/instance: No such file or directory (error 2)
I0517 05:09:41.777338 211 server_base.cc:433] Attempting to create new FS layout instead
I0517 05:09:41.783100 211 fs_manager.cc:595] Generated new instance metadata in path /tmp/dist-test-taskWs1ZT3/test-tmp/tablet_server-test.0.Params_InvalidScanRequest_WithIdsParamTest.Test_2.1526533719119959-211/TabletServerTest-fsroot/instance: uuid: "6e828943a41c4d5785477d639e730acf" format_stamp: "Formatted at 2018-05-17 05:09:41 on dist-test-slave-dist-test-slave-djmg"
I0517 05:09:41.791184 211 fs_manager.cc:495] Time spent creating directory manager: real 0.008s user 0.008s sys 0.000s
I0517 05:09:41.792441 211 file_cache.cc:470] Constructed file cache lbm with capacity 26214
I0517 05:09:41.798713 211 fs_manager.cc:417] Time spent opening block manager: real 0.001s user 0.000s sys 0.000s
I0517 05:09:41.798854 211 fs_manager.cc:428] Opened local filesystem: /tmp/dist-test-taskWs1ZT3/test-tmp/tablet_server-test.0.Params_InvalidScanRequest_WithIdsParamTest.Test_2.1526533719119959-211/TabletServerTest-fsroot uuid: "6e828943a41c4d5785477d639e730acf" format_stamp: "Formatted at 2018-05-17 05:09:41 on dist-test-slave-dist-test-slave-djmg"
I0517 05:09:41.799072 211 fs_report.cc:347] Block manager report -------------------- 1 data directories: /tmp/dist-test-taskWs1ZT3/test-tmp/tablet_server-test.0.Params_InvalidScanRequest_WithIdsParamTest.Test_2.1526533719119959-211/TabletServerTest-fsroot/data Total live blocks: 0 Total live bytes: 0 Total live bytes (after alignment): 0 Total number of LBM containers: 0 (0 full) Did not check for missing blocks Did not check for orphaned blocks Total full LBM containers with extra space: 0 (0 repaired) Total full LBM container extra space in bytes: 0 (0 repaired) Total incomplete LBM containers: 0 (0 repaired) Total LBM partial records: 0 (0 repaired)
I0517 05:09:41.844990 211 ts_tablet_manager.cc:356] Loaded tablet metadata (0 live tablets)
I0517 05:09:41.872555 211 rpc_server.cc:205] RPC server started. Bound to: 127.0.0.1:36243
I0517 05:09:41.873351 211 webserver.cc:173] Starting webserver on 127.0.0.1:0
I0517 05:09:41.873462 211 webserver.cc:184] Document root disabled
I0517 05:09:41.874362 211 webserver.cc:311] Webserver started. Bound to: http://127.0.0.1:58890/
W0517 05:09:41.875614 8763 reactor.cc:633] Failed to create an outbound connection to 255.255.255.255:1 because connect() failed: Network error: connect(2) error: Network is unreachable (error 101)
I0517 05:09:41.875886 8824 maintenance_manager.cc:249] Maintenance manager is disabled. Stopping thread.
W0517 05:09:41.876051 8823 heartbeater.cc:587] Failed to heartbeat to 255.255.255.255:1: Network error: Failed to ping master at 255.255.255.255:1: connect(2) error: Network is unreachable (error 101)
I0517 05:09:41.876379 211 data_dirs.cc:934] Could only allocate 1 dirs of requested 3 for tablet TestTablet. 1 dirs total, 0 dirs full, 0 dirs failed
W0517 05:09:41.876549 8763 reactor.cc:633] Failed to create an outbound connection to 255.255.255.255:1 because connect() failed: Network error: connect(2) error: Network is unreachable (error 101)
W0517 05:09:41.876873 8823 heartbeater.cc:587] Failed to heartbeat to 255.255.255.255:1: Network error: Failed to ping master at 255.255.255.255:1: connect(2) error: Network is unreachable (error 101)
W0517 05:09:41.877229 8763 reactor.cc:633] Failed to create an outbound connection to 255.255.255.255:1 because connect() failed: Network error: connect(2) error: Network is unreachable (error 101)
W0517 05:09:41.877496 8823 heartbeater.cc:587] Failed to heartbeat to 255.255.255.255:1: Network error: Failed to ping master at 255.255.255.255:1: connect(2) error: Network is unreachable (error 101)
W0517 05:09:41.877625 8823 heartbeater.cc:380] Failed 3 heartbeats in a row: no longer allowing fast heartbeat attempts.
I0517 05:09:41.883146 211 ts_tablet_manager.cc:1173] T TestTablet P 6e828943a41c4d5785477d639e730acf: Registered tablet (data state: TABLET_DATA_READY)
I0517 05:09:41.884254 8825 ts_tablet_manager.cc:1028] T TestTablet P 6e828943a41c4d5785477d639e730acf: Bootstrapping tablet
I0517 05:09:41.884593 8825 tablet_bootstrap.cc:436] T TestTablet P 6e828943a41c4d5785477d639e730acf: Bootstrap starting.
I0517 05:09:41.886828 8825 tablet_bootstrap.cc:587] T TestTablet P 6e828943a41c4d5785477d639e730acf: No blocks or log segments found. Creating new log.
I0517 05:09:41.889840 8825 tablet_bootstrap.cc:436] T TestTablet P 6e828943a41c4d5785477d639e730acf: No bootstrap required, opened a new log
I0517 05:09:41.890187 8825 ts_tablet_manager.cc:1045] T TestTablet P 6e828943a41c4d5785477d639e730acf: Time spent bootstrapping tablet: real 0.006s user 0.004s sys 0.000s
I0517 05:09:41.891286 8825 raft_consensus.cc:303] T TestTablet P 6e828943a41c4d5785477d639e730acf [term 0 FOLLOWER]: Replica starting. Triggering 0 pending transactions. Active config: opid_index: -1 peers { permanent_uuid: "6e828943a41c4d5785477d639e730acf" member_type: VOTER last_known_addr { host: "127.0.0.1" port: 36243 } }
I0517 05:09:41.891659 8825 raft_consensus.cc:329] T TestTablet P 6e828943a41c4d5785477d639e730acf [term 0 FOLLOWER]: Consensus starting up: Expiring failure detector timer to make a prompt election more likely
