I0517 05:09:41.891788 8825 raft_consensus.cc:604] T TestTablet P 6e828943a41c4d5785477d639e730acf [term 0 FOLLOWER]: Becoming Follower/Learner. State: Replica: 6e828943a41c4d5785477d639e730acf, State: Initialized, Role: FOLLOWER
I0517 05:09:41.892248 8825 consensus_queue.cc:227] T TestTablet P 6e828943a41c4d5785477d639e730acf [NON_LEADER]: Queue going to NON_LEADER mode. State: All replicated index: 0, Majority replicated index: 0, Committed index: 0, Last appended: 0.0, Last appended by leader: 0, Current term: 0, Majority size: -1, State: 0, Mode: NON_LEADER, active raft config: opid_index: -1 peers { permanent_uuid: "6e828943a41c4d5785477d639e730acf" member_type: VOTER last_known_addr { host: "127.0.0.1" port: 36243 } }
I0517 05:09:41.892617 8825 raft_consensus.cc:343] T TestTablet P 6e828943a41c4d5785477d639e730acf [term 0 FOLLOWER]: Only one voter in the Raft config. Triggering election immediately
I0517 05:09:41.892776 8825 raft_consensus.cc:435] T TestTablet P 6e828943a41c4d5785477d639e730acf [term 0 FOLLOWER]: Starting leader election (initial election of a single-replica configuration)
I0517 05:09:41.892925 8825 raft_consensus.cc:2704] T TestTablet P 6e828943a41c4d5785477d639e730acf: Snoozing failure detection for 2.182s (starting election)
I0517 05:09:41.893093 8825 raft_consensus.cc:2756] T TestTablet P 6e828943a41c4d5785477d639e730acf [term 0 FOLLOWER]: Advancing to term 1
I0517 05:09:41.897559 8825 raft_consensus.cc:457] T TestTablet P 6e828943a41c4d5785477d639e730acf [term 1 FOLLOWER]: Starting leader election with config: opid_index: -1 peers { permanent_uuid: "6e828943a41c4d5785477d639e730acf" member_type: VOTER last_known_addr { host: "127.0.0.1" port: 36243 } }
I0517 05:09:41.898106 8825 leader_election.cc:270] T TestTablet P 6e828943a41c4d5785477d639e730acf [CANDIDATE]: Term 1 election: Election decided. Result: candidate won.
I0517 05:09:41.899459 8827 raft_consensus.cc:2704] T TestTablet P 6e828943a41c4d5785477d639e730acf: Snoozing failure detection for 1.924s (election complete)
I0517 05:09:41.899708 8827 raft_consensus.cc:2511] T TestTablet P 6e828943a41c4d5785477d639e730acf [term 1 FOLLOWER]: Leader election won for term 1
W0517 05:09:41.900952 8763 reactor.cc:633] Failed to create an outbound connection to 255.255.255.255:1 because connect() failed: Network error: connect(2) error: Network is unreachable (error 101)
I0517 05:09:41.901010 8825 ts_tablet_manager.cc:1073] T TestTablet P 6e828943a41c4d5785477d639e730acf: Time spent starting tablet: real 0.011s user 0.008s sys 0.004s
I0517 05:09:41.900975 8827 raft_consensus.cc:571] T TestTablet P 6e828943a41c4d5785477d639e730acf [term 1 LEADER]: Becoming Leader. State: Replica: 6e828943a41c4d5785477d639e730acf, State: Running, Role: LEADER
W0517 05:09:41.901288 8823 heartbeater.cc:587] Failed to heartbeat to 255.255.255.255:1: Network error: Failed to ping master at 255.255.255.255:1: connect(2) error: Network is unreachable (error 101)
I0517 05:09:41.901456 8827 consensus_queue.cc:204] T TestTablet P 6e828943a41c4d5785477d639e730acf [LEADER]: Queue going to LEADER mode. State: All replicated index: 0, Majority replicated index: 0, Committed index: 0, Last appended: 0.0, Last appended by leader: 0, Current term: 1, Majority size: 1, State: 0, Mode: LEADER, active raft config: opid_index: -1 peers { permanent_uuid: "6e828943a41c4d5785477d639e730acf" member_type: VOTER last_known_addr { host: "127.0.0.1" port: 36243 } }
W0517 05:09:41.901706 8763 reactor.cc:633] Failed to create an outbound connection to 255.255.255.255:1 because connect() failed: Network error: connect(2) error: Network is unreachable (error 101)
W0517 05:09:41.902040 8823 heartbeater.cc:587] Failed to heartbeat to 255.255.255.255:1: Network error: Failed to ping master at 255.255.255.255:1: connect(2) error: Network is unreachable (error 101)
I0517 05:09:41.928838 211 tablet_server.cc:144] TabletServer shutting down...
I0517 05:09:41.950811 211 ts_tablet_manager.cc:1118] Shutting down tablet manager...
I0517 05:09:41.951125 211 tablet_replica.cc:261] T TestTablet P 6e828943a41c4d5785477d639e730acf: stopping tablet replica
I0517 05:09:41.951325 211 maintenance_manager.cc:237] P 6e828943a41c4d5785477d639e730acf: Unregistered op CompactRowSetsOp(TestTablet)
I0517 05:09:41.951447 211 maintenance_manager.cc:237] P 6e828943a41c4d5785477d639e730acf: Unregistered op MinorDeltaCompactionOp(TestTablet)
I0517 05:09:41.951582 211 maintenance_manager.cc:237] P 6e828943a41c4d5785477d639e730acf: Unregistered op MajorDeltaCompactionOp(TestTablet)
I0517 05:09:41.951697 211 maintenance_manager.cc:237] P 6e828943a41c4d5785477d639e730acf: Unregistered op UndoDeltaBlockGCOp(TestTablet)
I0517 05:09:41.951820 211 maintenance_manager.cc:237] P 6e828943a41c4d5785477d639e730acf: Unregistered op FlushMRSOp(TestTablet)
I0517 05:09:41.951917 211 maintenance_manager.cc:237] P 6e828943a41c4d5785477d639e730acf: Unregistered op FlushDeltaMemStoresOp(TestTablet)
I0517 05:09:41.952004 211 maintenance_manager.cc:237] P 6e828943a41c4d5785477d639e730acf: Unregistered op LogGCOp(TestTablet)
I0517 05:09:41.952108 211 raft_consensus.cc:2016] T TestTablet P 6e828943a41c4d5785477d639e730acf [term 1 LEADER]: Raft consensus shutting down.
I0517 05:09:41.952322 211 raft_consensus.cc:2043] T TestTablet P 6e828943a41c4d5785477d639e730acf [term 1 FOLLOWER]: Raft consensus is shut down!
I0517 05:09:41.960834 211 tablet_server.cc:157] TabletServer shutdown complete.
I0517 05:09:41.960990 211 tablet_server.cc:144] TabletServer shutting down...
I0517 05:09:41.961257 211 tablet_server.cc:157] TabletServer shutdown complete. [ OK ] Params/InvalidScanRequest_WithIdsParamTest.Test/2 (206 ms) [----------] 3 tests from Params/InvalidScanRequest_WithIdsParamTest (592 ms total) [----------] 3 tests from Params/InvalidScanSeqIdParamTest [ RUN ] Params/InvalidScanSeqIdParamTest.Test/0
I0517 05:09:41.982352 211 system_ntp.cc:143] NTP initialized. Skew: 500ppm Current error: 1070861us
I0517 05:09:41.982640 211 fs_manager.cc:260] Metadata directory not provided
I0517 05:09:41.982748 211 fs_manager.cc:266] Using write-ahead log directory (fs_wal_dir) as metadata directory
I0517 05:09:41.982893 211 server_base.cc:432] Could not load existing FS layout: Not found: /tmp/dist-test-taskWs1ZT3/test-tmp/tablet_server-test.0.Params_InvalidScanSeqIdParamTest.Test_0.1526533719119959-211/TabletServerTest-fsroot/instance: No such file or directory (error 2)
I0517 05:09:41.983000 211 server_base.cc:433] Attempting to create new FS layout instead
I0517 05:09:41.988739 211 fs_manager.cc:595] Generated new instance metadata in path /tmp/dist-test-taskWs1ZT3/test-tmp/tablet_server-test.0.Params_InvalidScanSeqIdParamTest.Test_0.1526533719119959-211/TabletServerTest-fsroot/instance: uuid: "471f72ff4dc64cce863065bd15a77f92" format_stamp: "Formatted at 2018-05-17 05:09:41 on dist-test-slave-dist-test-slave-djmg"
I0517 05:09:41.997195 211 fs_manager.cc:495] Time spent creating directory manager: real 0.008s user 0.008s sys 0.000s
I0517 05:09:41.998425 211 file_cache.cc:470] Constructed file cache lbm with capacity 26214
I0517 05:09:42.004684 211 fs_manager.cc:417] Time spent opening block manager: real 0.001s user 0.000s sys 0.004s
I0517 05:09:42.004824 211 fs_manager.cc:428] Opened local filesystem: /tmp/dist-test-taskWs1ZT3/test-tmp/tablet_server-test.0.Params_InvalidScanSeqIdParamTest.Test_0.1526533719119959-211/TabletServerTest-fsroot uuid: "471f72ff4dc64cce863065bd15a77f92" format_stamp: "Formatted at 2018-05-17 05:09:41 on dist-test-slave-dist-test-slave-djmg"
I0517 05:09:42.005053 211 fs_report.cc:347] Block manager report -------------------- 1 data directories: /tmp/dist-test-taskWs1ZT3/test-tmp/tablet_server-test.0.Params_InvalidScanSeqIdParamTest.Test_0.1526533719119959-211/TabletServerTest-fsroot/data Total live blocks: 0 Total live bytes: 0 Total live bytes (after alignment): 0 Total number of LBM containers: 0 (0 full) Did not check for missing blocks Did not check for orphaned blocks Total full LBM containers with extra space: 0 (0 repaired) Total full LBM container extra space in bytes: 0 (0 repaired) Total incomplete LBM containers: 0 (0 repaired) Total LBM partial records: 0 (0 repaired)
I0517 05:09:42.019512 211 ts_tablet_manager.cc:356] Loaded tablet metadata (0 live tablets)
I0517 05:09:42.046538 211 rpc_server.cc:205] RPC server started. Bound to: 127.0.0.1:53200
I0517 05:09:42.047356 211 webserver.cc:173] Starting webserver on 127.0.0.1:0
I0517 05:09:42.047461 211 webserver.cc:184] Document root disabled
I0517 05:09:42.048288 211 webserver.cc:311] Webserver started. Bound to: http://127.0.0.1:47968/
W0517 05:09:42.049554 8841 reactor.cc:633] Failed to create an outbound connection to 255.255.255.255:1 because connect() failed: Network error: connect(2) error: Network is unreachable (error 101)
I0517 05:09:42.049621 8902 maintenance_manager.cc:249] Maintenance manager is disabled. Stopping thread.
W0517 05:09:42.049988 8901 heartbeater.cc:587] Failed to heartbeat to 255.255.255.255:1: Network error: Failed to ping master at 255.255.255.255:1: connect(2) error: Network is unreachable (error 101)
I0517 05:09:42.050005 211 data_dirs.cc:934] Could only allocate 1 dirs of requested 3 for tablet TestTablet. 1 dirs total, 0 dirs full, 0 dirs failed
W0517 05:09:42.050529 8841 reactor.cc:633] Failed to create an outbound connection to 255.255.255.255:1 because connect() failed: Network error: connect(2) error: Network is unreachable (error 101)
W0517 05:09:42.050897 8901 heartbeater.cc:587] Failed to heartbeat to 255.255.255.255:1: Network error: Failed to ping master at 255.255.255.255:1: connect(2) error: Network is unreachable (error 101)
W0517 05:09:42.051308 8841 reactor.cc:633] Failed to create an outbound connection to 255.255.255.255:1 because connect() failed: Network error: connect(2) error: Network is unreachable (error 101)
W0517 05:09:42.051590 8901 heartbeater.cc:587] Failed to heartbeat to 255.255.255.255:1: Network error: Failed to ping master at 255.255.255.255:1: connect(2) error: Network is unreachable (error 101)
W0517 05:09:42.051739 8901 heartbeater.cc:380] Failed 3 heartbeats in a row: no longer allowing fast heartbeat attempts.
I0517 05:09:42.057052 211 ts_tablet_manager.cc:1173] T TestTablet P 471f72ff4dc64cce863065bd15a77f92: Registered tablet (data state: TABLET_DATA_READY)
I0517 05:09:42.058140 8903 ts_tablet_manager.cc:1028] T TestTablet P 471f72ff4dc64cce863065bd15a77f92: Bootstrapping tablet
I0517 05:09:42.058499 8903 tablet_bootstrap.cc:436] T TestTablet P 471f72ff4dc64cce863065bd15a77f92: Bootstrap starting.
I0517 05:09:42.060608 8903 tablet_bootstrap.cc:587] T TestTablet P 471f72ff4dc64cce863065bd15a77f92: No blocks or log segments found. Creating new log.
I0517 05:09:42.063462 8903 tablet_bootstrap.cc:436] T TestTablet P 471f72ff4dc64cce863065bd15a77f92: No bootstrap required, opened a new log
I0517 05:09:42.063807 8903 ts_tablet_manager.cc:1045] T TestTablet P 471f72ff4dc64cce863065bd15a77f92: Time spent bootstrapping tablet: real 0.005s user 0.004s sys 0.000s
I0517 05:09:42.064955 8903 raft_consensus.cc:303] T TestTablet P 471f72ff4dc64cce863065bd15a77f92 [term 0 FOLLOWER]: Replica starting. Triggering 0 pending transactions. Active config: opid_index: -1 peers { permanent_uuid: "471f72ff4dc64cce863065bd15a77f92" member_type: VOTER last_known_addr { host: "127.0.0.1" port: 53200 } }
I0517 05:09:42.065304 8903 raft_consensus.cc:329] T TestTablet P 471f72ff4dc64cce863065bd15a77f92 [term 0 FOLLOWER]: Consensus starting up: Expiring failure detector timer to make a prompt election more likely
I0517 05:09:42.065444 8903 raft_consensus.cc:604] T TestTablet P 471f72ff4dc64cce863065bd15a77f92 [term 0 FOLLOWER]: Becoming Follower/Learner. State: Replica: 471f72ff4dc64cce863065bd15a77f92, State: Initialized, Role: FOLLOWER
I0517 05:09:42.065845 8903 consensus_queue.cc:227] T TestTablet P 471f72ff4dc64cce863065bd15a77f92 [NON_LEADER]: Queue going to NON_LEADER mode. State: All replicated index: 0, Majority replicated index: 0, Committed index: 0, Last appended: 0.0, Last appended by leader: 0, Current term: 0, Majority size: -1, State: 0, Mode: NON_LEADER, active raft config: opid_index: -1 peers { permanent_uuid: "471f72ff4dc64cce863065bd15a77f92" member_type: VOTER last_known_addr { host: "127.0.0.1" port: 53200 } }
I0517 05:09:42.066195 8903 raft_consensus.cc:343] T TestTablet P 471f72ff4dc64cce863065bd15a77f92 [term 0 FOLLOWER]: Only one voter in the Raft config. Triggering election immediately
I0517 05:09:42.066334 8903 raft_consensus.cc:435] T TestTablet P 471f72ff4dc64cce863065bd15a77f92 [term 0 FOLLOWER]: Starting leader election (initial election of a single-replica configuration)
I0517 05:09:42.066478 8903 raft_consensus.cc:2704] T TestTablet P 471f72ff4dc64cce863065bd15a77f92: Snoozing failure detection for 1.546s (starting election)
I0517 05:09:42.066625 8903 raft_consensus.cc:2756] T TestTablet P 471f72ff4dc64cce863065bd15a77f92 [term 0 FOLLOWER]: Advancing to term 1
I0517 05:09:42.071200 8903 raft_consensus.cc:457] T TestTablet P 471f72ff4dc64cce863065bd15a77f92 [term 1 FOLLOWER]: Starting leader election with config: opid_index: -1 peers { permanent_uuid: "471f72ff4dc64cce863065bd15a77f92" member_type: VOTER last_known_addr { host: "127.0.0.1" port: 53200 } }
I0517 05:09:42.071725 8903 leader_election.cc:270] T TestTablet P 471f72ff4dc64cce863065bd15a77f92 [CANDIDATE]: Term 1 election: Election decided. Result: candidate won.
I0517 05:09:42.073041 8905 raft_consensus.cc:2704] T TestTablet P 471f72ff4dc64cce863065bd15a77f92: Snoozing failure detection for 1.994s (election complete)
I0517 05:09:42.073333 8905 raft_consensus.cc:2511] T TestTablet P 471f72ff4dc64cce863065bd15a77f92 [term 1 FOLLOWER]: Leader election won for term 1
I0517 05:09:42.074111 8905 raft_consensus.cc:571] T TestTablet P 471f72ff4dc64cce863065bd15a77f92 [term 1 LEADER]: Becoming Leader. State: Replica: 471f72ff4dc64cce863065bd15a77f92, State: Running, Role: LEADER
I0517 05:09:42.074465 8905 consensus_queue.cc:204] T TestTablet P 471f72ff4dc64cce863065bd15a77f92 [LEADER]: Queue going to LEADER mode. State: All replicated index: 0, Majority replicated index: 0, Committed index: 0, Last appended: 0.0, Last appended by leader: 0, Current term: 1, Majority size: 1, State: 0, Mode: LEADER, active raft config: opid_index: -1 peers { permanent_uuid: "471f72ff4dc64cce863065bd15a77f92" member_type: VOTER last_known_addr { host: "127.0.0.1" port: 53200 } }
W0517 05:09:42.074793 8841 reactor.cc:633] Failed to create an outbound connection to 255.255.255.255:1 because connect() failed: Network error: connect(2) error: Network is unreachable (error 101)
I0517 05:09:42.074863 8903 ts_tablet_manager.cc:1073] T TestTablet P 471f72ff4dc64cce863065bd15a77f92: Time spent starting tablet: real 0.011s user 0.008s sys 0.004s
W0517 05:09:42.075170 8901 heartbeater.cc:587] Failed to heartbeat to 255.255.255.255:1: Network error: Failed to ping master at 255.255.255.255:1: connect(2) error: Network is unreachable (error 101)
W0517 05:09:42.075531 8841 reactor.cc:633] Failed to create an outbound connection to 255.255.255.255:1 because connect() failed: Network error: connect(2) error: Network is unreachable (error 101)
W0517 05:09:42.075850 8901 heartbeater.cc:587] Failed to heartbeat to 255.255.255.255:1: Network error: Failed to ping master at 255.255.255.255:1: connect(2) error: Network is unreachable (error 101)
I0517 05:09:42.108880 211 tablet_server.cc:144] TabletServer shutting down...
I0517 05:09:42.120504 211 ts_tablet_manager.cc:1118] Shutting down tablet manager...
I0517 05:09:42.120831 211 tablet_replica.cc:261] T TestTablet P 471f72ff4dc64cce863065bd15a77f92: stopping tablet replica
I0517 05:09:42.121026 211 maintenance_manager.cc:237] P 471f72ff4dc64cce863065bd15a77f92: Unregistered op CompactRowSetsOp(TestTablet)
I0517 05:09:42.121146 211 maintenance_manager.cc:237] P 471f72ff4dc64cce863065bd15a77f92: Unregistered op MinorDeltaCompactionOp(TestTablet)
I0517 05:09:42.121246 211 maintenance_manager.cc:237] P 471f72ff4dc64cce863065bd15a77f92: Unregistered op MajorDeltaCompactionOp(TestTablet)
I0517 05:09:42.121357 211 maintenance_manager.cc:237] P 471f72ff4dc64cce863065bd15a77f92: Unregistered op UndoDeltaBlockGCOp(TestTablet)
I0517 05:09:42.121479 211 maintenance_manager.cc:237] P 471f72ff4dc64cce863065bd15a77f92: Unregistered op FlushMRSOp(TestTablet)
I0517 05:09:42.121577 211 maintenance_manager.cc:237] P 471f72ff4dc64cce863065bd15a77f92: Unregistered op FlushDeltaMemStoresOp(TestTablet)
I0517 05:09:42.121660 211 maintenance_manager.cc:237] P 471f72ff4dc64cce863065bd15a77f92: Unregistered op LogGCOp(TestTablet)
I0517 05:09:42.121762 211 raft_consensus.cc:2016] T TestTablet P 471f72ff4dc64cce863065bd15a77f92 [term 1 LEADER]: Raft consensus shutting down.
I0517 05:09:42.121958 211 raft_consensus.cc:2043] T TestTablet P 471f72ff4dc64cce863065bd15a77f92 [term 1 FOLLOWER]: Raft consensus is shut down!
I0517 05:09:42.138701 211 tablet_server.cc:157] TabletServer shutdown complete.
I0517 05:09:42.138836 211 tablet_server.cc:144] TabletServer shutting down...
I0517 05:09:42.139088 211 tablet_server.cc:157] TabletServer shutdown complete. [ OK ] Params/InvalidScanSeqIdParamTest.Test/0 (177 ms) [ RUN ] Params/InvalidScanSeqIdParamTest.Test/1
I0517 05:09:42.159502 211 system_ntp.cc:143] NTP initialized. Skew: 500ppm Current error: 1071361us
I0517 05:09:42.159795 211 fs_manager.cc:260] Metadata directory not provided
I0517 05:09:42.159915 211 fs_manager.cc:266] Using write-ahead log directory (fs_wal_dir) as metadata directory
I0517 05:09:42.160106 211 server_base.cc:432] Could not load existing FS layout: Not found: /tmp/dist-test-taskWs1ZT3/test-tmp/tablet_server-test.0.Params_InvalidScanSeqIdParamTest.Test_1.1526533719119959-211/TabletServerTest-fsroot/instance: No such file or directory (error 2)
I0517 05:09:42.160228 211 server_base.cc:433] Attempting to create new FS layout instead
I0517 05:09:42.165890 211 fs_manager.cc:595] Generated new instance metadata in path /tmp/dist-test-taskWs1ZT3/test-tmp/tablet_server-test.0.Params_InvalidScanSeqIdParamTest.Test_1.1526533719119959-211/TabletServerTest-fsroot/instance: uuid: "9a8354f57f3d431f8d4722e03dba91db" format_stamp: "Formatted at 2018-05-17 05:09:42 on dist-test-slave-dist-test-slave-djmg"
I0517 05:09:42.174114 211 fs_manager.cc:495] Time spent creating directory manager: real 0.008s user 0.012s sys 0.000s
I0517 05:09:42.175307 211 file_cache.cc:470] Constructed file cache lbm with capacity 26214
I0517 05:09:42.181712 211 fs_manager.cc:417] Time spent opening block manager: real 0.001s user 0.004s sys 0.000s
I0517 05:09:42.181849 211 fs_manager.cc:428] Opened local filesystem: /tmp/dist-test-taskWs1ZT3/test-tmp/tablet_server-test.0.Params_InvalidScanSeqIdParamTest.Test_1.1526533719119959-211/TabletServerTest-fsroot uuid: "9a8354f57f3d431f8d4722e03dba91db" format_stamp: "Formatted at 2018-05-17 05:09:42 on dist-test-slave-dist-test-slave-djmg"
I0517 05:09:42.182044 211 fs_report.cc:347] Block manager report -------------------- 1 data directories: /tmp/dist-test-taskWs1ZT3/test-tmp/tablet_server-test.0.Params_InvalidScanSeqIdParamTest.Test_1.1526533719119959-211/TabletServerTest-fsroot/data Total live blocks: 0 Total live bytes: 0 Total live bytes (after alignment): 0 Total number of LBM containers: 0 (0 full) Did not check for missing blocks Did not check for orphaned blocks Total full LBM containers with extra space: 0 (0 repaired) Total full LBM container extra space in bytes: 0 (0 repaired) Total incomplete LBM containers: 0 (0 repaired) Total LBM partial records: 0 (0 repaired)
I0517 05:09:42.203310 211 ts_tablet_manager.cc:356] Loaded tablet metadata (0 live tablets)
I0517 05:09:42.232041 211 rpc_server.cc:205] RPC server started. Bound to: 127.0.0.1:46415
I0517 05:09:42.232820 211 webserver.cc:173] Starting webserver on 127.0.0.1:0
I0517 05:09:42.232913 211 webserver.cc:184] Document root disabled
I0517 05:09:42.233767 211 webserver.cc:311] Webserver started. Bound to: http://127.0.0.1:41295/
W0517 05:09:42.235060 8919 reactor.cc:633] Failed to create an outbound connection to 255.255.255.255:1 because connect() failed: Network error: connect(2) error: Network is unreachable (error 101)
I0517 05:09:42.235071 8980 maintenance_manager.cc:249] Maintenance manager is disabled. Stopping thread.
I0517 05:09:42.235424 211 data_dirs.cc:934] Could only allocate 1 dirs of requested 3 for tablet TestTablet. 1 dirs total, 0 dirs full, 0 dirs failed
W0517 05:09:42.235522 8979 heartbeater.cc:587] Failed to heartbeat to 255.255.255.255:1: Network error: Failed to ping master at 255.255.255.255:1: connect(2) error: Network is unreachable (error 101)
W0517 05:09:42.235981 8919 reactor.cc:633] Failed to create an outbound connection to 255.255.255.255:1 because connect() failed: Network error: connect(2) error: Network is unreachable (error 101)
W0517 05:09:42.236279 8979 heartbeater.cc:587] Failed to heartbeat to 255.255.255.255:1: Network error: Failed to ping master at 255.255.255.255:1: connect(2) error: Network is unreachable (error 101)
W0517 05:09:42.236682 8919 reactor.cc:633] Failed to create an outbound connection to 255.255.255.255:1 because connect() failed: Network error: connect(2) error: Network is unreachable (error 101)
W0517 05:09:42.236946 8979 heartbeater.cc:587] Failed to heartbeat to 255.255.255.255:1: Network error: Failed to ping master at 255.255.255.255:1: connect(2) error: Network is unreachable (error 101)
W0517 05:09:42.237082 8979 heartbeater.cc:380] Failed 3 heartbeats in a row: no longer allowing fast heartbeat attempts.
I0517 05:09:42.242313 211 ts_tablet_manager.cc:1173] T TestTablet P 9a8354f57f3d431f8d4722e03dba91db: Registered tablet (data state: TABLET_DATA_READY)
I0517 05:09:42.243418 8981 ts_tablet_manager.cc:1028] T TestTablet P 9a8354f57f3d431f8d4722e03dba91db: Bootstrapping tablet
I0517 05:09:42.243798 8981 tablet_bootstrap.cc:436] T TestTablet P 9a8354f57f3d431f8d4722e03dba91db: Bootstrap starting.
I0517 05:09:42.245913 8981 tablet_bootstrap.cc:587] T TestTablet P 9a8354f57f3d431f8d4722e03dba91db: No blocks or log segments found. Creating new log.
I0517 05:09:42.248978 8981 tablet_bootstrap.cc:436] T TestTablet P 9a8354f57f3d431f8d4722e03dba91db: No bootstrap required, opened a new log
I0517 05:09:42.249290 8981 ts_tablet_manager.cc:1045] T TestTablet P 9a8354f57f3d431f8d4722e03dba91db: Time spent bootstrapping tablet: real 0.006s user 0.004s sys 0.000s
I0517 05:09:42.250429 8981 raft_consensus.cc:303] T TestTablet P 9a8354f57f3d431f8d4722e03dba91db [term 0 FOLLOWER]: Replica starting. Triggering 0 pending transactions. Active config: opid_index: -1 peers { permanent_uuid: "9a8354f57f3d431f8d4722e03dba91db" member_type: VOTER last_known_addr { host: "127.0.0.1" port: 46415 } }
I0517 05:09:42.250787 8981 raft_consensus.cc:329] T TestTablet P 9a8354f57f3d431f8d4722e03dba91db [term 0 FOLLOWER]: Consensus starting up: Expiring failure detector timer to make a prompt election more likely
I0517 05:09:42.250911 8981 raft_consensus.cc:604] T TestTablet P 9a8354f57f3d431f8d4722e03dba91db [term 0 FOLLOWER]: Becoming Follower/Learner. State: Replica: 9a8354f57f3d431f8d4722e03dba91db, State: Initialized, Role: FOLLOWER
I0517 05:09:42.251309 8981 consensus_queue.cc:227] T TestTablet P 9a8354f57f3d431f8d4722e03dba91db [NON_LEADER]: Queue going to NON_LEADER mode. State: All replicated index: 0, Majority replicated index: 0, Committed index: 0, Last appended: 0.0, Last appended by leader: 0, Current term: 0, Majority size: -1, State: 0, Mode: NON_LEADER, active raft config: opid_index: -1 peers { permanent_uuid: "9a8354f57f3d431f8d4722e03dba91db" member_type: VOTER last_known_addr { host: "127.0.0.1" port: 46415 } }
I0517 05:09:42.251668 8981 raft_consensus.cc:343] T TestTablet P 9a8354f57f3d431f8d4722e03dba91db [term 0 FOLLOWER]: Only one voter in the Raft config. Triggering election immediately
I0517 05:09:42.251816 8981 raft_consensus.cc:435] T TestTablet P 9a8354f57f3d431f8d4722e03dba91db [term 0 FOLLOWER]: Starting leader election (initial election of a single-replica configuration)
I0517 05:09:42.251988 8981 raft_consensus.cc:2704] T TestTablet P 9a8354f57f3d431f8d4722e03dba91db: Snoozing failure detection for 1.563s (starting election)
I0517 05:09:42.252138 8981 raft_consensus.cc:2756] T TestTablet P 9a8354f57f3d431f8d4722e03dba91db [term 0 FOLLOWER]: Advancing to term 1
I0517 05:09:42.256593 8981 raft_consensus.cc:457] T TestTablet P 9a8354f57f3d431f8d4722e03dba91db [term 1 FOLLOWER]: Starting leader election with config: opid_index: -1 peers { permanent_uuid: "9a8354f57f3d431f8d4722e03dba91db" member_type: VOTER last_known_addr { host: "127.0.0.1" port: 46415 } }
I0517 05:09:42.257176 8981 leader_election.cc:270] T TestTablet P 9a8354f57f3d431f8d4722e03dba91db [CANDIDATE]: Term 1 election: Election decided. Result: candidate won.
I0517 05:09:42.258528 8983 raft_consensus.cc:2704] T TestTablet P 9a8354f57f3d431f8d4722e03dba91db: Snoozing failure detection for 2.009s (election complete)
I0517 05:09:42.258769 8983 raft_consensus.cc:2511] T TestTablet P 9a8354f57f3d431f8d4722e03dba91db [term 1 FOLLOWER]: Leader election won for term 1
I0517 05:09:42.259644 8983 raft_consensus.cc:571] T TestTablet P 9a8354f57f3d431f8d4722e03dba91db [term 1 LEADER]: Becoming Leader. State: Replica: 9a8354f57f3d431f8d4722e03dba91db, State: Running, Role: LEADER
I0517 05:09:42.259976 8983 consensus_queue.cc:204] T TestTablet P 9a8354f57f3d431f8d4722e03dba91db [LEADER]: Queue going to LEADER mode. State: All replicated index: 0, Majority replicated index: 0, Committed index: 0, Last appended: 0.0, Last appended by leader: 0, Current term: 1, Majority size: 1, State: 0, Mode: LEADER, active raft config: opid_index: -1 peers { permanent_uuid: "9a8354f57f3d431f8d4722e03dba91db" member_type: VOTER last_known_addr { host: "127.0.0.1" port: 46415 } }
W0517 05:09:42.260203 8919 reactor.cc:633] Failed to create an outbound connection to 255.255.255.255:1 because connect() failed: Network error: connect(2) error: Network is unreachable (error 101)
W0517 05:09:42.260614 8979 heartbeater.cc:587] Failed to heartbeat to 255.255.255.255:1: Network error: Failed to ping master at 255.255.255.255:1: connect(2) error: Network is unreachable (error 101)
W0517 05:09:42.261011 8919 reactor.cc:633] Failed to create an outbound connection to 255.255.255.255:1 because connect() failed: Network error: connect(2) error: Network is unreachable (error 101)
W0517 05:09:42.261389 8979 heartbeater.cc:587] Failed to heartbeat to 255.255.255.255:1: Network error: Failed to ping master at 255.255.255.255:1: connect(2) error: Network is unreachable (error 101)
W0517 05:09:42.261755 8919 reactor.cc:633] Failed to create an outbound connection to 255.255.255.255:1 because connect() failed: Network error: connect(2) error: Network is unreachable (error 101)
I0517 05:09:42.261833 8981 ts_tablet_manager.cc:1073] T TestTablet P 9a8354f57f3d431f8d4722e03dba91db: Time spent starting tablet: real 0.012s user 0.008s sys 0.004s
W0517 05:09:42.262053 8979 heartbeater.cc:587] Failed to heartbeat to 255.255.255.255:1: Network error: Failed to ping master at 255.255.255.255:1: connect(2) error: Network is unreachable (error 101)
I0517 05:09:42.294108 211 tablet_server.cc:144] TabletServer shutting down...
I0517 05:09:42.305480 211 ts_tablet_manager.cc:1118] Shutting down tablet manager...
I0517 05:09:42.305794 211 tablet_replica.cc:261] T TestTablet P 9a8354f57f3d431f8d4722e03dba91db: stopping tablet replica
I0517 05:09:42.305977 211 maintenance_manager.cc:237] P 9a8354f57f3d431f8d4722e03dba91db: Unregistered op CompactRowSetsOp(TestTablet)
I0517 05:09:42.306094 211 maintenance_manager.cc:237] P 9a8354f57f3d431f8d4722e03dba91db: Unregistered op MinorDeltaCompactionOp(TestTablet)
I0517 05:09:42.306193 211 maintenance_manager.cc:237] P 9a8354f57f3d431f8d4722e03dba91db: Unregistered op MajorDeltaCompactionOp(TestTablet)
I0517 05:09:42.306303 211 maintenance_manager.cc:237] P 9a8354f57f3d431f8d4722e03dba91db: Unregistered op UndoDeltaBlockGCOp(TestTablet)
I0517 05:09:42.306448 211 maintenance_manager.cc:237] P 9a8354f57f3d431f8d4722e03dba91db: Unregistered op FlushMRSOp(TestTablet)
I0517 05:09:42.306542 211 maintenance_manager.cc:237] P 9a8354f57f3d431f8d4722e03dba91db: Unregistered op FlushDeltaMemStoresOp(TestTablet)
I0517 05:09:42.306628 211 maintenance_manager.cc:237] P 9a8354f57f3d431f8d4722e03dba91db: Unregistered op LogGCOp(TestTablet)
I0517 05:09:42.306727 211 raft_consensus.cc:2016] T TestTablet P 9a8354f57f3d431f8d4722e03dba91db [term 1 LEADER]: Raft consensus shutting down.
I0517 05:09:42.306928 211 raft_consensus.cc:2043] T TestTablet P 9a8354f57f3d431f8d4722e03dba91db [term 1 FOLLOWER]: Raft consensus is shut down!
I0517 05:09:42.315243 211 tablet_server.cc:157] TabletServer shutdown complete.
I0517 05:09:42.315399 211 tablet_server.cc:144] TabletServer shutting down...
I0517 05:09:42.315649 211 tablet_server.cc:157] TabletServer shutdown complete. [ OK ] Params/InvalidScanSeqIdParamTest.Test/1 (178 ms) [ RUN ] Params/InvalidScanSeqIdParamTest.Test/2
I0517 05:09:42.338764 211 system_ntp.cc:143] NTP initialized. Skew: 500ppm Current error: 1071361us
I0517 05:09:42.339172 211 fs_manager.cc:260] Metadata directory not provided
I0517 05:09:42.339298 211 fs_manager.cc:266] Using write-ahead log directory (fs_wal_dir) as metadata directory
I0517 05:09:42.339465 211 server_base.cc:432] Could not load existing FS layout: Not found: /tmp/dist-test-taskWs1ZT3/test-tmp/tablet_server-test.0.Params_InvalidScanSeqIdParamTest.Test_2.1526533719119959-211/TabletServerTest-fsroot/instance: No such file or directory (error 2)
I0517 05:09:42.339570 211 server_base.cc:433] Attempting to create new FS layout instead
I0517 05:09:42.345729 211 fs_manager.cc:595] Generated new instance metadata in path /tmp/dist-test-taskWs1ZT3/test-tmp/tablet_server-test.0.Params_InvalidScanSeqIdParamTest.Test_2.1526533719119959-211/TabletServerTest-fsroot/instance: uuid: "3570151fd1f54133b62632d7d59f5ce1" format_stamp: "Formatted at 2018-05-17 05:09:42 on dist-test-slave-dist-test-slave-djmg"
I0517 05:09:42.354666 211 fs_manager.cc:495] Time spent creating directory manager: real 0.008s user 0.008s sys 0.000s
I0517 05:09:42.356144 211 file_cache.cc:470] Constructed file cache lbm with capacity 26214
I0517 05:09:42.362916 211 fs_manager.cc:417] Time spent opening block manager: real 0.001s user 0.000s sys 0.000s
I0517 05:09:42.363087 211 fs_manager.cc:428] Opened local filesystem: /tmp/dist-test-taskWs1ZT3/test-tmp/tablet_server-test.0.Params_InvalidScanSeqIdParamTest.Test_2.1526533719119959-211/TabletServerTest-fsroot uuid: "3570151fd1f54133b62632d7d59f5ce1" format_stamp: "Formatted at 2018-05-17 05:09:42 on dist-test-slave-dist-test-slave-djmg"
I0517 05:09:42.363320 211 fs_report.cc:347] Block manager report -------------------- 1 data directories: /tmp/dist-test-taskWs1ZT3/test-tmp/tablet_server-test.0.Params_InvalidScanSeqIdParamTest.Test_2.1526533719119959-211/TabletServerTest-fsroot/data Total live blocks: 0 Total live bytes: 0 Total live bytes (after alignment): 0 Total number of LBM containers: 0 (0 full) Did not check for missing blocks Did not check for orphaned blocks Total full LBM containers with extra space: 0 (0 repaired) Total full LBM container extra space in bytes: 0 (0 repaired) Total incomplete LBM containers: 0 (0 repaired) Total LBM partial records: 0 (0 repaired)
I0517 05:09:42.390247 211 ts_tablet_manager.cc:356] Loaded tablet metadata (0 live tablets)
I0517 05:09:42.422130 211 rpc_server.cc:205] RPC server started. Bound to: 127.0.0.1:37028
I0517 05:09:42.423002 211 webserver.cc:173] Starting webserver on 127.0.0.1:0
I0517 05:09:42.423099 211 webserver.cc:184] Document root disabled
I0517 05:09:42.424095 211 webserver.cc:311] Webserver started. Bound to: http://127.0.0.1:33268/
W0517 05:09:42.425367 8997 reactor.cc:633] Failed to create an outbound connection to 255.255.255.255:1 because connect() failed: Network error: connect(2) error: Network is unreachable (error 101)
I0517 05:09:42.425521 9058 maintenance_manager.cc:249] Maintenance manager is disabled. Stopping thread.
W0517 05:09:42.425774 9057 heartbeater.cc:587] Failed to heartbeat to 255.255.255.255:1: Network error: Failed to ping master at 255.255.255.255:1: connect(2) error: Network is unreachable (error 101)
I0517 05:09:42.426137 211 data_dirs.cc:934] Could only allocate 1 dirs of requested 3 for tablet TestTablet. 1 dirs total, 0 dirs full, 0 dirs failed
W0517 05:09:42.426169 8997 reactor.cc:633] Failed to create an outbound connection to 255.255.255.255:1 because connect() failed: Network error: connect(2) error: Network is unreachable (error 101)
W0517 05:09:42.426538 9057 heartbeater.cc:587] Failed to heartbeat to 255.255.255.255:1: Network error: Failed to ping master at 255.255.255.255:1: connect(2) error: Network is unreachable (error 101)
W0517 05:09:42.426867 8997 reactor.cc:633] Failed to create an outbound connection to 255.255.255.255:1 because connect() failed: Network error: connect(2) error: Network is unreachable (error 101)
W0517 05:09:42.427139 9057 heartbeater.cc:587] Failed to heartbeat to 255.255.255.255:1: Network error: Failed to ping master at 255.255.255.255:1: connect(2) error: Network is unreachable (error 101)
W0517 05:09:42.427266 9057 heartbeater.cc:380] Failed 3 heartbeats in a row: no longer allowing fast heartbeat attempts.
I0517 05:09:42.435097 211 ts_tablet_manager.cc:1173] T TestTablet P 3570151fd1f54133b62632d7d59f5ce1: Registered tablet (data state: TABLET_DATA_READY)
I0517 05:09:42.436385 9059 ts_tablet_manager.cc:1028] T TestTablet P 3570151fd1f54133b62632d7d59f5ce1: Bootstrapping tablet
I0517 05:09:42.436785 9059 tablet_bootstrap.cc:436] T TestTablet P 3570151fd1f54133b62632d7d59f5ce1: Bootstrap starting.
I0517 05:09:42.438700 9059 tablet_bootstrap.cc:587] T TestTablet P 3570151fd1f54133b62632d7d59f5ce1: No blocks or log segments found. Creating new log.
I0517 05:09:42.441440 9059 tablet_bootstrap.cc:436] T TestTablet P 3570151fd1f54133b62632d7d59f5ce1: No bootstrap required, opened a new log
I0517 05:09:42.441692 9059 ts_tablet_manager.cc:1045] T TestTablet P 3570151fd1f54133b62632d7d59f5ce1: Time spent bootstrapping tablet: real 0.005s user 0.004s sys 0.000s
I0517 05:09:42.442699 9059 raft_consensus.cc:303] T TestTablet P 3570151fd1f54133b62632d7d59f5ce1 [term 0 FOLLOWER]: Replica starting. Triggering 0 pending transactions. Active config: opid_index: -1 peers { permanent_uuid: "3570151fd1f54133b62632d7d59f5ce1" member_type: VOTER last_known_addr { host: "127.0.0.1" port: 37028 } }
I0517 05:09:42.443030 9059 raft_consensus.cc:329] T TestTablet P 3570151fd1f54133b62632d7d59f5ce1 [term 0 FOLLOWER]: Consensus starting up: Expiring failure detector timer to make a prompt election more likely
I0517 05:09:42.443150 9059 raft_consensus.cc:604] T TestTablet P 3570151fd1f54133b62632d7d59f5ce1 [term 0 FOLLOWER]: Becoming Follower/Learner. State: Replica: 3570151fd1f54133b62632d7d59f5ce1, State: Initialized, Role: FOLLOWER
I0517 05:09:42.443487 9059 consensus_queue.cc:227] T TestTablet P 3570151fd1f54133b62632d7d59f5ce1 [NON_LEADER]: Queue going to NON_LEADER mode. State: All replicated index: 0, Majority replicated index: 0, Committed index: 0, Last appended: 0.0, Last appended by leader: 0, Current term: 0, Majority size: -1, State: 0, Mode: NON_LEADER, active raft config: opid_index: -1 peers { permanent_uuid: "3570151fd1f54133b62632d7d59f5ce1" member_type: VOTER last_known_addr { host: "127.0.0.1" port: 37028 } }
I0517 05:09:42.443815 9059 raft_consensus.cc:343] T TestTablet P 3570151fd1f54133b62632d7d59f5ce1 [term 0 FOLLOWER]: Only one voter in the Raft config. Triggering election immediately
I0517 05:09:42.443943 9059 raft_consensus.cc:435] T TestTablet P 3570151fd1f54133b62632d7d59f5ce1 [term 0 FOLLOWER]: Starting leader election (initial election of a single-replica configuration)
I0517 05:09:42.444075 9059 raft_consensus.cc:2704] T TestTablet P 3570151fd1f54133b62632d7d59f5ce1: Snoozing failure detection for 1.938s (starting election)
I0517 05:09:42.444208 9059 raft_consensus.cc:2756] T TestTablet P 3570151fd1f54133b62632d7d59f5ce1 [term 0 FOLLOWER]: Advancing to term 1
I0517 05:09:42.447926 9059 raft_consensus.cc:457] T TestTablet P 3570151fd1f54133b62632d7d59f5ce1 [term 1 FOLLOWER]: Starting leader election with config: opid_index: -1 peers { permanent_uuid: "3570151fd1f54133b62632d7d59f5ce1" member_type: VOTER last_known_addr { host: "127.0.0.1" port: 37028 } }
I0517 05:09:42.448333 9059 leader_election.cc:270] T TestTablet P 3570151fd1f54133b62632d7d59f5ce1 [CANDIDATE]: Term 1 election: Election decided. Result: candidate won.
I0517 05:09:42.449496 9061 raft_consensus.cc:2704] T TestTablet P 3570151fd1f54133b62632d7d59f5ce1: Snoozing failure detection for 1.648s (election complete)
I0517 05:09:42.449770 9061 raft_consensus.cc:2511] T TestTablet P 3570151fd1f54133b62632d7d59f5ce1 [term 1 FOLLOWER]: Leader election won for term 1
I0517 05:09:42.450680 9061 raft_consensus.cc:571] T TestTablet P 3570151fd1f54133b62632d7d59f5ce1 [term 1 LEADER]: Becoming Leader. State: Replica: 3570151fd1f54133b62632d7d59f5ce1, State: Running, Role: LEADER
I0517 05:09:42.451045 9061 consensus_queue.cc:204] T TestTablet P 3570151fd1f54133b62632d7d59f5ce1 [LEADER]: Queue going to LEADER mode. State: All replicated index: 0, Majority replicated index: 0, Committed index: 0, Last appended: 0.0, Last appended by leader: 0, Current term: 1, Majority size: 1, State: 0, Mode: LEADER, active raft config: opid_index: -1 peers { permanent_uuid: "3570151fd1f54133b62632d7d59f5ce1" member_type: VOTER last_known_addr { host: "127.0.0.1" port: 37028 } }
I0517 05:09:42.451309 9059 ts_tablet_manager.cc:1073] T TestTablet P 3570151fd1f54133b62632d7d59f5ce1: Time spent starting tablet: real 0.009s user 0.008s sys 0.000s
W0517 05:09:42.452478 8997 reactor.cc:633] Failed to create an outbound connection to 255.255.255.255:1 because connect() failed: Network error: connect(2) error: Network is unreachable (error 101)
W0517 05:09:42.453058 9057 heartbeater.cc:587] Failed to heartbeat to 255.255.255.255:1: Network error: Failed to ping master at 255.255.255.255:1: connect(2) error: Network is unreachable (error 101)
I0517 05:09:42.471437 211 tablet_server.cc:144] TabletServer shutting down...
I0517 05:09:42.483069 211 ts_tablet_manager.cc:1118] Shutting down tablet manager...
I0517 05:09:42.483377 211 tablet_replica.cc:261] T TestTablet P 3570151fd1f54133b62632d7d59f5ce1: stopping tablet replica
I0517 05:09:42.483566 211 maintenance_manager.cc:237] P 3570151fd1f54133b62632d7d59f5ce1: Unregistered op CompactRowSetsOp(TestTablet)
I0517 05:09:42.483685 211 maintenance_manager.cc:237] P 3570151fd1f54133b62632d7d59f5ce1: Unregistered op MinorDeltaCompactionOp(TestTablet)
I0517 05:09:42.483788 211 maintenance_manager.cc:237] P 3570151fd1f54133b62632d7d59f5ce1: Unregistered op MajorDeltaCompactionOp(TestTablet)
I0517 05:09:42.483902 211 maintenance_manager.cc:237] P 3570151fd1f54133b62632d7d59f5ce1: Unregistered op UndoDeltaBlockGCOp(TestTablet)
I0517 05:09:42.484022 211 maintenance_manager.cc:237] P 3570151fd1f54133b62632d7d59f5ce1: Unregistered op FlushMRSOp(TestTablet)
I0517 05:09:42.484115 211 maintenance_manager.cc:237] P 3570151fd1f54133b62632d7d59f5ce1: Unregistered op FlushDeltaMemStoresOp(TestTablet)
I0517 05:09:42.484202 211 maintenance_manager.cc:237] P 3570151fd1f54133b62632d7d59f5ce1: Unregistered op LogGCOp(TestTablet)
I0517 05:09:42.484308 211 raft_consensus.cc:2016] T TestTablet P 3570151fd1f54133b62632d7d59f5ce1 [term 1 LEADER]: Raft consensus shutting down.
I0517 05:09:42.484516 211 raft_consensus.cc:2043] T TestTablet P 3570151fd1f54133b62632d7d59f5ce1 [term 1 FOLLOWER]: Raft consensus is shut down!
I0517 05:09:42.492609 211 tablet_server.cc:157] TabletServer shutdown complete.
I0517 05:09:42.492761 211 tablet_server.cc:144] TabletServer shutting down...
I0517 05:09:42.492964 211 tablet_server.cc:157] TabletServer shutdown complete. [ OK ] Params/InvalidScanSeqIdParamTest.Test/2 (175 ms) [----------] 3 tests from Params/InvalidScanSeqIdParamTest (530 ms total) [----------] Global test environment tear-down [==========] 79 tests from 8 test cases ran. (63355 ms total) [ PASSED ] 78 tests. [ FAILED ] 1 test, listed below: [ FAILED ] TabletServerTest.TestTombstonedTabletOnWebUI 1 FAILED TEST