W0517 05:08:48.453039 2197 reactor.cc:633] Failed to create an outbound connection to 255.255.255.255:1 because connect() failed: Network error: connect(2) error: Network is unreachable (error 101)
I0517 05:08:48.453279 2258 maintenance_manager.cc:249] Maintenance manager is disabled. Stopping thread.
W0517 05:08:48.453449 2257 heartbeater.cc:587] Failed to heartbeat to 255.255.255.255:1: Network error: Failed to ping master at 255.255.255.255:1: connect(2) error: Network is unreachable (error 101)
I0517 05:08:48.453902 211 data_dirs.cc:934] Could only allocate 1 dirs of requested 3 for tablet TestTablet. 1 dirs total, 0 dirs full, 0 dirs failed
W0517 05:08:48.453904 2197 reactor.cc:633] Failed to create an outbound connection to 255.255.255.255:1 because connect() failed: Network error: connect(2) error: Network is unreachable (error 101)
W0517 05:08:48.454249 2257 heartbeater.cc:587] Failed to heartbeat to 255.255.255.255:1: Network error: Failed to ping master at 255.255.255.255:1: connect(2) error: Network is unreachable (error 101)
W0517 05:08:48.454605 2197 reactor.cc:633] Failed to create an outbound connection to 255.255.255.255:1 because connect() failed: Network error: connect(2) error: Network is unreachable (error 101)
W0517 05:08:48.454864 2257 heartbeater.cc:587] Failed to heartbeat to 255.255.255.255:1: Network error: Failed to ping master at 255.255.255.255:1: connect(2) error: Network is unreachable (error 101)
W0517 05:08:48.454988 2257 heartbeater.cc:380] Failed 3 heartbeats in a row: no longer allowing fast heartbeat attempts.
I0517 05:08:48.460016 211 ts_tablet_manager.cc:1173] T TestTablet P 6a4dce3390ab4c379cfa864848800a5c: Registered tablet (data state: TABLET_DATA_READY)
I0517 05:08:48.460994 2259 ts_tablet_manager.cc:1028] T TestTablet P 6a4dce3390ab4c379cfa864848800a5c: Bootstrapping tablet
I0517 05:08:48.461305 2259 tablet_bootstrap.cc:436] T TestTablet P 6a4dce3390ab4c379cfa864848800a5c: Bootstrap starting.
I0517 05:08:48.462908 2259 tablet_bootstrap.cc:587] T TestTablet P 6a4dce3390ab4c379cfa864848800a5c: No blocks or log segments found. Creating new log.
I0517 05:08:48.465230 2259 tablet_bootstrap.cc:436] T TestTablet P 6a4dce3390ab4c379cfa864848800a5c: No bootstrap required, opened a new log
I0517 05:08:48.465466 2259 ts_tablet_manager.cc:1045] T TestTablet P 6a4dce3390ab4c379cfa864848800a5c: Time spent bootstrapping tablet: real 0.004s user 0.000s sys 0.000s
I0517 05:08:48.466353 2259 raft_consensus.cc:303] T TestTablet P 6a4dce3390ab4c379cfa864848800a5c [term 0 FOLLOWER]: Replica starting. Triggering 0 pending transactions. Active config: opid_index: -1 peers { permanent_uuid: "6a4dce3390ab4c379cfa864848800a5c" member_type: VOTER last_known_addr { host: "127.0.0.1" port: 35583 } }
I0517 05:08:48.466662 2259 raft_consensus.cc:329] T TestTablet P 6a4dce3390ab4c379cfa864848800a5c [term 0 FOLLOWER]: Consensus starting up: Expiring failure detector timer to make a prompt election more likely
I0517 05:08:48.466781 2259 raft_consensus.cc:604] T TestTablet P 6a4dce3390ab4c379cfa864848800a5c [term 0 FOLLOWER]: Becoming Follower/Learner. State: Replica: 6a4dce3390ab4c379cfa864848800a5c, State: Initialized, Role: FOLLOWER
I0517 05:08:48.467092 2259 consensus_queue.cc:227] T TestTablet P 6a4dce3390ab4c379cfa864848800a5c [NON_LEADER]: Queue going to NON_LEADER mode. State: All replicated index: 0, Majority replicated index: 0, Committed index: 0, Last appended: 0.0, Last appended by leader: 0, Current term: 0, Majority size: -1, State: 0, Mode: NON_LEADER, active raft config: opid_index: -1 peers { permanent_uuid: "6a4dce3390ab4c379cfa864848800a5c" member_type: VOTER last_known_addr { host: "127.0.0.1" port: 35583 } }
I0517 05:08:48.467427 2259 raft_consensus.cc:343] T TestTablet P 6a4dce3390ab4c379cfa864848800a5c [term 0 FOLLOWER]: Only one voter in the Raft config. Triggering election immediately
I0517 05:08:48.467550 2259 raft_consensus.cc:435] T TestTablet P 6a4dce3390ab4c379cfa864848800a5c [term 0 FOLLOWER]: Starting leader election (initial election of a single-replica configuration)
I0517 05:08:48.467680 2259 raft_consensus.cc:2704] T TestTablet P 6a4dce3390ab4c379cfa864848800a5c: Snoozing failure detection for 1.672s (starting election)
I0517 05:08:48.467813 2259 raft_consensus.cc:2756] T TestTablet P 6a4dce3390ab4c379cfa864848800a5c [term 0 FOLLOWER]: Advancing to term 1
I0517 05:08:48.470934 2259 raft_consensus.cc:457] T TestTablet P 6a4dce3390ab4c379cfa864848800a5c [term 1 FOLLOWER]: Starting leader election with config: opid_index: -1 peers { permanent_uuid: "6a4dce3390ab4c379cfa864848800a5c" member_type: VOTER last_known_addr { host: "127.0.0.1" port: 35583 } }
I0517 05:08:48.471339 2259 leader_election.cc:270] T TestTablet P 6a4dce3390ab4c379cfa864848800a5c [CANDIDATE]: Term 1 election: Election decided. Result: candidate won.
I0517 05:08:48.472393 2261 raft_consensus.cc:2704] T TestTablet P 6a4dce3390ab4c379cfa864848800a5c: Snoozing failure detection for 1.945s (election complete)
I0517 05:08:48.472708 2261 raft_consensus.cc:2511] T TestTablet P 6a4dce3390ab4c379cfa864848800a5c [term 1 FOLLOWER]: Leader election won for term 1
I0517 05:08:48.473606 2261 raft_consensus.cc:571] T TestTablet P 6a4dce3390ab4c379cfa864848800a5c [term 1 LEADER]: Becoming Leader. State: Replica: 6a4dce3390ab4c379cfa864848800a5c, State: Running, Role: LEADER
I0517 05:08:48.473932 2261 consensus_queue.cc:204] T TestTablet P 6a4dce3390ab4c379cfa864848800a5c [LEADER]: Queue going to LEADER mode. State: All replicated index: 0, Majority replicated index: 0, Committed index: 0, Last appended: 0.0, Last appended by leader: 0, Current term: 1, Majority size: 1, State: 0, Mode: LEADER, active raft config: opid_index: -1 peers { permanent_uuid: "6a4dce3390ab4c379cfa864848800a5c" member_type: VOTER last_known_addr { host: "127.0.0.1" port: 35583 } }
W0517 05:08:48.474280 2197 reactor.cc:633] Failed to create an outbound connection to 255.255.255.255:1 because connect() failed: Network error: connect(2) error: Network is unreachable (error 101)
W0517 05:08:48.474704 2257 heartbeater.cc:587] Failed to heartbeat to 255.255.255.255:1: Network error: Failed to ping master at 255.255.255.255:1: connect(2) error: Network is unreachable (error 101)
W0517 05:08:48.475211 2197 reactor.cc:633] Failed to create an outbound connection to 255.255.255.255:1 because connect() failed: Network error: connect(2) error: Network is unreachable (error 101)
W0517 05:08:48.475553 2257 heartbeater.cc:587] Failed to heartbeat to 255.255.255.255:1: Network error: Failed to ping master at 255.255.255.255:1: connect(2) error: Network is unreachable (error 101)
W0517 05:08:48.476773 2197 reactor.cc:633] Failed to create an outbound connection to 255.255.255.255:1 because connect() failed: Network error: connect(2) error: Network is unreachable (error 101)
I0517 05:08:48.476851 2259 ts_tablet_manager.cc:1073] T TestTablet P 6a4dce3390ab4c379cfa864848800a5c: Time spent starting tablet: real 0.011s user 0.004s sys 0.008s
W0517 05:08:48.477118 2257 heartbeater.cc:587] Failed to heartbeat to 255.255.255.255:1: Network error: Failed to ping master at 255.255.255.255:1: connect(2) error: Network is unreachable (error 101)
I0517 05:08:48.515357 211 tablet.cc:1152] T TestTablet P 6a4dce3390ab4c379cfa864848800a5c: Flush: entering stage 1 (old memrowset already frozen for inserts)
I0517 05:08:48.515559 211 compaction.cc:913] Selected 1 rowsets to compact:
I0517 05:08:48.515692 211 compaction.cc:916] memrowset(current size on disk: ~0 bytes)
I0517 05:08:48.515796 211 tablet.cc:1154] T TestTablet P 6a4dce3390ab4c379cfa864848800a5c: Memstore in-memory size: 763 bytes
I0517 05:08:48.515949 211 tablet.cc:1443] T TestTablet P 6a4dce3390ab4c379cfa864848800a5c: Flush: entering phase 1 (flushing snapshot). Phase 1 snapshot: MvccSnapshot[committed={T|T < 6252682151990292480 or (T in {6252682151990292480})}]
I0517 05:08:48.524236 211 multi_column_writer.cc:98] Opened CFile writers for 3 column(s)
I0517 05:08:48.540210 211 tablet.cc:1528] T TestTablet P 6a4dce3390ab4c379cfa864848800a5c: Flush: entering phase 2 (starting to duplicate updates in new rowsets)
I0517 05:08:48.545895 211 tablet.cc:1583] T TestTablet P 6a4dce3390ab4c379cfa864848800a5c: Flush Phase 2: carrying over any updates which arrived during Phase 1
I0517 05:08:48.546044 211 tablet.cc:1585] T TestTablet P 6a4dce3390ab4c379cfa864848800a5c: Phase 2 snapshot: MvccSnapshot[committed={T|T < 6252682152080908288 or (T in {6252682152080908288})}]
I0517 05:08:48.547710 211 delta_tracker.cc:722] T TestTablet P 6a4dce3390ab4c379cfa864848800a5c: Flushing 3 deltas (763 bytes in memory) from DMS 0
I0517 05:08:48.548976 211 delta_tracker.cc:663] T TestTablet P 6a4dce3390ab4c379cfa864848800a5c: Flushed delta block 14414152860507893109 (225 bytes on disk) stats: ts range=[6252682152008585216, 6252682152109002752], delete_count=[0], reinsert_count=[0], update_counts_by_col_id=[12:3,11:3]
I0517 05:08:48.558423 211 tablet.cc:1633] T TestTablet P 6a4dce3390ab4c379cfa864848800a5c: Flush successful on 7 rows (4691 bytes)
I0517 05:08:48.563758 211 tablet_server.cc:144] TabletServer shutting down...
I0517 05:08:48.575052 211 ts_tablet_manager.cc:1118] Shutting down tablet manager...
I0517 05:08:48.575379 211 tablet_replica.cc:261] T TestTablet P 6a4dce3390ab4c379cfa864848800a5c: stopping tablet replica
I0517 05:08:48.575618 211 maintenance_manager.cc:237] P 6a4dce3390ab4c379cfa864848800a5c: Unregistered op CompactRowSetsOp(TestTablet)
I0517 05:08:48.575773 211 maintenance_manager.cc:237] P 6a4dce3390ab4c379cfa864848800a5c: Unregistered op MinorDeltaCompactionOp(TestTablet)
I0517 05:08:48.575915 211 maintenance_manager.cc:237] P 6a4dce3390ab4c379cfa864848800a5c: Unregistered op MajorDeltaCompactionOp(TestTablet)
I0517 05:08:48.576020 211 maintenance_manager.cc:237] P 6a4dce3390ab4c379cfa864848800a5c: Unregistered op UndoDeltaBlockGCOp(TestTablet)
I0517 05:08:48.576158 211 maintenance_manager.cc:237] P 6a4dce3390ab4c379cfa864848800a5c: Unregistered op FlushMRSOp(TestTablet)
I0517 05:08:48.576253 211 maintenance_manager.cc:237] P 6a4dce3390ab4c379cfa864848800a5c: Unregistered op FlushDeltaMemStoresOp(TestTablet)
I0517 05:08:48.576340 211 maintenance_manager.cc:237] P 6a4dce3390ab4c379cfa864848800a5c: Unregistered op LogGCOp(TestTablet)
I0517 05:08:48.576441 211 raft_consensus.cc:2016] T TestTablet P 6a4dce3390ab4c379cfa864848800a5c [term 1 LEADER]: Raft consensus shutting down.
I0517 05:08:48.576653 211 raft_consensus.cc:2043] T TestTablet P 6a4dce3390ab4c379cfa864848800a5c [term 1 FOLLOWER]: Raft consensus is shut down!
I0517 05:08:48.593977 211 tablet_server.cc:157] TabletServer shutdown complete.
I0517 05:08:48.594125 211 tablet_server.cc:144] TabletServer shutting down...
I0517 05:08:48.594352 211 tablet_server.cc:157] TabletServer shutdown complete.
I0517 05:08:48.606003 211 system_ntp.cc:143] NTP initialized. Skew: 500ppm Current error: 1044361us
I0517 05:08:48.606302 211 fs_manager.cc:260] Metadata directory not provided
I0517 05:08:48.606397 211 fs_manager.cc:263] Using existing metadata directory in first data directory
I0517 05:08:48.608722 211 fs_manager.cc:397] Time spent opening directory manager: real 0.002s user 0.004s sys 0.000s
I0517 05:08:48.609634 211 file_cache.cc:470] Constructed file cache lbm with capacity 26214
I0517 05:08:48.622031 211 fs_manager.cc:417] Time spent opening block manager: real 0.007s user 0.004s sys 0.000s
I0517 05:08:48.622210 211 fs_manager.cc:428] Opened local filesystem: /tmp/dist-test-taskWs1ZT3/test-tmp/tablet_server-test.0.TabletServerTest.TestRecoveryWithMutationsWhileFlushing.1526533719119959-211/TabletServerTest-fsroot uuid: "6a4dce3390ab4c379cfa864848800a5c" format_stamp: "Formatted at 2018-05-17 05:08:48 on dist-test-slave-dist-test-slave-djmg"
I0517 05:08:48.622416 211 fs_report.cc:347] Block manager report -------------------- 1 data directories: /tmp/dist-test-taskWs1ZT3/test-tmp/tablet_server-test.0.TabletServerTest.TestRecoveryWithMutationsWhileFlushing.1526533719119959-211/TabletServerTest-fsroot/data Total live blocks: 6 Total live bytes: 5192 Total live bytes (after alignment): 28672 Total number of LBM containers: 6 (0 full) Did not check for missing blocks Did not check for orphaned blocks Total full LBM containers with extra space: 0 (0 repaired) Total full LBM container extra space in bytes: 0 (0 repaired) Total incomplete LBM containers: 0 (0 repaired) Total LBM partial records: 0 (0 repaired)
I0517 05:08:48.642760 211 ts_tablet_manager.cc:1005] T TestTablet P 6a4dce3390ab4c379cfa864848800a5c: Loading tablet metadata
I0517 05:08:48.646688 211 ts_tablet_manager.cc:356] Loaded tablet metadata (1 live tablets)
I0517 05:08:48.649722 211 ts_tablet_manager.cc:1173] T TestTablet P 6a4dce3390ab4c379cfa864848800a5c: Registered tablet (data state: TABLET_DATA_READY)
I0517 05:08:48.650640 2279 ts_tablet_manager.cc:1028] T TestTablet P 6a4dce3390ab4c379cfa864848800a5c: Bootstrapping tablet
I0517 05:08:48.650969 2279 tablet_bootstrap.cc:436] T TestTablet P 6a4dce3390ab4c379cfa864848800a5c: Bootstrap starting.
I0517 05:08:48.677626 2279 tablet_bootstrap.cc:436] T TestTablet P 6a4dce3390ab4c379cfa864848800a5c: Bootstrap replayed 1/1 log segments. Stats: ops{read=14 overwritten=0 applied=14 ignored=11} inserts{seen=0 ignored=0} mutations{seen=2 ignored=0} orphaned_commits=0. Pending: 0 replicates
I0517 05:08:48.678426 2279 tablet_bootstrap.cc:436] T TestTablet P 6a4dce3390ab4c379cfa864848800a5c: Bootstrap complete.
I0517 05:08:48.678877 2279 ts_tablet_manager.cc:1045] T TestTablet P 6a4dce3390ab4c379cfa864848800a5c: Time spent bootstrapping tablet: real 0.028s user 0.024s sys 0.000s
I0517 05:08:48.680155 2279 raft_consensus.cc:303] T TestTablet P 6a4dce3390ab4c379cfa864848800a5c [term 1 FOLLOWER]: Replica starting. Triggering 0 pending transactions. Active config: opid_index: -1 peers { permanent_uuid: "6a4dce3390ab4c379cfa864848800a5c" member_type: VOTER last_known_addr { host: "127.0.0.1" port: 35583 } }
I0517 05:08:48.680646 2279 raft_consensus.cc:604] T TestTablet P 6a4dce3390ab4c379cfa864848800a5c [term 1 FOLLOWER]: Becoming Follower/Learner. State: Replica: 6a4dce3390ab4c379cfa864848800a5c, State: Initialized, Role: FOLLOWER
I0517 05:08:48.681252 2279 consensus_queue.cc:227] T TestTablet P 6a4dce3390ab4c379cfa864848800a5c [NON_LEADER]: Queue going to NON_LEADER mode. State: All replicated index: 0, Majority replicated index: 0, Committed index: 14, Last appended: 1.14, Last appended by leader: 14, Current term: 0, Majority size: -1, State: 0, Mode: NON_LEADER, active raft config: opid_index: -1 peers { permanent_uuid: "6a4dce3390ab4c379cfa864848800a5c" member_type: VOTER last_known_addr { host: "127.0.0.1" port: 35583 } }
I0517 05:08:48.681769 2279 raft_consensus.cc:343] T TestTablet P 6a4dce3390ab4c379cfa864848800a5c [term 1 FOLLOWER]: Only one voter in the Raft config. Triggering election immediately
I0517 05:08:48.681970 2279 raft_consensus.cc:435] T TestTablet P 6a4dce3390ab4c379cfa864848800a5c [term 1 FOLLOWER]: Starting leader election (initial election of a single-replica configuration)
I0517 05:08:48.682175 2279 raft_consensus.cc:2704] T TestTablet P 6a4dce3390ab4c379cfa864848800a5c: Snoozing failure detection for 2.128s (starting election)
I0517 05:08:48.682374 2279 raft_consensus.cc:2756] T TestTablet P 6a4dce3390ab4c379cfa864848800a5c [term 1 FOLLOWER]: Advancing to term 2
I0517 05:08:48.683517 211 rpc_server.cc:205] RPC server started. Bound to: 127.0.0.1:43442
I0517 05:08:48.684679 211 webserver.cc:173] Starting webserver on 127.0.0.1:0
I0517 05:08:48.684818 211 webserver.cc:184] Document root disabled
I0517 05:08:48.685842 211 webserver.cc:311] Webserver started. Bound to: http://127.0.0.1:49111/
W0517 05:08:48.687049 2273 reactor.cc:633] Failed to create an outbound connection to 255.255.255.255:1 because connect() failed: Network error: connect(2) error: Network is unreachable (error 101)
W0517 05:08:48.687436 2335 heartbeater.cc:587] Failed to heartbeat to 255.255.255.255:1: Network error: Failed to ping master at 255.255.255.255:1: connect(2) error: Network is unreachable (error 101)
I0517 05:08:48.687286 2279 raft_consensus.cc:457] T TestTablet P 6a4dce3390ab4c379cfa864848800a5c [term 2 FOLLOWER]: Starting leader election with config: opid_index: -1 peers { permanent_uuid: "6a4dce3390ab4c379cfa864848800a5c" member_type: VOTER last_known_addr { host: "127.0.0.1" port: 35583 } }
W0517 05:08:48.687891 2273 reactor.cc:633] Failed to create an outbound connection to 255.255.255.255:1 because connect() failed: Network error: connect(2) error: Network is unreachable (error 101)
I0517 05:08:48.687904 2279 leader_election.cc:270] T TestTablet P 6a4dce3390ab4c379cfa864848800a5c [CANDIDATE]: Term 2 election: Election decided. Result: candidate won.
W0517 05:08:48.688266 2335 heartbeater.cc:587] Failed to heartbeat to 255.255.255.255:1: Network error: Failed to ping master at 255.255.255.255:1: connect(2) error: Network is unreachable (error 101)
W0517 05:08:48.688694 2273 reactor.cc:633] Failed to create an outbound connection to 255.255.255.255:1 because connect() failed: Network error: connect(2) error: Network is unreachable (error 101)
W0517 05:08:48.688988 2335 heartbeater.cc:587] Failed to heartbeat to 255.255.255.255:1: Network error: Failed to ping master at 255.255.255.255:1: connect(2) error: Network is unreachable (error 101)
W0517 05:08:48.689152 2335 heartbeater.cc:380] Failed 3 heartbeats in a row: no longer allowing fast heartbeat attempts.
I0517 05:08:48.691177 2336 maintenance_manager.cc:249] Maintenance manager is disabled. Stopping thread.
I0517 05:08:48.691799 2337 raft_consensus.cc:2704] T TestTablet P 6a4dce3390ab4c379cfa864848800a5c: Snoozing failure detection for 1.711s (election complete)
I0517 05:08:48.692114 2337 raft_consensus.cc:2511] T TestTablet P 6a4dce3390ab4c379cfa864848800a5c [term 2 FOLLOWER]: Leader election won for term 2
I0517 05:08:48.692462 2337 raft_consensus.cc:571] T TestTablet P 6a4dce3390ab4c379cfa864848800a5c [term 2 LEADER]: Becoming Leader. State: Replica: 6a4dce3390ab4c379cfa864848800a5c, State: Running, Role: LEADER
W0517 05:08:48.692652 2273 reactor.cc:633] Failed to create an outbound connection to 255.255.255.255:1 because connect() failed: Network error: connect(2) error: Network is unreachable (error 101)
W0517 05:08:48.693037 2335 heartbeater.cc:587] Failed to heartbeat to 255.255.255.255:1: Network error: Failed to ping master at 255.255.255.255:1: connect(2) error: Network is unreachable (error 101)
I0517 05:08:48.692860 2337 consensus_queue.cc:204] T TestTablet P 6a4dce3390ab4c379cfa864848800a5c [LEADER]: Queue going to LEADER mode. State: All replicated index: 0, Majority replicated index: 14, Committed index: 14, Last appended: 1.14, Last appended by leader: 14, Current term: 2, Majority size: 1, State: 0, Mode: LEADER, active raft config: opid_index: -1 peers { permanent_uuid: "6a4dce3390ab4c379cfa864848800a5c" member_type: VOTER last_known_addr { host: "127.0.0.1" port: 35583 } }
W0517 05:08:48.693534 2273 reactor.cc:633] Failed to create an outbound connection to 255.255.255.255:1 because connect() failed: Network error: connect(2) error: Network is unreachable (error 101)
W0517 05:08:48.693862 2335 heartbeater.cc:587] Failed to heartbeat to 255.255.255.255:1: Network error: Failed to ping master at 255.255.255.255:1: connect(2) error: Network is unreachable (error 101)
I0517 05:08:48.693956 2279 ts_tablet_manager.cc:1073] T TestTablet P 6a4dce3390ab4c379cfa864848800a5c: Time spent starting tablet: real 0.015s user 0.008s sys 0.004s
I0517 05:08:48.701436 211 tablet_server.cc:144] TabletServer shutting down...
I0517 05:08:48.712854 211 ts_tablet_manager.cc:1118] Shutting down tablet manager...
I0517 05:08:48.713176 211 tablet_replica.cc:261] T TestTablet P 6a4dce3390ab4c379cfa864848800a5c: stopping tablet replica
I0517 05:08:48.713379 211 maintenance_manager.cc:237] P 6a4dce3390ab4c379cfa864848800a5c: Unregistered op CompactRowSetsOp(TestTablet)
I0517 05:08:48.713518 211 maintenance_manager.cc:237] P 6a4dce3390ab4c379cfa864848800a5c: Unregistered op MinorDeltaCompactionOp(TestTablet)
I0517 05:08:48.713635 211 maintenance_manager.cc:237] P 6a4dce3390ab4c379cfa864848800a5c: Unregistered op MajorDeltaCompactionOp(TestTablet)
I0517 05:08:48.713762 211 maintenance_manager.cc:237] P 6a4dce3390ab4c379cfa864848800a5c: Unregistered op UndoDeltaBlockGCOp(TestTablet)
I0517 05:08:48.713908 211 maintenance_manager.cc:237] P 6a4dce3390ab4c379cfa864848800a5c: Unregistered op FlushMRSOp(TestTablet)
I0517 05:08:48.714032 211 maintenance_manager.cc:237] P 6a4dce3390ab4c379cfa864848800a5c: Unregistered op FlushDeltaMemStoresOp(TestTablet)
I0517 05:08:48.714170 211 maintenance_manager.cc:237] P 6a4dce3390ab4c379cfa864848800a5c: Unregistered op LogGCOp(TestTablet)
I0517 05:08:48.714313 211 raft_consensus.cc:2016] T TestTablet P 6a4dce3390ab4c379cfa864848800a5c [term 2 LEADER]: Raft consensus shutting down.
I0517 05:08:48.714587 211 raft_consensus.cc:2043] T TestTablet P 6a4dce3390ab4c379cfa864848800a5c [term 2 FOLLOWER]: Raft consensus is shut down!
I0517 05:08:48.721853 211 tablet_server.cc:157] TabletServer shutdown complete.
I0517 05:08:48.721992 211 tablet_server.cc:144] TabletServer shutting down...
I0517 05:08:48.722205 211 tablet_server.cc:157] TabletServer shutdown complete.
I0517 05:08:48.733762 211 system_ntp.cc:143] NTP initialized. Skew: 500ppm Current error: 1044361us
I0517 05:08:48.734063 211 fs_manager.cc:260] Metadata directory not provided
I0517 05:08:48.734163 211 fs_manager.cc:263] Using existing metadata directory in first data directory
I0517 05:08:48.736438 211 fs_manager.cc:397] Time spent opening directory manager: real 0.002s user 0.000s sys 0.004s
I0517 05:08:48.737371 211 file_cache.cc:470] Constructed file cache lbm with capacity 26214
I0517 05:08:48.749315 211 fs_manager.cc:417] Time spent opening block manager: real 0.007s user 0.000s sys 0.000s
I0517 05:08:48.749464 211 fs_manager.cc:428] Opened local filesystem: /tmp/dist-test-taskWs1ZT3/test-tmp/tablet_server-test.0.TabletServerTest.TestRecoveryWithMutationsWhileFlushing.1526533719119959-211/TabletServerTest-fsroot uuid: "6a4dce3390ab4c379cfa864848800a5c" format_stamp: "Formatted at 2018-05-17 05:08:48 on dist-test-slave-dist-test-slave-djmg"
I0517 05:08:48.749691 211 fs_report.cc:347] Block manager report -------------------- 1 data directories: /tmp/dist-test-taskWs1ZT3/test-tmp/tablet_server-test.0.TabletServerTest.TestRecoveryWithMutationsWhileFlushing.1526533719119959-211/TabletServerTest-fsroot/data Total live blocks: 6 Total live bytes: 5192 Total live bytes (after alignment): 28672 Total number of LBM containers: 6 (0 full) Did not check for missing blocks Did not check for orphaned blocks Total full LBM containers with extra space: 0 (0 repaired) Total full LBM container extra space in bytes: 0 (0 repaired) Total incomplete LBM containers: 0 (0 repaired) Total LBM partial records: 0 (0 repaired)
I0517 05:08:48.766233 211 ts_tablet_manager.cc:1005] T TestTablet P 6a4dce3390ab4c379cfa864848800a5c: Loading tablet metadata
I0517 05:08:48.770180 211 ts_tablet_manager.cc:356] Loaded tablet metadata (1 live tablets)
I0517 05:08:48.773347 211 ts_tablet_manager.cc:1173] T TestTablet P 6a4dce3390ab4c379cfa864848800a5c: Registered tablet (data state: TABLET_DATA_READY)
I0517 05:08:48.774250 2350 ts_tablet_manager.cc:1028] T TestTablet P 6a4dce3390ab4c379cfa864848800a5c: Bootstrapping tablet
I0517 05:08:48.774564 2350 tablet_bootstrap.cc:436] T TestTablet P 6a4dce3390ab4c379cfa864848800a5c: Bootstrap starting.
I0517 05:08:48.807786 2350 tablet_bootstrap.cc:436] T TestTablet P 6a4dce3390ab4c379cfa864848800a5c: Bootstrap replayed 1/1 log segments. Stats: ops{read=15 overwritten=0 applied=15 ignored=11} inserts{seen=0 ignored=0} mutations{seen=2 ignored=0} orphaned_commits=0. Pending: 0 replicates
I0517 05:08:48.808570 2350 tablet_bootstrap.cc:436] T TestTablet P 6a4dce3390ab4c379cfa864848800a5c: Bootstrap complete.
I0517 05:08:48.809001 2350 ts_tablet_manager.cc:1045] T TestTablet P 6a4dce3390ab4c379cfa864848800a5c: Time spent bootstrapping tablet: real 0.035s user 0.016s sys 0.016s
I0517 05:08:48.810367 211 rpc_server.cc:205] RPC server started. Bound to: 127.0.0.1:47471
I0517 05:08:48.810230 2350 raft_consensus.cc:303] T TestTablet P 6a4dce3390ab4c379cfa864848800a5c [term 2 FOLLOWER]: Replica starting. Triggering 0 pending transactions. Active config: opid_index: -1 peers { permanent_uuid: "6a4dce3390ab4c379cfa864848800a5c" member_type: VOTER last_known_addr { host: "127.0.0.1" port: 35583 } }
I0517 05:08:48.810695 2350 raft_consensus.cc:604] T TestTablet P 6a4dce3390ab4c379cfa864848800a5c [term 2 FOLLOWER]: Becoming Follower/Learner. State: Replica: 6a4dce3390ab4c379cfa864848800a5c, State: Initialized, Role: FOLLOWER
I0517 05:08:48.811156 2350 consensus_queue.cc:227] T TestTablet P 6a4dce3390ab4c379cfa864848800a5c [NON_LEADER]: Queue going to NON_LEADER mode. State: All replicated index: 0, Majority replicated index: 0, Committed index: 15, Last appended: 2.15, Last appended by leader: 15, Current term: 0, Majority size: -1, State: 0, Mode: NON_LEADER, active raft config: opid_index: -1 peers { permanent_uuid: "6a4dce3390ab4c379cfa864848800a5c" member_type: VOTER last_known_addr { host: "127.0.0.1" port: 35583 } }
I0517 05:08:48.811517 211 webserver.cc:173] Starting webserver on 127.0.0.1:0
I0517 05:08:48.811693 211 webserver.cc:184] Document root disabled
I0517 05:08:48.811671 2350 raft_consensus.cc:343] T TestTablet P 6a4dce3390ab4c379cfa864848800a5c [term 2 FOLLOWER]: Only one voter in the Raft config. Triggering election immediately
I0517 05:08:48.811880 2350 raft_consensus.cc:435] T TestTablet P 6a4dce3390ab4c379cfa864848800a5c [term 2 FOLLOWER]: Starting leader election (initial election of a single-replica configuration)
I0517 05:08:48.812083 2350 raft_consensus.cc:2704] T TestTablet P 6a4dce3390ab4c379cfa864848800a5c: Snoozing failure detection for 2.064s (starting election)
I0517 05:08:48.812273 2350 raft_consensus.cc:2756] T TestTablet P 6a4dce3390ab4c379cfa864848800a5c [term 2 FOLLOWER]: Advancing to term 3
I0517 05:08:48.812803 211 webserver.cc:311] Webserver started. Bound to: http://127.0.0.1:57231/
W0517 05:08:48.813892 2344 reactor.cc:633] Failed to create an outbound connection to 255.255.255.255:1 because connect() failed: Network error: connect(2) error: Network is unreachable (error 101)
W0517 05:08:48.814252 2406 heartbeater.cc:587] Failed to heartbeat to 255.255.255.255:1: Network error: Failed to ping master at 255.255.255.255:1: connect(2) error: Network is unreachable (error 101)
W0517 05:08:48.814657 2344 reactor.cc:633] Failed to create an outbound connection to 255.255.255.255:1 because connect() failed: Network error: connect(2) error: Network is unreachable (error 101)
W0517 05:08:48.814944 2406 heartbeater.cc:587] Failed to heartbeat to 255.255.255.255:1: Network error: Failed to ping master at 255.255.255.255:1: connect(2) error: Network is unreachable (error 101)
W0517 05:08:48.815318 2344 reactor.cc:633] Failed to create an outbound connection to 255.255.255.255:1 because connect() failed: Network error: connect(2) error: Network is unreachable (error 101)
W0517 05:08:48.815605 2406 heartbeater.cc:587] Failed to heartbeat to 255.255.255.255:1: Network error: Failed to ping master at 255.255.255.255:1: connect(2) error: Network is unreachable (error 101)
W0517 05:08:48.815733 2406 heartbeater.cc:380] Failed 3 heartbeats in a row: no longer allowing fast heartbeat attempts.
I0517 05:08:48.816936 2350 raft_consensus.cc:457] T TestTablet P 6a4dce3390ab4c379cfa864848800a5c [term 3 FOLLOWER]: Starting leader election with config: opid_index: -1 peers { permanent_uuid: "6a4dce3390ab4c379cfa864848800a5c" member_type: VOTER last_known_addr { host: "127.0.0.1" port: 35583 } }
I0517 05:08:48.817481 2350 leader_election.cc:270] T TestTablet P 6a4dce3390ab4c379cfa864848800a5c [CANDIDATE]: Term 3 election: Election decided. Result: candidate won.
I0517 05:08:48.818594 2408 raft_consensus.cc:2704] T TestTablet P 6a4dce3390ab4c379cfa864848800a5c: Snoozing failure detection for 1.615s (election complete)
I0517 05:08:48.818881 2408 raft_consensus.cc:2511] T TestTablet P 6a4dce3390ab4c379cfa864848800a5c [term 3 FOLLOWER]: Leader election won for term 3
I0517 05:08:48.819190 2407 maintenance_manager.cc:249] Maintenance manager is disabled. Stopping thread.
I0517 05:08:48.819974 2408 raft_consensus.cc:571] T TestTablet P 6a4dce3390ab4c379cfa864848800a5c [term 3 LEADER]: Becoming Leader. State: Replica: 6a4dce3390ab4c379cfa864848800a5c, State: Running, Role: LEADER
W0517 05:08:48.820019 2344 reactor.cc:633] Failed to create an outbound connection to 255.255.255.255:1 because connect() failed: Network error: connect(2) error: Network is unreachable (error 101)
W0517 05:08:48.820381 2406 heartbeater.cc:587] Failed to heartbeat to 255.255.255.255:1: Network error: Failed to ping master at 255.255.255.255:1: connect(2) error: Network is unreachable (error 101)
I0517 05:08:48.820389 2408 consensus_queue.cc:204] T TestTablet P 6a4dce3390ab4c379cfa864848800a5c [LEADER]: Queue going to LEADER mode. State: All replicated index: 0, Majority replicated index: 15, Committed index: 15, Last appended: 2.15, Last appended by leader: 15, Current term: 3, Majority size: 1, State: 0, Mode: LEADER, active raft config: opid_index: -1 peers { permanent_uuid: "6a4dce3390ab4c379cfa864848800a5c" member_type: VOTER last_known_addr { host: "127.0.0.1" port: 35583 } }
W0517 05:08:48.820807 2344 reactor.cc:633] Failed to create an outbound connection to 255.255.255.255:1 because connect() failed: Network error: connect(2) error: Network is unreachable (error 101)
I0517 05:08:48.820821 2350 ts_tablet_manager.cc:1073] T TestTablet P 6a4dce3390ab4c379cfa864848800a5c: Time spent starting tablet: real 0.012s user 0.004s sys 0.008s
W0517 05:08:48.821156 2406 heartbeater.cc:587] Failed to heartbeat to 255.255.255.255:1: Network error: Failed to ping master at 255.255.255.255:1: connect(2) error: Network is unreachable (error 101)
I0517 05:08:48.827858 211 tablet_server.cc:144] TabletServer shutting down...
I0517 05:08:48.838546 211 ts_tablet_manager.cc:1118] Shutting down tablet manager...
I0517 05:08:48.838840 211 tablet_replica.cc:261] T TestTablet P 6a4dce3390ab4c379cfa864848800a5c: stopping tablet replica
I0517 05:08:48.839064 211 maintenance_manager.cc:237] P 6a4dce3390ab4c379cfa864848800a5c: Unregistered op CompactRowSetsOp(TestTablet)
I0517 05:08:48.839205 211 maintenance_manager.cc:237] P 6a4dce3390ab4c379cfa864848800a5c: Unregistered op MinorDeltaCompactionOp(TestTablet)
I0517 05:08:48.839330 211 maintenance_manager.cc:237] P 6a4dce3390ab4c379cfa864848800a5c: Unregistered op MajorDeltaCompactionOp(TestTablet)
I0517 05:08:48.839453 211 maintenance_manager.cc:237] P 6a4dce3390ab4c379cfa864848800a5c: Unregistered op UndoDeltaBlockGCOp(TestTablet)
I0517 05:08:48.839596 211 maintenance_manager.cc:237] P 6a4dce3390ab4c379cfa864848800a5c: Unregistered op FlushMRSOp(TestTablet)
I0517 05:08:48.839713 211 maintenance_manager.cc:237] P 6a4dce3390ab4c379cfa864848800a5c: Unregistered op FlushDeltaMemStoresOp(TestTablet)
I0517 05:08:48.839843 211 maintenance_manager.cc:237] P 6a4dce3390ab4c379cfa864848800a5c: Unregistered op LogGCOp(TestTablet)
I0517 05:08:48.839990 211 raft_consensus.cc:2016] T TestTablet P 6a4dce3390ab4c379cfa864848800a5c [term 3 LEADER]: Raft consensus shutting down.
I0517 05:08:48.840251 211 raft_consensus.cc:2043] T TestTablet P 6a4dce3390ab4c379cfa864848800a5c [term 3 FOLLOWER]: Raft consensus is shut down!
I0517 05:08:48.847633 211 tablet_server.cc:157] TabletServer shutdown complete.
I0517 05:08:48.847770 211 tablet_server.cc:144] TabletServer shutting down...
I0517 05:08:48.847985 211 tablet_server.cc:157] TabletServer shutdown complete. [ OK ] TabletServerTest.TestRecoveryWithMutationsWhileFlushing (487 ms) [ RUN ] TabletServerTest.TestRecoveryWithMutationsWhileFlushingAndCompacting
I0517 05:08:48.869354 211 system_ntp.cc:143] NTP initialized. Skew: 500ppm Current error: 1044361us
I0517 05:08:48.869658 211 fs_manager.cc:260] Metadata directory not provided
I0517 05:08:48.869766 211 fs_manager.cc:266] Using write-ahead log directory (fs_wal_dir) as metadata directory
I0517 05:08:48.869910 211 server_base.cc:432] Could not load existing FS layout: Not found: /tmp/dist-test-taskWs1ZT3/test-tmp/tablet_server-test.0.TabletServerTest.TestRecoveryWithMutationsWhileFlushingAndCompacting.1526533719119959-211/TabletServerTest-fsroot/instance: No such file or directory (error 2)
I0517 05:08:48.870012 211 server_base.cc:433] Attempting to create new FS layout instead
I0517 05:08:48.875696 211 fs_manager.cc:595] Generated new instance metadata in path /tmp/dist-test-taskWs1ZT3/test-tmp/tablet_server-test.0.TabletServerTest.TestRecoveryWithMutationsWhileFlushingAndCompacting.1526533719119959-211/TabletServerTest-fsroot/instance: uuid: "64620f15e744414ca1e0379362a918fc" format_stamp: "Formatted at 2018-05-17 05:08:48 on dist-test-slave-dist-test-slave-djmg"
I0517 05:08:48.883647 211 fs_manager.cc:495] Time spent creating directory manager: real 0.008s user 0.008s sys 0.000s
I0517 05:08:48.884929 211 file_cache.cc:470] Constructed file cache lbm with capacity 26214
I0517 05:08:48.891319 211 fs_manager.cc:417] Time spent opening block manager: real 0.001s user 0.000s sys 0.000s
I0517 05:08:48.891456 211 fs_manager.cc:428] Opened local filesystem: /tmp/dist-test-taskWs1ZT3/test-tmp/tablet_server-test.0.TabletServerTest.TestRecoveryWithMutationsWhileFlushingAndCompacting.1526533719119959-211/TabletServerTest-fsroot uuid: "64620f15e744414ca1e0379362a918fc" format_stamp: "Formatted at 2018-05-17 05:08:48 on dist-test-slave-dist-test-slave-djmg"
I0517 05:08:48.891654 211 fs_report.cc:347] Block manager report -------------------- 1 data directories: /tmp/dist-test-taskWs1ZT3/test-tmp/tablet_server-test.0.TabletServerTest.TestRecoveryWithMutationsWhileFlushingAndCompacting.1526533719119959-211/TabletServerTest-fsroot/data Total live blocks: 0 Total live bytes: 0 Total live bytes (after alignment): 0 Total number of LBM containers: 0 (0 full) Did not check for missing blocks Did not check for orphaned blocks Total full LBM containers with extra space: 0 (0 repaired) Total full LBM container extra space in bytes: 0 (0 repaired) Total incomplete LBM containers: 0 (0 repaired) Total LBM partial records: 0 (0 repaired)
I0517 05:08:48.921046 211 ts_tablet_manager.cc:356] Loaded tablet metadata (0 live tablets)
I0517 05:08:48.946707 211 rpc_server.cc:205] RPC server started. Bound to: 127.0.0.1:60374
I0517 05:08:48.947468 211 webserver.cc:173] Starting webserver on 127.0.0.1:0
I0517 05:08:48.947571 211 webserver.cc:184] Document root disabled
I0517 05:08:48.948381 211 webserver.cc:311] Webserver started. Bound to: http://127.0.0.1:59216/
W0517 05:08:48.949458 2420 reactor.cc:633] Failed to create an outbound connection to 255.255.255.255:1 because connect() failed: Network error: connect(2) error: Network is unreachable (error 101)
I0517 05:08:48.949723 2481 maintenance_manager.cc:249] Maintenance manager is disabled. Stopping thread.
W0517 05:08:48.949851 2480 heartbeater.cc:587] Failed to heartbeat to 255.255.255.255:1: Network error: Failed to ping master at 255.255.255.255:1: connect(2) error: Network is unreachable (error 101)
W0517 05:08:48.950279 2420 reactor.cc:633] Failed to create an outbound connection to 255.255.255.255:1 because connect() failed: Network error: connect(2) error: Network is unreachable (error 101)
I0517 05:08:48.950315 211 data_dirs.cc:934] Could only allocate 1 dirs of requested 3 for tablet TestTablet. 1 dirs total, 0 dirs full, 0 dirs failed
W0517 05:08:48.950575 2480 heartbeater.cc:587] Failed to heartbeat to 255.255.255.255:1: Network error: Failed to ping master at 255.255.255.255:1: connect(2) error: Network is unreachable (error 101)
W0517 05:08:48.950927 2420 reactor.cc:633] Failed to create an outbound connection to 255.255.255.255:1 because connect() failed: Network error: connect(2) error: Network is unreachable (error 101)
W0517 05:08:48.951212 2480 heartbeater.cc:587] Failed to heartbeat to 255.255.255.255:1: Network error: Failed to ping master at 255.255.255.255:1: connect(2) error: Network is unreachable (error 101)
W0517 05:08:48.951345 2480 heartbeater.cc:380] Failed 3 heartbeats in a row: no longer allowing fast heartbeat attempts.
I0517 05:08:48.956571 211 ts_tablet_manager.cc:1173] T TestTablet P 64620f15e744414ca1e0379362a918fc: Registered tablet (data state: TABLET_DATA_READY)
I0517 05:08:48.957485 2482 ts_tablet_manager.cc:1028] T TestTablet P 64620f15e744414ca1e0379362a918fc: Bootstrapping tablet
I0517 05:08:48.957785 2482 tablet_bootstrap.cc:436] T TestTablet P 64620f15e744414ca1e0379362a918fc: Bootstrap starting.
I0517 05:08:48.959489 2482 tablet_bootstrap.cc:587] T TestTablet P 64620f15e744414ca1e0379362a918fc: No blocks or log segments found. Creating new log.
I0517 05:08:48.961766 2482 tablet_bootstrap.cc:436] T TestTablet P 64620f15e744414ca1e0379362a918fc: No bootstrap required, opened a new log
I0517 05:08:48.962014 2482 ts_tablet_manager.cc:1045] T TestTablet P 64620f15e744414ca1e0379362a918fc: Time spent bootstrapping tablet: real 0.004s user 0.000s sys 0.000s
I0517 05:08:48.962899 2482 raft_consensus.cc:303] T TestTablet P 64620f15e744414ca1e0379362a918fc [term 0 FOLLOWER]: Replica starting. Triggering 0 pending transactions. Active config: opid_index: -1 peers { permanent_uuid: "64620f15e744414ca1e0379362a918fc" member_type: VOTER last_known_addr { host: "127.0.0.1" port: 60374 } }
I0517 05:08:48.963214 2482 raft_consensus.cc:329] T TestTablet P 64620f15e744414ca1e0379362a918fc [term 0 FOLLOWER]: Consensus starting up: Expiring failure detector timer to make a prompt election more likely
I0517 05:08:48.963367 2482 raft_consensus.cc:604] T TestTablet P 64620f15e744414ca1e0379362a918fc [term 0 FOLLOWER]: Becoming Follower/Learner. State: Replica: 64620f15e744414ca1e0379362a918fc, State: Initialized, Role: FOLLOWER
I0517 05:08:48.963740 2482 consensus_queue.cc:227] T TestTablet P 64620f15e744414ca1e0379362a918fc [NON_LEADER]: Queue going to NON_LEADER mode. State: All replicated index: 0, Majority replicated index: 0, Committed index: 0, Last appended: 0.0, Last appended by leader: 0, Current term: 0, Majority size: -1, State: 0, Mode: NON_LEADER, active raft config: opid_index: -1 peers { permanent_uuid: "64620f15e744414ca1e0379362a918fc" member_type: VOTER last_known_addr { host: "127.0.0.1" port: 60374 } }
I0517 05:08:48.964102 2482 raft_consensus.cc:343] T TestTablet P 64620f15e744414ca1e0379362a918fc [term 0 FOLLOWER]: Only one voter in the Raft config. Triggering election immediately
I0517 05:08:48.964243 2482 raft_consensus.cc:435] T TestTablet P 64620f15e744414ca1e0379362a918fc [term 0 FOLLOWER]: Starting leader election (initial election of a single-replica configuration)
I0517 05:08:48.964393 2482 raft_consensus.cc:2704] T TestTablet P 64620f15e744414ca1e0379362a918fc: Snoozing failure detection for 1.617s (starting election)
I0517 05:08:48.964574 2482 raft_consensus.cc:2756] T TestTablet P 64620f15e744414ca1e0379362a918fc [term 0 FOLLOWER]: Advancing to term 1
I0517 05:08:48.967876 2482 raft_consensus.cc:457] T TestTablet P 64620f15e744414ca1e0379362a918fc [term 1 FOLLOWER]: Starting leader election with config: opid_index: -1 peers { permanent_uuid: "64620f15e744414ca1e0379362a918fc" member_type: VOTER last_known_addr { host: "127.0.0.1" port: 60374 } }
I0517 05:08:48.968267 2482 leader_election.cc:270] T TestTablet P 64620f15e744414ca1e0379362a918fc [CANDIDATE]: Term 1 election: Election decided. Result: candidate won.
I0517 05:08:48.969238 2484 raft_consensus.cc:2704] T TestTablet P 64620f15e744414ca1e0379362a918fc: Snoozing failure detection for 1.722s (election complete)
I0517 05:08:48.969445 2484 raft_consensus.cc:2511] T TestTablet P 64620f15e744414ca1e0379362a918fc [term 1 FOLLOWER]: Leader election won for term 1
W0517 05:08:48.970780 2420 reactor.cc:633] Failed to create an outbound connection to 255.255.255.255:1 because connect() failed: Network error: connect(2) error: Network is unreachable (error 101)
I0517 05:08:48.970829 2482 ts_tablet_manager.cc:1073] T TestTablet P 64620f15e744414ca1e0379362a918fc: Time spent starting tablet: real 0.009s user 0.000s sys 0.012s
I0517 05:08:48.970906 2484 raft_consensus.cc:571] T TestTablet P 64620f15e744414ca1e0379362a918fc [term 1 LEADER]: Becoming Leader. State: Replica: 64620f15e744414ca1e0379362a918fc, State: Running, Role: LEADER
W0517 05:08:48.971293 2480 heartbeater.cc:587] Failed to heartbeat to 255.255.255.255:1: Network error: Failed to ping master at 255.255.255.255:1: connect(2) error: Network is unreachable (error 101)
I0517 05:08:48.971313 2484 consensus_queue.cc:204] T TestTablet P 64620f15e744414ca1e0379362a918fc [LEADER]: Queue going to LEADER mode. State: All replicated index: 0, Majority replicated index: 0, Committed index: 0, Last appended: 0.0, Last appended by leader: 0, Current term: 1, Majority size: 1, State: 0, Mode: LEADER, active raft config: opid_index: -1 peers { permanent_uuid: "64620f15e744414ca1e0379362a918fc" member_type: VOTER last_known_addr { host: "127.0.0.1" port: 60374 } }
W0517 05:08:48.971740 2420 reactor.cc:633] Failed to create an outbound connection to 255.255.255.255:1 because connect() failed: Network error: connect(2) error: Network is unreachable (error 101)
W0517 05:08:48.972061 2480 heartbeater.cc:587] Failed to heartbeat to 255.255.255.255:1: Network error: Failed to ping master at 255.255.255.255:1: connect(2) error: Network is unreachable (error 101)
I0517 05:08:49.010685 211 tablet.cc:1152] T TestTablet P 64620f15e744414ca1e0379362a918fc: Flush: entering stage 1 (old memrowset already frozen for inserts)
I0517 05:08:49.010829 211 compaction.cc:913] Selected 1 rowsets to compact:
I0517 05:08:49.010918 211 compaction.cc:916] memrowset(current size on disk: ~0 bytes)
I0517 05:08:49.011011 211 tablet.cc:1154] T TestTablet P 64620f15e744414ca1e0379362a918fc: Memstore in-memory size: 763 bytes
I0517 05:08:49.011123 211 tablet.cc:1443] T TestTablet P 64620f15e744414ca1e0379362a918fc: Flush: entering phase 1 (flushing snapshot). Phase 1 snapshot: MvccSnapshot[committed={T|T < 6252682154018996224 or (T in {6252682154018996224})}]
I0517 05:08:49.017905 211 multi_column_writer.cc:98] Opened CFile writers for 3 column(s)
I0517 05:08:49.032572 211 tablet.cc:1528] T TestTablet P 64620f15e744414ca1e0379362a918fc: Flush: entering phase 2 (starting to duplicate updates in new rowsets)
I0517 05:08:49.037709 211 tablet.cc:1583] T TestTablet P 64620f15e744414ca1e0379362a918fc: Flush Phase 2: carrying over any updates which arrived during Phase 1
I0517 05:08:49.037856 211 tablet.cc:1585] T TestTablet P 64620f15e744414ca1e0379362a918fc: Phase 2 snapshot: MvccSnapshot[committed={T|T < 6252682154105409536 or (T in {6252682154105409536})}]
I0517 05:08:49.039522 211 delta_tracker.cc:722] T TestTablet P 64620f15e744414ca1e0379362a918fc: Flushing 3 deltas (763 bytes in memory) from DMS 0
I0517 05:08:49.040798 211 delta_tracker.cc:663] T TestTablet P 64620f15e744414ca1e0379362a918fc: Flushed delta block 9616697280849343909 (225 bytes on disk) stats: ts range=[6252682154036109312, 6252682154125422592], delete_count=[0], reinsert_count=[0], update_counts_by_col_id=[12:3,11:3]
I0517 05:08:49.050568 211 tablet.cc:1633] T TestTablet P 64620f15e744414ca1e0379362a918fc: Flush successful on 7 rows (4691 bytes)
I0517 05:08:49.055717 211 tablet_server.cc:144] TabletServer shutting down...
I0517 05:08:49.066673 211 ts_tablet_manager.cc:1118] Shutting down tablet manager...
I0517 05:08:49.066988 211 tablet_replica.cc:261] T TestTablet P 64620f15e744414ca1e0379362a918fc: stopping tablet replica
I0517 05:08:49.067239 211 maintenance_manager.cc:237] P 64620f15e744414ca1e0379362a918fc: Unregistered op CompactRowSetsOp(TestTablet)
I0517 05:08:49.067421 211 maintenance_manager.cc:237] P 64620f15e744414ca1e0379362a918fc: Unregistered op MinorDeltaCompactionOp(TestTablet)
I0517 05:08:49.067579 211 maintenance_manager.cc:237] P 64620f15e744414ca1e0379362a918fc: Unregistered op MajorDeltaCompactionOp(TestTablet)
I0517 05:08:49.067679 211 maintenance_manager.cc:237] P 64620f15e744414ca1e0379362a918fc: Unregistered op UndoDeltaBlockGCOp(TestTablet)
I0517 05:08:49.067800 211 maintenance_manager.cc:237] P 64620f15e744414ca1e0379362a918fc: Unregistered op FlushMRSOp(TestTablet)
I0517 05:08:49.067908 211 maintenance_manager.cc:237] P 64620f15e744414ca1e0379362a918fc: Unregistered op FlushDeltaMemStoresOp(TestTablet)
I0517 05:08:49.068038 211 maintenance_manager.cc:237] P 64620f15e744414ca1e0379362a918fc: Unregistered op LogGCOp(TestTablet)
I0517 05:08:49.068161 211 raft_consensus.cc:2016] T TestTablet P 64620f15e744414ca1e0379362a918fc [term 1 LEADER]: Raft consensus shutting down.
I0517 05:08:49.068375 211 raft_consensus.cc:2043] T TestTablet P 64620f15e744414ca1e0379362a918fc [term 1 FOLLOWER]: Raft consensus is shut down!
I0517 05:08:49.076894 211 tablet_server.cc:157] TabletServer shutdown complete.
I0517 05:08:49.077034 211 tablet_server.cc:144] TabletServer shutting down...
I0517 05:08:49.077248 211 tablet_server.cc:157] TabletServer shutdown complete.
I0517 05:08:49.088778 211 system_ntp.cc:143] NTP initialized. Skew: 500ppm Current error: 1044861us
I0517 05:08:49.089089 211 fs_manager.cc:260] Metadata directory not provided
I0517 05:08:49.089186 211 fs_manager.cc:263] Using existing metadata directory in first data directory
I0517 05:08:49.091475 211 fs_manager.cc:397] Time spent opening directory manager: real 0.002s user 0.000s sys 0.000s
I0517 05:08:49.092316 211 file_cache.cc:470] Constructed file cache lbm with capacity 26214
I0517 05:08:49.104241 211 fs_manager.cc:417] Time spent opening block manager: real 0.007s user 0.004s sys 0.000s
I0517 05:08:49.104398 211 fs_manager.cc:428] Opened local filesystem: /tmp/dist-test-taskWs1ZT3/test-tmp/tablet_server-test.0.TabletServerTest.TestRecoveryWithMutationsWhileFlushingAndCompacting.1526533719119959-211/TabletServerTest-fsroot uuid: "64620f15e744414ca1e0379362a918fc" format_stamp: "Formatted at 2018-05-17 05:08:48 on dist-test-slave-dist-test-slave-djmg"
I0517 05:08:49.104586 211 fs_report.cc:347] Block manager report -------------------- 1 data directories: /tmp/dist-test-taskWs1ZT3/test-tmp/tablet_server-test.0.TabletServerTest.TestRecoveryWithMutationsWhileFlushingAndCompacting.1526533719119959-211/TabletServerTest-fsroot/data Total live blocks: 6 Total live bytes: 5176 Total live bytes (after alignment): 28672 Total number of LBM containers: 6 (0 full) Did not check for missing blocks Did not check for orphaned blocks Total full LBM containers with extra space: 0 (0 repaired) Total full LBM container extra space in bytes: 0 (0 repaired) Total incomplete LBM containers: 0 (0 repaired) Total LBM partial records: 0 (0 repaired)
I0517 05:08:49.126004 211 ts_tablet_manager.cc:344] Loading tablet metadata (0/1 complete)
I0517 05:08:49.126139 211 ts_tablet_manager.cc:1005] T TestTablet P 64620f15e744414ca1e0379362a918fc: Loading tablet metadata
I0517 05:08:49.130233 211 ts_tablet_manager.cc:356] Loaded tablet metadata (1 live tablets)
I0517 05:08:49.133461 211 ts_tablet_manager.cc:1173] T TestTablet P 64620f15e744414ca1e0379362a918fc: Registered tablet (data state: TABLET_DATA_READY)
I0517 05:08:49.134369 2502 ts_tablet_manager.cc:1028] T TestTablet P 64620f15e744414ca1e0379362a918fc: Bootstrapping tablet
I0517 05:08:49.134698 2502 tablet_bootstrap.cc:436] T TestTablet P 64620f15e744414ca1e0379362a918fc: Bootstrap starting.
I0517 05:08:49.166589 2502 tablet_bootstrap.cc:436] T TestTablet P 64620f15e744414ca1e0379362a918fc: Bootstrap replayed 1/1 log segments. Stats: ops{read=14 overwritten=0 applied=14 ignored=11} inserts{seen=0 ignored=0} mutations{seen=2 ignored=0} orphaned_commits=0. Pending: 0 replicates
I0517 05:08:49.167531 2502 tablet_bootstrap.cc:436] T TestTablet P 64620f15e744414ca1e0379362a918fc: Bootstrap complete.
I0517 05:08:49.168093 2502 ts_tablet_manager.cc:1045] T TestTablet P 64620f15e744414ca1e0379362a918fc: Time spent bootstrapping tablet: real 0.033s user 0.020s sys 0.000s
I0517 05:08:49.170589 2502 raft_consensus.cc:303] T TestTablet P 64620f15e744414ca1e0379362a918fc [term 1 FOLLOWER]: Replica starting. Triggering 0 pending transactions. Active config: opid_index: -1 peers { permanent_uuid: "64620f15e744414ca1e0379362a918fc" member_type: VOTER last_known_addr { host: "127.0.0.1" port: 60374 } }
I0517 05:08:49.171463 2502 raft_consensus.cc:604] T TestTablet P 64620f15e744414ca1e0379362a918fc [term 1 FOLLOWER]: Becoming Follower/Learner. State: Replica: 64620f15e744414ca1e0379362a918fc, State: Initialized, Role: FOLLOWER
I0517 05:08:49.171999 2502 consensus_queue.cc:227] T TestTablet P 64620f15e744414ca1e0379362a918fc [NON_LEADER]: Queue going to NON_LEADER mode. State: All replicated index: 0, Majority replicated index: 0, Committed index: 14, Last appended: 1.14, Last appended by leader: 14, Current term: 0, Majority size: -1, State: 0, Mode: NON_LEADER, active raft config: opid_index: -1 peers { permanent_uuid: "64620f15e744414ca1e0379362a918fc" member_type: VOTER last_known_addr { host: "127.0.0.1" port: 60374 } }
I0517 05:08:49.172516 2502 raft_consensus.cc:343] T TestTablet P 64620f15e744414ca1e0379362a918fc [term 1 FOLLOWER]: Only one voter in the Raft config. Triggering election immediately
I0517 05:08:49.172752 2502 raft_consensus.cc:435] T TestTablet P 64620f15e744414ca1e0379362a918fc [term 1 FOLLOWER]: Starting leader election (initial election of a single-replica configuration)
I0517 05:08:49.172986 2502 raft_consensus.cc:2704] T TestTablet P 64620f15e744414ca1e0379362a918fc: Snoozing failure detection for 1.750s (starting election)
