I0517 05:09:04.024912 211 fs_manager.cc:595] Generated new instance metadata in path /tmp/dist-test-taskWs1ZT3/test-tmp/tablet_server-test.0.TabletServerTest.TestInvalidScanRequest_BadProjection.1526533719119959-211/TabletServerTest-fsroot/instance: uuid: "e5da168589c14e1484c8539c0a430c10" format_stamp: "Formatted at 2018-05-17 05:09:04 on dist-test-slave-dist-test-slave-djmg"
I0517 05:09:04.033825 211 fs_manager.cc:495] Time spent creating directory manager: real 0.008s user 0.008s sys 0.000s
I0517 05:09:04.035269 211 file_cache.cc:470] Constructed file cache lbm with capacity 26214
I0517 05:09:04.042058 211 fs_manager.cc:417] Time spent opening block manager: real 0.001s user 0.004s sys 0.000s
I0517 05:09:04.042235 211 fs_manager.cc:428] Opened local filesystem: /tmp/dist-test-taskWs1ZT3/test-tmp/tablet_server-test.0.TabletServerTest.TestInvalidScanRequest_BadProjection.1526533719119959-211/TabletServerTest-fsroot uuid: "e5da168589c14e1484c8539c0a430c10" format_stamp: "Formatted at 2018-05-17 05:09:04 on dist-test-slave-dist-test-slave-djmg"
I0517 05:09:04.042466 211 fs_report.cc:347] Block manager report -------------------- 1 data directories: /tmp/dist-test-taskWs1ZT3/test-tmp/tablet_server-test.0.TabletServerTest.TestInvalidScanRequest_BadProjection.1526533719119959-211/TabletServerTest-fsroot/data Total live blocks: 0 Total live bytes: 0 Total live bytes (after alignment): 0 Total number of LBM containers: 0 (0 full) Did not check for missing blocks Did not check for orphaned blocks Total full LBM containers with extra space: 0 (0 repaired) Total full LBM container extra space in bytes: 0 (0 repaired) Total incomplete LBM containers: 0 (0 repaired) Total LBM partial records: 0 (0 repaired)
I0517 05:09:04.064162 211 ts_tablet_manager.cc:356] Loaded tablet metadata (0 live tablets)
I0517 05:09:04.096022 211 rpc_server.cc:205] RPC server started. Bound to: 127.0.0.1:41264
I0517 05:09:04.096891 211 webserver.cc:173] Starting webserver on 127.0.0.1:0
I0517 05:09:04.097002 211 webserver.cc:184] Document root disabled
I0517 05:09:04.098002 211 webserver.cc:311] Webserver started. Bound to: http://127.0.0.1:34471/
W0517 05:09:04.099293 4962 reactor.cc:633] Failed to create an outbound connection to 255.255.255.255:1 because connect() failed: Network error: connect(2) error: Network is unreachable (error 101)
I0517 05:09:04.099442 5023 maintenance_manager.cc:249] Maintenance manager is disabled. Stopping thread.
W0517 05:09:04.099705 5022 heartbeater.cc:587] Failed to heartbeat to 255.255.255.255:1: Network error: Failed to ping master at 255.255.255.255:1: connect(2) error: Network is unreachable (error 101)
I0517 05:09:04.100039 211 data_dirs.cc:934] Could only allocate 1 dirs of requested 3 for tablet TestTablet. 1 dirs total, 0 dirs full, 0 dirs failed
W0517 05:09:04.100095 4962 reactor.cc:633] Failed to create an outbound connection to 255.255.255.255:1 because connect() failed: Network error: connect(2) error: Network is unreachable (error 101)
W0517 05:09:04.100395 5022 heartbeater.cc:587] Failed to heartbeat to 255.255.255.255:1: Network error: Failed to ping master at 255.255.255.255:1: connect(2) error: Network is unreachable (error 101)
W0517 05:09:04.100744 4962 reactor.cc:633] Failed to create an outbound connection to 255.255.255.255:1 because connect() failed: Network error: connect(2) error: Network is unreachable (error 101)
W0517 05:09:04.100975 5022 heartbeater.cc:587] Failed to heartbeat to 255.255.255.255:1: Network error: Failed to ping master at 255.255.255.255:1: connect(2) error: Network is unreachable (error 101)
W0517 05:09:04.101095 5022 heartbeater.cc:380] Failed 3 heartbeats in a row: no longer allowing fast heartbeat attempts.
I0517 05:09:04.107985 211 ts_tablet_manager.cc:1173] T TestTablet P e5da168589c14e1484c8539c0a430c10: Registered tablet (data state: TABLET_DATA_READY)
I0517 05:09:04.109210 5024 ts_tablet_manager.cc:1028] T TestTablet P e5da168589c14e1484c8539c0a430c10: Bootstrapping tablet
I0517 05:09:04.109570 5024 tablet_bootstrap.cc:436] T TestTablet P e5da168589c14e1484c8539c0a430c10: Bootstrap starting.
I0517 05:09:04.111357 5024 tablet_bootstrap.cc:587] T TestTablet P e5da168589c14e1484c8539c0a430c10: No blocks or log segments found. Creating new log.
I0517 05:09:04.113891 5024 tablet_bootstrap.cc:436] T TestTablet P e5da168589c14e1484c8539c0a430c10: No bootstrap required, opened a new log
I0517 05:09:04.114238 5024 ts_tablet_manager.cc:1045] T TestTablet P e5da168589c14e1484c8539c0a430c10: Time spent bootstrapping tablet: real 0.005s user 0.000s sys 0.004s
I0517 05:09:04.115303 5024 raft_consensus.cc:303] T TestTablet P e5da168589c14e1484c8539c0a430c10 [term 0 FOLLOWER]: Replica starting. Triggering 0 pending transactions. Active config: opid_index: -1 peers { permanent_uuid: "e5da168589c14e1484c8539c0a430c10" member_type: VOTER last_known_addr { host: "127.0.0.1" port: 41264 } }
I0517 05:09:04.115656 5024 raft_consensus.cc:329] T TestTablet P e5da168589c14e1484c8539c0a430c10 [term 0 FOLLOWER]: Consensus starting up: Expiring failure detector timer to make a prompt election more likely
I0517 05:09:04.115811 5024 raft_consensus.cc:604] T TestTablet P e5da168589c14e1484c8539c0a430c10 [term 0 FOLLOWER]: Becoming Follower/Learner. State: Replica: e5da168589c14e1484c8539c0a430c10, State: Initialized, Role: FOLLOWER
I0517 05:09:04.116188 5024 consensus_queue.cc:227] T TestTablet P e5da168589c14e1484c8539c0a430c10 [NON_LEADER]: Queue going to NON_LEADER mode. State: All replicated index: 0, Majority replicated index: 0, Committed index: 0, Last appended: 0.0, Last appended by leader: 0, Current term: 0, Majority size: -1, State: 0, Mode: NON_LEADER, active raft config: opid_index: -1 peers { permanent_uuid: "e5da168589c14e1484c8539c0a430c10" member_type: VOTER last_known_addr { host: "127.0.0.1" port: 41264 } }
I0517 05:09:04.116571 5024 raft_consensus.cc:343] T TestTablet P e5da168589c14e1484c8539c0a430c10 [term 0 FOLLOWER]: Only one voter in the Raft config. Triggering election immediately
I0517 05:09:04.116725 5024 raft_consensus.cc:435] T TestTablet P e5da168589c14e1484c8539c0a430c10 [term 0 FOLLOWER]: Starting leader election (initial election of a single-replica configuration)
I0517 05:09:04.116863 5024 raft_consensus.cc:2704] T TestTablet P e5da168589c14e1484c8539c0a430c10: Snoozing failure detection for 1.559s (starting election)
I0517 05:09:04.117017 5024 raft_consensus.cc:2756] T TestTablet P e5da168589c14e1484c8539c0a430c10 [term 0 FOLLOWER]: Advancing to term 1
I0517 05:09:04.121035 5024 raft_consensus.cc:457] T TestTablet P e5da168589c14e1484c8539c0a430c10 [term 1 FOLLOWER]: Starting leader election with config: opid_index: -1 peers { permanent_uuid: "e5da168589c14e1484c8539c0a430c10" member_type: VOTER last_known_addr { host: "127.0.0.1" port: 41264 } }
I0517 05:09:04.121558 5024 leader_election.cc:270] T TestTablet P e5da168589c14e1484c8539c0a430c10 [CANDIDATE]: Term 1 election: Election decided. Result: candidate won.
I0517 05:09:04.122865 5026 raft_consensus.cc:2704] T TestTablet P e5da168589c14e1484c8539c0a430c10: Snoozing failure detection for 1.848s (election complete)
I0517 05:09:04.123100 5026 raft_consensus.cc:2511] T TestTablet P e5da168589c14e1484c8539c0a430c10 [term 1 FOLLOWER]: Leader election won for term 1
W0517 05:09:04.123841 4962 reactor.cc:633] Failed to create an outbound connection to 255.255.255.255:1 because connect() failed: Network error: connect(2) error: Network is unreachable (error 101)
I0517 05:09:04.123925 5026 raft_consensus.cc:571] T TestTablet P e5da168589c14e1484c8539c0a430c10 [term 1 LEADER]: Becoming Leader. State: Replica: e5da168589c14e1484c8539c0a430c10, State: Running, Role: LEADER
I0517 05:09:04.124174 5024 ts_tablet_manager.cc:1073] T TestTablet P e5da168589c14e1484c8539c0a430c10: Time spent starting tablet: real 0.010s user 0.008s sys 0.000s
W0517 05:09:04.124368 5022 heartbeater.cc:587] Failed to heartbeat to 255.255.255.255:1: Network error: Failed to ping master at 255.255.255.255:1: connect(2) error: Network is unreachable (error 101)
I0517 05:09:04.124337 5026 consensus_queue.cc:204] T TestTablet P e5da168589c14e1484c8539c0a430c10 [LEADER]: Queue going to LEADER mode. State: All replicated index: 0, Majority replicated index: 0, Committed index: 0, Last appended: 0.0, Last appended by leader: 0, Current term: 1, Majority size: 1, State: 0, Mode: LEADER, active raft config: opid_index: -1 peers { permanent_uuid: "e5da168589c14e1484c8539c0a430c10" member_type: VOTER last_known_addr { host: "127.0.0.1" port: 41264 } }
W0517 05:09:04.124941 4962 reactor.cc:633] Failed to create an outbound connection to 255.255.255.255:1 because connect() failed: Network error: connect(2) error: Network is unreachable (error 101)
W0517 05:09:04.125255 5022 heartbeater.cc:587] Failed to heartbeat to 255.255.255.255:1: Network error: Failed to ping master at 255.255.255.255:1: connect(2) error: Network is unreachable (error 101)
I0517 05:09:04.137338 211 tablet_server.cc:144] TabletServer shutting down...
I0517 05:09:04.149781 211 ts_tablet_manager.cc:1118] Shutting down tablet manager...
I0517 05:09:04.150084 211 tablet_replica.cc:261] T TestTablet P e5da168589c14e1484c8539c0a430c10: stopping tablet replica
I0517 05:09:04.150310 211 maintenance_manager.cc:237] P e5da168589c14e1484c8539c0a430c10: Unregistered op CompactRowSetsOp(TestTablet)
I0517 05:09:04.150434 211 maintenance_manager.cc:237] P e5da168589c14e1484c8539c0a430c10: Unregistered op MinorDeltaCompactionOp(TestTablet)
I0517 05:09:04.150538 211 maintenance_manager.cc:237] P e5da168589c14e1484c8539c0a430c10: Unregistered op MajorDeltaCompactionOp(TestTablet)
I0517 05:09:04.150650 211 maintenance_manager.cc:237] P e5da168589c14e1484c8539c0a430c10: Unregistered op UndoDeltaBlockGCOp(TestTablet)
I0517 05:09:04.150779 211 maintenance_manager.cc:237] P e5da168589c14e1484c8539c0a430c10: Unregistered op FlushMRSOp(TestTablet)
I0517 05:09:04.150882 211 maintenance_manager.cc:237] P e5da168589c14e1484c8539c0a430c10: Unregistered op FlushDeltaMemStoresOp(TestTablet)
I0517 05:09:04.150971 211 maintenance_manager.cc:237] P e5da168589c14e1484c8539c0a430c10: Unregistered op LogGCOp(TestTablet)
I0517 05:09:04.151083 211 raft_consensus.cc:2016] T TestTablet P e5da168589c14e1484c8539c0a430c10 [term 1 LEADER]: Raft consensus shutting down.
I0517 05:09:04.151299 211 raft_consensus.cc:2043] T TestTablet P e5da168589c14e1484c8539c0a430c10 [term 1 FOLLOWER]: Raft consensus is shut down!
I0517 05:09:04.167910 211 tablet_server.cc:157] TabletServer shutdown complete.
I0517 05:09:04.168049 211 tablet_server.cc:144] TabletServer shutting down...
I0517 05:09:04.168275 211 tablet_server.cc:157] TabletServer shutdown complete. [ OK ] TabletServerTest.TestInvalidScanRequest_BadProjection (172 ms) [ RUN ] TabletServerTest.TestInvalidScanRequest_BadProjectionTypes
I0517 05:09:04.187657 211 system_ntp.cc:143] NTP initialized. Skew: 500ppm Current error: 1052361us
I0517 05:09:04.187961 211 fs_manager.cc:260] Metadata directory not provided
I0517 05:09:04.188072 211 fs_manager.cc:266] Using write-ahead log directory (fs_wal_dir) as metadata directory
I0517 05:09:04.188218 211 server_base.cc:432] Could not load existing FS layout: Not found: /tmp/dist-test-taskWs1ZT3/test-tmp/tablet_server-test.0.TabletServerTest.TestInvalidScanRequest_BadProjectionTypes.1526533719119959-211/TabletServerTest-fsroot/instance: No such file or directory (error 2)
I0517 05:09:04.188318 211 server_base.cc:433] Attempting to create new FS layout instead
I0517 05:09:04.194026 211 fs_manager.cc:595] Generated new instance metadata in path /tmp/dist-test-taskWs1ZT3/test-tmp/tablet_server-test.0.TabletServerTest.TestInvalidScanRequest_BadProjectionTypes.1526533719119959-211/TabletServerTest-fsroot/instance: uuid: "cdea04b8b4974395803440debe0daec8" format_stamp: "Formatted at 2018-05-17 05:09:04 on dist-test-slave-dist-test-slave-djmg"
I0517 05:09:04.201859 211 fs_manager.cc:495] Time spent creating directory manager: real 0.007s user 0.008s sys 0.000s
I0517 05:09:04.203088 211 file_cache.cc:470] Constructed file cache lbm with capacity 26214
I0517 05:09:04.209331 211 fs_manager.cc:417] Time spent opening block manager: real 0.001s user 0.000s sys 0.004s
I0517 05:09:04.209467 211 fs_manager.cc:428] Opened local filesystem: /tmp/dist-test-taskWs1ZT3/test-tmp/tablet_server-test.0.TabletServerTest.TestInvalidScanRequest_BadProjectionTypes.1526533719119959-211/TabletServerTest-fsroot uuid: "cdea04b8b4974395803440debe0daec8" format_stamp: "Formatted at 2018-05-17 05:09:04 on dist-test-slave-dist-test-slave-djmg"
I0517 05:09:04.209671 211 fs_report.cc:347] Block manager report -------------------- 1 data directories: /tmp/dist-test-taskWs1ZT3/test-tmp/tablet_server-test.0.TabletServerTest.TestInvalidScanRequest_BadProjectionTypes.1526533719119959-211/TabletServerTest-fsroot/data Total live blocks: 0 Total live bytes: 0 Total live bytes (after alignment): 0 Total number of LBM containers: 0 (0 full) Did not check for missing blocks Did not check for orphaned blocks Total full LBM containers with extra space: 0 (0 repaired) Total full LBM container extra space in bytes: 0 (0 repaired) Total incomplete LBM containers: 0 (0 repaired) Total LBM partial records: 0 (0 repaired)
I0517 05:09:04.224859 211 ts_tablet_manager.cc:356] Loaded tablet metadata (0 live tablets)
I0517 05:09:04.250627 211 rpc_server.cc:205] RPC server started. Bound to: 127.0.0.1:50628
I0517 05:09:04.251379 211 webserver.cc:173] Starting webserver on 127.0.0.1:0
I0517 05:09:04.251472 211 webserver.cc:184] Document root disabled
I0517 05:09:04.252291 211 webserver.cc:311] Webserver started. Bound to: http://127.0.0.1:42851/
I0517 05:09:04.253399 5101 maintenance_manager.cc:249] Maintenance manager is disabled. Stopping thread.
W0517 05:09:04.253394 5040 reactor.cc:633] Failed to create an outbound connection to 255.255.255.255:1 because connect() failed: Network error: connect(2) error: Network is unreachable (error 101)
I0517 05:09:04.253854 211 data_dirs.cc:934] Could only allocate 1 dirs of requested 3 for tablet TestTablet. 1 dirs total, 0 dirs full, 0 dirs failed
W0517 05:09:04.253948 5100 heartbeater.cc:587] Failed to heartbeat to 255.255.255.255:1: Network error: Failed to ping master at 255.255.255.255:1: connect(2) error: Network is unreachable (error 101)
W0517 05:09:04.254341 5040 reactor.cc:633] Failed to create an outbound connection to 255.255.255.255:1 because connect() failed: Network error: connect(2) error: Network is unreachable (error 101)
W0517 05:09:04.254614 5100 heartbeater.cc:587] Failed to heartbeat to 255.255.255.255:1: Network error: Failed to ping master at 255.255.255.255:1: connect(2) error: Network is unreachable (error 101)
W0517 05:09:04.254945 5040 reactor.cc:633] Failed to create an outbound connection to 255.255.255.255:1 because connect() failed: Network error: connect(2) error: Network is unreachable (error 101)
W0517 05:09:04.255200 5100 heartbeater.cc:587] Failed to heartbeat to 255.255.255.255:1: Network error: Failed to ping master at 255.255.255.255:1: connect(2) error: Network is unreachable (error 101)
W0517 05:09:04.255328 5100 heartbeater.cc:380] Failed 3 heartbeats in a row: no longer allowing fast heartbeat attempts.
I0517 05:09:04.260313 211 ts_tablet_manager.cc:1173] T TestTablet P cdea04b8b4974395803440debe0daec8: Registered tablet (data state: TABLET_DATA_READY)
I0517 05:09:04.261229 5102 ts_tablet_manager.cc:1028] T TestTablet P cdea04b8b4974395803440debe0daec8: Bootstrapping tablet
I0517 05:09:04.261482 5102 tablet_bootstrap.cc:436] T TestTablet P cdea04b8b4974395803440debe0daec8: Bootstrap starting.
I0517 05:09:04.263109 5102 tablet_bootstrap.cc:587] T TestTablet P cdea04b8b4974395803440debe0daec8: No blocks or log segments found. Creating new log.
I0517 05:09:04.265321 5102 tablet_bootstrap.cc:436] T TestTablet P cdea04b8b4974395803440debe0daec8: No bootstrap required, opened a new log
I0517 05:09:04.265544 5102 ts_tablet_manager.cc:1045] T TestTablet P cdea04b8b4974395803440debe0daec8: Time spent bootstrapping tablet: real 0.004s user 0.000s sys 0.000s
I0517 05:09:04.266394 5102 raft_consensus.cc:303] T TestTablet P cdea04b8b4974395803440debe0daec8 [term 0 FOLLOWER]: Replica starting. Triggering 0 pending transactions. Active config: opid_index: -1 peers { permanent_uuid: "cdea04b8b4974395803440debe0daec8" member_type: VOTER last_known_addr { host: "127.0.0.1" port: 50628 } }
I0517 05:09:04.266724 5102 raft_consensus.cc:329] T TestTablet P cdea04b8b4974395803440debe0daec8 [term 0 FOLLOWER]: Consensus starting up: Expiring failure detector timer to make a prompt election more likely
I0517 05:09:04.266842 5102 raft_consensus.cc:604] T TestTablet P cdea04b8b4974395803440debe0daec8 [term 0 FOLLOWER]: Becoming Follower/Learner. State: Replica: cdea04b8b4974395803440debe0daec8, State: Initialized, Role: FOLLOWER
I0517 05:09:04.267138 5102 consensus_queue.cc:227] T TestTablet P cdea04b8b4974395803440debe0daec8 [NON_LEADER]: Queue going to NON_LEADER mode. State: All replicated index: 0, Majority replicated index: 0, Committed index: 0, Last appended: 0.0, Last appended by leader: 0, Current term: 0, Majority size: -1, State: 0, Mode: NON_LEADER, active raft config: opid_index: -1 peers { permanent_uuid: "cdea04b8b4974395803440debe0daec8" member_type: VOTER last_known_addr { host: "127.0.0.1" port: 50628 } }
I0517 05:09:04.267457 5102 raft_consensus.cc:343] T TestTablet P cdea04b8b4974395803440debe0daec8 [term 0 FOLLOWER]: Only one voter in the Raft config. Triggering election immediately
I0517 05:09:04.267578 5102 raft_consensus.cc:435] T TestTablet P cdea04b8b4974395803440debe0daec8 [term 0 FOLLOWER]: Starting leader election (initial election of a single-replica configuration)
I0517 05:09:04.267715 5102 raft_consensus.cc:2704] T TestTablet P cdea04b8b4974395803440debe0daec8: Snoozing failure detection for 1.631s (starting election)
I0517 05:09:04.267846 5102 raft_consensus.cc:2756] T TestTablet P cdea04b8b4974395803440debe0daec8 [term 0 FOLLOWER]: Advancing to term 1
I0517 05:09:04.270872 5102 raft_consensus.cc:457] T TestTablet P cdea04b8b4974395803440debe0daec8 [term 1 FOLLOWER]: Starting leader election with config: opid_index: -1 peers { permanent_uuid: "cdea04b8b4974395803440debe0daec8" member_type: VOTER last_known_addr { host: "127.0.0.1" port: 50628 } }
I0517 05:09:04.271234 5102 leader_election.cc:270] T TestTablet P cdea04b8b4974395803440debe0daec8 [CANDIDATE]: Term 1 election: Election decided. Result: candidate won.
I0517 05:09:04.272156 5104 raft_consensus.cc:2704] T TestTablet P cdea04b8b4974395803440debe0daec8: Snoozing failure detection for 1.849s (election complete)
I0517 05:09:04.272343 5104 raft_consensus.cc:2511] T TestTablet P cdea04b8b4974395803440debe0daec8 [term 1 FOLLOWER]: Leader election won for term 1
I0517 05:09:04.273247 5104 raft_consensus.cc:571] T TestTablet P cdea04b8b4974395803440debe0daec8 [term 1 LEADER]: Becoming Leader. State: Replica: cdea04b8b4974395803440debe0daec8, State: Running, Role: LEADER
I0517 05:09:04.273576 5102 ts_tablet_manager.cc:1073] T TestTablet P cdea04b8b4974395803440debe0daec8: Time spent starting tablet: real 0.008s user 0.008s sys 0.000s
W0517 05:09:04.273720 5040 reactor.cc:633] Failed to create an outbound connection to 255.255.255.255:1 because connect() failed: Network error: connect(2) error: Network is unreachable (error 101)
I0517 05:09:04.273614 5104 consensus_queue.cc:204] T TestTablet P cdea04b8b4974395803440debe0daec8 [LEADER]: Queue going to LEADER mode. State: All replicated index: 0, Majority replicated index: 0, Committed index: 0, Last appended: 0.0, Last appended by leader: 0, Current term: 1, Majority size: 1, State: 0, Mode: LEADER, active raft config: opid_index: -1 peers { permanent_uuid: "cdea04b8b4974395803440debe0daec8" member_type: VOTER last_known_addr { host: "127.0.0.1" port: 50628 } }
W0517 05:09:04.274158 5100 heartbeater.cc:587] Failed to heartbeat to 255.255.255.255:1: Network error: Failed to ping master at 255.255.255.255:1: connect(2) error: Network is unreachable (error 101)
W0517 05:09:04.274595 5040 reactor.cc:633] Failed to create an outbound connection to 255.255.255.255:1 because connect() failed: Network error: connect(2) error: Network is unreachable (error 101)
W0517 05:09:04.274976 5100 heartbeater.cc:587] Failed to heartbeat to 255.255.255.255:1: Network error: Failed to ping master at 255.255.255.255:1: connect(2) error: Network is unreachable (error 101)
I0517 05:09:04.295342 211 tablet_server.cc:144] TabletServer shutting down...
I0517 05:09:04.307425 211 ts_tablet_manager.cc:1118] Shutting down tablet manager...
I0517 05:09:04.307703 211 tablet_replica.cc:261] T TestTablet P cdea04b8b4974395803440debe0daec8: stopping tablet replica
I0517 05:09:04.307883 211 maintenance_manager.cc:237] P cdea04b8b4974395803440debe0daec8: Unregistered op CompactRowSetsOp(TestTablet)
I0517 05:09:04.308004 211 maintenance_manager.cc:237] P cdea04b8b4974395803440debe0daec8: Unregistered op MinorDeltaCompactionOp(TestTablet)
I0517 05:09:04.308105 211 maintenance_manager.cc:237] P cdea04b8b4974395803440debe0daec8: Unregistered op MajorDeltaCompactionOp(TestTablet)
I0517 05:09:04.308231 211 maintenance_manager.cc:237] P cdea04b8b4974395803440debe0daec8: Unregistered op UndoDeltaBlockGCOp(TestTablet)
I0517 05:09:04.308352 211 maintenance_manager.cc:237] P cdea04b8b4974395803440debe0daec8: Unregistered op FlushMRSOp(TestTablet)
I0517 05:09:04.308456 211 maintenance_manager.cc:237] P cdea04b8b4974395803440debe0daec8: Unregistered op FlushDeltaMemStoresOp(TestTablet)
I0517 05:09:04.308557 211 maintenance_manager.cc:237] P cdea04b8b4974395803440debe0daec8: Unregistered op LogGCOp(TestTablet)
I0517 05:09:04.308717 211 raft_consensus.cc:2016] T TestTablet P cdea04b8b4974395803440debe0daec8 [term 1 LEADER]: Raft consensus shutting down.
I0517 05:09:04.308944 211 raft_consensus.cc:2043] T TestTablet P cdea04b8b4974395803440debe0daec8 [term 1 FOLLOWER]: Raft consensus is shut down!
I0517 05:09:04.317164 211 tablet_server.cc:157] TabletServer shutdown complete.
I0517 05:09:04.317322 211 tablet_server.cc:144] TabletServer shutting down...
I0517 05:09:04.317586 211 tablet_server.cc:157] TabletServer shutdown complete. [ OK ] TabletServerTest.TestInvalidScanRequest_BadProjectionTypes (150 ms) [ RUN ] TabletServerTest.TestScan_NoResults
I0517 05:09:04.340075 211 system_ntp.cc:143] NTP initialized. Skew: 500ppm Current error: 1052361us
I0517 05:09:04.340418 211 fs_manager.cc:260] Metadata directory not provided
I0517 05:09:04.340543 211 fs_manager.cc:266] Using write-ahead log directory (fs_wal_dir) as metadata directory
I0517 05:09:04.340730 211 server_base.cc:432] Could not load existing FS layout: Not found: /tmp/dist-test-taskWs1ZT3/test-tmp/tablet_server-test.0.TabletServerTest.TestScan_NoResults.1526533719119959-211/TabletServerTest-fsroot/instance: No such file or directory (error 2)
I0517 05:09:04.340837 211 server_base.cc:433] Attempting to create new FS layout instead
I0517 05:09:04.347149 211 fs_manager.cc:595] Generated new instance metadata in path /tmp/dist-test-taskWs1ZT3/test-tmp/tablet_server-test.0.TabletServerTest.TestScan_NoResults.1526533719119959-211/TabletServerTest-fsroot/instance: uuid: "4f3f5b9a51ce47d8afced24fabe6bb9f" format_stamp: "Formatted at 2018-05-17 05:09:04 on dist-test-slave-dist-test-slave-djmg"
I0517 05:09:04.356053 211 fs_manager.cc:495] Time spent creating directory manager: real 0.008s user 0.012s sys 0.000s
I0517 05:09:04.357478 211 file_cache.cc:470] Constructed file cache lbm with capacity 26214
I0517 05:09:04.364369 211 fs_manager.cc:417] Time spent opening block manager: real 0.001s user 0.004s sys 0.000s
I0517 05:09:04.364547 211 fs_manager.cc:428] Opened local filesystem: /tmp/dist-test-taskWs1ZT3/test-tmp/tablet_server-test.0.TabletServerTest.TestScan_NoResults.1526533719119959-211/TabletServerTest-fsroot uuid: "4f3f5b9a51ce47d8afced24fabe6bb9f" format_stamp: "Formatted at 2018-05-17 05:09:04 on dist-test-slave-dist-test-slave-djmg"
I0517 05:09:04.364799 211 fs_report.cc:347] Block manager report -------------------- 1 data directories: /tmp/dist-test-taskWs1ZT3/test-tmp/tablet_server-test.0.TabletServerTest.TestScan_NoResults.1526533719119959-211/TabletServerTest-fsroot/data Total live blocks: 0 Total live bytes: 0 Total live bytes (after alignment): 0 Total number of LBM containers: 0 (0 full) Did not check for missing blocks Did not check for orphaned blocks Total full LBM containers with extra space: 0 (0 repaired) Total full LBM container extra space in bytes: 0 (0 repaired) Total incomplete LBM containers: 0 (0 repaired) Total LBM partial records: 0 (0 repaired)
I0517 05:09:04.384577 211 ts_tablet_manager.cc:356] Loaded tablet metadata (0 live tablets)
I0517 05:09:04.423038 211 rpc_server.cc:205] RPC server started. Bound to: 127.0.0.1:43791
I0517 05:09:04.423907 211 webserver.cc:173] Starting webserver on 127.0.0.1:0
I0517 05:09:04.424005 211 webserver.cc:184] Document root disabled
I0517 05:09:04.424980 211 webserver.cc:311] Webserver started. Bound to: http://127.0.0.1:49030/
W0517 05:09:04.426317 5118 reactor.cc:633] Failed to create an outbound connection to 255.255.255.255:1 because connect() failed: Network error: connect(2) error: Network is unreachable (error 101)
I0517 05:09:04.426425 5179 maintenance_manager.cc:249] Maintenance manager is disabled. Stopping thread.
W0517 05:09:04.426733 5178 heartbeater.cc:587] Failed to heartbeat to 255.255.255.255:1: Network error: Failed to ping master at 255.255.255.255:1: connect(2) error: Network is unreachable (error 101)
I0517 05:09:04.427037 211 data_dirs.cc:934] Could only allocate 1 dirs of requested 3 for tablet TestTablet. 1 dirs total, 0 dirs full, 0 dirs failed
W0517 05:09:04.427109 5118 reactor.cc:633] Failed to create an outbound connection to 255.255.255.255:1 because connect() failed: Network error: connect(2) error: Network is unreachable (error 101)
W0517 05:09:04.427400 5178 heartbeater.cc:587] Failed to heartbeat to 255.255.255.255:1: Network error: Failed to ping master at 255.255.255.255:1: connect(2) error: Network is unreachable (error 101)
W0517 05:09:04.427733 5118 reactor.cc:633] Failed to create an outbound connection to 255.255.255.255:1 because connect() failed: Network error: connect(2) error: Network is unreachable (error 101)
W0517 05:09:04.427978 5178 heartbeater.cc:587] Failed to heartbeat to 255.255.255.255:1: Network error: Failed to ping master at 255.255.255.255:1: connect(2) error: Network is unreachable (error 101)
W0517 05:09:04.428107 5178 heartbeater.cc:380] Failed 3 heartbeats in a row: no longer allowing fast heartbeat attempts.
I0517 05:09:04.435439 211 ts_tablet_manager.cc:1173] T TestTablet P 4f3f5b9a51ce47d8afced24fabe6bb9f: Registered tablet (data state: TABLET_DATA_READY)
I0517 05:09:04.436719 5180 ts_tablet_manager.cc:1028] T TestTablet P 4f3f5b9a51ce47d8afced24fabe6bb9f: Bootstrapping tablet
I0517 05:09:04.437114 5180 tablet_bootstrap.cc:436] T TestTablet P 4f3f5b9a51ce47d8afced24fabe6bb9f: Bootstrap starting.
I0517 05:09:04.439013 5180 tablet_bootstrap.cc:587] T TestTablet P 4f3f5b9a51ce47d8afced24fabe6bb9f: No blocks or log segments found. Creating new log.
I0517 05:09:04.441727 5180 tablet_bootstrap.cc:436] T TestTablet P 4f3f5b9a51ce47d8afced24fabe6bb9f: No bootstrap required, opened a new log
I0517 05:09:04.442056 5180 ts_tablet_manager.cc:1045] T TestTablet P 4f3f5b9a51ce47d8afced24fabe6bb9f: Time spent bootstrapping tablet: real 0.005s user 0.004s sys 0.000s
I0517 05:09:04.443169 5180 raft_consensus.cc:303] T TestTablet P 4f3f5b9a51ce47d8afced24fabe6bb9f [term 0 FOLLOWER]: Replica starting. Triggering 0 pending transactions. Active config: opid_index: -1 peers { permanent_uuid: "4f3f5b9a51ce47d8afced24fabe6bb9f" member_type: VOTER last_known_addr { host: "127.0.0.1" port: 43791 } }
I0517 05:09:04.443541 5180 raft_consensus.cc:329] T TestTablet P 4f3f5b9a51ce47d8afced24fabe6bb9f [term 0 FOLLOWER]: Consensus starting up: Expiring failure detector timer to make a prompt election more likely
I0517 05:09:04.443677 5180 raft_consensus.cc:604] T TestTablet P 4f3f5b9a51ce47d8afced24fabe6bb9f [term 0 FOLLOWER]: Becoming Follower/Learner. State: Replica: 4f3f5b9a51ce47d8afced24fabe6bb9f, State: Initialized, Role: FOLLOWER
I0517 05:09:04.444093 5180 consensus_queue.cc:227] T TestTablet P 4f3f5b9a51ce47d8afced24fabe6bb9f [NON_LEADER]: Queue going to NON_LEADER mode. State: All replicated index: 0, Majority replicated index: 0, Committed index: 0, Last appended: 0.0, Last appended by leader: 0, Current term: 0, Majority size: -1, State: 0, Mode: NON_LEADER, active raft config: opid_index: -1 peers { permanent_uuid: "4f3f5b9a51ce47d8afced24fabe6bb9f" member_type: VOTER last_known_addr { host: "127.0.0.1" port: 43791 } }
I0517 05:09:04.444453 5180 raft_consensus.cc:343] T TestTablet P 4f3f5b9a51ce47d8afced24fabe6bb9f [term 0 FOLLOWER]: Only one voter in the Raft config. Triggering election immediately
I0517 05:09:04.444586 5180 raft_consensus.cc:435] T TestTablet P 4f3f5b9a51ce47d8afced24fabe6bb9f [term 0 FOLLOWER]: Starting leader election (initial election of a single-replica configuration)
I0517 05:09:04.444751 5180 raft_consensus.cc:2704] T TestTablet P 4f3f5b9a51ce47d8afced24fabe6bb9f: Snoozing failure detection for 1.954s (starting election)
I0517 05:09:04.444906 5180 raft_consensus.cc:2756] T TestTablet P 4f3f5b9a51ce47d8afced24fabe6bb9f [term 0 FOLLOWER]: Advancing to term 1
I0517 05:09:04.449146 5180 raft_consensus.cc:457] T TestTablet P 4f3f5b9a51ce47d8afced24fabe6bb9f [term 1 FOLLOWER]: Starting leader election with config: opid_index: -1 peers { permanent_uuid: "4f3f5b9a51ce47d8afced24fabe6bb9f" member_type: VOTER last_known_addr { host: "127.0.0.1" port: 43791 } }
I0517 05:09:04.449673 5180 leader_election.cc:270] T TestTablet P 4f3f5b9a51ce47d8afced24fabe6bb9f [CANDIDATE]: Term 1 election: Election decided. Result: candidate won.
I0517 05:09:04.451037 5182 raft_consensus.cc:2704] T TestTablet P 4f3f5b9a51ce47d8afced24fabe6bb9f: Snoozing failure detection for 1.629s (election complete)
I0517 05:09:04.451315 5182 raft_consensus.cc:2511] T TestTablet P 4f3f5b9a51ce47d8afced24fabe6bb9f [term 1 FOLLOWER]: Leader election won for term 1
W0517 05:09:04.452025 5118 reactor.cc:633] Failed to create an outbound connection to 255.255.255.255:1 because connect() failed: Network error: connect(2) error: Network is unreachable (error 101)
I0517 05:09:04.452313 5182 raft_consensus.cc:571] T TestTablet P 4f3f5b9a51ce47d8afced24fabe6bb9f [term 1 LEADER]: Becoming Leader. State: Replica: 4f3f5b9a51ce47d8afced24fabe6bb9f, State: Running, Role: LEADER
I0517 05:09:04.452344 5180 ts_tablet_manager.cc:1073] T TestTablet P 4f3f5b9a51ce47d8afced24fabe6bb9f: Time spent starting tablet: real 0.010s user 0.008s sys 0.000s
W0517 05:09:04.452461 5178 heartbeater.cc:587] Failed to heartbeat to 255.255.255.255:1: Network error: Failed to ping master at 255.255.255.255:1: connect(2) error: Network is unreachable (error 101)
I0517 05:09:04.452716 5182 consensus_queue.cc:204] T TestTablet P 4f3f5b9a51ce47d8afced24fabe6bb9f [LEADER]: Queue going to LEADER mode. State: All replicated index: 0, Majority replicated index: 0, Committed index: 0, Last appended: 0.0, Last appended by leader: 0, Current term: 1, Majority size: 1, State: 0, Mode: LEADER, active raft config: opid_index: -1 peers { permanent_uuid: "4f3f5b9a51ce47d8afced24fabe6bb9f" member_type: VOTER last_known_addr { host: "127.0.0.1" port: 43791 } }
W0517 05:09:04.453047 5118 reactor.cc:633] Failed to create an outbound connection to 255.255.255.255:1 because connect() failed: Network error: connect(2) error: Network is unreachable (error 101)
W0517 05:09:04.453392 5178 heartbeater.cc:587] Failed to heartbeat to 255.255.255.255:1: Network error: Failed to ping master at 255.255.255.255:1: connect(2) error: Network is unreachable (error 101)
I0517 05:09:04.467131 211 tablet_server.cc:144] TabletServer shutting down...
I0517 05:09:04.478806 211 ts_tablet_manager.cc:1118] Shutting down tablet manager...
I0517 05:09:04.479123 211 tablet_replica.cc:261] T TestTablet P 4f3f5b9a51ce47d8afced24fabe6bb9f: stopping tablet replica
I0517 05:09:04.479328 211 maintenance_manager.cc:237] P 4f3f5b9a51ce47d8afced24fabe6bb9f: Unregistered op CompactRowSetsOp(TestTablet)
I0517 05:09:04.479449 211 maintenance_manager.cc:237] P 4f3f5b9a51ce47d8afced24fabe6bb9f: Unregistered op MinorDeltaCompactionOp(TestTablet)
I0517 05:09:04.479557 211 maintenance_manager.cc:237] P 4f3f5b9a51ce47d8afced24fabe6bb9f: Unregistered op MajorDeltaCompactionOp(TestTablet)
I0517 05:09:04.479673 211 maintenance_manager.cc:237] P 4f3f5b9a51ce47d8afced24fabe6bb9f: Unregistered op UndoDeltaBlockGCOp(TestTablet)
I0517 05:09:04.479809 211 maintenance_manager.cc:237] P 4f3f5b9a51ce47d8afced24fabe6bb9f: Unregistered op FlushMRSOp(TestTablet)
I0517 05:09:04.479912 211 maintenance_manager.cc:237] P 4f3f5b9a51ce47d8afced24fabe6bb9f: Unregistered op FlushDeltaMemStoresOp(TestTablet)
I0517 05:09:04.480000 211 maintenance_manager.cc:237] P 4f3f5b9a51ce47d8afced24fabe6bb9f: Unregistered op LogGCOp(TestTablet)
I0517 05:09:04.480101 211 raft_consensus.cc:2016] T TestTablet P 4f3f5b9a51ce47d8afced24fabe6bb9f [term 1 LEADER]: Raft consensus shutting down.
I0517 05:09:04.480311 211 raft_consensus.cc:2043] T TestTablet P 4f3f5b9a51ce47d8afced24fabe6bb9f [term 1 FOLLOWER]: Raft consensus is shut down!
I0517 05:09:04.488956 211 tablet_server.cc:157] TabletServer shutdown complete.
I0517 05:09:04.489102 211 tablet_server.cc:144] TabletServer shutting down...
I0517 05:09:04.489332 211 tablet_server.cc:157] TabletServer shutdown complete. [ OK ] TabletServerTest.TestScan_NoResults (171 ms) [ RUN ] TabletServerTest.TestScan_KeepAliveExpiredScanner
I0517 05:09:04.509865 211 system_ntp.cc:143] NTP initialized. Skew: 500ppm Current error: 1052361us
I0517 05:09:04.510186 211 fs_manager.cc:260] Metadata directory not provided
I0517 05:09:04.510301 211 fs_manager.cc:266] Using write-ahead log directory (fs_wal_dir) as metadata directory
I0517 05:09:04.510457 211 server_base.cc:432] Could not load existing FS layout: Not found: /tmp/dist-test-taskWs1ZT3/test-tmp/tablet_server-test.0.TabletServerTest.TestScan_KeepAliveExpiredScanner.1526533719119959-211/TabletServerTest-fsroot/instance: No such file or directory (error 2)
I0517 05:09:04.510553 211 server_base.cc:433] Attempting to create new FS layout instead
I0517 05:09:04.516508 211 fs_manager.cc:595] Generated new instance metadata in path /tmp/dist-test-taskWs1ZT3/test-tmp/tablet_server-test.0.TabletServerTest.TestScan_KeepAliveExpiredScanner.1526533719119959-211/TabletServerTest-fsroot/instance: uuid: "24414d90a5984af1b639a5763c1148db" format_stamp: "Formatted at 2018-05-17 05:09:04 on dist-test-slave-dist-test-slave-djmg"
I0517 05:09:04.524655 211 fs_manager.cc:495] Time spent creating directory manager: real 0.008s user 0.008s sys 0.000s
I0517 05:09:04.525909 211 file_cache.cc:470] Constructed file cache lbm with capacity 26214
I0517 05:09:04.532402 211 fs_manager.cc:417] Time spent opening block manager: real 0.001s user 0.004s sys 0.000s
I0517 05:09:04.532557 211 fs_manager.cc:428] Opened local filesystem: /tmp/dist-test-taskWs1ZT3/test-tmp/tablet_server-test.0.TabletServerTest.TestScan_KeepAliveExpiredScanner.1526533719119959-211/TabletServerTest-fsroot uuid: "24414d90a5984af1b639a5763c1148db" format_stamp: "Formatted at 2018-05-17 05:09:04 on dist-test-slave-dist-test-slave-djmg"
I0517 05:09:04.532820 211 fs_report.cc:347] Block manager report -------------------- 1 data directories: /tmp/dist-test-taskWs1ZT3/test-tmp/tablet_server-test.0.TabletServerTest.TestScan_KeepAliveExpiredScanner.1526533719119959-211/TabletServerTest-fsroot/data Total live blocks: 0 Total live bytes: 0 Total live bytes (after alignment): 0 Total number of LBM containers: 0 (0 full) Did not check for missing blocks Did not check for orphaned blocks Total full LBM containers with extra space: 0 (0 repaired) Total full LBM container extra space in bytes: 0 (0 repaired) Total incomplete LBM containers: 0 (0 repaired) Total LBM partial records: 0 (0 repaired)
I0517 05:09:04.559806 211 ts_tablet_manager.cc:356] Loaded tablet metadata (0 live tablets)
I0517 05:09:04.586468 211 rpc_server.cc:205] RPC server started. Bound to: 127.0.0.1:58692
I0517 05:09:04.587270 211 webserver.cc:173] Starting webserver on 127.0.0.1:0
I0517 05:09:04.587381 211 webserver.cc:184] Document root disabled
I0517 05:09:04.588273 211 webserver.cc:311] Webserver started. Bound to: http://127.0.0.1:42806/
W0517 05:09:04.589401 5196 reactor.cc:633] Failed to create an outbound connection to 255.255.255.255:1 because connect() failed: Network error: connect(2) error: Network is unreachable (error 101)
I0517 05:09:04.589658 5257 maintenance_manager.cc:249] Maintenance manager is disabled. Stopping thread.
W0517 05:09:04.589835 5256 heartbeater.cc:587] Failed to heartbeat to 255.255.255.255:1: Network error: Failed to ping master at 255.255.255.255:1: connect(2) error: Network is unreachable (error 101)
I0517 05:09:04.589977 211 data_dirs.cc:934] Could only allocate 1 dirs of requested 3 for tablet TestTablet. 1 dirs total, 0 dirs full, 0 dirs failed
W0517 05:09:04.590260 5196 reactor.cc:633] Failed to create an outbound connection to 255.255.255.255:1 because connect() failed: Network error: connect(2) error: Network is unreachable (error 101)
W0517 05:09:04.590545 5256 heartbeater.cc:587] Failed to heartbeat to 255.255.255.255:1: Network error: Failed to ping master at 255.255.255.255:1: connect(2) error: Network is unreachable (error 101)
W0517 05:09:04.590864 5196 reactor.cc:633] Failed to create an outbound connection to 255.255.255.255:1 because connect() failed: Network error: connect(2) error: Network is unreachable (error 101)
W0517 05:09:04.591096 5256 heartbeater.cc:587] Failed to heartbeat to 255.255.255.255:1: Network error: Failed to ping master at 255.255.255.255:1: connect(2) error: Network is unreachable (error 101)
W0517 05:09:04.591220 5256 heartbeater.cc:380] Failed 3 heartbeats in a row: no longer allowing fast heartbeat attempts.
I0517 05:09:04.596817 211 ts_tablet_manager.cc:1173] T TestTablet P 24414d90a5984af1b639a5763c1148db: Registered tablet (data state: TABLET_DATA_READY)
I0517 05:09:04.597851 5258 ts_tablet_manager.cc:1028] T TestTablet P 24414d90a5984af1b639a5763c1148db: Bootstrapping tablet
I0517 05:09:04.598141 5258 tablet_bootstrap.cc:436] T TestTablet P 24414d90a5984af1b639a5763c1148db: Bootstrap starting.
I0517 05:09:04.599872 5258 tablet_bootstrap.cc:587] T TestTablet P 24414d90a5984af1b639a5763c1148db: No blocks or log segments found. Creating new log.
I0517 05:09:04.602203 5258 tablet_bootstrap.cc:436] T TestTablet P 24414d90a5984af1b639a5763c1148db: No bootstrap required, opened a new log
I0517 05:09:04.602493 5258 ts_tablet_manager.cc:1045] T TestTablet P 24414d90a5984af1b639a5763c1148db: Time spent bootstrapping tablet: real 0.004s user 0.000s sys 0.000s
I0517 05:09:04.603435 5258 raft_consensus.cc:303] T TestTablet P 24414d90a5984af1b639a5763c1148db [term 0 FOLLOWER]: Replica starting. Triggering 0 pending transactions. Active config: opid_index: -1 peers { permanent_uuid: "24414d90a5984af1b639a5763c1148db" member_type: VOTER last_known_addr { host: "127.0.0.1" port: 58692 } }
I0517 05:09:04.603765 5258 raft_consensus.cc:329] T TestTablet P 24414d90a5984af1b639a5763c1148db [term 0 FOLLOWER]: Consensus starting up: Expiring failure detector timer to make a prompt election more likely
I0517 05:09:04.603886 5258 raft_consensus.cc:604] T TestTablet P 24414d90a5984af1b639a5763c1148db [term 0 FOLLOWER]: Becoming Follower/Learner. State: Replica: 24414d90a5984af1b639a5763c1148db, State: Initialized, Role: FOLLOWER
I0517 05:09:04.604212 5258 consensus_queue.cc:227] T TestTablet P 24414d90a5984af1b639a5763c1148db [NON_LEADER]: Queue going to NON_LEADER mode. State: All replicated index: 0, Majority replicated index: 0, Committed index: 0, Last appended: 0.0, Last appended by leader: 0, Current term: 0, Majority size: -1, State: 0, Mode: NON_LEADER, active raft config: opid_index: -1 peers { permanent_uuid: "24414d90a5984af1b639a5763c1148db" member_type: VOTER last_known_addr { host: "127.0.0.1" port: 58692 } }
I0517 05:09:04.604557 5258 raft_consensus.cc:343] T TestTablet P 24414d90a5984af1b639a5763c1148db [term 0 FOLLOWER]: Only one voter in the Raft config. Triggering election immediately
I0517 05:09:04.604707 5258 raft_consensus.cc:435] T TestTablet P 24414d90a5984af1b639a5763c1148db [term 0 FOLLOWER]: Starting leader election (initial election of a single-replica configuration)
I0517 05:09:04.604843 5258 raft_consensus.cc:2704] T TestTablet P 24414d90a5984af1b639a5763c1148db: Snoozing failure detection for 1.973s (starting election)
I0517 05:09:04.604984 5258 raft_consensus.cc:2756] T TestTablet P 24414d90a5984af1b639a5763c1148db [term 0 FOLLOWER]: Advancing to term 1
I0517 05:09:04.608330 5258 raft_consensus.cc:457] T TestTablet P 24414d90a5984af1b639a5763c1148db [term 1 FOLLOWER]: Starting leader election with config: opid_index: -1 peers { permanent_uuid: "24414d90a5984af1b639a5763c1148db" member_type: VOTER last_known_addr { host: "127.0.0.1" port: 58692 } }
I0517 05:09:04.608759 5258 leader_election.cc:270] T TestTablet P 24414d90a5984af1b639a5763c1148db [CANDIDATE]: Term 1 election: Election decided. Result: candidate won.
I0517 05:09:04.609813 5260 raft_consensus.cc:2704] T TestTablet P 24414d90a5984af1b639a5763c1148db: Snoozing failure detection for 1.593s (election complete)
I0517 05:09:04.610051 5260 raft_consensus.cc:2511] T TestTablet P 24414d90a5984af1b639a5763c1148db [term 1 FOLLOWER]: Leader election won for term 1
I0517 05:09:04.610908 5260 raft_consensus.cc:571] T TestTablet P 24414d90a5984af1b639a5763c1148db [term 1 LEADER]: Becoming Leader. State: Replica: 24414d90a5984af1b639a5763c1148db, State: Running, Role: LEADER
I0517 05:09:04.611493 5258 ts_tablet_manager.cc:1073] T TestTablet P 24414d90a5984af1b639a5763c1148db: Time spent starting tablet: real 0.009s user 0.008s sys 0.004s
I0517 05:09:04.611398 5260 consensus_queue.cc:204] T TestTablet P 24414d90a5984af1b639a5763c1148db [LEADER]: Queue going to LEADER mode. State: All replicated index: 0, Majority replicated index: 0, Committed index: 0, Last appended: 0.0, Last appended by leader: 0, Current term: 1, Majority size: 1, State: 0, Mode: LEADER, active raft config: opid_index: -1 peers { permanent_uuid: "24414d90a5984af1b639a5763c1148db" member_type: VOTER last_known_addr { host: "127.0.0.1" port: 58692 } }
W0517 05:09:04.611465 5196 reactor.cc:633] Failed to create an outbound connection to 255.255.255.255:1 because connect() failed: Network error: connect(2) error: Network is unreachable (error 101)
W0517 05:09:04.612023 5256 heartbeater.cc:587] Failed to heartbeat to 255.255.255.255:1: Network error: Failed to ping master at 255.255.255.255:1: connect(2) error: Network is unreachable (error 101)
W0517 05:09:04.612411 5196 reactor.cc:633] Failed to create an outbound connection to 255.255.255.255:1 because connect() failed: Network error: connect(2) error: Network is unreachable (error 101)
W0517 05:09:04.612728 5256 heartbeater.cc:587] Failed to heartbeat to 255.255.255.255:1: Network error: Failed to ping master at 255.255.255.255:1: connect(2) error: Network is unreachable (error 101)
I0517 05:09:04.624935 211 tablet_server.cc:144] TabletServer shutting down...
I0517 05:09:04.636787 211 ts_tablet_manager.cc:1118] Shutting down tablet manager...
I0517 05:09:04.637064 211 tablet_replica.cc:261] T TestTablet P 24414d90a5984af1b639a5763c1148db: stopping tablet replica
I0517 05:09:04.637253 211 maintenance_manager.cc:237] P 24414d90a5984af1b639a5763c1148db: Unregistered op CompactRowSetsOp(TestTablet)
I0517 05:09:04.637396 211 maintenance_manager.cc:237] P 24414d90a5984af1b639a5763c1148db: Unregistered op MinorDeltaCompactionOp(TestTablet)
I0517 05:09:04.637508 211 maintenance_manager.cc:237] P 24414d90a5984af1b639a5763c1148db: Unregistered op MajorDeltaCompactionOp(TestTablet)
I0517 05:09:04.637615 211 maintenance_manager.cc:237] P 24414d90a5984af1b639a5763c1148db: Unregistered op UndoDeltaBlockGCOp(TestTablet)
I0517 05:09:04.637735 211 maintenance_manager.cc:237] P 24414d90a5984af1b639a5763c1148db: Unregistered op FlushMRSOp(TestTablet)
I0517 05:09:04.637831 211 maintenance_manager.cc:237] P 24414d90a5984af1b639a5763c1148db: Unregistered op FlushDeltaMemStoresOp(TestTablet)
I0517 05:09:04.637922 211 maintenance_manager.cc:237] P 24414d90a5984af1b639a5763c1148db: Unregistered op LogGCOp(TestTablet)
I0517 05:09:04.638023 211 raft_consensus.cc:2016] T TestTablet P 24414d90a5984af1b639a5763c1148db [term 1 LEADER]: Raft consensus shutting down.
I0517 05:09:04.638239 211 raft_consensus.cc:2043] T TestTablet P 24414d90a5984af1b639a5763c1148db [term 1 FOLLOWER]: Raft consensus is shut down!
I0517 05:09:04.646843 211 tablet_server.cc:157] TabletServer shutdown complete.
I0517 05:09:04.647019 211 tablet_server.cc:144] TabletServer shutting down...
I0517 05:09:04.647313 211 tablet_server.cc:157] TabletServer shutdown complete. [ OK ] TabletServerTest.TestScan_KeepAliveExpiredScanner (158 ms) [ RUN ] TabletServerTest.TestOrderedScan_ProjectionWithKeyColumnsInOrder
I0517 05:09:04.670433 211 system_ntp.cc:143] NTP initialized. Skew: 500ppm Current error: 1052361us
I0517 05:09:04.670855 211 fs_manager.cc:260] Metadata directory not provided
I0517 05:09:04.670979 211 fs_manager.cc:266] Using write-ahead log directory (fs_wal_dir) as metadata directory
I0517 05:09:04.671141 211 server_base.cc:432] Could not load existing FS layout: Not found: /tmp/dist-test-taskWs1ZT3/test-tmp/tablet_server-test.0.TabletServerTest.TestOrderedScan_ProjectionWithKeyColumnsInOrder.1526533719119959-211/TabletServerTest-fsroot/instance: No such file or directory (error 2)
I0517 05:09:04.671243 211 server_base.cc:433] Attempting to create new FS layout instead
I0517 05:09:04.677515 211 fs_manager.cc:595] Generated new instance metadata in path /tmp/dist-test-taskWs1ZT3/test-tmp/tablet_server-test.0.TabletServerTest.TestOrderedScan_ProjectionWithKeyColumnsInOrder.1526533719119959-211/TabletServerTest-fsroot/instance: uuid: "e09e1e7f2acd42f9b8ea3d884b9fb9f2" format_stamp: "Formatted at 2018-05-17 05:09:04 on dist-test-slave-dist-test-slave-djmg"
I0517 05:09:04.686491 211 fs_manager.cc:495] Time spent creating directory manager: real 0.008s user 0.008s sys 0.000s
I0517 05:09:04.687971 211 file_cache.cc:470] Constructed file cache lbm with capacity 26214
I0517 05:09:04.694754 211 fs_manager.cc:417] Time spent opening block manager: real 0.001s user 0.000s sys 0.000s
I0517 05:09:04.694934 211 fs_manager.cc:428] Opened local filesystem: /tmp/dist-test-taskWs1ZT3/test-tmp/tablet_server-test.0.TabletServerTest.TestOrderedScan_ProjectionWithKeyColumnsInOrder.1526533719119959-211/TabletServerTest-fsroot uuid: "e09e1e7f2acd42f9b8ea3d884b9fb9f2" format_stamp: "Formatted at 2018-05-17 05:09:04 on dist-test-slave-dist-test-slave-djmg"
I0517 05:09:04.695166 211 fs_report.cc:347] Block manager report -------------------- 1 data directories: /tmp/dist-test-taskWs1ZT3/test-tmp/tablet_server-test.0.TabletServerTest.TestOrderedScan_ProjectionWithKeyColumnsInOrder.1526533719119959-211/TabletServerTest-fsroot/data Total live blocks: 0 Total live bytes: 0 Total live bytes (after alignment): 0 Total number of LBM containers: 0 (0 full) Did not check for missing blocks Did not check for orphaned blocks Total full LBM containers with extra space: 0 (0 repaired) Total full LBM container extra space in bytes: 0 (0 repaired) Total incomplete LBM containers: 0 (0 repaired) Total LBM partial records: 0 (0 repaired)
I0517 05:09:04.719849 211 ts_tablet_manager.cc:356] Loaded tablet metadata (0 live tablets)
I0517 05:09:04.752189 211 rpc_server.cc:205] RPC server started. Bound to: 127.0.0.1:54607
I0517 05:09:04.753087 211 webserver.cc:173] Starting webserver on 127.0.0.1:0
I0517 05:09:04.753190 211 webserver.cc:184] Document root disabled
I0517 05:09:04.754187 211 webserver.cc:311] Webserver started. Bound to: http://127.0.0.1:54251/
W0517 05:09:04.755374 5274 reactor.cc:633] Failed to create an outbound connection to 255.255.255.255:1 because connect() failed: Network error: connect(2) error: Network is unreachable (error 101)
I0517 05:09:04.755511 5335 maintenance_manager.cc:249] Maintenance manager is disabled. Stopping thread.
W0517 05:09:04.755784 5334 heartbeater.cc:587] Failed to heartbeat to 255.255.255.255:1: Network error: Failed to ping master at 255.255.255.255:1: connect(2) error: Network is unreachable (error 101)
I0517 05:09:04.756103 211 data_dirs.cc:934] Could only allocate 1 dirs of requested 3 for tablet TestTablet. 1 dirs total, 0 dirs full, 0 dirs failed
W0517 05:09:04.756175 5274 reactor.cc:633] Failed to create an outbound connection to 255.255.255.255:1 because connect() failed: Network error: connect(2) error: Network is unreachable (error 101)
W0517 05:09:04.756450 5334 heartbeater.cc:587] Failed to heartbeat to 255.255.255.255:1: Network error: Failed to ping master at 255.255.255.255:1: connect(2) error: Network is unreachable (error 101)
W0517 05:09:04.756808 5274 reactor.cc:633] Failed to create an outbound connection to 255.255.255.255:1 because connect() failed: Network error: connect(2) error: Network is unreachable (error 101)
W0517 05:09:04.757042 5334 heartbeater.cc:587] Failed to heartbeat to 255.255.255.255:1: Network error: Failed to ping master at 255.255.255.255:1: connect(2) error: Network is unreachable (error 101)
W0517 05:09:04.757166 5334 heartbeater.cc:380] Failed 3 heartbeats in a row: no longer allowing fast heartbeat attempts.
I0517 05:09:04.764595 211 ts_tablet_manager.cc:1173] T TestTablet P e09e1e7f2acd42f9b8ea3d884b9fb9f2: Registered tablet (data state: TABLET_DATA_READY)
