I0517 05:09:28.322360 7578 raft_consensus.cc:303] T TestTablet P b5e48218af22462993bb0d59c3d62358 [term 0 FOLLOWER]: Replica starting. Triggering 0 pending transactions. Active config: opid_index: -1 peers { permanent_uuid: "b5e48218af22462993bb0d59c3d62358" member_type: VOTER last_known_addr { host: "127.0.0.1" port: 56519 } }
I0517 05:09:28.322669 7578 raft_consensus.cc:329] T TestTablet P b5e48218af22462993bb0d59c3d62358 [term 0 FOLLOWER]: Consensus starting up: Expiring failure detector timer to make a prompt election more likely
I0517 05:09:28.322787 7578 raft_consensus.cc:604] T TestTablet P b5e48218af22462993bb0d59c3d62358 [term 0 FOLLOWER]: Becoming Follower/Learner. State: Replica: b5e48218af22462993bb0d59c3d62358, State: Initialized, Role: FOLLOWER
I0517 05:09:28.323079 7578 consensus_queue.cc:227] T TestTablet P b5e48218af22462993bb0d59c3d62358 [NON_LEADER]: Queue going to NON_LEADER mode. State: All replicated index: 0, Majority replicated index: 0, Committed index: 0, Last appended: 0.0, Last appended by leader: 0, Current term: 0, Majority size: -1, State: 0, Mode: NON_LEADER, active raft config: opid_index: -1 peers { permanent_uuid: "b5e48218af22462993bb0d59c3d62358" member_type: VOTER last_known_addr { host: "127.0.0.1" port: 56519 } }
I0517 05:09:28.323405 7578 raft_consensus.cc:343] T TestTablet P b5e48218af22462993bb0d59c3d62358 [term 0 FOLLOWER]: Only one voter in the Raft config. Triggering election immediately
I0517 05:09:28.323534 7578 raft_consensus.cc:435] T TestTablet P b5e48218af22462993bb0d59c3d62358 [term 0 FOLLOWER]: Starting leader election (initial election of a single-replica configuration)
I0517 05:09:28.323671 7578 raft_consensus.cc:2704] T TestTablet P b5e48218af22462993bb0d59c3d62358: Snoozing failure detection for 2.186s (starting election)
I0517 05:09:28.323803 7578 raft_consensus.cc:2756] T TestTablet P b5e48218af22462993bb0d59c3d62358 [term 0 FOLLOWER]: Advancing to term 1
I0517 05:09:28.327175 7578 raft_consensus.cc:457] T TestTablet P b5e48218af22462993bb0d59c3d62358 [term 1 FOLLOWER]: Starting leader election with config: opid_index: -1 peers { permanent_uuid: "b5e48218af22462993bb0d59c3d62358" member_type: VOTER last_known_addr { host: "127.0.0.1" port: 56519 } }
I0517 05:09:28.327543 7578 leader_election.cc:270] T TestTablet P b5e48218af22462993bb0d59c3d62358 [CANDIDATE]: Term 1 election: Election decided. Result: candidate won.
I0517 05:09:28.328490 7580 raft_consensus.cc:2704] T TestTablet P b5e48218af22462993bb0d59c3d62358: Snoozing failure detection for 2.047s (election complete)
I0517 05:09:28.328706 7580 raft_consensus.cc:2511] T TestTablet P b5e48218af22462993bb0d59c3d62358 [term 1 FOLLOWER]: Leader election won for term 1
I0517 05:09:28.329542 7580 raft_consensus.cc:571] T TestTablet P b5e48218af22462993bb0d59c3d62358 [term 1 LEADER]: Becoming Leader. State: Replica: b5e48218af22462993bb0d59c3d62358, State: Running, Role: LEADER
I0517 05:09:28.329846 7578 ts_tablet_manager.cc:1073] T TestTablet P b5e48218af22462993bb0d59c3d62358: Time spent starting tablet: real 0.008s user 0.008s sys 0.004s
W0517 05:09:28.329877 7516 reactor.cc:633] Failed to create an outbound connection to 255.255.255.255:1 because connect() failed: Network error: connect(2) error: Network is unreachable (error 101)
I0517 05:09:28.329962 7580 consensus_queue.cc:204] T TestTablet P b5e48218af22462993bb0d59c3d62358 [LEADER]: Queue going to LEADER mode. State: All replicated index: 0, Majority replicated index: 0, Committed index: 0, Last appended: 0.0, Last appended by leader: 0, Current term: 1, Majority size: 1, State: 0, Mode: LEADER, active raft config: opid_index: -1 peers { permanent_uuid: "b5e48218af22462993bb0d59c3d62358" member_type: VOTER last_known_addr { host: "127.0.0.1" port: 56519 } }
W0517 05:09:28.330284 7576 heartbeater.cc:587] Failed to heartbeat to 255.255.255.255:1: Network error: Failed to ping master at 255.255.255.255:1: connect(2) error: Network is unreachable (error 101)
W0517 05:09:28.330648 7516 reactor.cc:633] Failed to create an outbound connection to 255.255.255.255:1 because connect() failed: Network error: connect(2) error: Network is unreachable (error 101)
W0517 05:09:28.330937 7576 heartbeater.cc:587] Failed to heartbeat to 255.255.255.255:1: Network error: Failed to ping master at 255.255.255.255:1: connect(2) error: Network is unreachable (error 101)
W0517 05:09:29.331682 7516 reactor.cc:633] Failed to create an outbound connection to 255.255.255.255:1 because connect() failed: Network error: connect(2) error: Network is unreachable (error 101)
W0517 05:09:29.332046 7576 heartbeater.cc:587] Failed to heartbeat to 255.255.255.255:1: Network error: Failed to ping master at 255.255.255.255:1: connect(2) error: Network is unreachable (error 101)
W0517 05:09:30.333076 7516 reactor.cc:633] Failed to create an outbound connection to 255.255.255.255:1 because connect() failed: Network error: connect(2) error: Network is unreachable (error 101)
W0517 05:09:30.333598 7576 heartbeater.cc:587] Failed to heartbeat to 255.255.255.255:1: Network error: Failed to ping master at 255.255.255.255:1: connect(2) error: Network is unreachable (error 101)
W0517 05:09:31.334369 7516 reactor.cc:633] Failed to create an outbound connection to 255.255.255.255:1 because connect() failed: Network error: connect(2) error: Network is unreachable (error 101)
W0517 05:09:31.334738 7576 heartbeater.cc:587] Failed to heartbeat to 255.255.255.255:1: Network error: Failed to ping master at 255.255.255.255:1: connect(2) error: Network is unreachable (error 101)
W0517 05:09:32.335378 7516 reactor.cc:633] Failed to create an outbound connection to 255.255.255.255:1 because connect() failed: Network error: connect(2) error: Network is unreachable (error 101)
W0517 05:09:32.335748 7576 heartbeater.cc:587] Failed to heartbeat to 255.255.255.255:1: Network error: Failed to ping master at 255.255.255.255:1: connect(2) error: Network is unreachable (error 101)
I0517 05:09:33.280469 7522 scanners.cc:251] Expiring scanner id: 898a361cdc2140ce8cc48e3a3d337e42, of tablet TestTablet, after 4896 ms of inactivity, which is > TTL (1 ms).
W0517 05:09:33.336388 7516 reactor.cc:633] Failed to create an outbound connection to 255.255.255.255:1 because connect() failed: Network error: connect(2) error: Network is unreachable (error 101)
W0517 05:09:33.336782 7576 heartbeater.cc:587] Failed to heartbeat to 255.255.255.255:1: Network error: Failed to ping master at 255.255.255.255:1: connect(2) error: Network is unreachable (error 101)
I0517 05:09:33.416330 211 tablet_server.cc:144] TabletServer shutting down...
I0517 05:09:33.430254 211 ts_tablet_manager.cc:1118] Shutting down tablet manager...
I0517 05:09:33.430490 211 tablet_replica.cc:261] T TestTablet P b5e48218af22462993bb0d59c3d62358: stopping tablet replica
I0517 05:09:33.430692 211 maintenance_manager.cc:237] P b5e48218af22462993bb0d59c3d62358: Unregistered op CompactRowSetsOp(TestTablet)
I0517 05:09:33.430838 211 maintenance_manager.cc:237] P b5e48218af22462993bb0d59c3d62358: Unregistered op MinorDeltaCompactionOp(TestTablet)
I0517 05:09:33.430954 211 maintenance_manager.cc:237] P b5e48218af22462993bb0d59c3d62358: Unregistered op MajorDeltaCompactionOp(TestTablet)
I0517 05:09:33.431064 211 maintenance_manager.cc:237] P b5e48218af22462993bb0d59c3d62358: Unregistered op UndoDeltaBlockGCOp(TestTablet)
I0517 05:09:33.431191 211 maintenance_manager.cc:237] P b5e48218af22462993bb0d59c3d62358: Unregistered op FlushMRSOp(TestTablet)
I0517 05:09:33.431288 211 maintenance_manager.cc:237] P b5e48218af22462993bb0d59c3d62358: Unregistered op FlushDeltaMemStoresOp(TestTablet)
I0517 05:09:33.431381 211 maintenance_manager.cc:237] P b5e48218af22462993bb0d59c3d62358: Unregistered op LogGCOp(TestTablet)
I0517 05:09:33.431500 211 raft_consensus.cc:2016] T TestTablet P b5e48218af22462993bb0d59c3d62358 [term 1 LEADER]: Raft consensus shutting down.
I0517 05:09:33.431843 211 raft_consensus.cc:2043] T TestTablet P b5e48218af22462993bb0d59c3d62358 [term 1 FOLLOWER]: Raft consensus is shut down!
I0517 05:09:33.448348 211 tablet_server.cc:157] TabletServer shutdown complete.
I0517 05:09:33.448490 211 tablet_server.cc:144] TabletServer shutting down...
I0517 05:09:33.448743 211 tablet_server.cc:157] TabletServer shutdown complete. [ OK ] Params/ExpiredScannerParamTest.Test/1 (5260 ms) [ RUN ] Params/ExpiredScannerParamTest.Test/2
I0517 05:09:33.473094 211 system_ntp.cc:143] NTP initialized. Skew: 500ppm Current error: 1066861us
I0517 05:09:33.473394 211 fs_manager.cc:260] Metadata directory not provided
I0517 05:09:33.473510 211 fs_manager.cc:266] Using write-ahead log directory (fs_wal_dir) as metadata directory
I0517 05:09:33.473676 211 server_base.cc:432] Could not load existing FS layout: Not found: /tmp/dist-test-taskWs1ZT3/test-tmp/tablet_server-test.0.Params_ExpiredScannerParamTest.Test_2.1526533719119959-211/TabletServerTest-fsroot/instance: No such file or directory (error 2)
I0517 05:09:33.473781 211 server_base.cc:433] Attempting to create new FS layout instead
I0517 05:09:33.479552 211 fs_manager.cc:595] Generated new instance metadata in path /tmp/dist-test-taskWs1ZT3/test-tmp/tablet_server-test.0.Params_ExpiredScannerParamTest.Test_2.1526533719119959-211/TabletServerTest-fsroot/instance: uuid: "0b633df1bb88447b8b533e2015c140f3" format_stamp: "Formatted at 2018-05-17 05:09:33 on dist-test-slave-dist-test-slave-djmg"
I0517 05:09:33.487782 211 fs_manager.cc:495] Time spent creating directory manager: real 0.008s user 0.012s sys 0.000s
I0517 05:09:33.488988 211 file_cache.cc:470] Constructed file cache lbm with capacity 26214
I0517 05:09:33.495143 211 fs_manager.cc:417] Time spent opening block manager: real 0.001s user 0.004s sys 0.000s
I0517 05:09:33.495272 211 fs_manager.cc:428] Opened local filesystem: /tmp/dist-test-taskWs1ZT3/test-tmp/tablet_server-test.0.Params_ExpiredScannerParamTest.Test_2.1526533719119959-211/TabletServerTest-fsroot uuid: "0b633df1bb88447b8b533e2015c140f3" format_stamp: "Formatted at 2018-05-17 05:09:33 on dist-test-slave-dist-test-slave-djmg"
I0517 05:09:33.495463 211 fs_report.cc:347] Block manager report -------------------- 1 data directories: /tmp/dist-test-taskWs1ZT3/test-tmp/tablet_server-test.0.Params_ExpiredScannerParamTest.Test_2.1526533719119959-211/TabletServerTest-fsroot/data Total live blocks: 0 Total live bytes: 0 Total live bytes (after alignment): 0 Total number of LBM containers: 0 (0 full) Did not check for missing blocks Did not check for orphaned blocks Total full LBM containers with extra space: 0 (0 repaired) Total full LBM container extra space in bytes: 0 (0 repaired) Total incomplete LBM containers: 0 (0 repaired) Total LBM partial records: 0 (0 repaired)
I0517 05:09:33.514327 211 ts_tablet_manager.cc:356] Loaded tablet metadata (0 live tablets)
I0517 05:09:33.541751 211 rpc_server.cc:205] RPC server started. Bound to: 127.0.0.1:51092
I0517 05:09:33.542552 211 webserver.cc:173] Starting webserver on 127.0.0.1:0
I0517 05:09:33.542652 211 webserver.cc:184] Document root disabled
I0517 05:09:33.543514 211 webserver.cc:311] Webserver started. Bound to: http://127.0.0.1:33196/
W0517 05:09:33.544596 7595 reactor.cc:633] Failed to create an outbound connection to 255.255.255.255:1 because connect() failed: Network error: connect(2) error: Network is unreachable (error 101)
I0517 05:09:33.544720 7656 maintenance_manager.cc:249] Maintenance manager is disabled. Stopping thread.
W0517 05:09:33.545012 7655 heartbeater.cc:587] Failed to heartbeat to 255.255.255.255:1: Network error: Failed to ping master at 255.255.255.255:1: connect(2) error: Network is unreachable (error 101)
I0517 05:09:33.545274 211 data_dirs.cc:934] Could only allocate 1 dirs of requested 3 for tablet TestTablet. 1 dirs total, 0 dirs full, 0 dirs failed
W0517 05:09:33.545404 7595 reactor.cc:633] Failed to create an outbound connection to 255.255.255.255:1 because connect() failed: Network error: connect(2) error: Network is unreachable (error 101)
W0517 05:09:33.545661 7655 heartbeater.cc:587] Failed to heartbeat to 255.255.255.255:1: Network error: Failed to ping master at 255.255.255.255:1: connect(2) error: Network is unreachable (error 101)
W0517 05:09:33.545994 7595 reactor.cc:633] Failed to create an outbound connection to 255.255.255.255:1 because connect() failed: Network error: connect(2) error: Network is unreachable (error 101)
W0517 05:09:33.546231 7655 heartbeater.cc:587] Failed to heartbeat to 255.255.255.255:1: Network error: Failed to ping master at 255.255.255.255:1: connect(2) error: Network is unreachable (error 101)
W0517 05:09:33.546353 7655 heartbeater.cc:380] Failed 3 heartbeats in a row: no longer allowing fast heartbeat attempts.
I0517 05:09:33.553067 211 ts_tablet_manager.cc:1173] T TestTablet P 0b633df1bb88447b8b533e2015c140f3: Registered tablet (data state: TABLET_DATA_READY)
I0517 05:09:33.554080 7657 ts_tablet_manager.cc:1028] T TestTablet P 0b633df1bb88447b8b533e2015c140f3: Bootstrapping tablet
I0517 05:09:33.554335 7657 tablet_bootstrap.cc:436] T TestTablet P 0b633df1bb88447b8b533e2015c140f3: Bootstrap starting.
I0517 05:09:33.556290 7657 tablet_bootstrap.cc:587] T TestTablet P 0b633df1bb88447b8b533e2015c140f3: No blocks or log segments found. Creating new log.
I0517 05:09:33.558727 7657 tablet_bootstrap.cc:436] T TestTablet P 0b633df1bb88447b8b533e2015c140f3: No bootstrap required, opened a new log
I0517 05:09:33.558959 7657 ts_tablet_manager.cc:1045] T TestTablet P 0b633df1bb88447b8b533e2015c140f3: Time spent bootstrapping tablet: real 0.005s user 0.004s sys 0.000s
I0517 05:09:33.559979 7657 raft_consensus.cc:303] T TestTablet P 0b633df1bb88447b8b533e2015c140f3 [term 0 FOLLOWER]: Replica starting. Triggering 0 pending transactions. Active config: opid_index: -1 peers { permanent_uuid: "0b633df1bb88447b8b533e2015c140f3" member_type: VOTER last_known_addr { host: "127.0.0.1" port: 51092 } }
I0517 05:09:33.560348 7657 raft_consensus.cc:329] T TestTablet P 0b633df1bb88447b8b533e2015c140f3 [term 0 FOLLOWER]: Consensus starting up: Expiring failure detector timer to make a prompt election more likely
I0517 05:09:33.560470 7657 raft_consensus.cc:604] T TestTablet P 0b633df1bb88447b8b533e2015c140f3 [term 0 FOLLOWER]: Becoming Follower/Learner. State: Replica: 0b633df1bb88447b8b533e2015c140f3, State: Initialized, Role: FOLLOWER
I0517 05:09:33.560840 7657 consensus_queue.cc:227] T TestTablet P 0b633df1bb88447b8b533e2015c140f3 [NON_LEADER]: Queue going to NON_LEADER mode. State: All replicated index: 0, Majority replicated index: 0, Committed index: 0, Last appended: 0.0, Last appended by leader: 0, Current term: 0, Majority size: -1, State: 0, Mode: NON_LEADER, active raft config: opid_index: -1 peers { permanent_uuid: "0b633df1bb88447b8b533e2015c140f3" member_type: VOTER last_known_addr { host: "127.0.0.1" port: 51092 } }
I0517 05:09:33.561190 7657 raft_consensus.cc:343] T TestTablet P 0b633df1bb88447b8b533e2015c140f3 [term 0 FOLLOWER]: Only one voter in the Raft config. Triggering election immediately
I0517 05:09:33.561312 7657 raft_consensus.cc:435] T TestTablet P 0b633df1bb88447b8b533e2015c140f3 [term 0 FOLLOWER]: Starting leader election (initial election of a single-replica configuration)
I0517 05:09:33.561442 7657 raft_consensus.cc:2704] T TestTablet P 0b633df1bb88447b8b533e2015c140f3: Snoozing failure detection for 1.766s (starting election)
I0517 05:09:33.561583 7657 raft_consensus.cc:2756] T TestTablet P 0b633df1bb88447b8b533e2015c140f3 [term 0 FOLLOWER]: Advancing to term 1
I0517 05:09:33.565457 7657 raft_consensus.cc:457] T TestTablet P 0b633df1bb88447b8b533e2015c140f3 [term 1 FOLLOWER]: Starting leader election with config: opid_index: -1 peers { permanent_uuid: "0b633df1bb88447b8b533e2015c140f3" member_type: VOTER last_known_addr { host: "127.0.0.1" port: 51092 } }
I0517 05:09:33.565847 7657 leader_election.cc:270] T TestTablet P 0b633df1bb88447b8b533e2015c140f3 [CANDIDATE]: Term 1 election: Election decided. Result: candidate won.
I0517 05:09:33.566968 7659 raft_consensus.cc:2704] T TestTablet P 0b633df1bb88447b8b533e2015c140f3: Snoozing failure detection for 2.115s (election complete)
I0517 05:09:33.567170 7659 raft_consensus.cc:2511] T TestTablet P 0b633df1bb88447b8b533e2015c140f3 [term 1 FOLLOWER]: Leader election won for term 1
I0517 05:09:33.568339 7659 raft_consensus.cc:571] T TestTablet P 0b633df1bb88447b8b533e2015c140f3 [term 1 LEADER]: Becoming Leader. State: Replica: 0b633df1bb88447b8b533e2015c140f3, State: Running, Role: LEADER
I0517 05:09:33.568352 7657 ts_tablet_manager.cc:1073] T TestTablet P 0b633df1bb88447b8b533e2015c140f3: Time spent starting tablet: real 0.009s user 0.008s sys 0.000s
W0517 05:09:33.568358 7595 reactor.cc:633] Failed to create an outbound connection to 255.255.255.255:1 because connect() failed: Network error: connect(2) error: Network is unreachable (error 101)
W0517 05:09:33.568766 7655 heartbeater.cc:587] Failed to heartbeat to 255.255.255.255:1: Network error: Failed to ping master at 255.255.255.255:1: connect(2) error: Network is unreachable (error 101)
I0517 05:09:33.568668 7659 consensus_queue.cc:204] T TestTablet P 0b633df1bb88447b8b533e2015c140f3 [LEADER]: Queue going to LEADER mode. State: All replicated index: 0, Majority replicated index: 0, Committed index: 0, Last appended: 0.0, Last appended by leader: 0, Current term: 1, Majority size: 1, State: 0, Mode: LEADER, active raft config: opid_index: -1 peers { permanent_uuid: "0b633df1bb88447b8b533e2015c140f3" member_type: VOTER last_known_addr { host: "127.0.0.1" port: 51092 } }
W0517 05:09:33.569216 7595 reactor.cc:633] Failed to create an outbound connection to 255.255.255.255:1 because connect() failed: Network error: connect(2) error: Network is unreachable (error 101)
W0517 05:09:33.569519 7655 heartbeater.cc:587] Failed to heartbeat to 255.255.255.255:1: Network error: Failed to ping master at 255.255.255.255:1: connect(2) error: Network is unreachable (error 101)
W0517 05:09:34.570202 7595 reactor.cc:633] Failed to create an outbound connection to 255.255.255.255:1 because connect() failed: Network error: connect(2) error: Network is unreachable (error 101)
W0517 05:09:34.570578 7655 heartbeater.cc:587] Failed to heartbeat to 255.255.255.255:1: Network error: Failed to ping master at 255.255.255.255:1: connect(2) error: Network is unreachable (error 101)
W0517 05:09:35.571414 7595 reactor.cc:633] Failed to create an outbound connection to 255.255.255.255:1 because connect() failed: Network error: connect(2) error: Network is unreachable (error 101)
W0517 05:09:35.571781 7655 heartbeater.cc:587] Failed to heartbeat to 255.255.255.255:1: Network error: Failed to ping master at 255.255.255.255:1: connect(2) error: Network is unreachable (error 101)
W0517 05:09:36.572464 7595 reactor.cc:633] Failed to create an outbound connection to 255.255.255.255:1 because connect() failed: Network error: connect(2) error: Network is unreachable (error 101)
W0517 05:09:36.572886 7655 heartbeater.cc:587] Failed to heartbeat to 255.255.255.255:1: Network error: Failed to ping master at 255.255.255.255:1: connect(2) error: Network is unreachable (error 101)
W0517 05:09:37.573616 7595 reactor.cc:633] Failed to create an outbound connection to 255.255.255.255:1 because connect() failed: Network error: connect(2) error: Network is unreachable (error 101)
W0517 05:09:37.574008 7655 heartbeater.cc:587] Failed to heartbeat to 255.255.255.255:1: Network error: Failed to ping master at 255.255.255.255:1: connect(2) error: Network is unreachable (error 101)
I0517 05:09:38.515444 7601 scanners.cc:251] Expiring scanner id: e0fc38ce82b44d5da4afbe9557e8d535, of tablet TestTablet, after 4891 ms of inactivity, which is > TTL (1 ms).
W0517 05:09:38.574803 7595 reactor.cc:633] Failed to create an outbound connection to 255.255.255.255:1 because connect() failed: Network error: connect(2) error: Network is unreachable (error 101)
W0517 05:09:38.575227 7655 heartbeater.cc:587] Failed to heartbeat to 255.255.255.255:1: Network error: Failed to ping master at 255.255.255.255:1: connect(2) error: Network is unreachable (error 101)
I0517 05:09:38.656455 211 tablet_server.cc:144] TabletServer shutting down...
I0517 05:09:38.668862 211 ts_tablet_manager.cc:1118] Shutting down tablet manager...
I0517 05:09:38.669090 211 tablet_replica.cc:261] T TestTablet P 0b633df1bb88447b8b533e2015c140f3: stopping tablet replica
I0517 05:09:38.669253 211 maintenance_manager.cc:237] P 0b633df1bb88447b8b533e2015c140f3: Unregistered op CompactRowSetsOp(TestTablet)
I0517 05:09:38.669394 211 maintenance_manager.cc:237] P 0b633df1bb88447b8b533e2015c140f3: Unregistered op MinorDeltaCompactionOp(TestTablet)
I0517 05:09:38.669509 211 maintenance_manager.cc:237] P 0b633df1bb88447b8b533e2015c140f3: Unregistered op MajorDeltaCompactionOp(TestTablet)
I0517 05:09:38.669631 211 maintenance_manager.cc:237] P 0b633df1bb88447b8b533e2015c140f3: Unregistered op UndoDeltaBlockGCOp(TestTablet)
I0517 05:09:38.669795 211 maintenance_manager.cc:237] P 0b633df1bb88447b8b533e2015c140f3: Unregistered op FlushMRSOp(TestTablet)
I0517 05:09:38.669929 211 maintenance_manager.cc:237] P 0b633df1bb88447b8b533e2015c140f3: Unregistered op FlushDeltaMemStoresOp(TestTablet)
I0517 05:09:38.670053 211 maintenance_manager.cc:237] P 0b633df1bb88447b8b533e2015c140f3: Unregistered op LogGCOp(TestTablet)
I0517 05:09:38.670197 211 raft_consensus.cc:2016] T TestTablet P 0b633df1bb88447b8b533e2015c140f3 [term 1 LEADER]: Raft consensus shutting down.
I0517 05:09:38.670483 211 raft_consensus.cc:2043] T TestTablet P 0b633df1bb88447b8b533e2015c140f3 [term 1 FOLLOWER]: Raft consensus is shut down!
I0517 05:09:38.686177 211 tablet_server.cc:157] TabletServer shutdown complete.
I0517 05:09:38.686326 211 tablet_server.cc:144] TabletServer shutting down...
I0517 05:09:38.686556 211 tablet_server.cc:157] TabletServer shutdown complete. [ OK ] Params/ExpiredScannerParamTest.Test/2 (5234 ms) [----------] 3 tests from Params/ExpiredScannerParamTest (15748 ms total) [----------] 3 tests from Params/ScanCorruptedDeltasParamTest [ RUN ] Params/ScanCorruptedDeltasParamTest.Test/0
I0517 05:09:38.707685 211 system_ntp.cc:143] NTP initialized. Skew: 500ppm Current error: 1069361us
I0517 05:09:38.708097 211 fs_manager.cc:260] Metadata directory not provided
I0517 05:09:38.708218 211 fs_manager.cc:266] Using write-ahead log directory (fs_wal_dir) as metadata directory
I0517 05:09:38.708395 211 server_base.cc:432] Could not load existing FS layout: Not found: /tmp/dist-test-taskWs1ZT3/test-tmp/tablet_server-test.0.Params_ScanCorruptedDeltasParamTest.Test_0.1526533719119959-211/TabletServerTest-fsroot/instance: No such file or directory (error 2)
I0517 05:09:38.708497 211 server_base.cc:433] Attempting to create new FS layout instead
I0517 05:09:38.714375 211 fs_manager.cc:595] Generated new instance metadata in path /tmp/dist-test-taskWs1ZT3/test-tmp/tablet_server-test.0.Params_ScanCorruptedDeltasParamTest.Test_0.1526533719119959-211/TabletServerTest-fsroot/instance: uuid: "e22dbc3eba42499c8606728565fdc709" format_stamp: "Formatted at 2018-05-17 05:09:38 on dist-test-slave-dist-test-slave-djmg"
I0517 05:09:38.722314 211 fs_manager.cc:495] Time spent creating directory manager: real 0.008s user 0.012s sys 0.000s
I0517 05:09:38.723496 211 file_cache.cc:470] Constructed file cache lbm with capacity 26214
I0517 05:09:38.729818 211 fs_manager.cc:417] Time spent opening block manager: real 0.001s user 0.000s sys 0.000s
I0517 05:09:38.729959 211 fs_manager.cc:428] Opened local filesystem: /tmp/dist-test-taskWs1ZT3/test-tmp/tablet_server-test.0.Params_ScanCorruptedDeltasParamTest.Test_0.1526533719119959-211/TabletServerTest-fsroot uuid: "e22dbc3eba42499c8606728565fdc709" format_stamp: "Formatted at 2018-05-17 05:09:38 on dist-test-slave-dist-test-slave-djmg"
I0517 05:09:38.730155 211 fs_report.cc:347] Block manager report -------------------- 1 data directories: /tmp/dist-test-taskWs1ZT3/test-tmp/tablet_server-test.0.Params_ScanCorruptedDeltasParamTest.Test_0.1526533719119959-211/TabletServerTest-fsroot/data Total live blocks: 0 Total live bytes: 0 Total live bytes (after alignment): 0 Total number of LBM containers: 0 (0 full) Did not check for missing blocks Did not check for orphaned blocks Total full LBM containers with extra space: 0 (0 repaired) Total full LBM container extra space in bytes: 0 (0 repaired) Total incomplete LBM containers: 0 (0 repaired) Total LBM partial records: 0 (0 repaired)
I0517 05:09:38.763375 211 ts_tablet_manager.cc:356] Loaded tablet metadata (0 live tablets)
I0517 05:09:38.790623 211 rpc_server.cc:205] RPC server started. Bound to: 127.0.0.1:57961
I0517 05:09:38.791443 211 webserver.cc:173] Starting webserver on 127.0.0.1:0
I0517 05:09:38.791548 211 webserver.cc:184] Document root disabled
I0517 05:09:38.792490 211 webserver.cc:311] Webserver started. Bound to: http://127.0.0.1:43641/
W0517 05:09:38.793707 7673 reactor.cc:633] Failed to create an outbound connection to 255.255.255.255:1 because connect() failed: Network error: connect(2) error: Network is unreachable (error 101)
I0517 05:09:38.793767 7734 maintenance_manager.cc:249] Maintenance manager is disabled. Stopping thread.
W0517 05:09:38.794091 7733 heartbeater.cc:587] Failed to heartbeat to 255.255.255.255:1: Network error: Failed to ping master at 255.255.255.255:1: connect(2) error: Network is unreachable (error 101)
I0517 05:09:38.794224 211 data_dirs.cc:934] Could only allocate 1 dirs of requested 3 for tablet TestTablet. 1 dirs total, 0 dirs full, 0 dirs failed
W0517 05:09:38.794595 7673 reactor.cc:633] Failed to create an outbound connection to 255.255.255.255:1 because connect() failed: Network error: connect(2) error: Network is unreachable (error 101)
W0517 05:09:38.794920 7733 heartbeater.cc:587] Failed to heartbeat to 255.255.255.255:1: Network error: Failed to ping master at 255.255.255.255:1: connect(2) error: Network is unreachable (error 101)
W0517 05:09:38.795297 7673 reactor.cc:633] Failed to create an outbound connection to 255.255.255.255:1 because connect() failed: Network error: connect(2) error: Network is unreachable (error 101)
W0517 05:09:38.795562 7733 heartbeater.cc:587] Failed to heartbeat to 255.255.255.255:1: Network error: Failed to ping master at 255.255.255.255:1: connect(2) error: Network is unreachable (error 101)
W0517 05:09:38.795691 7733 heartbeater.cc:380] Failed 3 heartbeats in a row: no longer allowing fast heartbeat attempts.
I0517 05:09:38.802335 211 ts_tablet_manager.cc:1173] T TestTablet P e22dbc3eba42499c8606728565fdc709: Registered tablet (data state: TABLET_DATA_READY)
I0517 05:09:38.803403 7735 ts_tablet_manager.cc:1028] T TestTablet P e22dbc3eba42499c8606728565fdc709: Bootstrapping tablet
I0517 05:09:38.803704 7735 tablet_bootstrap.cc:436] T TestTablet P e22dbc3eba42499c8606728565fdc709: Bootstrap starting.
I0517 05:09:38.805557 7735 tablet_bootstrap.cc:587] T TestTablet P e22dbc3eba42499c8606728565fdc709: No blocks or log segments found. Creating new log.
I0517 05:09:38.808019 7735 tablet_bootstrap.cc:436] T TestTablet P e22dbc3eba42499c8606728565fdc709: No bootstrap required, opened a new log
I0517 05:09:38.808308 7735 ts_tablet_manager.cc:1045] T TestTablet P e22dbc3eba42499c8606728565fdc709: Time spent bootstrapping tablet: real 0.005s user 0.004s sys 0.000s
I0517 05:09:38.809309 7735 raft_consensus.cc:303] T TestTablet P e22dbc3eba42499c8606728565fdc709 [term 0 FOLLOWER]: Replica starting. Triggering 0 pending transactions. Active config: opid_index: -1 peers { permanent_uuid: "e22dbc3eba42499c8606728565fdc709" member_type: VOTER last_known_addr { host: "127.0.0.1" port: 57961 } }
I0517 05:09:38.809620 7735 raft_consensus.cc:329] T TestTablet P e22dbc3eba42499c8606728565fdc709 [term 0 FOLLOWER]: Consensus starting up: Expiring failure detector timer to make a prompt election more likely
I0517 05:09:38.809739 7735 raft_consensus.cc:604] T TestTablet P e22dbc3eba42499c8606728565fdc709 [term 0 FOLLOWER]: Becoming Follower/Learner. State: Replica: e22dbc3eba42499c8606728565fdc709, State: Initialized, Role: FOLLOWER
I0517 05:09:38.810076 7735 consensus_queue.cc:227] T TestTablet P e22dbc3eba42499c8606728565fdc709 [NON_LEADER]: Queue going to NON_LEADER mode. State: All replicated index: 0, Majority replicated index: 0, Committed index: 0, Last appended: 0.0, Last appended by leader: 0, Current term: 0, Majority size: -1, State: 0, Mode: NON_LEADER, active raft config: opid_index: -1 peers { permanent_uuid: "e22dbc3eba42499c8606728565fdc709" member_type: VOTER last_known_addr { host: "127.0.0.1" port: 57961 } }
I0517 05:09:38.810413 7735 raft_consensus.cc:343] T TestTablet P e22dbc3eba42499c8606728565fdc709 [term 0 FOLLOWER]: Only one voter in the Raft config. Triggering election immediately
I0517 05:09:38.810551 7735 raft_consensus.cc:435] T TestTablet P e22dbc3eba42499c8606728565fdc709 [term 0 FOLLOWER]: Starting leader election (initial election of a single-replica configuration)
I0517 05:09:38.810685 7735 raft_consensus.cc:2704] T TestTablet P e22dbc3eba42499c8606728565fdc709: Snoozing failure detection for 1.848s (starting election)
I0517 05:09:38.810818 7735 raft_consensus.cc:2756] T TestTablet P e22dbc3eba42499c8606728565fdc709 [term 0 FOLLOWER]: Advancing to term 1
I0517 05:09:38.814615 7735 raft_consensus.cc:457] T TestTablet P e22dbc3eba42499c8606728565fdc709 [term 1 FOLLOWER]: Starting leader election with config: opid_index: -1 peers { permanent_uuid: "e22dbc3eba42499c8606728565fdc709" member_type: VOTER last_known_addr { host: "127.0.0.1" port: 57961 } }
I0517 05:09:38.815024 7735 leader_election.cc:270] T TestTablet P e22dbc3eba42499c8606728565fdc709 [CANDIDATE]: Term 1 election: Election decided. Result: candidate won.
I0517 05:09:38.816066 7737 raft_consensus.cc:2704] T TestTablet P e22dbc3eba42499c8606728565fdc709: Snoozing failure detection for 1.660s (election complete)
I0517 05:09:38.816287 7737 raft_consensus.cc:2511] T TestTablet P e22dbc3eba42499c8606728565fdc709 [term 1 FOLLOWER]: Leader election won for term 1
I0517 05:09:38.817473 7737 raft_consensus.cc:571] T TestTablet P e22dbc3eba42499c8606728565fdc709 [term 1 LEADER]: Becoming Leader. State: Replica: e22dbc3eba42499c8606728565fdc709, State: Running, Role: LEADER
I0517 05:09:38.817507 7735 ts_tablet_manager.cc:1073] T TestTablet P e22dbc3eba42499c8606728565fdc709: Time spent starting tablet: real 0.009s user 0.008s sys 0.000s
W0517 05:09:38.817538 7673 reactor.cc:633] Failed to create an outbound connection to 255.255.255.255:1 because connect() failed: Network error: connect(2) error: Network is unreachable (error 101)
W0517 05:09:38.817968 7733 heartbeater.cc:587] Failed to heartbeat to 255.255.255.255:1: Network error: Failed to ping master at 255.255.255.255:1: connect(2) error: Network is unreachable (error 101)
I0517 05:09:38.817804 7737 consensus_queue.cc:204] T TestTablet P e22dbc3eba42499c8606728565fdc709 [LEADER]: Queue going to LEADER mode. State: All replicated index: 0, Majority replicated index: 0, Committed index: 0, Last appended: 0.0, Last appended by leader: 0, Current term: 1, Majority size: 1, State: 0, Mode: LEADER, active raft config: opid_index: -1 peers { permanent_uuid: "e22dbc3eba42499c8606728565fdc709" member_type: VOTER last_known_addr { host: "127.0.0.1" port: 57961 } }
W0517 05:09:38.818372 7673 reactor.cc:633] Failed to create an outbound connection to 255.255.255.255:1 because connect() failed: Network error: connect(2) error: Network is unreachable (error 101)
W0517 05:09:38.818644 7733 heartbeater.cc:587] Failed to heartbeat to 255.255.255.255:1: Network error: Failed to ping master at 255.255.255.255:1: connect(2) error: Network is unreachable (error 101)
I0517 05:09:38.861763 211 tablet.cc:1152] T TestTablet P e22dbc3eba42499c8606728565fdc709: Flush: entering stage 1 (old memrowset already frozen for inserts)
I0517 05:09:38.861939 211 compaction.cc:913] Selected 1 rowsets to compact:
I0517 05:09:38.862033 211 compaction.cc:916] memrowset(current size on disk: ~0 bytes)
I0517 05:09:38.862123 211 tablet.cc:1154] T TestTablet P e22dbc3eba42499c8606728565fdc709: Memstore in-memory size: 15703 bytes
I0517 05:09:38.862239 211 tablet.cc:1443] T TestTablet P e22dbc3eba42499c8606728565fdc709: Flush: entering phase 1 (flushing snapshot). Phase 1 snapshot: MvccSnapshot[committed={T|T < 6252682358215081984 or (T in {6252682358215081984})}]
I0517 05:09:38.865917 211 multi_column_writer.cc:98] Opened CFile writers for 3 column(s)
I0517 05:09:38.883488 211 tablet.cc:1528] T TestTablet P e22dbc3eba42499c8606728565fdc709: Flush: entering phase 2 (starting to duplicate updates in new rowsets)
I0517 05:09:38.883772 211 tablet.cc:1583] T TestTablet P e22dbc3eba42499c8606728565fdc709: Flush Phase 2: carrying over any updates which arrived during Phase 1
I0517 05:09:38.883867 211 tablet.cc:1585] T TestTablet P e22dbc3eba42499c8606728565fdc709: Phase 2 snapshot: MvccSnapshot[committed={T|T < 6252682358215081984 or (T in {6252682358215081984})}]
I0517 05:09:38.894745 211 tablet.cc:1633] T TestTablet P e22dbc3eba42499c8606728565fdc709: Flush successful on 100 rows (5748 bytes)
I0517 05:09:38.911530 211 tablet.cc:1143] T TestTablet P e22dbc3eba42499c8606728565fdc709: MemRowSet was empty: no flush needed.
I0517 05:09:38.917057 211 tablet_server.cc:144] TabletServer shutting down...
I0517 05:09:38.927680 211 ts_tablet_manager.cc:1118] Shutting down tablet manager...
I0517 05:09:38.927996 211 tablet_replica.cc:261] T TestTablet P e22dbc3eba42499c8606728565fdc709: stopping tablet replica
I0517 05:09:38.928184 211 maintenance_manager.cc:237] P e22dbc3eba42499c8606728565fdc709: Unregistered op CompactRowSetsOp(TestTablet)
I0517 05:09:38.928320 211 maintenance_manager.cc:237] P e22dbc3eba42499c8606728565fdc709: Unregistered op MinorDeltaCompactionOp(TestTablet)
I0517 05:09:38.928434 211 maintenance_manager.cc:237] P e22dbc3eba42499c8606728565fdc709: Unregistered op MajorDeltaCompactionOp(TestTablet)
I0517 05:09:38.928542 211 maintenance_manager.cc:237] P e22dbc3eba42499c8606728565fdc709: Unregistered op UndoDeltaBlockGCOp(TestTablet)
I0517 05:09:38.928673 211 maintenance_manager.cc:237] P e22dbc3eba42499c8606728565fdc709: Unregistered op FlushMRSOp(TestTablet)
I0517 05:09:38.928768 211 maintenance_manager.cc:237] P e22dbc3eba42499c8606728565fdc709: Unregistered op FlushDeltaMemStoresOp(TestTablet)
I0517 05:09:38.928855 211 maintenance_manager.cc:237] P e22dbc3eba42499c8606728565fdc709: Unregistered op LogGCOp(TestTablet)
I0517 05:09:38.928957 211 raft_consensus.cc:2016] T TestTablet P e22dbc3eba42499c8606728565fdc709 [term 1 LEADER]: Raft consensus shutting down.
I0517 05:09:38.929162 211 raft_consensus.cc:2043] T TestTablet P e22dbc3eba42499c8606728565fdc709 [term 1 FOLLOWER]: Raft consensus is shut down!
I0517 05:09:38.946209 211 tablet_server.cc:157] TabletServer shutdown complete.
I0517 05:09:38.946354 211 tablet_server.cc:144] TabletServer shutting down...
I0517 05:09:38.946586 211 tablet_server.cc:157] TabletServer shutdown complete.
I0517 05:09:38.962287 211 system_ntp.cc:143] NTP initialized. Skew: 500ppm Current error: 1069361us
I0517 05:09:38.962654 211 fs_manager.cc:260] Metadata directory not provided
I0517 05:09:38.962754 211 fs_manager.cc:263] Using existing metadata directory in first data directory
I0517 05:09:38.965185 211 fs_manager.cc:397] Time spent opening directory manager: real 0.002s user 0.004s sys 0.000s
I0517 05:09:38.966120 211 file_cache.cc:470] Constructed file cache lbm with capacity 26214
I0517 05:09:38.978406 211 fs_manager.cc:417] Time spent opening block manager: real 0.007s user 0.000s sys 0.004s
I0517 05:09:38.978555 211 fs_manager.cc:428] Opened local filesystem: /tmp/dist-test-taskWs1ZT3/test-tmp/tablet_server-test.0.Params_ScanCorruptedDeltasParamTest.Test_0.1526533719119959-211/TabletServerTest-fsroot uuid: "e22dbc3eba42499c8606728565fdc709" format_stamp: "Formatted at 2018-05-17 05:09:38 on dist-test-slave-dist-test-slave-djmg"
I0517 05:09:38.978765 211 fs_report.cc:347] Block manager report -------------------- 1 data directories: /tmp/dist-test-taskWs1ZT3/test-tmp/tablet_server-test.0.Params_ScanCorruptedDeltasParamTest.Test_0.1526533719119959-211/TabletServerTest-fsroot/data Total live blocks: 6 Total live bytes: 8088 Total live bytes (after alignment): 28672 Total number of LBM containers: 6 (0 full) Did not check for missing blocks Did not check for orphaned blocks Total full LBM containers with extra space: 0 (0 repaired) Total full LBM container extra space in bytes: 0 (0 repaired) Total incomplete LBM containers: 0 (0 repaired) Total LBM partial records: 0 (0 repaired)
I0517 05:09:39.003932 211 ts_tablet_manager.cc:344] Loading tablet metadata (0/1 complete)
I0517 05:09:39.004082 211 ts_tablet_manager.cc:1005] T TestTablet P e22dbc3eba42499c8606728565fdc709: Loading tablet metadata
I0517 05:09:39.008162 211 ts_tablet_manager.cc:356] Loaded tablet metadata (1 live tablets)
I0517 05:09:39.011483 211 ts_tablet_manager.cc:1173] T TestTablet P e22dbc3eba42499c8606728565fdc709: Registered tablet (data state: TABLET_DATA_READY)
I0517 05:09:39.012374 7755 ts_tablet_manager.cc:1028] T TestTablet P e22dbc3eba42499c8606728565fdc709: Bootstrapping tablet
I0517 05:09:39.012675 7755 tablet_bootstrap.cc:436] T TestTablet P e22dbc3eba42499c8606728565fdc709: Bootstrap starting.
I0517 05:09:39.022348 7755 tablet_bootstrap.cc:436] T TestTablet P e22dbc3eba42499c8606728565fdc709: Bootstrap replayed 1/1 log segments. Stats: ops{read=2 overwritten=0 applied=2 ignored=0} inserts{seen=0 ignored=0} mutations{seen=1 ignored=0} orphaned_commits=0. Pending: 0 replicates
I0517 05:09:39.022893 7755 tablet_bootstrap.cc:436] T TestTablet P e22dbc3eba42499c8606728565fdc709: Bootstrap complete.
I0517 05:09:39.023211 7755 ts_tablet_manager.cc:1045] T TestTablet P e22dbc3eba42499c8606728565fdc709: Time spent bootstrapping tablet: real 0.011s user 0.008s sys 0.000s
I0517 05:09:39.024103 7755 raft_consensus.cc:303] T TestTablet P e22dbc3eba42499c8606728565fdc709 [term 1 FOLLOWER]: Replica starting. Triggering 0 pending transactions. Active config: opid_index: -1 peers { permanent_uuid: "e22dbc3eba42499c8606728565fdc709" member_type: VOTER last_known_addr { host: "127.0.0.1" port: 57961 } }
I0517 05:09:39.024426 7755 raft_consensus.cc:604] T TestTablet P e22dbc3eba42499c8606728565fdc709 [term 1 FOLLOWER]: Becoming Follower/Learner. State: Replica: e22dbc3eba42499c8606728565fdc709, State: Initialized, Role: FOLLOWER
I0517 05:09:39.024771 7755 consensus_queue.cc:227] T TestTablet P e22dbc3eba42499c8606728565fdc709 [NON_LEADER]: Queue going to NON_LEADER mode. State: All replicated index: 0, Majority replicated index: 0, Committed index: 2, Last appended: 1.2, Last appended by leader: 2, Current term: 0, Majority size: -1, State: 0, Mode: NON_LEADER, active raft config: opid_index: -1 peers { permanent_uuid: "e22dbc3eba42499c8606728565fdc709" member_type: VOTER last_known_addr { host: "127.0.0.1" port: 57961 } }
I0517 05:09:39.025104 7755 raft_consensus.cc:343] T TestTablet P e22dbc3eba42499c8606728565fdc709 [term 1 FOLLOWER]: Only one voter in the Raft config. Triggering election immediately
I0517 05:09:39.025233 7755 raft_consensus.cc:435] T TestTablet P e22dbc3eba42499c8606728565fdc709 [term 1 FOLLOWER]: Starting leader election (initial election of a single-replica configuration)
I0517 05:09:39.025373 7755 raft_consensus.cc:2704] T TestTablet P e22dbc3eba42499c8606728565fdc709: Snoozing failure detection for 2.221s (starting election)
I0517 05:09:39.025508 7755 raft_consensus.cc:2756] T TestTablet P e22dbc3eba42499c8606728565fdc709 [term 1 FOLLOWER]: Advancing to term 2
I0517 05:09:39.029369 7755 raft_consensus.cc:457] T TestTablet P e22dbc3eba42499c8606728565fdc709 [term 2 FOLLOWER]: Starting leader election with config: opid_index: -1 peers { permanent_uuid: "e22dbc3eba42499c8606728565fdc709" member_type: VOTER last_known_addr { host: "127.0.0.1" port: 57961 } }
I0517 05:09:39.029739 7755 leader_election.cc:270] T TestTablet P e22dbc3eba42499c8606728565fdc709 [CANDIDATE]: Term 2 election: Election decided. Result: candidate won.
I0517 05:09:39.030665 7766 raft_consensus.cc:2704] T TestTablet P e22dbc3eba42499c8606728565fdc709: Snoozing failure detection for 1.893s (election complete)
I0517 05:09:39.030902 7766 raft_consensus.cc:2511] T TestTablet P e22dbc3eba42499c8606728565fdc709 [term 2 FOLLOWER]: Leader election won for term 2
I0517 05:09:39.031911 7755 ts_tablet_manager.cc:1073] T TestTablet P e22dbc3eba42499c8606728565fdc709: Time spent starting tablet: real 0.009s user 0.008s sys 0.000s
I0517 05:09:39.031985 7766 raft_consensus.cc:571] T TestTablet P e22dbc3eba42499c8606728565fdc709 [term 2 LEADER]: Becoming Leader. State: Replica: e22dbc3eba42499c8606728565fdc709, State: Running, Role: LEADER
I0517 05:09:39.032737 7766 consensus_queue.cc:204] T TestTablet P e22dbc3eba42499c8606728565fdc709 [LEADER]: Queue going to LEADER mode. State: All replicated index: 0, Majority replicated index: 2, Committed index: 2, Last appended: 1.2, Last appended by leader: 2, Current term: 2, Majority size: 1, State: 0, Mode: LEADER, active raft config: opid_index: -1 peers { permanent_uuid: "e22dbc3eba42499c8606728565fdc709" member_type: VOTER last_known_addr { host: "127.0.0.1" port: 57961 } }
I0517 05:09:39.053295 211 rpc_server.cc:205] RPC server started. Bound to: 127.0.0.1:38232
I0517 05:09:39.054132 211 webserver.cc:173] Starting webserver on 127.0.0.1:0
I0517 05:09:39.054263 211 webserver.cc:184] Document root disabled
I0517 05:09:39.055083 211 webserver.cc:311] Webserver started. Bound to: http://127.0.0.1:58747/
W0517 05:09:39.056164 7749 reactor.cc:633] Failed to create an outbound connection to 255.255.255.255:1 because connect() failed: Network error: connect(2) error: Network is unreachable (error 101)
I0517 05:09:39.056336 7816 maintenance_manager.cc:249] Maintenance manager is disabled. Stopping thread.
I0517 05:09:39.056535 211 tablet_server-test.cc:1630] Rebuilt tablet TestTablet with broken blocks
W0517 05:09:39.056687 7815 heartbeater.cc:587] Failed to heartbeat to 255.255.255.255:1: Network error: Failed to ping master at 255.255.255.255:1: connect(2) error: Network is unreachable (error 101)
W0517 05:09:39.057114 7749 reactor.cc:633] Failed to create an outbound connection to 255.255.255.255:1 because connect() failed: Network error: connect(2) error: Network is unreachable (error 101)
W0517 05:09:39.057395 7815 heartbeater.cc:587] Failed to heartbeat to 255.255.255.255:1: Network error: Failed to ping master at 255.255.255.255:1: connect(2) error: Network is unreachable (error 101)
W0517 05:09:39.057716 7749 reactor.cc:633] Failed to create an outbound connection to 255.255.255.255:1 because connect() failed: Network error: connect(2) error: Network is unreachable (error 101)
W0517 05:09:39.057960 7815 heartbeater.cc:587] Failed to heartbeat to 255.255.255.255:1: Network error: Failed to ping master at 255.255.255.255:1: connect(2) error: Network is unreachable (error 101)
W0517 05:09:39.058121 7815 heartbeater.cc:380] Failed 3 heartbeats in a row: no longer allowing fast heartbeat attempts.
W0517 05:09:39.068620 7771 tablet_service.cc:1950] Copying rows from internal iterator for request scanner_id: "7d47bbd0f3174b719908777e08092e21" new_scan_request { tablet_id: "TestTablet" projected_columns { name: "key" type: INT32 is_key: true is_nullable: false encoding: AUTO_ENCODING compression: DEFAULT_COMPRESSION cfile_block_size: 0 } projected_columns { name: "int_val" type: INT32 is_key: false is_nullable: false encoding: AUTO_ENCODING compression: DEFAULT_COMPRESSION cfile_block_size: 0 } projected_columns { name: "string_val" type: STRING is_key: false is_nullable: true encoding: AUTO_ENCODING compression: DEFAULT_COMPRESSION cfile_block_size: 0 } read_mode: READ_LATEST } batch_size_bytes: 10000
W0517 05:09:39.073875 7771 tablet_service.cc:1950] Copying rows from internal iterator for request scanner_id: "0ba341bde7274200b49ad11818e62a36" new_scan_request { tablet_id: "TestTablet" projected_columns { name: "key" type: INT32 is_key: true is_nullable: false encoding: AUTO_ENCODING compression: DEFAULT_COMPRESSION cfile_block_size: 0 } projected_columns { name: "int_val" type: INT32 is_key: false is_nullable: false encoding: AUTO_ENCODING compression: DEFAULT_COMPRESSION cfile_block_size: 0 } projected_columns { name: "string_val" type: STRING is_key: false is_nullable: true encoding: AUTO_ENCODING compression: DEFAULT_COMPRESSION cfile_block_size: 0 } read_mode: READ_LATEST } batch_size_bytes: 10000
I0517 05:09:39.076066 211 tablet_server.cc:144] TabletServer shutting down...
I0517 05:09:39.086268 211 ts_tablet_manager.cc:1118] Shutting down tablet manager...
I0517 05:09:39.086540 211 tablet_replica.cc:261] T TestTablet P e22dbc3eba42499c8606728565fdc709: stopping tablet replica
I0517 05:09:39.086746 211 maintenance_manager.cc:237] P e22dbc3eba42499c8606728565fdc709: Unregistered op CompactRowSetsOp(TestTablet)
I0517 05:09:39.086886 211 maintenance_manager.cc:237] P e22dbc3eba42499c8606728565fdc709: Unregistered op MinorDeltaCompactionOp(TestTablet)
I0517 05:09:39.086988 211 maintenance_manager.cc:237] P e22dbc3eba42499c8606728565fdc709: Unregistered op MajorDeltaCompactionOp(TestTablet)
I0517 05:09:39.087085 211 maintenance_manager.cc:237] P e22dbc3eba42499c8606728565fdc709: Unregistered op UndoDeltaBlockGCOp(TestTablet)
I0517 05:09:39.087224 211 maintenance_manager.cc:237] P e22dbc3eba42499c8606728565fdc709: Unregistered op FlushMRSOp(TestTablet)
I0517 05:09:39.087327 211 maintenance_manager.cc:237] P e22dbc3eba42499c8606728565fdc709: Unregistered op FlushDeltaMemStoresOp(TestTablet)
I0517 05:09:39.087414 211 maintenance_manager.cc:237] P e22dbc3eba42499c8606728565fdc709: Unregistered op LogGCOp(TestTablet)
I0517 05:09:39.087520 211 raft_consensus.cc:2016] T TestTablet P e22dbc3eba42499c8606728565fdc709 [term 2 LEADER]: Raft consensus shutting down.
I0517 05:09:39.087735 211 raft_consensus.cc:2043] T TestTablet P e22dbc3eba42499c8606728565fdc709 [term 2 FOLLOWER]: Raft consensus is shut down!
I0517 05:09:39.104343 211 tablet_server.cc:157] TabletServer shutdown complete.
I0517 05:09:39.104482 211 tablet_server.cc:144] TabletServer shutting down...
I0517 05:09:39.104720 211 tablet_server.cc:157] TabletServer shutdown complete. [ OK ] Params/ScanCorruptedDeltasParamTest.Test/0 (418 ms) [ RUN ] Params/ScanCorruptedDeltasParamTest.Test/1
I0517 05:09:39.125346 211 system_ntp.cc:143] NTP initialized. Skew: 500ppm Current error: 1069861us
I0517 05:09:39.125668 211 fs_manager.cc:260] Metadata directory not provided
I0517 05:09:39.125777 211 fs_manager.cc:266] Using write-ahead log directory (fs_wal_dir) as metadata directory
I0517 05:09:39.125918 211 server_base.cc:432] Could not load existing FS layout: Not found: /tmp/dist-test-taskWs1ZT3/test-tmp/tablet_server-test.0.Params_ScanCorruptedDeltasParamTest.Test_1.1526533719119959-211/TabletServerTest-fsroot/instance: No such file or directory (error 2)
I0517 05:09:39.126019 211 server_base.cc:433] Attempting to create new FS layout instead
I0517 05:09:39.131719 211 fs_manager.cc:595] Generated new instance metadata in path /tmp/dist-test-taskWs1ZT3/test-tmp/tablet_server-test.0.Params_ScanCorruptedDeltasParamTest.Test_1.1526533719119959-211/TabletServerTest-fsroot/instance: uuid: "6c1e7f82792c43dc846239329188cef7" format_stamp: "Formatted at 2018-05-17 05:09:39 on dist-test-slave-dist-test-slave-djmg"
I0517 05:09:39.139552 211 fs_manager.cc:495] Time spent creating directory manager: real 0.007s user 0.008s sys 0.000s
I0517 05:09:39.140738 211 file_cache.cc:470] Constructed file cache lbm with capacity 26214
I0517 05:09:39.146904 211 fs_manager.cc:417] Time spent opening block manager: real 0.001s user 0.000s sys 0.000s
I0517 05:09:39.147040 211 fs_manager.cc:428] Opened local filesystem: /tmp/dist-test-taskWs1ZT3/test-tmp/tablet_server-test.0.Params_ScanCorruptedDeltasParamTest.Test_1.1526533719119959-211/TabletServerTest-fsroot uuid: "6c1e7f82792c43dc846239329188cef7" format_stamp: "Formatted at 2018-05-17 05:09:39 on dist-test-slave-dist-test-slave-djmg"
I0517 05:09:39.147269 211 fs_report.cc:347] Block manager report -------------------- 1 data directories: /tmp/dist-test-taskWs1ZT3/test-tmp/tablet_server-test.0.Params_ScanCorruptedDeltasParamTest.Test_1.1526533719119959-211/TabletServerTest-fsroot/data Total live blocks: 0 Total live bytes: 0 Total live bytes (after alignment): 0 Total number of LBM containers: 0 (0 full) Did not check for missing blocks Did not check for orphaned blocks Total full LBM containers with extra space: 0 (0 repaired) Total full LBM container extra space in bytes: 0 (0 repaired) Total incomplete LBM containers: 0 (0 repaired) Total LBM partial records: 0 (0 repaired)
I0517 05:09:39.171813 211 ts_tablet_manager.cc:356] Loaded tablet metadata (0 live tablets)
I0517 05:09:39.198262 211 rpc_server.cc:205] RPC server started. Bound to: 127.0.0.1:60921
I0517 05:09:39.199090 211 webserver.cc:173] Starting webserver on 127.0.0.1:0
I0517 05:09:39.199199 211 webserver.cc:184] Document root disabled
I0517 05:09:39.200008 211 webserver.cc:311] Webserver started. Bound to: http://127.0.0.1:46463/
W0517 05:09:39.201009 7826 reactor.cc:633] Failed to create an outbound connection to 255.255.255.255:1 because connect() failed: Network error: connect(2) error: Network is unreachable (error 101)
I0517 05:09:39.201177 7887 maintenance_manager.cc:249] Maintenance manager is disabled. Stopping thread.
W0517 05:09:39.201381 7886 heartbeater.cc:587] Failed to heartbeat to 255.255.255.255:1: Network error: Failed to ping master at 255.255.255.255:1: connect(2) error: Network is unreachable (error 101)
I0517 05:09:39.201593 211 data_dirs.cc:934] Could only allocate 1 dirs of requested 3 for tablet TestTablet. 1 dirs total, 0 dirs full, 0 dirs failed
