I0517 05:09:08.342006 211 tablet_server.cc:157] TabletServer shutdown complete.
I0517 05:09:08.353724 211 system_ntp.cc:143] NTP initialized. Skew: 500ppm Current error: 1054361us
I0517 05:09:08.354048 211 fs_manager.cc:260] Metadata directory not provided
I0517 05:09:08.354161 211 fs_manager.cc:263] Using existing metadata directory in first data directory
I0517 05:09:08.356672 211 fs_manager.cc:397] Time spent opening directory manager: real 0.002s user 0.004s sys 0.000s
I0517 05:09:08.357595 211 file_cache.cc:470] Constructed file cache lbm with capacity 26214
I0517 05:09:08.372397 211 fs_manager.cc:417] Time spent opening block manager: real 0.009s user 0.000s sys 0.004s
I0517 05:09:08.372558 211 fs_manager.cc:428] Opened local filesystem: /tmp/dist-test-taskWs1ZT3/test-tmp/tablet_server-test.0.TabletServerTest.TestAlterSchema_AddColWithoutWriteDefault.1526533719119959-211/TabletServerTest-fsroot uuid: "0591e4742a924455985a0417732ffd4d" format_stamp: "Formatted at 2018-05-17 05:09:07 on dist-test-slave-dist-test-slave-djmg"
I0517 05:09:08.372810 211 fs_report.cc:347] Block manager report -------------------- 1 data directories: /tmp/dist-test-taskWs1ZT3/test-tmp/tablet_server-test.0.TabletServerTest.TestAlterSchema_AddColWithoutWriteDefault.1526533719119959-211/TabletServerTest-fsroot/data Total live blocks: 6 Total live bytes: 4928 Total live bytes (after alignment): 28672 Total number of LBM containers: 7 (0 full) Did not check for missing blocks Did not check for orphaned blocks Total full LBM containers with extra space: 0 (0 repaired) Total full LBM container extra space in bytes: 0 (0 repaired) Total incomplete LBM containers: 0 (0 repaired) Total LBM partial records: 0 (0 repaired)
I0517 05:09:08.420497 211 ts_tablet_manager.cc:1005] T TestTablet P 0591e4742a924455985a0417732ffd4d: Loading tablet metadata
I0517 05:09:08.424533 211 ts_tablet_manager.cc:356] Loaded tablet metadata (1 live tablets)
I0517 05:09:08.427727 211 ts_tablet_manager.cc:1173] T TestTablet P 0591e4742a924455985a0417732ffd4d: Registered tablet (data state: TABLET_DATA_READY)
I0517 05:09:08.437276 5887 ts_tablet_manager.cc:1028] T TestTablet P 0591e4742a924455985a0417732ffd4d: Bootstrapping tablet
I0517 05:09:08.437634 5887 tablet_bootstrap.cc:436] T TestTablet P 0591e4742a924455985a0417732ffd4d: Bootstrap starting.
I0517 05:09:08.454818 5887 tablet.cc:1200] T TestTablet P 0591e4742a924455985a0417732ffd4d: Alter schema from Schema [ primary key (key), 10:key[int32 NOT NULL], 11:int_val[int32 NOT NULL], 12:string_val[string NULLABLE] ] version 0 to Schema [ primary key (key), 10:key[int32 NOT NULL], 11:int_val[int32 NOT NULL], 12:string_val[string NULLABLE], 13:c2[int32 NOT NULL] ] version 1
I0517 05:09:08.456012 5887 tablet.cc:1143] T TestTablet P 0591e4742a924455985a0417732ffd4d: MemRowSet was empty: no flush needed.
I0517 05:09:08.456235 5887 tablet_metadata.cc:531] Not flushing: waiting for 1 pins to be released.
I0517 05:09:08.457866 5887 tablet_bootstrap.cc:436] T TestTablet P 0591e4742a924455985a0417732ffd4d: Bootstrap replayed 1/1 log segments. Stats: ops{read=5 overwritten=0 applied=5 ignored=2} inserts{seen=0 ignored=0} mutations{seen=0 ignored=0} orphaned_commits=0. Pending: 0 replicates
I0517 05:09:08.458716 5887 tablet_bootstrap.cc:436] T TestTablet P 0591e4742a924455985a0417732ffd4d: Bootstrap complete.
I0517 05:09:08.468066 5887 ts_tablet_manager.cc:1045] T TestTablet P 0591e4742a924455985a0417732ffd4d: Time spent bootstrapping tablet: real 0.031s user 0.012s sys 0.008s
I0517 05:09:08.469456 5887 raft_consensus.cc:303] T TestTablet P 0591e4742a924455985a0417732ffd4d [term 2 FOLLOWER]: Replica starting. Triggering 0 pending transactions. Active config: opid_index: -1 peers { permanent_uuid: "0591e4742a924455985a0417732ffd4d" member_type: VOTER last_known_addr { host: "127.0.0.1" port: 35655 } }
I0517 05:09:08.469965 5887 raft_consensus.cc:604] T TestTablet P 0591e4742a924455985a0417732ffd4d [term 2 FOLLOWER]: Becoming Follower/Learner. State: Replica: 0591e4742a924455985a0417732ffd4d, State: Initialized, Role: FOLLOWER
I0517 05:09:08.470573 5887 consensus_queue.cc:227] T TestTablet P 0591e4742a924455985a0417732ffd4d [NON_LEADER]: Queue going to NON_LEADER mode. State: All replicated index: 0, Majority replicated index: 0, Committed index: 5, Last appended: 2.5, Last appended by leader: 5, Current term: 0, Majority size: -1, State: 0, Mode: NON_LEADER, active raft config: opid_index: -1 peers { permanent_uuid: "0591e4742a924455985a0417732ffd4d" member_type: VOTER last_known_addr { host: "127.0.0.1" port: 35655 } }
I0517 05:09:08.471096 5887 raft_consensus.cc:343] T TestTablet P 0591e4742a924455985a0417732ffd4d [term 2 FOLLOWER]: Only one voter in the Raft config. Triggering election immediately
I0517 05:09:08.471297 5887 raft_consensus.cc:435] T TestTablet P 0591e4742a924455985a0417732ffd4d [term 2 FOLLOWER]: Starting leader election (initial election of a single-replica configuration)
I0517 05:09:08.471529 5887 raft_consensus.cc:2704] T TestTablet P 0591e4742a924455985a0417732ffd4d: Snoozing failure detection for 1.809s (starting election)
I0517 05:09:08.471746 5887 raft_consensus.cc:2756] T TestTablet P 0591e4742a924455985a0417732ffd4d [term 2 FOLLOWER]: Advancing to term 3
I0517 05:09:08.741019 211 rpc_server.cc:205] RPC server started. Bound to: 127.0.0.1:56718
I0517 05:09:08.741950 211 webserver.cc:173] Starting webserver on 127.0.0.1:0
I0517 05:09:08.742055 211 webserver.cc:184] Document root disabled
I0517 05:09:08.743180 211 webserver.cc:311] Webserver started. Bound to: http://127.0.0.1:33041/
W0517 05:09:08.744685 5881 reactor.cc:633] Failed to create an outbound connection to 255.255.255.255:1 because connect() failed: Network error: connect(2) error: Network is unreachable (error 101)
W0517 05:09:08.745122 5944 heartbeater.cc:587] Failed to heartbeat to 255.255.255.255:1: Network error: Failed to ping master at 255.255.255.255:1: connect(2) error: Network is unreachable (error 101)
I0517 05:09:08.745457 5945 maintenance_manager.cc:249] Maintenance manager is disabled. Stopping thread.
W0517 05:09:08.745712 5881 reactor.cc:633] Failed to create an outbound connection to 255.255.255.255:1 because connect() failed: Network error: connect(2) error: Network is unreachable (error 101)
W0517 05:09:08.746075 5944 heartbeater.cc:587] Failed to heartbeat to 255.255.255.255:1: Network error: Failed to ping master at 255.255.255.255:1: connect(2) error: Network is unreachable (error 101)
W0517 05:09:08.746495 5881 reactor.cc:633] Failed to create an outbound connection to 255.255.255.255:1 because connect() failed: Network error: connect(2) error: Network is unreachable (error 101)
W0517 05:09:08.746783 5944 heartbeater.cc:587] Failed to heartbeat to 255.255.255.255:1: Network error: Failed to ping master at 255.255.255.255:1: connect(2) error: Network is unreachable (error 101)
W0517 05:09:08.746978 5944 heartbeater.cc:380] Failed 3 heartbeats in a row: no longer allowing fast heartbeat attempts.
W0517 05:09:09.634999 5887 consensus_meta.cc:216] T TestTablet P 0591e4742a924455985a0417732ffd4d: Time spent flushing consensus metadata: real 1.163s user 0.004s sys 0.000s
I0517 05:09:09.635699 5887 raft_consensus.cc:457] T TestTablet P 0591e4742a924455985a0417732ffd4d [term 3 FOLLOWER]: Starting leader election with config: opid_index: -1 peers { permanent_uuid: "0591e4742a924455985a0417732ffd4d" member_type: VOTER last_known_addr { host: "127.0.0.1" port: 35655 } }
I0517 05:09:09.636607 5887 leader_election.cc:270] T TestTablet P 0591e4742a924455985a0417732ffd4d [CANDIDATE]: Term 3 election: Election decided. Result: candidate won.
I0517 05:09:09.638209 5947 raft_consensus.cc:2704] T TestTablet P 0591e4742a924455985a0417732ffd4d: Snoozing failure detection for 2.165s (election complete)
I0517 05:09:09.638618 5947 raft_consensus.cc:2511] T TestTablet P 0591e4742a924455985a0417732ffd4d [term 3 FOLLOWER]: Leader election won for term 3
I0517 05:09:09.639866 5947 raft_consensus.cc:571] T TestTablet P 0591e4742a924455985a0417732ffd4d [term 3 LEADER]: Becoming Leader. State: Replica: 0591e4742a924455985a0417732ffd4d, State: Running, Role: LEADER
I0517 05:09:09.641214 5947 consensus_queue.cc:204] T TestTablet P 0591e4742a924455985a0417732ffd4d [LEADER]: Queue going to LEADER mode. State: All replicated index: 0, Majority replicated index: 5, Committed index: 5, Last appended: 2.5, Last appended by leader: 5, Current term: 3, Majority size: 1, State: 0, Mode: LEADER, active raft config: opid_index: -1 peers { permanent_uuid: "0591e4742a924455985a0417732ffd4d" member_type: VOTER last_known_addr { host: "127.0.0.1" port: 35655 } }
W0517 05:09:09.641597 5881 reactor.cc:633] Failed to create an outbound connection to 255.255.255.255:1 because connect() failed: Network error: connect(2) error: Network is unreachable (error 101)
I0517 05:09:09.642247 5887 ts_tablet_manager.cc:1073] T TestTablet P 0591e4742a924455985a0417732ffd4d: Time spent starting tablet: real 1.174s user 0.008s sys 0.008s
W0517 05:09:09.642379 5944 heartbeater.cc:587] Failed to heartbeat to 255.255.255.255:1: Network error: Failed to ping master at 255.255.255.255:1: connect(2) error: Network is unreachable (error 101)
W0517 05:09:09.642554 5887 ts_tablet_manager.cc:1096] T TestTablet P 0591e4742a924455985a0417732ffd4d: Tablet startup took 1174ms
W0517 05:09:09.643062 5881 reactor.cc:633] Failed to create an outbound connection to 255.255.255.255:1 because connect() failed: Network error: connect(2) error: Network is unreachable (error 101)
W0517 05:09:09.643563 5944 heartbeater.cc:587] Failed to heartbeat to 255.255.255.255:1: Network error: Failed to ping master at 255.255.255.255:1: connect(2) error: Network is unreachable (error 101)
W0517 05:09:09.644184 5881 reactor.cc:633] Failed to create an outbound connection to 255.255.255.255:1 because connect() failed: Network error: connect(2) error: Network is unreachable (error 101)
W0517 05:09:09.644551 5944 heartbeater.cc:587] Failed to heartbeat to 255.255.255.255:1: Network error: Failed to ping master at 255.255.255.255:1: connect(2) error: Network is unreachable (error 101)
I0517 05:09:09.650769 211 tablet_server.cc:144] TabletServer shutting down...
I0517 05:09:09.683550 211 ts_tablet_manager.cc:1118] Shutting down tablet manager...
I0517 05:09:09.683915 211 tablet_replica.cc:261] T TestTablet P 0591e4742a924455985a0417732ffd4d: stopping tablet replica
I0517 05:09:09.684185 211 maintenance_manager.cc:237] P 0591e4742a924455985a0417732ffd4d: Unregistered op CompactRowSetsOp(TestTablet)
I0517 05:09:09.684443 211 maintenance_manager.cc:237] P 0591e4742a924455985a0417732ffd4d: Unregistered op MinorDeltaCompactionOp(TestTablet)
I0517 05:09:09.684613 211 maintenance_manager.cc:237] P 0591e4742a924455985a0417732ffd4d: Unregistered op MajorDeltaCompactionOp(TestTablet)
I0517 05:09:09.684785 211 maintenance_manager.cc:237] P 0591e4742a924455985a0417732ffd4d: Unregistered op UndoDeltaBlockGCOp(TestTablet)
I0517 05:09:09.684957 211 maintenance_manager.cc:237] P 0591e4742a924455985a0417732ffd4d: Unregistered op FlushMRSOp(TestTablet)
I0517 05:09:09.685061 211 maintenance_manager.cc:237] P 0591e4742a924455985a0417732ffd4d: Unregistered op FlushDeltaMemStoresOp(TestTablet)
I0517 05:09:09.685173 211 maintenance_manager.cc:237] P 0591e4742a924455985a0417732ffd4d: Unregistered op LogGCOp(TestTablet)
I0517 05:09:09.685274 211 raft_consensus.cc:2016] T TestTablet P 0591e4742a924455985a0417732ffd4d [term 3 LEADER]: Raft consensus shutting down.
I0517 05:09:09.685508 211 raft_consensus.cc:2043] T TestTablet P 0591e4742a924455985a0417732ffd4d [term 3 FOLLOWER]: Raft consensus is shut down!
I0517 05:09:09.704663 211 tablet_server.cc:157] TabletServer shutdown complete.
I0517 05:09:09.704813 211 tablet_server.cc:144] TabletServer shutting down...
I0517 05:09:09.705051 211 tablet_server.cc:157] TabletServer shutdown complete. [ OK ] TabletServerTest.TestAlterSchema_AddColWithoutWriteDefault (2799 ms) [ RUN ] TabletServerTest.TestCreateTablet_TabletExists
I0517 05:09:10.008067 211 system_ntp.cc:143] NTP initialized. Skew: 500ppm Current error: 1055361us
I0517 05:09:10.008435 211 fs_manager.cc:260] Metadata directory not provided
I0517 05:09:10.008575 211 fs_manager.cc:266] Using write-ahead log directory (fs_wal_dir) as metadata directory
I0517 05:09:10.008788 211 server_base.cc:432] Could not load existing FS layout: Not found: /tmp/dist-test-taskWs1ZT3/test-tmp/tablet_server-test.0.TabletServerTest.TestCreateTablet_TabletExists.1526533719119959-211/TabletServerTest-fsroot/instance: No such file or directory (error 2)
I0517 05:09:10.008913 211 server_base.cc:433] Attempting to create new FS layout instead
I0517 05:09:10.014987 211 fs_manager.cc:595] Generated new instance metadata in path /tmp/dist-test-taskWs1ZT3/test-tmp/tablet_server-test.0.TabletServerTest.TestCreateTablet_TabletExists.1526533719119959-211/TabletServerTest-fsroot/instance: uuid: "a95188fbf9c448baa2ac906fbd4d6985" format_stamp: "Formatted at 2018-05-17 05:09:10 on dist-test-slave-dist-test-slave-djmg"
I0517 05:09:10.023352 211 fs_manager.cc:495] Time spent creating directory manager: real 0.008s user 0.012s sys 0.000s
I0517 05:09:10.024579 211 file_cache.cc:470] Constructed file cache lbm with capacity 26214
I0517 05:09:10.031071 211 fs_manager.cc:417] Time spent opening block manager: real 0.001s user 0.000s sys 0.000s
I0517 05:09:10.031227 211 fs_manager.cc:428] Opened local filesystem: /tmp/dist-test-taskWs1ZT3/test-tmp/tablet_server-test.0.TabletServerTest.TestCreateTablet_TabletExists.1526533719119959-211/TabletServerTest-fsroot uuid: "a95188fbf9c448baa2ac906fbd4d6985" format_stamp: "Formatted at 2018-05-17 05:09:10 on dist-test-slave-dist-test-slave-djmg"
I0517 05:09:10.031466 211 fs_report.cc:347] Block manager report -------------------- 1 data directories: /tmp/dist-test-taskWs1ZT3/test-tmp/tablet_server-test.0.TabletServerTest.TestCreateTablet_TabletExists.1526533719119959-211/TabletServerTest-fsroot/data Total live blocks: 0 Total live bytes: 0 Total live bytes (after alignment): 0 Total number of LBM containers: 0 (0 full) Did not check for missing blocks Did not check for orphaned blocks Total full LBM containers with extra space: 0 (0 repaired) Total full LBM container extra space in bytes: 0 (0 repaired) Total incomplete LBM containers: 0 (0 repaired) Total LBM partial records: 0 (0 repaired)
I0517 05:09:10.060508 211 ts_tablet_manager.cc:356] Loaded tablet metadata (0 live tablets)
I0517 05:09:10.096874 211 rpc_server.cc:205] RPC server started. Bound to: 127.0.0.1:38610
I0517 05:09:10.097687 211 webserver.cc:173] Starting webserver on 127.0.0.1:0
I0517 05:09:10.097805 211 webserver.cc:184] Document root disabled
I0517 05:09:10.098899 211 webserver.cc:311] Webserver started. Bound to: http://127.0.0.1:49232/
W0517 05:09:10.100219 5959 reactor.cc:633] Failed to create an outbound connection to 255.255.255.255:1 because connect() failed: Network error: connect(2) error: Network is unreachable (error 101)
W0517 05:09:10.100659 6019 heartbeater.cc:587] Failed to heartbeat to 255.255.255.255:1: Network error: Failed to ping master at 255.255.255.255:1: connect(2) error: Network is unreachable (error 101)
W0517 05:09:10.101205 5959 reactor.cc:633] Failed to create an outbound connection to 255.255.255.255:1 because connect() failed: Network error: connect(2) error: Network is unreachable (error 101)
I0517 05:09:10.100940 6020 maintenance_manager.cc:249] Maintenance manager is disabled. Stopping thread.
W0517 05:09:10.101586 6019 heartbeater.cc:587] Failed to heartbeat to 255.255.255.255:1: Network error: Failed to ping master at 255.255.255.255:1: connect(2) error: Network is unreachable (error 101)
I0517 05:09:10.101716 211 data_dirs.cc:934] Could only allocate 1 dirs of requested 3 for tablet TestTablet. 1 dirs total, 0 dirs full, 0 dirs failed
W0517 05:09:10.102083 5959 reactor.cc:633] Failed to create an outbound connection to 255.255.255.255:1 because connect() failed: Network error: connect(2) error: Network is unreachable (error 101)
W0517 05:09:10.102427 6019 heartbeater.cc:587] Failed to heartbeat to 255.255.255.255:1: Network error: Failed to ping master at 255.255.255.255:1: connect(2) error: Network is unreachable (error 101)
W0517 05:09:10.102638 6019 heartbeater.cc:380] Failed 3 heartbeats in a row: no longer allowing fast heartbeat attempts.
I0517 05:09:10.109129 211 ts_tablet_manager.cc:1173] T TestTablet P a95188fbf9c448baa2ac906fbd4d6985: Registered tablet (data state: TABLET_DATA_READY)
I0517 05:09:10.110323 6021 ts_tablet_manager.cc:1028] T TestTablet P a95188fbf9c448baa2ac906fbd4d6985: Bootstrapping tablet
I0517 05:09:10.110709 6021 tablet_bootstrap.cc:436] T TestTablet P a95188fbf9c448baa2ac906fbd4d6985: Bootstrap starting.
I0517 05:09:10.113469 6021 tablet_bootstrap.cc:587] T TestTablet P a95188fbf9c448baa2ac906fbd4d6985: No blocks or log segments found. Creating new log.
I0517 05:09:10.116622 6021 tablet_bootstrap.cc:436] T TestTablet P a95188fbf9c448baa2ac906fbd4d6985: No bootstrap required, opened a new log
I0517 05:09:10.116964 6021 ts_tablet_manager.cc:1045] T TestTablet P a95188fbf9c448baa2ac906fbd4d6985: Time spent bootstrapping tablet: real 0.006s user 0.004s sys 0.000s
I0517 05:09:10.118330 6021 raft_consensus.cc:303] T TestTablet P a95188fbf9c448baa2ac906fbd4d6985 [term 0 FOLLOWER]: Replica starting. Triggering 0 pending transactions. Active config: opid_index: -1 peers { permanent_uuid: "a95188fbf9c448baa2ac906fbd4d6985" member_type: VOTER last_known_addr { host: "127.0.0.1" port: 38610 } }
I0517 05:09:10.118780 6021 raft_consensus.cc:329] T TestTablet P a95188fbf9c448baa2ac906fbd4d6985 [term 0 FOLLOWER]: Consensus starting up: Expiring failure detector timer to make a prompt election more likely
I0517 05:09:10.118960 6021 raft_consensus.cc:604] T TestTablet P a95188fbf9c448baa2ac906fbd4d6985 [term 0 FOLLOWER]: Becoming Follower/Learner. State: Replica: a95188fbf9c448baa2ac906fbd4d6985, State: Initialized, Role: FOLLOWER
I0517 05:09:10.119407 6021 consensus_queue.cc:227] T TestTablet P a95188fbf9c448baa2ac906fbd4d6985 [NON_LEADER]: Queue going to NON_LEADER mode. State: All replicated index: 0, Majority replicated index: 0, Committed index: 0, Last appended: 0.0, Last appended by leader: 0, Current term: 0, Majority size: -1, State: 0, Mode: NON_LEADER, active raft config: opid_index: -1 peers { permanent_uuid: "a95188fbf9c448baa2ac906fbd4d6985" member_type: VOTER last_known_addr { host: "127.0.0.1" port: 38610 } }
I0517 05:09:10.119925 6021 raft_consensus.cc:343] T TestTablet P a95188fbf9c448baa2ac906fbd4d6985 [term 0 FOLLOWER]: Only one voter in the Raft config. Triggering election immediately
I0517 05:09:10.120116 6021 raft_consensus.cc:435] T TestTablet P a95188fbf9c448baa2ac906fbd4d6985 [term 0 FOLLOWER]: Starting leader election (initial election of a single-replica configuration)
I0517 05:09:10.120313 6021 raft_consensus.cc:2704] T TestTablet P a95188fbf9c448baa2ac906fbd4d6985: Snoozing failure detection for 1.609s (starting election)
I0517 05:09:10.120523 6021 raft_consensus.cc:2756] T TestTablet P a95188fbf9c448baa2ac906fbd4d6985 [term 0 FOLLOWER]: Advancing to term 1
I0517 05:09:10.125602 6021 raft_consensus.cc:457] T TestTablet P a95188fbf9c448baa2ac906fbd4d6985 [term 1 FOLLOWER]: Starting leader election with config: opid_index: -1 peers { permanent_uuid: "a95188fbf9c448baa2ac906fbd4d6985" member_type: VOTER last_known_addr { host: "127.0.0.1" port: 38610 } }
I0517 05:09:10.126093 6021 leader_election.cc:270] T TestTablet P a95188fbf9c448baa2ac906fbd4d6985 [CANDIDATE]: Term 1 election: Election decided. Result: candidate won.
I0517 05:09:10.127388 6023 raft_consensus.cc:2704] T TestTablet P a95188fbf9c448baa2ac906fbd4d6985: Snoozing failure detection for 2.232s (election complete)
I0517 05:09:10.127610 6023 raft_consensus.cc:2511] T TestTablet P a95188fbf9c448baa2ac906fbd4d6985 [term 1 FOLLOWER]: Leader election won for term 1
I0517 05:09:10.128509 6023 raft_consensus.cc:571] T TestTablet P a95188fbf9c448baa2ac906fbd4d6985 [term 1 LEADER]: Becoming Leader. State: Replica: a95188fbf9c448baa2ac906fbd4d6985, State: Running, Role: LEADER
W0517 05:09:10.129086 5959 reactor.cc:633] Failed to create an outbound connection to 255.255.255.255:1 because connect() failed: Network error: connect(2) error: Network is unreachable (error 101)
I0517 05:09:10.128932 6023 consensus_queue.cc:204] T TestTablet P a95188fbf9c448baa2ac906fbd4d6985 [LEADER]: Queue going to LEADER mode. State: All replicated index: 0, Majority replicated index: 0, Committed index: 0, Last appended: 0.0, Last appended by leader: 0, Current term: 1, Majority size: 1, State: 0, Mode: LEADER, active raft config: opid_index: -1 peers { permanent_uuid: "a95188fbf9c448baa2ac906fbd4d6985" member_type: VOTER last_known_addr { host: "127.0.0.1" port: 38610 } }
W0517 05:09:10.129619 6019 heartbeater.cc:587] Failed to heartbeat to 255.255.255.255:1: Network error: Failed to ping master at 255.255.255.255:1: connect(2) error: Network is unreachable (error 101)
W0517 05:09:10.130201 5959 reactor.cc:633] Failed to create an outbound connection to 255.255.255.255:1 because connect() failed: Network error: connect(2) error: Network is unreachable (error 101)
W0517 05:09:10.130576 6019 heartbeater.cc:587] Failed to heartbeat to 255.255.255.255:1: Network error: Failed to ping master at 255.255.255.255:1: connect(2) error: Network is unreachable (error 101)
W0517 05:09:10.132213 5959 reactor.cc:633] Failed to create an outbound connection to 255.255.255.255:1 because connect() failed: Network error: connect(2) error: Network is unreachable (error 101)
I0517 05:09:10.132460 6021 ts_tablet_manager.cc:1073] T TestTablet P a95188fbf9c448baa2ac906fbd4d6985: Time spent starting tablet: real 0.015s user 0.012s sys 0.004s
W0517 05:09:10.132772 6019 heartbeater.cc:587] Failed to heartbeat to 255.255.255.255:1: Network error: Failed to ping master at 255.255.255.255:1: connect(2) error: Network is unreachable (error 101)
I0517 05:09:10.154301 5986 tablet_service.cc:759] Processing CreateTablet for tablet TestTablet (table=testtb [id=testtb]), partition=RANGE (key) PARTITION
I0517 05:09:10.156400 211 tablet_server.cc:144] TabletServer shutting down...
I0517 05:09:10.168615 211 ts_tablet_manager.cc:1118] Shutting down tablet manager...
I0517 05:09:10.169025 211 tablet_replica.cc:261] T TestTablet P a95188fbf9c448baa2ac906fbd4d6985: stopping tablet replica
I0517 05:09:10.169236 211 maintenance_manager.cc:237] P a95188fbf9c448baa2ac906fbd4d6985: Unregistered op CompactRowSetsOp(TestTablet)
I0517 05:09:10.169389 211 maintenance_manager.cc:237] P a95188fbf9c448baa2ac906fbd4d6985: Unregistered op MinorDeltaCompactionOp(TestTablet)
I0517 05:09:10.169515 211 maintenance_manager.cc:237] P a95188fbf9c448baa2ac906fbd4d6985: Unregistered op MajorDeltaCompactionOp(TestTablet)
I0517 05:09:10.169641 211 maintenance_manager.cc:237] P a95188fbf9c448baa2ac906fbd4d6985: Unregistered op UndoDeltaBlockGCOp(TestTablet)
I0517 05:09:10.169786 211 maintenance_manager.cc:237] P a95188fbf9c448baa2ac906fbd4d6985: Unregistered op FlushMRSOp(TestTablet)
I0517 05:09:10.169919 211 maintenance_manager.cc:237] P a95188fbf9c448baa2ac906fbd4d6985: Unregistered op FlushDeltaMemStoresOp(TestTablet)
I0517 05:09:10.170058 211 maintenance_manager.cc:237] P a95188fbf9c448baa2ac906fbd4d6985: Unregistered op LogGCOp(TestTablet)
I0517 05:09:10.170202 211 raft_consensus.cc:2016] T TestTablet P a95188fbf9c448baa2ac906fbd4d6985 [term 1 LEADER]: Raft consensus shutting down.
I0517 05:09:10.170478 211 raft_consensus.cc:2043] T TestTablet P a95188fbf9c448baa2ac906fbd4d6985 [term 1 FOLLOWER]: Raft consensus is shut down!
I0517 05:09:10.178943 211 tablet_server.cc:157] TabletServer shutdown complete.
I0517 05:09:10.179122 211 tablet_server.cc:144] TabletServer shutting down...
I0517 05:09:10.179405 211 tablet_server.cc:157] TabletServer shutdown complete. [ OK ] TabletServerTest.TestCreateTablet_TabletExists (832 ms) [ RUN ] TabletServerTest.TestDeleteTablet
I0517 05:09:10.839037 211 system_ntp.cc:143] NTP initialized. Skew: 500ppm Current error: 1055361us
I0517 05:09:10.839341 211 fs_manager.cc:260] Metadata directory not provided
I0517 05:09:10.839450 211 fs_manager.cc:266] Using write-ahead log directory (fs_wal_dir) as metadata directory
I0517 05:09:10.839607 211 server_base.cc:432] Could not load existing FS layout: Not found: /tmp/dist-test-taskWs1ZT3/test-tmp/tablet_server-test.0.TabletServerTest.TestDeleteTablet.1526533719119959-211/TabletServerTest-fsroot/instance: No such file or directory (error 2)
I0517 05:09:10.839701 211 server_base.cc:433] Attempting to create new FS layout instead
I0517 05:09:10.845511 211 fs_manager.cc:595] Generated new instance metadata in path /tmp/dist-test-taskWs1ZT3/test-tmp/tablet_server-test.0.TabletServerTest.TestDeleteTablet.1526533719119959-211/TabletServerTest-fsroot/instance: uuid: "33a5eb9e1a96427785b7e41ff2499787" format_stamp: "Formatted at 2018-05-17 05:09:10 on dist-test-slave-dist-test-slave-djmg"
I0517 05:09:10.853899 211 fs_manager.cc:495] Time spent creating directory manager: real 0.008s user 0.004s sys 0.004s
I0517 05:09:10.855075 211 file_cache.cc:470] Constructed file cache lbm with capacity 26214
I0517 05:09:10.861927 211 fs_manager.cc:417] Time spent opening block manager: real 0.001s user 0.000s sys 0.000s
I0517 05:09:10.862064 211 fs_manager.cc:428] Opened local filesystem: /tmp/dist-test-taskWs1ZT3/test-tmp/tablet_server-test.0.TabletServerTest.TestDeleteTablet.1526533719119959-211/TabletServerTest-fsroot uuid: "33a5eb9e1a96427785b7e41ff2499787" format_stamp: "Formatted at 2018-05-17 05:09:10 on dist-test-slave-dist-test-slave-djmg"
I0517 05:09:10.862263 211 fs_report.cc:347] Block manager report -------------------- 1 data directories: /tmp/dist-test-taskWs1ZT3/test-tmp/tablet_server-test.0.TabletServerTest.TestDeleteTablet.1526533719119959-211/TabletServerTest-fsroot/data Total live blocks: 0 Total live bytes: 0 Total live bytes (after alignment): 0 Total number of LBM containers: 0 (0 full) Did not check for missing blocks Did not check for orphaned blocks Total full LBM containers with extra space: 0 (0 repaired) Total full LBM container extra space in bytes: 0 (0 repaired) Total incomplete LBM containers: 0 (0 repaired) Total LBM partial records: 0 (0 repaired)
I0517 05:09:10.885452 211 ts_tablet_manager.cc:356] Loaded tablet metadata (0 live tablets)
I0517 05:09:10.919981 211 rpc_server.cc:205] RPC server started. Bound to: 127.0.0.1:53418
I0517 05:09:10.920799 211 webserver.cc:173] Starting webserver on 127.0.0.1:0
I0517 05:09:10.920900 211 webserver.cc:184] Document root disabled
I0517 05:09:10.921885 211 webserver.cc:311] Webserver started. Bound to: http://127.0.0.1:57758/
W0517 05:09:10.923130 6037 reactor.cc:633] Failed to create an outbound connection to 255.255.255.255:1 because connect() failed: Network error: connect(2) error: Network is unreachable (error 101)
I0517 05:09:10.923346 6098 maintenance_manager.cc:249] Maintenance manager is disabled. Stopping thread.
W0517 05:09:10.923799 6097 heartbeater.cc:587] Failed to heartbeat to 255.255.255.255:1: Network error: Failed to ping master at 255.255.255.255:1: connect(2) error: Network is unreachable (error 101)
I0517 05:09:10.923902 211 data_dirs.cc:934] Could only allocate 1 dirs of requested 3 for tablet TestTablet. 1 dirs total, 0 dirs full, 0 dirs failed
W0517 05:09:10.924376 6037 reactor.cc:633] Failed to create an outbound connection to 255.255.255.255:1 because connect() failed: Network error: connect(2) error: Network is unreachable (error 101)
W0517 05:09:10.924810 6097 heartbeater.cc:587] Failed to heartbeat to 255.255.255.255:1: Network error: Failed to ping master at 255.255.255.255:1: connect(2) error: Network is unreachable (error 101)
W0517 05:09:10.925290 6037 reactor.cc:633] Failed to create an outbound connection to 255.255.255.255:1 because connect() failed: Network error: connect(2) error: Network is unreachable (error 101)
W0517 05:09:10.925669 6097 heartbeater.cc:587] Failed to heartbeat to 255.255.255.255:1: Network error: Failed to ping master at 255.255.255.255:1: connect(2) error: Network is unreachable (error 101)
W0517 05:09:10.925865 6097 heartbeater.cc:380] Failed 3 heartbeats in a row: no longer allowing fast heartbeat attempts.
I0517 05:09:10.931085 211 ts_tablet_manager.cc:1173] T TestTablet P 33a5eb9e1a96427785b7e41ff2499787: Registered tablet (data state: TABLET_DATA_READY)
I0517 05:09:10.932194 6099 ts_tablet_manager.cc:1028] T TestTablet P 33a5eb9e1a96427785b7e41ff2499787: Bootstrapping tablet
I0517 05:09:10.932564 6099 tablet_bootstrap.cc:436] T TestTablet P 33a5eb9e1a96427785b7e41ff2499787: Bootstrap starting.
I0517 05:09:10.934957 6099 tablet_bootstrap.cc:587] T TestTablet P 33a5eb9e1a96427785b7e41ff2499787: No blocks or log segments found. Creating new log.
I0517 05:09:10.937728 6099 tablet_bootstrap.cc:436] T TestTablet P 33a5eb9e1a96427785b7e41ff2499787: No bootstrap required, opened a new log
I0517 05:09:10.938041 6099 ts_tablet_manager.cc:1045] T TestTablet P 33a5eb9e1a96427785b7e41ff2499787: Time spent bootstrapping tablet: real 0.006s user 0.004s sys 0.000s
I0517 05:09:10.939292 6099 raft_consensus.cc:303] T TestTablet P 33a5eb9e1a96427785b7e41ff2499787 [term 0 FOLLOWER]: Replica starting. Triggering 0 pending transactions. Active config: opid_index: -1 peers { permanent_uuid: "33a5eb9e1a96427785b7e41ff2499787" member_type: VOTER last_known_addr { host: "127.0.0.1" port: 53418 } }
I0517 05:09:10.939724 6099 raft_consensus.cc:329] T TestTablet P 33a5eb9e1a96427785b7e41ff2499787 [term 0 FOLLOWER]: Consensus starting up: Expiring failure detector timer to make a prompt election more likely
I0517 05:09:10.939901 6099 raft_consensus.cc:604] T TestTablet P 33a5eb9e1a96427785b7e41ff2499787 [term 0 FOLLOWER]: Becoming Follower/Learner. State: Replica: 33a5eb9e1a96427785b7e41ff2499787, State: Initialized, Role: FOLLOWER
I0517 05:09:10.940348 6099 consensus_queue.cc:227] T TestTablet P 33a5eb9e1a96427785b7e41ff2499787 [NON_LEADER]: Queue going to NON_LEADER mode. State: All replicated index: 0, Majority replicated index: 0, Committed index: 0, Last appended: 0.0, Last appended by leader: 0, Current term: 0, Majority size: -1, State: 0, Mode: NON_LEADER, active raft config: opid_index: -1 peers { permanent_uuid: "33a5eb9e1a96427785b7e41ff2499787" member_type: VOTER last_known_addr { host: "127.0.0.1" port: 53418 } }
I0517 05:09:10.940843 6099 raft_consensus.cc:343] T TestTablet P 33a5eb9e1a96427785b7e41ff2499787 [term 0 FOLLOWER]: Only one voter in the Raft config. Triggering election immediately
I0517 05:09:10.941026 6099 raft_consensus.cc:435] T TestTablet P 33a5eb9e1a96427785b7e41ff2499787 [term 0 FOLLOWER]: Starting leader election (initial election of a single-replica configuration)
I0517 05:09:10.941234 6099 raft_consensus.cc:2704] T TestTablet P 33a5eb9e1a96427785b7e41ff2499787: Snoozing failure detection for 2.039s (starting election)
I0517 05:09:10.941444 6099 raft_consensus.cc:2756] T TestTablet P 33a5eb9e1a96427785b7e41ff2499787 [term 0 FOLLOWER]: Advancing to term 1
I0517 05:09:10.946552 6099 raft_consensus.cc:457] T TestTablet P 33a5eb9e1a96427785b7e41ff2499787 [term 1 FOLLOWER]: Starting leader election with config: opid_index: -1 peers { permanent_uuid: "33a5eb9e1a96427785b7e41ff2499787" member_type: VOTER last_known_addr { host: "127.0.0.1" port: 53418 } }
I0517 05:09:10.947096 6099 leader_election.cc:270] T TestTablet P 33a5eb9e1a96427785b7e41ff2499787 [CANDIDATE]: Term 1 election: Election decided. Result: candidate won.
I0517 05:09:10.948225 6101 raft_consensus.cc:2704] T TestTablet P 33a5eb9e1a96427785b7e41ff2499787: Snoozing failure detection for 1.650s (election complete)
I0517 05:09:10.948441 6101 raft_consensus.cc:2511] T TestTablet P 33a5eb9e1a96427785b7e41ff2499787 [term 1 FOLLOWER]: Leader election won for term 1
W0517 05:09:10.949831 6037 reactor.cc:633] Failed to create an outbound connection to 255.255.255.255:1 because connect() failed: Network error: connect(2) error: Network is unreachable (error 101)
I0517 05:09:10.949954 6101 raft_consensus.cc:571] T TestTablet P 33a5eb9e1a96427785b7e41ff2499787 [term 1 LEADER]: Becoming Leader. State: Replica: 33a5eb9e1a96427785b7e41ff2499787, State: Running, Role: LEADER
W0517 05:09:10.950358 6097 heartbeater.cc:587] Failed to heartbeat to 255.255.255.255:1: Network error: Failed to ping master at 255.255.255.255:1: connect(2) error: Network is unreachable (error 101)
I0517 05:09:10.950407 6099 ts_tablet_manager.cc:1073] T TestTablet P 33a5eb9e1a96427785b7e41ff2499787: Time spent starting tablet: real 0.012s user 0.008s sys 0.004s
I0517 05:09:10.950419 6101 consensus_queue.cc:204] T TestTablet P 33a5eb9e1a96427785b7e41ff2499787 [LEADER]: Queue going to LEADER mode. State: All replicated index: 0, Majority replicated index: 0, Committed index: 0, Last appended: 0.0, Last appended by leader: 0, Current term: 1, Majority size: 1, State: 0, Mode: LEADER, active raft config: opid_index: -1 peers { permanent_uuid: "33a5eb9e1a96427785b7e41ff2499787" member_type: VOTER last_known_addr { host: "127.0.0.1" port: 53418 } }
W0517 05:09:10.950947 6037 reactor.cc:633] Failed to create an outbound connection to 255.255.255.255:1 because connect() failed: Network error: connect(2) error: Network is unreachable (error 101)
W0517 05:09:10.951376 6097 heartbeater.cc:587] Failed to heartbeat to 255.255.255.255:1: Network error: Failed to ping master at 255.255.255.255:1: connect(2) error: Network is unreachable (error 101)
I0517 05:09:10.981570 211 tablet.cc:1152] T TestTablet P 33a5eb9e1a96427785b7e41ff2499787: Flush: entering stage 1 (old memrowset already frozen for inserts)
I0517 05:09:10.981763 211 compaction.cc:913] Selected 1 rowsets to compact:
I0517 05:09:10.981878 211 compaction.cc:916] memrowset(current size on disk: ~0 bytes)
I0517 05:09:10.981969 211 tablet.cc:1154] T TestTablet P 33a5eb9e1a96427785b7e41ff2499787: Memstore in-memory size: 763 bytes
I0517 05:09:10.982102 211 tablet.cc:1443] T TestTablet P 33a5eb9e1a96427785b7e41ff2499787: Flush: entering phase 1 (flushing snapshot). Phase 1 snapshot: MvccSnapshot[committed={T|T < 6252682244004888576 or (T in {6252682244004888576})}]
I0517 05:09:10.985643 211 multi_column_writer.cc:98] Opened CFile writers for 3 column(s)
I0517 05:09:10.994201 211 tablet.cc:1528] T TestTablet P 33a5eb9e1a96427785b7e41ff2499787: Flush: entering phase 2 (starting to duplicate updates in new rowsets)
I0517 05:09:10.994511 211 tablet.cc:1583] T TestTablet P 33a5eb9e1a96427785b7e41ff2499787: Flush Phase 2: carrying over any updates which arrived during Phase 1
I0517 05:09:10.994621 211 tablet.cc:1585] T TestTablet P 33a5eb9e1a96427785b7e41ff2499787: Phase 2 snapshot: MvccSnapshot[committed={T|T < 6252682244004888576 or (T in {6252682244004888576})}]
I0517 05:09:11.000051 211 tablet.cc:1633] T TestTablet P 33a5eb9e1a96427785b7e41ff2499787: Flush successful on 1 rows (4628 bytes)
I0517 05:09:11.006495 6064 tablet_service.cc:800] Processing DeleteTablet for tablet TestTablet with delete_type TABLET_DATA_DELETED from {username='slave'} at 127.0.0.1:33687
I0517 05:09:11.008430 6109 tablet_replica.cc:261] T TestTablet P 33a5eb9e1a96427785b7e41ff2499787: stopping tablet replica
I0517 05:09:11.008779 6109 maintenance_manager.cc:237] P 33a5eb9e1a96427785b7e41ff2499787: Unregistered op CompactRowSetsOp(TestTablet)
I0517 05:09:11.009034 6109 maintenance_manager.cc:237] P 33a5eb9e1a96427785b7e41ff2499787: Unregistered op MinorDeltaCompactionOp(TestTablet)
I0517 05:09:11.009217 6109 maintenance_manager.cc:237] P 33a5eb9e1a96427785b7e41ff2499787: Unregistered op MajorDeltaCompactionOp(TestTablet)
I0517 05:09:11.009347 6109 maintenance_manager.cc:237] P 33a5eb9e1a96427785b7e41ff2499787: Unregistered op UndoDeltaBlockGCOp(TestTablet)
I0517 05:09:11.009500 6109 maintenance_manager.cc:237] P 33a5eb9e1a96427785b7e41ff2499787: Unregistered op FlushMRSOp(TestTablet)
I0517 05:09:11.009625 6109 maintenance_manager.cc:237] P 33a5eb9e1a96427785b7e41ff2499787: Unregistered op FlushDeltaMemStoresOp(TestTablet)
I0517 05:09:11.009738 6109 maintenance_manager.cc:237] P 33a5eb9e1a96427785b7e41ff2499787: Unregistered op LogGCOp(TestTablet)
I0517 05:09:11.009908 6109 raft_consensus.cc:2016] T TestTablet P 33a5eb9e1a96427785b7e41ff2499787 [term 1 LEADER]: Raft consensus shutting down.
I0517 05:09:11.010174 6109 raft_consensus.cc:2043] T TestTablet P 33a5eb9e1a96427785b7e41ff2499787 [term 1 FOLLOWER]: Raft consensus is shut down!
I0517 05:09:11.012403 6109 ts_tablet_manager.cc:1369] T TestTablet P 33a5eb9e1a96427785b7e41ff2499787: Deleting tablet data with delete state TABLET_DATA_DELETED
I0517 05:09:11.021239 6109 ts_tablet_manager.cc:1382] T TestTablet P 33a5eb9e1a96427785b7e41ff2499787: tablet deleted with delete type TABLET_DATA_DELETED: last-logged OpId 1.3
I0517 05:09:11.021457 6109 log.cc:981] T TestTablet P 33a5eb9e1a96427785b7e41ff2499787: Deleting WAL directory at /tmp/dist-test-taskWs1ZT3/test-tmp/tablet_server-test.0.TabletServerTest.TestDeleteTablet.1526533719119959-211/TabletServerTest-fsroot/wals/TestTablet
I0517 05:09:11.022002 6109 ts_tablet_manager.cc:1402] T TestTablet P 33a5eb9e1a96427785b7e41ff2499787: Deleting consensus metadata
I0517 05:09:11.052594 211 tablet_server.cc:144] TabletServer shutting down...
I0517 05:09:11.065944 211 ts_tablet_manager.cc:1118] Shutting down tablet manager...
I0517 05:09:11.102268 211 tablet_server.cc:157] TabletServer shutdown complete.
I0517 05:09:11.102445 211 tablet_server.cc:144] TabletServer shutting down...
I0517 05:09:11.102716 211 tablet_server.cc:157] TabletServer shutdown complete.
I0517 05:09:11.115025 211 system_ntp.cc:143] NTP initialized. Skew: 500ppm Current error: 1055861us
I0517 05:09:11.115353 211 fs_manager.cc:260] Metadata directory not provided
I0517 05:09:11.115471 211 fs_manager.cc:263] Using existing metadata directory in first data directory
I0517 05:09:11.117931 211 fs_manager.cc:397] Time spent opening directory manager: real 0.002s user 0.000s sys 0.000s
I0517 05:09:11.118728 211 file_cache.cc:470] Constructed file cache lbm with capacity 26214
I0517 05:09:11.135673 211 fs_manager.cc:417] Time spent opening block manager: real 0.012s user 0.004s sys 0.004s
I0517 05:09:11.135823 211 fs_manager.cc:428] Opened local filesystem: /tmp/dist-test-taskWs1ZT3/test-tmp/tablet_server-test.0.TabletServerTest.TestDeleteTablet.1526533719119959-211/TabletServerTest-fsroot uuid: "33a5eb9e1a96427785b7e41ff2499787" format_stamp: "Formatted at 2018-05-17 05:09:10 on dist-test-slave-dist-test-slave-djmg"
I0517 05:09:11.136065 211 fs_report.cc:347] Block manager report -------------------- 1 data directories: /tmp/dist-test-taskWs1ZT3/test-tmp/tablet_server-test.0.TabletServerTest.TestDeleteTablet.1526533719119959-211/TabletServerTest-fsroot/data Total live blocks: 0 Total live bytes: 0 Total live bytes (after alignment): 0 Total number of LBM containers: 6 (0 full) Did not check for missing blocks Did not check for orphaned blocks Total full LBM containers with extra space: 0 (0 repaired) Total full LBM container extra space in bytes: 0 (0 repaired) Total incomplete LBM containers: 0 (0 repaired) Total LBM partial records: 0 (0 repaired)
I0517 05:09:11.171957 211 ts_tablet_manager.cc:356] Loaded tablet metadata (0 live tablets)
I0517 05:09:11.206153 211 rpc_server.cc:205] RPC server started. Bound to: 127.0.0.1:38319
I0517 05:09:11.206961 211 webserver.cc:173] Starting webserver on 127.0.0.1:0
I0517 05:09:11.207077 211 webserver.cc:184] Document root disabled
I0517 05:09:11.208060 211 webserver.cc:311] Webserver started. Bound to: http://127.0.0.1:53482/
W0517 05:09:11.209370 6115 reactor.cc:633] Failed to create an outbound connection to 255.255.255.255:1 because connect() failed: Network error: connect(2) error: Network is unreachable (error 101)
W0517 05:09:11.209847 6175 heartbeater.cc:587] Failed to heartbeat to 255.255.255.255:1: Network error: Failed to ping master at 255.255.255.255:1: connect(2) error: Network is unreachable (error 101)
I0517 05:09:11.209910 6176 maintenance_manager.cc:249] Maintenance manager is disabled. Stopping thread.
I0517 05:09:11.210122 211 tablet_server.cc:144] TabletServer shutting down...
W0517 05:09:11.210321 6115 reactor.cc:633] Failed to create an outbound connection to 255.255.255.255:1 because connect() failed: Network error: connect(2) error: Network is unreachable (error 101)
W0517 05:09:11.210918 6175 heartbeater.cc:587] Failed to heartbeat to 255.255.255.255:1: Network error: Failed to ping master at 255.255.255.255:1: connect(2) error: Network is unreachable (error 101)
W0517 05:09:11.211567 6115 reactor.cc:633] Failed to create an outbound connection to 255.255.255.255:1 because connect() failed: Network error: connect(2) error: Network is unreachable (error 101)
W0517 05:09:11.220968 6175 heartbeater.cc:587] Failed to heartbeat to 255.255.255.255:1: Network error: Failed to ping master at 255.255.255.255:1: connect(2) error: Network is unreachable (error 101)
W0517 05:09:11.221194 6175 heartbeater.cc:380] Failed 3 heartbeats in a row: no longer allowing fast heartbeat attempts.
I0517 05:09:11.239583 211 ts_tablet_manager.cc:1118] Shutting down tablet manager...
I0517 05:09:11.253242 211 tablet_server.cc:157] TabletServer shutdown complete.
I0517 05:09:11.253391 211 tablet_server.cc:144] TabletServer shutting down...
I0517 05:09:11.253654 211 tablet_server.cc:157] TabletServer shutdown complete. [ OK ] TabletServerTest.TestDeleteTablet (436 ms) [ RUN ] TabletServerTest.TestDeleteTablet_TabletNotCreated
I0517 05:09:11.276444 211 system_ntp.cc:143] NTP initialized. Skew: 500ppm Current error: 1055861us
I0517 05:09:11.276795 211 fs_manager.cc:260] Metadata directory not provided
I0517 05:09:11.276921 211 fs_manager.cc:266] Using write-ahead log directory (fs_wal_dir) as metadata directory
I0517 05:09:11.277086 211 server_base.cc:432] Could not load existing FS layout: Not found: /tmp/dist-test-taskWs1ZT3/test-tmp/tablet_server-test.0.TabletServerTest.TestDeleteTablet_TabletNotCreated.1526533719119959-211/TabletServerTest-fsroot/instance: No such file or directory (error 2)
I0517 05:09:11.277190 211 server_base.cc:433] Attempting to create new FS layout instead
I0517 05:09:11.282868 211 fs_manager.cc:595] Generated new instance metadata in path /tmp/dist-test-taskWs1ZT3/test-tmp/tablet_server-test.0.TabletServerTest.TestDeleteTablet_TabletNotCreated.1526533719119959-211/TabletServerTest-fsroot/instance: uuid: "20e59496c8a84014bced7d7ea68ef31d" format_stamp: "Formatted at 2018-05-17 05:09:11 on dist-test-slave-dist-test-slave-djmg"
I0517 05:09:11.301502 211 fs_manager.cc:495] Time spent creating directory manager: real 0.018s user 0.008s sys 0.012s
I0517 05:09:11.302770 211 file_cache.cc:470] Constructed file cache lbm with capacity 26214
I0517 05:09:11.313596 211 fs_manager.cc:417] Time spent opening block manager: real 0.006s user 0.000s sys 0.008s
I0517 05:09:11.313766 211 fs_manager.cc:428] Opened local filesystem: /tmp/dist-test-taskWs1ZT3/test-tmp/tablet_server-test.0.TabletServerTest.TestDeleteTablet_TabletNotCreated.1526533719119959-211/TabletServerTest-fsroot uuid: "20e59496c8a84014bced7d7ea68ef31d" format_stamp: "Formatted at 2018-05-17 05:09:11 on dist-test-slave-dist-test-slave-djmg"
I0517 05:09:11.313999 211 fs_report.cc:347] Block manager report -------------------- 1 data directories: /tmp/dist-test-taskWs1ZT3/test-tmp/tablet_server-test.0.TabletServerTest.TestDeleteTablet_TabletNotCreated.1526533719119959-211/TabletServerTest-fsroot/data Total live blocks: 0 Total live bytes: 0 Total live bytes (after alignment): 0 Total number of LBM containers: 0 (0 full) Did not check for missing blocks Did not check for orphaned blocks Total full LBM containers with extra space: 0 (0 repaired) Total full LBM container extra space in bytes: 0 (0 repaired) Total incomplete LBM containers: 0 (0 repaired) Total LBM partial records: 0 (0 repaired)
I0517 05:09:11.368554 211 ts_tablet_manager.cc:356] Loaded tablet metadata (0 live tablets)
I0517 05:09:11.628981 211 rpc_server.cc:205] RPC server started. Bound to: 127.0.0.1:41108
I0517 05:09:11.629761 211 webserver.cc:173] Starting webserver on 127.0.0.1:0
I0517 05:09:11.629865 211 webserver.cc:184] Document root disabled
I0517 05:09:11.641026 211 webserver.cc:311] Webserver started. Bound to: http://127.0.0.1:37893/
W0517 05:09:11.653585 6185 reactor.cc:633] Failed to create an outbound connection to 255.255.255.255:1 because connect() failed: Network error: connect(2) error: Network is unreachable (error 101)
W0517 05:09:11.653995 6245 heartbeater.cc:587] Failed to heartbeat to 255.255.255.255:1: Network error: Failed to ping master at 255.255.255.255:1: connect(2) error: Network is unreachable (error 101)
W0517 05:09:11.654543 6185 reactor.cc:633] Failed to create an outbound connection to 255.255.255.255:1 because connect() failed: Network error: connect(2) error: Network is unreachable (error 101)
W0517 05:09:11.654865 6245 heartbeater.cc:587] Failed to heartbeat to 255.255.255.255:1: Network error: Failed to ping master at 255.255.255.255:1: connect(2) error: Network is unreachable (error 101)
W0517 05:09:11.655356 6185 reactor.cc:633] Failed to create an outbound connection to 255.255.255.255:1 because connect() failed: Network error: connect(2) error: Network is unreachable (error 101)
W0517 05:09:11.655686 6245 heartbeater.cc:587] Failed to heartbeat to 255.255.255.255:1: Network error: Failed to ping master at 255.255.255.255:1: connect(2) error: Network is unreachable (error 101)
W0517 05:09:11.655870 6245 heartbeater.cc:380] Failed 3 heartbeats in a row: no longer allowing fast heartbeat attempts.
I0517 05:09:11.665071 6246 maintenance_manager.cc:249] Maintenance manager is disabled. Stopping thread.
I0517 05:09:11.665570 211 data_dirs.cc:934] Could only allocate 1 dirs of requested 3 for tablet TestTablet. 1 dirs total, 0 dirs full, 0 dirs failed
I0517 05:09:11.673351 211 ts_tablet_manager.cc:1173] T TestTablet P 20e59496c8a84014bced7d7ea68ef31d: Registered tablet (data state: TABLET_DATA_READY)
I0517 05:09:11.685160 6247 ts_tablet_manager.cc:1028] T TestTablet P 20e59496c8a84014bced7d7ea68ef31d: Bootstrapping tablet
I0517 05:09:11.685490 6247 tablet_bootstrap.cc:436] T TestTablet P 20e59496c8a84014bced7d7ea68ef31d: Bootstrap starting.
I0517 05:09:11.687237 6247 tablet_bootstrap.cc:587] T TestTablet P 20e59496c8a84014bced7d7ea68ef31d: No blocks or log segments found. Creating new log.
I0517 05:09:11.701678 6247 tablet_bootstrap.cc:436] T TestTablet P 20e59496c8a84014bced7d7ea68ef31d: No bootstrap required, opened a new log
I0517 05:09:11.701978 6247 ts_tablet_manager.cc:1045] T TestTablet P 20e59496c8a84014bced7d7ea68ef31d: Time spent bootstrapping tablet: real 0.017s user 0.000s sys 0.000s
I0517 05:09:11.702939 6247 raft_consensus.cc:303] T TestTablet P 20e59496c8a84014bced7d7ea68ef31d [term 0 FOLLOWER]: Replica starting. Triggering 0 pending transactions. Active config: opid_index: -1 peers { permanent_uuid: "20e59496c8a84014bced7d7ea68ef31d" member_type: VOTER last_known_addr { host: "127.0.0.1" port: 41108 } }
I0517 05:09:11.703256 6247 raft_consensus.cc:329] T TestTablet P 20e59496c8a84014bced7d7ea68ef31d [term 0 FOLLOWER]: Consensus starting up: Expiring failure detector timer to make a prompt election more likely
I0517 05:09:11.703398 6247 raft_consensus.cc:604] T TestTablet P 20e59496c8a84014bced7d7ea68ef31d [term 0 FOLLOWER]: Becoming Follower/Learner. State: Replica: 20e59496c8a84014bced7d7ea68ef31d, State: Initialized, Role: FOLLOWER
I0517 05:09:11.703784 6247 consensus_queue.cc:227] T TestTablet P 20e59496c8a84014bced7d7ea68ef31d [NON_LEADER]: Queue going to NON_LEADER mode. State: All replicated index: 0, Majority replicated index: 0, Committed index: 0, Last appended: 0.0, Last appended by leader: 0, Current term: 0, Majority size: -1, State: 0, Mode: NON_LEADER, active raft config: opid_index: -1 peers { permanent_uuid: "20e59496c8a84014bced7d7ea68ef31d" member_type: VOTER last_known_addr { host: "127.0.0.1" port: 41108 } }
I0517 05:09:11.704133 6247 raft_consensus.cc:343] T TestTablet P 20e59496c8a84014bced7d7ea68ef31d [term 0 FOLLOWER]: Only one voter in the Raft config. Triggering election immediately
I0517 05:09:11.704272 6247 raft_consensus.cc:435] T TestTablet P 20e59496c8a84014bced7d7ea68ef31d [term 0 FOLLOWER]: Starting leader election (initial election of a single-replica configuration)
I0517 05:09:11.704419 6247 raft_consensus.cc:2704] T TestTablet P 20e59496c8a84014bced7d7ea68ef31d: Snoozing failure detection for 1.552s (starting election)
I0517 05:09:11.704576 6247 raft_consensus.cc:2756] T TestTablet P 20e59496c8a84014bced7d7ea68ef31d [term 0 FOLLOWER]: Advancing to term 1
I0517 05:09:11.707984 6247 raft_consensus.cc:457] T TestTablet P 20e59496c8a84014bced7d7ea68ef31d [term 1 FOLLOWER]: Starting leader election with config: opid_index: -1 peers { permanent_uuid: "20e59496c8a84014bced7d7ea68ef31d" member_type: VOTER last_known_addr { host: "127.0.0.1" port: 41108 } }
I0517 05:09:11.708360 6247 leader_election.cc:270] T TestTablet P 20e59496c8a84014bced7d7ea68ef31d [CANDIDATE]: Term 1 election: Election decided. Result: candidate won.
I0517 05:09:11.721141 6249 raft_consensus.cc:2704] T TestTablet P 20e59496c8a84014bced7d7ea68ef31d: Snoozing failure detection for 1.621s (election complete)
I0517 05:09:11.721364 6249 raft_consensus.cc:2511] T TestTablet P 20e59496c8a84014bced7d7ea68ef31d [term 1 FOLLOWER]: Leader election won for term 1
W0517 05:09:11.722807 6185 reactor.cc:633] Failed to create an outbound connection to 255.255.255.255:1 because connect() failed: Network error: connect(2) error: Network is unreachable (error 101)
