I0517 05:08:59.660296 211 fs_report.cc:347] Block manager report -------------------- 1 data directories: /tmp/dist-test-taskWs1ZT3/test-tmp/tablet_server-test.0.TabletServerTest.TestScanYourWrites_WithoutPropagatedTimestamp.1526533719119959-211/TabletServerTest-fsroot/data Total live blocks: 0 Total live bytes: 0 Total live bytes (after alignment): 0 Total number of LBM containers: 0 (0 full) Did not check for missing blocks Did not check for orphaned blocks Total full LBM containers with extra space: 0 (0 repaired) Total full LBM container extra space in bytes: 0 (0 repaired) Total incomplete LBM containers: 0 (0 repaired) Total LBM partial records: 0 (0 repaired)
I0517 05:08:59.684052 211 ts_tablet_manager.cc:356] Loaded tablet metadata (0 live tablets)
I0517 05:08:59.710826 211 rpc_server.cc:205] RPC server started. Bound to: 127.0.0.1:55297
I0517 05:08:59.711570 211 webserver.cc:173] Starting webserver on 127.0.0.1:0
I0517 05:08:59.711665 211 webserver.cc:184] Document root disabled
I0517 05:08:59.712487 211 webserver.cc:311] Webserver started. Bound to: http://127.0.0.1:39255/
W0517 05:08:59.713604 4334 reactor.cc:633] Failed to create an outbound connection to 255.255.255.255:1 because connect() failed: Network error: connect(2) error: Network is unreachable (error 101)
W0517 05:08:59.713944 4394 heartbeater.cc:587] Failed to heartbeat to 255.255.255.255:1: Network error: Failed to ping master at 255.255.255.255:1: connect(2) error: Network is unreachable (error 101)
I0517 05:08:59.713994 4395 maintenance_manager.cc:249] Maintenance manager is disabled. Stopping thread.
W0517 05:08:59.714350 4334 reactor.cc:633] Failed to create an outbound connection to 255.255.255.255:1 because connect() failed: Network error: connect(2) error: Network is unreachable (error 101)
I0517 05:08:59.714371 211 data_dirs.cc:934] Could only allocate 1 dirs of requested 3 for tablet TestTablet. 1 dirs total, 0 dirs full, 0 dirs failed
W0517 05:08:59.714638 4394 heartbeater.cc:587] Failed to heartbeat to 255.255.255.255:1: Network error: Failed to ping master at 255.255.255.255:1: connect(2) error: Network is unreachable (error 101)
W0517 05:08:59.715006 4334 reactor.cc:633] Failed to create an outbound connection to 255.255.255.255:1 because connect() failed: Network error: connect(2) error: Network is unreachable (error 101)
W0517 05:08:59.715252 4394 heartbeater.cc:587] Failed to heartbeat to 255.255.255.255:1: Network error: Failed to ping master at 255.255.255.255:1: connect(2) error: Network is unreachable (error 101)
W0517 05:08:59.715380 4394 heartbeater.cc:380] Failed 3 heartbeats in a row: no longer allowing fast heartbeat attempts.
I0517 05:08:59.720885 211 ts_tablet_manager.cc:1173] T TestTablet P 1a5ee83354044539b5c9d58344dc97e4: Registered tablet (data state: TABLET_DATA_READY)
I0517 05:08:59.722051 4396 ts_tablet_manager.cc:1028] T TestTablet P 1a5ee83354044539b5c9d58344dc97e4: Bootstrapping tablet
I0517 05:08:59.722420 4396 tablet_bootstrap.cc:436] T TestTablet P 1a5ee83354044539b5c9d58344dc97e4: Bootstrap starting.
I0517 05:08:59.724236 4396 tablet_bootstrap.cc:587] T TestTablet P 1a5ee83354044539b5c9d58344dc97e4: No blocks or log segments found. Creating new log.
I0517 05:08:59.726532 4396 tablet_bootstrap.cc:436] T TestTablet P 1a5ee83354044539b5c9d58344dc97e4: No bootstrap required, opened a new log
I0517 05:08:59.726788 4396 ts_tablet_manager.cc:1045] T TestTablet P 1a5ee83354044539b5c9d58344dc97e4: Time spent bootstrapping tablet: real 0.005s user 0.000s sys 0.004s
I0517 05:08:59.727777 4396 raft_consensus.cc:303] T TestTablet P 1a5ee83354044539b5c9d58344dc97e4 [term 0 FOLLOWER]: Replica starting. Triggering 0 pending transactions. Active config: opid_index: -1 peers { permanent_uuid: "1a5ee83354044539b5c9d58344dc97e4" member_type: VOTER last_known_addr { host: "127.0.0.1" port: 55297 } }
I0517 05:08:59.728092 4396 raft_consensus.cc:329] T TestTablet P 1a5ee83354044539b5c9d58344dc97e4 [term 0 FOLLOWER]: Consensus starting up: Expiring failure detector timer to make a prompt election more likely
I0517 05:08:59.728216 4396 raft_consensus.cc:604] T TestTablet P 1a5ee83354044539b5c9d58344dc97e4 [term 0 FOLLOWER]: Becoming Follower/Learner. State: Replica: 1a5ee83354044539b5c9d58344dc97e4, State: Initialized, Role: FOLLOWER
I0517 05:08:59.728546 4396 consensus_queue.cc:227] T TestTablet P 1a5ee83354044539b5c9d58344dc97e4 [NON_LEADER]: Queue going to NON_LEADER mode. State: All replicated index: 0, Majority replicated index: 0, Committed index: 0, Last appended: 0.0, Last appended by leader: 0, Current term: 0, Majority size: -1, State: 0, Mode: NON_LEADER, active raft config: opid_index: -1 peers { permanent_uuid: "1a5ee83354044539b5c9d58344dc97e4" member_type: VOTER last_known_addr { host: "127.0.0.1" port: 55297 } }
I0517 05:08:59.728936 4396 raft_consensus.cc:343] T TestTablet P 1a5ee83354044539b5c9d58344dc97e4 [term 0 FOLLOWER]: Only one voter in the Raft config. Triggering election immediately
I0517 05:08:59.729068 4396 raft_consensus.cc:435] T TestTablet P 1a5ee83354044539b5c9d58344dc97e4 [term 0 FOLLOWER]: Starting leader election (initial election of a single-replica configuration)
I0517 05:08:59.729204 4396 raft_consensus.cc:2704] T TestTablet P 1a5ee83354044539b5c9d58344dc97e4: Snoozing failure detection for 1.699s (starting election)
I0517 05:08:59.729341 4396 raft_consensus.cc:2756] T TestTablet P 1a5ee83354044539b5c9d58344dc97e4 [term 0 FOLLOWER]: Advancing to term 1
I0517 05:08:59.733248 4396 raft_consensus.cc:457] T TestTablet P 1a5ee83354044539b5c9d58344dc97e4 [term 1 FOLLOWER]: Starting leader election with config: opid_index: -1 peers { permanent_uuid: "1a5ee83354044539b5c9d58344dc97e4" member_type: VOTER last_known_addr { host: "127.0.0.1" port: 55297 } }
I0517 05:08:59.733675 4396 leader_election.cc:270] T TestTablet P 1a5ee83354044539b5c9d58344dc97e4 [CANDIDATE]: Term 1 election: Election decided. Result: candidate won.
I0517 05:08:59.734710 4398 raft_consensus.cc:2704] T TestTablet P 1a5ee83354044539b5c9d58344dc97e4: Snoozing failure detection for 1.529s (election complete)
I0517 05:08:59.734903 4398 raft_consensus.cc:2511] T TestTablet P 1a5ee83354044539b5c9d58344dc97e4 [term 1 FOLLOWER]: Leader election won for term 1
I0517 05:08:59.736138 4396 ts_tablet_manager.cc:1073] T TestTablet P 1a5ee83354044539b5c9d58344dc97e4: Time spent starting tablet: real 0.009s user 0.008s sys 0.000s
W0517 05:08:59.736119 4334 reactor.cc:633] Failed to create an outbound connection to 255.255.255.255:1 because connect() failed: Network error: connect(2) error: Network is unreachable (error 101)
W0517 05:08:59.736591 4394 heartbeater.cc:587] Failed to heartbeat to 255.255.255.255:1: Network error: Failed to ping master at 255.255.255.255:1: connect(2) error: Network is unreachable (error 101)
W0517 05:08:59.737133 4334 reactor.cc:633] Failed to create an outbound connection to 255.255.255.255:1 because connect() failed: Network error: connect(2) error: Network is unreachable (error 101)
W0517 05:08:59.737428 4394 heartbeater.cc:587] Failed to heartbeat to 255.255.255.255:1: Network error: Failed to ping master at 255.255.255.255:1: connect(2) error: Network is unreachable (error 101)
I0517 05:08:59.738689 4398 raft_consensus.cc:571] T TestTablet P 1a5ee83354044539b5c9d58344dc97e4 [term 1 LEADER]: Becoming Leader. State: Replica: 1a5ee83354044539b5c9d58344dc97e4, State: Running, Role: LEADER
I0517 05:08:59.739054 4398 consensus_queue.cc:204] T TestTablet P 1a5ee83354044539b5c9d58344dc97e4 [LEADER]: Queue going to LEADER mode. State: All replicated index: 0, Majority replicated index: 0, Committed index: 0, Last appended: 0.0, Last appended by leader: 0, Current term: 1, Majority size: 1, State: 0, Mode: LEADER, active raft config: opid_index: -1 peers { permanent_uuid: "1a5ee83354044539b5c9d58344dc97e4" member_type: VOTER last_known_addr { host: "127.0.0.1" port: 55297 } }
I0517 05:08:59.760957 211 tablet_server.cc:144] TabletServer shutting down...
I0517 05:08:59.773594 211 ts_tablet_manager.cc:1118] Shutting down tablet manager...
I0517 05:08:59.773982 211 tablet_replica.cc:261] T TestTablet P 1a5ee83354044539b5c9d58344dc97e4: stopping tablet replica
I0517 05:08:59.774245 211 maintenance_manager.cc:237] P 1a5ee83354044539b5c9d58344dc97e4: Unregistered op CompactRowSetsOp(TestTablet)
I0517 05:08:59.774377 211 maintenance_manager.cc:237] P 1a5ee83354044539b5c9d58344dc97e4: Unregistered op MinorDeltaCompactionOp(TestTablet)
I0517 05:08:59.774489 211 maintenance_manager.cc:237] P 1a5ee83354044539b5c9d58344dc97e4: Unregistered op MajorDeltaCompactionOp(TestTablet)
I0517 05:08:59.774606 211 maintenance_manager.cc:237] P 1a5ee83354044539b5c9d58344dc97e4: Unregistered op UndoDeltaBlockGCOp(TestTablet)
I0517 05:08:59.774730 211 maintenance_manager.cc:237] P 1a5ee83354044539b5c9d58344dc97e4: Unregistered op FlushMRSOp(TestTablet)
I0517 05:08:59.774869 211 maintenance_manager.cc:237] P 1a5ee83354044539b5c9d58344dc97e4: Unregistered op FlushDeltaMemStoresOp(TestTablet)
I0517 05:08:59.774979 211 maintenance_manager.cc:237] P 1a5ee83354044539b5c9d58344dc97e4: Unregistered op LogGCOp(TestTablet)
I0517 05:08:59.775111 211 raft_consensus.cc:2016] T TestTablet P 1a5ee83354044539b5c9d58344dc97e4 [term 1 LEADER]: Raft consensus shutting down.
I0517 05:08:59.775485 211 raft_consensus.cc:2043] T TestTablet P 1a5ee83354044539b5c9d58344dc97e4 [term 1 FOLLOWER]: Raft consensus is shut down!
I0517 05:08:59.784485 211 tablet_server.cc:157] TabletServer shutdown complete.
I0517 05:08:59.784659 211 tablet_server.cc:144] TabletServer shutting down...
I0517 05:08:59.784951 211 tablet_server.cc:157] TabletServer shutdown complete. [ OK ] TabletServerTest.TestScanYourWrites_WithoutPropagatedTimestamp (179 ms) [ RUN ] TabletServerTest.TestScanYourWrites_PropagatedTimestampInTheFuture
I0517 05:08:59.818296 211 system_ntp.cc:143] NTP initialized. Skew: 500ppm Current error: 1049861us
I0517 05:08:59.818783 211 fs_manager.cc:260] Metadata directory not provided
I0517 05:08:59.818958 211 fs_manager.cc:266] Using write-ahead log directory (fs_wal_dir) as metadata directory
I0517 05:08:59.819159 211 server_base.cc:432] Could not load existing FS layout: Not found: /tmp/dist-test-taskWs1ZT3/test-tmp/tablet_server-test.0.TabletServerTest.TestScanYourWrites_PropagatedTimestampInTheFuture.1526533719119959-211/TabletServerTest-fsroot/instance: No such file or directory (error 2)
I0517 05:08:59.819269 211 server_base.cc:433] Attempting to create new FS layout instead
I0517 05:08:59.826161 211 fs_manager.cc:595] Generated new instance metadata in path /tmp/dist-test-taskWs1ZT3/test-tmp/tablet_server-test.0.TabletServerTest.TestScanYourWrites_PropagatedTimestampInTheFuture.1526533719119959-211/TabletServerTest-fsroot/instance: uuid: "bf655939240b44f8a7d3c9532b8646c0" format_stamp: "Formatted at 2018-05-17 05:08:59 on dist-test-slave-dist-test-slave-djmg"
I0517 05:08:59.835233 211 fs_manager.cc:495] Time spent creating directory manager: real 0.009s user 0.004s sys 0.004s
I0517 05:08:59.836494 211 file_cache.cc:470] Constructed file cache lbm with capacity 26214
I0517 05:08:59.843904 211 fs_manager.cc:417] Time spent opening block manager: real 0.001s user 0.000s sys 0.000s
I0517 05:08:59.844053 211 fs_manager.cc:428] Opened local filesystem: /tmp/dist-test-taskWs1ZT3/test-tmp/tablet_server-test.0.TabletServerTest.TestScanYourWrites_PropagatedTimestampInTheFuture.1526533719119959-211/TabletServerTest-fsroot uuid: "bf655939240b44f8a7d3c9532b8646c0" format_stamp: "Formatted at 2018-05-17 05:08:59 on dist-test-slave-dist-test-slave-djmg"
I0517 05:08:59.844300 211 fs_report.cc:347] Block manager report -------------------- 1 data directories: /tmp/dist-test-taskWs1ZT3/test-tmp/tablet_server-test.0.TabletServerTest.TestScanYourWrites_PropagatedTimestampInTheFuture.1526533719119959-211/TabletServerTest-fsroot/data Total live blocks: 0 Total live bytes: 0 Total live bytes (after alignment): 0 Total number of LBM containers: 0 (0 full) Did not check for missing blocks Did not check for orphaned blocks Total full LBM containers with extra space: 0 (0 repaired) Total full LBM container extra space in bytes: 0 (0 repaired) Total incomplete LBM containers: 0 (0 repaired) Total LBM partial records: 0 (0 repaired)
I0517 05:08:59.859673 211 ts_tablet_manager.cc:356] Loaded tablet metadata (0 live tablets)
I0517 05:08:59.886960 211 rpc_server.cc:205] RPC server started. Bound to: 127.0.0.1:54689
I0517 05:08:59.887724 211 webserver.cc:173] Starting webserver on 127.0.0.1:0
I0517 05:08:59.887822 211 webserver.cc:184] Document root disabled
I0517 05:08:59.888650 211 webserver.cc:311] Webserver started. Bound to: http://127.0.0.1:39560/
W0517 05:08:59.889844 4414 reactor.cc:633] Failed to create an outbound connection to 255.255.255.255:1 because connect() failed: Network error: connect(2) error: Network is unreachable (error 101)
I0517 05:08:59.889895 4475 maintenance_manager.cc:249] Maintenance manager is disabled. Stopping thread.
W0517 05:08:59.890317 4474 heartbeater.cc:587] Failed to heartbeat to 255.255.255.255:1: Network error: Failed to ping master at 255.255.255.255:1: connect(2) error: Network is unreachable (error 101)
I0517 05:08:59.890331 211 data_dirs.cc:934] Could only allocate 1 dirs of requested 3 for tablet TestTablet. 1 dirs total, 0 dirs full, 0 dirs failed
W0517 05:08:59.890769 4414 reactor.cc:633] Failed to create an outbound connection to 255.255.255.255:1 because connect() failed: Network error: connect(2) error: Network is unreachable (error 101)
W0517 05:08:59.891060 4474 heartbeater.cc:587] Failed to heartbeat to 255.255.255.255:1: Network error: Failed to ping master at 255.255.255.255:1: connect(2) error: Network is unreachable (error 101)
W0517 05:08:59.891409 4414 reactor.cc:633] Failed to create an outbound connection to 255.255.255.255:1 because connect() failed: Network error: connect(2) error: Network is unreachable (error 101)
W0517 05:08:59.891695 4474 heartbeater.cc:587] Failed to heartbeat to 255.255.255.255:1: Network error: Failed to ping master at 255.255.255.255:1: connect(2) error: Network is unreachable (error 101)
W0517 05:08:59.891821 4474 heartbeater.cc:380] Failed 3 heartbeats in a row: no longer allowing fast heartbeat attempts.
I0517 05:08:59.896854 211 ts_tablet_manager.cc:1173] T TestTablet P bf655939240b44f8a7d3c9532b8646c0: Registered tablet (data state: TABLET_DATA_READY)
I0517 05:08:59.897874 4476 ts_tablet_manager.cc:1028] T TestTablet P bf655939240b44f8a7d3c9532b8646c0: Bootstrapping tablet
I0517 05:08:59.898157 4476 tablet_bootstrap.cc:436] T TestTablet P bf655939240b44f8a7d3c9532b8646c0: Bootstrap starting.
I0517 05:08:59.899812 4476 tablet_bootstrap.cc:587] T TestTablet P bf655939240b44f8a7d3c9532b8646c0: No blocks or log segments found. Creating new log.
I0517 05:08:59.902092 4476 tablet_bootstrap.cc:436] T TestTablet P bf655939240b44f8a7d3c9532b8646c0: No bootstrap required, opened a new log
I0517 05:08:59.902361 4476 ts_tablet_manager.cc:1045] T TestTablet P bf655939240b44f8a7d3c9532b8646c0: Time spent bootstrapping tablet: real 0.004s user 0.000s sys 0.000s
I0517 05:08:59.903240 4476 raft_consensus.cc:303] T TestTablet P bf655939240b44f8a7d3c9532b8646c0 [term 0 FOLLOWER]: Replica starting. Triggering 0 pending transactions. Active config: opid_index: -1 peers { permanent_uuid: "bf655939240b44f8a7d3c9532b8646c0" member_type: VOTER last_known_addr { host: "127.0.0.1" port: 54689 } }
I0517 05:08:59.903545 4476 raft_consensus.cc:329] T TestTablet P bf655939240b44f8a7d3c9532b8646c0 [term 0 FOLLOWER]: Consensus starting up: Expiring failure detector timer to make a prompt election more likely
I0517 05:08:59.903676 4476 raft_consensus.cc:604] T TestTablet P bf655939240b44f8a7d3c9532b8646c0 [term 0 FOLLOWER]: Becoming Follower/Learner. State: Replica: bf655939240b44f8a7d3c9532b8646c0, State: Initialized, Role: FOLLOWER
I0517 05:08:59.903980 4476 consensus_queue.cc:227] T TestTablet P bf655939240b44f8a7d3c9532b8646c0 [NON_LEADER]: Queue going to NON_LEADER mode. State: All replicated index: 0, Majority replicated index: 0, Committed index: 0, Last appended: 0.0, Last appended by leader: 0, Current term: 0, Majority size: -1, State: 0, Mode: NON_LEADER, active raft config: opid_index: -1 peers { permanent_uuid: "bf655939240b44f8a7d3c9532b8646c0" member_type: VOTER last_known_addr { host: "127.0.0.1" port: 54689 } }
I0517 05:08:59.904312 4476 raft_consensus.cc:343] T TestTablet P bf655939240b44f8a7d3c9532b8646c0 [term 0 FOLLOWER]: Only one voter in the Raft config. Triggering election immediately
I0517 05:08:59.904438 4476 raft_consensus.cc:435] T TestTablet P bf655939240b44f8a7d3c9532b8646c0 [term 0 FOLLOWER]: Starting leader election (initial election of a single-replica configuration)
I0517 05:08:59.904567 4476 raft_consensus.cc:2704] T TestTablet P bf655939240b44f8a7d3c9532b8646c0: Snoozing failure detection for 2.239s (starting election)
I0517 05:08:59.904721 4476 raft_consensus.cc:2756] T TestTablet P bf655939240b44f8a7d3c9532b8646c0 [term 0 FOLLOWER]: Advancing to term 1
I0517 05:08:59.907989 4476 raft_consensus.cc:457] T TestTablet P bf655939240b44f8a7d3c9532b8646c0 [term 1 FOLLOWER]: Starting leader election with config: opid_index: -1 peers { permanent_uuid: "bf655939240b44f8a7d3c9532b8646c0" member_type: VOTER last_known_addr { host: "127.0.0.1" port: 54689 } }
I0517 05:08:59.908380 4476 leader_election.cc:270] T TestTablet P bf655939240b44f8a7d3c9532b8646c0 [CANDIDATE]: Term 1 election: Election decided. Result: candidate won.
I0517 05:08:59.909502 4478 raft_consensus.cc:2704] T TestTablet P bf655939240b44f8a7d3c9532b8646c0: Snoozing failure detection for 1.871s (election complete)
I0517 05:08:59.909705 4478 raft_consensus.cc:2511] T TestTablet P bf655939240b44f8a7d3c9532b8646c0 [term 1 FOLLOWER]: Leader election won for term 1
W0517 05:08:59.910358 4414 reactor.cc:633] Failed to create an outbound connection to 255.255.255.255:1 because connect() failed: Network error: connect(2) error: Network is unreachable (error 101)
I0517 05:08:59.910461 4476 ts_tablet_manager.cc:1073] T TestTablet P bf655939240b44f8a7d3c9532b8646c0: Time spent starting tablet: real 0.008s user 0.008s sys 0.004s
I0517 05:08:59.910473 4478 raft_consensus.cc:571] T TestTablet P bf655939240b44f8a7d3c9532b8646c0 [term 1 LEADER]: Becoming Leader. State: Replica: bf655939240b44f8a7d3c9532b8646c0, State: Running, Role: LEADER
W0517 05:08:59.910980 4474 heartbeater.cc:587] Failed to heartbeat to 255.255.255.255:1: Network error: Failed to ping master at 255.255.255.255:1: connect(2) error: Network is unreachable (error 101)
I0517 05:08:59.910946 4478 consensus_queue.cc:204] T TestTablet P bf655939240b44f8a7d3c9532b8646c0 [LEADER]: Queue going to LEADER mode. State: All replicated index: 0, Majority replicated index: 0, Committed index: 0, Last appended: 0.0, Last appended by leader: 0, Current term: 1, Majority size: 1, State: 0, Mode: LEADER, active raft config: opid_index: -1 peers { permanent_uuid: "bf655939240b44f8a7d3c9532b8646c0" member_type: VOTER last_known_addr { host: "127.0.0.1" port: 54689 } }
W0517 05:08:59.911520 4414 reactor.cc:633] Failed to create an outbound connection to 255.255.255.255:1 because connect() failed: Network error: connect(2) error: Network is unreachable (error 101)
W0517 05:08:59.911859 4474 heartbeater.cc:587] Failed to heartbeat to 255.255.255.255:1: Network error: Failed to ping master at 255.255.255.255:1: connect(2) error: Network is unreachable (error 101)
I0517 05:08:59.935662 211 tablet_server.cc:144] TabletServer shutting down...
I0517 05:08:59.947753 211 ts_tablet_manager.cc:1118] Shutting down tablet manager...
I0517 05:08:59.948227 211 tablet_replica.cc:261] T TestTablet P bf655939240b44f8a7d3c9532b8646c0: stopping tablet replica
I0517 05:08:59.948436 211 maintenance_manager.cc:237] P bf655939240b44f8a7d3c9532b8646c0: Unregistered op CompactRowSetsOp(TestTablet)
I0517 05:08:59.948573 211 maintenance_manager.cc:237] P bf655939240b44f8a7d3c9532b8646c0: Unregistered op MinorDeltaCompactionOp(TestTablet)
I0517 05:08:59.948704 211 maintenance_manager.cc:237] P bf655939240b44f8a7d3c9532b8646c0: Unregistered op MajorDeltaCompactionOp(TestTablet)
I0517 05:08:59.948814 211 maintenance_manager.cc:237] P bf655939240b44f8a7d3c9532b8646c0: Unregistered op UndoDeltaBlockGCOp(TestTablet)
I0517 05:08:59.948943 211 maintenance_manager.cc:237] P bf655939240b44f8a7d3c9532b8646c0: Unregistered op FlushMRSOp(TestTablet)
I0517 05:08:59.949050 211 maintenance_manager.cc:237] P bf655939240b44f8a7d3c9532b8646c0: Unregistered op FlushDeltaMemStoresOp(TestTablet)
I0517 05:08:59.949153 211 maintenance_manager.cc:237] P bf655939240b44f8a7d3c9532b8646c0: Unregistered op LogGCOp(TestTablet)
I0517 05:08:59.949267 211 raft_consensus.cc:2016] T TestTablet P bf655939240b44f8a7d3c9532b8646c0 [term 1 LEADER]: Raft consensus shutting down.
I0517 05:08:59.949517 211 raft_consensus.cc:2043] T TestTablet P bf655939240b44f8a7d3c9532b8646c0 [term 1 FOLLOWER]: Raft consensus is shut down!
I0517 05:08:59.967797 211 tablet_server.cc:157] TabletServer shutdown complete.
I0517 05:08:59.967978 211 tablet_server.cc:144] TabletServer shutting down...
I0517 05:08:59.968297 211 tablet_server.cc:157] TabletServer shutdown complete. [ OK ] TabletServerTest.TestScanYourWrites_PropagatedTimestampInTheFuture (175 ms) [ RUN ] TabletServerTest.TestScanWithStringPredicates
I0517 05:08:59.992092 211 system_ntp.cc:143] NTP initialized. Skew: 500ppm Current error: 1049861us
I0517 05:08:59.992460 211 fs_manager.cc:260] Metadata directory not provided
I0517 05:08:59.992588 211 fs_manager.cc:266] Using write-ahead log directory (fs_wal_dir) as metadata directory
I0517 05:08:59.992789 211 server_base.cc:432] Could not load existing FS layout: Not found: /tmp/dist-test-taskWs1ZT3/test-tmp/tablet_server-test.0.TabletServerTest.TestScanWithStringPredicates.1526533719119959-211/TabletServerTest-fsroot/instance: No such file or directory (error 2)
I0517 05:08:59.992895 211 server_base.cc:433] Attempting to create new FS layout instead
I0517 05:08:59.999049 211 fs_manager.cc:595] Generated new instance metadata in path /tmp/dist-test-taskWs1ZT3/test-tmp/tablet_server-test.0.TabletServerTest.TestScanWithStringPredicates.1526533719119959-211/TabletServerTest-fsroot/instance: uuid: "76818df65961478dad789258853364c5" format_stamp: "Formatted at 2018-05-17 05:08:59 on dist-test-slave-dist-test-slave-djmg"
I0517 05:09:00.008244 211 fs_manager.cc:495] Time spent creating directory manager: real 0.009s user 0.012s sys 0.000s
I0517 05:09:00.009609 211 file_cache.cc:470] Constructed file cache lbm with capacity 26214
I0517 05:09:00.016122 211 fs_manager.cc:417] Time spent opening block manager: real 0.001s user 0.004s sys 0.000s
I0517 05:09:00.016281 211 fs_manager.cc:428] Opened local filesystem: /tmp/dist-test-taskWs1ZT3/test-tmp/tablet_server-test.0.TabletServerTest.TestScanWithStringPredicates.1526533719119959-211/TabletServerTest-fsroot uuid: "76818df65961478dad789258853364c5" format_stamp: "Formatted at 2018-05-17 05:08:59 on dist-test-slave-dist-test-slave-djmg"
I0517 05:09:00.016523 211 fs_report.cc:347] Block manager report -------------------- 1 data directories: /tmp/dist-test-taskWs1ZT3/test-tmp/tablet_server-test.0.TabletServerTest.TestScanWithStringPredicates.1526533719119959-211/TabletServerTest-fsroot/data Total live blocks: 0 Total live bytes: 0 Total live bytes (after alignment): 0 Total number of LBM containers: 0 (0 full) Did not check for missing blocks Did not check for orphaned blocks Total full LBM containers with extra space: 0 (0 repaired) Total full LBM container extra space in bytes: 0 (0 repaired) Total incomplete LBM containers: 0 (0 repaired) Total LBM partial records: 0 (0 repaired)
I0517 05:09:00.059955 211 ts_tablet_manager.cc:356] Loaded tablet metadata (0 live tablets)
I0517 05:09:00.085872 211 rpc_server.cc:205] RPC server started. Bound to: 127.0.0.1:40795
I0517 05:09:00.086635 211 webserver.cc:173] Starting webserver on 127.0.0.1:0
I0517 05:09:00.086732 211 webserver.cc:184] Document root disabled
I0517 05:09:00.087563 211 webserver.cc:311] Webserver started. Bound to: http://127.0.0.1:48646/
W0517 05:09:00.088589 4494 reactor.cc:633] Failed to create an outbound connection to 255.255.255.255:1 because connect() failed: Network error: connect(2) error: Network is unreachable (error 101)
I0517 05:09:00.088888 4555 maintenance_manager.cc:249] Maintenance manager is disabled. Stopping thread.
W0517 05:09:00.088999 4554 heartbeater.cc:587] Failed to heartbeat to 255.255.255.255:1: Network error: Failed to ping master at 255.255.255.255:1: connect(2) error: Network is unreachable (error 101)
I0517 05:09:00.089283 211 data_dirs.cc:934] Could only allocate 1 dirs of requested 3 for tablet TestTablet. 1 dirs total, 0 dirs full, 0 dirs failed
W0517 05:09:00.089470 4494 reactor.cc:633] Failed to create an outbound connection to 255.255.255.255:1 because connect() failed: Network error: connect(2) error: Network is unreachable (error 101)
W0517 05:09:00.089732 4554 heartbeater.cc:587] Failed to heartbeat to 255.255.255.255:1: Network error: Failed to ping master at 255.255.255.255:1: connect(2) error: Network is unreachable (error 101)
W0517 05:09:00.090106 4494 reactor.cc:633] Failed to create an outbound connection to 255.255.255.255:1 because connect() failed: Network error: connect(2) error: Network is unreachable (error 101)
W0517 05:09:00.090386 4554 heartbeater.cc:587] Failed to heartbeat to 255.255.255.255:1: Network error: Failed to ping master at 255.255.255.255:1: connect(2) error: Network is unreachable (error 101)
W0517 05:09:00.090507 4554 heartbeater.cc:380] Failed 3 heartbeats in a row: no longer allowing fast heartbeat attempts.
I0517 05:09:00.095501 211 ts_tablet_manager.cc:1173] T TestTablet P 76818df65961478dad789258853364c5: Registered tablet (data state: TABLET_DATA_READY)
I0517 05:09:00.096467 4556 ts_tablet_manager.cc:1028] T TestTablet P 76818df65961478dad789258853364c5: Bootstrapping tablet
I0517 05:09:00.096763 4556 tablet_bootstrap.cc:436] T TestTablet P 76818df65961478dad789258853364c5: Bootstrap starting.
I0517 05:09:00.098428 4556 tablet_bootstrap.cc:587] T TestTablet P 76818df65961478dad789258853364c5: No blocks or log segments found. Creating new log.
I0517 05:09:00.100623 4556 tablet_bootstrap.cc:436] T TestTablet P 76818df65961478dad789258853364c5: No bootstrap required, opened a new log
I0517 05:09:00.100903 4556 ts_tablet_manager.cc:1045] T TestTablet P 76818df65961478dad789258853364c5: Time spent bootstrapping tablet: real 0.004s user 0.004s sys 0.000s
I0517 05:09:00.101838 4556 raft_consensus.cc:303] T TestTablet P 76818df65961478dad789258853364c5 [term 0 FOLLOWER]: Replica starting. Triggering 0 pending transactions. Active config: opid_index: -1 peers { permanent_uuid: "76818df65961478dad789258853364c5" member_type: VOTER last_known_addr { host: "127.0.0.1" port: 40795 } }
I0517 05:09:00.102176 4556 raft_consensus.cc:329] T TestTablet P 76818df65961478dad789258853364c5 [term 0 FOLLOWER]: Consensus starting up: Expiring failure detector timer to make a prompt election more likely
I0517 05:09:00.102299 4556 raft_consensus.cc:604] T TestTablet P 76818df65961478dad789258853364c5 [term 0 FOLLOWER]: Becoming Follower/Learner. State: Replica: 76818df65961478dad789258853364c5, State: Initialized, Role: FOLLOWER
I0517 05:09:00.102620 4556 consensus_queue.cc:227] T TestTablet P 76818df65961478dad789258853364c5 [NON_LEADER]: Queue going to NON_LEADER mode. State: All replicated index: 0, Majority replicated index: 0, Committed index: 0, Last appended: 0.0, Last appended by leader: 0, Current term: 0, Majority size: -1, State: 0, Mode: NON_LEADER, active raft config: opid_index: -1 peers { permanent_uuid: "76818df65961478dad789258853364c5" member_type: VOTER last_known_addr { host: "127.0.0.1" port: 40795 } }
I0517 05:09:00.102972 4556 raft_consensus.cc:343] T TestTablet P 76818df65961478dad789258853364c5 [term 0 FOLLOWER]: Only one voter in the Raft config. Triggering election immediately
I0517 05:09:00.103098 4556 raft_consensus.cc:435] T TestTablet P 76818df65961478dad789258853364c5 [term 0 FOLLOWER]: Starting leader election (initial election of a single-replica configuration)
I0517 05:09:00.103227 4556 raft_consensus.cc:2704] T TestTablet P 76818df65961478dad789258853364c5: Snoozing failure detection for 2.132s (starting election)
I0517 05:09:00.103364 4556 raft_consensus.cc:2756] T TestTablet P 76818df65961478dad789258853364c5 [term 0 FOLLOWER]: Advancing to term 1
I0517 05:09:00.106667 4556 raft_consensus.cc:457] T TestTablet P 76818df65961478dad789258853364c5 [term 1 FOLLOWER]: Starting leader election with config: opid_index: -1 peers { permanent_uuid: "76818df65961478dad789258853364c5" member_type: VOTER last_known_addr { host: "127.0.0.1" port: 40795 } }
I0517 05:09:00.107053 4556 leader_election.cc:270] T TestTablet P 76818df65961478dad789258853364c5 [CANDIDATE]: Term 1 election: Election decided. Result: candidate won.
I0517 05:09:00.108053 4558 raft_consensus.cc:2704] T TestTablet P 76818df65961478dad789258853364c5: Snoozing failure detection for 1.963s (election complete)
I0517 05:09:00.108254 4558 raft_consensus.cc:2511] T TestTablet P 76818df65961478dad789258853364c5 [term 1 FOLLOWER]: Leader election won for term 1
I0517 05:09:00.109474 4556 ts_tablet_manager.cc:1073] T TestTablet P 76818df65961478dad789258853364c5: Time spent starting tablet: real 0.008s user 0.008s sys 0.000s
W0517 05:09:00.109608 4494 reactor.cc:633] Failed to create an outbound connection to 255.255.255.255:1 because connect() failed: Network error: connect(2) error: Network is unreachable (error 101)
I0517 05:09:00.109774 4558 raft_consensus.cc:571] T TestTablet P 76818df65961478dad789258853364c5 [term 1 LEADER]: Becoming Leader. State: Replica: 76818df65961478dad789258853364c5, State: Running, Role: LEADER
W0517 05:09:00.110007 4554 heartbeater.cc:587] Failed to heartbeat to 255.255.255.255:1: Network error: Failed to ping master at 255.255.255.255:1: connect(2) error: Network is unreachable (error 101)
I0517 05:09:00.110122 4558 consensus_queue.cc:204] T TestTablet P 76818df65961478dad789258853364c5 [LEADER]: Queue going to LEADER mode. State: All replicated index: 0, Majority replicated index: 0, Committed index: 0, Last appended: 0.0, Last appended by leader: 0, Current term: 1, Majority size: 1, State: 0, Mode: LEADER, active raft config: opid_index: -1 peers { permanent_uuid: "76818df65961478dad789258853364c5" member_type: VOTER last_known_addr { host: "127.0.0.1" port: 40795 } }
W0517 05:09:00.110358 4494 reactor.cc:633] Failed to create an outbound connection to 255.255.255.255:1 because connect() failed: Network error: connect(2) error: Network is unreachable (error 101)
W0517 05:09:00.110605 4554 heartbeater.cc:587] Failed to heartbeat to 255.255.255.255:1: Network error: Failed to ping master at 255.255.255.255:1: connect(2) error: Network is unreachable (error 101)
I0517 05:09:00.174702 211 tablet_server.cc:144] TabletServer shutting down...
I0517 05:09:00.189872 211 ts_tablet_manager.cc:1118] Shutting down tablet manager...
I0517 05:09:00.190181 211 tablet_replica.cc:261] T TestTablet P 76818df65961478dad789258853364c5: stopping tablet replica
I0517 05:09:00.190405 211 maintenance_manager.cc:237] P 76818df65961478dad789258853364c5: Unregistered op CompactRowSetsOp(TestTablet)
I0517 05:09:00.190560 211 maintenance_manager.cc:237] P 76818df65961478dad789258853364c5: Unregistered op MinorDeltaCompactionOp(TestTablet)
I0517 05:09:00.190690 211 maintenance_manager.cc:237] P 76818df65961478dad789258853364c5: Unregistered op MajorDeltaCompactionOp(TestTablet)
I0517 05:09:00.190855 211 maintenance_manager.cc:237] P 76818df65961478dad789258853364c5: Unregistered op UndoDeltaBlockGCOp(TestTablet)
I0517 05:09:00.191045 211 maintenance_manager.cc:237] P 76818df65961478dad789258853364c5: Unregistered op FlushMRSOp(TestTablet)
I0517 05:09:00.191159 211 maintenance_manager.cc:237] P 76818df65961478dad789258853364c5: Unregistered op FlushDeltaMemStoresOp(TestTablet)
I0517 05:09:00.191270 211 maintenance_manager.cc:237] P 76818df65961478dad789258853364c5: Unregistered op LogGCOp(TestTablet)
I0517 05:09:00.191380 211 raft_consensus.cc:2016] T TestTablet P 76818df65961478dad789258853364c5 [term 1 LEADER]: Raft consensus shutting down.
I0517 05:09:00.191584 211 raft_consensus.cc:2043] T TestTablet P 76818df65961478dad789258853364c5 [term 1 FOLLOWER]: Raft consensus is shut down!
I0517 05:09:00.208988 211 tablet_server.cc:157] TabletServer shutdown complete.
I0517 05:09:00.209143 211 tablet_server.cc:144] TabletServer shutting down...
I0517 05:09:00.209437 211 tablet_server.cc:157] TabletServer shutdown complete. [ OK ] TabletServerTest.TestScanWithStringPredicates (240 ms) [ RUN ] TabletServerTest.TestNonPositiveLimitsShortCircuit
I0517 05:09:00.231180 211 system_ntp.cc:143] NTP initialized. Skew: 500ppm Current error: 1050361us
I0517 05:09:00.231516 211 fs_manager.cc:260] Metadata directory not provided
I0517 05:09:00.231655 211 fs_manager.cc:266] Using write-ahead log directory (fs_wal_dir) as metadata directory
I0517 05:09:00.231864 211 server_base.cc:432] Could not load existing FS layout: Not found: /tmp/dist-test-taskWs1ZT3/test-tmp/tablet_server-test.0.TabletServerTest.TestNonPositiveLimitsShortCircuit.1526533719119959-211/TabletServerTest-fsroot/instance: No such file or directory (error 2)
I0517 05:09:00.232000 211 server_base.cc:433] Attempting to create new FS layout instead
I0517 05:09:00.238595 211 fs_manager.cc:595] Generated new instance metadata in path /tmp/dist-test-taskWs1ZT3/test-tmp/tablet_server-test.0.TabletServerTest.TestNonPositiveLimitsShortCircuit.1526533719119959-211/TabletServerTest-fsroot/instance: uuid: "35548525632343a08b72ff45bd8bf724" format_stamp: "Formatted at 2018-05-17 05:09:00 on dist-test-slave-dist-test-slave-djmg"
I0517 05:09:00.247635 211 fs_manager.cc:495] Time spent creating directory manager: real 0.009s user 0.012s sys 0.000s
I0517 05:09:00.248972 211 file_cache.cc:470] Constructed file cache lbm with capacity 26214
I0517 05:09:00.256211 211 fs_manager.cc:417] Time spent opening block manager: real 0.001s user 0.004s sys 0.000s
I0517 05:09:00.256350 211 fs_manager.cc:428] Opened local filesystem: /tmp/dist-test-taskWs1ZT3/test-tmp/tablet_server-test.0.TabletServerTest.TestNonPositiveLimitsShortCircuit.1526533719119959-211/TabletServerTest-fsroot uuid: "35548525632343a08b72ff45bd8bf724" format_stamp: "Formatted at 2018-05-17 05:09:00 on dist-test-slave-dist-test-slave-djmg"
I0517 05:09:00.256546 211 fs_report.cc:347] Block manager report -------------------- 1 data directories: /tmp/dist-test-taskWs1ZT3/test-tmp/tablet_server-test.0.TabletServerTest.TestNonPositiveLimitsShortCircuit.1526533719119959-211/TabletServerTest-fsroot/data Total live blocks: 0 Total live bytes: 0 Total live bytes (after alignment): 0 Total number of LBM containers: 0 (0 full) Did not check for missing blocks Did not check for orphaned blocks Total full LBM containers with extra space: 0 (0 repaired) Total full LBM container extra space in bytes: 0 (0 repaired) Total incomplete LBM containers: 0 (0 repaired) Total LBM partial records: 0 (0 repaired)
I0517 05:09:00.283504 211 ts_tablet_manager.cc:356] Loaded tablet metadata (0 live tablets)
I0517 05:09:00.310992 211 rpc_server.cc:205] RPC server started. Bound to: 127.0.0.1:53135
I0517 05:09:00.311875 211 webserver.cc:173] Starting webserver on 127.0.0.1:0
I0517 05:09:00.311982 211 webserver.cc:184] Document root disabled
I0517 05:09:00.312855 211 webserver.cc:311] Webserver started. Bound to: http://127.0.0.1:48394/
I0517 05:09:00.314252 4633 maintenance_manager.cc:249] Maintenance manager is disabled. Stopping thread.
W0517 05:09:00.314239 4572 reactor.cc:633] Failed to create an outbound connection to 255.255.255.255:1 because connect() failed: Network error: connect(2) error: Network is unreachable (error 101)
I0517 05:09:00.314607 211 data_dirs.cc:934] Could only allocate 1 dirs of requested 3 for tablet TestTablet. 1 dirs total, 0 dirs full, 0 dirs failed
W0517 05:09:00.314788 4632 heartbeater.cc:587] Failed to heartbeat to 255.255.255.255:1: Network error: Failed to ping master at 255.255.255.255:1: connect(2) error: Network is unreachable (error 101)
W0517 05:09:00.315209 4572 reactor.cc:633] Failed to create an outbound connection to 255.255.255.255:1 because connect() failed: Network error: connect(2) error: Network is unreachable (error 101)
W0517 05:09:00.315495 4632 heartbeater.cc:587] Failed to heartbeat to 255.255.255.255:1: Network error: Failed to ping master at 255.255.255.255:1: connect(2) error: Network is unreachable (error 101)
W0517 05:09:00.316000 4572 reactor.cc:633] Failed to create an outbound connection to 255.255.255.255:1 because connect() failed: Network error: connect(2) error: Network is unreachable (error 101)
W0517 05:09:00.316264 4632 heartbeater.cc:587] Failed to heartbeat to 255.255.255.255:1: Network error: Failed to ping master at 255.255.255.255:1: connect(2) error: Network is unreachable (error 101)
W0517 05:09:00.316383 4632 heartbeater.cc:380] Failed 3 heartbeats in a row: no longer allowing fast heartbeat attempts.
I0517 05:09:00.322185 211 ts_tablet_manager.cc:1173] T TestTablet P 35548525632343a08b72ff45bd8bf724: Registered tablet (data state: TABLET_DATA_READY)
I0517 05:09:00.323105 4634 ts_tablet_manager.cc:1028] T TestTablet P 35548525632343a08b72ff45bd8bf724: Bootstrapping tablet
I0517 05:09:00.323390 4634 tablet_bootstrap.cc:436] T TestTablet P 35548525632343a08b72ff45bd8bf724: Bootstrap starting.
I0517 05:09:00.325032 4634 tablet_bootstrap.cc:587] T TestTablet P 35548525632343a08b72ff45bd8bf724: No blocks or log segments found. Creating new log.
I0517 05:09:00.327369 4634 tablet_bootstrap.cc:436] T TestTablet P 35548525632343a08b72ff45bd8bf724: No bootstrap required, opened a new log
I0517 05:09:00.327625 4634 ts_tablet_manager.cc:1045] T TestTablet P 35548525632343a08b72ff45bd8bf724: Time spent bootstrapping tablet: real 0.004s user 0.000s sys 0.000s
I0517 05:09:00.328543 4634 raft_consensus.cc:303] T TestTablet P 35548525632343a08b72ff45bd8bf724 [term 0 FOLLOWER]: Replica starting. Triggering 0 pending transactions. Active config: opid_index: -1 peers { permanent_uuid: "35548525632343a08b72ff45bd8bf724" member_type: VOTER last_known_addr { host: "127.0.0.1" port: 53135 } }
I0517 05:09:00.328914 4634 raft_consensus.cc:329] T TestTablet P 35548525632343a08b72ff45bd8bf724 [term 0 FOLLOWER]: Consensus starting up: Expiring failure detector timer to make a prompt election more likely
I0517 05:09:00.329036 4634 raft_consensus.cc:604] T TestTablet P 35548525632343a08b72ff45bd8bf724 [term 0 FOLLOWER]: Becoming Follower/Learner. State: Replica: 35548525632343a08b72ff45bd8bf724, State: Initialized, Role: FOLLOWER
I0517 05:09:00.329344 4634 consensus_queue.cc:227] T TestTablet P 35548525632343a08b72ff45bd8bf724 [NON_LEADER]: Queue going to NON_LEADER mode. State: All replicated index: 0, Majority replicated index: 0, Committed index: 0, Last appended: 0.0, Last appended by leader: 0, Current term: 0, Majority size: -1, State: 0, Mode: NON_LEADER, active raft config: opid_index: -1 peers { permanent_uuid: "35548525632343a08b72ff45bd8bf724" member_type: VOTER last_known_addr { host: "127.0.0.1" port: 53135 } }
I0517 05:09:00.329699 4634 raft_consensus.cc:343] T TestTablet P 35548525632343a08b72ff45bd8bf724 [term 0 FOLLOWER]: Only one voter in the Raft config. Triggering election immediately
I0517 05:09:00.329862 4634 raft_consensus.cc:435] T TestTablet P 35548525632343a08b72ff45bd8bf724 [term 0 FOLLOWER]: Starting leader election (initial election of a single-replica configuration)
I0517 05:09:00.329993 4634 raft_consensus.cc:2704] T TestTablet P 35548525632343a08b72ff45bd8bf724: Snoozing failure detection for 1.966s (starting election)
I0517 05:09:00.330134 4634 raft_consensus.cc:2756] T TestTablet P 35548525632343a08b72ff45bd8bf724 [term 0 FOLLOWER]: Advancing to term 1
I0517 05:09:00.333822 4634 raft_consensus.cc:457] T TestTablet P 35548525632343a08b72ff45bd8bf724 [term 1 FOLLOWER]: Starting leader election with config: opid_index: -1 peers { permanent_uuid: "35548525632343a08b72ff45bd8bf724" member_type: VOTER last_known_addr { host: "127.0.0.1" port: 53135 } }
I0517 05:09:00.334199 4634 leader_election.cc:270] T TestTablet P 35548525632343a08b72ff45bd8bf724 [CANDIDATE]: Term 1 election: Election decided. Result: candidate won.
I0517 05:09:00.335283 4636 raft_consensus.cc:2704] T TestTablet P 35548525632343a08b72ff45bd8bf724: Snoozing failure detection for 1.820s (election complete)
I0517 05:09:00.335475 4636 raft_consensus.cc:2511] T TestTablet P 35548525632343a08b72ff45bd8bf724 [term 1 FOLLOWER]: Leader election won for term 1
W0517 05:09:00.336175 4572 reactor.cc:633] Failed to create an outbound connection to 255.255.255.255:1 because connect() failed: Network error: connect(2) error: Network is unreachable (error 101)
I0517 05:09:00.336381 4634 ts_tablet_manager.cc:1073] T TestTablet P 35548525632343a08b72ff45bd8bf724: Time spent starting tablet: real 0.009s user 0.012s sys 0.000s
W0517 05:09:00.336485 4632 heartbeater.cc:587] Failed to heartbeat to 255.255.255.255:1: Network error: Failed to ping master at 255.255.255.255:1: connect(2) error: Network is unreachable (error 101)
W0517 05:09:00.336905 4572 reactor.cc:633] Failed to create an outbound connection to 255.255.255.255:1 because connect() failed: Network error: connect(2) error: Network is unreachable (error 101)
I0517 05:09:00.336931 4636 raft_consensus.cc:571] T TestTablet P 35548525632343a08b72ff45bd8bf724 [term 1 LEADER]: Becoming Leader. State: Replica: 35548525632343a08b72ff45bd8bf724, State: Running, Role: LEADER
W0517 05:09:00.337211 4632 heartbeater.cc:587] Failed to heartbeat to 255.255.255.255:1: Network error: Failed to ping master at 255.255.255.255:1: connect(2) error: Network is unreachable (error 101)
I0517 05:09:00.337256 4636 consensus_queue.cc:204] T TestTablet P 35548525632343a08b72ff45bd8bf724 [LEADER]: Queue going to LEADER mode. State: All replicated index: 0, Majority replicated index: 0, Committed index: 0, Last appended: 0.0, Last appended by leader: 0, Current term: 1, Majority size: 1, State: 0, Mode: LEADER, active raft config: opid_index: -1 peers { permanent_uuid: "35548525632343a08b72ff45bd8bf724" member_type: VOTER last_known_addr { host: "127.0.0.1" port: 53135 } }
I0517 05:09:00.356238 211 tablet_server.cc:144] TabletServer shutting down...
I0517 05:09:00.366211 211 ts_tablet_manager.cc:1118] Shutting down tablet manager...
I0517 05:09:00.366466 211 tablet_replica.cc:261] T TestTablet P 35548525632343a08b72ff45bd8bf724: stopping tablet replica
I0517 05:09:00.366642 211 maintenance_manager.cc:237] P 35548525632343a08b72ff45bd8bf724: Unregistered op CompactRowSetsOp(TestTablet)
I0517 05:09:00.366780 211 maintenance_manager.cc:237] P 35548525632343a08b72ff45bd8bf724: Unregistered op MinorDeltaCompactionOp(TestTablet)
I0517 05:09:00.366888 211 maintenance_manager.cc:237] P 35548525632343a08b72ff45bd8bf724: Unregistered op MajorDeltaCompactionOp(TestTablet)
I0517 05:09:00.366993 211 maintenance_manager.cc:237] P 35548525632343a08b72ff45bd8bf724: Unregistered op UndoDeltaBlockGCOp(TestTablet)
I0517 05:09:00.367108 211 maintenance_manager.cc:237] P 35548525632343a08b72ff45bd8bf724: Unregistered op FlushMRSOp(TestTablet)
I0517 05:09:00.367208 211 maintenance_manager.cc:237] P 35548525632343a08b72ff45bd8bf724: Unregistered op FlushDeltaMemStoresOp(TestTablet)
I0517 05:09:00.367295 211 maintenance_manager.cc:237] P 35548525632343a08b72ff45bd8bf724: Unregistered op LogGCOp(TestTablet)
I0517 05:09:00.367393 211 raft_consensus.cc:2016] T TestTablet P 35548525632343a08b72ff45bd8bf724 [term 1 LEADER]: Raft consensus shutting down.
I0517 05:09:00.367597 211 raft_consensus.cc:2043] T TestTablet P 35548525632343a08b72ff45bd8bf724 [term 1 FOLLOWER]: Raft consensus is shut down!
I0517 05:09:00.374886 211 tablet_server.cc:157] TabletServer shutdown complete.
I0517 05:09:00.375075 211 tablet_server.cc:144] TabletServer shutting down...
I0517 05:09:00.375329 211 tablet_server.cc:157] TabletServer shutdown complete. [ OK ] TabletServerTest.TestNonPositiveLimitsShortCircuit (165 ms) [ RUN ] TabletServerTest.TestRandomizedScanLimits
I0517 05:09:00.395790 211 system_ntp.cc:143] NTP initialized. Skew: 500ppm Current error: 1050361us
I0517 05:09:00.396123 211 fs_manager.cc:260] Metadata directory not provided
I0517 05:09:00.396234 211 fs_manager.cc:266] Using write-ahead log directory (fs_wal_dir) as metadata directory
I0517 05:09:00.396385 211 server_base.cc:432] Could not load existing FS layout: Not found: /tmp/dist-test-taskWs1ZT3/test-tmp/tablet_server-test.0.TabletServerTest.TestRandomizedScanLimits.1526533719119959-211/TabletServerTest-fsroot/instance: No such file or directory (error 2)
I0517 05:09:00.396514 211 server_base.cc:433] Attempting to create new FS layout instead
I0517 05:09:00.402376 211 fs_manager.cc:595] Generated new instance metadata in path /tmp/dist-test-taskWs1ZT3/test-tmp/tablet_server-test.0.TabletServerTest.TestRandomizedScanLimits.1526533719119959-211/TabletServerTest-fsroot/instance: uuid: "eeb4f9219e2545fbb2cb86040f5e0c54" format_stamp: "Formatted at 2018-05-17 05:09:00 on dist-test-slave-dist-test-slave-djmg"
I0517 05:09:00.410531 211 fs_manager.cc:495] Time spent creating directory manager: real 0.008s user 0.012s sys 0.000s
I0517 05:09:00.411898 211 file_cache.cc:470] Constructed file cache lbm with capacity 26214
I0517 05:09:00.418762 211 fs_manager.cc:417] Time spent opening block manager: real 0.001s user 0.004s sys 0.000s
I0517 05:09:00.418903 211 fs_manager.cc:428] Opened local filesystem: /tmp/dist-test-taskWs1ZT3/test-tmp/tablet_server-test.0.TabletServerTest.TestRandomizedScanLimits.1526533719119959-211/TabletServerTest-fsroot uuid: "eeb4f9219e2545fbb2cb86040f5e0c54" format_stamp: "Formatted at 2018-05-17 05:09:00 on dist-test-slave-dist-test-slave-djmg"
I0517 05:09:00.419145 211 fs_report.cc:347] Block manager report -------------------- 1 data directories: /tmp/dist-test-taskWs1ZT3/test-tmp/tablet_server-test.0.TabletServerTest.TestRandomizedScanLimits.1526533719119959-211/TabletServerTest-fsroot/data Total live blocks: 0 Total live bytes: 0 Total live bytes (after alignment): 0 Total number of LBM containers: 0 (0 full) Did not check for missing blocks Did not check for orphaned blocks Total full LBM containers with extra space: 0 (0 repaired) Total full LBM container extra space in bytes: 0 (0 repaired) Total incomplete LBM containers: 0 (0 repaired) Total LBM partial records: 0 (0 repaired)
I0517 05:09:00.450834 211 ts_tablet_manager.cc:356] Loaded tablet metadata (0 live tablets)
I0517 05:09:00.478935 211 rpc_server.cc:205] RPC server started. Bound to: 127.0.0.1:53619
I0517 05:09:00.479759 211 webserver.cc:173] Starting webserver on 127.0.0.1:0
I0517 05:09:00.479868 211 webserver.cc:184] Document root disabled
I0517 05:09:00.480718 211 webserver.cc:311] Webserver started. Bound to: http://127.0.0.1:56393/
W0517 05:09:00.481830 4650 reactor.cc:633] Failed to create an outbound connection to 255.255.255.255:1 because connect() failed: Network error: connect(2) error: Network is unreachable (error 101)
I0517 05:09:00.482002 4711 maintenance_manager.cc:249] Maintenance manager is disabled. Stopping thread.
W0517 05:09:00.482177 4710 heartbeater.cc:587] Failed to heartbeat to 255.255.255.255:1: Network error: Failed to ping master at 255.255.255.255:1: connect(2) error: Network is unreachable (error 101)
I0517 05:09:00.482436 211 data_dirs.cc:934] Could only allocate 1 dirs of requested 3 for tablet TestTablet. 1 dirs total, 0 dirs full, 0 dirs failed
W0517 05:09:00.482566 4650 reactor.cc:633] Failed to create an outbound connection to 255.255.255.255:1 because connect() failed: Network error: connect(2) error: Network is unreachable (error 101)
W0517 05:09:00.482854 4710 heartbeater.cc:587] Failed to heartbeat to 255.255.255.255:1: Network error: Failed to ping master at 255.255.255.255:1: connect(2) error: Network is unreachable (error 101)
W0517 05:09:00.483239 4650 reactor.cc:633] Failed to create an outbound connection to 255.255.255.255:1 because connect() failed: Network error: connect(2) error: Network is unreachable (error 101)
W0517 05:09:00.483503 4710 heartbeater.cc:587] Failed to heartbeat to 255.255.255.255:1: Network error: Failed to ping master at 255.255.255.255:1: connect(2) error: Network is unreachable (error 101)
W0517 05:09:00.483625 4710 heartbeater.cc:380] Failed 3 heartbeats in a row: no longer allowing fast heartbeat attempts.
I0517 05:09:00.489900 211 ts_tablet_manager.cc:1173] T TestTablet P eeb4f9219e2545fbb2cb86040f5e0c54: Registered tablet (data state: TABLET_DATA_READY)
I0517 05:09:00.490885 4712 ts_tablet_manager.cc:1028] T TestTablet P eeb4f9219e2545fbb2cb86040f5e0c54: Bootstrapping tablet
I0517 05:09:00.491153 4712 tablet_bootstrap.cc:436] T TestTablet P eeb4f9219e2545fbb2cb86040f5e0c54: Bootstrap starting.
I0517 05:09:00.492848 4712 tablet_bootstrap.cc:587] T TestTablet P eeb4f9219e2545fbb2cb86040f5e0c54: No blocks or log segments found. Creating new log.
I0517 05:09:00.495085 4712 tablet_bootstrap.cc:436] T TestTablet P eeb4f9219e2545fbb2cb86040f5e0c54: No bootstrap required, opened a new log
I0517 05:09:00.495316 4712 ts_tablet_manager.cc:1045] T TestTablet P eeb4f9219e2545fbb2cb86040f5e0c54: Time spent bootstrapping tablet: real 0.004s user 0.000s sys 0.000s
I0517 05:09:00.496244 4712 raft_consensus.cc:303] T TestTablet P eeb4f9219e2545fbb2cb86040f5e0c54 [term 0 FOLLOWER]: Replica starting. Triggering 0 pending transactions. Active config: opid_index: -1 peers { permanent_uuid: "eeb4f9219e2545fbb2cb86040f5e0c54" member_type: VOTER last_known_addr { host: "127.0.0.1" port: 53619 } }
