I0517 05:08:54.354745 211 multi_column_writer.cc:98] Opened CFile writers for 3 column(s)
I0517 05:08:54.361800 211 tablet.cc:1528] T TestTablet P 6609b8a3aafe41ecbec3bfd356ccaa5a: Flush: entering phase 2 (starting to duplicate updates in new rowsets)
I0517 05:08:54.362645 211 tablet.cc:1583] T TestTablet P 6609b8a3aafe41ecbec3bfd356ccaa5a: Flush Phase 2: carrying over any updates which arrived during Phase 1
I0517 05:08:54.362774 211 tablet.cc:1585] T TestTablet P 6609b8a3aafe41ecbec3bfd356ccaa5a: Phase 2 snapshot: MvccSnapshot[committed={T|T < 6252682175905062912 or (T in {6252682175905062912})}]
I0517 05:08:54.370570 211 tablet.cc:1633] T TestTablet P 6609b8a3aafe41ecbec3bfd356ccaa5a: Flush successful on 5 rows (4676 bytes)
I0517 05:08:54.379881 211 tablet.cc:1152] T TestTablet P 6609b8a3aafe41ecbec3bfd356ccaa5a: Flush: entering stage 1 (old memrowset already frozen for inserts)
I0517 05:08:54.380053 211 compaction.cc:913] Selected 1 rowsets to compact:
I0517 05:08:54.380144 211 compaction.cc:916] memrowset(current size on disk: ~0 bytes)
I0517 05:08:54.380229 211 tablet.cc:1154] T TestTablet P 6609b8a3aafe41ecbec3bfd356ccaa5a: Memstore in-memory size: 763 bytes
I0517 05:08:54.380336 211 tablet.cc:1443] T TestTablet P 6609b8a3aafe41ecbec3bfd356ccaa5a: Flush: entering phase 1 (flushing snapshot). Phase 1 snapshot: MvccSnapshot[committed={T|T < 6252682176015876096 or (T in {6252682176015876096})}]
I0517 05:08:54.381785 211 multi_column_writer.cc:98] Opened CFile writers for 3 column(s)
I0517 05:08:54.388720 211 tablet.cc:1528] T TestTablet P 6609b8a3aafe41ecbec3bfd356ccaa5a: Flush: entering phase 2 (starting to duplicate updates in new rowsets)
I0517 05:08:54.389605 211 tablet.cc:1583] T TestTablet P 6609b8a3aafe41ecbec3bfd356ccaa5a: Flush Phase 2: carrying over any updates which arrived during Phase 1
I0517 05:08:54.389742 211 tablet.cc:1585] T TestTablet P 6609b8a3aafe41ecbec3bfd356ccaa5a: Phase 2 snapshot: MvccSnapshot[committed={T|T < 6252682176015876096 or (T in {6252682176015876096})}]
I0517 05:08:54.397554 211 tablet.cc:1633] T TestTablet P 6609b8a3aafe41ecbec3bfd356ccaa5a: Flush successful on 5 rows (4676 bytes)
I0517 05:08:54.406987 211 tablet.cc:1152] T TestTablet P 6609b8a3aafe41ecbec3bfd356ccaa5a: Flush: entering stage 1 (old memrowset already frozen for inserts)
I0517 05:08:54.407177 211 compaction.cc:913] Selected 1 rowsets to compact:
I0517 05:08:54.407270 211 compaction.cc:916] memrowset(current size on disk: ~0 bytes)
I0517 05:08:54.407357 211 tablet.cc:1154] T TestTablet P 6609b8a3aafe41ecbec3bfd356ccaa5a: Memstore in-memory size: 763 bytes
I0517 05:08:54.407469 211 tablet.cc:1443] T TestTablet P 6609b8a3aafe41ecbec3bfd356ccaa5a: Flush: entering phase 1 (flushing snapshot). Phase 1 snapshot: MvccSnapshot[committed={T|T < 6252682176126664704 or (T in {6252682176126664704})}]
I0517 05:08:54.408881 211 multi_column_writer.cc:98] Opened CFile writers for 3 column(s)
I0517 05:08:54.415916 211 tablet.cc:1528] T TestTablet P 6609b8a3aafe41ecbec3bfd356ccaa5a: Flush: entering phase 2 (starting to duplicate updates in new rowsets)
I0517 05:08:54.416862 211 tablet.cc:1583] T TestTablet P 6609b8a3aafe41ecbec3bfd356ccaa5a: Flush Phase 2: carrying over any updates which arrived during Phase 1
I0517 05:08:54.416988 211 tablet.cc:1585] T TestTablet P 6609b8a3aafe41ecbec3bfd356ccaa5a: Phase 2 snapshot: MvccSnapshot[committed={T|T < 6252682176126664704 or (T in {6252682176126664704})}]
I0517 05:08:54.424928 211 tablet.cc:1633] T TestTablet P 6609b8a3aafe41ecbec3bfd356ccaa5a: Flush successful on 5 rows (4676 bytes)
I0517 05:08:54.435219 211 tablet.cc:1152] T TestTablet P 6609b8a3aafe41ecbec3bfd356ccaa5a: Flush: entering stage 1 (old memrowset already frozen for inserts)
I0517 05:08:54.435392 211 compaction.cc:913] Selected 1 rowsets to compact:
I0517 05:08:54.435483 211 compaction.cc:916] memrowset(current size on disk: ~0 bytes)
I0517 05:08:54.435571 211 tablet.cc:1154] T TestTablet P 6609b8a3aafe41ecbec3bfd356ccaa5a: Memstore in-memory size: 763 bytes
I0517 05:08:54.435688 211 tablet.cc:1443] T TestTablet P 6609b8a3aafe41ecbec3bfd356ccaa5a: Flush: entering phase 1 (flushing snapshot). Phase 1 snapshot: MvccSnapshot[committed={T|T < 6252682176242216960 or (T in {6252682176242216960})}]
I0517 05:08:54.437091 211 multi_column_writer.cc:98] Opened CFile writers for 3 column(s)
I0517 05:08:54.444036 211 tablet.cc:1528] T TestTablet P 6609b8a3aafe41ecbec3bfd356ccaa5a: Flush: entering phase 2 (starting to duplicate updates in new rowsets)
I0517 05:08:54.445081 211 tablet.cc:1583] T TestTablet P 6609b8a3aafe41ecbec3bfd356ccaa5a: Flush Phase 2: carrying over any updates which arrived during Phase 1
I0517 05:08:54.445221 211 tablet.cc:1585] T TestTablet P 6609b8a3aafe41ecbec3bfd356ccaa5a: Phase 2 snapshot: MvccSnapshot[committed={T|T < 6252682176242216960 or (T in {6252682176242216960})}]
I0517 05:08:54.453322 211 tablet.cc:1633] T TestTablet P 6609b8a3aafe41ecbec3bfd356ccaa5a: Flush successful on 5 rows (4676 bytes)
I0517 05:08:54.463654 211 tablet.cc:1152] T TestTablet P 6609b8a3aafe41ecbec3bfd356ccaa5a: Flush: entering stage 1 (old memrowset already frozen for inserts)
I0517 05:08:54.463847 211 compaction.cc:913] Selected 1 rowsets to compact:
I0517 05:08:54.463943 211 compaction.cc:916] memrowset(current size on disk: ~0 bytes)
I0517 05:08:54.464030 211 tablet.cc:1154] T TestTablet P 6609b8a3aafe41ecbec3bfd356ccaa5a: Memstore in-memory size: 763 bytes
I0517 05:08:54.464143 211 tablet.cc:1443] T TestTablet P 6609b8a3aafe41ecbec3bfd356ccaa5a: Flush: entering phase 1 (flushing snapshot). Phase 1 snapshot: MvccSnapshot[committed={T|T < 6252682176358219776 or (T in {6252682176358219776})}]
I0517 05:08:54.465560 211 multi_column_writer.cc:98] Opened CFile writers for 3 column(s)
I0517 05:08:54.472579 211 tablet.cc:1528] T TestTablet P 6609b8a3aafe41ecbec3bfd356ccaa5a: Flush: entering phase 2 (starting to duplicate updates in new rowsets)
I0517 05:08:54.473696 211 tablet.cc:1583] T TestTablet P 6609b8a3aafe41ecbec3bfd356ccaa5a: Flush Phase 2: carrying over any updates which arrived during Phase 1
I0517 05:08:54.473825 211 tablet.cc:1585] T TestTablet P 6609b8a3aafe41ecbec3bfd356ccaa5a: Phase 2 snapshot: MvccSnapshot[committed={T|T < 6252682176358219776 or (T in {6252682176358219776})}]
I0517 05:08:54.482110 211 tablet.cc:1633] T TestTablet P 6609b8a3aafe41ecbec3bfd356ccaa5a: Flush successful on 5 rows (4676 bytes)
I0517 05:08:54.493024 211 tablet.cc:1152] T TestTablet P 6609b8a3aafe41ecbec3bfd356ccaa5a: Flush: entering stage 1 (old memrowset already frozen for inserts)
I0517 05:08:54.493208 211 compaction.cc:913] Selected 1 rowsets to compact:
I0517 05:08:54.493322 211 compaction.cc:916] memrowset(current size on disk: ~0 bytes)
I0517 05:08:54.493408 211 tablet.cc:1154] T TestTablet P 6609b8a3aafe41ecbec3bfd356ccaa5a: Memstore in-memory size: 763 bytes
I0517 05:08:54.493523 211 tablet.cc:1443] T TestTablet P 6609b8a3aafe41ecbec3bfd356ccaa5a: Flush: entering phase 1 (flushing snapshot). Phase 1 snapshot: MvccSnapshot[committed={T|T < 6252682176477990912 or (T in {6252682176477990912})}]
I0517 05:08:54.495148 211 multi_column_writer.cc:98] Opened CFile writers for 3 column(s)
I0517 05:08:54.503731 211 tablet.cc:1528] T TestTablet P 6609b8a3aafe41ecbec3bfd356ccaa5a: Flush: entering phase 2 (starting to duplicate updates in new rowsets)
I0517 05:08:54.505357 211 tablet.cc:1583] T TestTablet P 6609b8a3aafe41ecbec3bfd356ccaa5a: Flush Phase 2: carrying over any updates which arrived during Phase 1
I0517 05:08:54.505579 211 tablet.cc:1585] T TestTablet P 6609b8a3aafe41ecbec3bfd356ccaa5a: Phase 2 snapshot: MvccSnapshot[committed={T|T < 6252682176477990912 or (T in {6252682176477990912})}]
I0517 05:08:54.518158 211 tablet.cc:1633] T TestTablet P 6609b8a3aafe41ecbec3bfd356ccaa5a: Flush successful on 5 rows (4676 bytes)
I0517 05:08:54.533571 211 tablet.cc:1152] T TestTablet P 6609b8a3aafe41ecbec3bfd356ccaa5a: Flush: entering stage 1 (old memrowset already frozen for inserts)
I0517 05:08:54.533771 211 compaction.cc:913] Selected 1 rowsets to compact:
I0517 05:08:54.533857 211 compaction.cc:916] memrowset(current size on disk: ~0 bytes)
I0517 05:08:54.533942 211 tablet.cc:1154] T TestTablet P 6609b8a3aafe41ecbec3bfd356ccaa5a: Memstore in-memory size: 763 bytes
I0517 05:08:54.534052 211 tablet.cc:1443] T TestTablet P 6609b8a3aafe41ecbec3bfd356ccaa5a: Flush: entering phase 1 (flushing snapshot). Phase 1 snapshot: MvccSnapshot[committed={T|T < 6252682176643592192 or (T in {6252682176643592192})}]
I0517 05:08:54.535523 211 multi_column_writer.cc:98] Opened CFile writers for 3 column(s)
I0517 05:08:54.542693 211 tablet.cc:1528] T TestTablet P 6609b8a3aafe41ecbec3bfd356ccaa5a: Flush: entering phase 2 (starting to duplicate updates in new rowsets)
I0517 05:08:54.543872 211 tablet.cc:1583] T TestTablet P 6609b8a3aafe41ecbec3bfd356ccaa5a: Flush Phase 2: carrying over any updates which arrived during Phase 1
I0517 05:08:54.543998 211 tablet.cc:1585] T TestTablet P 6609b8a3aafe41ecbec3bfd356ccaa5a: Phase 2 snapshot: MvccSnapshot[committed={T|T < 6252682176643592192 or (T in {6252682176643592192})}]
I0517 05:08:54.552475 211 tablet.cc:1633] T TestTablet P 6609b8a3aafe41ecbec3bfd356ccaa5a: Flush successful on 5 rows (4676 bytes)
W0517 05:08:54.763969 4015 reactor.cc:633] Failed to create an outbound connection to 255.255.255.255:1 because connect() failed: Network error: connect(2) error: Network is unreachable (error 101)
W0517 05:08:54.764353 4075 heartbeater.cc:587] Failed to heartbeat to 255.255.255.255:1: Network error: Failed to ping master at 255.255.255.255:1: connect(2) error: Network is unreachable (error 101)
W0517 05:08:55.765125 4015 reactor.cc:633] Failed to create an outbound connection to 255.255.255.255:1 because connect() failed: Network error: connect(2) error: Network is unreachable (error 101)
W0517 05:08:55.765481 4075 heartbeater.cc:587] Failed to heartbeat to 255.255.255.255:1: Network error: Failed to ping master at 255.255.255.255:1: connect(2) error: Network is unreachable (error 101)
W0517 05:08:56.766167 4015 reactor.cc:633] Failed to create an outbound connection to 255.255.255.255:1 because connect() failed: Network error: connect(2) error: Network is unreachable (error 101)
W0517 05:08:56.766547 4075 heartbeater.cc:587] Failed to heartbeat to 255.255.255.255:1: Network error: Failed to ping master at 255.255.255.255:1: connect(2) error: Network is unreachable (error 101)
W0517 05:08:57.767282 4015 reactor.cc:633] Failed to create an outbound connection to 255.255.255.255:1 because connect() failed: Network error: connect(2) error: Network is unreachable (error 101)
W0517 05:08:57.767675 4075 heartbeater.cc:587] Failed to heartbeat to 255.255.255.255:1: Network error: Failed to ping master at 255.255.255.255:1: connect(2) error: Network is unreachable (error 101)
I0517 05:08:58.459769 211 tablet_server.cc:144] TabletServer shutting down...
I0517 05:08:58.472851 211 ts_tablet_manager.cc:1118] Shutting down tablet manager...
I0517 05:08:58.473088 211 tablet_replica.cc:261] T TestTablet P 6609b8a3aafe41ecbec3bfd356ccaa5a: stopping tablet replica
I0517 05:08:58.473302 211 maintenance_manager.cc:237] P 6609b8a3aafe41ecbec3bfd356ccaa5a: Unregistered op CompactRowSetsOp(TestTablet)
I0517 05:08:58.473512 211 maintenance_manager.cc:237] P 6609b8a3aafe41ecbec3bfd356ccaa5a: Unregistered op MinorDeltaCompactionOp(TestTablet)
I0517 05:08:58.473675 211 maintenance_manager.cc:237] P 6609b8a3aafe41ecbec3bfd356ccaa5a: Unregistered op MajorDeltaCompactionOp(TestTablet)
I0517 05:08:58.473830 211 maintenance_manager.cc:237] P 6609b8a3aafe41ecbec3bfd356ccaa5a: Unregistered op UndoDeltaBlockGCOp(TestTablet)
I0517 05:08:58.474000 211 maintenance_manager.cc:237] P 6609b8a3aafe41ecbec3bfd356ccaa5a: Unregistered op FlushMRSOp(TestTablet)
I0517 05:08:58.474169 211 maintenance_manager.cc:237] P 6609b8a3aafe41ecbec3bfd356ccaa5a: Unregistered op FlushDeltaMemStoresOp(TestTablet)
I0517 05:08:58.474323 211 maintenance_manager.cc:237] P 6609b8a3aafe41ecbec3bfd356ccaa5a: Unregistered op LogGCOp(TestTablet)
I0517 05:08:58.474454 211 raft_consensus.cc:2016] T TestTablet P 6609b8a3aafe41ecbec3bfd356ccaa5a [term 1 LEADER]: Raft consensus shutting down.
I0517 05:08:58.474680 211 raft_consensus.cc:2043] T TestTablet P 6609b8a3aafe41ecbec3bfd356ccaa5a [term 1 FOLLOWER]: Raft consensus is shut down!
I0517 05:08:58.490422 211 tablet_server.cc:157] TabletServer shutdown complete.
I0517 05:08:58.490600 211 tablet_server.cc:144] TabletServer shutting down...
I0517 05:08:58.490885 211 tablet_server.cc:157] TabletServer shutdown complete. [ OK ] TabletServerTest.TestSnapshotScan_LastRow (5255 ms) [ RUN ] TabletServerTest.TestSnapshotScan_SnapshotInTheFutureWithPropagatedTimestamp
I0517 05:08:58.913206 211 system_ntp.cc:143] NTP initialized. Skew: 500ppm Current error: 1049361us
I0517 05:08:58.913596 211 fs_manager.cc:260] Metadata directory not provided
I0517 05:08:58.913724 211 fs_manager.cc:266] Using write-ahead log directory (fs_wal_dir) as metadata directory
I0517 05:08:58.913894 211 server_base.cc:432] Could not load existing FS layout: Not found: /tmp/dist-test-taskWs1ZT3/test-tmp/tablet_server-test.0.TabletServerTest.TestSnapshotScan_SnapshotInTheFutureWithPropagatedTimestamp.1526533719119959-211/TabletServerTest-fsroot/instance: No such file or directory (error 2)
I0517 05:08:58.914003 211 server_base.cc:433] Attempting to create new FS layout instead
I0517 05:08:58.920686 211 fs_manager.cc:595] Generated new instance metadata in path /tmp/dist-test-taskWs1ZT3/test-tmp/tablet_server-test.0.TabletServerTest.TestSnapshotScan_SnapshotInTheFutureWithPropagatedTimestamp.1526533719119959-211/TabletServerTest-fsroot/instance: uuid: "341776e2f96b480f8232ae44ad5af007" format_stamp: "Formatted at 2018-05-17 05:08:58 on dist-test-slave-dist-test-slave-djmg"
I0517 05:08:58.929788 211 fs_manager.cc:495] Time spent creating directory manager: real 0.009s user 0.004s sys 0.004s
I0517 05:08:58.931239 211 file_cache.cc:470] Constructed file cache lbm with capacity 26214
I0517 05:08:58.938160 211 fs_manager.cc:417] Time spent opening block manager: real 0.001s user 0.000s sys 0.000s
I0517 05:08:58.938345 211 fs_manager.cc:428] Opened local filesystem: /tmp/dist-test-taskWs1ZT3/test-tmp/tablet_server-test.0.TabletServerTest.TestSnapshotScan_SnapshotInTheFutureWithPropagatedTimestamp.1526533719119959-211/TabletServerTest-fsroot uuid: "341776e2f96b480f8232ae44ad5af007" format_stamp: "Formatted at 2018-05-17 05:08:58 on dist-test-slave-dist-test-slave-djmg"
I0517 05:08:58.938603 211 fs_report.cc:347] Block manager report -------------------- 1 data directories: /tmp/dist-test-taskWs1ZT3/test-tmp/tablet_server-test.0.TabletServerTest.TestSnapshotScan_SnapshotInTheFutureWithPropagatedTimestamp.1526533719119959-211/TabletServerTest-fsroot/data Total live blocks: 0 Total live bytes: 0 Total live bytes (after alignment): 0 Total number of LBM containers: 0 (0 full) Did not check for missing blocks Did not check for orphaned blocks Total full LBM containers with extra space: 0 (0 repaired) Total full LBM container extra space in bytes: 0 (0 repaired) Total incomplete LBM containers: 0 (0 repaired) Total LBM partial records: 0 (0 repaired)
I0517 05:08:58.956168 211 ts_tablet_manager.cc:356] Loaded tablet metadata (0 live tablets)
I0517 05:08:58.988354 211 rpc_server.cc:205] RPC server started. Bound to: 127.0.0.1:33658
I0517 05:08:58.989212 211 webserver.cc:173] Starting webserver on 127.0.0.1:0
I0517 05:08:58.989315 211 webserver.cc:184] Document root disabled
I0517 05:08:58.990357 211 webserver.cc:311] Webserver started. Bound to: http://127.0.0.1:40882/
W0517 05:08:58.991647 4093 reactor.cc:633] Failed to create an outbound connection to 255.255.255.255:1 because connect() failed: Network error: connect(2) error: Network is unreachable (error 101)
W0517 05:08:58.992036 4153 heartbeater.cc:587] Failed to heartbeat to 255.255.255.255:1: Network error: Failed to ping master at 255.255.255.255:1: connect(2) error: Network is unreachable (error 101)
W0517 05:08:58.992470 4093 reactor.cc:633] Failed to create an outbound connection to 255.255.255.255:1 because connect() failed: Network error: connect(2) error: Network is unreachable (error 101)
W0517 05:08:58.992846 4153 heartbeater.cc:587] Failed to heartbeat to 255.255.255.255:1: Network error: Failed to ping master at 255.255.255.255:1: connect(2) error: Network is unreachable (error 101)
W0517 05:08:58.993280 4093 reactor.cc:633] Failed to create an outbound connection to 255.255.255.255:1 because connect() failed: Network error: connect(2) error: Network is unreachable (error 101)
W0517 05:08:58.993568 4153 heartbeater.cc:587] Failed to heartbeat to 255.255.255.255:1: Network error: Failed to ping master at 255.255.255.255:1: connect(2) error: Network is unreachable (error 101)
W0517 05:08:58.993767 4153 heartbeater.cc:380] Failed 3 heartbeats in a row: no longer allowing fast heartbeat attempts.
I0517 05:08:58.997784 4154 maintenance_manager.cc:249] Maintenance manager is disabled. Stopping thread.
I0517 05:08:58.998881 211 data_dirs.cc:934] Could only allocate 1 dirs of requested 3 for tablet TestTablet. 1 dirs total, 0 dirs full, 0 dirs failed
I0517 05:08:59.007213 211 ts_tablet_manager.cc:1173] T TestTablet P 341776e2f96b480f8232ae44ad5af007: Registered tablet (data state: TABLET_DATA_READY)
I0517 05:08:59.008407 4155 ts_tablet_manager.cc:1028] T TestTablet P 341776e2f96b480f8232ae44ad5af007: Bootstrapping tablet
I0517 05:08:59.008826 4155 tablet_bootstrap.cc:436] T TestTablet P 341776e2f96b480f8232ae44ad5af007: Bootstrap starting.
I0517 05:08:59.010668 4155 tablet_bootstrap.cc:587] T TestTablet P 341776e2f96b480f8232ae44ad5af007: No blocks or log segments found. Creating new log.
I0517 05:08:59.013334 4155 tablet_bootstrap.cc:436] T TestTablet P 341776e2f96b480f8232ae44ad5af007: No bootstrap required, opened a new log
I0517 05:08:59.013598 4155 ts_tablet_manager.cc:1045] T TestTablet P 341776e2f96b480f8232ae44ad5af007: Time spent bootstrapping tablet: real 0.005s user 0.004s sys 0.000s
I0517 05:08:59.014523 4155 raft_consensus.cc:303] T TestTablet P 341776e2f96b480f8232ae44ad5af007 [term 0 FOLLOWER]: Replica starting. Triggering 0 pending transactions. Active config: opid_index: -1 peers { permanent_uuid: "341776e2f96b480f8232ae44ad5af007" member_type: VOTER last_known_addr { host: "127.0.0.1" port: 33658 } }
I0517 05:08:59.014866 4155 raft_consensus.cc:329] T TestTablet P 341776e2f96b480f8232ae44ad5af007 [term 0 FOLLOWER]: Consensus starting up: Expiring failure detector timer to make a prompt election more likely
I0517 05:08:59.014988 4155 raft_consensus.cc:604] T TestTablet P 341776e2f96b480f8232ae44ad5af007 [term 0 FOLLOWER]: Becoming Follower/Learner. State: Replica: 341776e2f96b480f8232ae44ad5af007, State: Initialized, Role: FOLLOWER
I0517 05:08:59.015317 4155 consensus_queue.cc:227] T TestTablet P 341776e2f96b480f8232ae44ad5af007 [NON_LEADER]: Queue going to NON_LEADER mode. State: All replicated index: 0, Majority replicated index: 0, Committed index: 0, Last appended: 0.0, Last appended by leader: 0, Current term: 0, Majority size: -1, State: 0, Mode: NON_LEADER, active raft config: opid_index: -1 peers { permanent_uuid: "341776e2f96b480f8232ae44ad5af007" member_type: VOTER last_known_addr { host: "127.0.0.1" port: 33658 } }
I0517 05:08:59.015636 4155 raft_consensus.cc:343] T TestTablet P 341776e2f96b480f8232ae44ad5af007 [term 0 FOLLOWER]: Only one voter in the Raft config. Triggering election immediately
I0517 05:08:59.015763 4155 raft_consensus.cc:435] T TestTablet P 341776e2f96b480f8232ae44ad5af007 [term 0 FOLLOWER]: Starting leader election (initial election of a single-replica configuration)
I0517 05:08:59.015897 4155 raft_consensus.cc:2704] T TestTablet P 341776e2f96b480f8232ae44ad5af007: Snoozing failure detection for 1.847s (starting election)
I0517 05:08:59.016039 4155 raft_consensus.cc:2756] T TestTablet P 341776e2f96b480f8232ae44ad5af007 [term 0 FOLLOWER]: Advancing to term 1
I0517 05:08:59.019116 4155 raft_consensus.cc:457] T TestTablet P 341776e2f96b480f8232ae44ad5af007 [term 1 FOLLOWER]: Starting leader election with config: opid_index: -1 peers { permanent_uuid: "341776e2f96b480f8232ae44ad5af007" member_type: VOTER last_known_addr { host: "127.0.0.1" port: 33658 } }
I0517 05:08:59.019495 4155 leader_election.cc:270] T TestTablet P 341776e2f96b480f8232ae44ad5af007 [CANDIDATE]: Term 1 election: Election decided. Result: candidate won.
I0517 05:08:59.020514 4157 raft_consensus.cc:2704] T TestTablet P 341776e2f96b480f8232ae44ad5af007: Snoozing failure detection for 1.905s (election complete)
I0517 05:08:59.020768 4157 raft_consensus.cc:2511] T TestTablet P 341776e2f96b480f8232ae44ad5af007 [term 1 FOLLOWER]: Leader election won for term 1
I0517 05:08:59.021572 4157 raft_consensus.cc:571] T TestTablet P 341776e2f96b480f8232ae44ad5af007 [term 1 LEADER]: Becoming Leader. State: Replica: 341776e2f96b480f8232ae44ad5af007, State: Running, Role: LEADER
I0517 05:08:59.022146 4155 ts_tablet_manager.cc:1073] T TestTablet P 341776e2f96b480f8232ae44ad5af007: Time spent starting tablet: real 0.008s user 0.008s sys 0.000s
W0517 05:08:59.022193 4093 reactor.cc:633] Failed to create an outbound connection to 255.255.255.255:1 because connect() failed: Network error: connect(2) error: Network is unreachable (error 101)
I0517 05:08:59.022112 4157 consensus_queue.cc:204] T TestTablet P 341776e2f96b480f8232ae44ad5af007 [LEADER]: Queue going to LEADER mode. State: All replicated index: 0, Majority replicated index: 0, Committed index: 0, Last appended: 0.0, Last appended by leader: 0, Current term: 1, Majority size: 1, State: 0, Mode: LEADER, active raft config: opid_index: -1 peers { permanent_uuid: "341776e2f96b480f8232ae44ad5af007" member_type: VOTER last_known_addr { host: "127.0.0.1" port: 33658 } }
W0517 05:08:59.022594 4153 heartbeater.cc:587] Failed to heartbeat to 255.255.255.255:1: Network error: Failed to ping master at 255.255.255.255:1: connect(2) error: Network is unreachable (error 101)
W0517 05:08:59.023001 4093 reactor.cc:633] Failed to create an outbound connection to 255.255.255.255:1 because connect() failed: Network error: connect(2) error: Network is unreachable (error 101)
W0517 05:08:59.023387 4153 heartbeater.cc:587] Failed to heartbeat to 255.255.255.255:1: Network error: Failed to ping master at 255.255.255.255:1: connect(2) error: Network is unreachable (error 101)
I0517 05:08:59.046684 211 tablet_server.cc:144] TabletServer shutting down...
I0517 05:08:59.069612 211 ts_tablet_manager.cc:1118] Shutting down tablet manager...
I0517 05:08:59.069945 211 tablet_replica.cc:261] T TestTablet P 341776e2f96b480f8232ae44ad5af007: stopping tablet replica
I0517 05:08:59.070158 211 maintenance_manager.cc:237] P 341776e2f96b480f8232ae44ad5af007: Unregistered op CompactRowSetsOp(TestTablet)
I0517 05:08:59.070276 211 maintenance_manager.cc:237] P 341776e2f96b480f8232ae44ad5af007: Unregistered op MinorDeltaCompactionOp(TestTablet)
I0517 05:08:59.070390 211 maintenance_manager.cc:237] P 341776e2f96b480f8232ae44ad5af007: Unregistered op MajorDeltaCompactionOp(TestTablet)
I0517 05:08:59.070502 211 maintenance_manager.cc:237] P 341776e2f96b480f8232ae44ad5af007: Unregistered op UndoDeltaBlockGCOp(TestTablet)
I0517 05:08:59.070621 211 maintenance_manager.cc:237] P 341776e2f96b480f8232ae44ad5af007: Unregistered op FlushMRSOp(TestTablet)
I0517 05:08:59.070713 211 maintenance_manager.cc:237] P 341776e2f96b480f8232ae44ad5af007: Unregistered op FlushDeltaMemStoresOp(TestTablet)
I0517 05:08:59.070797 211 maintenance_manager.cc:237] P 341776e2f96b480f8232ae44ad5af007: Unregistered op LogGCOp(TestTablet)
I0517 05:08:59.070897 211 raft_consensus.cc:2016] T TestTablet P 341776e2f96b480f8232ae44ad5af007 [term 1 LEADER]: Raft consensus shutting down.
I0517 05:08:59.071105 211 raft_consensus.cc:2043] T TestTablet P 341776e2f96b480f8232ae44ad5af007 [term 1 FOLLOWER]: Raft consensus is shut down!
I0517 05:08:59.080191 211 tablet_server.cc:157] TabletServer shutdown complete.
I0517 05:08:59.080330 211 tablet_server.cc:144] TabletServer shutting down...
I0517 05:08:59.080577 211 tablet_server.cc:157] TabletServer shutdown complete. [ OK ] TabletServerTest.TestSnapshotScan_SnapshotInTheFutureWithPropagatedTimestamp (268 ms) [ RUN ] TabletServerTest.TestSnapshotScan__SnapshotInTheFutureBeyondPropagatedTimestampFails
I0517 05:08:59.213964 211 system_ntp.cc:143] NTP initialized. Skew: 500ppm Current error: 1049861us
I0517 05:08:59.214383 211 fs_manager.cc:260] Metadata directory not provided
I0517 05:08:59.214507 211 fs_manager.cc:266] Using write-ahead log directory (fs_wal_dir) as metadata directory
I0517 05:08:59.214673 211 server_base.cc:432] Could not load existing FS layout: Not found: /tmp/dist-test-taskWs1ZT3/test-tmp/tablet_server-test.0.TabletServerTest.TestSnapshotScan__SnapshotInTheFutureBeyondPropagatedTimestampFails.1526533719119959-211/TabletServerTest-fsroot/instance: No such file or directory (error 2)
I0517 05:08:59.214787 211 server_base.cc:433] Attempting to create new FS layout instead
I0517 05:08:59.221480 211 fs_manager.cc:595] Generated new instance metadata in path /tmp/dist-test-taskWs1ZT3/test-tmp/tablet_server-test.0.TabletServerTest.TestSnapshotScan__SnapshotInTheFutureBeyondPropagatedTimestampFails.1526533719119959-211/TabletServerTest-fsroot/instance: uuid: "dc9d9a5afa7c42e48fd1f47ceab32028" format_stamp: "Formatted at 2018-05-17 05:08:59 on dist-test-slave-dist-test-slave-djmg"
I0517 05:08:59.230221 211 fs_manager.cc:495] Time spent creating directory manager: real 0.008s user 0.004s sys 0.004s
I0517 05:08:59.231570 211 file_cache.cc:470] Constructed file cache lbm with capacity 26214
I0517 05:08:59.238422 211 fs_manager.cc:417] Time spent opening block manager: real 0.001s user 0.000s sys 0.000s
I0517 05:08:59.238569 211 fs_manager.cc:428] Opened local filesystem: /tmp/dist-test-taskWs1ZT3/test-tmp/tablet_server-test.0.TabletServerTest.TestSnapshotScan__SnapshotInTheFutureBeyondPropagatedTimestampFails.1526533719119959-211/TabletServerTest-fsroot uuid: "dc9d9a5afa7c42e48fd1f47ceab32028" format_stamp: "Formatted at 2018-05-17 05:08:59 on dist-test-slave-dist-test-slave-djmg"
I0517 05:08:59.238879 211 fs_report.cc:347] Block manager report -------------------- 1 data directories: /tmp/dist-test-taskWs1ZT3/test-tmp/tablet_server-test.0.TabletServerTest.TestSnapshotScan__SnapshotInTheFutureBeyondPropagatedTimestampFails.1526533719119959-211/TabletServerTest-fsroot/data Total live blocks: 0 Total live bytes: 0 Total live bytes (after alignment): 0 Total number of LBM containers: 0 (0 full) Did not check for missing blocks Did not check for orphaned blocks Total full LBM containers with extra space: 0 (0 repaired) Total full LBM container extra space in bytes: 0 (0 repaired) Total incomplete LBM containers: 0 (0 repaired) Total LBM partial records: 0 (0 repaired)
I0517 05:08:59.267586 211 ts_tablet_manager.cc:356] Loaded tablet metadata (0 live tablets)
I0517 05:08:59.296744 211 rpc_server.cc:205] RPC server started. Bound to: 127.0.0.1:44519
I0517 05:08:59.297629 211 webserver.cc:173] Starting webserver on 127.0.0.1:0
I0517 05:08:59.297725 211 webserver.cc:184] Document root disabled
I0517 05:08:59.298696 211 webserver.cc:311] Webserver started. Bound to: http://127.0.0.1:47681/
I0517 05:08:59.299954 4235 maintenance_manager.cc:249] Maintenance manager is disabled. Stopping thread.
W0517 05:08:59.300062 4174 reactor.cc:633] Failed to create an outbound connection to 255.255.255.255:1 because connect() failed: Network error: connect(2) error: Network is unreachable (error 101)
I0517 05:08:59.300726 211 data_dirs.cc:934] Could only allocate 1 dirs of requested 3 for tablet TestTablet. 1 dirs total, 0 dirs full, 0 dirs failed
W0517 05:08:59.300846 4234 heartbeater.cc:587] Failed to heartbeat to 255.255.255.255:1: Network error: Failed to ping master at 255.255.255.255:1: connect(2) error: Network is unreachable (error 101)
W0517 05:08:59.301437 4174 reactor.cc:633] Failed to create an outbound connection to 255.255.255.255:1 because connect() failed: Network error: connect(2) error: Network is unreachable (error 101)
W0517 05:08:59.301803 4234 heartbeater.cc:587] Failed to heartbeat to 255.255.255.255:1: Network error: Failed to ping master at 255.255.255.255:1: connect(2) error: Network is unreachable (error 101)
W0517 05:08:59.302366 4174 reactor.cc:633] Failed to create an outbound connection to 255.255.255.255:1 because connect() failed: Network error: connect(2) error: Network is unreachable (error 101)
W0517 05:08:59.302729 4234 heartbeater.cc:587] Failed to heartbeat to 255.255.255.255:1: Network error: Failed to ping master at 255.255.255.255:1: connect(2) error: Network is unreachable (error 101)
W0517 05:08:59.302897 4234 heartbeater.cc:380] Failed 3 heartbeats in a row: no longer allowing fast heartbeat attempts.
I0517 05:08:59.308423 211 ts_tablet_manager.cc:1173] T TestTablet P dc9d9a5afa7c42e48fd1f47ceab32028: Registered tablet (data state: TABLET_DATA_READY)
I0517 05:08:59.309676 4236 ts_tablet_manager.cc:1028] T TestTablet P dc9d9a5afa7c42e48fd1f47ceab32028: Bootstrapping tablet
I0517 05:08:59.309959 4236 tablet_bootstrap.cc:436] T TestTablet P dc9d9a5afa7c42e48fd1f47ceab32028: Bootstrap starting.
I0517 05:08:59.312122 4236 tablet_bootstrap.cc:587] T TestTablet P dc9d9a5afa7c42e48fd1f47ceab32028: No blocks or log segments found. Creating new log.
I0517 05:08:59.314862 4236 tablet_bootstrap.cc:436] T TestTablet P dc9d9a5afa7c42e48fd1f47ceab32028: No bootstrap required, opened a new log
I0517 05:08:59.315146 4236 ts_tablet_manager.cc:1045] T TestTablet P dc9d9a5afa7c42e48fd1f47ceab32028: Time spent bootstrapping tablet: real 0.005s user 0.000s sys 0.004s
I0517 05:08:59.316539 4236 raft_consensus.cc:303] T TestTablet P dc9d9a5afa7c42e48fd1f47ceab32028 [term 0 FOLLOWER]: Replica starting. Triggering 0 pending transactions. Active config: opid_index: -1 peers { permanent_uuid: "dc9d9a5afa7c42e48fd1f47ceab32028" member_type: VOTER last_known_addr { host: "127.0.0.1" port: 44519 } }
I0517 05:08:59.317019 4236 raft_consensus.cc:329] T TestTablet P dc9d9a5afa7c42e48fd1f47ceab32028 [term 0 FOLLOWER]: Consensus starting up: Expiring failure detector timer to make a prompt election more likely
I0517 05:08:59.317176 4236 raft_consensus.cc:604] T TestTablet P dc9d9a5afa7c42e48fd1f47ceab32028 [term 0 FOLLOWER]: Becoming Follower/Learner. State: Replica: dc9d9a5afa7c42e48fd1f47ceab32028, State: Initialized, Role: FOLLOWER
I0517 05:08:59.317523 4236 consensus_queue.cc:227] T TestTablet P dc9d9a5afa7c42e48fd1f47ceab32028 [NON_LEADER]: Queue going to NON_LEADER mode. State: All replicated index: 0, Majority replicated index: 0, Committed index: 0, Last appended: 0.0, Last appended by leader: 0, Current term: 0, Majority size: -1, State: 0, Mode: NON_LEADER, active raft config: opid_index: -1 peers { permanent_uuid: "dc9d9a5afa7c42e48fd1f47ceab32028" member_type: VOTER last_known_addr { host: "127.0.0.1" port: 44519 } }
I0517 05:08:59.317917 4236 raft_consensus.cc:343] T TestTablet P dc9d9a5afa7c42e48fd1f47ceab32028 [term 0 FOLLOWER]: Only one voter in the Raft config. Triggering election immediately
I0517 05:08:59.318048 4236 raft_consensus.cc:435] T TestTablet P dc9d9a5afa7c42e48fd1f47ceab32028 [term 0 FOLLOWER]: Starting leader election (initial election of a single-replica configuration)
I0517 05:08:59.318189 4236 raft_consensus.cc:2704] T TestTablet P dc9d9a5afa7c42e48fd1f47ceab32028: Snoozing failure detection for 2.078s (starting election)
I0517 05:08:59.318331 4236 raft_consensus.cc:2756] T TestTablet P dc9d9a5afa7c42e48fd1f47ceab32028 [term 0 FOLLOWER]: Advancing to term 1
I0517 05:08:59.321866 4236 raft_consensus.cc:457] T TestTablet P dc9d9a5afa7c42e48fd1f47ceab32028 [term 1 FOLLOWER]: Starting leader election with config: opid_index: -1 peers { permanent_uuid: "dc9d9a5afa7c42e48fd1f47ceab32028" member_type: VOTER last_known_addr { host: "127.0.0.1" port: 44519 } }
I0517 05:08:59.322274 4236 leader_election.cc:270] T TestTablet P dc9d9a5afa7c42e48fd1f47ceab32028 [CANDIDATE]: Term 1 election: Election decided. Result: candidate won.
I0517 05:08:59.323382 4238 raft_consensus.cc:2704] T TestTablet P dc9d9a5afa7c42e48fd1f47ceab32028: Snoozing failure detection for 1.631s (election complete)
I0517 05:08:59.323580 4238 raft_consensus.cc:2511] T TestTablet P dc9d9a5afa7c42e48fd1f47ceab32028 [term 1 FOLLOWER]: Leader election won for term 1
I0517 05:08:59.324275 4238 raft_consensus.cc:571] T TestTablet P dc9d9a5afa7c42e48fd1f47ceab32028 [term 1 LEADER]: Becoming Leader. State: Replica: dc9d9a5afa7c42e48fd1f47ceab32028, State: Running, Role: LEADER
I0517 05:08:59.324597 4238 consensus_queue.cc:204] T TestTablet P dc9d9a5afa7c42e48fd1f47ceab32028 [LEADER]: Queue going to LEADER mode. State: All replicated index: 0, Majority replicated index: 0, Committed index: 0, Last appended: 0.0, Last appended by leader: 0, Current term: 1, Majority size: 1, State: 0, Mode: LEADER, active raft config: opid_index: -1 peers { permanent_uuid: "dc9d9a5afa7c42e48fd1f47ceab32028" member_type: VOTER last_known_addr { host: "127.0.0.1" port: 44519 } }
W0517 05:08:59.324911 4174 reactor.cc:633] Failed to create an outbound connection to 255.255.255.255:1 because connect() failed: Network error: connect(2) error: Network is unreachable (error 101)
W0517 05:08:59.325372 4234 heartbeater.cc:587] Failed to heartbeat to 255.255.255.255:1: Network error: Failed to ping master at 255.255.255.255:1: connect(2) error: Network is unreachable (error 101)
W0517 05:08:59.325839 4174 reactor.cc:633] Failed to create an outbound connection to 255.255.255.255:1 because connect() failed: Network error: connect(2) error: Network is unreachable (error 101)
I0517 05:08:59.326107 4236 ts_tablet_manager.cc:1073] T TestTablet P dc9d9a5afa7c42e48fd1f47ceab32028: Time spent starting tablet: real 0.011s user 0.008s sys 0.004s
W0517 05:08:59.326211 4234 heartbeater.cc:587] Failed to heartbeat to 255.255.255.255:1: Network error: Failed to ping master at 255.255.255.255:1: connect(2) error: Network is unreachable (error 101)
W0517 05:08:59.326604 4174 reactor.cc:633] Failed to create an outbound connection to 255.255.255.255:1 because connect() failed: Network error: connect(2) error: Network is unreachable (error 101)
W0517 05:08:59.326949 4234 heartbeater.cc:587] Failed to heartbeat to 255.255.255.255:1: Network error: Failed to ping master at 255.255.255.255:1: connect(2) error: Network is unreachable (error 101)
I0517 05:08:59.361755 211 tablet_server.cc:144] TabletServer shutting down...
I0517 05:08:59.374850 211 ts_tablet_manager.cc:1118] Shutting down tablet manager...
I0517 05:08:59.375200 211 tablet_replica.cc:261] T TestTablet P dc9d9a5afa7c42e48fd1f47ceab32028: stopping tablet replica
I0517 05:08:59.375392 211 maintenance_manager.cc:237] P dc9d9a5afa7c42e48fd1f47ceab32028: Unregistered op CompactRowSetsOp(TestTablet)
I0517 05:08:59.375531 211 maintenance_manager.cc:237] P dc9d9a5afa7c42e48fd1f47ceab32028: Unregistered op MinorDeltaCompactionOp(TestTablet)
I0517 05:08:59.375654 211 maintenance_manager.cc:237] P dc9d9a5afa7c42e48fd1f47ceab32028: Unregistered op MajorDeltaCompactionOp(TestTablet)
I0517 05:08:59.375761 211 maintenance_manager.cc:237] P dc9d9a5afa7c42e48fd1f47ceab32028: Unregistered op UndoDeltaBlockGCOp(TestTablet)
I0517 05:08:59.375890 211 maintenance_manager.cc:237] P dc9d9a5afa7c42e48fd1f47ceab32028: Unregistered op FlushMRSOp(TestTablet)
I0517 05:08:59.375984 211 maintenance_manager.cc:237] P dc9d9a5afa7c42e48fd1f47ceab32028: Unregistered op FlushDeltaMemStoresOp(TestTablet)
I0517 05:08:59.376075 211 maintenance_manager.cc:237] P dc9d9a5afa7c42e48fd1f47ceab32028: Unregistered op LogGCOp(TestTablet)
I0517 05:08:59.376176 211 raft_consensus.cc:2016] T TestTablet P dc9d9a5afa7c42e48fd1f47ceab32028 [term 1 LEADER]: Raft consensus shutting down.
I0517 05:08:59.376385 211 raft_consensus.cc:2043] T TestTablet P dc9d9a5afa7c42e48fd1f47ceab32028 [term 1 FOLLOWER]: Raft consensus is shut down!
I0517 05:08:59.394770 211 tablet_server.cc:157] TabletServer shutdown complete.
I0517 05:08:59.394933 211 tablet_server.cc:144] TabletServer shutting down...
I0517 05:08:59.395215 211 tablet_server.cc:157] TabletServer shutdown complete. [ OK ] TabletServerTest.TestSnapshotScan__SnapshotInTheFutureBeyondPropagatedTimestampFails (239 ms) [ RUN ] TabletServerTest.TestScanYourWrites
I0517 05:08:59.419741 211 system_ntp.cc:143] NTP initialized. Skew: 500ppm Current error: 1049861us
I0517 05:08:59.420035 211 fs_manager.cc:260] Metadata directory not provided
I0517 05:08:59.420155 211 fs_manager.cc:266] Using write-ahead log directory (fs_wal_dir) as metadata directory
I0517 05:08:59.420341 211 server_base.cc:432] Could not load existing FS layout: Not found: /tmp/dist-test-taskWs1ZT3/test-tmp/tablet_server-test.0.TabletServerTest.TestScanYourWrites.1526533719119959-211/TabletServerTest-fsroot/instance: No such file or directory (error 2)
I0517 05:08:59.420450 211 server_base.cc:433] Attempting to create new FS layout instead
I0517 05:08:59.426211 211 fs_manager.cc:595] Generated new instance metadata in path /tmp/dist-test-taskWs1ZT3/test-tmp/tablet_server-test.0.TabletServerTest.TestScanYourWrites.1526533719119959-211/TabletServerTest-fsroot/instance: uuid: "5b0fd1c7eb87406ca4f063eeb19bd4be" format_stamp: "Formatted at 2018-05-17 05:08:59 on dist-test-slave-dist-test-slave-djmg"
I0517 05:08:59.434254 211 fs_manager.cc:495] Time spent creating directory manager: real 0.008s user 0.012s sys 0.000s
I0517 05:08:59.435423 211 file_cache.cc:470] Constructed file cache lbm with capacity 26214
I0517 05:08:59.442024 211 fs_manager.cc:417] Time spent opening block manager: real 0.001s user 0.000s sys 0.000s
I0517 05:08:59.442174 211 fs_manager.cc:428] Opened local filesystem: /tmp/dist-test-taskWs1ZT3/test-tmp/tablet_server-test.0.TabletServerTest.TestScanYourWrites.1526533719119959-211/TabletServerTest-fsroot uuid: "5b0fd1c7eb87406ca4f063eeb19bd4be" format_stamp: "Formatted at 2018-05-17 05:08:59 on dist-test-slave-dist-test-slave-djmg"
I0517 05:08:59.442381 211 fs_report.cc:347] Block manager report -------------------- 1 data directories: /tmp/dist-test-taskWs1ZT3/test-tmp/tablet_server-test.0.TabletServerTest.TestScanYourWrites.1526533719119959-211/TabletServerTest-fsroot/data Total live blocks: 0 Total live bytes: 0 Total live bytes (after alignment): 0 Total number of LBM containers: 0 (0 full) Did not check for missing blocks Did not check for orphaned blocks Total full LBM containers with extra space: 0 (0 repaired) Total full LBM container extra space in bytes: 0 (0 repaired) Total incomplete LBM containers: 0 (0 repaired) Total LBM partial records: 0 (0 repaired)
I0517 05:08:59.468740 211 ts_tablet_manager.cc:356] Loaded tablet metadata (0 live tablets)
I0517 05:08:59.497009 211 rpc_server.cc:205] RPC server started. Bound to: 127.0.0.1:38358
I0517 05:08:59.497771 211 webserver.cc:173] Starting webserver on 127.0.0.1:0
I0517 05:08:59.497869 211 webserver.cc:184] Document root disabled
I0517 05:08:59.498710 211 webserver.cc:311] Webserver started. Bound to: http://127.0.0.1:39684/
W0517 05:08:59.499788 4254 reactor.cc:633] Failed to create an outbound connection to 255.255.255.255:1 because connect() failed: Network error: connect(2) error: Network is unreachable (error 101)
I0517 05:08:59.500039 4315 maintenance_manager.cc:249] Maintenance manager is disabled. Stopping thread.
W0517 05:08:59.500228 4314 heartbeater.cc:587] Failed to heartbeat to 255.255.255.255:1: Network error: Failed to ping master at 255.255.255.255:1: connect(2) error: Network is unreachable (error 101)
I0517 05:08:59.500404 211 data_dirs.cc:934] Could only allocate 1 dirs of requested 3 for tablet TestTablet. 1 dirs total, 0 dirs full, 0 dirs failed
W0517 05:08:59.500669 4254 reactor.cc:633] Failed to create an outbound connection to 255.255.255.255:1 because connect() failed: Network error: connect(2) error: Network is unreachable (error 101)
W0517 05:08:59.500972 4314 heartbeater.cc:587] Failed to heartbeat to 255.255.255.255:1: Network error: Failed to ping master at 255.255.255.255:1: connect(2) error: Network is unreachable (error 101)
W0517 05:08:59.501348 4254 reactor.cc:633] Failed to create an outbound connection to 255.255.255.255:1 because connect() failed: Network error: connect(2) error: Network is unreachable (error 101)
W0517 05:08:59.501598 4314 heartbeater.cc:587] Failed to heartbeat to 255.255.255.255:1: Network error: Failed to ping master at 255.255.255.255:1: connect(2) error: Network is unreachable (error 101)
W0517 05:08:59.501730 4314 heartbeater.cc:380] Failed 3 heartbeats in a row: no longer allowing fast heartbeat attempts.
I0517 05:08:59.506582 211 ts_tablet_manager.cc:1173] T TestTablet P 5b0fd1c7eb87406ca4f063eeb19bd4be: Registered tablet (data state: TABLET_DATA_READY)
I0517 05:08:59.507514 4316 ts_tablet_manager.cc:1028] T TestTablet P 5b0fd1c7eb87406ca4f063eeb19bd4be: Bootstrapping tablet
I0517 05:08:59.507803 4316 tablet_bootstrap.cc:436] T TestTablet P 5b0fd1c7eb87406ca4f063eeb19bd4be: Bootstrap starting.
I0517 05:08:59.509647 4316 tablet_bootstrap.cc:587] T TestTablet P 5b0fd1c7eb87406ca4f063eeb19bd4be: No blocks or log segments found. Creating new log.
I0517 05:08:59.512519 4316 tablet_bootstrap.cc:436] T TestTablet P 5b0fd1c7eb87406ca4f063eeb19bd4be: No bootstrap required, opened a new log
I0517 05:08:59.512881 4316 ts_tablet_manager.cc:1045] T TestTablet P 5b0fd1c7eb87406ca4f063eeb19bd4be: Time spent bootstrapping tablet: real 0.005s user 0.004s sys 0.000s
I0517 05:08:59.514091 4316 raft_consensus.cc:303] T TestTablet P 5b0fd1c7eb87406ca4f063eeb19bd4be [term 0 FOLLOWER]: Replica starting. Triggering 0 pending transactions. Active config: opid_index: -1 peers { permanent_uuid: "5b0fd1c7eb87406ca4f063eeb19bd4be" member_type: VOTER last_known_addr { host: "127.0.0.1" port: 38358 } }
I0517 05:08:59.514482 4316 raft_consensus.cc:329] T TestTablet P 5b0fd1c7eb87406ca4f063eeb19bd4be [term 0 FOLLOWER]: Consensus starting up: Expiring failure detector timer to make a prompt election more likely
I0517 05:08:59.514608 4316 raft_consensus.cc:604] T TestTablet P 5b0fd1c7eb87406ca4f063eeb19bd4be [term 0 FOLLOWER]: Becoming Follower/Learner. State: Replica: 5b0fd1c7eb87406ca4f063eeb19bd4be, State: Initialized, Role: FOLLOWER
I0517 05:08:59.514987 4316 consensus_queue.cc:227] T TestTablet P 5b0fd1c7eb87406ca4f063eeb19bd4be [NON_LEADER]: Queue going to NON_LEADER mode. State: All replicated index: 0, Majority replicated index: 0, Committed index: 0, Last appended: 0.0, Last appended by leader: 0, Current term: 0, Majority size: -1, State: 0, Mode: NON_LEADER, active raft config: opid_index: -1 peers { permanent_uuid: "5b0fd1c7eb87406ca4f063eeb19bd4be" member_type: VOTER last_known_addr { host: "127.0.0.1" port: 38358 } }
I0517 05:08:59.515349 4316 raft_consensus.cc:343] T TestTablet P 5b0fd1c7eb87406ca4f063eeb19bd4be [term 0 FOLLOWER]: Only one voter in the Raft config. Triggering election immediately
I0517 05:08:59.515486 4316 raft_consensus.cc:435] T TestTablet P 5b0fd1c7eb87406ca4f063eeb19bd4be [term 0 FOLLOWER]: Starting leader election (initial election of a single-replica configuration)
I0517 05:08:59.515630 4316 raft_consensus.cc:2704] T TestTablet P 5b0fd1c7eb87406ca4f063eeb19bd4be: Snoozing failure detection for 1.807s (starting election)
I0517 05:08:59.515775 4316 raft_consensus.cc:2756] T TestTablet P 5b0fd1c7eb87406ca4f063eeb19bd4be [term 0 FOLLOWER]: Advancing to term 1
I0517 05:08:59.520201 4316 raft_consensus.cc:457] T TestTablet P 5b0fd1c7eb87406ca4f063eeb19bd4be [term 1 FOLLOWER]: Starting leader election with config: opid_index: -1 peers { permanent_uuid: "5b0fd1c7eb87406ca4f063eeb19bd4be" member_type: VOTER last_known_addr { host: "127.0.0.1" port: 38358 } }
I0517 05:08:59.520763 4316 leader_election.cc:270] T TestTablet P 5b0fd1c7eb87406ca4f063eeb19bd4be [CANDIDATE]: Term 1 election: Election decided. Result: candidate won.
I0517 05:08:59.522137 4318 raft_consensus.cc:2704] T TestTablet P 5b0fd1c7eb87406ca4f063eeb19bd4be: Snoozing failure detection for 2.000s (election complete)
I0517 05:08:59.522389 4318 raft_consensus.cc:2511] T TestTablet P 5b0fd1c7eb87406ca4f063eeb19bd4be [term 1 FOLLOWER]: Leader election won for term 1
W0517 05:08:59.523190 4254 reactor.cc:633] Failed to create an outbound connection to 255.255.255.255:1 because connect() failed: Network error: connect(2) error: Network is unreachable (error 101)
I0517 05:08:59.523327 4318 raft_consensus.cc:571] T TestTablet P 5b0fd1c7eb87406ca4f063eeb19bd4be [term 1 LEADER]: Becoming Leader. State: Replica: 5b0fd1c7eb87406ca4f063eeb19bd4be, State: Running, Role: LEADER
I0517 05:08:59.523488 4316 ts_tablet_manager.cc:1073] T TestTablet P 5b0fd1c7eb87406ca4f063eeb19bd4be: Time spent starting tablet: real 0.010s user 0.008s sys 0.000s
W0517 05:08:59.523653 4314 heartbeater.cc:587] Failed to heartbeat to 255.255.255.255:1: Network error: Failed to ping master at 255.255.255.255:1: connect(2) error: Network is unreachable (error 101)
I0517 05:08:59.523711 4318 consensus_queue.cc:204] T TestTablet P 5b0fd1c7eb87406ca4f063eeb19bd4be [LEADER]: Queue going to LEADER mode. State: All replicated index: 0, Majority replicated index: 0, Committed index: 0, Last appended: 0.0, Last appended by leader: 0, Current term: 1, Majority size: 1, State: 0, Mode: LEADER, active raft config: opid_index: -1 peers { permanent_uuid: "5b0fd1c7eb87406ca4f063eeb19bd4be" member_type: VOTER last_known_addr { host: "127.0.0.1" port: 38358 } }
W0517 05:08:59.524137 4254 reactor.cc:633] Failed to create an outbound connection to 255.255.255.255:1 because connect() failed: Network error: connect(2) error: Network is unreachable (error 101)
W0517 05:08:59.524432 4314 heartbeater.cc:587] Failed to heartbeat to 255.255.255.255:1: Network error: Failed to ping master at 255.255.255.255:1: connect(2) error: Network is unreachable (error 101)
I0517 05:08:59.582157 211 tablet_server.cc:144] TabletServer shutting down...
I0517 05:08:59.594588 211 ts_tablet_manager.cc:1118] Shutting down tablet manager...
I0517 05:08:59.594897 211 tablet_replica.cc:261] T TestTablet P 5b0fd1c7eb87406ca4f063eeb19bd4be: stopping tablet replica
I0517 05:08:59.595141 211 maintenance_manager.cc:237] P 5b0fd1c7eb87406ca4f063eeb19bd4be: Unregistered op CompactRowSetsOp(TestTablet)
I0517 05:08:59.595269 211 maintenance_manager.cc:237] P 5b0fd1c7eb87406ca4f063eeb19bd4be: Unregistered op MinorDeltaCompactionOp(TestTablet)
I0517 05:08:59.595381 211 maintenance_manager.cc:237] P 5b0fd1c7eb87406ca4f063eeb19bd4be: Unregistered op MajorDeltaCompactionOp(TestTablet)
I0517 05:08:59.595494 211 maintenance_manager.cc:237] P 5b0fd1c7eb87406ca4f063eeb19bd4be: Unregistered op UndoDeltaBlockGCOp(TestTablet)
I0517 05:08:59.595625 211 maintenance_manager.cc:237] P 5b0fd1c7eb87406ca4f063eeb19bd4be: Unregistered op FlushMRSOp(TestTablet)
I0517 05:08:59.595733 211 maintenance_manager.cc:237] P 5b0fd1c7eb87406ca4f063eeb19bd4be: Unregistered op FlushDeltaMemStoresOp(TestTablet)
I0517 05:08:59.595844 211 maintenance_manager.cc:237] P 5b0fd1c7eb87406ca4f063eeb19bd4be: Unregistered op LogGCOp(TestTablet)
I0517 05:08:59.595964 211 raft_consensus.cc:2016] T TestTablet P 5b0fd1c7eb87406ca4f063eeb19bd4be [term 1 LEADER]: Raft consensus shutting down.
I0517 05:08:59.596210 211 raft_consensus.cc:2043] T TestTablet P 5b0fd1c7eb87406ca4f063eeb19bd4be [term 1 FOLLOWER]: Raft consensus is shut down!
I0517 05:08:59.613580 211 tablet_server.cc:157] TabletServer shutdown complete.
I0517 05:08:59.613719 211 tablet_server.cc:144] TabletServer shutting down...
I0517 05:08:59.613951 211 tablet_server.cc:157] TabletServer shutdown complete. [ OK ] TabletServerTest.TestScanYourWrites (215 ms) [ RUN ] TabletServerTest.TestScanYourWrites_WithoutPropagatedTimestamp
I0517 05:08:59.636248 211 system_ntp.cc:143] NTP initialized. Skew: 500ppm Current error: 1049861us
I0517 05:08:59.636556 211 fs_manager.cc:260] Metadata directory not provided
I0517 05:08:59.636683 211 fs_manager.cc:266] Using write-ahead log directory (fs_wal_dir) as metadata directory
I0517 05:08:59.636824 211 server_base.cc:432] Could not load existing FS layout: Not found: /tmp/dist-test-taskWs1ZT3/test-tmp/tablet_server-test.0.TabletServerTest.TestScanYourWrites_WithoutPropagatedTimestamp.1526533719119959-211/TabletServerTest-fsroot/instance: No such file or directory (error 2)
I0517 05:08:59.636919 211 server_base.cc:433] Attempting to create new FS layout instead
I0517 05:08:59.642784 211 fs_manager.cc:595] Generated new instance metadata in path /tmp/dist-test-taskWs1ZT3/test-tmp/tablet_server-test.0.TabletServerTest.TestScanYourWrites_WithoutPropagatedTimestamp.1526533719119959-211/TabletServerTest-fsroot/instance: uuid: "1a5ee83354044539b5c9d58344dc97e4" format_stamp: "Formatted at 2018-05-17 05:08:59 on dist-test-slave-dist-test-slave-djmg"
I0517 05:08:59.651561 211 fs_manager.cc:495] Time spent creating directory manager: real 0.008s user 0.012s sys 0.000s
I0517 05:08:59.652878 211 file_cache.cc:470] Constructed file cache lbm with capacity 26214
I0517 05:08:59.659909 211 fs_manager.cc:417] Time spent opening block manager: real 0.001s user 0.004s sys 0.000s
I0517 05:08:59.660089 211 fs_manager.cc:428] Opened local filesystem: /tmp/dist-test-taskWs1ZT3/test-tmp/tablet_server-test.0.TabletServerTest.TestScanYourWrites_WithoutPropagatedTimestamp.1526533719119959-211/TabletServerTest-fsroot uuid: "1a5ee83354044539b5c9d58344dc97e4" format_stamp: "Formatted at 2018-05-17 05:08:59 on dist-test-slave-dist-test-slave-djmg"
