W0517 05:09:20.371309 6645 heartbeater.cc:587] Failed to heartbeat to 255.255.255.255:1: Network error: Failed to ping master at 255.255.255.255:1: connect(2) error: Network is unreachable (error 101)
W0517 05:09:20.371775 6585 reactor.cc:633] Failed to create an outbound connection to 255.255.255.255:1 because connect() failed: Network error: connect(2) error: Network is unreachable (error 101)
W0517 05:09:20.372170 6645 heartbeater.cc:587] Failed to heartbeat to 255.255.255.255:1: Network error: Failed to ping master at 255.255.255.255:1: connect(2) error: Network is unreachable (error 101)
W0517 05:09:20.373661 6585 reactor.cc:633] Failed to create an outbound connection to 255.255.255.255:1 because connect() failed: Network error: connect(2) error: Network is unreachable (error 101)
I0517 05:09:20.373716 6647 ts_tablet_manager.cc:1073] T TestTablet P 7c632fc348e142d2a3adff5128e63411: Time spent starting tablet: real 0.012s user 0.012s sys 0.000s
W0517 05:09:20.374042 6645 heartbeater.cc:587] Failed to heartbeat to 255.255.255.255:1: Network error: Failed to ping master at 255.255.255.255:1: connect(2) error: Network is unreachable (error 101)
I0517 05:09:20.389590 211 data_dirs.cc:934] Could only allocate 1 dirs of requested 3 for tablet TestWriteOutOfBoundsTablet. 1 dirs total, 0 dirs full, 0 dirs failed
I0517 05:09:20.396682 211 ts_tablet_manager.cc:1173] T TestWriteOutOfBoundsTablet P 7c632fc348e142d2a3adff5128e63411: Registered tablet (data state: TABLET_DATA_READY)
I0517 05:09:20.397011 6647 ts_tablet_manager.cc:1028] T TestWriteOutOfBoundsTablet P 7c632fc348e142d2a3adff5128e63411: Bootstrapping tablet
I0517 05:09:20.397348 6647 tablet_bootstrap.cc:436] T TestWriteOutOfBoundsTablet P 7c632fc348e142d2a3adff5128e63411: Bootstrap starting.
I0517 05:09:20.399356 6647 tablet_bootstrap.cc:587] T TestWriteOutOfBoundsTablet P 7c632fc348e142d2a3adff5128e63411: No blocks or log segments found. Creating new log.
I0517 05:09:20.401868 6647 tablet_bootstrap.cc:436] T TestWriteOutOfBoundsTablet P 7c632fc348e142d2a3adff5128e63411: No bootstrap required, opened a new log
I0517 05:09:20.402134 6647 ts_tablet_manager.cc:1045] T TestWriteOutOfBoundsTablet P 7c632fc348e142d2a3adff5128e63411: Time spent bootstrapping tablet: real 0.005s user 0.000s sys 0.004s
I0517 05:09:20.403162 6647 raft_consensus.cc:303] T TestWriteOutOfBoundsTablet P 7c632fc348e142d2a3adff5128e63411 [term 0 FOLLOWER]: Replica starting. Triggering 0 pending transactions. Active config: opid_index: -1 peers { permanent_uuid: "7c632fc348e142d2a3adff5128e63411" member_type: VOTER last_known_addr { host: "127.0.0.1" port: 42958 } }
I0517 05:09:20.403493 6647 raft_consensus.cc:329] T TestWriteOutOfBoundsTablet P 7c632fc348e142d2a3adff5128e63411 [term 0 FOLLOWER]: Consensus starting up: Expiring failure detector timer to make a prompt election more likely
I0517 05:09:20.403633 6647 raft_consensus.cc:604] T TestWriteOutOfBoundsTablet P 7c632fc348e142d2a3adff5128e63411 [term 0 FOLLOWER]: Becoming Follower/Learner. State: Replica: 7c632fc348e142d2a3adff5128e63411, State: Initialized, Role: FOLLOWER
I0517 05:09:20.404017 6647 consensus_queue.cc:227] T TestWriteOutOfBoundsTablet P 7c632fc348e142d2a3adff5128e63411 [NON_LEADER]: Queue going to NON_LEADER mode. State: All replicated index: 0, Majority replicated index: 0, Committed index: 0, Last appended: 0.0, Last appended by leader: 0, Current term: 0, Majority size: -1, State: 0, Mode: NON_LEADER, active raft config: opid_index: -1 peers { permanent_uuid: "7c632fc348e142d2a3adff5128e63411" member_type: VOTER last_known_addr { host: "127.0.0.1" port: 42958 } }
I0517 05:09:20.404372 6647 raft_consensus.cc:343] T TestWriteOutOfBoundsTablet P 7c632fc348e142d2a3adff5128e63411 [term 0 FOLLOWER]: Only one voter in the Raft config. Triggering election immediately
I0517 05:09:20.404516 6647 raft_consensus.cc:435] T TestWriteOutOfBoundsTablet P 7c632fc348e142d2a3adff5128e63411 [term 0 FOLLOWER]: Starting leader election (initial election of a single-replica configuration)
I0517 05:09:20.404695 6647 raft_consensus.cc:2704] T TestWriteOutOfBoundsTablet P 7c632fc348e142d2a3adff5128e63411: Snoozing failure detection for 1.844s (starting election)
I0517 05:09:20.404851 6647 raft_consensus.cc:2756] T TestWriteOutOfBoundsTablet P 7c632fc348e142d2a3adff5128e63411 [term 0 FOLLOWER]: Advancing to term 1
I0517 05:09:20.408569 6647 raft_consensus.cc:457] T TestWriteOutOfBoundsTablet P 7c632fc348e142d2a3adff5128e63411 [term 1 FOLLOWER]: Starting leader election with config: opid_index: -1 peers { permanent_uuid: "7c632fc348e142d2a3adff5128e63411" member_type: VOTER last_known_addr { host: "127.0.0.1" port: 42958 } }
I0517 05:09:20.409005 6647 leader_election.cc:270] T TestWriteOutOfBoundsTablet P 7c632fc348e142d2a3adff5128e63411 [CANDIDATE]: Term 1 election: Election decided. Result: candidate won.
I0517 05:09:20.409529 6650 raft_consensus.cc:2704] T TestWriteOutOfBoundsTablet P 7c632fc348e142d2a3adff5128e63411: Snoozing failure detection for 1.743s (election complete)
I0517 05:09:20.409771 6650 raft_consensus.cc:2511] T TestWriteOutOfBoundsTablet P 7c632fc348e142d2a3adff5128e63411 [term 1 FOLLOWER]: Leader election won for term 1
W0517 05:09:20.409937 6585 reactor.cc:633] Failed to create an outbound connection to 255.255.255.255:1 because connect() failed: Network error: connect(2) error: Network is unreachable (error 101)
I0517 05:09:20.410123 6647 ts_tablet_manager.cc:1073] T TestWriteOutOfBoundsTablet P 7c632fc348e142d2a3adff5128e63411: Time spent starting tablet: real 0.008s user 0.004s sys 0.004s
I0517 05:09:20.410235 6650 raft_consensus.cc:571] T TestWriteOutOfBoundsTablet P 7c632fc348e142d2a3adff5128e63411 [term 1 LEADER]: Becoming Leader. State: Replica: 7c632fc348e142d2a3adff5128e63411, State: Running, Role: LEADER
W0517 05:09:20.410339 6645 heartbeater.cc:587] Failed to heartbeat to 255.255.255.255:1: Network error: Failed to ping master at 255.255.255.255:1: connect(2) error: Network is unreachable (error 101)
W0517 05:09:20.410784 6585 reactor.cc:633] Failed to create an outbound connection to 255.255.255.255:1 because connect() failed: Network error: connect(2) error: Network is unreachable (error 101)
I0517 05:09:20.410619 6650 consensus_queue.cc:204] T TestWriteOutOfBoundsTablet P 7c632fc348e142d2a3adff5128e63411 [LEADER]: Queue going to LEADER mode. State: All replicated index: 0, Majority replicated index: 0, Committed index: 0, Last appended: 0.0, Last appended by leader: 0, Current term: 1, Majority size: 1, State: 0, Mode: LEADER, active raft config: opid_index: -1 peers { permanent_uuid: "7c632fc348e142d2a3adff5128e63411" member_type: VOTER last_known_addr { host: "127.0.0.1" port: 42958 } }
W0517 05:09:20.411109 6645 heartbeater.cc:587] Failed to heartbeat to 255.255.255.255:1: Network error: Failed to ping master at 255.255.255.255:1: connect(2) error: Network is unreachable (error 101)
I0517 05:09:20.430709 211 tablet_server.cc:144] TabletServer shutting down...
I0517 05:09:20.442260 211 ts_tablet_manager.cc:1118] Shutting down tablet manager...
I0517 05:09:20.442548 211 tablet_replica.cc:261] T TestWriteOutOfBoundsTablet P 7c632fc348e142d2a3adff5128e63411: stopping tablet replica
I0517 05:09:20.442776 211 maintenance_manager.cc:237] P 7c632fc348e142d2a3adff5128e63411: Unregistered op CompactRowSetsOp(TestWriteOutOfBoundsTablet)
I0517 05:09:20.442927 211 maintenance_manager.cc:237] P 7c632fc348e142d2a3adff5128e63411: Unregistered op MinorDeltaCompactionOp(TestWriteOutOfBoundsTablet)
I0517 05:09:20.443109 211 maintenance_manager.cc:237] P 7c632fc348e142d2a3adff5128e63411: Unregistered op MajorDeltaCompactionOp(TestWriteOutOfBoundsTablet)
I0517 05:09:20.443274 211 maintenance_manager.cc:237] P 7c632fc348e142d2a3adff5128e63411: Unregistered op UndoDeltaBlockGCOp(TestWriteOutOfBoundsTablet)
I0517 05:09:20.443464 211 maintenance_manager.cc:237] P 7c632fc348e142d2a3adff5128e63411: Unregistered op FlushMRSOp(TestWriteOutOfBoundsTablet)
I0517 05:09:20.443617 211 maintenance_manager.cc:237] P 7c632fc348e142d2a3adff5128e63411: Unregistered op FlushDeltaMemStoresOp(TestWriteOutOfBoundsTablet)
I0517 05:09:20.443756 211 maintenance_manager.cc:237] P 7c632fc348e142d2a3adff5128e63411: Unregistered op LogGCOp(TestWriteOutOfBoundsTablet)
I0517 05:09:20.443881 211 raft_consensus.cc:2016] T TestWriteOutOfBoundsTablet P 7c632fc348e142d2a3adff5128e63411 [term 1 LEADER]: Raft consensus shutting down.
I0517 05:09:20.444128 211 raft_consensus.cc:2043] T TestWriteOutOfBoundsTablet P 7c632fc348e142d2a3adff5128e63411 [term 1 FOLLOWER]: Raft consensus is shut down!
I0517 05:09:20.446003 211 tablet_replica.cc:261] T TestTablet P 7c632fc348e142d2a3adff5128e63411: stopping tablet replica
I0517 05:09:20.446185 211 maintenance_manager.cc:237] P 7c632fc348e142d2a3adff5128e63411: Unregistered op CompactRowSetsOp(TestTablet)
I0517 05:09:20.446323 211 maintenance_manager.cc:237] P 7c632fc348e142d2a3adff5128e63411: Unregistered op MinorDeltaCompactionOp(TestTablet)
I0517 05:09:20.446437 211 maintenance_manager.cc:237] P 7c632fc348e142d2a3adff5128e63411: Unregistered op MajorDeltaCompactionOp(TestTablet)
I0517 05:09:20.446552 211 maintenance_manager.cc:237] P 7c632fc348e142d2a3adff5128e63411: Unregistered op UndoDeltaBlockGCOp(TestTablet)
I0517 05:09:20.446698 211 maintenance_manager.cc:237] P 7c632fc348e142d2a3adff5128e63411: Unregistered op FlushMRSOp(TestTablet)
I0517 05:09:20.446811 211 maintenance_manager.cc:237] P 7c632fc348e142d2a3adff5128e63411: Unregistered op FlushDeltaMemStoresOp(TestTablet)
I0517 05:09:20.446938 211 maintenance_manager.cc:237] P 7c632fc348e142d2a3adff5128e63411: Unregistered op LogGCOp(TestTablet)
I0517 05:09:20.447077 211 raft_consensus.cc:2016] T TestTablet P 7c632fc348e142d2a3adff5128e63411 [term 1 LEADER]: Raft consensus shutting down.
I0517 05:09:20.447341 211 raft_consensus.cc:2043] T TestTablet P 7c632fc348e142d2a3adff5128e63411 [term 1 FOLLOWER]: Raft consensus is shut down!
I0517 05:09:20.464787 211 tablet_server.cc:157] TabletServer shutdown complete.
I0517 05:09:20.464962 211 tablet_server.cc:144] TabletServer shutting down...
I0517 05:09:20.465221 211 tablet_server.cc:157] TabletServer shutdown complete. [ OK ] TabletServerTest.TestWriteOutOfBounds (225 ms) [ RUN ] TabletServerTest.TestChecksumScan
I0517 05:09:20.486742 211 system_ntp.cc:143] NTP initialized. Skew: 500ppm Current error: 1060361us
I0517 05:09:20.487072 211 fs_manager.cc:260] Metadata directory not provided
I0517 05:09:20.487200 211 fs_manager.cc:266] Using write-ahead log directory (fs_wal_dir) as metadata directory
I0517 05:09:20.487361 211 server_base.cc:432] Could not load existing FS layout: Not found: /tmp/dist-test-taskWs1ZT3/test-tmp/tablet_server-test.0.TabletServerTest.TestChecksumScan.1526533719119959-211/TabletServerTest-fsroot/instance: No such file or directory (error 2)
I0517 05:09:20.487462 211 server_base.cc:433] Attempting to create new FS layout instead
I0517 05:09:20.493263 211 fs_manager.cc:595] Generated new instance metadata in path /tmp/dist-test-taskWs1ZT3/test-tmp/tablet_server-test.0.TabletServerTest.TestChecksumScan.1526533719119959-211/TabletServerTest-fsroot/instance: uuid: "e5e12d1f4eab4547907aed5f30f4f12c" format_stamp: "Formatted at 2018-05-17 05:09:20 on dist-test-slave-dist-test-slave-djmg"
I0517 05:09:20.501210 211 fs_manager.cc:495] Time spent creating directory manager: real 0.008s user 0.008s sys 0.000s
I0517 05:09:20.502462 211 file_cache.cc:470] Constructed file cache lbm with capacity 26214
I0517 05:09:20.508783 211 fs_manager.cc:417] Time spent opening block manager: real 0.001s user 0.004s sys 0.000s
I0517 05:09:20.508929 211 fs_manager.cc:428] Opened local filesystem: /tmp/dist-test-taskWs1ZT3/test-tmp/tablet_server-test.0.TabletServerTest.TestChecksumScan.1526533719119959-211/TabletServerTest-fsroot uuid: "e5e12d1f4eab4547907aed5f30f4f12c" format_stamp: "Formatted at 2018-05-17 05:09:20 on dist-test-slave-dist-test-slave-djmg"
I0517 05:09:20.509150 211 fs_report.cc:347] Block manager report -------------------- 1 data directories: /tmp/dist-test-taskWs1ZT3/test-tmp/tablet_server-test.0.TabletServerTest.TestChecksumScan.1526533719119959-211/TabletServerTest-fsroot/data Total live blocks: 0 Total live bytes: 0 Total live bytes (after alignment): 0 Total number of LBM containers: 0 (0 full) Did not check for missing blocks Did not check for orphaned blocks Total full LBM containers with extra space: 0 (0 repaired) Total full LBM container extra space in bytes: 0 (0 repaired) Total incomplete LBM containers: 0 (0 repaired) Total LBM partial records: 0 (0 repaired)
I0517 05:09:20.567495 211 ts_tablet_manager.cc:356] Loaded tablet metadata (0 live tablets)
I0517 05:09:20.595039 211 rpc_server.cc:205] RPC server started. Bound to: 127.0.0.1:60485
I0517 05:09:20.595844 211 webserver.cc:173] Starting webserver on 127.0.0.1:0
I0517 05:09:20.595952 211 webserver.cc:184] Document root disabled
I0517 05:09:20.597002 211 webserver.cc:311] Webserver started. Bound to: http://127.0.0.1:40641/
W0517 05:09:20.598140 6666 reactor.cc:633] Failed to create an outbound connection to 255.255.255.255:1 because connect() failed: Network error: connect(2) error: Network is unreachable (error 101)
I0517 05:09:20.598366 6727 maintenance_manager.cc:249] Maintenance manager is disabled. Stopping thread.
W0517 05:09:20.598525 6726 heartbeater.cc:587] Failed to heartbeat to 255.255.255.255:1: Network error: Failed to ping master at 255.255.255.255:1: connect(2) error: Network is unreachable (error 101)
W0517 05:09:20.599018 6666 reactor.cc:633] Failed to create an outbound connection to 255.255.255.255:1 because connect() failed: Network error: connect(2) error: Network is unreachable (error 101)
I0517 05:09:20.599181 211 data_dirs.cc:934] Could only allocate 1 dirs of requested 3 for tablet TestTablet. 1 dirs total, 0 dirs full, 0 dirs failed
W0517 05:09:20.599334 6726 heartbeater.cc:587] Failed to heartbeat to 255.255.255.255:1: Network error: Failed to ping master at 255.255.255.255:1: connect(2) error: Network is unreachable (error 101)
W0517 05:09:20.599756 6666 reactor.cc:633] Failed to create an outbound connection to 255.255.255.255:1 because connect() failed: Network error: connect(2) error: Network is unreachable (error 101)
W0517 05:09:20.600054 6726 heartbeater.cc:587] Failed to heartbeat to 255.255.255.255:1: Network error: Failed to ping master at 255.255.255.255:1: connect(2) error: Network is unreachable (error 101)
W0517 05:09:20.600229 6726 heartbeater.cc:380] Failed 3 heartbeats in a row: no longer allowing fast heartbeat attempts.
I0517 05:09:20.606307 211 ts_tablet_manager.cc:1173] T TestTablet P e5e12d1f4eab4547907aed5f30f4f12c: Registered tablet (data state: TABLET_DATA_READY)
I0517 05:09:20.607369 6728 ts_tablet_manager.cc:1028] T TestTablet P e5e12d1f4eab4547907aed5f30f4f12c: Bootstrapping tablet
I0517 05:09:20.607728 6728 tablet_bootstrap.cc:436] T TestTablet P e5e12d1f4eab4547907aed5f30f4f12c: Bootstrap starting.
I0517 05:09:20.609529 6728 tablet_bootstrap.cc:587] T TestTablet P e5e12d1f4eab4547907aed5f30f4f12c: No blocks or log segments found. Creating new log.
I0517 05:09:20.611948 6728 tablet_bootstrap.cc:436] T TestTablet P e5e12d1f4eab4547907aed5f30f4f12c: No bootstrap required, opened a new log
I0517 05:09:20.612238 6728 ts_tablet_manager.cc:1045] T TestTablet P e5e12d1f4eab4547907aed5f30f4f12c: Time spent bootstrapping tablet: real 0.005s user 0.004s sys 0.000s
I0517 05:09:20.613185 6728 raft_consensus.cc:303] T TestTablet P e5e12d1f4eab4547907aed5f30f4f12c [term 0 FOLLOWER]: Replica starting. Triggering 0 pending transactions. Active config: opid_index: -1 peers { permanent_uuid: "e5e12d1f4eab4547907aed5f30f4f12c" member_type: VOTER last_known_addr { host: "127.0.0.1" port: 60485 } }
I0517 05:09:20.613611 6728 raft_consensus.cc:329] T TestTablet P e5e12d1f4eab4547907aed5f30f4f12c [term 0 FOLLOWER]: Consensus starting up: Expiring failure detector timer to make a prompt election more likely
I0517 05:09:20.613761 6728 raft_consensus.cc:604] T TestTablet P e5e12d1f4eab4547907aed5f30f4f12c [term 0 FOLLOWER]: Becoming Follower/Learner. State: Replica: e5e12d1f4eab4547907aed5f30f4f12c, State: Initialized, Role: FOLLOWER
I0517 05:09:20.614125 6728 consensus_queue.cc:227] T TestTablet P e5e12d1f4eab4547907aed5f30f4f12c [NON_LEADER]: Queue going to NON_LEADER mode. State: All replicated index: 0, Majority replicated index: 0, Committed index: 0, Last appended: 0.0, Last appended by leader: 0, Current term: 0, Majority size: -1, State: 0, Mode: NON_LEADER, active raft config: opid_index: -1 peers { permanent_uuid: "e5e12d1f4eab4547907aed5f30f4f12c" member_type: VOTER last_known_addr { host: "127.0.0.1" port: 60485 } }
I0517 05:09:20.614480 6728 raft_consensus.cc:343] T TestTablet P e5e12d1f4eab4547907aed5f30f4f12c [term 0 FOLLOWER]: Only one voter in the Raft config. Triggering election immediately
I0517 05:09:20.614631 6728 raft_consensus.cc:435] T TestTablet P e5e12d1f4eab4547907aed5f30f4f12c [term 0 FOLLOWER]: Starting leader election (initial election of a single-replica configuration)
I0517 05:09:20.614780 6728 raft_consensus.cc:2704] T TestTablet P e5e12d1f4eab4547907aed5f30f4f12c: Snoozing failure detection for 1.905s (starting election)
I0517 05:09:20.614933 6728 raft_consensus.cc:2756] T TestTablet P e5e12d1f4eab4547907aed5f30f4f12c [term 0 FOLLOWER]: Advancing to term 1
I0517 05:09:20.618834 6728 raft_consensus.cc:457] T TestTablet P e5e12d1f4eab4547907aed5f30f4f12c [term 1 FOLLOWER]: Starting leader election with config: opid_index: -1 peers { permanent_uuid: "e5e12d1f4eab4547907aed5f30f4f12c" member_type: VOTER last_known_addr { host: "127.0.0.1" port: 60485 } }
I0517 05:09:20.619330 6728 leader_election.cc:270] T TestTablet P e5e12d1f4eab4547907aed5f30f4f12c [CANDIDATE]: Term 1 election: Election decided. Result: candidate won.
I0517 05:09:20.620376 6730 raft_consensus.cc:2704] T TestTablet P e5e12d1f4eab4547907aed5f30f4f12c: Snoozing failure detection for 1.598s (election complete)
I0517 05:09:20.620654 6730 raft_consensus.cc:2511] T TestTablet P e5e12d1f4eab4547907aed5f30f4f12c [term 1 FOLLOWER]: Leader election won for term 1
W0517 05:09:20.621464 6666 reactor.cc:633] Failed to create an outbound connection to 255.255.255.255:1 because connect() failed: Network error: connect(2) error: Network is unreachable (error 101)
I0517 05:09:20.621713 6730 raft_consensus.cc:571] T TestTablet P e5e12d1f4eab4547907aed5f30f4f12c [term 1 LEADER]: Becoming Leader. State: Replica: e5e12d1f4eab4547907aed5f30f4f12c, State: Running, Role: LEADER
W0517 05:09:20.621902 6726 heartbeater.cc:587] Failed to heartbeat to 255.255.255.255:1: Network error: Failed to ping master at 255.255.255.255:1: connect(2) error: Network is unreachable (error 101)
I0517 05:09:20.622099 6730 consensus_queue.cc:204] T TestTablet P e5e12d1f4eab4547907aed5f30f4f12c [LEADER]: Queue going to LEADER mode. State: All replicated index: 0, Majority replicated index: 0, Committed index: 0, Last appended: 0.0, Last appended by leader: 0, Current term: 1, Majority size: 1, State: 0, Mode: LEADER, active raft config: opid_index: -1 peers { permanent_uuid: "e5e12d1f4eab4547907aed5f30f4f12c" member_type: VOTER last_known_addr { host: "127.0.0.1" port: 60485 } }
W0517 05:09:20.622316 6666 reactor.cc:633] Failed to create an outbound connection to 255.255.255.255:1 because connect() failed: Network error: connect(2) error: Network is unreachable (error 101)
I0517 05:09:20.622669 6728 ts_tablet_manager.cc:1073] T TestTablet P e5e12d1f4eab4547907aed5f30f4f12c: Time spent starting tablet: real 0.010s user 0.008s sys 0.000s
W0517 05:09:20.622795 6726 heartbeater.cc:587] Failed to heartbeat to 255.255.255.255:1: Network error: Failed to ping master at 255.255.255.255:1: connect(2) error: Network is unreachable (error 101)
I0517 05:09:20.665845 211 tablet_server.cc:144] TabletServer shutting down...
I0517 05:09:20.677835 211 ts_tablet_manager.cc:1118] Shutting down tablet manager...
I0517 05:09:20.678143 211 tablet_replica.cc:261] T TestTablet P e5e12d1f4eab4547907aed5f30f4f12c: stopping tablet replica
I0517 05:09:20.678434 211 maintenance_manager.cc:237] P e5e12d1f4eab4547907aed5f30f4f12c: Unregistered op CompactRowSetsOp(TestTablet)
I0517 05:09:20.678628 211 maintenance_manager.cc:237] P e5e12d1f4eab4547907aed5f30f4f12c: Unregistered op MinorDeltaCompactionOp(TestTablet)
I0517 05:09:20.678750 211 maintenance_manager.cc:237] P e5e12d1f4eab4547907aed5f30f4f12c: Unregistered op MajorDeltaCompactionOp(TestTablet)
I0517 05:09:20.678853 211 maintenance_manager.cc:237] P e5e12d1f4eab4547907aed5f30f4f12c: Unregistered op UndoDeltaBlockGCOp(TestTablet)
I0517 05:09:20.678974 211 maintenance_manager.cc:237] P e5e12d1f4eab4547907aed5f30f4f12c: Unregistered op FlushMRSOp(TestTablet)
I0517 05:09:20.679075 211 maintenance_manager.cc:237] P e5e12d1f4eab4547907aed5f30f4f12c: Unregistered op FlushDeltaMemStoresOp(TestTablet)
I0517 05:09:20.679172 211 maintenance_manager.cc:237] P e5e12d1f4eab4547907aed5f30f4f12c: Unregistered op LogGCOp(TestTablet)
I0517 05:09:20.679281 211 raft_consensus.cc:2016] T TestTablet P e5e12d1f4eab4547907aed5f30f4f12c [term 1 LEADER]: Raft consensus shutting down.
I0517 05:09:20.679484 211 raft_consensus.cc:2043] T TestTablet P e5e12d1f4eab4547907aed5f30f4f12c [term 1 FOLLOWER]: Raft consensus is shut down!
I0517 05:09:20.688735 211 tablet_server.cc:157] TabletServer shutdown complete.
I0517 05:09:20.688870 211 tablet_server.cc:144] TabletServer shutting down...
I0517 05:09:20.689157 211 tablet_server.cc:157] TabletServer shutdown complete. [ OK ] TabletServerTest.TestChecksumScan (224 ms) [ RUN ] TabletServerTest.TestKudu120PreRequisites
I0517 05:09:20.710039 211 system_ntp.cc:143] NTP initialized. Skew: 500ppm Current error: 1060361us
I0517 05:09:20.710358 211 fs_manager.cc:260] Metadata directory not provided
I0517 05:09:20.710479 211 fs_manager.cc:266] Using write-ahead log directory (fs_wal_dir) as metadata directory
I0517 05:09:20.710649 211 server_base.cc:432] Could not load existing FS layout: Not found: /tmp/dist-test-taskWs1ZT3/test-tmp/tablet_server-test.0.TabletServerTest.TestKudu120PreRequisites.1526533719119959-211/TabletServerTest-fsroot/instance: No such file or directory (error 2)
I0517 05:09:20.710749 211 server_base.cc:433] Attempting to create new FS layout instead
I0517 05:09:20.716471 211 fs_manager.cc:595] Generated new instance metadata in path /tmp/dist-test-taskWs1ZT3/test-tmp/tablet_server-test.0.TabletServerTest.TestKudu120PreRequisites.1526533719119959-211/TabletServerTest-fsroot/instance: uuid: "f0f6601c7ea0458993ff988edbe6f26e" format_stamp: "Formatted at 2018-05-17 05:09:20 on dist-test-slave-dist-test-slave-djmg"
I0517 05:09:20.724267 211 fs_manager.cc:495] Time spent creating directory manager: real 0.007s user 0.008s sys 0.000s
I0517 05:09:20.725474 211 file_cache.cc:470] Constructed file cache lbm with capacity 26214
I0517 05:09:20.731643 211 fs_manager.cc:417] Time spent opening block manager: real 0.001s user 0.004s sys 0.000s
I0517 05:09:20.731786 211 fs_manager.cc:428] Opened local filesystem: /tmp/dist-test-taskWs1ZT3/test-tmp/tablet_server-test.0.TabletServerTest.TestKudu120PreRequisites.1526533719119959-211/TabletServerTest-fsroot uuid: "f0f6601c7ea0458993ff988edbe6f26e" format_stamp: "Formatted at 2018-05-17 05:09:20 on dist-test-slave-dist-test-slave-djmg"
I0517 05:09:20.732003 211 fs_report.cc:347] Block manager report -------------------- 1 data directories: /tmp/dist-test-taskWs1ZT3/test-tmp/tablet_server-test.0.TabletServerTest.TestKudu120PreRequisites.1526533719119959-211/TabletServerTest-fsroot/data Total live blocks: 0 Total live bytes: 0 Total live bytes (after alignment): 0 Total number of LBM containers: 0 (0 full) Did not check for missing blocks Did not check for orphaned blocks Total full LBM containers with extra space: 0 (0 repaired) Total full LBM container extra space in bytes: 0 (0 repaired) Total incomplete LBM containers: 0 (0 repaired) Total LBM partial records: 0 (0 repaired)
I0517 05:09:20.771626 211 ts_tablet_manager.cc:356] Loaded tablet metadata (0 live tablets)
I0517 05:09:20.798522 211 rpc_server.cc:205] RPC server started. Bound to: 127.0.0.1:57652
I0517 05:09:20.799299 211 webserver.cc:173] Starting webserver on 127.0.0.1:0
I0517 05:09:20.799401 211 webserver.cc:184] Document root disabled
I0517 05:09:20.800228 211 webserver.cc:311] Webserver started. Bound to: http://127.0.0.1:50295/
W0517 05:09:20.801348 6746 reactor.cc:633] Failed to create an outbound connection to 255.255.255.255:1 because connect() failed: Network error: connect(2) error: Network is unreachable (error 101)
I0517 05:09:20.801618 6807 maintenance_manager.cc:249] Maintenance manager is disabled. Stopping thread.
W0517 05:09:20.801753 6806 heartbeater.cc:587] Failed to heartbeat to 255.255.255.255:1: Network error: Failed to ping master at 255.255.255.255:1: connect(2) error: Network is unreachable (error 101)
I0517 05:09:20.802163 211 data_dirs.cc:934] Could only allocate 1 dirs of requested 3 for tablet TestTablet. 1 dirs total, 0 dirs full, 0 dirs failed
W0517 05:09:20.802191 6746 reactor.cc:633] Failed to create an outbound connection to 255.255.255.255:1 because connect() failed: Network error: connect(2) error: Network is unreachable (error 101)
W0517 05:09:20.802508 6806 heartbeater.cc:587] Failed to heartbeat to 255.255.255.255:1: Network error: Failed to ping master at 255.255.255.255:1: connect(2) error: Network is unreachable (error 101)
W0517 05:09:20.802855 6746 reactor.cc:633] Failed to create an outbound connection to 255.255.255.255:1 because connect() failed: Network error: connect(2) error: Network is unreachable (error 101)
W0517 05:09:20.803130 6806 heartbeater.cc:587] Failed to heartbeat to 255.255.255.255:1: Network error: Failed to ping master at 255.255.255.255:1: connect(2) error: Network is unreachable (error 101)
W0517 05:09:20.803254 6806 heartbeater.cc:380] Failed 3 heartbeats in a row: no longer allowing fast heartbeat attempts.
I0517 05:09:20.809106 211 ts_tablet_manager.cc:1173] T TestTablet P f0f6601c7ea0458993ff988edbe6f26e: Registered tablet (data state: TABLET_DATA_READY)
I0517 05:09:20.810075 6808 ts_tablet_manager.cc:1028] T TestTablet P f0f6601c7ea0458993ff988edbe6f26e: Bootstrapping tablet
I0517 05:09:20.810353 6808 tablet_bootstrap.cc:436] T TestTablet P f0f6601c7ea0458993ff988edbe6f26e: Bootstrap starting.
I0517 05:09:20.812052 6808 tablet_bootstrap.cc:587] T TestTablet P f0f6601c7ea0458993ff988edbe6f26e: No blocks or log segments found. Creating new log.
I0517 05:09:20.814384 6808 tablet_bootstrap.cc:436] T TestTablet P f0f6601c7ea0458993ff988edbe6f26e: No bootstrap required, opened a new log
I0517 05:09:20.814662 6808 ts_tablet_manager.cc:1045] T TestTablet P f0f6601c7ea0458993ff988edbe6f26e: Time spent bootstrapping tablet: real 0.004s user 0.000s sys 0.000s
I0517 05:09:20.815572 6808 raft_consensus.cc:303] T TestTablet P f0f6601c7ea0458993ff988edbe6f26e [term 0 FOLLOWER]: Replica starting. Triggering 0 pending transactions. Active config: opid_index: -1 peers { permanent_uuid: "f0f6601c7ea0458993ff988edbe6f26e" member_type: VOTER last_known_addr { host: "127.0.0.1" port: 57652 } }
I0517 05:09:20.815881 6808 raft_consensus.cc:329] T TestTablet P f0f6601c7ea0458993ff988edbe6f26e [term 0 FOLLOWER]: Consensus starting up: Expiring failure detector timer to make a prompt election more likely
I0517 05:09:20.816020 6808 raft_consensus.cc:604] T TestTablet P f0f6601c7ea0458993ff988edbe6f26e [term 0 FOLLOWER]: Becoming Follower/Learner. State: Replica: f0f6601c7ea0458993ff988edbe6f26e, State: Initialized, Role: FOLLOWER
I0517 05:09:20.816356 6808 consensus_queue.cc:227] T TestTablet P f0f6601c7ea0458993ff988edbe6f26e [NON_LEADER]: Queue going to NON_LEADER mode. State: All replicated index: 0, Majority replicated index: 0, Committed index: 0, Last appended: 0.0, Last appended by leader: 0, Current term: 0, Majority size: -1, State: 0, Mode: NON_LEADER, active raft config: opid_index: -1 peers { permanent_uuid: "f0f6601c7ea0458993ff988edbe6f26e" member_type: VOTER last_known_addr { host: "127.0.0.1" port: 57652 } }
I0517 05:09:20.816733 6808 raft_consensus.cc:343] T TestTablet P f0f6601c7ea0458993ff988edbe6f26e [term 0 FOLLOWER]: Only one voter in the Raft config. Triggering election immediately
I0517 05:09:20.816879 6808 raft_consensus.cc:435] T TestTablet P f0f6601c7ea0458993ff988edbe6f26e [term 0 FOLLOWER]: Starting leader election (initial election of a single-replica configuration)
I0517 05:09:20.817028 6808 raft_consensus.cc:2704] T TestTablet P f0f6601c7ea0458993ff988edbe6f26e: Snoozing failure detection for 2.043s (starting election)
I0517 05:09:20.817193 6808 raft_consensus.cc:2756] T TestTablet P f0f6601c7ea0458993ff988edbe6f26e [term 0 FOLLOWER]: Advancing to term 1
I0517 05:09:20.820677 6808 raft_consensus.cc:457] T TestTablet P f0f6601c7ea0458993ff988edbe6f26e [term 1 FOLLOWER]: Starting leader election with config: opid_index: -1 peers { permanent_uuid: "f0f6601c7ea0458993ff988edbe6f26e" member_type: VOTER last_known_addr { host: "127.0.0.1" port: 57652 } }
I0517 05:09:20.821076 6808 leader_election.cc:270] T TestTablet P f0f6601c7ea0458993ff988edbe6f26e [CANDIDATE]: Term 1 election: Election decided. Result: candidate won.
I0517 05:09:20.822054 6810 raft_consensus.cc:2704] T TestTablet P f0f6601c7ea0458993ff988edbe6f26e: Snoozing failure detection for 1.764s (election complete)
I0517 05:09:20.822271 6810 raft_consensus.cc:2511] T TestTablet P f0f6601c7ea0458993ff988edbe6f26e [term 1 FOLLOWER]: Leader election won for term 1
I0517 05:09:20.823164 6810 raft_consensus.cc:571] T TestTablet P f0f6601c7ea0458993ff988edbe6f26e [term 1 LEADER]: Becoming Leader. State: Replica: f0f6601c7ea0458993ff988edbe6f26e, State: Running, Role: LEADER
I0517 05:09:20.823590 6810 consensus_queue.cc:204] T TestTablet P f0f6601c7ea0458993ff988edbe6f26e [LEADER]: Queue going to LEADER mode. State: All replicated index: 0, Majority replicated index: 0, Committed index: 0, Last appended: 0.0, Last appended by leader: 0, Current term: 1, Majority size: 1, State: 0, Mode: LEADER, active raft config: opid_index: -1 peers { permanent_uuid: "f0f6601c7ea0458993ff988edbe6f26e" member_type: VOTER last_known_addr { host: "127.0.0.1" port: 57652 } }
W0517 05:09:20.824014 6746 reactor.cc:633] Failed to create an outbound connection to 255.255.255.255:1 because connect() failed: Network error: connect(2) error: Network is unreachable (error 101)
I0517 05:09:20.824081 6808 ts_tablet_manager.cc:1073] T TestTablet P f0f6601c7ea0458993ff988edbe6f26e: Time spent starting tablet: real 0.009s user 0.008s sys 0.004s
W0517 05:09:20.824512 6806 heartbeater.cc:587] Failed to heartbeat to 255.255.255.255:1: Network error: Failed to ping master at 255.255.255.255:1: connect(2) error: Network is unreachable (error 101)
W0517 05:09:20.824959 6746 reactor.cc:633] Failed to create an outbound connection to 255.255.255.255:1 because connect() failed: Network error: connect(2) error: Network is unreachable (error 101)
W0517 05:09:20.825378 6806 heartbeater.cc:587] Failed to heartbeat to 255.255.255.255:1: Network error: Failed to ping master at 255.255.255.255:1: connect(2) error: Network is unreachable (error 101)
I0517 05:09:20.869738 211 tablet.cc:1152] T TestTablet P f0f6601c7ea0458993ff988edbe6f26e: Flush: entering stage 1 (old memrowset already frozen for inserts)
I0517 05:09:20.869933 211 compaction.cc:913] Selected 1 rowsets to compact:
I0517 05:09:20.870038 211 compaction.cc:916] memrowset(current size on disk: ~0 bytes)
I0517 05:09:20.870133 211 tablet.cc:1154] T TestTablet P f0f6601c7ea0458993ff988edbe6f26e: Memstore in-memory size: 1759 bytes
I0517 05:09:20.870290 211 tablet.cc:1443] T TestTablet P f0f6601c7ea0458993ff988edbe6f26e: Flush: entering phase 1 (flushing snapshot). Phase 1 snapshot: MvccSnapshot[committed={T|T < 6252682284513824768 or (T in {6252682284513824768})}]
I0517 05:09:20.873826 211 multi_column_writer.cc:98] Opened CFile writers for 3 column(s)
I0517 05:09:20.882220 211 tablet.cc:1528] T TestTablet P f0f6601c7ea0458993ff988edbe6f26e: Flush: entering phase 2 (starting to duplicate updates in new rowsets)
I0517 05:09:20.882539 211 tablet.cc:1583] T TestTablet P f0f6601c7ea0458993ff988edbe6f26e: Flush Phase 2: carrying over any updates which arrived during Phase 1
I0517 05:09:20.882648 211 tablet.cc:1585] T TestTablet P f0f6601c7ea0458993ff988edbe6f26e: Phase 2 snapshot: MvccSnapshot[committed={T|T < 6252682284513824768 or (T in {6252682284513824768})}]
I0517 05:09:20.888188 211 tablet.cc:1633] T TestTablet P f0f6601c7ea0458993ff988edbe6f26e: Flush successful on 10 rows (4742 bytes)
I0517 05:09:20.923579 211 tablet.cc:1152] T TestTablet P f0f6601c7ea0458993ff988edbe6f26e: Flush: entering stage 1 (old memrowset already frozen for inserts)
I0517 05:09:20.923745 211 compaction.cc:913] Selected 1 rowsets to compact:
I0517 05:09:20.923844 211 compaction.cc:916] memrowset(current size on disk: ~0 bytes)
I0517 05:09:20.923934 211 tablet.cc:1154] T TestTablet P f0f6601c7ea0458993ff988edbe6f26e: Memstore in-memory size: 1759 bytes
I0517 05:09:20.924059 211 tablet.cc:1443] T TestTablet P f0f6601c7ea0458993ff988edbe6f26e: Flush: entering phase 1 (flushing snapshot). Phase 1 snapshot: MvccSnapshot[committed={T|T < 6252682284733964288 or (T in {6252682284733964288})}]
I0517 05:09:20.925308 211 multi_column_writer.cc:98] Opened CFile writers for 3 column(s)
I0517 05:09:20.931569 211 tablet.cc:1528] T TestTablet P f0f6601c7ea0458993ff988edbe6f26e: Flush: entering phase 2 (starting to duplicate updates in new rowsets)
I0517 05:09:20.931915 211 tablet.cc:1583] T TestTablet P f0f6601c7ea0458993ff988edbe6f26e: Flush Phase 2: carrying over any updates which arrived during Phase 1
I0517 05:09:20.932030 211 tablet.cc:1585] T TestTablet P f0f6601c7ea0458993ff988edbe6f26e: Phase 2 snapshot: MvccSnapshot[committed={T|T < 6252682284733964288 or (T in {6252682284733964288})}]
I0517 05:09:20.937721 211 tablet.cc:1633] T TestTablet P f0f6601c7ea0458993ff988edbe6f26e: Flush successful on 10 rows (4757 bytes)
I0517 05:09:21.043095 6819 tablet.cc:1663] T TestTablet P f0f6601c7ea0458993ff988edbe6f26e: Compaction: stage 1 complete, picked 2 rowsets to compact or flush
I0517 05:09:21.043275 6819 compaction.cc:913] Selected 2 rowsets to compact:
I0517 05:09:21.043401 6819 compaction.cc:916] RowSet(0)(current size on disk: ~4996 bytes)
I0517 05:09:21.043579 6819 compaction.cc:916] RowSet(1)(current size on disk: ~5011 bytes)
I0517 05:09:21.043732 6819 tablet.cc:1443] T TestTablet P f0f6601c7ea0458993ff988edbe6f26e: Compaction: entering phase 1 (flushing snapshot). Phase 1 snapshot: MvccSnapshot[committed={T|T < 6252682284815982592 or (T in {6252682284815982592})}]
I0517 05:09:21.045651 6819 multi_column_writer.cc:98] Opened CFile writers for 3 column(s)
I0517 05:09:21.058337 6819 tablet.cc:1528] T TestTablet P f0f6601c7ea0458993ff988edbe6f26e: Compaction: entering phase 2 (starting to duplicate updates in new rowsets)
I0517 05:09:21.058686 6819 tablet.cc:1583] T TestTablet P f0f6601c7ea0458993ff988edbe6f26e: Compaction Phase 2: carrying over any updates which arrived during Phase 1
I0517 05:09:21.058804 6819 tablet.cc:1585] T TestTablet P f0f6601c7ea0458993ff988edbe6f26e: Phase 2 snapshot: MvccSnapshot[committed={T|T < 6252682284815982592 or (T in {6252682284815982592})}]
W0517 05:09:21.343202 6813 log.cc:662] Time spent T TestTablet P f0f6601c7ea0458993ff988edbe6f26e: Append to log took a long time: real 0.399s user 0.000s sys 0.000s
W0517 05:09:21.343690 6819 tablet_replica.cc:811] Time spent Flushing the Log queue took a long time.: real 0.280s user 0.004s sys 0.000s
I0517 05:09:21.349241 6819 tablet.cc:1633] T TestTablet P f0f6601c7ea0458993ff988edbe6f26e: Compaction successful on 20 rows (4877 bytes)
I0517 05:09:21.350896 211 tablet_server.cc:144] TabletServer shutting down...
I0517 05:09:21.363646 211 ts_tablet_manager.cc:1118] Shutting down tablet manager...
I0517 05:09:21.363867 211 tablet_replica.cc:261] T TestTablet P f0f6601c7ea0458993ff988edbe6f26e: stopping tablet replica
I0517 05:09:21.364022 211 maintenance_manager.cc:237] P f0f6601c7ea0458993ff988edbe6f26e: Unregistered op CompactRowSetsOp(TestTablet)
I0517 05:09:21.364137 211 maintenance_manager.cc:237] P f0f6601c7ea0458993ff988edbe6f26e: Unregistered op MinorDeltaCompactionOp(TestTablet)
I0517 05:09:21.364236 211 maintenance_manager.cc:237] P f0f6601c7ea0458993ff988edbe6f26e: Unregistered op MajorDeltaCompactionOp(TestTablet)
I0517 05:09:21.364356 211 maintenance_manager.cc:237] P f0f6601c7ea0458993ff988edbe6f26e: Unregistered op UndoDeltaBlockGCOp(TestTablet)
I0517 05:09:21.364472 211 maintenance_manager.cc:237] P f0f6601c7ea0458993ff988edbe6f26e: Unregistered op FlushMRSOp(TestTablet)
I0517 05:09:21.364564 211 maintenance_manager.cc:237] P f0f6601c7ea0458993ff988edbe6f26e: Unregistered op FlushDeltaMemStoresOp(TestTablet)
I0517 05:09:21.364677 211 maintenance_manager.cc:237] P f0f6601c7ea0458993ff988edbe6f26e: Unregistered op LogGCOp(TestTablet)
I0517 05:09:21.364789 211 raft_consensus.cc:2016] T TestTablet P f0f6601c7ea0458993ff988edbe6f26e [term 1 LEADER]: Raft consensus shutting down.
I0517 05:09:21.365010 211 raft_consensus.cc:2043] T TestTablet P f0f6601c7ea0458993ff988edbe6f26e [term 1 FOLLOWER]: Raft consensus is shut down!
I0517 05:09:21.381446 211 tablet_server.cc:157] TabletServer shutdown complete.
I0517 05:09:21.381595 211 tablet_server.cc:144] TabletServer shutting down...
I0517 05:09:21.381860 211 tablet_server.cc:157] TabletServer shutdown complete. [ OK ] TabletServerTest.TestKudu120PreRequisites (695 ms) [ RUN ] TabletServerTest.TestFailedDnsResolution
I0517 05:09:21.404978 211 system_ntp.cc:143] NTP initialized. Skew: 500ppm Current error: 1060861us
I0517 05:09:21.405315 211 fs_manager.cc:260] Metadata directory not provided
I0517 05:09:21.405436 211 fs_manager.cc:266] Using write-ahead log directory (fs_wal_dir) as metadata directory
I0517 05:09:21.405598 211 server_base.cc:432] Could not load existing FS layout: Not found: /tmp/dist-test-taskWs1ZT3/test-tmp/tablet_server-test.0.TabletServerTest.TestFailedDnsResolution.1526533719119959-211/TabletServerTest-fsroot/instance: No such file or directory (error 2)
I0517 05:09:21.405700 211 server_base.cc:433] Attempting to create new FS layout instead
I0517 05:09:21.411417 211 fs_manager.cc:595] Generated new instance metadata in path /tmp/dist-test-taskWs1ZT3/test-tmp/tablet_server-test.0.TabletServerTest.TestFailedDnsResolution.1526533719119959-211/TabletServerTest-fsroot/instance: uuid: "821339b6eaa54107ba6159798de58725" format_stamp: "Formatted at 2018-05-17 05:09:21 on dist-test-slave-dist-test-slave-djmg"
I0517 05:09:21.419194 211 fs_manager.cc:495] Time spent creating directory manager: real 0.007s user 0.012s sys 0.000s
I0517 05:09:21.420435 211 file_cache.cc:470] Constructed file cache lbm with capacity 26214
I0517 05:09:21.426553 211 fs_manager.cc:417] Time spent opening block manager: real 0.001s user 0.000s sys 0.000s
I0517 05:09:21.426690 211 fs_manager.cc:428] Opened local filesystem: /tmp/dist-test-taskWs1ZT3/test-tmp/tablet_server-test.0.TabletServerTest.TestFailedDnsResolution.1526533719119959-211/TabletServerTest-fsroot uuid: "821339b6eaa54107ba6159798de58725" format_stamp: "Formatted at 2018-05-17 05:09:21 on dist-test-slave-dist-test-slave-djmg"
I0517 05:09:21.426934 211 fs_report.cc:347] Block manager report -------------------- 1 data directories: /tmp/dist-test-taskWs1ZT3/test-tmp/tablet_server-test.0.TabletServerTest.TestFailedDnsResolution.1526533719119959-211/TabletServerTest-fsroot/data Total live blocks: 0 Total live bytes: 0 Total live bytes (after alignment): 0 Total number of LBM containers: 0 (0 full) Did not check for missing blocks Did not check for orphaned blocks Total full LBM containers with extra space: 0 (0 repaired) Total full LBM container extra space in bytes: 0 (0 repaired) Total incomplete LBM containers: 0 (0 repaired) Total LBM partial records: 0 (0 repaired)
I0517 05:09:21.461788 211 ts_tablet_manager.cc:356] Loaded tablet metadata (0 live tablets)
I0517 05:09:21.488952 211 rpc_server.cc:205] RPC server started. Bound to: 127.0.0.1:50064
I0517 05:09:21.489756 211 webserver.cc:173] Starting webserver on 127.0.0.1:0
I0517 05:09:21.489866 211 webserver.cc:184] Document root disabled
I0517 05:09:21.490674 211 webserver.cc:311] Webserver started. Bound to: http://127.0.0.1:39456/
W0517 05:09:21.491704 6828 reactor.cc:633] Failed to create an outbound connection to 255.255.255.255:1 because connect() failed: Network error: connect(2) error: Network is unreachable (error 101)
I0517 05:09:21.491976 6889 maintenance_manager.cc:249] Maintenance manager is disabled. Stopping thread.
W0517 05:09:21.492091 6888 heartbeater.cc:587] Failed to heartbeat to 255.255.255.255:1: Network error: Failed to ping master at 255.255.255.255:1: connect(2) error: Network is unreachable (error 101)
W0517 05:09:21.492555 6828 reactor.cc:633] Failed to create an outbound connection to 255.255.255.255:1 because connect() failed: Network error: connect(2) error: Network is unreachable (error 101)
I0517 05:09:21.492570 211 data_dirs.cc:934] Could only allocate 1 dirs of requested 3 for tablet TestTablet. 1 dirs total, 0 dirs full, 0 dirs failed
W0517 05:09:21.492866 6888 heartbeater.cc:587] Failed to heartbeat to 255.255.255.255:1: Network error: Failed to ping master at 255.255.255.255:1: connect(2) error: Network is unreachable (error 101)
W0517 05:09:21.493225 6828 reactor.cc:633] Failed to create an outbound connection to 255.255.255.255:1 because connect() failed: Network error: connect(2) error: Network is unreachable (error 101)
W0517 05:09:21.493499 6888 heartbeater.cc:587] Failed to heartbeat to 255.255.255.255:1: Network error: Failed to ping master at 255.255.255.255:1: connect(2) error: Network is unreachable (error 101)
W0517 05:09:21.493624 6888 heartbeater.cc:380] Failed 3 heartbeats in a row: no longer allowing fast heartbeat attempts.
I0517 05:09:21.499557 211 ts_tablet_manager.cc:1173] T TestTablet P 821339b6eaa54107ba6159798de58725: Registered tablet (data state: TABLET_DATA_READY)
I0517 05:09:21.500550 6890 ts_tablet_manager.cc:1028] T TestTablet P 821339b6eaa54107ba6159798de58725: Bootstrapping tablet
I0517 05:09:21.500861 6890 tablet_bootstrap.cc:436] T TestTablet P 821339b6eaa54107ba6159798de58725: Bootstrap starting.
I0517 05:09:21.502528 6890 tablet_bootstrap.cc:587] T TestTablet P 821339b6eaa54107ba6159798de58725: No blocks or log segments found. Creating new log.
I0517 05:09:21.505004 6890 tablet_bootstrap.cc:436] T TestTablet P 821339b6eaa54107ba6159798de58725: No bootstrap required, opened a new log
I0517 05:09:21.505264 6890 ts_tablet_manager.cc:1045] T TestTablet P 821339b6eaa54107ba6159798de58725: Time spent bootstrapping tablet: real 0.005s user 0.004s sys 0.000s
I0517 05:09:21.506206 6890 raft_consensus.cc:303] T TestTablet P 821339b6eaa54107ba6159798de58725 [term 0 FOLLOWER]: Replica starting. Triggering 0 pending transactions. Active config: opid_index: -1 peers { permanent_uuid: "821339b6eaa54107ba6159798de58725" member_type: VOTER last_known_addr { host: "127.0.0.1" port: 50064 } }
I0517 05:09:21.506526 6890 raft_consensus.cc:329] T TestTablet P 821339b6eaa54107ba6159798de58725 [term 0 FOLLOWER]: Consensus starting up: Expiring failure detector timer to make a prompt election more likely
I0517 05:09:21.506685 6890 raft_consensus.cc:604] T TestTablet P 821339b6eaa54107ba6159798de58725 [term 0 FOLLOWER]: Becoming Follower/Learner. State: Replica: 821339b6eaa54107ba6159798de58725, State: Initialized, Role: FOLLOWER
I0517 05:09:21.507073 6890 consensus_queue.cc:227] T TestTablet P 821339b6eaa54107ba6159798de58725 [NON_LEADER]: Queue going to NON_LEADER mode. State: All replicated index: 0, Majority replicated index: 0, Committed index: 0, Last appended: 0.0, Last appended by leader: 0, Current term: 0, Majority size: -1, State: 0, Mode: NON_LEADER, active raft config: opid_index: -1 peers { permanent_uuid: "821339b6eaa54107ba6159798de58725" member_type: VOTER last_known_addr { host: "127.0.0.1" port: 50064 } }
I0517 05:09:21.507443 6890 raft_consensus.cc:343] T TestTablet P 821339b6eaa54107ba6159798de58725 [term 0 FOLLOWER]: Only one voter in the Raft config. Triggering election immediately
I0517 05:09:21.507582 6890 raft_consensus.cc:435] T TestTablet P 821339b6eaa54107ba6159798de58725 [term 0 FOLLOWER]: Starting leader election (initial election of a single-replica configuration)
I0517 05:09:21.507738 6890 raft_consensus.cc:2704] T TestTablet P 821339b6eaa54107ba6159798de58725: Snoozing failure detection for 1.899s (starting election)
I0517 05:09:21.507897 6890 raft_consensus.cc:2756] T TestTablet P 821339b6eaa54107ba6159798de58725 [term 0 FOLLOWER]: Advancing to term 1
I0517 05:09:21.511999 6890 raft_consensus.cc:457] T TestTablet P 821339b6eaa54107ba6159798de58725 [term 1 FOLLOWER]: Starting leader election with config: opid_index: -1 peers { permanent_uuid: "821339b6eaa54107ba6159798de58725" member_type: VOTER last_known_addr { host: "127.0.0.1" port: 50064 } }
I0517 05:09:21.512419 6890 leader_election.cc:270] T TestTablet P 821339b6eaa54107ba6159798de58725 [CANDIDATE]: Term 1 election: Election decided. Result: candidate won.
I0517 05:09:21.513449 6892 raft_consensus.cc:2704] T TestTablet P 821339b6eaa54107ba6159798de58725: Snoozing failure detection for 2.180s (election complete)
I0517 05:09:21.513684 6892 raft_consensus.cc:2511] T TestTablet P 821339b6eaa54107ba6159798de58725 [term 1 FOLLOWER]: Leader election won for term 1
W0517 05:09:21.515106 6828 reactor.cc:633] Failed to create an outbound connection to 255.255.255.255:1 because connect() failed: Network error: connect(2) error: Network is unreachable (error 101)
I0517 05:09:21.515151 6890 ts_tablet_manager.cc:1073] T TestTablet P 821339b6eaa54107ba6159798de58725: Time spent starting tablet: real 0.010s user 0.008s sys 0.000s
I0517 05:09:21.515168 6892 raft_consensus.cc:571] T TestTablet P 821339b6eaa54107ba6159798de58725 [term 1 LEADER]: Becoming Leader. State: Replica: 821339b6eaa54107ba6159798de58725, State: Running, Role: LEADER
W0517 05:09:21.515607 6888 heartbeater.cc:587] Failed to heartbeat to 255.255.255.255:1: Network error: Failed to ping master at 255.255.255.255:1: connect(2) error: Network is unreachable (error 101)
I0517 05:09:21.515666 6892 consensus_queue.cc:204] T TestTablet P 821339b6eaa54107ba6159798de58725 [LEADER]: Queue going to LEADER mode. State: All replicated index: 0, Majority replicated index: 0, Committed index: 0, Last appended: 0.0, Last appended by leader: 0, Current term: 1, Majority size: 1, State: 0, Mode: LEADER, active raft config: opid_index: -1 peers { permanent_uuid: "821339b6eaa54107ba6159798de58725" member_type: VOTER last_known_addr { host: "127.0.0.1" port: 50064 } }
W0517 05:09:21.516018 6828 reactor.cc:633] Failed to create an outbound connection to 255.255.255.255:1 because connect() failed: Network error: connect(2) error: Network is unreachable (error 101)
W0517 05:09:21.516299 6888 heartbeater.cc:587] Failed to heartbeat to 255.255.255.255:1: Network error: Failed to ping master at 255.255.255.255:1: connect(2) error: Network is unreachable (error 101)
W0517 05:09:21.517612 6888 heartbeater.cc:587] Failed to heartbeat to 255.255.255.255:1: Network error: injected DNS resolution failure
I0517 05:09:21.617817 211 tablet_server.cc:144] TabletServer shutting down...
I0517 05:09:21.630133 211 ts_tablet_manager.cc:1118] Shutting down tablet manager...
I0517 05:09:21.630486 211 tablet_replica.cc:261] T TestTablet P 821339b6eaa54107ba6159798de58725: stopping tablet replica
I0517 05:09:21.630681 211 maintenance_manager.cc:237] P 821339b6eaa54107ba6159798de58725: Unregistered op CompactRowSetsOp(TestTablet)
I0517 05:09:21.630827 211 maintenance_manager.cc:237] P 821339b6eaa54107ba6159798de58725: Unregistered op MinorDeltaCompactionOp(TestTablet)
I0517 05:09:21.630957 211 maintenance_manager.cc:237] P 821339b6eaa54107ba6159798de58725: Unregistered op MajorDeltaCompactionOp(TestTablet)
I0517 05:09:21.631075 211 maintenance_manager.cc:237] P 821339b6eaa54107ba6159798de58725: Unregistered op UndoDeltaBlockGCOp(TestTablet)
I0517 05:09:21.631220 211 maintenance_manager.cc:237] P 821339b6eaa54107ba6159798de58725: Unregistered op FlushMRSOp(TestTablet)
I0517 05:09:21.631348 211 maintenance_manager.cc:237] P 821339b6eaa54107ba6159798de58725: Unregistered op FlushDeltaMemStoresOp(TestTablet)
I0517 05:09:21.631474 211 maintenance_manager.cc:237] P 821339b6eaa54107ba6159798de58725: Unregistered op LogGCOp(TestTablet)
I0517 05:09:21.631621 211 raft_consensus.cc:2016] T TestTablet P 821339b6eaa54107ba6159798de58725 [term 1 LEADER]: Raft consensus shutting down.
I0517 05:09:21.631884 211 raft_consensus.cc:2043] T TestTablet P 821339b6eaa54107ba6159798de58725 [term 1 FOLLOWER]: Raft consensus is shut down!
I0517 05:09:21.639154 211 tablet_server.cc:157] TabletServer shutdown complete.
I0517 05:09:21.639297 211 tablet_server.cc:144] TabletServer shutting down...
I0517 05:09:21.639528 211 tablet_server.cc:157] TabletServer shutdown complete. [ OK ] TabletServerTest.TestFailedDnsResolution (255 ms) [ RUN ] TabletServerTest.TestDataDirGroupsCreated
I0517 05:09:21.660214 211 system_ntp.cc:143] NTP initialized. Skew: 500ppm Current error: 1060861us
I0517 05:09:21.660528 211 fs_manager.cc:260] Metadata directory not provided
I0517 05:09:21.660662 211 fs_manager.cc:266] Using write-ahead log directory (fs_wal_dir) as metadata directory
I0517 05:09:21.660831 211 server_base.cc:432] Could not load existing FS layout: Not found: /tmp/dist-test-taskWs1ZT3/test-tmp/tablet_server-test.0.TabletServerTest.TestDataDirGroupsCreated.1526533719119959-211/TabletServerTest-fsroot/instance: No such file or directory (error 2)
