I0517 05:09:06.427700 5580 tablet.cc:1583] T TestTablet P 73892a5c66e648de842211adf19eae25: Flush Phase 2: carrying over any updates which arrived during Phase 1
I0517 05:09:06.427812 5580 tablet.cc:1585] T TestTablet P 73892a5c66e648de842211adf19eae25: Phase 2 snapshot: MvccSnapshot[committed={T|T < 6252682225298362368}]
I0517 05:09:06.433209 5580 tablet.cc:1633] T TestTablet P 73892a5c66e648de842211adf19eae25: Flush successful on 2 rows (4754 bytes)
W0517 05:09:06.434340 5509 reactor.cc:633] Failed to create an outbound connection to 255.255.255.255:1 because connect() failed: Network error: connect(2) error: Network is unreachable (error 101)
W0517 05:09:06.434676 5569 heartbeater.cc:587] Failed to heartbeat to 255.255.255.255:1: Network error: Failed to ping master at 255.255.255.255:1: connect(2) error: Network is unreachable (error 101)
I0517 05:09:06.444025 211 tablet.cc:1152] T TestTablet P 73892a5c66e648de842211adf19eae25: Flush: entering stage 1 (old memrowset already frozen for inserts)
I0517 05:09:06.444202 211 compaction.cc:913] Selected 1 rowsets to compact:
I0517 05:09:06.444289 211 compaction.cc:916] memrowset(current size on disk: ~0 bytes)
I0517 05:09:06.444370 211 tablet.cc:1154] T TestTablet P 73892a5c66e648de842211adf19eae25: Memstore in-memory size: 763 bytes
I0517 05:09:06.444478 211 tablet.cc:1443] T TestTablet P 73892a5c66e648de842211adf19eae25: Flush: entering phase 1 (flushing snapshot). Phase 1 snapshot: MvccSnapshot[committed={T|T < 6252682225424670720 or (T in {6252682225424670720})}]
I0517 05:09:06.445950 211 multi_column_writer.cc:98] Opened CFile writers for 4 column(s)
I0517 05:09:06.452942 211 tablet.cc:1528] T TestTablet P 73892a5c66e648de842211adf19eae25: Flush: entering phase 2 (starting to duplicate updates in new rowsets)
I0517 05:09:06.453290 211 tablet.cc:1583] T TestTablet P 73892a5c66e648de842211adf19eae25: Flush Phase 2: carrying over any updates which arrived during Phase 1
I0517 05:09:06.453397 211 tablet.cc:1585] T TestTablet P 73892a5c66e648de842211adf19eae25: Phase 2 snapshot: MvccSnapshot[committed={T|T < 6252682225424670720 or (T in {6252682225424670720})}]
I0517 05:09:06.458987 211 tablet.cc:1633] T TestTablet P 73892a5c66e648de842211adf19eae25: Flush successful on 2 rows (4756 bytes)
I0517 05:09:06.459769 211 tablet_server.cc:144] TabletServer shutting down...
I0517 05:09:06.473896 211 ts_tablet_manager.cc:1118] Shutting down tablet manager...
I0517 05:09:06.474236 211 tablet_replica.cc:261] T TestTablet P 73892a5c66e648de842211adf19eae25: stopping tablet replica
I0517 05:09:06.474416 211 maintenance_manager.cc:237] P 73892a5c66e648de842211adf19eae25: Unregistered op CompactRowSetsOp(TestTablet)
I0517 05:09:06.474541 211 maintenance_manager.cc:237] P 73892a5c66e648de842211adf19eae25: Unregistered op MinorDeltaCompactionOp(TestTablet)
I0517 05:09:06.474651 211 maintenance_manager.cc:237] P 73892a5c66e648de842211adf19eae25: Unregistered op MajorDeltaCompactionOp(TestTablet)
I0517 05:09:06.474756 211 maintenance_manager.cc:237] P 73892a5c66e648de842211adf19eae25: Unregistered op UndoDeltaBlockGCOp(TestTablet)
I0517 05:09:06.474892 211 maintenance_manager.cc:237] P 73892a5c66e648de842211adf19eae25: Unregistered op FlushMRSOp(TestTablet)
I0517 05:09:06.474997 211 maintenance_manager.cc:237] P 73892a5c66e648de842211adf19eae25: Unregistered op FlushDeltaMemStoresOp(TestTablet)
I0517 05:09:06.475121 211 maintenance_manager.cc:237] P 73892a5c66e648de842211adf19eae25: Unregistered op LogGCOp(TestTablet)
I0517 05:09:06.475229 211 raft_consensus.cc:2016] T TestTablet P 73892a5c66e648de842211adf19eae25 [term 1 LEADER]: Raft consensus shutting down.
I0517 05:09:06.475488 211 raft_consensus.cc:2043] T TestTablet P 73892a5c66e648de842211adf19eae25 [term 1 FOLLOWER]: Raft consensus is shut down!
I0517 05:09:06.486390 211 tablet_server.cc:157] TabletServer shutdown complete.
I0517 05:09:06.486549 211 tablet_server.cc:144] TabletServer shutting down...
I0517 05:09:06.486786 211 tablet_server.cc:157] TabletServer shutdown complete.
I0517 05:09:06.671515 211 system_ntp.cc:143] NTP initialized. Skew: 500ppm Current error: 1053361us
I0517 05:09:06.671847 211 fs_manager.cc:260] Metadata directory not provided
I0517 05:09:06.671948 211 fs_manager.cc:263] Using existing metadata directory in first data directory
I0517 05:09:06.674465 211 fs_manager.cc:397] Time spent opening directory manager: real 0.002s user 0.004s sys 0.000s
I0517 05:09:06.675384 211 file_cache.cc:470] Constructed file cache lbm with capacity 26214
I0517 05:09:06.691077 211 fs_manager.cc:417] Time spent opening block manager: real 0.010s user 0.000s sys 0.000s
I0517 05:09:06.691296 211 fs_manager.cc:428] Opened local filesystem: /tmp/dist-test-taskWs1ZT3/test-tmp/tablet_server-test.0.TabletServerTest.TestAlterSchema.1526533719119959-211/TabletServerTest-fsroot uuid: "73892a5c66e648de842211adf19eae25" format_stamp: "Formatted at 2018-05-17 05:09:05 on dist-test-slave-dist-test-slave-djmg"
I0517 05:09:06.691563 211 fs_report.cc:347] Block manager report -------------------- 1 data directories: /tmp/dist-test-taskWs1ZT3/test-tmp/tablet_server-test.0.TabletServerTest.TestAlterSchema.1526533719119959-211/TabletServerTest-fsroot/data Total live blocks: 12 Total live bytes: 9858 Total live bytes (after alignment): 57344 Total number of LBM containers: 7 (0 full) Did not check for missing blocks Did not check for orphaned blocks Total full LBM containers with extra space: 0 (0 repaired) Total full LBM container extra space in bytes: 0 (0 repaired) Total incomplete LBM containers: 0 (0 repaired) Total LBM partial records: 0 (0 repaired)
I0517 05:09:06.731600 211 ts_tablet_manager.cc:344] Loading tablet metadata (0/1 complete)
I0517 05:09:06.731772 211 ts_tablet_manager.cc:1005] T TestTablet P 73892a5c66e648de842211adf19eae25: Loading tablet metadata
I0517 05:09:06.736910 211 ts_tablet_manager.cc:356] Loaded tablet metadata (1 live tablets)
I0517 05:09:06.741045 211 ts_tablet_manager.cc:1173] T TestTablet P 73892a5c66e648de842211adf19eae25: Registered tablet (data state: TABLET_DATA_READY)
I0517 05:09:06.742249 5591 ts_tablet_manager.cc:1028] T TestTablet P 73892a5c66e648de842211adf19eae25: Bootstrapping tablet
I0517 05:09:06.742612 5591 tablet_bootstrap.cc:436] T TestTablet P 73892a5c66e648de842211adf19eae25: Bootstrap starting.
I0517 05:09:06.753294 5591 tablet.cc:1200] T TestTablet P 73892a5c66e648de842211adf19eae25: Alter schema from Schema [ primary key (key), 10:key[int32 NOT NULL], 11:int_val[int32 NOT NULL], 12:string_val[string NULLABLE] ] version 0 to Schema [ primary key (key), 10:key[int32 NOT NULL], 11:int_val[int32 NOT NULL], 12:string_val[string NULLABLE], 13:c2[int32 NOT NULL] ] version 1
I0517 05:09:06.754092 5591 tablet.cc:1143] T TestTablet P 73892a5c66e648de842211adf19eae25: MemRowSet was empty: no flush needed.
I0517 05:09:06.754245 5591 tablet_metadata.cc:531] Not flushing: waiting for 1 pins to be released.
I0517 05:09:06.756536 5591 tablet_bootstrap.cc:436] T TestTablet P 73892a5c66e648de842211adf19eae25: Bootstrap replayed 1/1 log segments. Stats: ops{read=6 overwritten=0 applied=6 ignored=4} inserts{seen=0 ignored=0} mutations{seen=0 ignored=0} orphaned_commits=0. Pending: 0 replicates
I0517 05:09:06.757139 5591 tablet_bootstrap.cc:436] T TestTablet P 73892a5c66e648de842211adf19eae25: Bootstrap complete.
I0517 05:09:06.769448 5591 ts_tablet_manager.cc:1045] T TestTablet P 73892a5c66e648de842211adf19eae25: Time spent bootstrapping tablet: real 0.027s user 0.020s sys 0.004s
I0517 05:09:06.770452 5591 raft_consensus.cc:303] T TestTablet P 73892a5c66e648de842211adf19eae25 [term 1 FOLLOWER]: Replica starting. Triggering 0 pending transactions. Active config: opid_index: -1 peers { permanent_uuid: "73892a5c66e648de842211adf19eae25" member_type: VOTER last_known_addr { host: "127.0.0.1" port: 40764 } }
I0517 05:09:06.770778 5591 raft_consensus.cc:604] T TestTablet P 73892a5c66e648de842211adf19eae25 [term 1 FOLLOWER]: Becoming Follower/Learner. State: Replica: 73892a5c66e648de842211adf19eae25, State: Initialized, Role: FOLLOWER
I0517 05:09:06.771113 5591 consensus_queue.cc:227] T TestTablet P 73892a5c66e648de842211adf19eae25 [NON_LEADER]: Queue going to NON_LEADER mode. State: All replicated index: 0, Majority replicated index: 0, Committed index: 6, Last appended: 1.6, Last appended by leader: 6, Current term: 0, Majority size: -1, State: 0, Mode: NON_LEADER, active raft config: opid_index: -1 peers { permanent_uuid: "73892a5c66e648de842211adf19eae25" member_type: VOTER last_known_addr { host: "127.0.0.1" port: 40764 } }
I0517 05:09:06.771431 5591 raft_consensus.cc:343] T TestTablet P 73892a5c66e648de842211adf19eae25 [term 1 FOLLOWER]: Only one voter in the Raft config. Triggering election immediately
I0517 05:09:06.771555 5591 raft_consensus.cc:435] T TestTablet P 73892a5c66e648de842211adf19eae25 [term 1 FOLLOWER]: Starting leader election (initial election of a single-replica configuration)
I0517 05:09:06.771685 5591 raft_consensus.cc:2704] T TestTablet P 73892a5c66e648de842211adf19eae25: Snoozing failure detection for 1.880s (starting election)
I0517 05:09:06.771829 5591 raft_consensus.cc:2756] T TestTablet P 73892a5c66e648de842211adf19eae25 [term 1 FOLLOWER]: Advancing to term 2
I0517 05:09:06.774948 5591 raft_consensus.cc:457] T TestTablet P 73892a5c66e648de842211adf19eae25 [term 2 FOLLOWER]: Starting leader election with config: opid_index: -1 peers { permanent_uuid: "73892a5c66e648de842211adf19eae25" member_type: VOTER last_known_addr { host: "127.0.0.1" port: 40764 } }
I0517 05:09:06.775372 5591 leader_election.cc:270] T TestTablet P 73892a5c66e648de842211adf19eae25 [CANDIDATE]: Term 2 election: Election decided. Result: candidate won.
I0517 05:09:06.781273 5602 raft_consensus.cc:2704] T TestTablet P 73892a5c66e648de842211adf19eae25: Snoozing failure detection for 1.743s (election complete)
I0517 05:09:06.781550 5602 raft_consensus.cc:2511] T TestTablet P 73892a5c66e648de842211adf19eae25 [term 2 FOLLOWER]: Leader election won for term 2
I0517 05:09:06.793504 5602 raft_consensus.cc:571] T TestTablet P 73892a5c66e648de842211adf19eae25 [term 2 LEADER]: Becoming Leader. State: Replica: 73892a5c66e648de842211adf19eae25, State: Running, Role: LEADER
I0517 05:09:06.793612 5591 ts_tablet_manager.cc:1073] T TestTablet P 73892a5c66e648de842211adf19eae25: Time spent starting tablet: real 0.024s user 0.004s sys 0.020s
I0517 05:09:06.794464 5602 consensus_queue.cc:204] T TestTablet P 73892a5c66e648de842211adf19eae25 [LEADER]: Queue going to LEADER mode. State: All replicated index: 0, Majority replicated index: 6, Committed index: 6, Last appended: 1.6, Last appended by leader: 6, Current term: 2, Majority size: 1, State: 0, Mode: LEADER, active raft config: opid_index: -1 peers { permanent_uuid: "73892a5c66e648de842211adf19eae25" member_type: VOTER last_known_addr { host: "127.0.0.1" port: 40764 } }
I0517 05:09:06.813308 211 rpc_server.cc:205] RPC server started. Bound to: 127.0.0.1:38321
I0517 05:09:06.814146 211 webserver.cc:173] Starting webserver on 127.0.0.1:0
I0517 05:09:06.814242 211 webserver.cc:184] Document root disabled
I0517 05:09:06.815120 211 webserver.cc:311] Webserver started. Bound to: http://127.0.0.1:51932/
W0517 05:09:06.816207 5585 reactor.cc:633] Failed to create an outbound connection to 255.255.255.255:1 because connect() failed: Network error: connect(2) error: Network is unreachable (error 101)
W0517 05:09:06.816529 5651 heartbeater.cc:587] Failed to heartbeat to 255.255.255.255:1: Network error: Failed to ping master at 255.255.255.255:1: connect(2) error: Network is unreachable (error 101)
W0517 05:09:06.816889 5585 reactor.cc:633] Failed to create an outbound connection to 255.255.255.255:1 because connect() failed: Network error: connect(2) error: Network is unreachable (error 101)
W0517 05:09:06.824854 5651 heartbeater.cc:587] Failed to heartbeat to 255.255.255.255:1: Network error: Failed to ping master at 255.255.255.255:1: connect(2) error: Network is unreachable (error 101)
W0517 05:09:06.825476 5585 reactor.cc:633] Failed to create an outbound connection to 255.255.255.255:1 because connect() failed: Network error: connect(2) error: Network is unreachable (error 101)
W0517 05:09:06.825891 5651 heartbeater.cc:587] Failed to heartbeat to 255.255.255.255:1: Network error: Failed to ping master at 255.255.255.255:1: connect(2) error: Network is unreachable (error 101)
W0517 05:09:06.826061 5651 heartbeater.cc:380] Failed 3 heartbeats in a row: no longer allowing fast heartbeat attempts.
I0517 05:09:06.837088 5652 maintenance_manager.cc:249] Maintenance manager is disabled. Stopping thread.
I0517 05:09:06.842381 211 tablet_server.cc:144] TabletServer shutting down...
I0517 05:09:06.856657 211 ts_tablet_manager.cc:1118] Shutting down tablet manager...
I0517 05:09:06.857036 211 tablet_replica.cc:261] T TestTablet P 73892a5c66e648de842211adf19eae25: stopping tablet replica
I0517 05:09:06.857435 211 maintenance_manager.cc:237] P 73892a5c66e648de842211adf19eae25: Unregistered op CompactRowSetsOp(TestTablet)
I0517 05:09:06.857592 211 maintenance_manager.cc:237] P 73892a5c66e648de842211adf19eae25: Unregistered op MinorDeltaCompactionOp(TestTablet)
I0517 05:09:06.857702 211 maintenance_manager.cc:237] P 73892a5c66e648de842211adf19eae25: Unregistered op MajorDeltaCompactionOp(TestTablet)
I0517 05:09:06.857806 211 maintenance_manager.cc:237] P 73892a5c66e648de842211adf19eae25: Unregistered op UndoDeltaBlockGCOp(TestTablet)
I0517 05:09:06.857942 211 maintenance_manager.cc:237] P 73892a5c66e648de842211adf19eae25: Unregistered op FlushMRSOp(TestTablet)
I0517 05:09:06.858041 211 maintenance_manager.cc:237] P 73892a5c66e648de842211adf19eae25: Unregistered op FlushDeltaMemStoresOp(TestTablet)
I0517 05:09:06.858137 211 maintenance_manager.cc:237] P 73892a5c66e648de842211adf19eae25: Unregistered op LogGCOp(TestTablet)
I0517 05:09:06.858255 211 raft_consensus.cc:2016] T TestTablet P 73892a5c66e648de842211adf19eae25 [term 2 LEADER]: Raft consensus shutting down.
I0517 05:09:06.858517 211 raft_consensus.cc:2043] T TestTablet P 73892a5c66e648de842211adf19eae25 [term 2 FOLLOWER]: Raft consensus is shut down!
I0517 05:09:06.877091 211 tablet_server.cc:157] TabletServer shutdown complete.
I0517 05:09:06.877229 211 tablet_server.cc:144] TabletServer shutting down...
I0517 05:09:06.877461 211 tablet_server.cc:157] TabletServer shutdown complete.
I0517 05:09:06.889611 211 system_ntp.cc:143] NTP initialized. Skew: 500ppm Current error: 1053361us
I0517 05:09:06.889979 211 fs_manager.cc:260] Metadata directory not provided
I0517 05:09:06.890117 211 fs_manager.cc:263] Using existing metadata directory in first data directory
I0517 05:09:06.892873 211 fs_manager.cc:397] Time spent opening directory manager: real 0.002s user 0.000s sys 0.004s
I0517 05:09:06.893795 211 file_cache.cc:470] Constructed file cache lbm with capacity 26214
I0517 05:09:06.907579 211 fs_manager.cc:417] Time spent opening block manager: real 0.008s user 0.004s sys 0.000s
I0517 05:09:06.907737 211 fs_manager.cc:428] Opened local filesystem: /tmp/dist-test-taskWs1ZT3/test-tmp/tablet_server-test.0.TabletServerTest.TestAlterSchema.1526533719119959-211/TabletServerTest-fsroot uuid: "73892a5c66e648de842211adf19eae25" format_stamp: "Formatted at 2018-05-17 05:09:05 on dist-test-slave-dist-test-slave-djmg"
I0517 05:09:06.907946 211 fs_report.cc:347] Block manager report -------------------- 1 data directories: /tmp/dist-test-taskWs1ZT3/test-tmp/tablet_server-test.0.TabletServerTest.TestAlterSchema.1526533719119959-211/TabletServerTest-fsroot/data Total live blocks: 12 Total live bytes: 9858 Total live bytes (after alignment): 57344 Total number of LBM containers: 7 (0 full) Did not check for missing blocks Did not check for orphaned blocks Total full LBM containers with extra space: 0 (0 repaired) Total full LBM container extra space in bytes: 0 (0 repaired) Total incomplete LBM containers: 0 (0 repaired) Total LBM partial records: 0 (0 repaired)
I0517 05:09:06.924047 211 ts_tablet_manager.cc:1005] T TestTablet P 73892a5c66e648de842211adf19eae25: Loading tablet metadata
I0517 05:09:06.928253 211 ts_tablet_manager.cc:356] Loaded tablet metadata (1 live tablets)
I0517 05:09:06.931360 211 ts_tablet_manager.cc:1173] T TestTablet P 73892a5c66e648de842211adf19eae25: Registered tablet (data state: TABLET_DATA_READY)
I0517 05:09:06.932394 5663 ts_tablet_manager.cc:1028] T TestTablet P 73892a5c66e648de842211adf19eae25: Bootstrapping tablet
I0517 05:09:06.932720 5663 tablet_bootstrap.cc:436] T TestTablet P 73892a5c66e648de842211adf19eae25: Bootstrap starting.
I0517 05:09:06.943826 5663 tablet.cc:1200] T TestTablet P 73892a5c66e648de842211adf19eae25: Alter schema from Schema [ primary key (key), 10:key[int32 NOT NULL], 11:int_val[int32 NOT NULL], 12:string_val[string NULLABLE] ] version 0 to Schema [ primary key (key), 10:key[int32 NOT NULL], 11:int_val[int32 NOT NULL], 12:string_val[string NULLABLE], 13:c2[int32 NOT NULL] ] version 1
I0517 05:09:06.944667 5663 tablet.cc:1143] T TestTablet P 73892a5c66e648de842211adf19eae25: MemRowSet was empty: no flush needed.
I0517 05:09:06.944815 5663 tablet_metadata.cc:531] Not flushing: waiting for 1 pins to be released.
I0517 05:09:06.947589 5663 tablet_bootstrap.cc:436] T TestTablet P 73892a5c66e648de842211adf19eae25: Bootstrap replayed 1/1 log segments. Stats: ops{read=7 overwritten=0 applied=7 ignored=4} inserts{seen=0 ignored=0} mutations{seen=0 ignored=0} orphaned_commits=0. Pending: 0 replicates
I0517 05:09:06.948182 5663 tablet_bootstrap.cc:436] T TestTablet P 73892a5c66e648de842211adf19eae25: Bootstrap complete.
I0517 05:09:06.956749 5663 ts_tablet_manager.cc:1045] T TestTablet P 73892a5c66e648de842211adf19eae25: Time spent bootstrapping tablet: real 0.024s user 0.020s sys 0.000s
I0517 05:09:06.957820 5663 raft_consensus.cc:303] T TestTablet P 73892a5c66e648de842211adf19eae25 [term 2 FOLLOWER]: Replica starting. Triggering 0 pending transactions. Active config: opid_index: -1 peers { permanent_uuid: "73892a5c66e648de842211adf19eae25" member_type: VOTER last_known_addr { host: "127.0.0.1" port: 40764 } }
I0517 05:09:06.958206 5663 raft_consensus.cc:604] T TestTablet P 73892a5c66e648de842211adf19eae25 [term 2 FOLLOWER]: Becoming Follower/Learner. State: Replica: 73892a5c66e648de842211adf19eae25, State: Initialized, Role: FOLLOWER
I0517 05:09:06.958659 5663 consensus_queue.cc:227] T TestTablet P 73892a5c66e648de842211adf19eae25 [NON_LEADER]: Queue going to NON_LEADER mode. State: All replicated index: 0, Majority replicated index: 0, Committed index: 7, Last appended: 2.7, Last appended by leader: 7, Current term: 0, Majority size: -1, State: 0, Mode: NON_LEADER, active raft config: opid_index: -1 peers { permanent_uuid: "73892a5c66e648de842211adf19eae25" member_type: VOTER last_known_addr { host: "127.0.0.1" port: 40764 } }
I0517 05:09:06.959041 5663 raft_consensus.cc:343] T TestTablet P 73892a5c66e648de842211adf19eae25 [term 2 FOLLOWER]: Only one voter in the Raft config. Triggering election immediately
I0517 05:09:06.959185 5663 raft_consensus.cc:435] T TestTablet P 73892a5c66e648de842211adf19eae25 [term 2 FOLLOWER]: Starting leader election (initial election of a single-replica configuration)
I0517 05:09:06.959333 5663 raft_consensus.cc:2704] T TestTablet P 73892a5c66e648de842211adf19eae25: Snoozing failure detection for 1.755s (starting election)
I0517 05:09:06.959482 5663 raft_consensus.cc:2756] T TestTablet P 73892a5c66e648de842211adf19eae25 [term 2 FOLLOWER]: Advancing to term 3
I0517 05:09:06.962589 5663 raft_consensus.cc:457] T TestTablet P 73892a5c66e648de842211adf19eae25 [term 3 FOLLOWER]: Starting leader election with config: opid_index: -1 peers { permanent_uuid: "73892a5c66e648de842211adf19eae25" member_type: VOTER last_known_addr { host: "127.0.0.1" port: 40764 } }
I0517 05:09:06.963029 5663 leader_election.cc:270] T TestTablet P 73892a5c66e648de842211adf19eae25 [CANDIDATE]: Term 3 election: Election decided. Result: candidate won.
I0517 05:09:06.973441 5673 raft_consensus.cc:2704] T TestTablet P 73892a5c66e648de842211adf19eae25: Snoozing failure detection for 2.152s (election complete)
I0517 05:09:06.973788 5673 raft_consensus.cc:2511] T TestTablet P 73892a5c66e648de842211adf19eae25 [term 3 FOLLOWER]: Leader election won for term 3
I0517 05:09:06.978055 5663 ts_tablet_manager.cc:1073] T TestTablet P 73892a5c66e648de842211adf19eae25: Time spent starting tablet: real 0.021s user 0.008s sys 0.012s
I0517 05:09:06.984484 5673 raft_consensus.cc:571] T TestTablet P 73892a5c66e648de842211adf19eae25 [term 3 LEADER]: Becoming Leader. State: Replica: 73892a5c66e648de842211adf19eae25, State: Running, Role: LEADER
I0517 05:09:06.985002 5673 consensus_queue.cc:204] T TestTablet P 73892a5c66e648de842211adf19eae25 [LEADER]: Queue going to LEADER mode. State: All replicated index: 0, Majority replicated index: 7, Committed index: 7, Last appended: 2.7, Last appended by leader: 7, Current term: 3, Majority size: 1, State: 0, Mode: LEADER, active raft config: opid_index: -1 peers { permanent_uuid: "73892a5c66e648de842211adf19eae25" member_type: VOTER last_known_addr { host: "127.0.0.1" port: 40764 } }
I0517 05:09:07.149013 211 rpc_server.cc:205] RPC server started. Bound to: 127.0.0.1:38618
I0517 05:09:07.149863 211 webserver.cc:173] Starting webserver on 127.0.0.1:0
I0517 05:09:07.149960 211 webserver.cc:184] Document root disabled
I0517 05:09:07.150781 211 webserver.cc:311] Webserver started. Bound to: http://127.0.0.1:40750/
W0517 05:09:07.151984 5657 reactor.cc:633] Failed to create an outbound connection to 255.255.255.255:1 because connect() failed: Network error: connect(2) error: Network is unreachable (error 101)
I0517 05:09:07.152067 5724 maintenance_manager.cc:249] Maintenance manager is disabled. Stopping thread.
W0517 05:09:07.152555 5723 heartbeater.cc:587] Failed to heartbeat to 255.255.255.255:1: Network error: Failed to ping master at 255.255.255.255:1: connect(2) error: Network is unreachable (error 101)
W0517 05:09:07.153038 5657 reactor.cc:633] Failed to create an outbound connection to 255.255.255.255:1 because connect() failed: Network error: connect(2) error: Network is unreachable (error 101)
W0517 05:09:07.153434 5723 heartbeater.cc:587] Failed to heartbeat to 255.255.255.255:1: Network error: Failed to ping master at 255.255.255.255:1: connect(2) error: Network is unreachable (error 101)
W0517 05:09:07.153795 5657 reactor.cc:633] Failed to create an outbound connection to 255.255.255.255:1 because connect() failed: Network error: connect(2) error: Network is unreachable (error 101)
W0517 05:09:07.154084 5723 heartbeater.cc:587] Failed to heartbeat to 255.255.255.255:1: Network error: Failed to ping master at 255.255.255.255:1: connect(2) error: Network is unreachable (error 101)
W0517 05:09:07.154237 5723 heartbeater.cc:380] Failed 3 heartbeats in a row: no longer allowing fast heartbeat attempts.
I0517 05:09:07.157003 211 tablet_server.cc:144] TabletServer shutting down...
I0517 05:09:07.168320 211 ts_tablet_manager.cc:1118] Shutting down tablet manager...
I0517 05:09:07.168601 211 tablet_replica.cc:261] T TestTablet P 73892a5c66e648de842211adf19eae25: stopping tablet replica
I0517 05:09:07.168830 211 maintenance_manager.cc:237] P 73892a5c66e648de842211adf19eae25: Unregistered op CompactRowSetsOp(TestTablet)
I0517 05:09:07.168962 211 maintenance_manager.cc:237] P 73892a5c66e648de842211adf19eae25: Unregistered op MinorDeltaCompactionOp(TestTablet)
I0517 05:09:07.169071 211 maintenance_manager.cc:237] P 73892a5c66e648de842211adf19eae25: Unregistered op MajorDeltaCompactionOp(TestTablet)
I0517 05:09:07.169183 211 maintenance_manager.cc:237] P 73892a5c66e648de842211adf19eae25: Unregistered op UndoDeltaBlockGCOp(TestTablet)
I0517 05:09:07.169306 211 maintenance_manager.cc:237] P 73892a5c66e648de842211adf19eae25: Unregistered op FlushMRSOp(TestTablet)
I0517 05:09:07.169404 211 maintenance_manager.cc:237] P 73892a5c66e648de842211adf19eae25: Unregistered op FlushDeltaMemStoresOp(TestTablet)
I0517 05:09:07.169492 211 maintenance_manager.cc:237] P 73892a5c66e648de842211adf19eae25: Unregistered op LogGCOp(TestTablet)
I0517 05:09:07.169600 211 raft_consensus.cc:2016] T TestTablet P 73892a5c66e648de842211adf19eae25 [term 3 LEADER]: Raft consensus shutting down.
I0517 05:09:07.169807 211 raft_consensus.cc:2043] T TestTablet P 73892a5c66e648de842211adf19eae25 [term 3 FOLLOWER]: Raft consensus is shut down!
I0517 05:09:07.186372 211 tablet_server.cc:157] TabletServer shutdown complete.
I0517 05:09:07.186511 211 tablet_server.cc:144] TabletServer shutting down...
I0517 05:09:07.186725 211 tablet_server.cc:157] TabletServer shutdown complete. [ OK ] TabletServerTest.TestAlterSchema (1260 ms) [ RUN ] TabletServerTest.TestAlterSchema_AddColWithoutWriteDefault
I0517 05:09:07.207235 211 system_ntp.cc:143] NTP initialized. Skew: 500ppm Current error: 1053861us
I0517 05:09:07.207546 211 fs_manager.cc:260] Metadata directory not provided
I0517 05:09:07.207659 211 fs_manager.cc:266] Using write-ahead log directory (fs_wal_dir) as metadata directory
I0517 05:09:07.207804 211 server_base.cc:432] Could not load existing FS layout: Not found: /tmp/dist-test-taskWs1ZT3/test-tmp/tablet_server-test.0.TabletServerTest.TestAlterSchema_AddColWithoutWriteDefault.1526533719119959-211/TabletServerTest-fsroot/instance: No such file or directory (error 2)
I0517 05:09:07.207914 211 server_base.cc:433] Attempting to create new FS layout instead
I0517 05:09:07.213697 211 fs_manager.cc:595] Generated new instance metadata in path /tmp/dist-test-taskWs1ZT3/test-tmp/tablet_server-test.0.TabletServerTest.TestAlterSchema_AddColWithoutWriteDefault.1526533719119959-211/TabletServerTest-fsroot/instance: uuid: "0591e4742a924455985a0417732ffd4d" format_stamp: "Formatted at 2018-05-17 05:09:07 on dist-test-slave-dist-test-slave-djmg"
I0517 05:09:07.233567 211 fs_manager.cc:495] Time spent creating directory manager: real 0.019s user 0.004s sys 0.016s
I0517 05:09:07.234817 211 file_cache.cc:470] Constructed file cache lbm with capacity 26214
I0517 05:09:07.245487 211 fs_manager.cc:417] Time spent opening block manager: real 0.006s user 0.004s sys 0.004s
I0517 05:09:07.245657 211 fs_manager.cc:428] Opened local filesystem: /tmp/dist-test-taskWs1ZT3/test-tmp/tablet_server-test.0.TabletServerTest.TestAlterSchema_AddColWithoutWriteDefault.1526533719119959-211/TabletServerTest-fsroot uuid: "0591e4742a924455985a0417732ffd4d" format_stamp: "Formatted at 2018-05-17 05:09:07 on dist-test-slave-dist-test-slave-djmg"
I0517 05:09:07.245870 211 fs_report.cc:347] Block manager report -------------------- 1 data directories: /tmp/dist-test-taskWs1ZT3/test-tmp/tablet_server-test.0.TabletServerTest.TestAlterSchema_AddColWithoutWriteDefault.1526533719119959-211/TabletServerTest-fsroot/data Total live blocks: 0 Total live bytes: 0 Total live bytes (after alignment): 0 Total number of LBM containers: 0 (0 full) Did not check for missing blocks Did not check for orphaned blocks Total full LBM containers with extra space: 0 (0 repaired) Total full LBM container extra space in bytes: 0 (0 repaired) Total incomplete LBM containers: 0 (0 repaired) Total LBM partial records: 0 (0 repaired)
I0517 05:09:07.304453 211 ts_tablet_manager.cc:356] Loaded tablet metadata (0 live tablets)
I0517 05:09:07.336190 211 rpc_server.cc:205] RPC server started. Bound to: 127.0.0.1:35655
I0517 05:09:07.337231 211 webserver.cc:173] Starting webserver on 127.0.0.1:0
I0517 05:09:07.337339 211 webserver.cc:184] Document root disabled
I0517 05:09:07.338400 211 webserver.cc:311] Webserver started. Bound to: http://127.0.0.1:38238/
W0517 05:09:07.339628 5733 reactor.cc:633] Failed to create an outbound connection to 255.255.255.255:1 because connect() failed: Network error: connect(2) error: Network is unreachable (error 101)
W0517 05:09:07.340088 5793 heartbeater.cc:587] Failed to heartbeat to 255.255.255.255:1: Network error: Failed to ping master at 255.255.255.255:1: connect(2) error: Network is unreachable (error 101)
W0517 05:09:07.340513 5733 reactor.cc:633] Failed to create an outbound connection to 255.255.255.255:1 because connect() failed: Network error: connect(2) error: Network is unreachable (error 101)
I0517 05:09:07.340310 5794 maintenance_manager.cc:249] Maintenance manager is disabled. Stopping thread.
W0517 05:09:07.340803 5793 heartbeater.cc:587] Failed to heartbeat to 255.255.255.255:1: Network error: Failed to ping master at 255.255.255.255:1: connect(2) error: Network is unreachable (error 101)
I0517 05:09:07.341003 211 data_dirs.cc:934] Could only allocate 1 dirs of requested 3 for tablet TestTablet. 1 dirs total, 0 dirs full, 0 dirs failed
W0517 05:09:07.341192 5733 reactor.cc:633] Failed to create an outbound connection to 255.255.255.255:1 because connect() failed: Network error: connect(2) error: Network is unreachable (error 101)
W0517 05:09:07.341451 5793 heartbeater.cc:587] Failed to heartbeat to 255.255.255.255:1: Network error: Failed to ping master at 255.255.255.255:1: connect(2) error: Network is unreachable (error 101)
W0517 05:09:07.341585 5793 heartbeater.cc:380] Failed 3 heartbeats in a row: no longer allowing fast heartbeat attempts.
I0517 05:09:07.349648 211 ts_tablet_manager.cc:1173] T TestTablet P 0591e4742a924455985a0417732ffd4d: Registered tablet (data state: TABLET_DATA_READY)
I0517 05:09:07.350945 5795 ts_tablet_manager.cc:1028] T TestTablet P 0591e4742a924455985a0417732ffd4d: Bootstrapping tablet
I0517 05:09:07.351291 5795 tablet_bootstrap.cc:436] T TestTablet P 0591e4742a924455985a0417732ffd4d: Bootstrap starting.
I0517 05:09:07.353178 5795 tablet_bootstrap.cc:587] T TestTablet P 0591e4742a924455985a0417732ffd4d: No blocks or log segments found. Creating new log.
I0517 05:09:07.355677 5795 tablet_bootstrap.cc:436] T TestTablet P 0591e4742a924455985a0417732ffd4d: No bootstrap required, opened a new log
I0517 05:09:07.355927 5795 ts_tablet_manager.cc:1045] T TestTablet P 0591e4742a924455985a0417732ffd4d: Time spent bootstrapping tablet: real 0.005s user 0.004s sys 0.000s
I0517 05:09:07.356809 5795 raft_consensus.cc:303] T TestTablet P 0591e4742a924455985a0417732ffd4d [term 0 FOLLOWER]: Replica starting. Triggering 0 pending transactions. Active config: opid_index: -1 peers { permanent_uuid: "0591e4742a924455985a0417732ffd4d" member_type: VOTER last_known_addr { host: "127.0.0.1" port: 35655 } }
I0517 05:09:07.357141 5795 raft_consensus.cc:329] T TestTablet P 0591e4742a924455985a0417732ffd4d [term 0 FOLLOWER]: Consensus starting up: Expiring failure detector timer to make a prompt election more likely
I0517 05:09:07.357259 5795 raft_consensus.cc:604] T TestTablet P 0591e4742a924455985a0417732ffd4d [term 0 FOLLOWER]: Becoming Follower/Learner. State: Replica: 0591e4742a924455985a0417732ffd4d, State: Initialized, Role: FOLLOWER
I0517 05:09:07.357563 5795 consensus_queue.cc:227] T TestTablet P 0591e4742a924455985a0417732ffd4d [NON_LEADER]: Queue going to NON_LEADER mode. State: All replicated index: 0, Majority replicated index: 0, Committed index: 0, Last appended: 0.0, Last appended by leader: 0, Current term: 0, Majority size: -1, State: 0, Mode: NON_LEADER, active raft config: opid_index: -1 peers { permanent_uuid: "0591e4742a924455985a0417732ffd4d" member_type: VOTER last_known_addr { host: "127.0.0.1" port: 35655 } }
I0517 05:09:07.357888 5795 raft_consensus.cc:343] T TestTablet P 0591e4742a924455985a0417732ffd4d [term 0 FOLLOWER]: Only one voter in the Raft config. Triggering election immediately
I0517 05:09:07.358012 5795 raft_consensus.cc:435] T TestTablet P 0591e4742a924455985a0417732ffd4d [term 0 FOLLOWER]: Starting leader election (initial election of a single-replica configuration)
I0517 05:09:07.358139 5795 raft_consensus.cc:2704] T TestTablet P 0591e4742a924455985a0417732ffd4d: Snoozing failure detection for 2.099s (starting election)
I0517 05:09:07.358274 5795 raft_consensus.cc:2756] T TestTablet P 0591e4742a924455985a0417732ffd4d [term 0 FOLLOWER]: Advancing to term 1
I0517 05:09:07.362638 5795 raft_consensus.cc:457] T TestTablet P 0591e4742a924455985a0417732ffd4d [term 1 FOLLOWER]: Starting leader election with config: opid_index: -1 peers { permanent_uuid: "0591e4742a924455985a0417732ffd4d" member_type: VOTER last_known_addr { host: "127.0.0.1" port: 35655 } }
I0517 05:09:07.363168 5795 leader_election.cc:270] T TestTablet P 0591e4742a924455985a0417732ffd4d [CANDIDATE]: Term 1 election: Election decided. Result: candidate won.
I0517 05:09:07.364466 5797 raft_consensus.cc:2704] T TestTablet P 0591e4742a924455985a0417732ffd4d: Snoozing failure detection for 2.156s (election complete)
I0517 05:09:07.364719 5797 raft_consensus.cc:2511] T TestTablet P 0591e4742a924455985a0417732ffd4d [term 1 FOLLOWER]: Leader election won for term 1
W0517 05:09:07.365542 5733 reactor.cc:633] Failed to create an outbound connection to 255.255.255.255:1 because connect() failed: Network error: connect(2) error: Network is unreachable (error 101)
I0517 05:09:07.365577 5797 raft_consensus.cc:571] T TestTablet P 0591e4742a924455985a0417732ffd4d [term 1 LEADER]: Becoming Leader. State: Replica: 0591e4742a924455985a0417732ffd4d, State: Running, Role: LEADER
W0517 05:09:07.365942 5793 heartbeater.cc:587] Failed to heartbeat to 255.255.255.255:1: Network error: Failed to ping master at 255.255.255.255:1: connect(2) error: Network is unreachable (error 101)
I0517 05:09:07.365968 5797 consensus_queue.cc:204] T TestTablet P 0591e4742a924455985a0417732ffd4d [LEADER]: Queue going to LEADER mode. State: All replicated index: 0, Majority replicated index: 0, Committed index: 0, Last appended: 0.0, Last appended by leader: 0, Current term: 1, Majority size: 1, State: 0, Mode: LEADER, active raft config: opid_index: -1 peers { permanent_uuid: "0591e4742a924455985a0417732ffd4d" member_type: VOTER last_known_addr { host: "127.0.0.1" port: 35655 } }
W0517 05:09:07.366394 5733 reactor.cc:633] Failed to create an outbound connection to 255.255.255.255:1 because connect() failed: Network error: connect(2) error: Network is unreachable (error 101)
W0517 05:09:07.366770 5793 heartbeater.cc:587] Failed to heartbeat to 255.255.255.255:1: Network error: Failed to ping master at 255.255.255.255:1: connect(2) error: Network is unreachable (error 101)
I0517 05:09:07.367043 5795 ts_tablet_manager.cc:1073] T TestTablet P 0591e4742a924455985a0417732ffd4d: Time spent starting tablet: real 0.011s user 0.004s sys 0.004s
I0517 05:09:07.417732 5804 tablet.cc:1200] T TestTablet P 0591e4742a924455985a0417732ffd4d: Alter schema from Schema [ primary key (key), 10:key[int32 NOT NULL], 11:int_val[int32 NOT NULL], 12:string_val[string NULLABLE] ] version 0 to Schema [ primary key (key), 10:key[int32 NOT NULL], 11:int_val[int32 NOT NULL], 12:string_val[string NULLABLE], 13:c2[int32 NOT NULL] ] version 1
I0517 05:09:07.418495 5804 tablet.cc:1152] T TestTablet P 0591e4742a924455985a0417732ffd4d: Flush: entering stage 1 (old memrowset already frozen for inserts)
I0517 05:09:07.418613 5804 compaction.cc:913] Selected 1 rowsets to compact:
I0517 05:09:07.418704 5804 compaction.cc:916] memrowset(current size on disk: ~0 bytes)
I0517 05:09:07.418797 5804 tablet.cc:1154] T TestTablet P 0591e4742a924455985a0417732ffd4d: Memstore in-memory size: 763 bytes
I0517 05:09:07.418916 5804 tablet.cc:1443] T TestTablet P 0591e4742a924455985a0417732ffd4d: Flush: entering phase 1 (flushing snapshot). Phase 1 snapshot: MvccSnapshot[committed={T|T < 6252682229418799104}]
I0517 05:09:07.423341 5804 multi_column_writer.cc:98] Opened CFile writers for 4 column(s)
I0517 05:09:07.432529 5804 tablet.cc:1528] T TestTablet P 0591e4742a924455985a0417732ffd4d: Flush: entering phase 2 (starting to duplicate updates in new rowsets)
I0517 05:09:07.432837 5804 tablet.cc:1583] T TestTablet P 0591e4742a924455985a0417732ffd4d: Flush Phase 2: carrying over any updates which arrived during Phase 1
I0517 05:09:07.432945 5804 tablet.cc:1585] T TestTablet P 0591e4742a924455985a0417732ffd4d: Phase 2 snapshot: MvccSnapshot[committed={T|T < 6252682229418799104}]
I0517 05:09:07.438447 5804 tablet.cc:1633] T TestTablet P 0591e4742a924455985a0417732ffd4d: Flush successful on 2 rows (4754 bytes)
W0517 05:09:07.439558 5733 reactor.cc:633] Failed to create an outbound connection to 255.255.255.255:1 because connect() failed: Network error: connect(2) error: Network is unreachable (error 101)
W0517 05:09:07.440213 5793 heartbeater.cc:587] Failed to heartbeat to 255.255.255.255:1: Network error: Failed to ping master at 255.255.255.255:1: connect(2) error: Network is unreachable (error 101)
I0517 05:09:07.443832 211 tablet_server.cc:144] TabletServer shutting down...
I0517 05:09:07.455744 211 ts_tablet_manager.cc:1118] Shutting down tablet manager...
I0517 05:09:07.456030 211 tablet_replica.cc:261] T TestTablet P 0591e4742a924455985a0417732ffd4d: stopping tablet replica
I0517 05:09:07.456215 211 maintenance_manager.cc:237] P 0591e4742a924455985a0417732ffd4d: Unregistered op CompactRowSetsOp(TestTablet)
I0517 05:09:07.456336 211 maintenance_manager.cc:237] P 0591e4742a924455985a0417732ffd4d: Unregistered op MinorDeltaCompactionOp(TestTablet)
I0517 05:09:07.456445 211 maintenance_manager.cc:237] P 0591e4742a924455985a0417732ffd4d: Unregistered op MajorDeltaCompactionOp(TestTablet)
I0517 05:09:07.456554 211 maintenance_manager.cc:237] P 0591e4742a924455985a0417732ffd4d: Unregistered op UndoDeltaBlockGCOp(TestTablet)
I0517 05:09:07.456703 211 maintenance_manager.cc:237] P 0591e4742a924455985a0417732ffd4d: Unregistered op FlushMRSOp(TestTablet)
I0517 05:09:07.456815 211 maintenance_manager.cc:237] P 0591e4742a924455985a0417732ffd4d: Unregistered op FlushDeltaMemStoresOp(TestTablet)
I0517 05:09:07.456928 211 maintenance_manager.cc:237] P 0591e4742a924455985a0417732ffd4d: Unregistered op LogGCOp(TestTablet)
I0517 05:09:07.457041 211 raft_consensus.cc:2016] T TestTablet P 0591e4742a924455985a0417732ffd4d [term 1 LEADER]: Raft consensus shutting down.
I0517 05:09:07.457252 211 raft_consensus.cc:2043] T TestTablet P 0591e4742a924455985a0417732ffd4d [term 1 FOLLOWER]: Raft consensus is shut down!
I0517 05:09:07.467510 211 tablet_server.cc:157] TabletServer shutdown complete.
I0517 05:09:07.467669 211 tablet_server.cc:144] TabletServer shutting down...
I0517 05:09:07.467933 211 tablet_server.cc:157] TabletServer shutdown complete.
I0517 05:09:07.657750 211 system_ntp.cc:143] NTP initialized. Skew: 500ppm Current error: 1053861us
I0517 05:09:07.658058 211 fs_manager.cc:260] Metadata directory not provided
I0517 05:09:07.658157 211 fs_manager.cc:263] Using existing metadata directory in first data directory
I0517 05:09:07.660481 211 fs_manager.cc:397] Time spent opening directory manager: real 0.002s user 0.000s sys 0.004s
I0517 05:09:07.661350 211 file_cache.cc:470] Constructed file cache lbm with capacity 26214
I0517 05:09:07.676230 211 fs_manager.cc:417] Time spent opening block manager: real 0.010s user 0.000s sys 0.000s
I0517 05:09:07.676379 211 fs_manager.cc:428] Opened local filesystem: /tmp/dist-test-taskWs1ZT3/test-tmp/tablet_server-test.0.TabletServerTest.TestAlterSchema_AddColWithoutWriteDefault.1526533719119959-211/TabletServerTest-fsroot uuid: "0591e4742a924455985a0417732ffd4d" format_stamp: "Formatted at 2018-05-17 05:09:07 on dist-test-slave-dist-test-slave-djmg"
I0517 05:09:07.676586 211 fs_report.cc:347] Block manager report -------------------- 1 data directories: /tmp/dist-test-taskWs1ZT3/test-tmp/tablet_server-test.0.TabletServerTest.TestAlterSchema_AddColWithoutWriteDefault.1526533719119959-211/TabletServerTest-fsroot/data Total live blocks: 6 Total live bytes: 4928 Total live bytes (after alignment): 28672 Total number of LBM containers: 7 (0 full) Did not check for missing blocks Did not check for orphaned blocks Total full LBM containers with extra space: 0 (0 repaired) Total full LBM container extra space in bytes: 0 (0 repaired) Total incomplete LBM containers: 0 (0 repaired) Total LBM partial records: 0 (0 repaired)
I0517 05:09:07.738754 211 ts_tablet_manager.cc:344] Loading tablet metadata (0/1 complete)
I0517 05:09:07.738896 211 ts_tablet_manager.cc:1005] T TestTablet P 0591e4742a924455985a0417732ffd4d: Loading tablet metadata
I0517 05:09:07.742774 211 ts_tablet_manager.cc:356] Loaded tablet metadata (1 live tablets)
I0517 05:09:07.745798 211 ts_tablet_manager.cc:1173] T TestTablet P 0591e4742a924455985a0417732ffd4d: Registered tablet (data state: TABLET_DATA_READY)
I0517 05:09:07.757117 5815 ts_tablet_manager.cc:1028] T TestTablet P 0591e4742a924455985a0417732ffd4d: Bootstrapping tablet
I0517 05:09:07.757448 5815 tablet_bootstrap.cc:436] T TestTablet P 0591e4742a924455985a0417732ffd4d: Bootstrap starting.
I0517 05:09:07.779630 5815 tablet.cc:1200] T TestTablet P 0591e4742a924455985a0417732ffd4d: Alter schema from Schema [ primary key (key), 10:key[int32 NOT NULL], 11:int_val[int32 NOT NULL], 12:string_val[string NULLABLE] ] version 0 to Schema [ primary key (key), 10:key[int32 NOT NULL], 11:int_val[int32 NOT NULL], 12:string_val[string NULLABLE], 13:c2[int32 NOT NULL] ] version 1
I0517 05:09:07.780724 5815 tablet.cc:1143] T TestTablet P 0591e4742a924455985a0417732ffd4d: MemRowSet was empty: no flush needed.
I0517 05:09:07.780903 5815 tablet_metadata.cc:531] Not flushing: waiting for 1 pins to be released.
I0517 05:09:07.781679 5815 tablet_bootstrap.cc:436] T TestTablet P 0591e4742a924455985a0417732ffd4d: Bootstrap replayed 1/1 log segments. Stats: ops{read=4 overwritten=0 applied=4 ignored=2} inserts{seen=0 ignored=0} mutations{seen=0 ignored=0} orphaned_commits=0. Pending: 0 replicates
I0517 05:09:07.782343 5815 tablet_bootstrap.cc:436] T TestTablet P 0591e4742a924455985a0417732ffd4d: Bootstrap complete.
I0517 05:09:07.806011 211 rpc_server.cc:205] RPC server started. Bound to: 127.0.0.1:40160
I0517 05:09:07.806824 211 webserver.cc:173] Starting webserver on 127.0.0.1:0
I0517 05:09:07.806921 211 webserver.cc:184] Document root disabled
I0517 05:09:07.807718 211 webserver.cc:311] Webserver started. Bound to: http://127.0.0.1:38904/
W0517 05:09:07.808773 5809 reactor.cc:633] Failed to create an outbound connection to 255.255.255.255:1 because connect() failed: Network error: connect(2) error: Network is unreachable (error 101)
W0517 05:09:07.809104 5872 heartbeater.cc:587] Failed to heartbeat to 255.255.255.255:1: Network error: Failed to ping master at 255.255.255.255:1: connect(2) error: Network is unreachable (error 101)
W0517 05:09:07.809443 5809 reactor.cc:633] Failed to create an outbound connection to 255.255.255.255:1 because connect() failed: Network error: connect(2) error: Network is unreachable (error 101)
W0517 05:09:07.816833 5872 heartbeater.cc:587] Failed to heartbeat to 255.255.255.255:1: Network error: Failed to ping master at 255.255.255.255:1: connect(2) error: Network is unreachable (error 101)
W0517 05:09:07.817422 5809 reactor.cc:633] Failed to create an outbound connection to 255.255.255.255:1 because connect() failed: Network error: connect(2) error: Network is unreachable (error 101)
I0517 05:09:07.817584 5873 maintenance_manager.cc:249] Maintenance manager is disabled. Stopping thread.
W0517 05:09:07.817955 5872 heartbeater.cc:587] Failed to heartbeat to 255.255.255.255:1: Network error: Failed to ping master at 255.255.255.255:1: connect(2) error: Network is unreachable (error 101)
W0517 05:09:07.818156 5872 heartbeater.cc:380] Failed 3 heartbeats in a row: no longer allowing fast heartbeat attempts.
I0517 05:09:08.154311 5815 ts_tablet_manager.cc:1045] T TestTablet P 0591e4742a924455985a0417732ffd4d: Time spent bootstrapping tablet: real 0.397s user 0.016s sys 0.024s
I0517 05:09:08.155784 5815 raft_consensus.cc:303] T TestTablet P 0591e4742a924455985a0417732ffd4d [term 1 FOLLOWER]: Replica starting. Triggering 0 pending transactions. Active config: opid_index: -1 peers { permanent_uuid: "0591e4742a924455985a0417732ffd4d" member_type: VOTER last_known_addr { host: "127.0.0.1" port: 35655 } }
I0517 05:09:08.156126 5815 raft_consensus.cc:604] T TestTablet P 0591e4742a924455985a0417732ffd4d [term 1 FOLLOWER]: Becoming Follower/Learner. State: Replica: 0591e4742a924455985a0417732ffd4d, State: Initialized, Role: FOLLOWER
I0517 05:09:08.156527 5815 consensus_queue.cc:227] T TestTablet P 0591e4742a924455985a0417732ffd4d [NON_LEADER]: Queue going to NON_LEADER mode. State: All replicated index: 0, Majority replicated index: 0, Committed index: 4, Last appended: 1.4, Last appended by leader: 4, Current term: 0, Majority size: -1, State: 0, Mode: NON_LEADER, active raft config: opid_index: -1 peers { permanent_uuid: "0591e4742a924455985a0417732ffd4d" member_type: VOTER last_known_addr { host: "127.0.0.1" port: 35655 } }
I0517 05:09:08.156935 5815 raft_consensus.cc:343] T TestTablet P 0591e4742a924455985a0417732ffd4d [term 1 FOLLOWER]: Only one voter in the Raft config. Triggering election immediately
I0517 05:09:08.157071 5815 raft_consensus.cc:435] T TestTablet P 0591e4742a924455985a0417732ffd4d [term 1 FOLLOWER]: Starting leader election (initial election of a single-replica configuration)
I0517 05:09:08.157220 5815 raft_consensus.cc:2704] T TestTablet P 0591e4742a924455985a0417732ffd4d: Snoozing failure detection for 1.810s (starting election)
I0517 05:09:08.157382 5815 raft_consensus.cc:2756] T TestTablet P 0591e4742a924455985a0417732ffd4d [term 1 FOLLOWER]: Advancing to term 2
I0517 05:09:08.160831 5815 raft_consensus.cc:457] T TestTablet P 0591e4742a924455985a0417732ffd4d [term 2 FOLLOWER]: Starting leader election with config: opid_index: -1 peers { permanent_uuid: "0591e4742a924455985a0417732ffd4d" member_type: VOTER last_known_addr { host: "127.0.0.1" port: 35655 } }
I0517 05:09:08.161224 5815 leader_election.cc:270] T TestTablet P 0591e4742a924455985a0417732ffd4d [CANDIDATE]: Term 2 election: Election decided. Result: candidate won.
I0517 05:09:08.162326 5874 raft_consensus.cc:2704] T TestTablet P 0591e4742a924455985a0417732ffd4d: Snoozing failure detection for 2.043s (election complete)
I0517 05:09:08.162611 5874 raft_consensus.cc:2511] T TestTablet P 0591e4742a924455985a0417732ffd4d [term 2 FOLLOWER]: Leader election won for term 2
I0517 05:09:08.165283 5874 raft_consensus.cc:571] T TestTablet P 0591e4742a924455985a0417732ffd4d [term 2 LEADER]: Becoming Leader. State: Replica: 0591e4742a924455985a0417732ffd4d, State: Running, Role: LEADER
I0517 05:09:08.165724 5874 consensus_queue.cc:204] T TestTablet P 0591e4742a924455985a0417732ffd4d [LEADER]: Queue going to LEADER mode. State: All replicated index: 0, Majority replicated index: 4, Committed index: 4, Last appended: 1.4, Last appended by leader: 4, Current term: 2, Majority size: 1, State: 0, Mode: LEADER, active raft config: opid_index: -1 peers { permanent_uuid: "0591e4742a924455985a0417732ffd4d" member_type: VOTER last_known_addr { host: "127.0.0.1" port: 35655 } }
W0517 05:09:08.165941 5809 reactor.cc:633] Failed to create an outbound connection to 255.255.255.255:1 because connect() failed: Network error: connect(2) error: Network is unreachable (error 101)
W0517 05:09:08.166568 5872 heartbeater.cc:587] Failed to heartbeat to 255.255.255.255:1: Network error: Failed to ping master at 255.255.255.255:1: connect(2) error: Network is unreachable (error 101)
W0517 05:09:08.171205 5809 reactor.cc:633] Failed to create an outbound connection to 255.255.255.255:1 because connect() failed: Network error: connect(2) error: Network is unreachable (error 101)
I0517 05:09:08.171382 5815 ts_tablet_manager.cc:1073] T TestTablet P 0591e4742a924455985a0417732ffd4d: Time spent starting tablet: real 0.017s user 0.004s sys 0.016s
W0517 05:09:08.171605 5872 heartbeater.cc:587] Failed to heartbeat to 255.255.255.255:1: Network error: Failed to ping master at 255.255.255.255:1: connect(2) error: Network is unreachable (error 101)
W0517 05:09:08.172085 5809 reactor.cc:633] Failed to create an outbound connection to 255.255.255.255:1 because connect() failed: Network error: connect(2) error: Network is unreachable (error 101)
W0517 05:09:08.172453 5872 heartbeater.cc:587] Failed to heartbeat to 255.255.255.255:1: Network error: Failed to ping master at 255.255.255.255:1: connect(2) error: Network is unreachable (error 101)
I0517 05:09:08.175087 211 tablet_server.cc:144] TabletServer shutting down...
I0517 05:09:08.188351 211 ts_tablet_manager.cc:1118] Shutting down tablet manager...
I0517 05:09:08.188658 211 tablet_replica.cc:261] T TestTablet P 0591e4742a924455985a0417732ffd4d: stopping tablet replica
I0517 05:09:08.188958 211 maintenance_manager.cc:237] P 0591e4742a924455985a0417732ffd4d: Unregistered op CompactRowSetsOp(TestTablet)
I0517 05:09:08.189158 211 maintenance_manager.cc:237] P 0591e4742a924455985a0417732ffd4d: Unregistered op MinorDeltaCompactionOp(TestTablet)
I0517 05:09:08.189309 211 maintenance_manager.cc:237] P 0591e4742a924455985a0417732ffd4d: Unregistered op MajorDeltaCompactionOp(TestTablet)
I0517 05:09:08.189432 211 maintenance_manager.cc:237] P 0591e4742a924455985a0417732ffd4d: Unregistered op UndoDeltaBlockGCOp(TestTablet)
I0517 05:09:08.189574 211 maintenance_manager.cc:237] P 0591e4742a924455985a0417732ffd4d: Unregistered op FlushMRSOp(TestTablet)
I0517 05:09:08.189688 211 maintenance_manager.cc:237] P 0591e4742a924455985a0417732ffd4d: Unregistered op FlushDeltaMemStoresOp(TestTablet)
I0517 05:09:08.189806 211 maintenance_manager.cc:237] P 0591e4742a924455985a0417732ffd4d: Unregistered op LogGCOp(TestTablet)
I0517 05:09:08.189944 211 raft_consensus.cc:2016] T TestTablet P 0591e4742a924455985a0417732ffd4d [term 2 LEADER]: Raft consensus shutting down.
I0517 05:09:08.190234 211 raft_consensus.cc:2043] T TestTablet P 0591e4742a924455985a0417732ffd4d [term 2 FOLLOWER]: Raft consensus is shut down!
I0517 05:09:08.341528 211 tablet_server.cc:157] TabletServer shutdown complete.
I0517 05:09:08.341686 211 tablet_server.cc:144] TabletServer shutting down...
