W0517 05:09:39.201761 7826 reactor.cc:633] Failed to create an outbound connection to 255.255.255.255:1 because connect() failed: Network error: connect(2) error: Network is unreachable (error 101)
W0517 05:09:39.202021 7886 heartbeater.cc:587] Failed to heartbeat to 255.255.255.255:1: Network error: Failed to ping master at 255.255.255.255:1: connect(2) error: Network is unreachable (error 101)
W0517 05:09:39.202368 7826 reactor.cc:633] Failed to create an outbound connection to 255.255.255.255:1 because connect() failed: Network error: connect(2) error: Network is unreachable (error 101)
W0517 05:09:39.202603 7886 heartbeater.cc:587] Failed to heartbeat to 255.255.255.255:1: Network error: Failed to ping master at 255.255.255.255:1: connect(2) error: Network is unreachable (error 101)
W0517 05:09:39.202723 7886 heartbeater.cc:380] Failed 3 heartbeats in a row: no longer allowing fast heartbeat attempts.
I0517 05:09:39.208650 211 ts_tablet_manager.cc:1173] T TestTablet P 6c1e7f82792c43dc846239329188cef7: Registered tablet (data state: TABLET_DATA_READY)
I0517 05:09:39.209616 7888 ts_tablet_manager.cc:1028] T TestTablet P 6c1e7f82792c43dc846239329188cef7: Bootstrapping tablet
I0517 05:09:39.209900 7888 tablet_bootstrap.cc:436] T TestTablet P 6c1e7f82792c43dc846239329188cef7: Bootstrap starting.
I0517 05:09:39.211658 7888 tablet_bootstrap.cc:587] T TestTablet P 6c1e7f82792c43dc846239329188cef7: No blocks or log segments found. Creating new log.
I0517 05:09:39.213891 7888 tablet_bootstrap.cc:436] T TestTablet P 6c1e7f82792c43dc846239329188cef7: No bootstrap required, opened a new log
I0517 05:09:39.214130 7888 ts_tablet_manager.cc:1045] T TestTablet P 6c1e7f82792c43dc846239329188cef7: Time spent bootstrapping tablet: real 0.004s user 0.000s sys 0.000s
I0517 05:09:39.215029 7888 raft_consensus.cc:303] T TestTablet P 6c1e7f82792c43dc846239329188cef7 [term 0 FOLLOWER]: Replica starting. Triggering 0 pending transactions. Active config: opid_index: -1 peers { permanent_uuid: "6c1e7f82792c43dc846239329188cef7" member_type: VOTER last_known_addr { host: "127.0.0.1" port: 60921 } }
I0517 05:09:39.215370 7888 raft_consensus.cc:329] T TestTablet P 6c1e7f82792c43dc846239329188cef7 [term 0 FOLLOWER]: Consensus starting up: Expiring failure detector timer to make a prompt election more likely
I0517 05:09:39.215488 7888 raft_consensus.cc:604] T TestTablet P 6c1e7f82792c43dc846239329188cef7 [term 0 FOLLOWER]: Becoming Follower/Learner. State: Replica: 6c1e7f82792c43dc846239329188cef7, State: Initialized, Role: FOLLOWER
I0517 05:09:39.215807 7888 consensus_queue.cc:227] T TestTablet P 6c1e7f82792c43dc846239329188cef7 [NON_LEADER]: Queue going to NON_LEADER mode. State: All replicated index: 0, Majority replicated index: 0, Committed index: 0, Last appended: 0.0, Last appended by leader: 0, Current term: 0, Majority size: -1, State: 0, Mode: NON_LEADER, active raft config: opid_index: -1 peers { permanent_uuid: "6c1e7f82792c43dc846239329188cef7" member_type: VOTER last_known_addr { host: "127.0.0.1" port: 60921 } }
I0517 05:09:39.216145 7888 raft_consensus.cc:343] T TestTablet P 6c1e7f82792c43dc846239329188cef7 [term 0 FOLLOWER]: Only one voter in the Raft config. Triggering election immediately
I0517 05:09:39.216274 7888 raft_consensus.cc:435] T TestTablet P 6c1e7f82792c43dc846239329188cef7 [term 0 FOLLOWER]: Starting leader election (initial election of a single-replica configuration)
I0517 05:09:39.216418 7888 raft_consensus.cc:2704] T TestTablet P 6c1e7f82792c43dc846239329188cef7: Snoozing failure detection for 1.514s (starting election)
I0517 05:09:39.216552 7888 raft_consensus.cc:2756] T TestTablet P 6c1e7f82792c43dc846239329188cef7 [term 0 FOLLOWER]: Advancing to term 1
I0517 05:09:39.220252 7888 raft_consensus.cc:457] T TestTablet P 6c1e7f82792c43dc846239329188cef7 [term 1 FOLLOWER]: Starting leader election with config: opid_index: -1 peers { permanent_uuid: "6c1e7f82792c43dc846239329188cef7" member_type: VOTER last_known_addr { host: "127.0.0.1" port: 60921 } }
I0517 05:09:39.220655 7888 leader_election.cc:270] T TestTablet P 6c1e7f82792c43dc846239329188cef7 [CANDIDATE]: Term 1 election: Election decided. Result: candidate won.
I0517 05:09:39.221678 7890 raft_consensus.cc:2704] T TestTablet P 6c1e7f82792c43dc846239329188cef7: Snoozing failure detection for 2.066s (election complete)
I0517 05:09:39.221873 7890 raft_consensus.cc:2511] T TestTablet P 6c1e7f82792c43dc846239329188cef7 [term 1 FOLLOWER]: Leader election won for term 1
I0517 05:09:39.222575 7890 raft_consensus.cc:571] T TestTablet P 6c1e7f82792c43dc846239329188cef7 [term 1 LEADER]: Becoming Leader. State: Replica: 6c1e7f82792c43dc846239329188cef7, State: Running, Role: LEADER
I0517 05:09:39.222913 7890 consensus_queue.cc:204] T TestTablet P 6c1e7f82792c43dc846239329188cef7 [LEADER]: Queue going to LEADER mode. State: All replicated index: 0, Majority replicated index: 0, Committed index: 0, Last appended: 0.0, Last appended by leader: 0, Current term: 1, Majority size: 1, State: 0, Mode: LEADER, active raft config: opid_index: -1 peers { permanent_uuid: "6c1e7f82792c43dc846239329188cef7" member_type: VOTER last_known_addr { host: "127.0.0.1" port: 60921 } }
W0517 05:09:39.223094 7826 reactor.cc:633] Failed to create an outbound connection to 255.255.255.255:1 because connect() failed: Network error: connect(2) error: Network is unreachable (error 101)
W0517 05:09:39.223469 7886 heartbeater.cc:587] Failed to heartbeat to 255.255.255.255:1: Network error: Failed to ping master at 255.255.255.255:1: connect(2) error: Network is unreachable (error 101)
W0517 05:09:39.223845 7826 reactor.cc:633] Failed to create an outbound connection to 255.255.255.255:1 because connect() failed: Network error: connect(2) error: Network is unreachable (error 101)
W0517 05:09:39.224225 7886 heartbeater.cc:587] Failed to heartbeat to 255.255.255.255:1: Network error: Failed to ping master at 255.255.255.255:1: connect(2) error: Network is unreachable (error 101)
I0517 05:09:39.224323 7888 ts_tablet_manager.cc:1073] T TestTablet P 6c1e7f82792c43dc846239329188cef7: Time spent starting tablet: real 0.010s user 0.008s sys 0.004s
W0517 05:09:39.224670 7826 reactor.cc:633] Failed to create an outbound connection to 255.255.255.255:1 because connect() failed: Network error: connect(2) error: Network is unreachable (error 101)
W0517 05:09:39.224947 7886 heartbeater.cc:587] Failed to heartbeat to 255.255.255.255:1: Network error: Failed to ping master at 255.255.255.255:1: connect(2) error: Network is unreachable (error 101)
I0517 05:09:39.267503 211 tablet.cc:1152] T TestTablet P 6c1e7f82792c43dc846239329188cef7: Flush: entering stage 1 (old memrowset already frozen for inserts)
I0517 05:09:39.267662 211 compaction.cc:913] Selected 1 rowsets to compact:
I0517 05:09:39.267748 211 compaction.cc:916] memrowset(current size on disk: ~0 bytes)
I0517 05:09:39.267829 211 tablet.cc:1154] T TestTablet P 6c1e7f82792c43dc846239329188cef7: Memstore in-memory size: 15703 bytes
I0517 05:09:39.267935 211 tablet.cc:1443] T TestTablet P 6c1e7f82792c43dc846239329188cef7: Flush: entering phase 1 (flushing snapshot). Phase 1 snapshot: MvccSnapshot[committed={T|T < 6252682359877390336 or (T in {6252682359877390336})}]
I0517 05:09:39.271476 211 multi_column_writer.cc:98] Opened CFile writers for 3 column(s)
I0517 05:09:39.288656 211 tablet.cc:1528] T TestTablet P 6c1e7f82792c43dc846239329188cef7: Flush: entering phase 2 (starting to duplicate updates in new rowsets)
I0517 05:09:39.288944 211 tablet.cc:1583] T TestTablet P 6c1e7f82792c43dc846239329188cef7: Flush Phase 2: carrying over any updates which arrived during Phase 1
I0517 05:09:39.289062 211 tablet.cc:1585] T TestTablet P 6c1e7f82792c43dc846239329188cef7: Phase 2 snapshot: MvccSnapshot[committed={T|T < 6252682359877390336 or (T in {6252682359877390336})}]
I0517 05:09:39.299275 211 tablet.cc:1633] T TestTablet P 6c1e7f82792c43dc846239329188cef7: Flush successful on 100 rows (5748 bytes)
I0517 05:09:39.316170 211 tablet.cc:1143] T TestTablet P 6c1e7f82792c43dc846239329188cef7: MemRowSet was empty: no flush needed.
I0517 05:09:39.321671 211 tablet_server.cc:144] TabletServer shutting down...
I0517 05:09:39.332164 211 ts_tablet_manager.cc:1118] Shutting down tablet manager...
I0517 05:09:39.332422 211 tablet_replica.cc:261] T TestTablet P 6c1e7f82792c43dc846239329188cef7: stopping tablet replica
I0517 05:09:39.332605 211 maintenance_manager.cc:237] P 6c1e7f82792c43dc846239329188cef7: Unregistered op CompactRowSetsOp(TestTablet)
I0517 05:09:39.332737 211 maintenance_manager.cc:237] P 6c1e7f82792c43dc846239329188cef7: Unregistered op MinorDeltaCompactionOp(TestTablet)
I0517 05:09:39.332837 211 maintenance_manager.cc:237] P 6c1e7f82792c43dc846239329188cef7: Unregistered op MajorDeltaCompactionOp(TestTablet)
I0517 05:09:39.332949 211 maintenance_manager.cc:237] P 6c1e7f82792c43dc846239329188cef7: Unregistered op UndoDeltaBlockGCOp(TestTablet)
I0517 05:09:39.333071 211 maintenance_manager.cc:237] P 6c1e7f82792c43dc846239329188cef7: Unregistered op FlushMRSOp(TestTablet)
I0517 05:09:39.333171 211 maintenance_manager.cc:237] P 6c1e7f82792c43dc846239329188cef7: Unregistered op FlushDeltaMemStoresOp(TestTablet)
I0517 05:09:39.333259 211 maintenance_manager.cc:237] P 6c1e7f82792c43dc846239329188cef7: Unregistered op LogGCOp(TestTablet)
I0517 05:09:39.333359 211 raft_consensus.cc:2016] T TestTablet P 6c1e7f82792c43dc846239329188cef7 [term 1 LEADER]: Raft consensus shutting down.
I0517 05:09:39.333570 211 raft_consensus.cc:2043] T TestTablet P 6c1e7f82792c43dc846239329188cef7 [term 1 FOLLOWER]: Raft consensus is shut down!
I0517 05:09:39.351217 211 tablet_server.cc:157] TabletServer shutdown complete.
I0517 05:09:39.351361 211 tablet_server.cc:144] TabletServer shutting down...
I0517 05:09:39.351578 211 tablet_server.cc:157] TabletServer shutdown complete.
I0517 05:09:39.367158 211 system_ntp.cc:143] NTP initialized. Skew: 500ppm Current error: 1069861us
I0517 05:09:39.367452 211 fs_manager.cc:260] Metadata directory not provided
I0517 05:09:39.367549 211 fs_manager.cc:263] Using existing metadata directory in first data directory
I0517 05:09:39.369849 211 fs_manager.cc:397] Time spent opening directory manager: real 0.002s user 0.004s sys 0.000s
I0517 05:09:39.370700 211 file_cache.cc:470] Constructed file cache lbm with capacity 26214
I0517 05:09:39.382834 211 fs_manager.cc:417] Time spent opening block manager: real 0.007s user 0.004s sys 0.000s
I0517 05:09:39.383002 211 fs_manager.cc:428] Opened local filesystem: /tmp/dist-test-taskWs1ZT3/test-tmp/tablet_server-test.0.Params_ScanCorruptedDeltasParamTest.Test_1.1526533719119959-211/TabletServerTest-fsroot uuid: "6c1e7f82792c43dc846239329188cef7" format_stamp: "Formatted at 2018-05-17 05:09:39 on dist-test-slave-dist-test-slave-djmg"
I0517 05:09:39.383198 211 fs_report.cc:347] Block manager report -------------------- 1 data directories: /tmp/dist-test-taskWs1ZT3/test-tmp/tablet_server-test.0.Params_ScanCorruptedDeltasParamTest.Test_1.1526533719119959-211/TabletServerTest-fsroot/data Total live blocks: 6 Total live bytes: 8082 Total live bytes (after alignment): 28672 Total number of LBM containers: 6 (0 full) Did not check for missing blocks Did not check for orphaned blocks Total full LBM containers with extra space: 0 (0 repaired) Total full LBM container extra space in bytes: 0 (0 repaired) Total incomplete LBM containers: 0 (0 repaired) Total LBM partial records: 0 (0 repaired)
I0517 05:09:39.418705 211 ts_tablet_manager.cc:1005] T TestTablet P 6c1e7f82792c43dc846239329188cef7: Loading tablet metadata
I0517 05:09:39.422871 211 ts_tablet_manager.cc:356] Loaded tablet metadata (1 live tablets)
I0517 05:09:39.426095 211 ts_tablet_manager.cc:1173] T TestTablet P 6c1e7f82792c43dc846239329188cef7: Registered tablet (data state: TABLET_DATA_READY)
I0517 05:09:39.427024 7908 ts_tablet_manager.cc:1028] T TestTablet P 6c1e7f82792c43dc846239329188cef7: Bootstrapping tablet
I0517 05:09:39.427337 7908 tablet_bootstrap.cc:436] T TestTablet P 6c1e7f82792c43dc846239329188cef7: Bootstrap starting.
I0517 05:09:39.436853 7908 tablet_bootstrap.cc:436] T TestTablet P 6c1e7f82792c43dc846239329188cef7: Bootstrap replayed 1/1 log segments. Stats: ops{read=2 overwritten=0 applied=2 ignored=0} inserts{seen=0 ignored=0} mutations{seen=1 ignored=0} orphaned_commits=0. Pending: 0 replicates
I0517 05:09:39.437404 7908 tablet_bootstrap.cc:436] T TestTablet P 6c1e7f82792c43dc846239329188cef7: Bootstrap complete.
I0517 05:09:39.437714 7908 ts_tablet_manager.cc:1045] T TestTablet P 6c1e7f82792c43dc846239329188cef7: Time spent bootstrapping tablet: real 0.010s user 0.008s sys 0.000s
I0517 05:09:39.438596 7908 raft_consensus.cc:303] T TestTablet P 6c1e7f82792c43dc846239329188cef7 [term 1 FOLLOWER]: Replica starting. Triggering 0 pending transactions. Active config: opid_index: -1 peers { permanent_uuid: "6c1e7f82792c43dc846239329188cef7" member_type: VOTER last_known_addr { host: "127.0.0.1" port: 60921 } }
I0517 05:09:39.438910 7908 raft_consensus.cc:604] T TestTablet P 6c1e7f82792c43dc846239329188cef7 [term 1 FOLLOWER]: Becoming Follower/Learner. State: Replica: 6c1e7f82792c43dc846239329188cef7, State: Initialized, Role: FOLLOWER
I0517 05:09:39.439270 7908 consensus_queue.cc:227] T TestTablet P 6c1e7f82792c43dc846239329188cef7 [NON_LEADER]: Queue going to NON_LEADER mode. State: All replicated index: 0, Majority replicated index: 0, Committed index: 2, Last appended: 1.2, Last appended by leader: 2, Current term: 0, Majority size: -1, State: 0, Mode: NON_LEADER, active raft config: opid_index: -1 peers { permanent_uuid: "6c1e7f82792c43dc846239329188cef7" member_type: VOTER last_known_addr { host: "127.0.0.1" port: 60921 } }
I0517 05:09:39.439597 7908 raft_consensus.cc:343] T TestTablet P 6c1e7f82792c43dc846239329188cef7 [term 1 FOLLOWER]: Only one voter in the Raft config. Triggering election immediately
I0517 05:09:39.439725 7908 raft_consensus.cc:435] T TestTablet P 6c1e7f82792c43dc846239329188cef7 [term 1 FOLLOWER]: Starting leader election (initial election of a single-replica configuration)
I0517 05:09:39.439855 7908 raft_consensus.cc:2704] T TestTablet P 6c1e7f82792c43dc846239329188cef7: Snoozing failure detection for 2.102s (starting election)
I0517 05:09:39.439985 7908 raft_consensus.cc:2756] T TestTablet P 6c1e7f82792c43dc846239329188cef7 [term 1 FOLLOWER]: Advancing to term 2
I0517 05:09:39.443547 7908 raft_consensus.cc:457] T TestTablet P 6c1e7f82792c43dc846239329188cef7 [term 2 FOLLOWER]: Starting leader election with config: opid_index: -1 peers { permanent_uuid: "6c1e7f82792c43dc846239329188cef7" member_type: VOTER last_known_addr { host: "127.0.0.1" port: 60921 } }
I0517 05:09:39.443918 7908 leader_election.cc:270] T TestTablet P 6c1e7f82792c43dc846239329188cef7 [CANDIDATE]: Term 2 election: Election decided. Result: candidate won.
I0517 05:09:39.445147 7918 raft_consensus.cc:2704] T TestTablet P 6c1e7f82792c43dc846239329188cef7: Snoozing failure detection for 1.991s (election complete)
I0517 05:09:39.445344 7918 raft_consensus.cc:2511] T TestTablet P 6c1e7f82792c43dc846239329188cef7 [term 2 FOLLOWER]: Leader election won for term 2
I0517 05:09:39.445992 7908 ts_tablet_manager.cc:1073] T TestTablet P 6c1e7f82792c43dc846239329188cef7: Time spent starting tablet: real 0.008s user 0.000s sys 0.008s
I0517 05:09:39.446827 7918 raft_consensus.cc:571] T TestTablet P 6c1e7f82792c43dc846239329188cef7 [term 2 LEADER]: Becoming Leader. State: Replica: 6c1e7f82792c43dc846239329188cef7, State: Running, Role: LEADER
I0517 05:09:39.447315 7918 consensus_queue.cc:204] T TestTablet P 6c1e7f82792c43dc846239329188cef7 [LEADER]: Queue going to LEADER mode. State: All replicated index: 0, Majority replicated index: 2, Committed index: 2, Last appended: 1.2, Last appended by leader: 2, Current term: 2, Majority size: 1, State: 0, Mode: LEADER, active raft config: opid_index: -1 peers { permanent_uuid: "6c1e7f82792c43dc846239329188cef7" member_type: VOTER last_known_addr { host: "127.0.0.1" port: 60921 } }
I0517 05:09:39.467551 211 rpc_server.cc:205] RPC server started. Bound to: 127.0.0.1:53630
I0517 05:09:39.468430 211 webserver.cc:173] Starting webserver on 127.0.0.1:0
I0517 05:09:39.468534 211 webserver.cc:184] Document root disabled
I0517 05:09:39.469405 211 webserver.cc:311] Webserver started. Bound to: http://127.0.0.1:48991/
W0517 05:09:39.470592 7902 reactor.cc:633] Failed to create an outbound connection to 255.255.255.255:1 because connect() failed: Network error: connect(2) error: Network is unreachable (error 101)
I0517 05:09:39.470708 7969 maintenance_manager.cc:249] Maintenance manager is disabled. Stopping thread.
I0517 05:09:39.470907 211 tablet_server-test.cc:1630] Rebuilt tablet TestTablet with broken blocks
W0517 05:09:39.470974 7968 heartbeater.cc:587] Failed to heartbeat to 255.255.255.255:1: Network error: Failed to ping master at 255.255.255.255:1: connect(2) error: Network is unreachable (error 101)
W0517 05:09:39.471518 7902 reactor.cc:633] Failed to create an outbound connection to 255.255.255.255:1 because connect() failed: Network error: connect(2) error: Network is unreachable (error 101)
W0517 05:09:39.471798 7968 heartbeater.cc:587] Failed to heartbeat to 255.255.255.255:1: Network error: Failed to ping master at 255.255.255.255:1: connect(2) error: Network is unreachable (error 101)
W0517 05:09:39.472241 7902 reactor.cc:633] Failed to create an outbound connection to 255.255.255.255:1 because connect() failed: Network error: connect(2) error: Network is unreachable (error 101)
W0517 05:09:39.472519 7968 heartbeater.cc:587] Failed to heartbeat to 255.255.255.255:1: Network error: Failed to ping master at 255.255.255.255:1: connect(2) error: Network is unreachable (error 101)
W0517 05:09:39.472700 7968 heartbeater.cc:380] Failed 3 heartbeats in a row: no longer allowing fast heartbeat attempts.
W0517 05:09:39.483125 7924 tablet_service.cc:1950] Copying rows from internal iterator for request scanner_id: "e459f1560e5049a6b4b53e14c3015964" new_scan_request { tablet_id: "TestTablet" projected_columns { name: "key" type: INT32 is_key: true is_nullable: false encoding: AUTO_ENCODING compression: DEFAULT_COMPRESSION cfile_block_size: 0 } projected_columns { name: "int_val" type: INT32 is_key: false is_nullable: false encoding: AUTO_ENCODING compression: DEFAULT_COMPRESSION cfile_block_size: 0 } projected_columns { name: "string_val" type: STRING is_key: false is_nullable: true encoding: AUTO_ENCODING compression: DEFAULT_COMPRESSION cfile_block_size: 0 } read_mode: READ_AT_SNAPSHOT } batch_size_bytes: 10000
W0517 05:09:39.488775 7924 tablet_service.cc:1950] Copying rows from internal iterator for request scanner_id: "0d73c1812a8d42e89fd9cefcd34b538e" new_scan_request { tablet_id: "TestTablet" projected_columns { name: "key" type: INT32 is_key: true is_nullable: false encoding: AUTO_ENCODING compression: DEFAULT_COMPRESSION cfile_block_size: 0 } projected_columns { name: "int_val" type: INT32 is_key: false is_nullable: false encoding: AUTO_ENCODING compression: DEFAULT_COMPRESSION cfile_block_size: 0 } projected_columns { name: "string_val" type: STRING is_key: false is_nullable: true encoding: AUTO_ENCODING compression: DEFAULT_COMPRESSION cfile_block_size: 0 } read_mode: READ_AT_SNAPSHOT } batch_size_bytes: 10000
I0517 05:09:39.491117 211 tablet_server.cc:144] TabletServer shutting down...
I0517 05:09:39.501576 211 ts_tablet_manager.cc:1118] Shutting down tablet manager...
I0517 05:09:39.501843 211 tablet_replica.cc:261] T TestTablet P 6c1e7f82792c43dc846239329188cef7: stopping tablet replica
I0517 05:09:39.502020 211 maintenance_manager.cc:237] P 6c1e7f82792c43dc846239329188cef7: Unregistered op CompactRowSetsOp(TestTablet)
I0517 05:09:39.502158 211 maintenance_manager.cc:237] P 6c1e7f82792c43dc846239329188cef7: Unregistered op MinorDeltaCompactionOp(TestTablet)
I0517 05:09:39.502259 211 maintenance_manager.cc:237] P 6c1e7f82792c43dc846239329188cef7: Unregistered op MajorDeltaCompactionOp(TestTablet)
I0517 05:09:39.502369 211 maintenance_manager.cc:237] P 6c1e7f82792c43dc846239329188cef7: Unregistered op UndoDeltaBlockGCOp(TestTablet)
I0517 05:09:39.502485 211 maintenance_manager.cc:237] P 6c1e7f82792c43dc846239329188cef7: Unregistered op FlushMRSOp(TestTablet)
I0517 05:09:39.502578 211 maintenance_manager.cc:237] P 6c1e7f82792c43dc846239329188cef7: Unregistered op FlushDeltaMemStoresOp(TestTablet)
I0517 05:09:39.502665 211 maintenance_manager.cc:237] P 6c1e7f82792c43dc846239329188cef7: Unregistered op LogGCOp(TestTablet)
I0517 05:09:39.502765 211 raft_consensus.cc:2016] T TestTablet P 6c1e7f82792c43dc846239329188cef7 [term 2 LEADER]: Raft consensus shutting down.
I0517 05:09:39.502969 211 raft_consensus.cc:2043] T TestTablet P 6c1e7f82792c43dc846239329188cef7 [term 2 FOLLOWER]: Raft consensus is shut down!
I0517 05:09:39.519851 211 tablet_server.cc:157] TabletServer shutdown complete.
I0517 05:09:39.519994 211 tablet_server.cc:144] TabletServer shutting down...
I0517 05:09:39.520236 211 tablet_server.cc:157] TabletServer shutdown complete. [ OK ] Params/ScanCorruptedDeltasParamTest.Test/1 (416 ms) [ RUN ] Params/ScanCorruptedDeltasParamTest.Test/2
I0517 05:09:39.540977 211 system_ntp.cc:143] NTP initialized. Skew: 500ppm Current error: 1069861us
I0517 05:09:39.541296 211 fs_manager.cc:260] Metadata directory not provided
I0517 05:09:39.541409 211 fs_manager.cc:266] Using write-ahead log directory (fs_wal_dir) as metadata directory
I0517 05:09:39.541558 211 server_base.cc:432] Could not load existing FS layout: Not found: /tmp/dist-test-taskWs1ZT3/test-tmp/tablet_server-test.0.Params_ScanCorruptedDeltasParamTest.Test_2.1526533719119959-211/TabletServerTest-fsroot/instance: No such file or directory (error 2)
I0517 05:09:39.541656 211 server_base.cc:433] Attempting to create new FS layout instead
I0517 05:09:39.547391 211 fs_manager.cc:595] Generated new instance metadata in path /tmp/dist-test-taskWs1ZT3/test-tmp/tablet_server-test.0.Params_ScanCorruptedDeltasParamTest.Test_2.1526533719119959-211/TabletServerTest-fsroot/instance: uuid: "616b952a2a114ca887605878cdf6ed9a" format_stamp: "Formatted at 2018-05-17 05:09:39 on dist-test-slave-dist-test-slave-djmg"
I0517 05:09:39.555356 211 fs_manager.cc:495] Time spent creating directory manager: real 0.008s user 0.012s sys 0.000s
I0517 05:09:39.556545 211 file_cache.cc:470] Constructed file cache lbm with capacity 26214
I0517 05:09:39.562964 211 fs_manager.cc:417] Time spent opening block manager: real 0.001s user 0.004s sys 0.000s
I0517 05:09:39.563112 211 fs_manager.cc:428] Opened local filesystem: /tmp/dist-test-taskWs1ZT3/test-tmp/tablet_server-test.0.Params_ScanCorruptedDeltasParamTest.Test_2.1526533719119959-211/TabletServerTest-fsroot uuid: "616b952a2a114ca887605878cdf6ed9a" format_stamp: "Formatted at 2018-05-17 05:09:39 on dist-test-slave-dist-test-slave-djmg"
I0517 05:09:39.563313 211 fs_report.cc:347] Block manager report -------------------- 1 data directories: /tmp/dist-test-taskWs1ZT3/test-tmp/tablet_server-test.0.Params_ScanCorruptedDeltasParamTest.Test_2.1526533719119959-211/TabletServerTest-fsroot/data Total live blocks: 0 Total live bytes: 0 Total live bytes (after alignment): 0 Total number of LBM containers: 0 (0 full) Did not check for missing blocks Did not check for orphaned blocks Total full LBM containers with extra space: 0 (0 repaired) Total full LBM container extra space in bytes: 0 (0 repaired) Total incomplete LBM containers: 0 (0 repaired) Total LBM partial records: 0 (0 repaired)
I0517 05:09:39.594578 211 ts_tablet_manager.cc:356] Loaded tablet metadata (0 live tablets)
I0517 05:09:39.621558 211 rpc_server.cc:205] RPC server started. Bound to: 127.0.0.1:44348
I0517 05:09:39.622313 211 webserver.cc:173] Starting webserver on 127.0.0.1:0
I0517 05:09:39.622408 211 webserver.cc:184] Document root disabled
I0517 05:09:39.623365 211 webserver.cc:311] Webserver started. Bound to: http://127.0.0.1:34517/
W0517 05:09:39.624500 7979 reactor.cc:633] Failed to create an outbound connection to 255.255.255.255:1 because connect() failed: Network error: connect(2) error: Network is unreachable (error 101)
I0517 05:09:39.624573 8040 maintenance_manager.cc:249] Maintenance manager is disabled. Stopping thread.
W0517 05:09:39.624912 8039 heartbeater.cc:587] Failed to heartbeat to 255.255.255.255:1: Network error: Failed to ping master at 255.255.255.255:1: connect(2) error: Network is unreachable (error 101)
I0517 05:09:39.625069 211 data_dirs.cc:934] Could only allocate 1 dirs of requested 3 for tablet TestTablet. 1 dirs total, 0 dirs full, 0 dirs failed
W0517 05:09:39.625286 7979 reactor.cc:633] Failed to create an outbound connection to 255.255.255.255:1 because connect() failed: Network error: connect(2) error: Network is unreachable (error 101)
W0517 05:09:39.625561 8039 heartbeater.cc:587] Failed to heartbeat to 255.255.255.255:1: Network error: Failed to ping master at 255.255.255.255:1: connect(2) error: Network is unreachable (error 101)
W0517 05:09:39.625896 7979 reactor.cc:633] Failed to create an outbound connection to 255.255.255.255:1 because connect() failed: Network error: connect(2) error: Network is unreachable (error 101)
W0517 05:09:39.626229 8039 heartbeater.cc:587] Failed to heartbeat to 255.255.255.255:1: Network error: Failed to ping master at 255.255.255.255:1: connect(2) error: Network is unreachable (error 101)
W0517 05:09:39.626385 8039 heartbeater.cc:380] Failed 3 heartbeats in a row: no longer allowing fast heartbeat attempts.
I0517 05:09:39.631832 211 ts_tablet_manager.cc:1173] T TestTablet P 616b952a2a114ca887605878cdf6ed9a: Registered tablet (data state: TABLET_DATA_READY)
I0517 05:09:39.632896 8041 ts_tablet_manager.cc:1028] T TestTablet P 616b952a2a114ca887605878cdf6ed9a: Bootstrapping tablet
I0517 05:09:39.633200 8041 tablet_bootstrap.cc:436] T TestTablet P 616b952a2a114ca887605878cdf6ed9a: Bootstrap starting.
I0517 05:09:39.634954 8041 tablet_bootstrap.cc:587] T TestTablet P 616b952a2a114ca887605878cdf6ed9a: No blocks or log segments found. Creating new log.
I0517 05:09:39.637389 8041 tablet_bootstrap.cc:436] T TestTablet P 616b952a2a114ca887605878cdf6ed9a: No bootstrap required, opened a new log
I0517 05:09:39.637661 8041 ts_tablet_manager.cc:1045] T TestTablet P 616b952a2a114ca887605878cdf6ed9a: Time spent bootstrapping tablet: real 0.005s user 0.000s sys 0.000s
I0517 05:09:39.638576 8041 raft_consensus.cc:303] T TestTablet P 616b952a2a114ca887605878cdf6ed9a [term 0 FOLLOWER]: Replica starting. Triggering 0 pending transactions. Active config: opid_index: -1 peers { permanent_uuid: "616b952a2a114ca887605878cdf6ed9a" member_type: VOTER last_known_addr { host: "127.0.0.1" port: 44348 } }
I0517 05:09:39.638926 8041 raft_consensus.cc:329] T TestTablet P 616b952a2a114ca887605878cdf6ed9a [term 0 FOLLOWER]: Consensus starting up: Expiring failure detector timer to make a prompt election more likely
I0517 05:09:39.639048 8041 raft_consensus.cc:604] T TestTablet P 616b952a2a114ca887605878cdf6ed9a [term 0 FOLLOWER]: Becoming Follower/Learner. State: Replica: 616b952a2a114ca887605878cdf6ed9a, State: Initialized, Role: FOLLOWER
I0517 05:09:39.639384 8041 consensus_queue.cc:227] T TestTablet P 616b952a2a114ca887605878cdf6ed9a [NON_LEADER]: Queue going to NON_LEADER mode. State: All replicated index: 0, Majority replicated index: 0, Committed index: 0, Last appended: 0.0, Last appended by leader: 0, Current term: 0, Majority size: -1, State: 0, Mode: NON_LEADER, active raft config: opid_index: -1 peers { permanent_uuid: "616b952a2a114ca887605878cdf6ed9a" member_type: VOTER last_known_addr { host: "127.0.0.1" port: 44348 } }
I0517 05:09:39.639710 8041 raft_consensus.cc:343] T TestTablet P 616b952a2a114ca887605878cdf6ed9a [term 0 FOLLOWER]: Only one voter in the Raft config. Triggering election immediately
I0517 05:09:39.639832 8041 raft_consensus.cc:435] T TestTablet P 616b952a2a114ca887605878cdf6ed9a [term 0 FOLLOWER]: Starting leader election (initial election of a single-replica configuration)
I0517 05:09:39.639966 8041 raft_consensus.cc:2704] T TestTablet P 616b952a2a114ca887605878cdf6ed9a: Snoozing failure detection for 1.747s (starting election)
I0517 05:09:39.640097 8041 raft_consensus.cc:2756] T TestTablet P 616b952a2a114ca887605878cdf6ed9a [term 0 FOLLOWER]: Advancing to term 1
I0517 05:09:39.644436 8041 raft_consensus.cc:457] T TestTablet P 616b952a2a114ca887605878cdf6ed9a [term 1 FOLLOWER]: Starting leader election with config: opid_index: -1 peers { permanent_uuid: "616b952a2a114ca887605878cdf6ed9a" member_type: VOTER last_known_addr { host: "127.0.0.1" port: 44348 } }
I0517 05:09:39.644883 8041 leader_election.cc:270] T TestTablet P 616b952a2a114ca887605878cdf6ed9a [CANDIDATE]: Term 1 election: Election decided. Result: candidate won.
I0517 05:09:39.645954 8043 raft_consensus.cc:2704] T TestTablet P 616b952a2a114ca887605878cdf6ed9a: Snoozing failure detection for 1.670s (election complete)
I0517 05:09:39.646167 8043 raft_consensus.cc:2511] T TestTablet P 616b952a2a114ca887605878cdf6ed9a [term 1 FOLLOWER]: Leader election won for term 1
I0517 05:09:39.647341 8041 ts_tablet_manager.cc:1073] T TestTablet P 616b952a2a114ca887605878cdf6ed9a: Time spent starting tablet: real 0.010s user 0.012s sys 0.000s
W0517 05:09:39.647352 7979 reactor.cc:633] Failed to create an outbound connection to 255.255.255.255:1 because connect() failed: Network error: connect(2) error: Network is unreachable (error 101)
I0517 05:09:39.647388 8043 raft_consensus.cc:571] T TestTablet P 616b952a2a114ca887605878cdf6ed9a [term 1 LEADER]: Becoming Leader. State: Replica: 616b952a2a114ca887605878cdf6ed9a, State: Running, Role: LEADER
W0517 05:09:39.647791 8039 heartbeater.cc:587] Failed to heartbeat to 255.255.255.255:1: Network error: Failed to ping master at 255.255.255.255:1: connect(2) error: Network is unreachable (error 101)
I0517 05:09:39.647781 8043 consensus_queue.cc:204] T TestTablet P 616b952a2a114ca887605878cdf6ed9a [LEADER]: Queue going to LEADER mode. State: All replicated index: 0, Majority replicated index: 0, Committed index: 0, Last appended: 0.0, Last appended by leader: 0, Current term: 1, Majority size: 1, State: 0, Mode: LEADER, active raft config: opid_index: -1 peers { permanent_uuid: "616b952a2a114ca887605878cdf6ed9a" member_type: VOTER last_known_addr { host: "127.0.0.1" port: 44348 } }
W0517 05:09:39.648201 7979 reactor.cc:633] Failed to create an outbound connection to 255.255.255.255:1 because connect() failed: Network error: connect(2) error: Network is unreachable (error 101)
W0517 05:09:39.648468 8039 heartbeater.cc:587] Failed to heartbeat to 255.255.255.255:1: Network error: Failed to ping master at 255.255.255.255:1: connect(2) error: Network is unreachable (error 101)
I0517 05:09:39.692147 211 tablet.cc:1152] T TestTablet P 616b952a2a114ca887605878cdf6ed9a: Flush: entering stage 1 (old memrowset already frozen for inserts)
I0517 05:09:39.692307 211 compaction.cc:913] Selected 1 rowsets to compact:
I0517 05:09:39.692394 211 compaction.cc:916] memrowset(current size on disk: ~0 bytes)
I0517 05:09:39.692476 211 tablet.cc:1154] T TestTablet P 616b952a2a114ca887605878cdf6ed9a: Memstore in-memory size: 15703 bytes
I0517 05:09:39.692579 211 tablet.cc:1443] T TestTablet P 616b952a2a114ca887605878cdf6ed9a: Flush: entering phase 1 (flushing snapshot). Phase 1 snapshot: MvccSnapshot[committed={T|T < 6252682361616793600 or (T in {6252682361616793600})}]
I0517 05:09:39.696038 211 multi_column_writer.cc:98] Opened CFile writers for 3 column(s)
I0517 05:09:39.724443 211 tablet.cc:1528] T TestTablet P 616b952a2a114ca887605878cdf6ed9a: Flush: entering phase 2 (starting to duplicate updates in new rowsets)
I0517 05:09:39.724844 211 tablet.cc:1583] T TestTablet P 616b952a2a114ca887605878cdf6ed9a: Flush Phase 2: carrying over any updates which arrived during Phase 1
I0517 05:09:39.724948 211 tablet.cc:1585] T TestTablet P 616b952a2a114ca887605878cdf6ed9a: Phase 2 snapshot: MvccSnapshot[committed={T|T < 6252682361616793600 or (T in {6252682361616793600})}]
I0517 05:09:39.737485 211 tablet.cc:1633] T TestTablet P 616b952a2a114ca887605878cdf6ed9a: Flush successful on 100 rows (5748 bytes)
I0517 05:09:39.756829 211 tablet.cc:1143] T TestTablet P 616b952a2a114ca887605878cdf6ed9a: MemRowSet was empty: no flush needed.
I0517 05:09:39.763100 211 tablet_server.cc:144] TabletServer shutting down...
I0517 05:09:39.775871 211 ts_tablet_manager.cc:1118] Shutting down tablet manager...
I0517 05:09:39.776196 211 tablet_replica.cc:261] T TestTablet P 616b952a2a114ca887605878cdf6ed9a: stopping tablet replica
I0517 05:09:39.776435 211 maintenance_manager.cc:237] P 616b952a2a114ca887605878cdf6ed9a: Unregistered op CompactRowSetsOp(TestTablet)
I0517 05:09:39.776747 211 maintenance_manager.cc:237] P 616b952a2a114ca887605878cdf6ed9a: Unregistered op MinorDeltaCompactionOp(TestTablet)
I0517 05:09:39.776877 211 maintenance_manager.cc:237] P 616b952a2a114ca887605878cdf6ed9a: Unregistered op MajorDeltaCompactionOp(TestTablet)
I0517 05:09:39.776980 211 maintenance_manager.cc:237] P 616b952a2a114ca887605878cdf6ed9a: Unregistered op UndoDeltaBlockGCOp(TestTablet)
I0517 05:09:39.777096 211 maintenance_manager.cc:237] P 616b952a2a114ca887605878cdf6ed9a: Unregistered op FlushMRSOp(TestTablet)
I0517 05:09:39.777192 211 maintenance_manager.cc:237] P 616b952a2a114ca887605878cdf6ed9a: Unregistered op FlushDeltaMemStoresOp(TestTablet)
I0517 05:09:39.777307 211 maintenance_manager.cc:237] P 616b952a2a114ca887605878cdf6ed9a: Unregistered op LogGCOp(TestTablet)
I0517 05:09:39.777415 211 raft_consensus.cc:2016] T TestTablet P 616b952a2a114ca887605878cdf6ed9a [term 1 LEADER]: Raft consensus shutting down.
I0517 05:09:39.777711 211 raft_consensus.cc:2043] T TestTablet P 616b952a2a114ca887605878cdf6ed9a [term 1 FOLLOWER]: Raft consensus is shut down!
I0517 05:09:39.795440 211 tablet_server.cc:157] TabletServer shutdown complete.
I0517 05:09:39.795577 211 tablet_server.cc:144] TabletServer shutting down...
I0517 05:09:39.795838 211 tablet_server.cc:157] TabletServer shutdown complete.
I0517 05:09:39.812856 211 system_ntp.cc:143] NTP initialized. Skew: 500ppm Current error: 1069861us
I0517 05:09:39.813220 211 fs_manager.cc:260] Metadata directory not provided
I0517 05:09:39.813344 211 fs_manager.cc:263] Using existing metadata directory in first data directory
I0517 05:09:39.815841 211 fs_manager.cc:397] Time spent opening directory manager: real 0.002s user 0.004s sys 0.000s
I0517 05:09:39.816797 211 file_cache.cc:470] Constructed file cache lbm with capacity 26214
I0517 05:09:39.829095 211 fs_manager.cc:417] Time spent opening block manager: real 0.007s user 0.000s sys 0.000s
I0517 05:09:39.829259 211 fs_manager.cc:428] Opened local filesystem: /tmp/dist-test-taskWs1ZT3/test-tmp/tablet_server-test.0.Params_ScanCorruptedDeltasParamTest.Test_2.1526533719119959-211/TabletServerTest-fsroot uuid: "616b952a2a114ca887605878cdf6ed9a" format_stamp: "Formatted at 2018-05-17 05:09:39 on dist-test-slave-dist-test-slave-djmg"
I0517 05:09:39.829509 211 fs_report.cc:347] Block manager report -------------------- 1 data directories: /tmp/dist-test-taskWs1ZT3/test-tmp/tablet_server-test.0.Params_ScanCorruptedDeltasParamTest.Test_2.1526533719119959-211/TabletServerTest-fsroot/data Total live blocks: 6 Total live bytes: 8082 Total live bytes (after alignment): 28672 Total number of LBM containers: 6 (0 full) Did not check for missing blocks Did not check for orphaned blocks Total full LBM containers with extra space: 0 (0 repaired) Total full LBM container extra space in bytes: 0 (0 repaired) Total incomplete LBM containers: 0 (0 repaired) Total LBM partial records: 0 (0 repaired)
I0517 05:09:39.864372 211 ts_tablet_manager.cc:1005] T TestTablet P 616b952a2a114ca887605878cdf6ed9a: Loading tablet metadata
I0517 05:09:39.868691 211 ts_tablet_manager.cc:356] Loaded tablet metadata (1 live tablets)
I0517 05:09:39.871841 211 ts_tablet_manager.cc:1173] T TestTablet P 616b952a2a114ca887605878cdf6ed9a: Registered tablet (data state: TABLET_DATA_READY)
I0517 05:09:39.872918 8062 ts_tablet_manager.cc:1028] T TestTablet P 616b952a2a114ca887605878cdf6ed9a: Bootstrapping tablet
I0517 05:09:39.873301 8062 tablet_bootstrap.cc:436] T TestTablet P 616b952a2a114ca887605878cdf6ed9a: Bootstrap starting.
I0517 05:09:39.884896 8062 tablet_bootstrap.cc:436] T TestTablet P 616b952a2a114ca887605878cdf6ed9a: Bootstrap replayed 1/1 log segments. Stats: ops{read=2 overwritten=0 applied=2 ignored=0} inserts{seen=0 ignored=0} mutations{seen=1 ignored=0} orphaned_commits=0. Pending: 0 replicates
I0517 05:09:39.885690 8062 tablet_bootstrap.cc:436] T TestTablet P 616b952a2a114ca887605878cdf6ed9a: Bootstrap complete.
I0517 05:09:39.886066 8062 ts_tablet_manager.cc:1045] T TestTablet P 616b952a2a114ca887605878cdf6ed9a: Time spent bootstrapping tablet: real 0.013s user 0.008s sys 0.004s
I0517 05:09:39.887290 8062 raft_consensus.cc:303] T TestTablet P 616b952a2a114ca887605878cdf6ed9a [term 1 FOLLOWER]: Replica starting. Triggering 0 pending transactions. Active config: opid_index: -1 peers { permanent_uuid: "616b952a2a114ca887605878cdf6ed9a" member_type: VOTER last_known_addr { host: "127.0.0.1" port: 44348 } }
I0517 05:09:39.887722 8062 raft_consensus.cc:604] T TestTablet P 616b952a2a114ca887605878cdf6ed9a [term 1 FOLLOWER]: Becoming Follower/Learner. State: Replica: 616b952a2a114ca887605878cdf6ed9a, State: Initialized, Role: FOLLOWER
I0517 05:09:39.888092 8062 consensus_queue.cc:227] T TestTablet P 616b952a2a114ca887605878cdf6ed9a [NON_LEADER]: Queue going to NON_LEADER mode. State: All replicated index: 0, Majority replicated index: 0, Committed index: 2, Last appended: 1.2, Last appended by leader: 2, Current term: 0, Majority size: -1, State: 0, Mode: NON_LEADER, active raft config: opid_index: -1 peers { permanent_uuid: "616b952a2a114ca887605878cdf6ed9a" member_type: VOTER last_known_addr { host: "127.0.0.1" port: 44348 } }
I0517 05:09:39.888450 8062 raft_consensus.cc:343] T TestTablet P 616b952a2a114ca887605878cdf6ed9a [term 1 FOLLOWER]: Only one voter in the Raft config. Triggering election immediately
I0517 05:09:39.888581 8062 raft_consensus.cc:435] T TestTablet P 616b952a2a114ca887605878cdf6ed9a [term 1 FOLLOWER]: Starting leader election (initial election of a single-replica configuration)
I0517 05:09:39.888733 8062 raft_consensus.cc:2704] T TestTablet P 616b952a2a114ca887605878cdf6ed9a: Snoozing failure detection for 2.235s (starting election)
I0517 05:09:39.888875 8062 raft_consensus.cc:2756] T TestTablet P 616b952a2a114ca887605878cdf6ed9a [term 1 FOLLOWER]: Advancing to term 2
I0517 05:09:39.893146 8062 raft_consensus.cc:457] T TestTablet P 616b952a2a114ca887605878cdf6ed9a [term 2 FOLLOWER]: Starting leader election with config: opid_index: -1 peers { permanent_uuid: "616b952a2a114ca887605878cdf6ed9a" member_type: VOTER last_known_addr { host: "127.0.0.1" port: 44348 } }
I0517 05:09:39.893569 8062 leader_election.cc:270] T TestTablet P 616b952a2a114ca887605878cdf6ed9a [CANDIDATE]: Term 2 election: Election decided. Result: candidate won.
I0517 05:09:39.894889 8087 raft_consensus.cc:2704] T TestTablet P 616b952a2a114ca887605878cdf6ed9a: Snoozing failure detection for 2.138s (election complete)
I0517 05:09:39.895216 8087 raft_consensus.cc:2511] T TestTablet P 616b952a2a114ca887605878cdf6ed9a [term 2 FOLLOWER]: Leader election won for term 2
I0517 05:09:39.895879 8062 ts_tablet_manager.cc:1073] T TestTablet P 616b952a2a114ca887605878cdf6ed9a: Time spent starting tablet: real 0.010s user 0.008s sys 0.000s
I0517 05:09:39.896222 8087 raft_consensus.cc:571] T TestTablet P 616b952a2a114ca887605878cdf6ed9a [term 2 LEADER]: Becoming Leader. State: Replica: 616b952a2a114ca887605878cdf6ed9a, State: Running, Role: LEADER
I0517 05:09:39.896594 8087 consensus_queue.cc:204] T TestTablet P 616b952a2a114ca887605878cdf6ed9a [LEADER]: Queue going to LEADER mode. State: All replicated index: 0, Majority replicated index: 2, Committed index: 2, Last appended: 1.2, Last appended by leader: 2, Current term: 2, Majority size: 1, State: 0, Mode: LEADER, active raft config: opid_index: -1 peers { permanent_uuid: "616b952a2a114ca887605878cdf6ed9a" member_type: VOTER last_known_addr { host: "127.0.0.1" port: 44348 } }
I0517 05:09:39.910634 211 rpc_server.cc:205] RPC server started. Bound to: 127.0.0.1:38508
I0517 05:09:39.911654 211 webserver.cc:173] Starting webserver on 127.0.0.1:0
I0517 05:09:39.911765 211 webserver.cc:184] Document root disabled
I0517 05:09:39.912663 211 webserver.cc:311] Webserver started. Bound to: http://127.0.0.1:51225/
W0517 05:09:39.913795 8056 reactor.cc:633] Failed to create an outbound connection to 255.255.255.255:1 because connect() failed: Network error: connect(2) error: Network is unreachable (error 101)
W0517 05:09:39.914171 8122 heartbeater.cc:587] Failed to heartbeat to 255.255.255.255:1: Network error: Failed to ping master at 255.255.255.255:1: connect(2) error: Network is unreachable (error 101)
W0517 05:09:39.914587 8056 reactor.cc:633] Failed to create an outbound connection to 255.255.255.255:1 because connect() failed: Network error: connect(2) error: Network is unreachable (error 101)
I0517 05:09:39.914630 211 tablet_server-test.cc:1630] Rebuilt tablet TestTablet with broken blocks
I0517 05:09:39.914388 8123 maintenance_manager.cc:249] Maintenance manager is disabled. Stopping thread.
W0517 05:09:39.915113 8122 heartbeater.cc:587] Failed to heartbeat to 255.255.255.255:1: Network error: Failed to ping master at 255.255.255.255:1: connect(2) error: Network is unreachable (error 101)
W0517 05:09:39.915490 8056 reactor.cc:633] Failed to create an outbound connection to 255.255.255.255:1 because connect() failed: Network error: connect(2) error: Network is unreachable (error 101)
W0517 05:09:39.915792 8122 heartbeater.cc:587] Failed to heartbeat to 255.255.255.255:1: Network error: Failed to ping master at 255.255.255.255:1: connect(2) error: Network is unreachable (error 101)
W0517 05:09:39.915935 8122 heartbeater.cc:380] Failed 3 heartbeats in a row: no longer allowing fast heartbeat attempts.
W0517 05:09:39.926793 8075 tablet_service.cc:1950] Copying rows from internal iterator for request scanner_id: "d9af373137ff45dc8c12a2f159b34c5e" new_scan_request { tablet_id: "TestTablet" projected_columns { name: "key" type: INT32 is_key: true is_nullable: false encoding: AUTO_ENCODING compression: DEFAULT_COMPRESSION cfile_block_size: 0 } projected_columns { name: "int_val" type: INT32 is_key: false is_nullable: false encoding: AUTO_ENCODING compression: DEFAULT_COMPRESSION cfile_block_size: 0 } projected_columns { name: "string_val" type: STRING is_key: false is_nullable: true encoding: AUTO_ENCODING compression: DEFAULT_COMPRESSION cfile_block_size: 0 } read_mode: READ_YOUR_WRITES } batch_size_bytes: 10000
W0517 05:09:39.932170 8075 tablet_service.cc:1950] Copying rows from internal iterator for request scanner_id: "a07403f7185d4603baa4c624d210356e" new_scan_request { tablet_id: "TestTablet" projected_columns { name: "key" type: INT32 is_key: true is_nullable: false encoding: AUTO_ENCODING compression: DEFAULT_COMPRESSION cfile_block_size: 0 } projected_columns { name: "int_val" type: INT32 is_key: false is_nullable: false encoding: AUTO_ENCODING compression: DEFAULT_COMPRESSION cfile_block_size: 0 } projected_columns { name: "string_val" type: STRING is_key: false is_nullable: true encoding: AUTO_ENCODING compression: DEFAULT_COMPRESSION cfile_block_size: 0 } read_mode: READ_YOUR_WRITES } batch_size_bytes: 10000
I0517 05:09:39.934464 211 tablet_server.cc:144] TabletServer shutting down...
I0517 05:09:39.954149 211 ts_tablet_manager.cc:1118] Shutting down tablet manager...
I0517 05:09:39.954489 211 tablet_replica.cc:261] T TestTablet P 616b952a2a114ca887605878cdf6ed9a: stopping tablet replica
I0517 05:09:39.954700 211 maintenance_manager.cc:237] P 616b952a2a114ca887605878cdf6ed9a: Unregistered op CompactRowSetsOp(TestTablet)
I0517 05:09:39.954823 211 maintenance_manager.cc:237] P 616b952a2a114ca887605878cdf6ed9a: Unregistered op MinorDeltaCompactionOp(TestTablet)
I0517 05:09:39.954954 211 maintenance_manager.cc:237] P 616b952a2a114ca887605878cdf6ed9a: Unregistered op MajorDeltaCompactionOp(TestTablet)
I0517 05:09:39.955062 211 maintenance_manager.cc:237] P 616b952a2a114ca887605878cdf6ed9a: Unregistered op UndoDeltaBlockGCOp(TestTablet)
I0517 05:09:39.955181 211 maintenance_manager.cc:237] P 616b952a2a114ca887605878cdf6ed9a: Unregistered op FlushMRSOp(TestTablet)
I0517 05:09:39.955276 211 maintenance_manager.cc:237] P 616b952a2a114ca887605878cdf6ed9a: Unregistered op FlushDeltaMemStoresOp(TestTablet)
I0517 05:09:39.955363 211 maintenance_manager.cc:237] P 616b952a2a114ca887605878cdf6ed9a: Unregistered op LogGCOp(TestTablet)
I0517 05:09:39.955464 211 raft_consensus.cc:2016] T TestTablet P 616b952a2a114ca887605878cdf6ed9a [term 2 LEADER]: Raft consensus shutting down.
I0517 05:09:39.955663 211 raft_consensus.cc:2043] T TestTablet P 616b952a2a114ca887605878cdf6ed9a [term 2 FOLLOWER]: Raft consensus is shut down!
I0517 05:09:39.964023 211 tablet_server.cc:157] TabletServer shutdown complete.
I0517 05:09:39.964200 211 tablet_server.cc:144] TabletServer shutting down...
I0517 05:09:39.964452 211 tablet_server.cc:157] TabletServer shutdown complete. [ OK ] Params/ScanCorruptedDeltasParamTest.Test/2 (447 ms) [----------] 3 tests from Params/ScanCorruptedDeltasParamTest (1281 ms total) [----------] 3 tests from Params/ScannerOpenWhenServerShutsDownParamTest [ RUN ] Params/ScannerOpenWhenServerShutsDownParamTest.Test/0
I0517 05:09:39.990243 211 system_ntp.cc:143] NTP initialized. Skew: 500ppm Current error: 1069861us
I0517 05:09:39.990605 211 fs_manager.cc:260] Metadata directory not provided
I0517 05:09:39.990754 211 fs_manager.cc:266] Using write-ahead log directory (fs_wal_dir) as metadata directory
I0517 05:09:39.990977 211 server_base.cc:432] Could not load existing FS layout: Not found: /tmp/dist-test-taskWs1ZT3/test-tmp/tablet_server-test.0.Params_ScannerOpenWhenServerShutsDownParamTest.Test_0.1526533719119959-211/TabletServerTest-fsroot/instance: No such file or directory (error 2)
I0517 05:09:39.991108 211 server_base.cc:433] Attempting to create new FS layout instead
I0517 05:09:39.997586 211 fs_manager.cc:595] Generated new instance metadata in path /tmp/dist-test-taskWs1ZT3/test-tmp/tablet_server-test.0.Params_ScannerOpenWhenServerShutsDownParamTest.Test_0.1526533719119959-211/TabletServerTest-fsroot/instance: uuid: "358fdb430b764e13b6a6393984c6c54c" format_stamp: "Formatted at 2018-05-17 05:09:39 on dist-test-slave-dist-test-slave-djmg"
I0517 05:09:40.006451 211 fs_manager.cc:495] Time spent creating directory manager: real 0.008s user 0.012s sys 0.000s
I0517 05:09:40.007768 211 file_cache.cc:470] Constructed file cache lbm with capacity 26214
I0517 05:09:40.014281 211 fs_manager.cc:417] Time spent opening block manager: real 0.001s user 0.000s sys 0.000s
I0517 05:09:40.014425 211 fs_manager.cc:428] Opened local filesystem: /tmp/dist-test-taskWs1ZT3/test-tmp/tablet_server-test.0.Params_ScannerOpenWhenServerShutsDownParamTest.Test_0.1526533719119959-211/TabletServerTest-fsroot uuid: "358fdb430b764e13b6a6393984c6c54c" format_stamp: "Formatted at 2018-05-17 05:09:39 on dist-test-slave-dist-test-slave-djmg"
I0517 05:09:40.014621 211 fs_report.cc:347] Block manager report -------------------- 1 data directories: /tmp/dist-test-taskWs1ZT3/test-tmp/tablet_server-test.0.Params_ScannerOpenWhenServerShutsDownParamTest.Test_0.1526533719119959-211/TabletServerTest-fsroot/data Total live blocks: 0 Total live bytes: 0 Total live bytes (after alignment): 0 Total number of LBM containers: 0 (0 full) Did not check for missing blocks Did not check for orphaned blocks Total full LBM containers with extra space: 0 (0 repaired) Total full LBM container extra space in bytes: 0 (0 repaired) Total incomplete LBM containers: 0 (0 repaired) Total LBM partial records: 0 (0 repaired)
I0517 05:09:40.048894 211 ts_tablet_manager.cc:356] Loaded tablet metadata (0 live tablets)
I0517 05:09:40.075578 211 rpc_server.cc:205] RPC server started. Bound to: 127.0.0.1:42081
I0517 05:09:40.076393 211 webserver.cc:173] Starting webserver on 127.0.0.1:0
I0517 05:09:40.076493 211 webserver.cc:184] Document root disabled
I0517 05:09:40.077335 211 webserver.cc:311] Webserver started. Bound to: http://127.0.0.1:49583/
W0517 05:09:40.078408 8133 reactor.cc:633] Failed to create an outbound connection to 255.255.255.255:1 because connect() failed: Network error: connect(2) error: Network is unreachable (error 101)
I0517 05:09:40.078631 8194 maintenance_manager.cc:249] Maintenance manager is disabled. Stopping thread.
W0517 05:09:40.078814 8193 heartbeater.cc:587] Failed to heartbeat to 255.255.255.255:1: Network error: Failed to ping master at 255.255.255.255:1: connect(2) error: Network is unreachable (error 101)
I0517 05:09:40.079043 211 data_dirs.cc:934] Could only allocate 1 dirs of requested 3 for tablet TestTablet. 1 dirs total, 0 dirs full, 0 dirs failed
W0517 05:09:40.079222 8133 reactor.cc:633] Failed to create an outbound connection to 255.255.255.255:1 because connect() failed: Network error: connect(2) error: Network is unreachable (error 101)
W0517 05:09:40.079474 8193 heartbeater.cc:587] Failed to heartbeat to 255.255.255.255:1: Network error: Failed to ping master at 255.255.255.255:1: connect(2) error: Network is unreachable (error 101)
W0517 05:09:40.079790 8133 reactor.cc:633] Failed to create an outbound connection to 255.255.255.255:1 because connect() failed: Network error: connect(2) error: Network is unreachable (error 101)
W0517 05:09:40.080025 8193 heartbeater.cc:587] Failed to heartbeat to 255.255.255.255:1: Network error: Failed to ping master at 255.255.255.255:1: connect(2) error: Network is unreachable (error 101)
