I0516 22:02:32.661703 18284 consensus_queue.cc:227] T f44edd9cb161433f9ae53e8d2e60e43e P d2767dd0c676459aa9c2533260fc9d46 [NON_LEADER]: Queue going to NON_LEADER mode. State: All replicated index: 0, Majority replicated index: 0, Committed index: 0, Last appended: 0.0, Last appended by leader: 0, Current term: 0, Majority size: -1, State: 0, Mode: NON_LEADER, active raft config: opid_index: -1 OBSOLETE_local: false peers { permanent_uuid: "d2767dd0c676459aa9c2533260fc9d46" member_type: VOTER last_known_addr { host: "127.17.88.2" port: 58101 } } peers { permanent_uuid: "d7e4c153959b4c86b9dcb5a3441a879a" member_type: VOTER last_known_addr { host: "127.17.88.1" port: 47831 } } peers { permanent_uuid: "b141e05cb0444865b490089e568edadc" member_type: VOTER last_known_addr { host: "127.17.88.3" port: 49899 } }
I0516 22:02:32.661854 18282 ts_tablet_manager.cc:1028] T 7966cd4464434af09b1b861e14d66bf9 P d7e4c153959b4c86b9dcb5a3441a879a: Bootstrapping tablet
I0516 22:02:32.661949 18282 tablet_bootstrap.cc:436] T 7966cd4464434af09b1b861e14d66bf9 P d7e4c153959b4c86b9dcb5a3441a879a: Bootstrap starting.
I0516 22:02:32.662125 18284 ts_tablet_manager.cc:1073] T f44edd9cb161433f9ae53e8d2e60e43e P d2767dd0c676459aa9c2533260fc9d46: Time spent starting tablet: real 0.001s user 0.000s sys 0.000s
I0516 22:02:32.662237 18284 ts_tablet_manager.cc:1028] T d744b1d6ab5c4844bd636ab76a6c3bee P d2767dd0c676459aa9c2533260fc9d46: Bootstrapping tablet
I0516 22:02:32.662328 18284 tablet_bootstrap.cc:436] T d744b1d6ab5c4844bd636ab76a6c3bee P d2767dd0c676459aa9c2533260fc9d46: Bootstrap starting.
I0516 22:02:32.662868 18282 tablet_bootstrap.cc:587] T 7966cd4464434af09b1b861e14d66bf9 P d7e4c153959b4c86b9dcb5a3441a879a: No blocks or log segments found. Creating new log.
I0516 22:02:32.663297 18284 tablet_bootstrap.cc:587] T d744b1d6ab5c4844bd636ab76a6c3bee P d2767dd0c676459aa9c2533260fc9d46: No blocks or log segments found. Creating new log.
I0516 22:02:32.664366 18282 tablet_bootstrap.cc:436] T 7966cd4464434af09b1b861e14d66bf9 P d7e4c153959b4c86b9dcb5a3441a879a: No bootstrap required, opened a new log
I0516 22:02:32.664470 18282 ts_tablet_manager.cc:1045] T 7966cd4464434af09b1b861e14d66bf9 P d7e4c153959b4c86b9dcb5a3441a879a: Time spent bootstrapping tablet: real 0.003s user 0.000s sys 0.000s
I0516 22:02:32.664688 18284 tablet_bootstrap.cc:436] T d744b1d6ab5c4844bd636ab76a6c3bee P d2767dd0c676459aa9c2533260fc9d46: No bootstrap required, opened a new log
I0516 22:02:32.664783 18284 ts_tablet_manager.cc:1045] T d744b1d6ab5c4844bd636ab76a6c3bee P d2767dd0c676459aa9c2533260fc9d46: Time spent bootstrapping tablet: real 0.002s user 0.000s sys 0.004s
I0516 22:02:32.664891 18282 raft_consensus.cc:303] T 7966cd4464434af09b1b861e14d66bf9 P d7e4c153959b4c86b9dcb5a3441a879a [term 0 FOLLOWER]: Replica starting. Triggering 0 pending transactions. Active config: opid_index: -1 OBSOLETE_local: false peers { permanent_uuid: "d2767dd0c676459aa9c2533260fc9d46" member_type: VOTER last_known_addr { host: "127.17.88.2" port: 58101 } } peers { permanent_uuid: "d7e4c153959b4c86b9dcb5a3441a879a" member_type: VOTER last_known_addr { host: "127.17.88.1" port: 47831 } } peers { permanent_uuid: "b141e05cb0444865b490089e568edadc" member_type: VOTER last_known_addr { host: "127.17.88.3" port: 49899 } }
I0516 22:02:32.665047 18282 raft_consensus.cc:329] T 7966cd4464434af09b1b861e14d66bf9 P d7e4c153959b4c86b9dcb5a3441a879a [term 0 FOLLOWER]: Consensus starting up: Expiring failure detector timer to make a prompt election more likely
I0516 22:02:32.665083 18282 raft_consensus.cc:604] T 7966cd4464434af09b1b861e14d66bf9 P d7e4c153959b4c86b9dcb5a3441a879a [term 0 FOLLOWER]: Becoming Follower/Learner. State: Replica: d7e4c153959b4c86b9dcb5a3441a879a, State: Initialized, Role: FOLLOWER
I0516 22:02:32.665194 18282 consensus_queue.cc:227] T 7966cd4464434af09b1b861e14d66bf9 P d7e4c153959b4c86b9dcb5a3441a879a [NON_LEADER]: Queue going to NON_LEADER mode. State: All replicated index: 0, Majority replicated index: 0, Committed index: 0, Last appended: 0.0, Last appended by leader: 0, Current term: 0, Majority size: -1, State: 0, Mode: NON_LEADER, active raft config: opid_index: -1 OBSOLETE_local: false peers { permanent_uuid: "d2767dd0c676459aa9c2533260fc9d46" member_type: VOTER last_known_addr { host: "127.17.88.2" port: 58101 } } peers { permanent_uuid: "d7e4c153959b4c86b9dcb5a3441a879a" member_type: VOTER last_known_addr { host: "127.17.88.1" port: 47831 } } peers { permanent_uuid: "b141e05cb0444865b490089e568edadc" member_type: VOTER last_known_addr { host: "127.17.88.3" port: 49899 } }
I0516 22:02:32.665228 18284 raft_consensus.cc:303] T d744b1d6ab5c4844bd636ab76a6c3bee P d2767dd0c676459aa9c2533260fc9d46 [term 0 FOLLOWER]: Replica starting. Triggering 0 pending transactions. Active config: opid_index: -1 OBSOLETE_local: false peers { permanent_uuid: "d2767dd0c676459aa9c2533260fc9d46" member_type: VOTER last_known_addr { host: "127.17.88.2" port: 58101 } } peers { permanent_uuid: "d7e4c153959b4c86b9dcb5a3441a879a" member_type: VOTER last_known_addr { host: "127.17.88.1" port: 47831 } } peers { permanent_uuid: "b141e05cb0444865b490089e568edadc" member_type: VOTER last_known_addr { host: "127.17.88.3" port: 49899 } }
I0516 22:02:32.665347 18284 raft_consensus.cc:329] T d744b1d6ab5c4844bd636ab76a6c3bee P d2767dd0c676459aa9c2533260fc9d46 [term 0 FOLLOWER]: Consensus starting up: Expiring failure detector timer to make a prompt election more likely
I0516 22:02:32.665383 18284 raft_consensus.cc:604] T d744b1d6ab5c4844bd636ab76a6c3bee P d2767dd0c676459aa9c2533260fc9d46 [term 0 FOLLOWER]: Becoming Follower/Learner. State: Replica: d2767dd0c676459aa9c2533260fc9d46, State: Initialized, Role: FOLLOWER
I0516 22:02:32.665508 18284 consensus_queue.cc:227] T d744b1d6ab5c4844bd636ab76a6c3bee P d2767dd0c676459aa9c2533260fc9d46 [NON_LEADER]: Queue going to NON_LEADER mode. State: All replicated index: 0, Majority replicated index: 0, Committed index: 0, Last appended: 0.0, Last appended by leader: 0, Current term: 0, Majority size: -1, State: 0, Mode: NON_LEADER, active raft config: opid_index: -1 OBSOLETE_local: false peers { permanent_uuid: "d2767dd0c676459aa9c2533260fc9d46" member_type: VOTER last_known_addr { host: "127.17.88.2" port: 58101 } } peers { permanent_uuid: "d7e4c153959b4c86b9dcb5a3441a879a" member_type: VOTER last_known_addr { host: "127.17.88.1" port: 47831 } } peers { permanent_uuid: "b141e05cb0444865b490089e568edadc" member_type: VOTER last_known_addr { host: "127.17.88.3" port: 49899 } }
I0516 22:02:32.665904 18282 ts_tablet_manager.cc:1073] T 7966cd4464434af09b1b861e14d66bf9 P d7e4c153959b4c86b9dcb5a3441a879a: Time spent starting tablet: real 0.001s user 0.000s sys 0.004s
I0516 22:02:32.666009 18282 ts_tablet_manager.cc:1028] T f970f063780d4349888d8fd439beb0a0 P d7e4c153959b4c86b9dcb5a3441a879a: Bootstrapping tablet
I0516 22:02:32.666118 18282 tablet_bootstrap.cc:436] T f970f063780d4349888d8fd439beb0a0 P d7e4c153959b4c86b9dcb5a3441a879a: Bootstrap starting.
I0516 22:02:32.666568 18284 ts_tablet_manager.cc:1073] T d744b1d6ab5c4844bd636ab76a6c3bee P d2767dd0c676459aa9c2533260fc9d46: Time spent starting tablet: real 0.002s user 0.000s sys 0.000s
I0516 22:02:32.667014 18282 tablet_bootstrap.cc:587] T f970f063780d4349888d8fd439beb0a0 P d7e4c153959b4c86b9dcb5a3441a879a: No blocks or log segments found. Creating new log.
I0516 22:02:32.668113 18282 tablet_bootstrap.cc:436] T f970f063780d4349888d8fd439beb0a0 P d7e4c153959b4c86b9dcb5a3441a879a: No bootstrap required, opened a new log
I0516 22:02:32.668200 18282 ts_tablet_manager.cc:1045] T f970f063780d4349888d8fd439beb0a0 P d7e4c153959b4c86b9dcb5a3441a879a: Time spent bootstrapping tablet: real 0.002s user 0.000s sys 0.000s
I0516 22:02:32.668530 18282 raft_consensus.cc:303] T f970f063780d4349888d8fd439beb0a0 P d7e4c153959b4c86b9dcb5a3441a879a [term 0 FOLLOWER]: Replica starting. Triggering 0 pending transactions. Active config: opid_index: -1 OBSOLETE_local: false peers { permanent_uuid: "d7e4c153959b4c86b9dcb5a3441a879a" member_type: VOTER last_known_addr { host: "127.17.88.1" port: 47831 } } peers { permanent_uuid: "d2767dd0c676459aa9c2533260fc9d46" member_type: VOTER last_known_addr { host: "127.17.88.2" port: 58101 } } peers { permanent_uuid: "b141e05cb0444865b490089e568edadc" member_type: VOTER last_known_addr { host: "127.17.88.3" port: 49899 } }
I0516 22:02:32.668663 18282 raft_consensus.cc:329] T f970f063780d4349888d8fd439beb0a0 P d7e4c153959b4c86b9dcb5a3441a879a [term 0 FOLLOWER]: Consensus starting up: Expiring failure detector timer to make a prompt election more likely
I0516 22:02:32.668695 18282 raft_consensus.cc:604] T f970f063780d4349888d8fd439beb0a0 P d7e4c153959b4c86b9dcb5a3441a879a [term 0 FOLLOWER]: Becoming Follower/Learner. State: Replica: d7e4c153959b4c86b9dcb5a3441a879a, State: Initialized, Role: FOLLOWER
I0516 22:02:32.668807 18282 consensus_queue.cc:227] T f970f063780d4349888d8fd439beb0a0 P d7e4c153959b4c86b9dcb5a3441a879a [NON_LEADER]: Queue going to NON_LEADER mode. State: All replicated index: 0, Majority replicated index: 0, Committed index: 0, Last appended: 0.0, Last appended by leader: 0, Current term: 0, Majority size: -1, State: 0, Mode: NON_LEADER, active raft config: opid_index: -1 OBSOLETE_local: false peers { permanent_uuid: "d7e4c153959b4c86b9dcb5a3441a879a" member_type: VOTER last_known_addr { host: "127.17.88.1" port: 47831 } } peers { permanent_uuid: "d2767dd0c676459aa9c2533260fc9d46" member_type: VOTER last_known_addr { host: "127.17.88.2" port: 58101 } } peers { permanent_uuid: "b141e05cb0444865b490089e568edadc" member_type: VOTER last_known_addr { host: "127.17.88.3" port: 49899 } }
I0516 22:02:32.669121 18282 ts_tablet_manager.cc:1073] T f970f063780d4349888d8fd439beb0a0 P d7e4c153959b4c86b9dcb5a3441a879a: Time spent starting tablet: real 0.001s user 0.000s sys 0.000s
I0516 22:02:32.669216 18282 ts_tablet_manager.cc:1028] T 00efb34f943d4fa88ec6dcd181ee5c96 P d7e4c153959b4c86b9dcb5a3441a879a: Bootstrapping tablet
I0516 22:02:32.669299 18282 tablet_bootstrap.cc:436] T 00efb34f943d4fa88ec6dcd181ee5c96 P d7e4c153959b4c86b9dcb5a3441a879a: Bootstrap starting.
I0516 22:02:32.670106 18282 tablet_bootstrap.cc:587] T 00efb34f943d4fa88ec6dcd181ee5c96 P d7e4c153959b4c86b9dcb5a3441a879a: No blocks or log segments found. Creating new log.
I0516 22:02:32.670836 18290 raft_consensus.cc:435] T ab7b2ac793a4455e9bbe98795c6a392f P d2767dd0c676459aa9c2533260fc9d46 [term 0 FOLLOWER]: Starting pre-election (no leader contacted us within the election timeout)
I0516 22:02:32.670920 18290 raft_consensus.cc:2704] T ab7b2ac793a4455e9bbe98795c6a392f P d2767dd0c676459aa9c2533260fc9d46: Snoozing failure detection for 1.875s (starting election)
I0516 22:02:32.671008 18290 raft_consensus.cc:457] T ab7b2ac793a4455e9bbe98795c6a392f P d2767dd0c676459aa9c2533260fc9d46 [term 0 FOLLOWER]: Starting pre-election with config: opid_index: -1 OBSOLETE_local: false peers { permanent_uuid: "d2767dd0c676459aa9c2533260fc9d46" member_type: VOTER last_known_addr { host: "127.17.88.2" port: 58101 } } peers { permanent_uuid: "d7e4c153959b4c86b9dcb5a3441a879a" member_type: VOTER last_known_addr { host: "127.17.88.1" port: 47831 } } peers { permanent_uuid: "b141e05cb0444865b490089e568edadc" member_type: VOTER last_known_addr { host: "127.17.88.3" port: 49899 } }
I0516 22:02:32.671291 18282 tablet_bootstrap.cc:436] T 00efb34f943d4fa88ec6dcd181ee5c96 P d7e4c153959b4c86b9dcb5a3441a879a: No bootstrap required, opened a new log
I0516 22:02:32.671385 18282 ts_tablet_manager.cc:1045] T 00efb34f943d4fa88ec6dcd181ee5c96 P d7e4c153959b4c86b9dcb5a3441a879a: Time spent bootstrapping tablet: real 0.002s user 0.000s sys 0.004s
I0516 22:02:32.671701 18290 leader_election.cc:243] T ab7b2ac793a4455e9bbe98795c6a392f P d2767dd0c676459aa9c2533260fc9d46 [CANDIDATE]: Term 1 pre-election: Requesting pre-vote from peer d7e4c153959b4c86b9dcb5a3441a879a (127.17.88.1:47831)
I0516 22:02:32.671793 18282 raft_consensus.cc:303] T 00efb34f943d4fa88ec6dcd181ee5c96 P d7e4c153959b4c86b9dcb5a3441a879a [term 0 FOLLOWER]: Replica starting. Triggering 0 pending transactions. Active config: opid_index: -1 OBSOLETE_local: false peers { permanent_uuid: "d2767dd0c676459aa9c2533260fc9d46" member_type: VOTER last_known_addr { host: "127.17.88.2" port: 58101 } } peers { permanent_uuid: "d7e4c153959b4c86b9dcb5a3441a879a" member_type: VOTER last_known_addr { host: "127.17.88.1" port: 47831 } } peers { permanent_uuid: "b141e05cb0444865b490089e568edadc" member_type: VOTER last_known_addr { host: "127.17.88.3" port: 49899 } }
I0516 22:02:32.672108 18282 raft_consensus.cc:329] T 00efb34f943d4fa88ec6dcd181ee5c96 P d7e4c153959b4c86b9dcb5a3441a879a [term 0 FOLLOWER]: Consensus starting up: Expiring failure detector timer to make a prompt election more likely
I0516 22:02:32.672129 18290 leader_election.cc:243] T ab7b2ac793a4455e9bbe98795c6a392f P d2767dd0c676459aa9c2533260fc9d46 [CANDIDATE]: Term 1 pre-election: Requesting pre-vote from peer b141e05cb0444865b490089e568edadc (127.17.88.3:49899)
I0516 22:02:32.672163 18282 raft_consensus.cc:604] T 00efb34f943d4fa88ec6dcd181ee5c96 P d7e4c153959b4c86b9dcb5a3441a879a [term 0 FOLLOWER]: Becoming Follower/Learner. State: Replica: d7e4c153959b4c86b9dcb5a3441a879a, State: Initialized, Role: FOLLOWER
I0516 22:02:32.672793 18282 consensus_queue.cc:227] T 00efb34f943d4fa88ec6dcd181ee5c96 P d7e4c153959b4c86b9dcb5a3441a879a [NON_LEADER]: Queue going to NON_LEADER mode. State: All replicated index: 0, Majority replicated index: 0, Committed index: 0, Last appended: 0.0, Last appended by leader: 0, Current term: 0, Majority size: -1, State: 0, Mode: NON_LEADER, active raft config: opid_index: -1 OBSOLETE_local: false peers { permanent_uuid: "d2767dd0c676459aa9c2533260fc9d46" member_type: VOTER last_known_addr { host: "127.17.88.2" port: 58101 } } peers { permanent_uuid: "d7e4c153959b4c86b9dcb5a3441a879a" member_type: VOTER last_known_addr { host: "127.17.88.1" port: 47831 } } peers { permanent_uuid: "b141e05cb0444865b490089e568edadc" member_type: VOTER last_known_addr { host: "127.17.88.3" port: 49899 } }
I0516 22:02:32.673223 18282 ts_tablet_manager.cc:1073] T 00efb34f943d4fa88ec6dcd181ee5c96 P d7e4c153959b4c86b9dcb5a3441a879a: Time spent starting tablet: real 0.002s user 0.000s sys 0.000s
I0516 22:02:32.674784 18289 raft_consensus.cc:435] T 807b2c351057419d846ab8586e3ed167 P d7e4c153959b4c86b9dcb5a3441a879a [term 0 FOLLOWER]: Starting pre-election (no leader contacted us within the election timeout)
I0516 22:02:32.674872 18289 raft_consensus.cc:2704] T 807b2c351057419d846ab8586e3ed167 P d7e4c153959b4c86b9dcb5a3441a879a: Snoozing failure detection for 1.912s (starting election)
I0516 22:02:32.674948 18289 raft_consensus.cc:457] T 807b2c351057419d846ab8586e3ed167 P d7e4c153959b4c86b9dcb5a3441a879a [term 0 FOLLOWER]: Starting pre-election with config: opid_index: -1 OBSOLETE_local: false peers { permanent_uuid: "d2767dd0c676459aa9c2533260fc9d46" member_type: VOTER last_known_addr { host: "127.17.88.2" port: 58101 } } peers { permanent_uuid: "d7e4c153959b4c86b9dcb5a3441a879a" member_type: VOTER last_known_addr { host: "127.17.88.1" port: 47831 } } peers { permanent_uuid: "b141e05cb0444865b490089e568edadc" member_type: VOTER last_known_addr { host: "127.17.88.3" port: 49899 } }
I0516 22:02:32.675283 18289 leader_election.cc:243] T 807b2c351057419d846ab8586e3ed167 P d7e4c153959b4c86b9dcb5a3441a879a [CANDIDATE]: Term 1 pre-election: Requesting pre-vote from peer d2767dd0c676459aa9c2533260fc9d46 (127.17.88.2:58101)
I0516 22:02:32.675474 18289 leader_election.cc:243] T 807b2c351057419d846ab8586e3ed167 P d7e4c153959b4c86b9dcb5a3441a879a [CANDIDATE]: Term 1 pre-election: Requesting pre-vote from peer b141e05cb0444865b490089e568edadc (127.17.88.3:49899)
I0516 22:02:32.678704 18102 tablet_service.cc:998] Received RequestConsensusVote() RPC: tablet_id: "ab7b2ac793a4455e9bbe98795c6a392f" candidate_uuid: "d2767dd0c676459aa9c2533260fc9d46" candidate_term: 1 candidate_status { last_received { term: 0 index: 0 } } ignore_live_leader: false dest_uuid: "d7e4c153959b4c86b9dcb5a3441a879a" is_pre_election: true
I0516 22:02:32.679061 18102 raft_consensus.cc:2704] T ab7b2ac793a4455e9bbe98795c6a392f P d7e4c153959b4c86b9dcb5a3441a879a: Snoozing failure detection for 2.188s (vote granted)
I0516 22:02:32.679158 18102 raft_consensus.cc:2219] T ab7b2ac793a4455e9bbe98795c6a392f P d7e4c153959b4c86b9dcb5a3441a879a [term 0 FOLLOWER]: Leader pre-election vote request: Granting yes vote for candidate d2767dd0c676459aa9c2533260fc9d46 in term 0.
I0516 22:02:32.679776 18133 leader_election.cc:379] T ab7b2ac793a4455e9bbe98795c6a392f P d2767dd0c676459aa9c2533260fc9d46 [CANDIDATE]: Term 1 pre-election: Vote granted by peer d7e4c153959b4c86b9dcb5a3441a879a (127.17.88.1:47831)
I0516 22:02:32.679862 18133 leader_election.cc:270] T ab7b2ac793a4455e9bbe98795c6a392f P d2767dd0c676459aa9c2533260fc9d46 [CANDIDATE]: Term 1 pre-election: Election decided. Result: candidate won.
I0516 22:02:32.680038 18290 raft_consensus.cc:2704] T ab7b2ac793a4455e9bbe98795c6a392f P d2767dd0c676459aa9c2533260fc9d46: Snoozing failure detection for 1.546s (election complete)
I0516 22:02:32.680128 18290 raft_consensus.cc:2511] T ab7b2ac793a4455e9bbe98795c6a392f P d2767dd0c676459aa9c2533260fc9d46 [term 0 FOLLOWER]: Leader pre-election won for term 1
I0516 22:02:32.680357 18290 raft_consensus.cc:435] T ab7b2ac793a4455e9bbe98795c6a392f P d2767dd0c676459aa9c2533260fc9d46 [term 0 FOLLOWER]: Starting leader election (no leader contacted us within the election timeout)
I0516 22:02:32.680487 18290 raft_consensus.cc:2704] T ab7b2ac793a4455e9bbe98795c6a392f P d2767dd0c676459aa9c2533260fc9d46: Snoozing failure detection for 1.921s (starting election)
I0516 22:02:32.680547 18290 raft_consensus.cc:2756] T ab7b2ac793a4455e9bbe98795c6a392f P d2767dd0c676459aa9c2533260fc9d46 [term 0 FOLLOWER]: Advancing to term 1
I0516 22:02:32.680812 18170 tablet_service.cc:998] Received RequestConsensusVote() RPC: tablet_id: "807b2c351057419d846ab8586e3ed167" candidate_uuid: "d7e4c153959b4c86b9dcb5a3441a879a" candidate_term: 1 candidate_status { last_received { term: 0 index: 0 } } ignore_live_leader: false dest_uuid: "d2767dd0c676459aa9c2533260fc9d46" is_pre_election: true
I0516 22:02:32.681259 18170 raft_consensus.cc:2704] T 807b2c351057419d846ab8586e3ed167 P d2767dd0c676459aa9c2533260fc9d46: Snoozing failure detection for 1.632s (vote granted)
I0516 22:02:32.681485 18285 raft_consensus.cc:435] T 00efb34f943d4fa88ec6dcd181ee5c96 P b141e05cb0444865b490089e568edadc [term 0 FOLLOWER]: Starting pre-election (no leader contacted us within the election timeout)
I0516 22:02:32.681494 18170 raft_consensus.cc:2219] T 807b2c351057419d846ab8586e3ed167 P d2767dd0c676459aa9c2533260fc9d46 [term 0 FOLLOWER]: Leader pre-election vote request: Granting yes vote for candidate d7e4c153959b4c86b9dcb5a3441a879a in term 0.
I0516 22:02:32.681773 18285 raft_consensus.cc:2704] T 00efb34f943d4fa88ec6dcd181ee5c96 P b141e05cb0444865b490089e568edadc: Snoozing failure detection for 1.863s (starting election)
I0516 22:02:32.681926 18285 raft_consensus.cc:457] T 00efb34f943d4fa88ec6dcd181ee5c96 P b141e05cb0444865b490089e568edadc [term 0 FOLLOWER]: Starting pre-election with config: opid_index: -1 OBSOLETE_local: false peers { permanent_uuid: "d2767dd0c676459aa9c2533260fc9d46" member_type: VOTER last_known_addr { host: "127.17.88.2" port: 58101 } } peers { permanent_uuid: "d7e4c153959b4c86b9dcb5a3441a879a" member_type: VOTER last_known_addr { host: "127.17.88.1" port: 47831 } } peers { permanent_uuid: "b141e05cb0444865b490089e568edadc" member_type: VOTER last_known_addr { host: "127.17.88.3" port: 49899 } }
I0516 22:02:32.682270 18063 leader_election.cc:379] T 807b2c351057419d846ab8586e3ed167 P d7e4c153959b4c86b9dcb5a3441a879a [CANDIDATE]: Term 1 pre-election: Vote granted by peer d2767dd0c676459aa9c2533260fc9d46 (127.17.88.2:58101)
I0516 22:02:32.682284 18285 leader_election.cc:243] T 00efb34f943d4fa88ec6dcd181ee5c96 P b141e05cb0444865b490089e568edadc [CANDIDATE]: Term 1 pre-election: Requesting pre-vote from peer d2767dd0c676459aa9c2533260fc9d46 (127.17.88.2:58101)
I0516 22:02:32.682518 18063 leader_election.cc:270] T 807b2c351057419d846ab8586e3ed167 P d7e4c153959b4c86b9dcb5a3441a879a [CANDIDATE]: Term 1 pre-election: Election decided. Result: candidate won.
I0516 22:02:32.682813 18285 leader_election.cc:243] T 00efb34f943d4fa88ec6dcd181ee5c96 P b141e05cb0444865b490089e568edadc [CANDIDATE]: Term 1 pre-election: Requesting pre-vote from peer d7e4c153959b4c86b9dcb5a3441a879a (127.17.88.1:47831)
I0516 22:02:32.683344 18289 raft_consensus.cc:2704] T 807b2c351057419d846ab8586e3ed167 P d7e4c153959b4c86b9dcb5a3441a879a: Snoozing failure detection for 1.516s (election complete)
I0516 22:02:32.683796 18289 raft_consensus.cc:2511] T 807b2c351057419d846ab8586e3ed167 P d7e4c153959b4c86b9dcb5a3441a879a [term 0 FOLLOWER]: Leader pre-election won for term 1
I0516 22:02:32.683854 18289 raft_consensus.cc:435] T 807b2c351057419d846ab8586e3ed167 P d7e4c153959b4c86b9dcb5a3441a879a [term 0 FOLLOWER]: Starting leader election (no leader contacted us within the election timeout)
I0516 22:02:32.683902 18289 raft_consensus.cc:2704] T 807b2c351057419d846ab8586e3ed167 P d7e4c153959b4c86b9dcb5a3441a879a: Snoozing failure detection for 1.675s (starting election)
I0516 22:02:32.683941 18289 raft_consensus.cc:2756] T 807b2c351057419d846ab8586e3ed167 P d7e4c153959b4c86b9dcb5a3441a879a [term 0 FOLLOWER]: Advancing to term 1
I0516 22:02:32.684155 18290 raft_consensus.cc:457] T ab7b2ac793a4455e9bbe98795c6a392f P d2767dd0c676459aa9c2533260fc9d46 [term 1 FOLLOWER]: Starting leader election with config: opid_index: -1 OBSOLETE_local: false peers { permanent_uuid: "d2767dd0c676459aa9c2533260fc9d46" member_type: VOTER last_known_addr { host: "127.17.88.2" port: 58101 } } peers { permanent_uuid: "d7e4c153959b4c86b9dcb5a3441a879a" member_type: VOTER last_known_addr { host: "127.17.88.1" port: 47831 } } peers { permanent_uuid: "b141e05cb0444865b490089e568edadc" member_type: VOTER last_known_addr { host: "127.17.88.3" port: 49899 } }
I0516 22:02:32.684535 18290 leader_election.cc:243] T ab7b2ac793a4455e9bbe98795c6a392f P d2767dd0c676459aa9c2533260fc9d46 [CANDIDATE]: Term 1 election: Requesting vote from peer d7e4c153959b4c86b9dcb5a3441a879a (127.17.88.1:47831)
I0516 22:02:32.684931 18290 leader_election.cc:243] T ab7b2ac793a4455e9bbe98795c6a392f P d2767dd0c676459aa9c2533260fc9d46 [CANDIDATE]: Term 1 election: Requesting vote from peer b141e05cb0444865b490089e568edadc (127.17.88.3:49899)
I0516 22:02:32.685084 18285 raft_consensus.cc:435] T 807b2c351057419d846ab8586e3ed167 P b141e05cb0444865b490089e568edadc [term 0 FOLLOWER]: Starting pre-election (no leader contacted us within the election timeout)
I0516 22:02:32.685288 18285 raft_consensus.cc:2704] T 807b2c351057419d846ab8586e3ed167 P b141e05cb0444865b490089e568edadc: Snoozing failure detection for 2.128s (starting election)
I0516 22:02:32.685398 18102 tablet_service.cc:998] Received RequestConsensusVote() RPC: tablet_id: "ab7b2ac793a4455e9bbe98795c6a392f" candidate_uuid: "d2767dd0c676459aa9c2533260fc9d46" candidate_term: 1 candidate_status { last_received { term: 0 index: 0 } } ignore_live_leader: false dest_uuid: "d7e4c153959b4c86b9dcb5a3441a879a"
I0516 22:02:32.686103 18285 raft_consensus.cc:457] T 807b2c351057419d846ab8586e3ed167 P b141e05cb0444865b490089e568edadc [term 0 FOLLOWER]: Starting pre-election with config: opid_index: -1 OBSOLETE_local: false peers { permanent_uuid: "d2767dd0c676459aa9c2533260fc9d46" member_type: VOTER last_known_addr { host: "127.17.88.2" port: 58101 } } peers { permanent_uuid: "d7e4c153959b4c86b9dcb5a3441a879a" member_type: VOTER last_known_addr { host: "127.17.88.1" port: 47831 } } peers { permanent_uuid: "b141e05cb0444865b490089e568edadc" member_type: VOTER last_known_addr { host: "127.17.88.3" port: 49899 } }
I0516 22:02:32.686918 18102 raft_consensus.cc:2756] T ab7b2ac793a4455e9bbe98795c6a392f P d7e4c153959b4c86b9dcb5a3441a879a [term 0 FOLLOWER]: Advancing to term 1
I0516 22:02:32.687011 18102 raft_consensus.cc:2704] T ab7b2ac793a4455e9bbe98795c6a392f P d7e4c153959b4c86b9dcb5a3441a879a: Snoozing failure detection for 1.735s (vote granted)
I0516 22:02:32.687366 18321 raft_consensus.cc:435] T 50f4658409f4467d91579fefb4bbc4af P b141e05cb0444865b490089e568edadc [term 0 FOLLOWER]: Starting pre-election (no leader contacted us within the election timeout)
I0516 22:02:32.687460 18321 raft_consensus.cc:2704] T 50f4658409f4467d91579fefb4bbc4af P b141e05cb0444865b490089e568edadc: Snoozing failure detection for 1.842s (starting election)
I0516 22:02:32.687716 18289 raft_consensus.cc:457] T 807b2c351057419d846ab8586e3ed167 P d7e4c153959b4c86b9dcb5a3441a879a [term 1 FOLLOWER]: Starting leader election with config: opid_index: -1 OBSOLETE_local: false peers { permanent_uuid: "d2767dd0c676459aa9c2533260fc9d46" member_type: VOTER last_known_addr { host: "127.17.88.2" port: 58101 } } peers { permanent_uuid: "d7e4c153959b4c86b9dcb5a3441a879a" member_type: VOTER last_known_addr { host: "127.17.88.1" port: 47831 } } peers { permanent_uuid: "b141e05cb0444865b490089e568edadc" member_type: VOTER last_known_addr { host: "127.17.88.3" port: 49899 } }
I0516 22:02:32.688010 18289 leader_election.cc:243] T 807b2c351057419d846ab8586e3ed167 P d7e4c153959b4c86b9dcb5a3441a879a [CANDIDATE]: Term 1 election: Requesting vote from peer d2767dd0c676459aa9c2533260fc9d46 (127.17.88.2:58101)
I0516 22:02:32.688249 18289 leader_election.cc:243] T 807b2c351057419d846ab8586e3ed167 P d7e4c153959b4c86b9dcb5a3441a879a [CANDIDATE]: Term 1 election: Requesting vote from peer b141e05cb0444865b490089e568edadc (127.17.88.3:49899)
I0516 22:02:32.688625 18285 leader_election.cc:243] T 807b2c351057419d846ab8586e3ed167 P b141e05cb0444865b490089e568edadc [CANDIDATE]: Term 1 pre-election: Requesting pre-vote from peer d2767dd0c676459aa9c2533260fc9d46 (127.17.88.2:58101)
I0516 22:02:32.688629 18170 tablet_service.cc:998] Received RequestConsensusVote() RPC: tablet_id: "807b2c351057419d846ab8586e3ed167" candidate_uuid: "d7e4c153959b4c86b9dcb5a3441a879a" candidate_term: 1 candidate_status { last_received { term: 0 index: 0 } } ignore_live_leader: false dest_uuid: "d2767dd0c676459aa9c2533260fc9d46"
I0516 22:02:32.688760 18285 leader_election.cc:243] T 807b2c351057419d846ab8586e3ed167 P b141e05cb0444865b490089e568edadc [CANDIDATE]: Term 1 pre-election: Requesting pre-vote from peer d7e4c153959b4c86b9dcb5a3441a879a (127.17.88.1:47831)
I0516 22:02:32.689263 18170 raft_consensus.cc:2756] T 807b2c351057419d846ab8586e3ed167 P d2767dd0c676459aa9c2533260fc9d46 [term 0 FOLLOWER]: Advancing to term 1
I0516 22:02:32.689616 18170 raft_consensus.cc:2704] T 807b2c351057419d846ab8586e3ed167 P d2767dd0c676459aa9c2533260fc9d46: Snoozing failure detection for 2.032s (vote granted)
I0516 22:02:32.690865 18237 tablet_service.cc:998] Received RequestConsensusVote() RPC: tablet_id: "ab7b2ac793a4455e9bbe98795c6a392f" candidate_uuid: "d2767dd0c676459aa9c2533260fc9d46" candidate_term: 1 candidate_status { last_received { term: 0 index: 0 } } ignore_live_leader: false dest_uuid: "b141e05cb0444865b490089e568edadc" is_pre_election: true
I0516 22:02:32.691473 18237 raft_consensus.cc:2704] T ab7b2ac793a4455e9bbe98795c6a392f P b141e05cb0444865b490089e568edadc: Snoozing failure detection for 2.060s (vote granted)
I0516 22:02:32.691150 18102 raft_consensus.cc:2219] T ab7b2ac793a4455e9bbe98795c6a392f P d7e4c153959b4c86b9dcb5a3441a879a [term 1 FOLLOWER]: Leader election vote request: Granting yes vote for candidate d2767dd0c676459aa9c2533260fc9d46 in term 1.
I0516 22:02:32.689690 18321 raft_consensus.cc:457] T 50f4658409f4467d91579fefb4bbc4af P b141e05cb0444865b490089e568edadc [term 0 FOLLOWER]: Starting pre-election with config: opid_index: -1 OBSOLETE_local: false peers { permanent_uuid: "d7e4c153959b4c86b9dcb5a3441a879a" member_type: VOTER last_known_addr { host: "127.17.88.1" port: 47831 } } peers { permanent_uuid: "b141e05cb0444865b490089e568edadc" member_type: VOTER last_known_addr { host: "127.17.88.3" port: 49899 } } peers { permanent_uuid: "d2767dd0c676459aa9c2533260fc9d46" member_type: VOTER last_known_addr { host: "127.17.88.2" port: 58101 } }
I0516 22:02:32.690946 18168 tablet_service.cc:998] Received RequestConsensusVote() RPC: tablet_id: "807b2c351057419d846ab8586e3ed167" candidate_uuid: "b141e05cb0444865b490089e568edadc" candidate_term: 1 candidate_status { last_received { term: 0 index: 0 } } ignore_live_leader: false dest_uuid: "d2767dd0c676459aa9c2533260fc9d46" is_pre_election: true
I0516 22:02:32.692304 18133 leader_election.cc:379] T ab7b2ac793a4455e9bbe98795c6a392f P d2767dd0c676459aa9c2533260fc9d46 [CANDIDATE]: Term 1 election: Vote granted by peer d7e4c153959b4c86b9dcb5a3441a879a (127.17.88.1:47831)
I0516 22:02:32.691296 18236 tablet_service.cc:998] Received RequestConsensusVote() RPC: tablet_id: "ab7b2ac793a4455e9bbe98795c6a392f" candidate_uuid: "d2767dd0c676459aa9c2533260fc9d46" candidate_term: 1 candidate_status { last_received { term: 0 index: 0 } } ignore_live_leader: false dest_uuid: "b141e05cb0444865b490089e568edadc"
I0516 22:02:32.691046 18169 tablet_service.cc:998] Received RequestConsensusVote() RPC: tablet_id: "00efb34f943d4fa88ec6dcd181ee5c96" candidate_uuid: "b141e05cb0444865b490089e568edadc" candidate_term: 1 candidate_status { last_received { term: 0 index: 0 } } ignore_live_leader: false dest_uuid: "d2767dd0c676459aa9c2533260fc9d46" is_pre_election: true
I0516 22:02:32.691689 18237 raft_consensus.cc:2219] T ab7b2ac793a4455e9bbe98795c6a392f P b141e05cb0444865b490089e568edadc [term 0 FOLLOWER]: Leader pre-election vote request: Granting yes vote for candidate d2767dd0c676459aa9c2533260fc9d46 in term 0.
I0516 22:02:32.692664 18169 raft_consensus.cc:2704] T 00efb34f943d4fa88ec6dcd181ee5c96 P d2767dd0c676459aa9c2533260fc9d46: Snoozing failure detection for 1.813s (vote granted)
I0516 22:02:32.692589 18133 leader_election.cc:270] T ab7b2ac793a4455e9bbe98795c6a392f P d2767dd0c676459aa9c2533260fc9d46 [CANDIDATE]: Term 1 election: Election decided. Result: candidate won.
I0516 22:02:32.692669 18321 leader_election.cc:243] T 50f4658409f4467d91579fefb4bbc4af P b141e05cb0444865b490089e568edadc [CANDIDATE]: Term 1 pre-election: Requesting pre-vote from peer d7e4c153959b4c86b9dcb5a3441a879a (127.17.88.1:47831)
I0516 22:02:32.692786 18169 raft_consensus.cc:2219] T 00efb34f943d4fa88ec6dcd181ee5c96 P d2767dd0c676459aa9c2533260fc9d46 [term 0 FOLLOWER]: Leader pre-election vote request: Granting yes vote for candidate b141e05cb0444865b490089e568edadc in term 0.
I0516 22:02:32.692915 18236 raft_consensus.cc:2194] T ab7b2ac793a4455e9bbe98795c6a392f P b141e05cb0444865b490089e568edadc [term 0 FOLLOWER]: Leader election vote request: Denying vote to candidate d2767dd0c676459aa9c2533260fc9d46 for term 1 because replica is already servicing an update from a current leader or another vote.
I0516 22:02:32.692924 18290 raft_consensus.cc:2704] T ab7b2ac793a4455e9bbe98795c6a392f P d2767dd0c676459aa9c2533260fc9d46: Snoozing failure detection for 1.943s (election complete)
I0516 22:02:32.693508 18290 raft_consensus.cc:2511] T ab7b2ac793a4455e9bbe98795c6a392f P d2767dd0c676459aa9c2533260fc9d46 [term 1 FOLLOWER]: Leader election won for term 1
I0516 22:02:32.693524 18198 leader_election.cc:379] T 00efb34f943d4fa88ec6dcd181ee5c96 P b141e05cb0444865b490089e568edadc [CANDIDATE]: Term 1 pre-election: Vote granted by peer d2767dd0c676459aa9c2533260fc9d46 (127.17.88.2:58101)
I0516 22:02:32.693575 18198 leader_election.cc:270] T 00efb34f943d4fa88ec6dcd181ee5c96 P b141e05cb0444865b490089e568edadc [CANDIDATE]: Term 1 pre-election: Election decided. Result: candidate won.
I0516 22:02:32.693907 18134 leader_election.cc:379] T ab7b2ac793a4455e9bbe98795c6a392f P d2767dd0c676459aa9c2533260fc9d46 [CANDIDATE]: Term 1 pre-election: Vote granted by peer b141e05cb0444865b490089e568edadc (127.17.88.3:49899)
I0516 22:02:32.694074 18285 raft_consensus.cc:2704] T 00efb34f943d4fa88ec6dcd181ee5c96 P b141e05cb0444865b490089e568edadc: Snoozing failure detection for 2.113s (election complete)
I0516 22:02:32.694128 18285 raft_consensus.cc:2511] T 00efb34f943d4fa88ec6dcd181ee5c96 P b141e05cb0444865b490089e568edadc [term 0 FOLLOWER]: Leader pre-election won for term 1
I0516 22:02:32.699955 18285 raft_consensus.cc:435] T 00efb34f943d4fa88ec6dcd181ee5c96 P b141e05cb0444865b490089e568edadc [term 0 FOLLOWER]: Starting leader election (no leader contacted us within the election timeout)
I0516 22:02:32.700006 18285 raft_consensus.cc:2704] T 00efb34f943d4fa88ec6dcd181ee5c96 P b141e05cb0444865b490089e568edadc: Snoozing failure detection for 2.157s (starting election)
I0516 22:02:32.700188 18285 raft_consensus.cc:2756] T 00efb34f943d4fa88ec6dcd181ee5c96 P b141e05cb0444865b490089e568edadc [term 0 FOLLOWER]: Advancing to term 1
I0516 22:02:32.700353 18134 leader_election.cc:393] T ab7b2ac793a4455e9bbe98795c6a392f P d2767dd0c676459aa9c2533260fc9d46 [CANDIDATE]: Term 1 election: Vote denied by peer b141e05cb0444865b490089e568edadc (127.17.88.3:49899). Message: Service unavailable: T ab7b2ac793a4455e9bbe98795c6a392f P b141e05cb0444865b490089e568edadc [term 0 FOLLOWER]: Leader election vote request: Denying vote to candidate d2767dd0c676459aa9c2533260fc9d46 for term 1 because replica is already servicing an update from a current leader or another vote.
I0516 22:02:32.701311 18321 leader_election.cc:243] T 50f4658409f4467d91579fefb4bbc4af P b141e05cb0444865b490089e568edadc [CANDIDATE]: Term 1 pre-election: Requesting pre-vote from peer d2767dd0c676459aa9c2533260fc9d46 (127.17.88.2:58101)
I0516 22:02:32.701349 18170 raft_consensus.cc:2219] T 807b2c351057419d846ab8586e3ed167 P d2767dd0c676459aa9c2533260fc9d46 [term 1 FOLLOWER]: Leader election vote request: Granting yes vote for candidate d7e4c153959b4c86b9dcb5a3441a879a in term 1.
I0516 22:02:32.701908 18290 raft_consensus.cc:571] T ab7b2ac793a4455e9bbe98795c6a392f P d2767dd0c676459aa9c2533260fc9d46 [term 1 LEADER]: Becoming Leader. State: Replica: d2767dd0c676459aa9c2533260fc9d46, State: Running, Role: LEADER
I0516 22:02:32.701946 18168 raft_consensus.cc:2194] T 807b2c351057419d846ab8586e3ed167 P d2767dd0c676459aa9c2533260fc9d46 [term 1 FOLLOWER]: Leader pre-election vote request: Denying vote to candidate b141e05cb0444865b490089e568edadc for term 1 because replica is already servicing an update from a current leader or another vote.
I0516 22:02:32.701973 18063 leader_election.cc:379] T 807b2c351057419d846ab8586e3ed167 P d7e4c153959b4c86b9dcb5a3441a879a [CANDIDATE]: Term 1 election: Vote granted by peer d2767dd0c676459aa9c2533260fc9d46 (127.17.88.2:58101)
I0516 22:02:32.701915 18170 tablet_service.cc:998] Received RequestConsensusVote() RPC: tablet_id: "50f4658409f4467d91579fefb4bbc4af" candidate_uuid: "b141e05cb0444865b490089e568edadc" candidate_term: 1 candidate_status { last_received { term: 0 index: 0 } } ignore_live_leader: false dest_uuid: "d2767dd0c676459aa9c2533260fc9d46" is_pre_election: true
I0516 22:02:32.702030 18063 leader_election.cc:270] T 807b2c351057419d846ab8586e3ed167 P d7e4c153959b4c86b9dcb5a3441a879a [CANDIDATE]: Term 1 election: Election decided. Result: candidate won.
I0516 22:02:32.702266 18170 raft_consensus.cc:2704] T 50f4658409f4467d91579fefb4bbc4af P d2767dd0c676459aa9c2533260fc9d46: Snoozing failure detection for 2.240s (vote granted)
I0516 22:02:32.702324 18170 raft_consensus.cc:2219] T 50f4658409f4467d91579fefb4bbc4af P d2767dd0c676459aa9c2533260fc9d46 [term 0 FOLLOWER]: Leader pre-election vote request: Granting yes vote for candidate b141e05cb0444865b490089e568edadc in term 0.
I0516 22:02:32.702615 18198 leader_election.cc:379] T 50f4658409f4467d91579fefb4bbc4af P b141e05cb0444865b490089e568edadc [CANDIDATE]: Term 1 pre-election: Vote granted by peer d2767dd0c676459aa9c2533260fc9d46 (127.17.88.2:58101)
I0516 22:02:32.702668 18198 leader_election.cc:270] T 50f4658409f4467d91579fefb4bbc4af P b141e05cb0444865b490089e568edadc [CANDIDATE]: Term 1 pre-election: Election decided. Result: candidate won.
I0516 22:02:32.702730 18289 raft_consensus.cc:2704] T 807b2c351057419d846ab8586e3ed167 P d7e4c153959b4c86b9dcb5a3441a879a: Snoozing failure detection for 1.690s (election complete)
I0516 22:02:32.703040 18289 raft_consensus.cc:2511] T 807b2c351057419d846ab8586e3ed167 P d7e4c153959b4c86b9dcb5a3441a879a [term 1 FOLLOWER]: Leader election won for term 1
I0516 22:02:32.703538 18198 leader_election.cc:393] T 807b2c351057419d846ab8586e3ed167 P b141e05cb0444865b490089e568edadc [CANDIDATE]: Term 1 pre-election: Vote denied by peer d2767dd0c676459aa9c2533260fc9d46 (127.17.88.2:58101). Message: Service unavailable: T 807b2c351057419d846ab8586e3ed167 P d2767dd0c676459aa9c2533260fc9d46 [term 1 FOLLOWER]: Leader pre-election vote request: Denying vote to candidate b141e05cb0444865b490089e568edadc for term 1 because replica is already servicing an update from a current leader or another vote.
I0516 22:02:32.707190 18321 raft_consensus.cc:2704] T 50f4658409f4467d91579fefb4bbc4af P b141e05cb0444865b490089e568edadc: Snoozing failure detection for 1.893s (election complete)
I0516 22:02:32.707482 18321 raft_consensus.cc:2511] T 50f4658409f4467d91579fefb4bbc4af P b141e05cb0444865b490089e568edadc [term 0 FOLLOWER]: Leader pre-election won for term 1
I0516 22:02:32.703624 18285 raft_consensus.cc:457] T 00efb34f943d4fa88ec6dcd181ee5c96 P b141e05cb0444865b490089e568edadc [term 1 FOLLOWER]: Starting leader election with config: opid_index: -1 OBSOLETE_local: false peers { permanent_uuid: "d2767dd0c676459aa9c2533260fc9d46" member_type: VOTER last_known_addr { host: "127.17.88.2" port: 58101 } } peers { permanent_uuid: "d7e4c153959b4c86b9dcb5a3441a879a" member_type: VOTER last_known_addr { host: "127.17.88.1" port: 47831 } } peers { permanent_uuid: "b141e05cb0444865b490089e568edadc" member_type: VOTER last_known_addr { host: "127.17.88.3" port: 49899 } }
I0516 22:02:32.707895 18285 leader_election.cc:243] T 00efb34f943d4fa88ec6dcd181ee5c96 P b141e05cb0444865b490089e568edadc [CANDIDATE]: Term 1 election: Requesting vote from peer d2767dd0c676459aa9c2533260fc9d46 (127.17.88.2:58101)
I0516 22:02:32.708207 18285 leader_election.cc:243] T 00efb34f943d4fa88ec6dcd181ee5c96 P b141e05cb0444865b490089e568edadc [CANDIDATE]: Term 1 election: Requesting vote from peer d7e4c153959b4c86b9dcb5a3441a879a (127.17.88.1:47831)
I0516 22:02:32.708537 18321 raft_consensus.cc:435] T 50f4658409f4467d91579fefb4bbc4af P b141e05cb0444865b490089e568edadc [term 0 FOLLOWER]: Starting leader election (no leader contacted us within the election timeout)
I0516 22:02:32.706264 18290 consensus_queue.cc:204] T ab7b2ac793a4455e9bbe98795c6a392f P d2767dd0c676459aa9c2533260fc9d46 [LEADER]: Queue going to LEADER mode. State: All replicated index: 0, Majority replicated index: 0, Committed index: 0, Last appended: 0.0, Last appended by leader: 0, Current term: 1, Majority size: 2, State: 0, Mode: LEADER, active raft config: opid_index: -1 OBSOLETE_local: false peers { permanent_uuid: "d2767dd0c676459aa9c2533260fc9d46" member_type: VOTER last_known_addr { host: "127.17.88.2" port: 58101 } } peers { permanent_uuid: "d7e4c153959b4c86b9dcb5a3441a879a" member_type: VOTER last_known_addr { host: "127.17.88.1" port: 47831 } } peers { permanent_uuid: "b141e05cb0444865b490089e568edadc" member_type: VOTER last_known_addr { host: "127.17.88.3" port: 49899 } }
I0516 22:02:32.708972 18321 raft_consensus.cc:2704] T 50f4658409f4467d91579fefb4bbc4af P b141e05cb0444865b490089e568edadc: Snoozing failure detection for 1.811s (starting election)
I0516 22:02:32.708948 18168 tablet_service.cc:998] Received RequestConsensusVote() RPC: tablet_id: "00efb34f943d4fa88ec6dcd181ee5c96" candidate_uuid: "b141e05cb0444865b490089e568edadc" candidate_term: 1 candidate_status { last_received { term: 0 index: 0 } } ignore_live_leader: false dest_uuid: "d2767dd0c676459aa9c2533260fc9d46"
I0516 22:02:32.709074 18168 raft_consensus.cc:2756] T 00efb34f943d4fa88ec6dcd181ee5c96 P d2767dd0c676459aa9c2533260fc9d46 [term 0 FOLLOWER]: Advancing to term 1
I0516 22:02:32.709219 18168 raft_consensus.cc:2704] T 00efb34f943d4fa88ec6dcd181ee5c96 P d2767dd0c676459aa9c2533260fc9d46: Snoozing failure detection for 1.801s (vote granted)
I0516 22:02:32.709218 18321 raft_consensus.cc:2756] T 50f4658409f4467d91579fefb4bbc4af P b141e05cb0444865b490089e568edadc [term 0 FOLLOWER]: Advancing to term 1
I0516 22:02:32.709313 18289 raft_consensus.cc:571] T 807b2c351057419d846ab8586e3ed167 P d7e4c153959b4c86b9dcb5a3441a879a [term 1 LEADER]: Becoming Leader. State: Replica: d7e4c153959b4c86b9dcb5a3441a879a, State: Running, Role: LEADER
I0516 22:02:32.710410 18289 consensus_queue.cc:204] T 807b2c351057419d846ab8586e3ed167 P d7e4c153959b4c86b9dcb5a3441a879a [LEADER]: Queue going to LEADER mode. State: All replicated index: 0, Majority replicated index: 0, Committed index: 0, Last appended: 0.0, Last appended by leader: 0, Current term: 1, Majority size: 2, State: 0, Mode: LEADER, active raft config: opid_index: -1 OBSOLETE_local: false peers { permanent_uuid: "d2767dd0c676459aa9c2533260fc9d46" member_type: VOTER last_known_addr { host: "127.17.88.2" port: 58101 } } peers { permanent_uuid: "d7e4c153959b4c86b9dcb5a3441a879a" member_type: VOTER last_known_addr { host: "127.17.88.1" port: 47831 } } peers { permanent_uuid: "b141e05cb0444865b490089e568edadc" member_type: VOTER last_known_addr { host: "127.17.88.3" port: 49899 } }
I0516 22:02:32.711545 18168 raft_consensus.cc:2219] T 00efb34f943d4fa88ec6dcd181ee5c96 P d2767dd0c676459aa9c2533260fc9d46 [term 1 FOLLOWER]: Leader election vote request: Granting yes vote for candidate b141e05cb0444865b490089e568edadc in term 1.
I0516 22:02:32.711879 18198 leader_election.cc:379] T 00efb34f943d4fa88ec6dcd181ee5c96 P b141e05cb0444865b490089e568edadc [CANDIDATE]: Term 1 election: Vote granted by peer d2767dd0c676459aa9c2533260fc9d46 (127.17.88.2:58101)
I0516 22:02:32.712431 18198 leader_election.cc:270] T 00efb34f943d4fa88ec6dcd181ee5c96 P b141e05cb0444865b490089e568edadc [CANDIDATE]: Term 1 election: Election decided. Result: candidate won.
I0516 22:02:32.712823 18285 raft_consensus.cc:2704] T 00efb34f943d4fa88ec6dcd181ee5c96 P b141e05cb0444865b490089e568edadc: Snoozing failure detection for 1.747s (election complete)
I0516 22:02:32.713038 18285 raft_consensus.cc:2511] T 00efb34f943d4fa88ec6dcd181ee5c96 P b141e05cb0444865b490089e568edadc [term 1 FOLLOWER]: Leader election won for term 1
I0516 22:02:32.719333 18018 catalog_manager.cc:3686] T ab7b2ac793a4455e9bbe98795c6a392f P d2767dd0c676459aa9c2533260fc9d46 reported cstate change: term changed from 0 to 1, leader changed from to d2767dd0c676459aa9c2533260fc9d46 (127.17.88.2). New cstate: current_term: 1 leader_uuid: "d2767dd0c676459aa9c2533260fc9d46" committed_config { opid_index: -1 OBSOLETE_local: false peers { permanent_uuid: "d2767dd0c676459aa9c2533260fc9d46" member_type: VOTER last_known_addr { host: "127.17.88.2" port: 58101 } health_report { overall_health: HEALTHY } } peers { permanent_uuid: "d7e4c153959b4c86b9dcb5a3441a879a" member_type: VOTER last_known_addr { host: "127.17.88.1" port: 47831 } health_report { overall_health: UNKNOWN } } peers { permanent_uuid: "b141e05cb0444865b490089e568edadc" member_type: VOTER last_known_addr { host: "127.17.88.3" port: 49899 } health_report { overall_health: UNKNOWN } } }
I0516 22:02:32.725047 18237 tablet_service.cc:998] Received RequestConsensusVote() RPC: tablet_id: "807b2c351057419d846ab8586e3ed167" candidate_uuid: "d7e4c153959b4c86b9dcb5a3441a879a" candidate_term: 1 candidate_status { last_received { term: 0 index: 0 } } ignore_live_leader: false dest_uuid: "b141e05cb0444865b490089e568edadc"
I0516 22:02:32.725497 18237 raft_consensus.cc:2756] T 807b2c351057419d846ab8586e3ed167 P b141e05cb0444865b490089e568edadc [term 0 FOLLOWER]: Advancing to term 1
I0516 22:02:32.725476 18236 tablet_service.cc:998] Received RequestConsensusVote() RPC: tablet_id: "807b2c351057419d846ab8586e3ed167" candidate_uuid: "d7e4c153959b4c86b9dcb5a3441a879a" candidate_term: 1 candidate_status { last_received { term: 0 index: 0 } } ignore_live_leader: false dest_uuid: "b141e05cb0444865b490089e568edadc" is_pre_election: true
I0516 22:02:32.723620 18323 raft_consensus.cc:435] T f2d85aa48a984f07a36195498f0f3754 P d7e4c153959b4c86b9dcb5a3441a879a [term 0 FOLLOWER]: Starting pre-election (no leader contacted us within the election timeout)
I0516 22:02:32.726133 18237 raft_consensus.cc:2704] T 807b2c351057419d846ab8586e3ed167 P b141e05cb0444865b490089e568edadc: Snoozing failure detection for 1.540s (vote granted)
I0516 22:02:32.726227 18323 raft_consensus.cc:2704] T f2d85aa48a984f07a36195498f0f3754 P d7e4c153959b4c86b9dcb5a3441a879a: Snoozing failure detection for 1.778s (starting election)
I0516 22:02:32.726682 18102 tablet_service.cc:998] Received RequestConsensusVote() RPC: tablet_id: "00efb34f943d4fa88ec6dcd181ee5c96" candidate_uuid: "b141e05cb0444865b490089e568edadc" candidate_term: 1 candidate_status { last_received { term: 0 index: 0 } } ignore_live_leader: false dest_uuid: "d7e4c153959b4c86b9dcb5a3441a879a" is_pre_election: true
I0516 22:02:32.725796 18018 catalog_manager.cc:3686] T 807b2c351057419d846ab8586e3ed167 P d7e4c153959b4c86b9dcb5a3441a879a reported cstate change: term changed from 0 to 1, leader changed from to d7e4c153959b4c86b9dcb5a3441a879a (127.17.88.1). New cstate: current_term: 1 leader_uuid: "d7e4c153959b4c86b9dcb5a3441a879a" committed_config { opid_index: -1 OBSOLETE_local: false peers { permanent_uuid: "d2767dd0c676459aa9c2533260fc9d46" member_type: VOTER last_known_addr { host: "127.17.88.2" port: 58101 } health_report { overall_health: UNKNOWN } } peers { permanent_uuid: "d7e4c153959b4c86b9dcb5a3441a879a" member_type: VOTER last_known_addr { host: "127.17.88.1" port: 47831 } health_report { overall_health: HEALTHY } } peers { permanent_uuid: "b141e05cb0444865b490089e568edadc" member_type: VOTER last_known_addr { host: "127.17.88.3" port: 49899 } health_report { overall_health: UNKNOWN } } }
I0516 22:02:32.727419 18102 raft_consensus.cc:2704] T 00efb34f943d4fa88ec6dcd181ee5c96 P d7e4c153959b4c86b9dcb5a3441a879a: Snoozing failure detection for 2.242s (vote granted)
I0516 22:02:32.726081 18285 raft_consensus.cc:571] T 00efb34f943d4fa88ec6dcd181ee5c96 P b141e05cb0444865b490089e568edadc [term 1 LEADER]: Becoming Leader. State: Replica: b141e05cb0444865b490089e568edadc, State: Running, Role: LEADER
I0516 22:02:32.728857 18102 raft_consensus.cc:2219] T 00efb34f943d4fa88ec6dcd181ee5c96 P d7e4c153959b4c86b9dcb5a3441a879a [term 0 FOLLOWER]: Leader pre-election vote request: Granting yes vote for candidate b141e05cb0444865b490089e568edadc in term 0.
I0516 22:02:32.729398 18290 raft_consensus.cc:435] T f2d85aa48a984f07a36195498f0f3754 P d2767dd0c676459aa9c2533260fc9d46 [term 0 FOLLOWER]: Starting pre-election (no leader contacted us within the election timeout)
I0516 22:02:32.727246 18100 tablet_service.cc:998] Received RequestConsensusVote() RPC: tablet_id: "50f4658409f4467d91579fefb4bbc4af" candidate_uuid: "b141e05cb0444865b490089e568edadc" candidate_term: 1 candidate_status { last_received { term: 0 index: 0 } } ignore_live_leader: false dest_uuid: "d7e4c153959b4c86b9dcb5a3441a879a" is_pre_election: true
I0516 22:02:32.730852 18100 raft_consensus.cc:2704] T 50f4658409f4467d91579fefb4bbc4af P d7e4c153959b4c86b9dcb5a3441a879a: Snoozing failure detection for 1.631s (vote granted)
I0516 22:02:32.730870 18290 raft_consensus.cc:2704] T f2d85aa48a984f07a36195498f0f3754 P d2767dd0c676459aa9c2533260fc9d46: Snoozing failure detection for 2.168s (starting election)
I0516 22:02:32.730844 18321 raft_consensus.cc:457] T 50f4658409f4467d91579fefb4bbc4af P b141e05cb0444865b490089e568edadc [term 1 FOLLOWER]: Starting leader election with config: opid_index: -1 OBSOLETE_local: false peers { permanent_uuid: "d7e4c153959b4c86b9dcb5a3441a879a" member_type: VOTER last_known_addr { host: "127.17.88.1" port: 47831 } } peers { permanent_uuid: "b141e05cb0444865b490089e568edadc" member_type: VOTER last_known_addr { host: "127.17.88.3" port: 49899 } } peers { permanent_uuid: "d2767dd0c676459aa9c2533260fc9d46" member_type: VOTER last_known_addr { host: "127.17.88.2" port: 58101 } }
I0516 22:02:32.727726 18101 tablet_service.cc:998] Received RequestConsensusVote() RPC: tablet_id: "807b2c351057419d846ab8586e3ed167" candidate_uuid: "b141e05cb0444865b490089e568edadc" candidate_term: 1 candidate_status { last_received { term: 0 index: 0 } } ignore_live_leader: false dest_uuid: "d7e4c153959b4c86b9dcb5a3441a879a" is_pre_election: true
I0516 22:02:32.728796 18099 tablet_service.cc:998] Received RequestConsensusVote() RPC: tablet_id: "00efb34f943d4fa88ec6dcd181ee5c96" candidate_uuid: "b141e05cb0444865b490089e568edadc" candidate_term: 1 candidate_status { last_received { term: 0 index: 0 } } ignore_live_leader: false dest_uuid: "d7e4c153959b4c86b9dcb5a3441a879a"
I0516 22:02:32.731263 18101 raft_consensus.cc:2180] T 807b2c351057419d846ab8586e3ed167 P d7e4c153959b4c86b9dcb5a3441a879a [term 1 LEADER]: Leader pre-election vote request: Denying vote to candidate b141e05cb0444865b490089e568edadc for term 1 because replica is either leader or believes a valid leader to be alive.
I0516 22:02:32.731185 18290 raft_consensus.cc:457] T f2d85aa48a984f07a36195498f0f3754 P d2767dd0c676459aa9c2533260fc9d46 [term 0 FOLLOWER]: Starting pre-election with config: opid_index: -1 OBSOLETE_local: false peers { permanent_uuid: "d7e4c153959b4c86b9dcb5a3441a879a" member_type: VOTER last_known_addr { host: "127.17.88.1" port: 47831 } } peers { permanent_uuid: "d2767dd0c676459aa9c2533260fc9d46" member_type: VOTER last_known_addr { host: "127.17.88.2" port: 58101 } } peers { permanent_uuid: "b141e05cb0444865b490089e568edadc" member_type: VOTER last_known_addr { host: "127.17.88.3" port: 49899 } }
