I0516 22:02:32.626623 18281 consensus_queue.cc:227] T 7966cd4464434af09b1b861e14d66bf9 P b141e05cb0444865b490089e568edadc [NON_LEADER]: Queue going to NON_LEADER mode. State: All replicated index: 0, Majority replicated index: 0, Committed index: 0, Last appended: 0.0, Last appended by leader: 0, Current term: 0, Majority size: -1, State: 0, Mode: NON_LEADER, active raft config: opid_index: -1 OBSOLETE_local: false peers { permanent_uuid: "d2767dd0c676459aa9c2533260fc9d46" member_type: VOTER last_known_addr { host: "127.17.88.2" port: 58101 } } peers { permanent_uuid: "d7e4c153959b4c86b9dcb5a3441a879a" member_type: VOTER last_known_addr { host: "127.17.88.1" port: 47831 } } peers { permanent_uuid: "b141e05cb0444865b490089e568edadc" member_type: VOTER last_known_addr { host: "127.17.88.3" port: 49899 } }
I0516 22:02:32.627082 18281 ts_tablet_manager.cc:1073] T 7966cd4464434af09b1b861e14d66bf9 P b141e05cb0444865b490089e568edadc: Time spent starting tablet: real 0.001s user 0.000s sys 0.000s
I0516 22:02:32.627187 18281 ts_tablet_manager.cc:1028] T 807b2c351057419d846ab8586e3ed167 P b141e05cb0444865b490089e568edadc: Bootstrapping tablet
I0516 22:02:32.627300 18284 ts_tablet_manager.cc:1073] T 50f4658409f4467d91579fefb4bbc4af P d2767dd0c676459aa9c2533260fc9d46: Time spent starting tablet: real 0.002s user 0.000s sys 0.000s
I0516 22:02:32.627357 18281 tablet_bootstrap.cc:436] T 807b2c351057419d846ab8586e3ed167 P b141e05cb0444865b490089e568edadc: Bootstrap starting.
I0516 22:02:32.627425 18284 ts_tablet_manager.cc:1028] T ab7b2ac793a4455e9bbe98795c6a392f P d2767dd0c676459aa9c2533260fc9d46: Bootstrapping tablet
I0516 22:02:32.627512 18284 tablet_bootstrap.cc:436] T ab7b2ac793a4455e9bbe98795c6a392f P d2767dd0c676459aa9c2533260fc9d46: Bootstrap starting.
I0516 22:02:32.628228 18281 tablet_bootstrap.cc:587] T 807b2c351057419d846ab8586e3ed167 P b141e05cb0444865b490089e568edadc: No blocks or log segments found. Creating new log.
I0516 22:02:32.628382 18284 tablet_bootstrap.cc:587] T ab7b2ac793a4455e9bbe98795c6a392f P d2767dd0c676459aa9c2533260fc9d46: No blocks or log segments found. Creating new log.
I0516 22:02:32.629848 18282 tablet_bootstrap.cc:436] T fde57a2e13af4bcc9077306cd4109c3e P d7e4c153959b4c86b9dcb5a3441a879a: No bootstrap required, opened a new log
I0516 22:02:32.630018 18282 ts_tablet_manager.cc:1045] T fde57a2e13af4bcc9077306cd4109c3e P d7e4c153959b4c86b9dcb5a3441a879a: Time spent bootstrapping tablet: real 0.005s user 0.000s sys 0.000s
I0516 22:02:32.630028 18281 tablet_bootstrap.cc:436] T 807b2c351057419d846ab8586e3ed167 P b141e05cb0444865b490089e568edadc: No bootstrap required, opened a new log
I0516 22:02:32.630169 18281 ts_tablet_manager.cc:1045] T 807b2c351057419d846ab8586e3ed167 P b141e05cb0444865b490089e568edadc: Time spent bootstrapping tablet: real 0.003s user 0.004s sys 0.000s
I0516 22:02:32.630515 18282 raft_consensus.cc:303] T fde57a2e13af4bcc9077306cd4109c3e P d7e4c153959b4c86b9dcb5a3441a879a [term 0 FOLLOWER]: Replica starting. Triggering 0 pending transactions. Active config: opid_index: -1 OBSOLETE_local: false peers { permanent_uuid: "d7e4c153959b4c86b9dcb5a3441a879a" member_type: VOTER last_known_addr { host: "127.17.88.1" port: 47831 } } peers { permanent_uuid: "d2767dd0c676459aa9c2533260fc9d46" member_type: VOTER last_known_addr { host: "127.17.88.2" port: 58101 } } peers { permanent_uuid: "b141e05cb0444865b490089e568edadc" member_type: VOTER last_known_addr { host: "127.17.88.3" port: 49899 } }
I0516 22:02:32.630671 18282 raft_consensus.cc:329] T fde57a2e13af4bcc9077306cd4109c3e P d7e4c153959b4c86b9dcb5a3441a879a [term 0 FOLLOWER]: Consensus starting up: Expiring failure detector timer to make a prompt election more likely
I0516 22:02:32.630717 18282 raft_consensus.cc:604] T fde57a2e13af4bcc9077306cd4109c3e P d7e4c153959b4c86b9dcb5a3441a879a [term 0 FOLLOWER]: Becoming Follower/Learner. State: Replica: d7e4c153959b4c86b9dcb5a3441a879a, State: Initialized, Role: FOLLOWER
I0516 22:02:32.630776 18284 tablet_bootstrap.cc:436] T ab7b2ac793a4455e9bbe98795c6a392f P d2767dd0c676459aa9c2533260fc9d46: No bootstrap required, opened a new log
I0516 22:02:32.630596 18281 raft_consensus.cc:303] T 807b2c351057419d846ab8586e3ed167 P b141e05cb0444865b490089e568edadc [term 0 FOLLOWER]: Replica starting. Triggering 0 pending transactions. Active config: opid_index: -1 OBSOLETE_local: false peers { permanent_uuid: "d2767dd0c676459aa9c2533260fc9d46" member_type: VOTER last_known_addr { host: "127.17.88.2" port: 58101 } } peers { permanent_uuid: "d7e4c153959b4c86b9dcb5a3441a879a" member_type: VOTER last_known_addr { host: "127.17.88.1" port: 47831 } } peers { permanent_uuid: "b141e05cb0444865b490089e568edadc" member_type: VOTER last_known_addr { host: "127.17.88.3" port: 49899 } }
I0516 22:02:32.630923 18284 ts_tablet_manager.cc:1045] T ab7b2ac793a4455e9bbe98795c6a392f P d2767dd0c676459aa9c2533260fc9d46: Time spent bootstrapping tablet: real 0.003s user 0.000s sys 0.004s
I0516 22:02:32.630956 18281 raft_consensus.cc:329] T 807b2c351057419d846ab8586e3ed167 P b141e05cb0444865b490089e568edadc [term 0 FOLLOWER]: Consensus starting up: Expiring failure detector timer to make a prompt election more likely
I0516 22:02:32.630995 18281 raft_consensus.cc:604] T 807b2c351057419d846ab8586e3ed167 P b141e05cb0444865b490089e568edadc [term 0 FOLLOWER]: Becoming Follower/Learner. State: Replica: b141e05cb0444865b490089e568edadc, State: Initialized, Role: FOLLOWER
I0516 22:02:32.630914 18282 consensus_queue.cc:227] T fde57a2e13af4bcc9077306cd4109c3e P d7e4c153959b4c86b9dcb5a3441a879a [NON_LEADER]: Queue going to NON_LEADER mode. State: All replicated index: 0, Majority replicated index: 0, Committed index: 0, Last appended: 0.0, Last appended by leader: 0, Current term: 0, Majority size: -1, State: 0, Mode: NON_LEADER, active raft config: opid_index: -1 OBSOLETE_local: false peers { permanent_uuid: "d7e4c153959b4c86b9dcb5a3441a879a" member_type: VOTER last_known_addr { host: "127.17.88.1" port: 47831 } } peers { permanent_uuid: "d2767dd0c676459aa9c2533260fc9d46" member_type: VOTER last_known_addr { host: "127.17.88.2" port: 58101 } } peers { permanent_uuid: "b141e05cb0444865b490089e568edadc" member_type: VOTER last_known_addr { host: "127.17.88.3" port: 49899 } }
I0516 22:02:32.631136 18281 consensus_queue.cc:227] T 807b2c351057419d846ab8586e3ed167 P b141e05cb0444865b490089e568edadc [NON_LEADER]: Queue going to NON_LEADER mode. State: All replicated index: 0, Majority replicated index: 0, Committed index: 0, Last appended: 0.0, Last appended by leader: 0, Current term: 0, Majority size: -1, State: 0, Mode: NON_LEADER, active raft config: opid_index: -1 OBSOLETE_local: false peers { permanent_uuid: "d2767dd0c676459aa9c2533260fc9d46" member_type: VOTER last_known_addr { host: "127.17.88.2" port: 58101 } } peers { permanent_uuid: "d7e4c153959b4c86b9dcb5a3441a879a" member_type: VOTER last_known_addr { host: "127.17.88.1" port: 47831 } } peers { permanent_uuid: "b141e05cb0444865b490089e568edadc" member_type: VOTER last_known_addr { host: "127.17.88.3" port: 49899 } }
I0516 22:02:32.631434 18284 raft_consensus.cc:303] T ab7b2ac793a4455e9bbe98795c6a392f P d2767dd0c676459aa9c2533260fc9d46 [term 0 FOLLOWER]: Replica starting. Triggering 0 pending transactions. Active config: opid_index: -1 OBSOLETE_local: false peers { permanent_uuid: "d2767dd0c676459aa9c2533260fc9d46" member_type: VOTER last_known_addr { host: "127.17.88.2" port: 58101 } } peers { permanent_uuid: "d7e4c153959b4c86b9dcb5a3441a879a" member_type: VOTER last_known_addr { host: "127.17.88.1" port: 47831 } } peers { permanent_uuid: "b141e05cb0444865b490089e568edadc" member_type: VOTER last_known_addr { host: "127.17.88.3" port: 49899 } }
I0516 22:02:32.631633 18284 raft_consensus.cc:329] T ab7b2ac793a4455e9bbe98795c6a392f P d2767dd0c676459aa9c2533260fc9d46 [term 0 FOLLOWER]: Consensus starting up: Expiring failure detector timer to make a prompt election more likely
I0516 22:02:32.631641 18281 ts_tablet_manager.cc:1073] T 807b2c351057419d846ab8586e3ed167 P b141e05cb0444865b490089e568edadc: Time spent starting tablet: real 0.001s user 0.000s sys 0.000s
I0516 22:02:32.631678 18282 ts_tablet_manager.cc:1073] T fde57a2e13af4bcc9077306cd4109c3e P d7e4c153959b4c86b9dcb5a3441a879a: Time spent starting tablet: real 0.002s user 0.000s sys 0.000s
I0516 22:02:32.631678 18284 raft_consensus.cc:604] T ab7b2ac793a4455e9bbe98795c6a392f P d2767dd0c676459aa9c2533260fc9d46 [term 0 FOLLOWER]: Becoming Follower/Learner. State: Replica: d2767dd0c676459aa9c2533260fc9d46, State: Initialized, Role: FOLLOWER
I0516 22:02:32.631755 18281 ts_tablet_manager.cc:1028] T 00efb34f943d4fa88ec6dcd181ee5c96 P b141e05cb0444865b490089e568edadc: Bootstrapping tablet
I0516 22:02:32.631790 18282 ts_tablet_manager.cc:1028] T d744b1d6ab5c4844bd636ab76a6c3bee P d7e4c153959b4c86b9dcb5a3441a879a: Bootstrapping tablet
I0516 22:02:32.631844 18281 tablet_bootstrap.cc:436] T 00efb34f943d4fa88ec6dcd181ee5c96 P b141e05cb0444865b490089e568edadc: Bootstrap starting.
I0516 22:02:32.631896 18282 tablet_bootstrap.cc:436] T d744b1d6ab5c4844bd636ab76a6c3bee P d7e4c153959b4c86b9dcb5a3441a879a: Bootstrap starting.
I0516 22:02:32.631877 18284 consensus_queue.cc:227] T ab7b2ac793a4455e9bbe98795c6a392f P d2767dd0c676459aa9c2533260fc9d46 [NON_LEADER]: Queue going to NON_LEADER mode. State: All replicated index: 0, Majority replicated index: 0, Committed index: 0, Last appended: 0.0, Last appended by leader: 0, Current term: 0, Majority size: -1, State: 0, Mode: NON_LEADER, active raft config: opid_index: -1 OBSOLETE_local: false peers { permanent_uuid: "d2767dd0c676459aa9c2533260fc9d46" member_type: VOTER last_known_addr { host: "127.17.88.2" port: 58101 } } peers { permanent_uuid: "d7e4c153959b4c86b9dcb5a3441a879a" member_type: VOTER last_known_addr { host: "127.17.88.1" port: 47831 } } peers { permanent_uuid: "b141e05cb0444865b490089e568edadc" member_type: VOTER last_known_addr { host: "127.17.88.3" port: 49899 } }
I0516 22:02:32.632488 18284 ts_tablet_manager.cc:1073] T ab7b2ac793a4455e9bbe98795c6a392f P d2767dd0c676459aa9c2533260fc9d46: Time spent starting tablet: real 0.002s user 0.000s sys 0.000s
I0516 22:02:32.633540 18284 ts_tablet_manager.cc:1028] T 807b2c351057419d846ab8586e3ed167 P d2767dd0c676459aa9c2533260fc9d46: Bootstrapping tablet
I0516 22:02:32.633678 18282 tablet_bootstrap.cc:587] T d744b1d6ab5c4844bd636ab76a6c3bee P d7e4c153959b4c86b9dcb5a3441a879a: No blocks or log segments found. Creating new log.
I0516 22:02:32.633718 18284 tablet_bootstrap.cc:436] T 807b2c351057419d846ab8586e3ed167 P d2767dd0c676459aa9c2533260fc9d46: Bootstrap starting.
I0516 22:02:32.634034 18281 tablet_bootstrap.cc:587] T 00efb34f943d4fa88ec6dcd181ee5c96 P b141e05cb0444865b490089e568edadc: No blocks or log segments found. Creating new log.
I0516 22:02:32.635323 18284 tablet_bootstrap.cc:587] T 807b2c351057419d846ab8586e3ed167 P d2767dd0c676459aa9c2533260fc9d46: No blocks or log segments found. Creating new log.
I0516 22:02:32.635618 18282 tablet_bootstrap.cc:436] T d744b1d6ab5c4844bd636ab76a6c3bee P d7e4c153959b4c86b9dcb5a3441a879a: No bootstrap required, opened a new log
I0516 22:02:32.635733 18282 ts_tablet_manager.cc:1045] T d744b1d6ab5c4844bd636ab76a6c3bee P d7e4c153959b4c86b9dcb5a3441a879a: Time spent bootstrapping tablet: real 0.004s user 0.000s sys 0.004s
I0516 22:02:32.636026 18281 tablet_bootstrap.cc:436] T 00efb34f943d4fa88ec6dcd181ee5c96 P b141e05cb0444865b490089e568edadc: No bootstrap required, opened a new log
I0516 22:02:32.636147 18281 ts_tablet_manager.cc:1045] T 00efb34f943d4fa88ec6dcd181ee5c96 P b141e05cb0444865b490089e568edadc: Time spent bootstrapping tablet: real 0.004s user 0.004s sys 0.000s
I0516 22:02:32.636291 18282 raft_consensus.cc:303] T d744b1d6ab5c4844bd636ab76a6c3bee P d7e4c153959b4c86b9dcb5a3441a879a [term 0 FOLLOWER]: Replica starting. Triggering 0 pending transactions. Active config: opid_index: -1 OBSOLETE_local: false peers { permanent_uuid: "d2767dd0c676459aa9c2533260fc9d46" member_type: VOTER last_known_addr { host: "127.17.88.2" port: 58101 } } peers { permanent_uuid: "d7e4c153959b4c86b9dcb5a3441a879a" member_type: VOTER last_known_addr { host: "127.17.88.1" port: 47831 } } peers { permanent_uuid: "b141e05cb0444865b490089e568edadc" member_type: VOTER last_known_addr { host: "127.17.88.3" port: 49899 } }
I0516 22:02:32.636463 18282 raft_consensus.cc:329] T d744b1d6ab5c4844bd636ab76a6c3bee P d7e4c153959b4c86b9dcb5a3441a879a [term 0 FOLLOWER]: Consensus starting up: Expiring failure detector timer to make a prompt election more likely
I0516 22:02:32.636504 18282 raft_consensus.cc:604] T d744b1d6ab5c4844bd636ab76a6c3bee P d7e4c153959b4c86b9dcb5a3441a879a [term 0 FOLLOWER]: Becoming Follower/Learner. State: Replica: d7e4c153959b4c86b9dcb5a3441a879a, State: Initialized, Role: FOLLOWER
I0516 22:02:32.636646 18282 consensus_queue.cc:227] T d744b1d6ab5c4844bd636ab76a6c3bee P d7e4c153959b4c86b9dcb5a3441a879a [NON_LEADER]: Queue going to NON_LEADER mode. State: All replicated index: 0, Majority replicated index: 0, Committed index: 0, Last appended: 0.0, Last appended by leader: 0, Current term: 0, Majority size: -1, State: 0, Mode: NON_LEADER, active raft config: opid_index: -1 OBSOLETE_local: false peers { permanent_uuid: "d2767dd0c676459aa9c2533260fc9d46" member_type: VOTER last_known_addr { host: "127.17.88.2" port: 58101 } } peers { permanent_uuid: "d7e4c153959b4c86b9dcb5a3441a879a" member_type: VOTER last_known_addr { host: "127.17.88.1" port: 47831 } } peers { permanent_uuid: "b141e05cb0444865b490089e568edadc" member_type: VOTER last_known_addr { host: "127.17.88.3" port: 49899 } }
I0516 22:02:32.636728 18284 tablet_bootstrap.cc:436] T 807b2c351057419d846ab8586e3ed167 P d2767dd0c676459aa9c2533260fc9d46: No bootstrap required, opened a new log
I0516 22:02:32.636688 18281 raft_consensus.cc:303] T 00efb34f943d4fa88ec6dcd181ee5c96 P b141e05cb0444865b490089e568edadc [term 0 FOLLOWER]: Replica starting. Triggering 0 pending transactions. Active config: opid_index: -1 OBSOLETE_local: false peers { permanent_uuid: "d2767dd0c676459aa9c2533260fc9d46" member_type: VOTER last_known_addr { host: "127.17.88.2" port: 58101 } } peers { permanent_uuid: "d7e4c153959b4c86b9dcb5a3441a879a" member_type: VOTER last_known_addr { host: "127.17.88.1" port: 47831 } } peers { permanent_uuid: "b141e05cb0444865b490089e568edadc" member_type: VOTER last_known_addr { host: "127.17.88.3" port: 49899 } }
I0516 22:02:32.636879 18284 ts_tablet_manager.cc:1045] T 807b2c351057419d846ab8586e3ed167 P d2767dd0c676459aa9c2533260fc9d46: Time spent bootstrapping tablet: real 0.003s user 0.004s sys 0.000s
I0516 22:02:32.636895 18281 raft_consensus.cc:329] T 00efb34f943d4fa88ec6dcd181ee5c96 P b141e05cb0444865b490089e568edadc [term 0 FOLLOWER]: Consensus starting up: Expiring failure detector timer to make a prompt election more likely
I0516 22:02:32.636929 18281 raft_consensus.cc:604] T 00efb34f943d4fa88ec6dcd181ee5c96 P b141e05cb0444865b490089e568edadc [term 0 FOLLOWER]: Becoming Follower/Learner. State: Replica: b141e05cb0444865b490089e568edadc, State: Initialized, Role: FOLLOWER
I0516 22:02:32.637076 18281 consensus_queue.cc:227] T 00efb34f943d4fa88ec6dcd181ee5c96 P b141e05cb0444865b490089e568edadc [NON_LEADER]: Queue going to NON_LEADER mode. State: All replicated index: 0, Majority replicated index: 0, Committed index: 0, Last appended: 0.0, Last appended by leader: 0, Current term: 0, Majority size: -1, State: 0, Mode: NON_LEADER, active raft config: opid_index: -1 OBSOLETE_local: false peers { permanent_uuid: "d2767dd0c676459aa9c2533260fc9d46" member_type: VOTER last_known_addr { host: "127.17.88.2" port: 58101 } } peers { permanent_uuid: "d7e4c153959b4c86b9dcb5a3441a879a" member_type: VOTER last_known_addr { host: "127.17.88.1" port: 47831 } } peers { permanent_uuid: "b141e05cb0444865b490089e568edadc" member_type: VOTER last_known_addr { host: "127.17.88.3" port: 49899 } }
I0516 22:02:32.637272 18284 raft_consensus.cc:303] T 807b2c351057419d846ab8586e3ed167 P d2767dd0c676459aa9c2533260fc9d46 [term 0 FOLLOWER]: Replica starting. Triggering 0 pending transactions. Active config: opid_index: -1 OBSOLETE_local: false peers { permanent_uuid: "d2767dd0c676459aa9c2533260fc9d46" member_type: VOTER last_known_addr { host: "127.17.88.2" port: 58101 } } peers { permanent_uuid: "d7e4c153959b4c86b9dcb5a3441a879a" member_type: VOTER last_known_addr { host: "127.17.88.1" port: 47831 } } peers { permanent_uuid: "b141e05cb0444865b490089e568edadc" member_type: VOTER last_known_addr { host: "127.17.88.3" port: 49899 } }
I0516 22:02:32.637431 18284 raft_consensus.cc:329] T 807b2c351057419d846ab8586e3ed167 P d2767dd0c676459aa9c2533260fc9d46 [term 0 FOLLOWER]: Consensus starting up: Expiring failure detector timer to make a prompt election more likely
I0516 22:02:32.637467 18284 raft_consensus.cc:604] T 807b2c351057419d846ab8586e3ed167 P d2767dd0c676459aa9c2533260fc9d46 [term 0 FOLLOWER]: Becoming Follower/Learner. State: Replica: d2767dd0c676459aa9c2533260fc9d46, State: Initialized, Role: FOLLOWER
I0516 22:02:32.637645 18281 ts_tablet_manager.cc:1073] T 00efb34f943d4fa88ec6dcd181ee5c96 P b141e05cb0444865b490089e568edadc: Time spent starting tablet: real 0.001s user 0.000s sys 0.000s
I0516 22:02:32.637619 18284 consensus_queue.cc:227] T 807b2c351057419d846ab8586e3ed167 P d2767dd0c676459aa9c2533260fc9d46 [NON_LEADER]: Queue going to NON_LEADER mode. State: All replicated index: 0, Majority replicated index: 0, Committed index: 0, Last appended: 0.0, Last appended by leader: 0, Current term: 0, Majority size: -1, State: 0, Mode: NON_LEADER, active raft config: opid_index: -1 OBSOLETE_local: false peers { permanent_uuid: "d2767dd0c676459aa9c2533260fc9d46" member_type: VOTER last_known_addr { host: "127.17.88.2" port: 58101 } } peers { permanent_uuid: "d7e4c153959b4c86b9dcb5a3441a879a" member_type: VOTER last_known_addr { host: "127.17.88.1" port: 47831 } } peers { permanent_uuid: "b141e05cb0444865b490089e568edadc" member_type: VOTER last_known_addr { host: "127.17.88.3" port: 49899 } }
I0516 22:02:32.637744 18281 ts_tablet_manager.cc:1028] T f970f063780d4349888d8fd439beb0a0 P b141e05cb0444865b490089e568edadc: Bootstrapping tablet
I0516 22:02:32.637825 18281 tablet_bootstrap.cc:436] T f970f063780d4349888d8fd439beb0a0 P b141e05cb0444865b490089e568edadc: Bootstrap starting.
I0516 22:02:32.638417 18284 ts_tablet_manager.cc:1073] T 807b2c351057419d846ab8586e3ed167 P d2767dd0c676459aa9c2533260fc9d46: Time spent starting tablet: real 0.001s user 0.000s sys 0.000s
I0516 22:02:32.638425 18282 ts_tablet_manager.cc:1073] T d744b1d6ab5c4844bd636ab76a6c3bee P d7e4c153959b4c86b9dcb5a3441a879a: Time spent starting tablet: real 0.003s user 0.000s sys 0.000s
I0516 22:02:32.638617 18282 ts_tablet_manager.cc:1028] T f2d85aa48a984f07a36195498f0f3754 P d7e4c153959b4c86b9dcb5a3441a879a: Bootstrapping tablet
I0516 22:02:32.638712 18282 tablet_bootstrap.cc:436] T f2d85aa48a984f07a36195498f0f3754 P d7e4c153959b4c86b9dcb5a3441a879a: Bootstrap starting.
I0516 22:02:32.639109 18284 ts_tablet_manager.cc:1028] T f2d85aa48a984f07a36195498f0f3754 P d2767dd0c676459aa9c2533260fc9d46: Bootstrapping tablet
I0516 22:02:32.639230 18284 tablet_bootstrap.cc:436] T f2d85aa48a984f07a36195498f0f3754 P d2767dd0c676459aa9c2533260fc9d46: Bootstrap starting.
I0516 22:02:32.640553 18284 tablet_bootstrap.cc:587] T f2d85aa48a984f07a36195498f0f3754 P d2767dd0c676459aa9c2533260fc9d46: No blocks or log segments found. Creating new log.
I0516 22:02:32.640617 18281 tablet_bootstrap.cc:587] T f970f063780d4349888d8fd439beb0a0 P b141e05cb0444865b490089e568edadc: No blocks or log segments found. Creating new log.
I0516 22:02:32.640826 18282 tablet_bootstrap.cc:587] T f2d85aa48a984f07a36195498f0f3754 P d7e4c153959b4c86b9dcb5a3441a879a: No blocks or log segments found. Creating new log.
I0516 22:02:32.641993 18284 tablet_bootstrap.cc:436] T f2d85aa48a984f07a36195498f0f3754 P d2767dd0c676459aa9c2533260fc9d46: No bootstrap required, opened a new log
I0516 22:02:32.642094 18284 ts_tablet_manager.cc:1045] T f2d85aa48a984f07a36195498f0f3754 P d2767dd0c676459aa9c2533260fc9d46: Time spent bootstrapping tablet: real 0.003s user 0.000s sys 0.000s
I0516 22:02:32.642340 18281 tablet_bootstrap.cc:436] T f970f063780d4349888d8fd439beb0a0 P b141e05cb0444865b490089e568edadc: No bootstrap required, opened a new log
I0516 22:02:32.642447 18281 ts_tablet_manager.cc:1045] T f970f063780d4349888d8fd439beb0a0 P b141e05cb0444865b490089e568edadc: Time spent bootstrapping tablet: real 0.005s user 0.000s sys 0.004s
I0516 22:02:32.642493 18284 raft_consensus.cc:303] T f2d85aa48a984f07a36195498f0f3754 P d2767dd0c676459aa9c2533260fc9d46 [term 0 FOLLOWER]: Replica starting. Triggering 0 pending transactions. Active config: opid_index: -1 OBSOLETE_local: false peers { permanent_uuid: "d7e4c153959b4c86b9dcb5a3441a879a" member_type: VOTER last_known_addr { host: "127.17.88.1" port: 47831 } } peers { permanent_uuid: "d2767dd0c676459aa9c2533260fc9d46" member_type: VOTER last_known_addr { host: "127.17.88.2" port: 58101 } } peers { permanent_uuid: "b141e05cb0444865b490089e568edadc" member_type: VOTER last_known_addr { host: "127.17.88.3" port: 49899 } }
I0516 22:02:32.642652 18284 raft_consensus.cc:329] T f2d85aa48a984f07a36195498f0f3754 P d2767dd0c676459aa9c2533260fc9d46 [term 0 FOLLOWER]: Consensus starting up: Expiring failure detector timer to make a prompt election more likely
I0516 22:02:32.642701 18284 raft_consensus.cc:604] T f2d85aa48a984f07a36195498f0f3754 P d2767dd0c676459aa9c2533260fc9d46 [term 0 FOLLOWER]: Becoming Follower/Learner. State: Replica: d2767dd0c676459aa9c2533260fc9d46, State: Initialized, Role: FOLLOWER
I0516 22:02:32.642823 18284 consensus_queue.cc:227] T f2d85aa48a984f07a36195498f0f3754 P d2767dd0c676459aa9c2533260fc9d46 [NON_LEADER]: Queue going to NON_LEADER mode. State: All replicated index: 0, Majority replicated index: 0, Committed index: 0, Last appended: 0.0, Last appended by leader: 0, Current term: 0, Majority size: -1, State: 0, Mode: NON_LEADER, active raft config: opid_index: -1 OBSOLETE_local: false peers { permanent_uuid: "d7e4c153959b4c86b9dcb5a3441a879a" member_type: VOTER last_known_addr { host: "127.17.88.1" port: 47831 } } peers { permanent_uuid: "d2767dd0c676459aa9c2533260fc9d46" member_type: VOTER last_known_addr { host: "127.17.88.2" port: 58101 } } peers { permanent_uuid: "b141e05cb0444865b490089e568edadc" member_type: VOTER last_known_addr { host: "127.17.88.3" port: 49899 } }
I0516 22:02:32.642922 18281 raft_consensus.cc:303] T f970f063780d4349888d8fd439beb0a0 P b141e05cb0444865b490089e568edadc [term 0 FOLLOWER]: Replica starting. Triggering 0 pending transactions. Active config: opid_index: -1 OBSOLETE_local: false peers { permanent_uuid: "d7e4c153959b4c86b9dcb5a3441a879a" member_type: VOTER last_known_addr { host: "127.17.88.1" port: 47831 } } peers { permanent_uuid: "d2767dd0c676459aa9c2533260fc9d46" member_type: VOTER last_known_addr { host: "127.17.88.2" port: 58101 } } peers { permanent_uuid: "b141e05cb0444865b490089e568edadc" member_type: VOTER last_known_addr { host: "127.17.88.3" port: 49899 } }
I0516 22:02:32.643050 18281 raft_consensus.cc:329] T f970f063780d4349888d8fd439beb0a0 P b141e05cb0444865b490089e568edadc [term 0 FOLLOWER]: Consensus starting up: Expiring failure detector timer to make a prompt election more likely
I0516 22:02:32.643085 18281 raft_consensus.cc:604] T f970f063780d4349888d8fd439beb0a0 P b141e05cb0444865b490089e568edadc [term 0 FOLLOWER]: Becoming Follower/Learner. State: Replica: b141e05cb0444865b490089e568edadc, State: Initialized, Role: FOLLOWER
I0516 22:02:32.643215 18281 consensus_queue.cc:227] T f970f063780d4349888d8fd439beb0a0 P b141e05cb0444865b490089e568edadc [NON_LEADER]: Queue going to NON_LEADER mode. State: All replicated index: 0, Majority replicated index: 0, Committed index: 0, Last appended: 0.0, Last appended by leader: 0, Current term: 0, Majority size: -1, State: 0, Mode: NON_LEADER, active raft config: opid_index: -1 OBSOLETE_local: false peers { permanent_uuid: "d7e4c153959b4c86b9dcb5a3441a879a" member_type: VOTER last_known_addr { host: "127.17.88.1" port: 47831 } } peers { permanent_uuid: "d2767dd0c676459aa9c2533260fc9d46" member_type: VOTER last_known_addr { host: "127.17.88.2" port: 58101 } } peers { permanent_uuid: "b141e05cb0444865b490089e568edadc" member_type: VOTER last_known_addr { host: "127.17.88.3" port: 49899 } }
I0516 22:02:32.643422 18284 ts_tablet_manager.cc:1073] T f2d85aa48a984f07a36195498f0f3754 P d2767dd0c676459aa9c2533260fc9d46: Time spent starting tablet: real 0.001s user 0.000s sys 0.004s
I0516 22:02:32.643534 18284 ts_tablet_manager.cc:1028] T 7966cd4464434af09b1b861e14d66bf9 P d2767dd0c676459aa9c2533260fc9d46: Bootstrapping tablet
I0516 22:02:32.643627 18284 tablet_bootstrap.cc:436] T 7966cd4464434af09b1b861e14d66bf9 P d2767dd0c676459aa9c2533260fc9d46: Bootstrap starting.
I0516 22:02:32.644434 18284 tablet_bootstrap.cc:587] T 7966cd4464434af09b1b861e14d66bf9 P d2767dd0c676459aa9c2533260fc9d46: No blocks or log segments found. Creating new log.
I0516 22:02:32.643541 18281 ts_tablet_manager.cc:1073] T f970f063780d4349888d8fd439beb0a0 P b141e05cb0444865b490089e568edadc: Time spent starting tablet: real 0.001s user 0.000s sys 0.000s
I0516 22:02:32.645081 18281 ts_tablet_manager.cc:1028] T fde57a2e13af4bcc9077306cd4109c3e P b141e05cb0444865b490089e568edadc: Bootstrapping tablet
I0516 22:02:32.645217 18281 tablet_bootstrap.cc:436] T fde57a2e13af4bcc9077306cd4109c3e P b141e05cb0444865b490089e568edadc: Bootstrap starting.
I0516 22:02:32.645668 18282 tablet_bootstrap.cc:436] T f2d85aa48a984f07a36195498f0f3754 P d7e4c153959b4c86b9dcb5a3441a879a: No bootstrap required, opened a new log
I0516 22:02:32.645716 18284 tablet_bootstrap.cc:436] T 7966cd4464434af09b1b861e14d66bf9 P d2767dd0c676459aa9c2533260fc9d46: No bootstrap required, opened a new log
I0516 22:02:32.645761 18282 ts_tablet_manager.cc:1045] T f2d85aa48a984f07a36195498f0f3754 P d7e4c153959b4c86b9dcb5a3441a879a: Time spent bootstrapping tablet: real 0.007s user 0.004s sys 0.000s
I0516 22:02:32.645817 18284 ts_tablet_manager.cc:1045] T 7966cd4464434af09b1b861e14d66bf9 P d2767dd0c676459aa9c2533260fc9d46: Time spent bootstrapping tablet: real 0.002s user 0.000s sys 0.000s
I0516 22:02:32.646073 18281 tablet_bootstrap.cc:587] T fde57a2e13af4bcc9077306cd4109c3e P b141e05cb0444865b490089e568edadc: No blocks or log segments found. Creating new log.
I0516 22:02:32.646209 18282 raft_consensus.cc:303] T f2d85aa48a984f07a36195498f0f3754 P d7e4c153959b4c86b9dcb5a3441a879a [term 0 FOLLOWER]: Replica starting. Triggering 0 pending transactions. Active config: opid_index: -1 OBSOLETE_local: false peers { permanent_uuid: "d7e4c153959b4c86b9dcb5a3441a879a" member_type: VOTER last_known_addr { host: "127.17.88.1" port: 47831 } } peers { permanent_uuid: "d2767dd0c676459aa9c2533260fc9d46" member_type: VOTER last_known_addr { host: "127.17.88.2" port: 58101 } } peers { permanent_uuid: "b141e05cb0444865b490089e568edadc" member_type: VOTER last_known_addr { host: "127.17.88.3" port: 49899 } }
I0516 22:02:32.646325 18284 raft_consensus.cc:303] T 7966cd4464434af09b1b861e14d66bf9 P d2767dd0c676459aa9c2533260fc9d46 [term 0 FOLLOWER]: Replica starting. Triggering 0 pending transactions. Active config: opid_index: -1 OBSOLETE_local: false peers { permanent_uuid: "d2767dd0c676459aa9c2533260fc9d46" member_type: VOTER last_known_addr { host: "127.17.88.2" port: 58101 } } peers { permanent_uuid: "d7e4c153959b4c86b9dcb5a3441a879a" member_type: VOTER last_known_addr { host: "127.17.88.1" port: 47831 } } peers { permanent_uuid: "b141e05cb0444865b490089e568edadc" member_type: VOTER last_known_addr { host: "127.17.88.3" port: 49899 } }
I0516 22:02:32.646888 18282 raft_consensus.cc:329] T f2d85aa48a984f07a36195498f0f3754 P d7e4c153959b4c86b9dcb5a3441a879a [term 0 FOLLOWER]: Consensus starting up: Expiring failure detector timer to make a prompt election more likely
I0516 22:02:32.646898 18284 raft_consensus.cc:329] T 7966cd4464434af09b1b861e14d66bf9 P d2767dd0c676459aa9c2533260fc9d46 [term 0 FOLLOWER]: Consensus starting up: Expiring failure detector timer to make a prompt election more likely
I0516 22:02:32.646982 18284 raft_consensus.cc:604] T 7966cd4464434af09b1b861e14d66bf9 P d2767dd0c676459aa9c2533260fc9d46 [term 0 FOLLOWER]: Becoming Follower/Learner. State: Replica: d2767dd0c676459aa9c2533260fc9d46, State: Initialized, Role: FOLLOWER
I0516 22:02:32.647001 18282 raft_consensus.cc:604] T f2d85aa48a984f07a36195498f0f3754 P d7e4c153959b4c86b9dcb5a3441a879a [term 0 FOLLOWER]: Becoming Follower/Learner. State: Replica: d7e4c153959b4c86b9dcb5a3441a879a, State: Initialized, Role: FOLLOWER
I0516 22:02:32.647168 18284 consensus_queue.cc:227] T 7966cd4464434af09b1b861e14d66bf9 P d2767dd0c676459aa9c2533260fc9d46 [NON_LEADER]: Queue going to NON_LEADER mode. State: All replicated index: 0, Majority replicated index: 0, Committed index: 0, Last appended: 0.0, Last appended by leader: 0, Current term: 0, Majority size: -1, State: 0, Mode: NON_LEADER, active raft config: opid_index: -1 OBSOLETE_local: false peers { permanent_uuid: "d2767dd0c676459aa9c2533260fc9d46" member_type: VOTER last_known_addr { host: "127.17.88.2" port: 58101 } } peers { permanent_uuid: "d7e4c153959b4c86b9dcb5a3441a879a" member_type: VOTER last_known_addr { host: "127.17.88.1" port: 47831 } } peers { permanent_uuid: "b141e05cb0444865b490089e568edadc" member_type: VOTER last_known_addr { host: "127.17.88.3" port: 49899 } }
I0516 22:02:32.647397 18281 tablet_bootstrap.cc:436] T fde57a2e13af4bcc9077306cd4109c3e P b141e05cb0444865b490089e568edadc: No bootstrap required, opened a new log
I0516 22:02:32.647485 18281 ts_tablet_manager.cc:1045] T fde57a2e13af4bcc9077306cd4109c3e P b141e05cb0444865b490089e568edadc: Time spent bootstrapping tablet: real 0.002s user 0.000s sys 0.004s
I0516 22:02:32.647541 18284 ts_tablet_manager.cc:1073] T 7966cd4464434af09b1b861e14d66bf9 P d2767dd0c676459aa9c2533260fc9d46: Time spent starting tablet: real 0.002s user 0.004s sys 0.000s
I0516 22:02:32.647649 18284 ts_tablet_manager.cc:1028] T 00efb34f943d4fa88ec6dcd181ee5c96 P d2767dd0c676459aa9c2533260fc9d46: Bootstrapping tablet
I0516 22:02:32.647739 18284 tablet_bootstrap.cc:436] T 00efb34f943d4fa88ec6dcd181ee5c96 P d2767dd0c676459aa9c2533260fc9d46: Bootstrap starting.
I0516 22:02:32.647846 18281 raft_consensus.cc:303] T fde57a2e13af4bcc9077306cd4109c3e P b141e05cb0444865b490089e568edadc [term 0 FOLLOWER]: Replica starting. Triggering 0 pending transactions. Active config: opid_index: -1 OBSOLETE_local: false peers { permanent_uuid: "d7e4c153959b4c86b9dcb5a3441a879a" member_type: VOTER last_known_addr { host: "127.17.88.1" port: 47831 } } peers { permanent_uuid: "d2767dd0c676459aa9c2533260fc9d46" member_type: VOTER last_known_addr { host: "127.17.88.2" port: 58101 } } peers { permanent_uuid: "b141e05cb0444865b490089e568edadc" member_type: VOTER last_known_addr { host: "127.17.88.3" port: 49899 } }
I0516 22:02:32.647981 18281 raft_consensus.cc:329] T fde57a2e13af4bcc9077306cd4109c3e P b141e05cb0444865b490089e568edadc [term 0 FOLLOWER]: Consensus starting up: Expiring failure detector timer to make a prompt election more likely
I0516 22:02:32.648015 18281 raft_consensus.cc:604] T fde57a2e13af4bcc9077306cd4109c3e P b141e05cb0444865b490089e568edadc [term 0 FOLLOWER]: Becoming Follower/Learner. State: Replica: b141e05cb0444865b490089e568edadc, State: Initialized, Role: FOLLOWER
I0516 22:02:32.648155 18281 consensus_queue.cc:227] T fde57a2e13af4bcc9077306cd4109c3e P b141e05cb0444865b490089e568edadc [NON_LEADER]: Queue going to NON_LEADER mode. State: All replicated index: 0, Majority replicated index: 0, Committed index: 0, Last appended: 0.0, Last appended by leader: 0, Current term: 0, Majority size: -1, State: 0, Mode: NON_LEADER, active raft config: opid_index: -1 OBSOLETE_local: false peers { permanent_uuid: "d7e4c153959b4c86b9dcb5a3441a879a" member_type: VOTER last_known_addr { host: "127.17.88.1" port: 47831 } } peers { permanent_uuid: "d2767dd0c676459aa9c2533260fc9d46" member_type: VOTER last_known_addr { host: "127.17.88.2" port: 58101 } } peers { permanent_uuid: "b141e05cb0444865b490089e568edadc" member_type: VOTER last_known_addr { host: "127.17.88.3" port: 49899 } }
I0516 22:02:32.648422 18282 consensus_queue.cc:227] T f2d85aa48a984f07a36195498f0f3754 P d7e4c153959b4c86b9dcb5a3441a879a [NON_LEADER]: Queue going to NON_LEADER mode. State: All replicated index: 0, Majority replicated index: 0, Committed index: 0, Last appended: 0.0, Last appended by leader: 0, Current term: 0, Majority size: -1, State: 0, Mode: NON_LEADER, active raft config: opid_index: -1 OBSOLETE_local: false peers { permanent_uuid: "d7e4c153959b4c86b9dcb5a3441a879a" member_type: VOTER last_known_addr { host: "127.17.88.1" port: 47831 } } peers { permanent_uuid: "d2767dd0c676459aa9c2533260fc9d46" member_type: VOTER last_known_addr { host: "127.17.88.2" port: 58101 } } peers { permanent_uuid: "b141e05cb0444865b490089e568edadc" member_type: VOTER last_known_addr { host: "127.17.88.3" port: 49899 } }
I0516 22:02:32.648576 18284 tablet_bootstrap.cc:587] T 00efb34f943d4fa88ec6dcd181ee5c96 P d2767dd0c676459aa9c2533260fc9d46: No blocks or log segments found. Creating new log.
I0516 22:02:32.649444 18282 ts_tablet_manager.cc:1073] T f2d85aa48a984f07a36195498f0f3754 P d7e4c153959b4c86b9dcb5a3441a879a: Time spent starting tablet: real 0.004s user 0.000s sys 0.000s
I0516 22:02:32.649556 18282 ts_tablet_manager.cc:1028] T ab7b2ac793a4455e9bbe98795c6a392f P d7e4c153959b4c86b9dcb5a3441a879a: Bootstrapping tablet
I0516 22:02:32.649642 18282 tablet_bootstrap.cc:436] T ab7b2ac793a4455e9bbe98795c6a392f P d7e4c153959b4c86b9dcb5a3441a879a: Bootstrap starting.
I0516 22:02:32.650441 18282 tablet_bootstrap.cc:587] T ab7b2ac793a4455e9bbe98795c6a392f P d7e4c153959b4c86b9dcb5a3441a879a: No blocks or log segments found. Creating new log.
I0516 22:02:32.651340 18281 ts_tablet_manager.cc:1073] T fde57a2e13af4bcc9077306cd4109c3e P b141e05cb0444865b490089e568edadc: Time spent starting tablet: real 0.004s user 0.000s sys 0.000s
I0516 22:02:32.651454 18281 ts_tablet_manager.cc:1028] T ab7b2ac793a4455e9bbe98795c6a392f P b141e05cb0444865b490089e568edadc: Bootstrapping tablet
I0516 22:02:32.651538 18281 tablet_bootstrap.cc:436] T ab7b2ac793a4455e9bbe98795c6a392f P b141e05cb0444865b490089e568edadc: Bootstrap starting.
I0516 22:02:32.651718 18282 tablet_bootstrap.cc:436] T ab7b2ac793a4455e9bbe98795c6a392f P d7e4c153959b4c86b9dcb5a3441a879a: No bootstrap required, opened a new log
I0516 22:02:32.651870 18282 ts_tablet_manager.cc:1045] T ab7b2ac793a4455e9bbe98795c6a392f P d7e4c153959b4c86b9dcb5a3441a879a: Time spent bootstrapping tablet: real 0.002s user 0.000s sys 0.004s
I0516 22:02:32.652438 18281 tablet_bootstrap.cc:587] T ab7b2ac793a4455e9bbe98795c6a392f P b141e05cb0444865b490089e568edadc: No blocks or log segments found. Creating new log.
I0516 22:02:32.652382 18282 raft_consensus.cc:303] T ab7b2ac793a4455e9bbe98795c6a392f P d7e4c153959b4c86b9dcb5a3441a879a [term 0 FOLLOWER]: Replica starting. Triggering 0 pending transactions. Active config: opid_index: -1 OBSOLETE_local: false peers { permanent_uuid: "d2767dd0c676459aa9c2533260fc9d46" member_type: VOTER last_known_addr { host: "127.17.88.2" port: 58101 } } peers { permanent_uuid: "d7e4c153959b4c86b9dcb5a3441a879a" member_type: VOTER last_known_addr { host: "127.17.88.1" port: 47831 } } peers { permanent_uuid: "b141e05cb0444865b490089e568edadc" member_type: VOTER last_known_addr { host: "127.17.88.3" port: 49899 } }
I0516 22:02:32.652531 18282 raft_consensus.cc:329] T ab7b2ac793a4455e9bbe98795c6a392f P d7e4c153959b4c86b9dcb5a3441a879a [term 0 FOLLOWER]: Consensus starting up: Expiring failure detector timer to make a prompt election more likely
I0516 22:02:32.652590 18282 raft_consensus.cc:604] T ab7b2ac793a4455e9bbe98795c6a392f P d7e4c153959b4c86b9dcb5a3441a879a [term 0 FOLLOWER]: Becoming Follower/Learner. State: Replica: d7e4c153959b4c86b9dcb5a3441a879a, State: Initialized, Role: FOLLOWER
I0516 22:02:32.652792 18282 consensus_queue.cc:227] T ab7b2ac793a4455e9bbe98795c6a392f P d7e4c153959b4c86b9dcb5a3441a879a [NON_LEADER]: Queue going to NON_LEADER mode. State: All replicated index: 0, Majority replicated index: 0, Committed index: 0, Last appended: 0.0, Last appended by leader: 0, Current term: 0, Majority size: -1, State: 0, Mode: NON_LEADER, active raft config: opid_index: -1 OBSOLETE_local: false peers { permanent_uuid: "d2767dd0c676459aa9c2533260fc9d46" member_type: VOTER last_known_addr { host: "127.17.88.2" port: 58101 } } peers { permanent_uuid: "d7e4c153959b4c86b9dcb5a3441a879a" member_type: VOTER last_known_addr { host: "127.17.88.1" port: 47831 } } peers { permanent_uuid: "b141e05cb0444865b490089e568edadc" member_type: VOTER last_known_addr { host: "127.17.88.3" port: 49899 } }
I0516 22:02:32.653331 18284 tablet_bootstrap.cc:436] T 00efb34f943d4fa88ec6dcd181ee5c96 P d2767dd0c676459aa9c2533260fc9d46: No bootstrap required, opened a new log
I0516 22:02:32.653442 18284 ts_tablet_manager.cc:1045] T 00efb34f943d4fa88ec6dcd181ee5c96 P d2767dd0c676459aa9c2533260fc9d46: Time spent bootstrapping tablet: real 0.006s user 0.000s sys 0.004s
I0516 22:02:32.653554 18282 ts_tablet_manager.cc:1073] T ab7b2ac793a4455e9bbe98795c6a392f P d7e4c153959b4c86b9dcb5a3441a879a: Time spent starting tablet: real 0.002s user 0.000s sys 0.000s
I0516 22:02:32.653663 18282 ts_tablet_manager.cc:1028] T 807b2c351057419d846ab8586e3ed167 P d7e4c153959b4c86b9dcb5a3441a879a: Bootstrapping tablet
I0516 22:02:32.653775 18282 tablet_bootstrap.cc:436] T 807b2c351057419d846ab8586e3ed167 P d7e4c153959b4c86b9dcb5a3441a879a: Bootstrap starting.
I0516 22:02:32.653795 18281 tablet_bootstrap.cc:436] T ab7b2ac793a4455e9bbe98795c6a392f P b141e05cb0444865b490089e568edadc: No bootstrap required, opened a new log
I0516 22:02:32.653900 18281 ts_tablet_manager.cc:1045] T ab7b2ac793a4455e9bbe98795c6a392f P b141e05cb0444865b490089e568edadc: Time spent bootstrapping tablet: real 0.002s user 0.004s sys 0.000s
I0516 22:02:32.654242 18281 raft_consensus.cc:303] T ab7b2ac793a4455e9bbe98795c6a392f P b141e05cb0444865b490089e568edadc [term 0 FOLLOWER]: Replica starting. Triggering 0 pending transactions. Active config: opid_index: -1 OBSOLETE_local: false peers { permanent_uuid: "d2767dd0c676459aa9c2533260fc9d46" member_type: VOTER last_known_addr { host: "127.17.88.2" port: 58101 } } peers { permanent_uuid: "d7e4c153959b4c86b9dcb5a3441a879a" member_type: VOTER last_known_addr { host: "127.17.88.1" port: 47831 } } peers { permanent_uuid: "b141e05cb0444865b490089e568edadc" member_type: VOTER last_known_addr { host: "127.17.88.3" port: 49899 } }
I0516 22:02:32.654737 18281 raft_consensus.cc:329] T ab7b2ac793a4455e9bbe98795c6a392f P b141e05cb0444865b490089e568edadc [term 0 FOLLOWER]: Consensus starting up: Expiring failure detector timer to make a prompt election more likely
I0516 22:02:32.654790 18281 raft_consensus.cc:604] T ab7b2ac793a4455e9bbe98795c6a392f P b141e05cb0444865b490089e568edadc [term 0 FOLLOWER]: Becoming Follower/Learner. State: Replica: b141e05cb0444865b490089e568edadc, State: Initialized, Role: FOLLOWER
I0516 22:02:32.654796 18282 tablet_bootstrap.cc:587] T 807b2c351057419d846ab8586e3ed167 P d7e4c153959b4c86b9dcb5a3441a879a: No blocks or log segments found. Creating new log.
I0516 22:02:32.654908 18281 consensus_queue.cc:227] T ab7b2ac793a4455e9bbe98795c6a392f P b141e05cb0444865b490089e568edadc [NON_LEADER]: Queue going to NON_LEADER mode. State: All replicated index: 0, Majority replicated index: 0, Committed index: 0, Last appended: 0.0, Last appended by leader: 0, Current term: 0, Majority size: -1, State: 0, Mode: NON_LEADER, active raft config: opid_index: -1 OBSOLETE_local: false peers { permanent_uuid: "d2767dd0c676459aa9c2533260fc9d46" member_type: VOTER last_known_addr { host: "127.17.88.2" port: 58101 } } peers { permanent_uuid: "d7e4c153959b4c86b9dcb5a3441a879a" member_type: VOTER last_known_addr { host: "127.17.88.1" port: 47831 } } peers { permanent_uuid: "b141e05cb0444865b490089e568edadc" member_type: VOTER last_known_addr { host: "127.17.88.3" port: 49899 } }
I0516 22:02:32.655269 18281 ts_tablet_manager.cc:1073] T ab7b2ac793a4455e9bbe98795c6a392f P b141e05cb0444865b490089e568edadc: Time spent starting tablet: real 0.001s user 0.000s sys 0.000s
I0516 22:02:32.655365 18281 ts_tablet_manager.cc:1028] T f2d85aa48a984f07a36195498f0f3754 P b141e05cb0444865b490089e568edadc: Bootstrapping tablet
I0516 22:02:32.655441 18281 tablet_bootstrap.cc:436] T f2d85aa48a984f07a36195498f0f3754 P b141e05cb0444865b490089e568edadc: Bootstrap starting.
I0516 22:02:32.656229 18281 tablet_bootstrap.cc:587] T f2d85aa48a984f07a36195498f0f3754 P b141e05cb0444865b490089e568edadc: No blocks or log segments found. Creating new log.
I0516 22:02:32.656914 18284 raft_consensus.cc:303] T 00efb34f943d4fa88ec6dcd181ee5c96 P d2767dd0c676459aa9c2533260fc9d46 [term 0 FOLLOWER]: Replica starting. Triggering 0 pending transactions. Active config: opid_index: -1 OBSOLETE_local: false peers { permanent_uuid: "d2767dd0c676459aa9c2533260fc9d46" member_type: VOTER last_known_addr { host: "127.17.88.2" port: 58101 } } peers { permanent_uuid: "d7e4c153959b4c86b9dcb5a3441a879a" member_type: VOTER last_known_addr { host: "127.17.88.1" port: 47831 } } peers { permanent_uuid: "b141e05cb0444865b490089e568edadc" member_type: VOTER last_known_addr { host: "127.17.88.3" port: 49899 } }
I0516 22:02:32.657083 18284 raft_consensus.cc:329] T 00efb34f943d4fa88ec6dcd181ee5c96 P d2767dd0c676459aa9c2533260fc9d46 [term 0 FOLLOWER]: Consensus starting up: Expiring failure detector timer to make a prompt election more likely
I0516 22:02:32.657119 18284 raft_consensus.cc:604] T 00efb34f943d4fa88ec6dcd181ee5c96 P d2767dd0c676459aa9c2533260fc9d46 [term 0 FOLLOWER]: Becoming Follower/Learner. State: Replica: d2767dd0c676459aa9c2533260fc9d46, State: Initialized, Role: FOLLOWER
I0516 22:02:32.657263 18284 consensus_queue.cc:227] T 00efb34f943d4fa88ec6dcd181ee5c96 P d2767dd0c676459aa9c2533260fc9d46 [NON_LEADER]: Queue going to NON_LEADER mode. State: All replicated index: 0, Majority replicated index: 0, Committed index: 0, Last appended: 0.0, Last appended by leader: 0, Current term: 0, Majority size: -1, State: 0, Mode: NON_LEADER, active raft config: opid_index: -1 OBSOLETE_local: false peers { permanent_uuid: "d2767dd0c676459aa9c2533260fc9d46" member_type: VOTER last_known_addr { host: "127.17.88.2" port: 58101 } } peers { permanent_uuid: "d7e4c153959b4c86b9dcb5a3441a879a" member_type: VOTER last_known_addr { host: "127.17.88.1" port: 47831 } } peers { permanent_uuid: "b141e05cb0444865b490089e568edadc" member_type: VOTER last_known_addr { host: "127.17.88.3" port: 49899 } }
I0516 22:02:32.657500 18281 tablet_bootstrap.cc:436] T f2d85aa48a984f07a36195498f0f3754 P b141e05cb0444865b490089e568edadc: No bootstrap required, opened a new log
I0516 22:02:32.657603 18281 ts_tablet_manager.cc:1045] T f2d85aa48a984f07a36195498f0f3754 P b141e05cb0444865b490089e568edadc: Time spent bootstrapping tablet: real 0.002s user 0.000s sys 0.000s
I0516 22:02:32.657908 18284 ts_tablet_manager.cc:1073] T 00efb34f943d4fa88ec6dcd181ee5c96 P d2767dd0c676459aa9c2533260fc9d46: Time spent starting tablet: real 0.004s user 0.000s sys 0.000s
I0516 22:02:32.658017 18284 ts_tablet_manager.cc:1028] T f44edd9cb161433f9ae53e8d2e60e43e P d2767dd0c676459aa9c2533260fc9d46: Bootstrapping tablet
I0516 22:02:32.658133 18284 tablet_bootstrap.cc:436] T f44edd9cb161433f9ae53e8d2e60e43e P d2767dd0c676459aa9c2533260fc9d46: Bootstrap starting.
I0516 22:02:32.658089 18281 raft_consensus.cc:303] T f2d85aa48a984f07a36195498f0f3754 P b141e05cb0444865b490089e568edadc [term 0 FOLLOWER]: Replica starting. Triggering 0 pending transactions. Active config: opid_index: -1 OBSOLETE_local: false peers { permanent_uuid: "d7e4c153959b4c86b9dcb5a3441a879a" member_type: VOTER last_known_addr { host: "127.17.88.1" port: 47831 } } peers { permanent_uuid: "d2767dd0c676459aa9c2533260fc9d46" member_type: VOTER last_known_addr { host: "127.17.88.2" port: 58101 } } peers { permanent_uuid: "b141e05cb0444865b490089e568edadc" member_type: VOTER last_known_addr { host: "127.17.88.3" port: 49899 } }
I0516 22:02:32.658296 18281 raft_consensus.cc:329] T f2d85aa48a984f07a36195498f0f3754 P b141e05cb0444865b490089e568edadc [term 0 FOLLOWER]: Consensus starting up: Expiring failure detector timer to make a prompt election more likely
I0516 22:02:32.658346 18281 raft_consensus.cc:604] T f2d85aa48a984f07a36195498f0f3754 P b141e05cb0444865b490089e568edadc [term 0 FOLLOWER]: Becoming Follower/Learner. State: Replica: b141e05cb0444865b490089e568edadc, State: Initialized, Role: FOLLOWER
I0516 22:02:32.658506 18281 consensus_queue.cc:227] T f2d85aa48a984f07a36195498f0f3754 P b141e05cb0444865b490089e568edadc [NON_LEADER]: Queue going to NON_LEADER mode. State: All replicated index: 0, Majority replicated index: 0, Committed index: 0, Last appended: 0.0, Last appended by leader: 0, Current term: 0, Majority size: -1, State: 0, Mode: NON_LEADER, active raft config: opid_index: -1 OBSOLETE_local: false peers { permanent_uuid: "d7e4c153959b4c86b9dcb5a3441a879a" member_type: VOTER last_known_addr { host: "127.17.88.1" port: 47831 } } peers { permanent_uuid: "d2767dd0c676459aa9c2533260fc9d46" member_type: VOTER last_known_addr { host: "127.17.88.2" port: 58101 } } peers { permanent_uuid: "b141e05cb0444865b490089e568edadc" member_type: VOTER last_known_addr { host: "127.17.88.3" port: 49899 } }
I0516 22:02:32.659319 18284 tablet_bootstrap.cc:587] T f44edd9cb161433f9ae53e8d2e60e43e P d2767dd0c676459aa9c2533260fc9d46: No blocks or log segments found. Creating new log.
I0516 22:02:32.659790 18281 ts_tablet_manager.cc:1073] T f2d85aa48a984f07a36195498f0f3754 P b141e05cb0444865b490089e568edadc: Time spent starting tablet: real 0.002s user 0.004s sys 0.000s
I0516 22:02:32.660506 18282 tablet_bootstrap.cc:436] T 807b2c351057419d846ab8586e3ed167 P d7e4c153959b4c86b9dcb5a3441a879a: No bootstrap required, opened a new log
I0516 22:02:32.660609 18282 ts_tablet_manager.cc:1045] T 807b2c351057419d846ab8586e3ed167 P d7e4c153959b4c86b9dcb5a3441a879a: Time spent bootstrapping tablet: real 0.007s user 0.000s sys 0.008s
I0516 22:02:32.660925 18284 tablet_bootstrap.cc:436] T f44edd9cb161433f9ae53e8d2e60e43e P d2767dd0c676459aa9c2533260fc9d46: No bootstrap required, opened a new log
I0516 22:02:32.661026 18284 ts_tablet_manager.cc:1045] T f44edd9cb161433f9ae53e8d2e60e43e P d2767dd0c676459aa9c2533260fc9d46: Time spent bootstrapping tablet: real 0.003s user 0.000s sys 0.004s
I0516 22:02:32.661038 18282 raft_consensus.cc:303] T 807b2c351057419d846ab8586e3ed167 P d7e4c153959b4c86b9dcb5a3441a879a [term 0 FOLLOWER]: Replica starting. Triggering 0 pending transactions. Active config: opid_index: -1 OBSOLETE_local: false peers { permanent_uuid: "d2767dd0c676459aa9c2533260fc9d46" member_type: VOTER last_known_addr { host: "127.17.88.2" port: 58101 } } peers { permanent_uuid: "d7e4c153959b4c86b9dcb5a3441a879a" member_type: VOTER last_known_addr { host: "127.17.88.1" port: 47831 } } peers { permanent_uuid: "b141e05cb0444865b490089e568edadc" member_type: VOTER last_known_addr { host: "127.17.88.3" port: 49899 } }
I0516 22:02:32.661190 18282 raft_consensus.cc:329] T 807b2c351057419d846ab8586e3ed167 P d7e4c153959b4c86b9dcb5a3441a879a [term 0 FOLLOWER]: Consensus starting up: Expiring failure detector timer to make a prompt election more likely
I0516 22:02:32.661226 18282 raft_consensus.cc:604] T 807b2c351057419d846ab8586e3ed167 P d7e4c153959b4c86b9dcb5a3441a879a [term 0 FOLLOWER]: Becoming Follower/Learner. State: Replica: d7e4c153959b4c86b9dcb5a3441a879a, State: Initialized, Role: FOLLOWER
I0516 22:02:32.661335 18282 consensus_queue.cc:227] T 807b2c351057419d846ab8586e3ed167 P d7e4c153959b4c86b9dcb5a3441a879a [NON_LEADER]: Queue going to NON_LEADER mode. State: All replicated index: 0, Majority replicated index: 0, Committed index: 0, Last appended: 0.0, Last appended by leader: 0, Current term: 0, Majority size: -1, State: 0, Mode: NON_LEADER, active raft config: opid_index: -1 OBSOLETE_local: false peers { permanent_uuid: "d2767dd0c676459aa9c2533260fc9d46" member_type: VOTER last_known_addr { host: "127.17.88.2" port: 58101 } } peers { permanent_uuid: "d7e4c153959b4c86b9dcb5a3441a879a" member_type: VOTER last_known_addr { host: "127.17.88.1" port: 47831 } } peers { permanent_uuid: "b141e05cb0444865b490089e568edadc" member_type: VOTER last_known_addr { host: "127.17.88.3" port: 49899 } }
I0516 22:02:32.661409 18284 raft_consensus.cc:303] T f44edd9cb161433f9ae53e8d2e60e43e P d2767dd0c676459aa9c2533260fc9d46 [term 0 FOLLOWER]: Replica starting. Triggering 0 pending transactions. Active config: opid_index: -1 OBSOLETE_local: false peers { permanent_uuid: "d2767dd0c676459aa9c2533260fc9d46" member_type: VOTER last_known_addr { host: "127.17.88.2" port: 58101 } } peers { permanent_uuid: "d7e4c153959b4c86b9dcb5a3441a879a" member_type: VOTER last_known_addr { host: "127.17.88.1" port: 47831 } } peers { permanent_uuid: "b141e05cb0444865b490089e568edadc" member_type: VOTER last_known_addr { host: "127.17.88.3" port: 49899 } }
I0516 22:02:32.661556 18284 raft_consensus.cc:329] T f44edd9cb161433f9ae53e8d2e60e43e P d2767dd0c676459aa9c2533260fc9d46 [term 0 FOLLOWER]: Consensus starting up: Expiring failure detector timer to make a prompt election more likely
I0516 22:02:32.661587 18284 raft_consensus.cc:604] T f44edd9cb161433f9ae53e8d2e60e43e P d2767dd0c676459aa9c2533260fc9d46 [term 0 FOLLOWER]: Becoming Follower/Learner. State: Replica: d2767dd0c676459aa9c2533260fc9d46, State: Initialized, Role: FOLLOWER
I0516 22:02:32.661749 18282 ts_tablet_manager.cc:1073] T 807b2c351057419d846ab8586e3ed167 P d7e4c153959b4c86b9dcb5a3441a879a: Time spent starting tablet: real 0.001s user 0.000s sys 0.000s
