I0516 22:02:33.135030 18099 raft_consensus.cc:2756] T f970f063780d4349888d8fd439beb0a0 P d7e4c153959b4c86b9dcb5a3441a879a [term 2 FOLLOWER]: Advancing to term 3
I0516 22:02:33.135272 18097 raft_consensus.cc:2704] T 50f4658409f4467d91579fefb4bbc4af P d7e4c153959b4c86b9dcb5a3441a879a: Snoozing failure detection for 1.560s (starting election)
I0516 22:02:33.135339 18097 raft_consensus.cc:2756] T 50f4658409f4467d91579fefb4bbc4af P d7e4c153959b4c86b9dcb5a3441a879a [term 1 FOLLOWER]: Advancing to term 2
I0516 22:02:33.135321 18066 leader_election.cc:393] T 00efb34f943d4fa88ec6dcd181ee5c96 P d7e4c153959b4c86b9dcb5a3441a879a [CANDIDATE]: Term 5 election: Vote denied by peer b141e05cb0444865b490089e568edadc (127.17.88.3:49899). Message: Service unavailable: T 00efb34f943d4fa88ec6dcd181ee5c96 P b141e05cb0444865b490089e568edadc [term 4 FOLLOWER]: Leader election vote request: Denying vote to candidate d7e4c153959b4c86b9dcb5a3441a879a for term 5 because replica is already servicing an update from a current leader or another vote.
I0516 22:02:33.135499 18233 raft_consensus.cc:2219] T 7966cd4464434af09b1b861e14d66bf9 P b141e05cb0444865b490089e568edadc [term 2 FOLLOWER]: Leader election vote request: Granting yes vote for candidate d7e4c153959b4c86b9dcb5a3441a879a in term 2.
I0516 22:02:33.135896 18095 raft_consensus.cc:457] T f44edd9cb161433f9ae53e8d2e60e43e P d7e4c153959b4c86b9dcb5a3441a879a [term 2 FOLLOWER]: Starting forced leader election with config: opid_index: -1 OBSOLETE_local: false peers { permanent_uuid: "d2767dd0c676459aa9c2533260fc9d46" member_type: VOTER last_known_addr { host: "127.17.88.2" port: 58101 } } peers { permanent_uuid: "d7e4c153959b4c86b9dcb5a3441a879a" member_type: VOTER last_known_addr { host: "127.17.88.1" port: 47831 } } peers { permanent_uuid: "b141e05cb0444865b490089e568edadc" member_type: VOTER last_known_addr { host: "127.17.88.3" port: 49899 } }
I0516 22:02:33.135720 18170 consensus_queue.cc:227] T 7966cd4464434af09b1b861e14d66bf9 P d2767dd0c676459aa9c2533260fc9d46 [NON_LEADER]: Queue going to NON_LEADER mode. State: All replicated index: 0, Majority replicated index: 0, Committed index: 0, Last appended: 1.1, Last appended by leader: 1, Current term: 1, Majority size: -1, State: 0, Mode: NON_LEADER, active raft config: opid_index: -1 OBSOLETE_local: false peers { permanent_uuid: "d2767dd0c676459aa9c2533260fc9d46" member_type: VOTER last_known_addr { host: "127.17.88.2" port: 58101 } } peers { permanent_uuid: "d7e4c153959b4c86b9dcb5a3441a879a" member_type: VOTER last_known_addr { host: "127.17.88.1" port: 47831 } } peers { permanent_uuid: "b141e05cb0444865b490089e568edadc" member_type: VOTER last_known_addr { host: "127.17.88.3" port: 49899 } }
I0516 22:02:33.136312 18066 leader_election.cc:379] T 7966cd4464434af09b1b861e14d66bf9 P d7e4c153959b4c86b9dcb5a3441a879a [CANDIDATE]: Term 2 election: Vote granted by peer b141e05cb0444865b490089e568edadc (127.17.88.3:49899)
I0516 22:02:33.136435 18232 consensus_peers.cc:456] T f970f063780d4349888d8fd439beb0a0 P b141e05cb0444865b490089e568edadc -> Peer d2767dd0c676459aa9c2533260fc9d46 (127.17.88.2:58101): Closing peer: d2767dd0c676459aa9c2533260fc9d46
I0516 22:02:33.136466 18095 leader_election.cc:243] T f44edd9cb161433f9ae53e8d2e60e43e P d7e4c153959b4c86b9dcb5a3441a879a [CANDIDATE]: Term 2 election: Requesting vote from peer d2767dd0c676459aa9c2533260fc9d46 (127.17.88.2:58101)
I0516 22:02:33.136508 18232 consensus_peers.cc:456] T f970f063780d4349888d8fd439beb0a0 P b141e05cb0444865b490089e568edadc -> Peer d7e4c153959b4c86b9dcb5a3441a879a (127.17.88.1:47831): Closing peer: d7e4c153959b4c86b9dcb5a3441a879a
I0516 22:02:33.136483 18166 tablet_service.cc:998] Received RequestConsensusVote() RPC: tablet_id: "00efb34f943d4fa88ec6dcd181ee5c96" candidate_uuid: "d7e4c153959b4c86b9dcb5a3441a879a" candidate_term: 5 candidate_status { last_received { term: 0 index: 0 } } ignore_live_leader: true dest_uuid: "d2767dd0c676459aa9c2533260fc9d46"
I0516 22:02:33.136675 18170 consensus_peers.cc:456] T 7966cd4464434af09b1b861e14d66bf9 P d2767dd0c676459aa9c2533260fc9d46 -> Peer b141e05cb0444865b490089e568edadc (127.17.88.3:49899): Closing peer: b141e05cb0444865b490089e568edadc
I0516 22:02:33.136749 18168 raft_consensus.cc:2219] T f970f063780d4349888d8fd439beb0a0 P d2767dd0c676459aa9c2533260fc9d46 [term 2 FOLLOWER]: Leader election vote request: Granting yes vote for candidate d7e4c153959b4c86b9dcb5a3441a879a in term 2.
I0516 22:02:33.136806 18166 raft_consensus.cc:2756] T 00efb34f943d4fa88ec6dcd181ee5c96 P d2767dd0c676459aa9c2533260fc9d46 [term 3 FOLLOWER]: Advancing to term 5
I0516 22:02:33.137110 18095 leader_election.cc:243] T f44edd9cb161433f9ae53e8d2e60e43e P d7e4c153959b4c86b9dcb5a3441a879a [CANDIDATE]: Term 2 election: Requesting vote from peer b141e05cb0444865b490089e568edadc (127.17.88.3:49899)
I0516 22:02:33.137228 18167 raft_consensus.cc:2166] T ab7b2ac793a4455e9bbe98795c6a392f P d2767dd0c676459aa9c2533260fc9d46 [term 4 FOLLOWER]: Leader election vote request: Denying vote to candidate d7e4c153959b4c86b9dcb5a3441a879a for term 4 because replica has last-logged OpId of term: 1 index: 1, which is greater than that of the candidate, which has last-logged OpId of term: 0 index: 0.
I0516 22:02:33.137491 18098 tablet_service.cc:1113] Received Run Leader Election RPC: tablet_id: "00efb34f943d4fa88ec6dcd181ee5c96" dest_uuid: "d7e4c153959b4c86b9dcb5a3441a879a" from {username='slave'} at 127.0.0.1:45694
I0516 22:02:33.137583 18098 raft_consensus.cc:435] T 00efb34f943d4fa88ec6dcd181ee5c96 P d7e4c153959b4c86b9dcb5a3441a879a [term 5 FOLLOWER]: Starting forced leader election (received explicit request)
I0516 22:02:33.137727 18098 raft_consensus.cc:2704] T 00efb34f943d4fa88ec6dcd181ee5c96 P d7e4c153959b4c86b9dcb5a3441a879a: Snoozing failure detection for 2.134s (starting election)
I0516 22:02:33.137799 18098 raft_consensus.cc:2756] T 00efb34f943d4fa88ec6dcd181ee5c96 P d7e4c153959b4c86b9dcb5a3441a879a [term 5 FOLLOWER]: Advancing to term 6
I0516 22:02:33.137794 18101 raft_consensus.cc:435] T 7966cd4464434af09b1b861e14d66bf9 P d7e4c153959b4c86b9dcb5a3441a879a [term 2 FOLLOWER]: Starting forced leader election (received explicit request)
I0516 22:02:33.137845 18101 raft_consensus.cc:2704] T 7966cd4464434af09b1b861e14d66bf9 P d7e4c153959b4c86b9dcb5a3441a879a: Snoozing failure detection for 1.957s (starting election)
I0516 22:02:33.137944 18101 raft_consensus.cc:2756] T 7966cd4464434af09b1b861e14d66bf9 P d7e4c153959b4c86b9dcb5a3441a879a [term 2 FOLLOWER]: Advancing to term 3
I0516 22:02:33.138214 18169 tablet_service.cc:998] Received RequestConsensusVote() RPC: tablet_id: "00efb34f943d4fa88ec6dcd181ee5c96" candidate_uuid: "d7e4c153959b4c86b9dcb5a3441a879a" candidate_term: 4 candidate_status { last_received { term: 0 index: 0 } } ignore_live_leader: true dest_uuid: "d2767dd0c676459aa9c2533260fc9d46"
I0516 22:02:33.138502 18093 raft_consensus.cc:418] T fde57a2e13af4bcc9077306cd4109c3e P d7e4c153959b4c86b9dcb5a3441a879a [term 1 LEADER]: Not starting forced leader election -- already a leader
I0516 22:02:33.138880 18093 tablet_service.cc:1113] Received Run Leader Election RPC: tablet_id: "f44edd9cb161433f9ae53e8d2e60e43e" dest_uuid: "d7e4c153959b4c86b9dcb5a3441a879a" from {username='slave'} at 127.0.0.1:45694
I0516 22:02:33.138873 18099 raft_consensus.cc:457] T f970f063780d4349888d8fd439beb0a0 P d7e4c153959b4c86b9dcb5a3441a879a [term 3 FOLLOWER]: Starting forced leader election with config: opid_index: -1 OBSOLETE_local: false peers { permanent_uuid: "d7e4c153959b4c86b9dcb5a3441a879a" member_type: VOTER last_known_addr { host: "127.17.88.1" port: 47831 } } peers { permanent_uuid: "d2767dd0c676459aa9c2533260fc9d46" member_type: VOTER last_known_addr { host: "127.17.88.2" port: 58101 } } peers { permanent_uuid: "b141e05cb0444865b490089e568edadc" member_type: VOTER last_known_addr { host: "127.17.88.3" port: 49899 } }
I0516 22:02:33.139039 18093 raft_consensus.cc:435] T f44edd9cb161433f9ae53e8d2e60e43e P d7e4c153959b4c86b9dcb5a3441a879a [term 2 FOLLOWER]: Starting forced leader election (received explicit request)
I0516 22:02:33.139093 18093 raft_consensus.cc:2704] T f44edd9cb161433f9ae53e8d2e60e43e P d7e4c153959b4c86b9dcb5a3441a879a: Snoozing failure detection for 2.170s (starting election)
I0516 22:02:33.139948 18101 raft_consensus.cc:457] T 7966cd4464434af09b1b861e14d66bf9 P d7e4c153959b4c86b9dcb5a3441a879a [term 3 FOLLOWER]: Starting forced leader election with config: opid_index: -1 OBSOLETE_local: false peers { permanent_uuid: "d2767dd0c676459aa9c2533260fc9d46" member_type: VOTER last_known_addr { host: "127.17.88.2" port: 58101 } } peers { permanent_uuid: "d7e4c153959b4c86b9dcb5a3441a879a" member_type: VOTER last_known_addr { host: "127.17.88.1" port: 47831 } } peers { permanent_uuid: "b141e05cb0444865b490089e568edadc" member_type: VOTER last_known_addr { host: "127.17.88.3" port: 49899 } }
I0516 22:02:33.140197 18099 leader_election.cc:243] T f970f063780d4349888d8fd439beb0a0 P d7e4c153959b4c86b9dcb5a3441a879a [CANDIDATE]: Term 3 election: Requesting vote from peer d2767dd0c676459aa9c2533260fc9d46 (127.17.88.2:58101)
I0516 22:02:33.140293 18099 leader_election.cc:243] T f970f063780d4349888d8fd439beb0a0 P d7e4c153959b4c86b9dcb5a3441a879a [CANDIDATE]: Term 3 election: Requesting vote from peer b141e05cb0444865b490089e568edadc (127.17.88.3:49899)
I0516 22:02:33.140446 18099 tablet_service.cc:1113] Received Run Leader Election RPC: tablet_id: "fde57a2e13af4bcc9077306cd4109c3e" dest_uuid: "d7e4c153959b4c86b9dcb5a3441a879a" from {username='slave'} at 127.0.0.1:45694
I0516 22:02:33.140529 18099 raft_consensus.cc:418] T fde57a2e13af4bcc9077306cd4109c3e P d7e4c153959b4c86b9dcb5a3441a879a [term 1 LEADER]: Not starting forced leader election -- already a leader
I0516 22:02:33.140638 18102 leader_election.cc:243] T f2d85aa48a984f07a36195498f0f3754 P d7e4c153959b4c86b9dcb5a3441a879a [CANDIDATE]: Term 4 election: Requesting vote from peer b141e05cb0444865b490089e568edadc (127.17.88.3:49899)
I0516 22:02:33.140774 18066 leader_election.cc:270] T 7966cd4464434af09b1b861e14d66bf9 P d7e4c153959b4c86b9dcb5a3441a879a [CANDIDATE]: Term 2 election: Election decided. Result: candidate won.
I0516 22:02:33.140873 18102 tablet_service.cc:1113] Received Run Leader Election RPC: tablet_id: "f970f063780d4349888d8fd439beb0a0" dest_uuid: "d7e4c153959b4c86b9dcb5a3441a879a" from {username='slave'} at 127.0.0.1:45694
I0516 22:02:33.141072 18323 raft_consensus.cc:2704] T 7966cd4464434af09b1b861e14d66bf9 P d7e4c153959b4c86b9dcb5a3441a879a: Snoozing failure detection for 2.059s (election complete)
I0516 22:02:33.141075 18102 raft_consensus.cc:435] T f970f063780d4349888d8fd439beb0a0 P d7e4c153959b4c86b9dcb5a3441a879a [term 3 FOLLOWER]: Starting forced leader election (received explicit request)
I0516 22:02:33.141144 18323 raft_consensus.cc:2474] T 7966cd4464434af09b1b861e14d66bf9 P d7e4c153959b4c86b9dcb5a3441a879a [term 3 FOLLOWER]: Leader election decision vote started in defunct term 2: won
I0516 22:02:33.141181 18102 raft_consensus.cc:2704] T f970f063780d4349888d8fd439beb0a0 P d7e4c153959b4c86b9dcb5a3441a879a: Snoozing failure detection for 2.156s (starting election)
I0516 22:02:33.141249 18232 raft_consensus.cc:2756] T f970f063780d4349888d8fd439beb0a0 P b141e05cb0444865b490089e568edadc [term 1 FOLLOWER]: Advancing to term 2
I0516 22:02:33.141413 18234 tablet_service.cc:998] Received RequestConsensusVote() RPC: tablet_id: "f2d85aa48a984f07a36195498f0f3754" candidate_uuid: "d7e4c153959b4c86b9dcb5a3441a879a" candidate_term: 4 candidate_status { last_received { term: 0 index: 0 } } ignore_live_leader: true dest_uuid: "b141e05cb0444865b490089e568edadc"
I0516 22:02:33.142606 18232 raft_consensus.cc:2166] T f970f063780d4349888d8fd439beb0a0 P b141e05cb0444865b490089e568edadc [term 2 FOLLOWER]: Leader election vote request: Denying vote to candidate d7e4c153959b4c86b9dcb5a3441a879a for term 2 because replica has last-logged OpId of term: 1 index: 1, which is greater than that of the candidate, which has last-logged OpId of term: 0 index: 0.
I0516 22:02:33.142765 18102 raft_consensus.cc:2756] T f970f063780d4349888d8fd439beb0a0 P d7e4c153959b4c86b9dcb5a3441a879a [term 3 FOLLOWER]: Advancing to term 4
I0516 22:02:33.142786 18170 consensus_peers.cc:456] T 7966cd4464434af09b1b861e14d66bf9 P d2767dd0c676459aa9c2533260fc9d46 -> Peer d7e4c153959b4c86b9dcb5a3441a879a (127.17.88.1:47831): Closing peer: d7e4c153959b4c86b9dcb5a3441a879a
I0516 22:02:33.142879 18170 raft_consensus.cc:2756] T 7966cd4464434af09b1b861e14d66bf9 P d2767dd0c676459aa9c2533260fc9d46 [term 1 FOLLOWER]: Advancing to term 2
I0516 22:02:33.142889 18066 leader_election.cc:393] T f970f063780d4349888d8fd439beb0a0 P d7e4c153959b4c86b9dcb5a3441a879a [CANDIDATE]: Term 2 election: Vote denied by peer b141e05cb0444865b490089e568edadc (127.17.88.3:49899). Message: Invalid argument: T f970f063780d4349888d8fd439beb0a0 P b141e05cb0444865b490089e568edadc [term 2 FOLLOWER]: Leader election vote request: Denying vote to candidate d7e4c153959b4c86b9dcb5a3441a879a for term 2 because replica has last-logged OpId of term: 1 index: 1, which is greater than that of the candidate, which has last-logged OpId of term: 0 index: 0.
I0516 22:02:33.142985 18166 raft_consensus.cc:2704] T 00efb34f943d4fa88ec6dcd181ee5c96 P d2767dd0c676459aa9c2533260fc9d46: Snoozing failure detection for 2.155s (vote granted)
I0516 22:02:33.143004 18100 raft_consensus.cc:418] T d744b1d6ab5c4844bd636ab76a6c3bee P d7e4c153959b4c86b9dcb5a3441a879a [term 1 LEADER]: Not starting forced leader election -- already a leader
I0516 22:02:33.143143 18100 tablet_service.cc:1113] Received Run Leader Election RPC: tablet_id: "f2d85aa48a984f07a36195498f0f3754" dest_uuid: "d7e4c153959b4c86b9dcb5a3441a879a" from {username='slave'} at 127.0.0.1:45694
I0516 22:02:33.143376 18063 leader_election.cc:393] T f2d85aa48a984f07a36195498f0f3754 P d7e4c153959b4c86b9dcb5a3441a879a [CANDIDATE]: Term 4 election: Vote denied by peer d2767dd0c676459aa9c2533260fc9d46 (127.17.88.2:58101). Message: Invalid argument: T f2d85aa48a984f07a36195498f0f3754 P d2767dd0c676459aa9c2533260fc9d46 [term 4 FOLLOWER]: Leader election vote request: Denying vote to candidate d7e4c153959b4c86b9dcb5a3441a879a for term 4 because replica has last-logged OpId of term: 1 index: 1, which is greater than that of the candidate, which has last-logged OpId of term: 0 index: 0.
I0516 22:02:33.143602 18063 leader_election.cc:379] T f970f063780d4349888d8fd439beb0a0 P d7e4c153959b4c86b9dcb5a3441a879a [CANDIDATE]: Term 2 election: Vote granted by peer d2767dd0c676459aa9c2533260fc9d46 (127.17.88.2:58101)
I0516 22:02:33.143751 18063 leader_election.cc:270] T f970f063780d4349888d8fd439beb0a0 P d7e4c153959b4c86b9dcb5a3441a879a [CANDIDATE]: Term 2 election: Election decided. Result: candidate won.
I0516 22:02:33.144239 18063 leader_election.cc:393] T ab7b2ac793a4455e9bbe98795c6a392f P d7e4c153959b4c86b9dcb5a3441a879a [CANDIDATE]: Term 4 election: Vote denied by peer d2767dd0c676459aa9c2533260fc9d46 (127.17.88.2:58101). Message: Invalid argument: T ab7b2ac793a4455e9bbe98795c6a392f P d2767dd0c676459aa9c2533260fc9d46 [term 4 FOLLOWER]: Leader election vote request: Denying vote to candidate d7e4c153959b4c86b9dcb5a3441a879a for term 4 because replica has last-logged OpId of term: 1 index: 1, which is greater than that of the candidate, which has last-logged OpId of term: 0 index: 0.
I0516 22:02:33.144327 18063 leader_election.cc:270] T ab7b2ac793a4455e9bbe98795c6a392f P d7e4c153959b4c86b9dcb5a3441a879a [CANDIDATE]: Term 4 election: Election decided. Result: candidate lost.
I0516 22:02:33.144289 18102 raft_consensus.cc:457] T f970f063780d4349888d8fd439beb0a0 P d7e4c153959b4c86b9dcb5a3441a879a [term 4 FOLLOWER]: Starting forced leader election with config: opid_index: -1 OBSOLETE_local: false peers { permanent_uuid: "d7e4c153959b4c86b9dcb5a3441a879a" member_type: VOTER last_known_addr { host: "127.17.88.1" port: 47831 } } peers { permanent_uuid: "d2767dd0c676459aa9c2533260fc9d46" member_type: VOTER last_known_addr { host: "127.17.88.2" port: 58101 } } peers { permanent_uuid: "b141e05cb0444865b490089e568edadc" member_type: VOTER last_known_addr { host: "127.17.88.3" port: 49899 } }
I0516 22:02:33.144572 18168 tablet_service.cc:998] Received RequestConsensusVote() RPC: tablet_id: "f970f063780d4349888d8fd439beb0a0" candidate_uuid: "d7e4c153959b4c86b9dcb5a3441a879a" candidate_term: 3 candidate_status { last_received { term: 0 index: 0 } } ignore_live_leader: true dest_uuid: "d2767dd0c676459aa9c2533260fc9d46"
I0516 22:02:33.144568 18167 tablet_service.cc:998] Received RequestConsensusVote() RPC: tablet_id: "f44edd9cb161433f9ae53e8d2e60e43e" candidate_uuid: "d7e4c153959b4c86b9dcb5a3441a879a" candidate_term: 2 candidate_status { last_received { term: 0 index: 0 } } ignore_live_leader: true dest_uuid: "d2767dd0c676459aa9c2533260fc9d46"
I0516 22:02:33.145776 18166 raft_consensus.cc:2219] T 00efb34f943d4fa88ec6dcd181ee5c96 P d2767dd0c676459aa9c2533260fc9d46 [term 5 FOLLOWER]: Leader election vote request: Granting yes vote for candidate d7e4c153959b4c86b9dcb5a3441a879a in term 5.
I0516 22:02:33.145884 18169 raft_consensus.cc:2194] T 00efb34f943d4fa88ec6dcd181ee5c96 P d2767dd0c676459aa9c2533260fc9d46 [term 5 FOLLOWER]: Leader election vote request: Denying vote to candidate d7e4c153959b4c86b9dcb5a3441a879a for term 4 because replica is already servicing an update from a current leader or another vote.
I0516 22:02:33.146155 18063 leader_election.cc:379] T 00efb34f943d4fa88ec6dcd181ee5c96 P d7e4c153959b4c86b9dcb5a3441a879a [CANDIDATE]: Term 5 election: Vote granted by peer d2767dd0c676459aa9c2533260fc9d46 (127.17.88.2:58101)
I0516 22:02:33.146347 18323 raft_consensus.cc:2704] T f970f063780d4349888d8fd439beb0a0 P d7e4c153959b4c86b9dcb5a3441a879a: Snoozing failure detection for 2.034s (election complete)
I0516 22:02:33.146383 18346 tablet_replica.cc:261] T 807b2c351057419d846ab8586e3ed167 P d7e4c153959b4c86b9dcb5a3441a879a: stopping tablet replica
I0516 22:02:33.146437 18323 raft_consensus.cc:2474] T f970f063780d4349888d8fd439beb0a0 P d7e4c153959b4c86b9dcb5a3441a879a [term 4 FOLLOWER]: Leader election decision vote started in defunct term 2: won
I0516 22:02:33.146401 18097 raft_consensus.cc:457] T 50f4658409f4467d91579fefb4bbc4af P d7e4c153959b4c86b9dcb5a3441a879a [term 2 FOLLOWER]: Starting forced leader election with config: opid_index: -1 OBSOLETE_local: false peers { permanent_uuid: "d7e4c153959b4c86b9dcb5a3441a879a" member_type: VOTER last_known_addr { host: "127.17.88.1" port: 47831 } } peers { permanent_uuid: "b141e05cb0444865b490089e568edadc" member_type: VOTER last_known_addr { host: "127.17.88.3" port: 49899 } } peers { permanent_uuid: "d2767dd0c676459aa9c2533260fc9d46" member_type: VOTER last_known_addr { host: "127.17.88.2" port: 58101 } }
I0516 22:02:33.146533 18346 maintenance_manager.cc:237] P d7e4c153959b4c86b9dcb5a3441a879a: Unregistered op CompactRowSetsOp(807b2c351057419d846ab8586e3ed167)
I0516 22:02:33.146612 18346 maintenance_manager.cc:237] P d7e4c153959b4c86b9dcb5a3441a879a: Unregistered op MinorDeltaCompactionOp(807b2c351057419d846ab8586e3ed167)
I0516 22:02:33.146661 18346 maintenance_manager.cc:237] P d7e4c153959b4c86b9dcb5a3441a879a: Unregistered op MajorDeltaCompactionOp(807b2c351057419d846ab8586e3ed167)
I0516 22:02:33.146713 18346 maintenance_manager.cc:237] P d7e4c153959b4c86b9dcb5a3441a879a: Unregistered op UndoDeltaBlockGCOp(807b2c351057419d846ab8586e3ed167)
I0516 22:02:33.146766 18346 maintenance_manager.cc:237] P d7e4c153959b4c86b9dcb5a3441a879a: Unregistered op FlushMRSOp(807b2c351057419d846ab8586e3ed167)
I0516 22:02:33.146821 18346 maintenance_manager.cc:237] P d7e4c153959b4c86b9dcb5a3441a879a: Unregistered op FlushDeltaMemStoresOp(807b2c351057419d846ab8586e3ed167)
I0516 22:02:33.146828 18097 leader_election.cc:243] T 50f4658409f4467d91579fefb4bbc4af P d7e4c153959b4c86b9dcb5a3441a879a [CANDIDATE]: Term 2 election: Requesting vote from peer b141e05cb0444865b490089e568edadc (127.17.88.3:49899)
I0516 22:02:33.146854 18346 maintenance_manager.cc:237] P d7e4c153959b4c86b9dcb5a3441a879a: Unregistered op LogGCOp(807b2c351057419d846ab8586e3ed167)
I0516 22:02:33.146831 18094 tablet_service.cc:1113] Received Run Leader Election RPC: tablet_id: "d744b1d6ab5c4844bd636ab76a6c3bee" dest_uuid: "d7e4c153959b4c86b9dcb5a3441a879a" from {username='slave'} at 127.0.0.1:45694
I0516 22:02:33.146885 18095 raft_consensus.cc:1025] T 50f4658409f4467d91579fefb4bbc4af P d7e4c153959b4c86b9dcb5a3441a879a [term 2 FOLLOWER]: Rejecting Update request from peer b141e05cb0444865b490089e568edadc for earlier term 1. Current term is 2. Ops: []
I0516 22:02:33.147027 18346 raft_consensus.cc:2016] T 807b2c351057419d846ab8586e3ed167 P d7e4c153959b4c86b9dcb5a3441a879a [term 1 LEADER]: Raft consensus shutting down.
I0516 22:02:33.147052 18094 raft_consensus.cc:418] T d744b1d6ab5c4844bd636ab76a6c3bee P d7e4c153959b4c86b9dcb5a3441a879a [term 1 LEADER]: Not starting forced leader election -- already a leader
I0516 22:02:33.147089 18346 consensus_peers.cc:456] T 807b2c351057419d846ab8586e3ed167 P d7e4c153959b4c86b9dcb5a3441a879a -> Peer b141e05cb0444865b490089e568edadc (127.17.88.3:49899): Closing peer: b141e05cb0444865b490089e568edadc
I0516 22:02:33.147573 18101 leader_election.cc:243] T 7966cd4464434af09b1b861e14d66bf9 P d7e4c153959b4c86b9dcb5a3441a879a [CANDIDATE]: Term 3 election: Requesting vote from peer d2767dd0c676459aa9c2533260fc9d46 (127.17.88.2:58101)
I0516 22:02:33.147644 18232 tablet_service.cc:998] Received RequestConsensusVote() RPC: tablet_id: "50f4658409f4467d91579fefb4bbc4af" candidate_uuid: "d7e4c153959b4c86b9dcb5a3441a879a" candidate_term: 2 candidate_status { last_received { term: 0 index: 0 } } ignore_live_leader: true dest_uuid: "b141e05cb0444865b490089e568edadc"
I0516 22:02:33.147727 18095 tablet_service.cc:1113] Received Run Leader Election RPC: tablet_id: "d744b1d6ab5c4844bd636ab76a6c3bee" dest_uuid: "d7e4c153959b4c86b9dcb5a3441a879a" from {username='slave'} at 127.0.0.1:45694
I0516 22:02:33.147683 18101 leader_election.cc:243] T 7966cd4464434af09b1b861e14d66bf9 P d7e4c153959b4c86b9dcb5a3441a879a [CANDIDATE]: Term 3 election: Requesting vote from peer b141e05cb0444865b490089e568edadc (127.17.88.3:49899)
I0516 22:02:33.147832 18094 tablet_service.cc:1113] Received Run Leader Election RPC: tablet_id: "807b2c351057419d846ab8586e3ed167" dest_uuid: "d7e4c153959b4c86b9dcb5a3441a879a" from {username='slave'} at 127.0.0.1:45694
I0516 22:02:33.148088 18096 raft_consensus.cc:435] T ab7b2ac793a4455e9bbe98795c6a392f P d7e4c153959b4c86b9dcb5a3441a879a [term 4 FOLLOWER]: Starting forced leader election (received explicit request)
I0516 22:02:33.148150 18096 raft_consensus.cc:2704] T ab7b2ac793a4455e9bbe98795c6a392f P d7e4c153959b4c86b9dcb5a3441a879a: Snoozing failure detection for 1.619s (starting election)
I0516 22:02:33.148216 18096 raft_consensus.cc:2756] T ab7b2ac793a4455e9bbe98795c6a392f P d7e4c153959b4c86b9dcb5a3441a879a [term 4 FOLLOWER]: Advancing to term 5
I0516 22:02:33.148469 18235 tablet_service.cc:998] Received RequestConsensusVote() RPC: tablet_id: "7966cd4464434af09b1b861e14d66bf9" candidate_uuid: "d7e4c153959b4c86b9dcb5a3441a879a" candidate_term: 3 candidate_status { last_received { term: 0 index: 0 } } ignore_live_leader: true dest_uuid: "b141e05cb0444865b490089e568edadc"
I0516 22:02:33.148577 18235 raft_consensus.cc:2756] T 7966cd4464434af09b1b861e14d66bf9 P b141e05cb0444865b490089e568edadc [term 2 FOLLOWER]: Advancing to term 3
I0516 22:02:33.148669 18094 tablet_service.cc:1113] Received Run Leader Election RPC: tablet_id: "7966cd4464434af09b1b861e14d66bf9" dest_uuid: "d7e4c153959b4c86b9dcb5a3441a879a" from {username='slave'} at 127.0.0.1:45694
I0516 22:02:33.147835 18095 raft_consensus.cc:418] T d744b1d6ab5c4844bd636ab76a6c3bee P d7e4c153959b4c86b9dcb5a3441a879a [term 1 LEADER]: Not starting forced leader election -- already a leader
I0516 22:02:33.148815 18094 raft_consensus.cc:435] T 7966cd4464434af09b1b861e14d66bf9 P d7e4c153959b4c86b9dcb5a3441a879a [term 3 FOLLOWER]: Starting forced leader election (received explicit request)
I0516 22:02:33.148947 18099 tablet_service.cc:1113] Received Run Leader Election RPC: tablet_id: "fde57a2e13af4bcc9077306cd4109c3e" dest_uuid: "d7e4c153959b4c86b9dcb5a3441a879a" from {username='slave'} at 127.0.0.1:45694
I0516 22:02:33.149024 18099 raft_consensus.cc:418] T fde57a2e13af4bcc9077306cd4109c3e P d7e4c153959b4c86b9dcb5a3441a879a [term 1 LEADER]: Not starting forced leader election -- already a leader
I0516 22:02:33.149185 18100 raft_consensus.cc:435] T f2d85aa48a984f07a36195498f0f3754 P d7e4c153959b4c86b9dcb5a3441a879a [term 4 FOLLOWER]: Starting forced leader election (received explicit request)
I0516 22:02:33.149206 18093 raft_consensus.cc:2756] T f44edd9cb161433f9ae53e8d2e60e43e P d7e4c153959b4c86b9dcb5a3441a879a [term 2 FOLLOWER]: Advancing to term 3
I0516 22:02:33.149235 18100 raft_consensus.cc:2704] T f2d85aa48a984f07a36195498f0f3754 P d7e4c153959b4c86b9dcb5a3441a879a: Snoozing failure detection for 2.754s (starting election)
I0516 22:02:33.150143 18096 raft_consensus.cc:457] T ab7b2ac793a4455e9bbe98795c6a392f P d7e4c153959b4c86b9dcb5a3441a879a [term 5 FOLLOWER]: Starting forced leader election with config: opid_index: -1 OBSOLETE_local: false peers { permanent_uuid: "d2767dd0c676459aa9c2533260fc9d46" member_type: VOTER last_known_addr { host: "127.17.88.2" port: 58101 } } peers { permanent_uuid: "d7e4c153959b4c86b9dcb5a3441a879a" member_type: VOTER last_known_addr { host: "127.17.88.1" port: 47831 } } peers { permanent_uuid: "b141e05cb0444865b490089e568edadc" member_type: VOTER last_known_addr { host: "127.17.88.3" port: 49899 } }
I0516 22:02:33.150425 18289 raft_consensus.cc:2704] T ab7b2ac793a4455e9bbe98795c6a392f P d7e4c153959b4c86b9dcb5a3441a879a: Snoozing failure detection for 1.991s (election complete)
I0516 22:02:33.150696 18093 raft_consensus.cc:457] T f44edd9cb161433f9ae53e8d2e60e43e P d7e4c153959b4c86b9dcb5a3441a879a [term 3 FOLLOWER]: Starting forced leader election with config: opid_index: -1 OBSOLETE_local: false peers { permanent_uuid: "d2767dd0c676459aa9c2533260fc9d46" member_type: VOTER last_known_addr { host: "127.17.88.2" port: 58101 } } peers { permanent_uuid: "d7e4c153959b4c86b9dcb5a3441a879a" member_type: VOTER last_known_addr { host: "127.17.88.1" port: 47831 } } peers { permanent_uuid: "b141e05cb0444865b490089e568edadc" member_type: VOTER last_known_addr { host: "127.17.88.3" port: 49899 } }
I0516 22:02:33.150960 18100 raft_consensus.cc:2756] T f2d85aa48a984f07a36195498f0f3754 P d7e4c153959b4c86b9dcb5a3441a879a [term 4 FOLLOWER]: Advancing to term 5
I0516 22:02:33.151063 18170 raft_consensus.cc:2166] T 7966cd4464434af09b1b861e14d66bf9 P d2767dd0c676459aa9c2533260fc9d46 [term 2 FOLLOWER]: Leader election vote request: Denying vote to candidate d7e4c153959b4c86b9dcb5a3441a879a for term 2 because replica has last-logged OpId of term: 1 index: 1, which is greater than that of the candidate, which has last-logged OpId of term: 0 index: 0.
I0516 22:02:33.151098 18063 leader_election.cc:270] T 00efb34f943d4fa88ec6dcd181ee5c96 P d7e4c153959b4c86b9dcb5a3441a879a [CANDIDATE]: Term 5 election: Election decided. Result: candidate won.
I0516 22:02:33.151015 18167 raft_consensus.cc:2751] T f44edd9cb161433f9ae53e8d2e60e43e P d2767dd0c676459aa9c2533260fc9d46 [term 1 LEADER]: Stepping down as leader of term 1
I0516 22:02:33.151525 18167 raft_consensus.cc:604] T f44edd9cb161433f9ae53e8d2e60e43e P d2767dd0c676459aa9c2533260fc9d46 [term 1 LEADER]: Becoming Follower/Learner. State: Replica: d2767dd0c676459aa9c2533260fc9d46, State: Running, Role: LEADER
W0516 22:02:33.151736 18063 leader_election.cc:363] T 00efb34f943d4fa88ec6dcd181ee5c96 P d7e4c153959b4c86b9dcb5a3441a879a [CANDIDATE]: Term 4 election: Vote denied by peer d2767dd0c676459aa9c2533260fc9d46 (127.17.88.2:58101) with higher term. Message: Service unavailable: T 00efb34f943d4fa88ec6dcd181ee5c96 P d2767dd0c676459aa9c2533260fc9d46 [term 5 FOLLOWER]: Leader election vote request: Denying vote to candidate d7e4c153959b4c86b9dcb5a3441a879a for term 4 because replica is already servicing an update from a current leader or another vote.
I0516 22:02:33.151844 18097 leader_election.cc:243] T 50f4658409f4467d91579fefb4bbc4af P d7e4c153959b4c86b9dcb5a3441a879a [CANDIDATE]: Term 2 election: Requesting vote from peer d2767dd0c676459aa9c2533260fc9d46 (127.17.88.2:58101)
I0516 22:02:33.151899 18102 leader_election.cc:243] T f970f063780d4349888d8fd439beb0a0 P d7e4c153959b4c86b9dcb5a3441a879a [CANDIDATE]: Term 4 election: Requesting vote from peer d2767dd0c676459aa9c2533260fc9d46 (127.17.88.2:58101)
I0516 22:02:33.152014 18102 leader_election.cc:243] T f970f063780d4349888d8fd439beb0a0 P d7e4c153959b4c86b9dcb5a3441a879a [CANDIDATE]: Term 4 election: Requesting vote from peer b141e05cb0444865b490089e568edadc (127.17.88.3:49899)
I0516 22:02:33.152415 18237 tablet_service.cc:998] Received RequestConsensusVote() RPC: tablet_id: "f970f063780d4349888d8fd439beb0a0" candidate_uuid: "d7e4c153959b4c86b9dcb5a3441a879a" candidate_term: 4 candidate_status { last_received { term: 0 index: 0 } } ignore_live_leader: true dest_uuid: "b141e05cb0444865b490089e568edadc"
I0516 22:02:33.152431 18097 tablet_service.cc:1113] Received Run Leader Election RPC: tablet_id: "50f4658409f4467d91579fefb4bbc4af" dest_uuid: "d7e4c153959b4c86b9dcb5a3441a879a" from {username='slave'} at 127.0.0.1:45694
I0516 22:02:33.152627 18098 raft_consensus.cc:457] T 00efb34f943d4fa88ec6dcd181ee5c96 P d7e4c153959b4c86b9dcb5a3441a879a [term 6 FOLLOWER]: Starting forced leader election with config: opid_index: -1 OBSOLETE_local: false peers { permanent_uuid: "d2767dd0c676459aa9c2533260fc9d46" member_type: VOTER last_known_addr { host: "127.17.88.2" port: 58101 } } peers { permanent_uuid: "d7e4c153959b4c86b9dcb5a3441a879a" member_type: VOTER last_known_addr { host: "127.17.88.1" port: 47831 } } peers { permanent_uuid: "b141e05cb0444865b490089e568edadc" member_type: VOTER last_known_addr { host: "127.17.88.3" port: 49899 } }
I0516 22:02:33.152732 18100 raft_consensus.cc:457] T f2d85aa48a984f07a36195498f0f3754 P d7e4c153959b4c86b9dcb5a3441a879a [term 5 FOLLOWER]: Starting forced leader election with config: opid_index: -1 OBSOLETE_local: false peers { permanent_uuid: "d7e4c153959b4c86b9dcb5a3441a879a" member_type: VOTER last_known_addr { host: "127.17.88.1" port: 47831 } } peers { permanent_uuid: "d2767dd0c676459aa9c2533260fc9d46" member_type: VOTER last_known_addr { host: "127.17.88.2" port: 58101 } } peers { permanent_uuid: "b141e05cb0444865b490089e568edadc" member_type: VOTER last_known_addr { host: "127.17.88.3" port: 49899 } }
I0516 22:02:33.152911 18098 leader_election.cc:243] T 00efb34f943d4fa88ec6dcd181ee5c96 P d7e4c153959b4c86b9dcb5a3441a879a [CANDIDATE]: Term 6 election: Requesting vote from peer d2767dd0c676459aa9c2533260fc9d46 (127.17.88.2:58101)
I0516 22:02:33.152931 18323 raft_consensus.cc:2704] T 00efb34f943d4fa88ec6dcd181ee5c96 P d7e4c153959b4c86b9dcb5a3441a879a: Snoozing failure detection for 1.994s (election complete)
I0516 22:02:33.153019 18323 raft_consensus.cc:2474] T 00efb34f943d4fa88ec6dcd181ee5c96 P d7e4c153959b4c86b9dcb5a3441a879a [term 6 FOLLOWER]: Leader election decision vote started in defunct term 5: won
I0516 22:02:33.153216 18098 leader_election.cc:243] T 00efb34f943d4fa88ec6dcd181ee5c96 P d7e4c153959b4c86b9dcb5a3441a879a [CANDIDATE]: Term 6 election: Requesting vote from peer b141e05cb0444865b490089e568edadc (127.17.88.3:49899)
I0516 22:02:33.153316 18346 consensus_peers.cc:456] T 807b2c351057419d846ab8586e3ed167 P d7e4c153959b4c86b9dcb5a3441a879a -> Peer d2767dd0c676459aa9c2533260fc9d46 (127.17.88.2:58101): Closing peer: d2767dd0c676459aa9c2533260fc9d46
I0516 22:02:33.153306 18233 tablet_service.cc:998] Received RequestConsensusVote() RPC: tablet_id: "f44edd9cb161433f9ae53e8d2e60e43e" candidate_uuid: "d7e4c153959b4c86b9dcb5a3441a879a" candidate_term: 2 candidate_status { last_received { term: 0 index: 0 } } ignore_live_leader: true dest_uuid: "b141e05cb0444865b490089e568edadc"
I0516 22:02:33.153432 18235 raft_consensus.cc:2704] T 7966cd4464434af09b1b861e14d66bf9 P b141e05cb0444865b490089e568edadc: Snoozing failure detection for 1.793s (vote granted)
I0516 22:02:33.153878 18233 raft_consensus.cc:2756] T f44edd9cb161433f9ae53e8d2e60e43e P b141e05cb0444865b490089e568edadc [term 1 FOLLOWER]: Advancing to term 2
I0516 22:02:33.153962 18101 tablet_service.cc:1113] Received Run Leader Election RPC: tablet_id: "807b2c351057419d846ab8586e3ed167" dest_uuid: "d7e4c153959b4c86b9dcb5a3441a879a" from {username='slave'} at 127.0.0.1:45694
I0516 22:02:33.153990 18094 raft_consensus.cc:2704] T 7966cd4464434af09b1b861e14d66bf9 P d7e4c153959b4c86b9dcb5a3441a879a: Snoozing failure detection for 1.684s (starting election)
I0516 22:02:33.154053 18094 raft_consensus.cc:2756] T 7966cd4464434af09b1b861e14d66bf9 P d7e4c153959b4c86b9dcb5a3441a879a [term 3 FOLLOWER]: Advancing to term 4
I0516 22:02:33.154412 18234 raft_consensus.cc:2756] T f2d85aa48a984f07a36195498f0f3754 P b141e05cb0444865b490089e568edadc [term 3 FOLLOWER]: Advancing to term 4
I0516 22:02:33.154719 18101 tablet_service.cc:1113] Received Run Leader Election RPC: tablet_id: "00efb34f943d4fa88ec6dcd181ee5c96" dest_uuid: "d7e4c153959b4c86b9dcb5a3441a879a" from {username='slave'} at 127.0.0.1:45694
I0516 22:02:33.154784 18234 raft_consensus.cc:2704] T f2d85aa48a984f07a36195498f0f3754 P b141e05cb0444865b490089e568edadc: Snoozing failure detection for 1.570s (vote granted)
I0516 22:02:33.154942 18098 tablet_service.cc:1113] Received Run Leader Election RPC: tablet_id: "807b2c351057419d846ab8586e3ed167" dest_uuid: "d7e4c153959b4c86b9dcb5a3441a879a" from {username='slave'} at 127.0.0.1:45694
I0516 22:02:33.155071 18095 tablet_service.cc:1113] Received Run Leader Election RPC: tablet_id: "fde57a2e13af4bcc9077306cd4109c3e" dest_uuid: "d7e4c153959b4c86b9dcb5a3441a879a" from {username='slave'} at 127.0.0.1:45694
I0516 22:02:33.155192 18095 raft_consensus.cc:418] T fde57a2e13af4bcc9077306cd4109c3e P d7e4c153959b4c86b9dcb5a3441a879a [term 1 LEADER]: Not starting forced leader election -- already a leader
I0516 22:02:33.155647 18346 pending_rounds.cc:63] T 807b2c351057419d846ab8586e3ed167 P d7e4c153959b4c86b9dcb5a3441a879a: Trying to abort 1 pending transactions.
I0516 22:02:33.155712 18168 raft_consensus.cc:2756] T f970f063780d4349888d8fd439beb0a0 P d2767dd0c676459aa9c2533260fc9d46 [term 2 FOLLOWER]: Advancing to term 3
I0516 22:02:33.155793 18099 tablet_service.cc:1113] Received Run Leader Election RPC: tablet_id: "d744b1d6ab5c4844bd636ab76a6c3bee" dest_uuid: "d7e4c153959b4c86b9dcb5a3441a879a" from {username='slave'} at 127.0.0.1:45694
I0516 22:02:33.155833 18096 leader_election.cc:243] T ab7b2ac793a4455e9bbe98795c6a392f P d7e4c153959b4c86b9dcb5a3441a879a [CANDIDATE]: Term 5 election: Requesting vote from peer d2767dd0c676459aa9c2533260fc9d46 (127.17.88.2:58101)
I0516 22:02:33.155896 18099 raft_consensus.cc:418] T d744b1d6ab5c4844bd636ab76a6c3bee P d7e4c153959b4c86b9dcb5a3441a879a [term 1 LEADER]: Not starting forced leader election -- already a leader
I0516 22:02:33.155942 18096 leader_election.cc:243] T ab7b2ac793a4455e9bbe98795c6a392f P d7e4c153959b4c86b9dcb5a3441a879a [CANDIDATE]: Term 5 election: Requesting vote from peer b141e05cb0444865b490089e568edadc (127.17.88.3:49899)
I0516 22:02:33.156092 18235 raft_consensus.cc:2219] T 7966cd4464434af09b1b861e14d66bf9 P b141e05cb0444865b490089e568edadc [term 3 FOLLOWER]: Leader election vote request: Granting yes vote for candidate d7e4c153959b4c86b9dcb5a3441a879a in term 3.
I0516 22:02:33.157285 18168 raft_consensus.cc:2704] T f970f063780d4349888d8fd439beb0a0 P d2767dd0c676459aa9c2533260fc9d46: Snoozing failure detection for 2.111s (vote granted)
I0516 22:02:33.157547 18093 leader_election.cc:243] T f44edd9cb161433f9ae53e8d2e60e43e P d7e4c153959b4c86b9dcb5a3441a879a [CANDIDATE]: Term 3 election: Requesting vote from peer d2767dd0c676459aa9c2533260fc9d46 (127.17.88.2:58101)
I0516 22:02:33.157527 18346 pending_rounds.cc:68] T 807b2c351057419d846ab8586e3ed167 P d7e4c153959b4c86b9dcb5a3441a879a: Aborting transaction as it isn't in flight: id { term: 1 index: 1 } timestamp: 6252577393508761600 op_type: NO_OP noop_request { }
I0516 22:02:33.157680 18093 leader_election.cc:243] T f44edd9cb161433f9ae53e8d2e60e43e P d7e4c153959b4c86b9dcb5a3441a879a [CANDIDATE]: Term 3 election: Requesting vote from peer b141e05cb0444865b490089e568edadc (127.17.88.3:49899)
I0516 22:02:33.157686 18346 raft_consensus.cc:2594] T 807b2c351057419d846ab8586e3ed167 P d7e4c153959b4c86b9dcb5a3441a879a [term 1 LEADER]: NO_OP replication failed: Aborted: Transaction aborted
I0516 22:02:33.158844 18346 raft_consensus.cc:2043] T 807b2c351057419d846ab8586e3ed167 P d7e4c153959b4c86b9dcb5a3441a879a [term 1 FOLLOWER]: Raft consensus is shut down!
I0516 22:02:33.158927 18063 leader_election.cc:366] T 00efb34f943d4fa88ec6dcd181ee5c96 P d7e4c153959b4c86b9dcb5a3441a879a [CANDIDATE]: Term 4 election: Cancelling election due to peer responding with higher term
I0516 22:02:33.158963 18237 raft_consensus.cc:2756] T f970f063780d4349888d8fd439beb0a0 P b141e05cb0444865b490089e568edadc [term 2 FOLLOWER]: Advancing to term 4
I0516 22:02:33.158969 18097 raft_consensus.cc:435] T 50f4658409f4467d91579fefb4bbc4af P d7e4c153959b4c86b9dcb5a3441a879a [term 2 FOLLOWER]: Starting forced leader election (received explicit request)
I0516 22:02:33.159027 18097 raft_consensus.cc:2704] T 50f4658409f4467d91579fefb4bbc4af P d7e4c153959b4c86b9dcb5a3441a879a: Snoozing failure detection for 1.988s (starting election)
I0516 22:02:33.159296 18097 raft_consensus.cc:2756] T 50f4658409f4467d91579fefb4bbc4af P d7e4c153959b4c86b9dcb5a3441a879a [term 2 FOLLOWER]: Advancing to term 3
I0516 22:02:33.159814 18063 leader_election.cc:393] T 7966cd4464434af09b1b861e14d66bf9 P d7e4c153959b4c86b9dcb5a3441a879a [CANDIDATE]: Term 2 election: Vote denied by peer d2767dd0c676459aa9c2533260fc9d46 (127.17.88.2:58101). Message: Invalid argument: T 7966cd4464434af09b1b861e14d66bf9 P d2767dd0c676459aa9c2533260fc9d46 [term 2 FOLLOWER]: Leader election vote request: Denying vote to candidate d7e4c153959b4c86b9dcb5a3441a879a for term 2 because replica has last-logged OpId of term: 1 index: 1, which is greater than that of the candidate, which has last-logged OpId of term: 0 index: 0.
I0516 22:02:33.159806 18170 tablet_service.cc:998] Received RequestConsensusVote() RPC: tablet_id: "7966cd4464434af09b1b861e14d66bf9" candidate_uuid: "d7e4c153959b4c86b9dcb5a3441a879a" candidate_term: 3 candidate_status { last_received { term: 0 index: 0 } } ignore_live_leader: true dest_uuid: "d2767dd0c676459aa9c2533260fc9d46"
I0516 22:02:33.160421 18346 ts_tablet_manager.cc:1369] T 807b2c351057419d846ab8586e3ed167 P d7e4c153959b4c86b9dcb5a3441a879a: Deleting tablet data with delete state TABLET_DATA_DELETED
I0516 22:02:33.161700 18236 tablet_service.cc:998] Received RequestConsensusVote() RPC: tablet_id: "f970f063780d4349888d8fd439beb0a0" candidate_uuid: "d7e4c153959b4c86b9dcb5a3441a879a" candidate_term: 3 candidate_status { last_received { term: 0 index: 0 } } ignore_live_leader: true dest_uuid: "b141e05cb0444865b490089e568edadc"
I0516 22:02:33.161824 18165 tablet_service.cc:998] Received RequestConsensusVote() RPC: tablet_id: "00efb34f943d4fa88ec6dcd181ee5c96" candidate_uuid: "d7e4c153959b4c86b9dcb5a3441a879a" candidate_term: 6 candidate_status { last_received { term: 0 index: 0 } } ignore_live_leader: true dest_uuid: "d2767dd0c676459aa9c2533260fc9d46"
I0516 22:02:33.162287 18102 tablet_service.cc:1113] Received Run Leader Election RPC: tablet_id: "f970f063780d4349888d8fd439beb0a0" dest_uuid: "d7e4c153959b4c86b9dcb5a3441a879a" from {username='slave'} at 127.0.0.1:45694
I0516 22:02:33.162715 18233 raft_consensus.cc:2704] T f44edd9cb161433f9ae53e8d2e60e43e P b141e05cb0444865b490089e568edadc: Snoozing failure detection for 2.087s (vote granted)
I0516 22:02:33.163113 18237 raft_consensus.cc:2166] T f970f063780d4349888d8fd439beb0a0 P b141e05cb0444865b490089e568edadc [term 4 FOLLOWER]: Leader election vote request: Denying vote to candidate d7e4c153959b4c86b9dcb5a3441a879a for term 4 because replica has last-logged OpId of term: 1 index: 1, which is greater than that of the candidate, which has last-logged OpId of term: 0 index: 0.
I0516 22:02:33.163144 18097 raft_consensus.cc:457] T 50f4658409f4467d91579fefb4bbc4af P d7e4c153959b4c86b9dcb5a3441a879a [term 3 FOLLOWER]: Starting forced leader election with config: opid_index: -1 OBSOLETE_local: false peers { permanent_uuid: "d7e4c153959b4c86b9dcb5a3441a879a" member_type: VOTER last_known_addr { host: "127.17.88.1" port: 47831 } } peers { permanent_uuid: "b141e05cb0444865b490089e568edadc" member_type: VOTER last_known_addr { host: "127.17.88.3" port: 49899 } } peers { permanent_uuid: "d2767dd0c676459aa9c2533260fc9d46" member_type: VOTER last_known_addr { host: "127.17.88.2" port: 58101 } }
I0516 22:02:33.163269 18236 raft_consensus.cc:2194] T f970f063780d4349888d8fd439beb0a0 P b141e05cb0444865b490089e568edadc [term 4 FOLLOWER]: Leader election vote request: Denying vote to candidate d7e4c153959b4c86b9dcb5a3441a879a for term 3 because replica is already servicing an update from a current leader or another vote.
I0516 22:02:33.164274 18102 raft_consensus.cc:435] T f970f063780d4349888d8fd439beb0a0 P d7e4c153959b4c86b9dcb5a3441a879a [term 4 FOLLOWER]: Starting forced leader election (received explicit request)
I0516 22:02:33.164239 18231 tablet_service.cc:998] Received RequestConsensusVote() RPC: tablet_id: "00efb34f943d4fa88ec6dcd181ee5c96" candidate_uuid: "d7e4c153959b4c86b9dcb5a3441a879a" candidate_term: 6 candidate_status { last_received { term: 0 index: 0 } } ignore_live_leader: true dest_uuid: "b141e05cb0444865b490089e568edadc"
I0516 22:02:33.162937 18285 consensus_queue.cc:974] T 50f4658409f4467d91579fefb4bbc4af P b141e05cb0444865b490089e568edadc [LEADER]: Peer responded invalid term: Peer: permanent_uuid: "d7e4c153959b4c86b9dcb5a3441a879a" member_type: VOTER last_known_addr { host: "127.17.88.1" port: 47831 }, Status: INVALID_TERM, Last received: 0.0, Next index: 1, Last known committed idx: 0, Time since last communication: 0.017s
I0516 22:02:33.164822 18101 raft_consensus.cc:435] T 00efb34f943d4fa88ec6dcd181ee5c96 P d7e4c153959b4c86b9dcb5a3441a879a [term 6 FOLLOWER]: Starting forced leader election (received explicit request)
I0516 22:02:33.164911 18231 raft_consensus.cc:2756] T 00efb34f943d4fa88ec6dcd181ee5c96 P b141e05cb0444865b490089e568edadc [term 4 FOLLOWER]: Advancing to term 6
I0516 22:02:33.164993 18233 raft_consensus.cc:2219] T f44edd9cb161433f9ae53e8d2e60e43e P b141e05cb0444865b490089e568edadc [term 2 FOLLOWER]: Leader election vote request: Granting yes vote for candidate d7e4c153959b4c86b9dcb5a3441a879a in term 2.
I0516 22:02:33.165184 18101 raft_consensus.cc:2704] T 00efb34f943d4fa88ec6dcd181ee5c96 P d7e4c153959b4c86b9dcb5a3441a879a: Snoozing failure detection for 2.141s (starting election)
I0516 22:02:33.165275 18289 raft_consensus.cc:2474] T ab7b2ac793a4455e9bbe98795c6a392f P d7e4c153959b4c86b9dcb5a3441a879a [term 5 FOLLOWER]: Leader election decision vote started in defunct term 3: won
I0516 22:02:33.165371 18232 raft_consensus.cc:2751] T 50f4658409f4467d91579fefb4bbc4af P b141e05cb0444865b490089e568edadc [term 1 LEADER]: Stepping down as leader of term 1
I0516 22:02:33.165369 18095 tablet_service.cc:1113] Received Run Leader Election RPC: tablet_id: "807b2c351057419d846ab8586e3ed167" dest_uuid: "d7e4c153959b4c86b9dcb5a3441a879a" from {username='slave'} at 127.0.0.1:45694
I0516 22:02:33.166039 18096 tablet_service.cc:1113] Received Run Leader Election RPC: tablet_id: "ab7b2ac793a4455e9bbe98795c6a392f" dest_uuid: "d7e4c153959b4c86b9dcb5a3441a879a" from {username='slave'} at 127.0.0.1:45694
I0516 22:02:33.166070 18095 tablet_service.cc:1113] Received Run Leader Election RPC: tablet_id: "807b2c351057419d846ab8586e3ed167" dest_uuid: "d7e4c153959b4c86b9dcb5a3441a879a" from {username='slave'} at 127.0.0.1:45694
I0516 22:02:33.167392 18234 raft_consensus.cc:2219] T f2d85aa48a984f07a36195498f0f3754 P b141e05cb0444865b490089e568edadc [term 4 FOLLOWER]: Leader election vote request: Granting yes vote for candidate d7e4c153959b4c86b9dcb5a3441a879a in term 4.
I0516 22:02:33.167553 18066 leader_election.cc:379] T 7966cd4464434af09b1b861e14d66bf9 P d7e4c153959b4c86b9dcb5a3441a879a [CANDIDATE]: Term 3 election: Vote granted by peer b141e05cb0444865b490089e568edadc (127.17.88.3:49899)
I0516 22:02:33.167613 18066 leader_election.cc:270] T 7966cd4464434af09b1b861e14d66bf9 P d7e4c153959b4c86b9dcb5a3441a879a [CANDIDATE]: Term 3 election: Election decided. Result: candidate won.
W0516 22:02:33.167912 18066 leader_election.cc:363] T f970f063780d4349888d8fd439beb0a0 P d7e4c153959b4c86b9dcb5a3441a879a [CANDIDATE]: Term 3 election: Vote denied by peer b141e05cb0444865b490089e568edadc (127.17.88.3:49899) with higher term. Message: Service unavailable: T f970f063780d4349888d8fd439beb0a0 P b141e05cb0444865b490089e568edadc [term 4 FOLLOWER]: Leader election vote request: Denying vote to candidate d7e4c153959b4c86b9dcb5a3441a879a for term 3 because replica is already servicing an update from a current leader or another vote.
I0516 22:02:33.167950 18066 leader_election.cc:366] T f970f063780d4349888d8fd439beb0a0 P d7e4c153959b4c86b9dcb5a3441a879a [CANDIDATE]: Term 3 election: Cancelling election due to peer responding with higher term
I0516 22:02:33.168222 18066 leader_election.cc:393] T f970f063780d4349888d8fd439beb0a0 P d7e4c153959b4c86b9dcb5a3441a879a [CANDIDATE]: Term 4 election: Vote denied by peer b141e05cb0444865b490089e568edadc (127.17.88.3:49899). Message: Invalid argument: T f970f063780d4349888d8fd439beb0a0 P b141e05cb0444865b490089e568edadc [term 4 FOLLOWER]: Leader election vote request: Denying vote to candidate d7e4c153959b4c86b9dcb5a3441a879a for term 4 because replica has last-logged OpId of term: 1 index: 1, which is greater than that of the candidate, which has last-logged OpId of term: 0 index: 0.
I0516 22:02:33.168352 18066 leader_election.cc:379] T f44edd9cb161433f9ae53e8d2e60e43e P d7e4c153959b4c86b9dcb5a3441a879a [CANDIDATE]: Term 2 election: Vote granted by peer b141e05cb0444865b490089e568edadc (127.17.88.3:49899)
I0516 22:02:33.168452 18066 leader_election.cc:270] T f44edd9cb161433f9ae53e8d2e60e43e P d7e4c153959b4c86b9dcb5a3441a879a [CANDIDATE]: Term 2 election: Election decided. Result: candidate won.
I0516 22:02:33.168499 18231 raft_consensus.cc:2166] T 00efb34f943d4fa88ec6dcd181ee5c96 P b141e05cb0444865b490089e568edadc [term 6 FOLLOWER]: Leader election vote request: Denying vote to candidate d7e4c153959b4c86b9dcb5a3441a879a for term 6 because replica has last-logged OpId of term: 1 index: 1, which is greater than that of the candidate, which has last-logged OpId of term: 0 index: 0.
I0516 22:02:33.168704 18231 tablet_service.cc:998] Received RequestConsensusVote() RPC: tablet_id: "f44edd9cb161433f9ae53e8d2e60e43e" candidate_uuid: "d7e4c153959b4c86b9dcb5a3441a879a" candidate_term: 3 candidate_status { last_received { term: 0 index: 0 } } ignore_live_leader: true dest_uuid: "b141e05cb0444865b490089e568edadc"
I0516 22:02:33.168809 18099 tablet_service.cc:1113] Received Run Leader Election RPC: tablet_id: "fde57a2e13af4bcc9077306cd4109c3e" dest_uuid: "d7e4c153959b4c86b9dcb5a3441a879a" from {username='slave'} at 127.0.0.1:45694
I0516 22:02:33.168916 18099 raft_consensus.cc:418] T fde57a2e13af4bcc9077306cd4109c3e P d7e4c153959b4c86b9dcb5a3441a879a [term 1 LEADER]: Not starting forced leader election -- already a leader
I0516 22:02:33.168843 18167 consensus_queue.cc:227] T f44edd9cb161433f9ae53e8d2e60e43e P d2767dd0c676459aa9c2533260fc9d46 [NON_LEADER]: Queue going to NON_LEADER mode. State: All replicated index: 0, Majority replicated index: 0, Committed index: 0, Last appended: 1.1, Last appended by leader: 1, Current term: 1, Majority size: -1, State: 0, Mode: NON_LEADER, active raft config: opid_index: -1 OBSOLETE_local: false peers { permanent_uuid: "d2767dd0c676459aa9c2533260fc9d46" member_type: VOTER last_known_addr { host: "127.17.88.2" port: 58101 } } peers { permanent_uuid: "d7e4c153959b4c86b9dcb5a3441a879a" member_type: VOTER last_known_addr { host: "127.17.88.1" port: 47831 } } peers { permanent_uuid: "b141e05cb0444865b490089e568edadc" member_type: VOTER last_known_addr { host: "127.17.88.3" port: 49899 } }
I0516 22:02:33.168995 18167 consensus_peers.cc:456] T f44edd9cb161433f9ae53e8d2e60e43e P d2767dd0c676459aa9c2533260fc9d46 -> Peer b141e05cb0444865b490089e568edadc (127.17.88.3:49899): Closing peer: b141e05cb0444865b490089e568edadc
I0516 22:02:33.169203 18167 consensus_peers.cc:456] T f44edd9cb161433f9ae53e8d2e60e43e P d2767dd0c676459aa9c2533260fc9d46 -> Peer d7e4c153959b4c86b9dcb5a3441a879a (127.17.88.1:47831): Closing peer: d7e4c153959b4c86b9dcb5a3441a879a
I0516 22:02:33.169277 18167 raft_consensus.cc:2756] T f44edd9cb161433f9ae53e8d2e60e43e P d2767dd0c676459aa9c2533260fc9d46 [term 1 FOLLOWER]: Advancing to term 2
I0516 22:02:33.169898 18235 tablet_service.cc:998] Received RequestConsensusVote() RPC: tablet_id: "ab7b2ac793a4455e9bbe98795c6a392f" candidate_uuid: "d7e4c153959b4c86b9dcb5a3441a879a" candidate_term: 5 candidate_status { last_received { term: 0 index: 0 } } ignore_live_leader: true dest_uuid: "b141e05cb0444865b490089e568edadc"
I0516 22:02:33.170187 18098 tablet_service.cc:1113] Received Run Leader Election RPC: tablet_id: "d744b1d6ab5c4844bd636ab76a6c3bee" dest_uuid: "d7e4c153959b4c86b9dcb5a3441a879a" from {username='slave'} at 127.0.0.1:45694
I0516 22:02:33.170310 18099 tablet_service.cc:1113] Received Run Leader Election RPC: tablet_id: "fde57a2e13af4bcc9077306cd4109c3e" dest_uuid: "d7e4c153959b4c86b9dcb5a3441a879a" from {username='slave'} at 127.0.0.1:45694
