I0516 22:02:33.282783 18095 tablet_service.cc:1113] Received Run Leader Election RPC: tablet_id: "ab7b2ac793a4455e9bbe98795c6a392f" dest_uuid: "d7e4c153959b4c86b9dcb5a3441a879a" from {username='slave'} at 127.0.0.1:45694
I0516 22:02:33.283991 18099 raft_consensus.cc:457] T 50f4658409f4467d91579fefb4bbc4af P d7e4c153959b4c86b9dcb5a3441a879a [term 8 FOLLOWER]: Starting forced leader election with config: opid_index: -1 OBSOLETE_local: false peers { permanent_uuid: "d7e4c153959b4c86b9dcb5a3441a879a" member_type: VOTER last_known_addr { host: "127.17.88.1" port: 47831 } } peers { permanent_uuid: "b141e05cb0444865b490089e568edadc" member_type: VOTER last_known_addr { host: "127.17.88.3" port: 49899 } } peers { permanent_uuid: "d2767dd0c676459aa9c2533260fc9d46" member_type: VOTER last_known_addr { host: "127.17.88.2" port: 58101 } }
I0516 22:02:33.284628 18063 leader_election.cc:270] T 50f4658409f4467d91579fefb4bbc4af P d7e4c153959b4c86b9dcb5a3441a879a [CANDIDATE]: Term 7 election: Election decided. Result: candidate won.
I0516 22:02:33.285240 18164 tablet_service.cc:998] Received RequestConsensusVote() RPC: tablet_id: "f44edd9cb161433f9ae53e8d2e60e43e" candidate_uuid: "d7e4c153959b4c86b9dcb5a3441a879a" candidate_term: 7 candidate_status { last_received { term: 0 index: 0 } } ignore_live_leader: true dest_uuid: "d2767dd0c676459aa9c2533260fc9d46"
I0516 22:02:33.285969 18164 raft_consensus.cc:2756] T f44edd9cb161433f9ae53e8d2e60e43e P d2767dd0c676459aa9c2533260fc9d46 [term 6 FOLLOWER]: Advancing to term 7
I0516 22:02:33.286049 18162 tablet_service.cc:998] Received RequestConsensusVote() RPC: tablet_id: "f2d85aa48a984f07a36195498f0f3754" candidate_uuid: "d7e4c153959b4c86b9dcb5a3441a879a" candidate_term: 9 candidate_status { last_received { term: 0 index: 0 } } ignore_live_leader: true dest_uuid: "d2767dd0c676459aa9c2533260fc9d46"
I0516 22:02:33.287948 18063 leader_election.cc:393] T f2d85aa48a984f07a36195498f0f3754 P d7e4c153959b4c86b9dcb5a3441a879a [CANDIDATE]: Term 8 election: Vote denied by peer d2767dd0c676459aa9c2533260fc9d46 (127.17.88.2:58101). Message: Invalid argument: T f2d85aa48a984f07a36195498f0f3754 P d2767dd0c676459aa9c2533260fc9d46 [term 8 FOLLOWER]: Leader election vote request: Denying vote to candidate d7e4c153959b4c86b9dcb5a3441a879a for term 8 because replica has last-logged OpId of term: 1 index: 1, which is greater than that of the candidate, which has last-logged OpId of term: 0 index: 0.
I0516 22:02:33.288151 18066 leader_election.cc:379] T f2d85aa48a984f07a36195498f0f3754 P d7e4c153959b4c86b9dcb5a3441a879a [CANDIDATE]: Term 6 election: Vote granted by peer b141e05cb0444865b490089e568edadc (127.17.88.3:49899)
I0516 22:02:33.288203 18066 leader_election.cc:270] T f2d85aa48a984f07a36195498f0f3754 P d7e4c153959b4c86b9dcb5a3441a879a [CANDIDATE]: Term 6 election: Election decided. Result: candidate won.
I0516 22:02:33.288173 18094 tablet_service.cc:1113] Received Run Leader Election RPC: tablet_id: "fde57a2e13af4bcc9077306cd4109c3e" dest_uuid: "d7e4c153959b4c86b9dcb5a3441a879a" from {username='slave'} at 127.0.0.1:45694
I0516 22:02:33.288271 18094 raft_consensus.cc:418] T fde57a2e13af4bcc9077306cd4109c3e P d7e4c153959b4c86b9dcb5a3441a879a [term 1 LEADER]: Not starting forced leader election -- already a leader
W0516 22:02:33.288311 18066 raft_consensus.cc:2415] T f2d85aa48a984f07a36195498f0f3754 P d7e4c153959b4c86b9dcb5a3441a879a: Unable to run election callback: Service unavailable: Thread pool token was shut down
I0516 22:02:33.288498 18100 tablet_service.cc:1113] Received Run Leader Election RPC: tablet_id: "807b2c351057419d846ab8586e3ed167" dest_uuid: "d7e4c153959b4c86b9dcb5a3441a879a" from {username='slave'} at 127.0.0.1:45694
I0516 22:02:33.288522 18228 raft_consensus.cc:2756] T 50f4658409f4467d91579fefb4bbc4af P b141e05cb0444865b490089e568edadc [term 5 FOLLOWER]: Advancing to term 7
I0516 22:02:33.288697 18167 raft_consensus.cc:2219] T 00efb34f943d4fa88ec6dcd181ee5c96 P d2767dd0c676459aa9c2533260fc9d46 [term 10 FOLLOWER]: Leader election vote request: Granting yes vote for candidate d7e4c153959b4c86b9dcb5a3441a879a in term 10.
I0516 22:02:33.288871 18163 raft_consensus.cc:2194] T 00efb34f943d4fa88ec6dcd181ee5c96 P d2767dd0c676459aa9c2533260fc9d46 [term 10 FOLLOWER]: Leader election vote request: Denying vote to candidate d7e4c153959b4c86b9dcb5a3441a879a for term 11 because replica is already servicing an update from a current leader or another vote.
I0516 22:02:33.289053 18066 leader_election.cc:393] T 00efb34f943d4fa88ec6dcd181ee5c96 P d7e4c153959b4c86b9dcb5a3441a879a [CANDIDATE]: Term 8 election: Vote denied by peer b141e05cb0444865b490089e568edadc (127.17.88.3:49899). Message: Invalid argument: T 00efb34f943d4fa88ec6dcd181ee5c96 P b141e05cb0444865b490089e568edadc [term 8 FOLLOWER]: Leader election vote request: Denying vote to candidate d7e4c153959b4c86b9dcb5a3441a879a for term 8 because replica has last-logged OpId of term: 1 index: 1, which is greater than that of the candidate, which has last-logged OpId of term: 0 index: 0.
I0516 22:02:33.289465 18101 tablet_service.cc:1113] Received Run Leader Election RPC: tablet_id: "f2d85aa48a984f07a36195498f0f3754" dest_uuid: "d7e4c153959b4c86b9dcb5a3441a879a" from {username='slave'} at 127.0.0.1:45694
I0516 22:02:33.289844 18233 tablet_service.cc:998] Received RequestConsensusVote() RPC: tablet_id: "f44edd9cb161433f9ae53e8d2e60e43e" candidate_uuid: "d7e4c153959b4c86b9dcb5a3441a879a" candidate_term: 7 candidate_status { last_received { term: 0 index: 0 } } ignore_live_leader: true dest_uuid: "b141e05cb0444865b490089e568edadc"
I0516 22:02:33.289947 18233 raft_consensus.cc:2756] T f44edd9cb161433f9ae53e8d2e60e43e P b141e05cb0444865b490089e568edadc [term 6 FOLLOWER]: Advancing to term 7
I0516 22:02:33.288691 18351 consensus_queue.cc:963] T d744b1d6ab5c4844bd636ab76a6c3bee P d7e4c153959b4c86b9dcb5a3441a879a [LEADER]: Connected to new peer: Peer: permanent_uuid: "b141e05cb0444865b490089e568edadc" member_type: VOTER last_known_addr { host: "127.17.88.3" port: 49899 }, Status: LMP_MISMATCH, Last received: 0.0, Next index: 1, Last known committed idx: 0, Time since last communication: 0.011s
I0516 22:02:33.290199 18233 raft_consensus.cc:2704] T f44edd9cb161433f9ae53e8d2e60e43e P b141e05cb0444865b490089e568edadc: Snoozing failure detection for 1.813s (vote granted)
I0516 22:02:33.290278 18101 tablet_service.cc:1113] Received Run Leader Election RPC: tablet_id: "f2d85aa48a984f07a36195498f0f3754" dest_uuid: "d7e4c153959b4c86b9dcb5a3441a879a" from {username='slave'} at 127.0.0.1:45694
I0516 22:02:33.290472 18095 tablet_service.cc:1113] Received Run Leader Election RPC: tablet_id: "ab7b2ac793a4455e9bbe98795c6a392f" dest_uuid: "d7e4c153959b4c86b9dcb5a3441a879a" from {username='slave'} at 127.0.0.1:45694
I0516 22:02:33.290871 18165 raft_consensus.cc:2219] T f970f063780d4349888d8fd439beb0a0 P d2767dd0c676459aa9c2533260fc9d46 [term 7 FOLLOWER]: Leader election vote request: Granting yes vote for candidate d7e4c153959b4c86b9dcb5a3441a879a in term 7.
I0516 22:02:33.290920 18237 raft_consensus.cc:2166] T 00efb34f943d4fa88ec6dcd181ee5c96 P b141e05cb0444865b490089e568edadc [term 11 FOLLOWER]: Leader election vote request: Denying vote to candidate d7e4c153959b4c86b9dcb5a3441a879a for term 11 because replica has last-logged OpId of term: 1 index: 1, which is greater than that of the candidate, which has last-logged OpId of term: 0 index: 0.
I0516 22:02:33.291098 18228 raft_consensus.cc:2166] T 50f4658409f4467d91579fefb4bbc4af P b141e05cb0444865b490089e568edadc [term 7 FOLLOWER]: Leader election vote request: Denying vote to candidate d7e4c153959b4c86b9dcb5a3441a879a for term 7 because replica has last-logged OpId of term: 1 index: 1, which is greater than that of the candidate, which has last-logged OpId of term: 0 index: 0.
I0516 22:02:33.291241 18234 raft_consensus.cc:2194] T 50f4658409f4467d91579fefb4bbc4af P b141e05cb0444865b490089e568edadc [term 7 FOLLOWER]: Leader election vote request: Denying vote to candidate d7e4c153959b4c86b9dcb5a3441a879a for term 6 because replica is already servicing an update from a current leader or another vote.
I0516 22:02:33.291239 18095 tablet_service.cc:1113] Received Run Leader Election RPC: tablet_id: "807b2c351057419d846ab8586e3ed167" dest_uuid: "d7e4c153959b4c86b9dcb5a3441a879a" from {username='slave'} at 127.0.0.1:45694
I0516 22:02:33.291479 18099 leader_election.cc:243] T 50f4658409f4467d91579fefb4bbc4af P d7e4c153959b4c86b9dcb5a3441a879a [CANDIDATE]: Term 8 election: Requesting vote from peer b141e05cb0444865b490089e568edadc (127.17.88.3:49899)
I0516 22:02:33.291498 18348 raft_consensus.cc:2704] T 50f4658409f4467d91579fefb4bbc4af P d7e4c153959b4c86b9dcb5a3441a879a: Snoozing failure detection for 1.947s (election complete)
I0516 22:02:33.291558 18348 raft_consensus.cc:2474] T 50f4658409f4467d91579fefb4bbc4af P d7e4c153959b4c86b9dcb5a3441a879a [term 8 FOLLOWER]: Leader election decision vote started in defunct term 5: won
I0516 22:02:33.291590 18099 leader_election.cc:243] T 50f4658409f4467d91579fefb4bbc4af P d7e4c153959b4c86b9dcb5a3441a879a [CANDIDATE]: Term 8 election: Requesting vote from peer d2767dd0c676459aa9c2533260fc9d46 (127.17.88.2:58101)
I0516 22:02:33.291728 18347 raft_consensus.cc:2704] T 50f4658409f4467d91579fefb4bbc4af P d7e4c153959b4c86b9dcb5a3441a879a: Snoozing failure detection for 2.022s (election complete)
I0516 22:02:33.291779 18347 raft_consensus.cc:2474] T 50f4658409f4467d91579fefb4bbc4af P d7e4c153959b4c86b9dcb5a3441a879a [term 8 FOLLOWER]: Leader election decision vote started in defunct term 6: won
I0516 22:02:33.291857 18289 raft_consensus.cc:2704] T 50f4658409f4467d91579fefb4bbc4af P d7e4c153959b4c86b9dcb5a3441a879a: Snoozing failure detection for 1.973s (election complete)
I0516 22:02:33.291919 18289 raft_consensus.cc:2474] T 50f4658409f4467d91579fefb4bbc4af P d7e4c153959b4c86b9dcb5a3441a879a [term 8 FOLLOWER]: Leader election decision vote started in defunct term 7: won
I0516 22:02:33.292443 18099 tablet_service.cc:1113] Received Run Leader Election RPC: tablet_id: "f2d85aa48a984f07a36195498f0f3754" dest_uuid: "d7e4c153959b4c86b9dcb5a3441a879a" from {username='slave'} at 127.0.0.1:45694
I0516 22:02:33.292524 18095 tablet_service.cc:1113] Received Run Leader Election RPC: tablet_id: "ab7b2ac793a4455e9bbe98795c6a392f" dest_uuid: "d7e4c153959b4c86b9dcb5a3441a879a" from {username='slave'} at 127.0.0.1:45694
I0516 22:02:33.292757 18233 raft_consensus.cc:2219] T f44edd9cb161433f9ae53e8d2e60e43e P b141e05cb0444865b490089e568edadc [term 7 FOLLOWER]: Leader election vote request: Granting yes vote for candidate d7e4c153959b4c86b9dcb5a3441a879a in term 7.
I0516 22:02:33.292832 18095 tablet_service.cc:1113] Received Run Leader Election RPC: tablet_id: "807b2c351057419d846ab8586e3ed167" dest_uuid: "d7e4c153959b4c86b9dcb5a3441a879a" from {username='slave'} at 127.0.0.1:45694
I0516 22:02:33.293025 18097 tablet_service.cc:1113] Received Run Leader Election RPC: tablet_id: "d744b1d6ab5c4844bd636ab76a6c3bee" dest_uuid: "d7e4c153959b4c86b9dcb5a3441a879a" from {username='slave'} at 127.0.0.1:45694
I0516 22:02:33.293136 18164 raft_consensus.cc:2166] T f44edd9cb161433f9ae53e8d2e60e43e P d2767dd0c676459aa9c2533260fc9d46 [term 7 FOLLOWER]: Leader election vote request: Denying vote to candidate d7e4c153959b4c86b9dcb5a3441a879a for term 7 because replica has last-logged OpId of term: 1 index: 1, which is greater than that of the candidate, which has last-logged OpId of term: 0 index: 0.
I0516 22:02:33.293238 18099 tablet_service.cc:1113] Received Run Leader Election RPC: tablet_id: "50f4658409f4467d91579fefb4bbc4af" dest_uuid: "d7e4c153959b4c86b9dcb5a3441a879a" from {username='slave'} at 127.0.0.1:45694
I0516 22:02:33.293196 18093 raft_consensus.cc:457] T 7966cd4464434af09b1b861e14d66bf9 P d7e4c153959b4c86b9dcb5a3441a879a [term 8 FOLLOWER]: Starting forced leader election with config: opid_index: -1 OBSOLETE_local: false peers { permanent_uuid: "d2767dd0c676459aa9c2533260fc9d46" member_type: VOTER last_known_addr { host: "127.17.88.2" port: 58101 } } peers { permanent_uuid: "d7e4c153959b4c86b9dcb5a3441a879a" member_type: VOTER last_known_addr { host: "127.17.88.1" port: 47831 } } peers { permanent_uuid: "b141e05cb0444865b490089e568edadc" member_type: VOTER last_known_addr { host: "127.17.88.3" port: 49899 } }
I0516 22:02:33.293175 18162 raft_consensus.cc:2756] T f2d85aa48a984f07a36195498f0f3754 P d2767dd0c676459aa9c2533260fc9d46 [term 8 FOLLOWER]: Advancing to term 9
I0516 22:02:33.293349 18099 raft_consensus.cc:435] T 50f4658409f4467d91579fefb4bbc4af P d7e4c153959b4c86b9dcb5a3441a879a [term 8 FOLLOWER]: Starting forced leader election (received explicit request)
I0516 22:02:33.293393 18099 raft_consensus.cc:2704] T 50f4658409f4467d91579fefb4bbc4af P d7e4c153959b4c86b9dcb5a3441a879a: Snoozing failure detection for 1.616s (starting election)
I0516 22:02:33.293123 18346 ts_tablet_manager.cc:1382] T f2d85aa48a984f07a36195498f0f3754 P d7e4c153959b4c86b9dcb5a3441a879a: tablet deleted with delete type TABLET_DATA_DELETED: last-logged OpId 0.0
I0516 22:02:33.293457 18230 raft_consensus.cc:2166] T f970f063780d4349888d8fd439beb0a0 P b141e05cb0444865b490089e568edadc [term 7 FOLLOWER]: Leader election vote request: Denying vote to candidate d7e4c153959b4c86b9dcb5a3441a879a for term 7 because replica has last-logged OpId of term: 1 index: 1, which is greater than that of the candidate, which has last-logged OpId of term: 0 index: 0.
I0516 22:02:33.293493 18346 log.cc:981] T f2d85aa48a984f07a36195498f0f3754 P d7e4c153959b4c86b9dcb5a3441a879a: Deleting WAL directory at /tmp/dist-test-tasksS1KRx/test-tmp/delete_tablet-itest.0.DeleteTabletITest.TestLeaderElectionDuringDeleteTablet.1526508151408653-17760/minicluster-data/ts-0-root/wals/f2d85aa48a984f07a36195498f0f3754
I0516 22:02:33.293684 18323 raft_consensus.cc:2704] T 7966cd4464434af09b1b861e14d66bf9 P d7e4c153959b4c86b9dcb5a3441a879a: Snoozing failure detection for 1.729s (election complete)
I0516 22:02:33.293139 18097 raft_consensus.cc:418] T d744b1d6ab5c4844bd636ab76a6c3bee P d7e4c153959b4c86b9dcb5a3441a879a [term 1 LEADER]: Not starting forced leader election -- already a leader
I0516 22:02:33.293897 18102 raft_consensus.cc:2704] T f970f063780d4349888d8fd439beb0a0 P d7e4c153959b4c86b9dcb5a3441a879a: Snoozing failure detection for 2.677s (starting election)
I0516 22:02:33.293946 18102 raft_consensus.cc:2756] T f970f063780d4349888d8fd439beb0a0 P d7e4c153959b4c86b9dcb5a3441a879a [term 7 FOLLOWER]: Advancing to term 8
I0516 22:02:33.293917 18095 tablet_service.cc:1113] Received Run Leader Election RPC: tablet_id: "f2d85aa48a984f07a36195498f0f3754" dest_uuid: "d7e4c153959b4c86b9dcb5a3441a879a" from {username='slave'} at 127.0.0.1:45694
I0516 22:02:33.293975 18100 tablet_service.cc:1113] Received Run Leader Election RPC: tablet_id: "807b2c351057419d846ab8586e3ed167" dest_uuid: "d7e4c153959b4c86b9dcb5a3441a879a" from {username='slave'} at 127.0.0.1:45694
I0516 22:02:33.294070 18323 raft_consensus.cc:2474] T 7966cd4464434af09b1b861e14d66bf9 P d7e4c153959b4c86b9dcb5a3441a879a [term 8 FOLLOWER]: Leader election decision vote started in defunct term 4: won
I0516 22:02:33.294189 18093 leader_election.cc:243] T 7966cd4464434af09b1b861e14d66bf9 P d7e4c153959b4c86b9dcb5a3441a879a [CANDIDATE]: Term 8 election: Requesting vote from peer d2767dd0c676459aa9c2533260fc9d46 (127.17.88.2:58101)
I0516 22:02:33.294991 18095 tablet_service.cc:1113] Received Run Leader Election RPC: tablet_id: "f2d85aa48a984f07a36195498f0f3754" dest_uuid: "d7e4c153959b4c86b9dcb5a3441a879a" from {username='slave'} at 127.0.0.1:45694
I0516 22:02:33.295430 18162 raft_consensus.cc:2166] T f2d85aa48a984f07a36195498f0f3754 P d2767dd0c676459aa9c2533260fc9d46 [term 9 FOLLOWER]: Leader election vote request: Denying vote to candidate d7e4c153959b4c86b9dcb5a3441a879a for term 9 because replica has last-logged OpId of term: 1 index: 1, which is greater than that of the candidate, which has last-logged OpId of term: 0 index: 0.
I0516 22:02:33.296214 18093 leader_election.cc:243] T 7966cd4464434af09b1b861e14d66bf9 P d7e4c153959b4c86b9dcb5a3441a879a [CANDIDATE]: Term 8 election: Requesting vote from peer b141e05cb0444865b490089e568edadc (127.17.88.3:49899)
I0516 22:02:33.296272 18096 leader_election.cc:243] T 00efb34f943d4fa88ec6dcd181ee5c96 P d7e4c153959b4c86b9dcb5a3441a879a [CANDIDATE]: Term 12 election: Requesting vote from peer d2767dd0c676459aa9c2533260fc9d46 (127.17.88.2:58101)
I0516 22:02:33.296387 18096 leader_election.cc:243] T 00efb34f943d4fa88ec6dcd181ee5c96 P d7e4c153959b4c86b9dcb5a3441a879a [CANDIDATE]: Term 12 election: Requesting vote from peer b141e05cb0444865b490089e568edadc (127.17.88.3:49899)
I0516 22:02:33.296602 18098 tablet_service.cc:1113] Received Run Leader Election RPC: tablet_id: "f44edd9cb161433f9ae53e8d2e60e43e" dest_uuid: "d7e4c153959b4c86b9dcb5a3441a879a" from {username='slave'} at 127.0.0.1:45694
I0516 22:02:33.296597 18229 tablet_service.cc:998] Received RequestConsensusVote() RPC: tablet_id: "f2d85aa48a984f07a36195498f0f3754" candidate_uuid: "d7e4c153959b4c86b9dcb5a3441a879a" candidate_term: 9 candidate_status { last_received { term: 0 index: 0 } } ignore_live_leader: true dest_uuid: "b141e05cb0444865b490089e568edadc"
I0516 22:02:33.296713 18229 raft_consensus.cc:2756] T f2d85aa48a984f07a36195498f0f3754 P b141e05cb0444865b490089e568edadc [term 8 FOLLOWER]: Advancing to term 9
I0516 22:02:33.296710 18098 raft_consensus.cc:435] T f44edd9cb161433f9ae53e8d2e60e43e P d7e4c153959b4c86b9dcb5a3441a879a [term 7 FOLLOWER]: Starting forced leader election (received explicit request)
I0516 22:02:33.296866 18094 tablet_service.cc:1113] Received Run Leader Election RPC: tablet_id: "fde57a2e13af4bcc9077306cd4109c3e" dest_uuid: "d7e4c153959b4c86b9dcb5a3441a879a" from {username='slave'} at 127.0.0.1:45694
I0516 22:02:33.296941 18229 raft_consensus.cc:2704] T f2d85aa48a984f07a36195498f0f3754 P b141e05cb0444865b490089e568edadc: Snoozing failure detection for 1.997s (vote granted)
I0516 22:02:33.297045 18094 raft_consensus.cc:418] T fde57a2e13af4bcc9077306cd4109c3e P d7e4c153959b4c86b9dcb5a3441a879a [term 1 LEADER]: Not starting forced leader election -- already a leader
I0516 22:02:33.297052 18093 tablet_service.cc:1113] Received Run Leader Election RPC: tablet_id: "00efb34f943d4fa88ec6dcd181ee5c96" dest_uuid: "d7e4c153959b4c86b9dcb5a3441a879a" from {username='slave'} at 127.0.0.1:45694
I0516 22:02:33.297049 18096 tablet_service.cc:1113] Received Run Leader Election RPC: tablet_id: "7966cd4464434af09b1b861e14d66bf9" dest_uuid: "d7e4c153959b4c86b9dcb5a3441a879a" from {username='slave'} at 127.0.0.1:45694
I0516 22:02:33.297174 18346 ts_tablet_manager.cc:1402] T f2d85aa48a984f07a36195498f0f3754 P d7e4c153959b4c86b9dcb5a3441a879a: Deleting consensus metadata
I0516 22:02:33.297319 18093 raft_consensus.cc:435] T 00efb34f943d4fa88ec6dcd181ee5c96 P d7e4c153959b4c86b9dcb5a3441a879a [term 12 FOLLOWER]: Starting forced leader election (received explicit request)
I0516 22:02:33.297369 18093 raft_consensus.cc:2704] T 00efb34f943d4fa88ec6dcd181ee5c96 P d7e4c153959b4c86b9dcb5a3441a879a: Snoozing failure detection for 5.009s (starting election)
I0516 22:02:33.297789 18096 raft_consensus.cc:435] T 7966cd4464434af09b1b861e14d66bf9 P d7e4c153959b4c86b9dcb5a3441a879a [term 8 FOLLOWER]: Starting forced leader election (received explicit request)
I0516 22:02:33.297796 18093 raft_consensus.cc:2756] T 00efb34f943d4fa88ec6dcd181ee5c96 P d7e4c153959b4c86b9dcb5a3441a879a [term 12 FOLLOWER]: Advancing to term 13
I0516 22:02:33.299032 18229 raft_consensus.cc:2219] T f2d85aa48a984f07a36195498f0f3754 P b141e05cb0444865b490089e568edadc [term 9 FOLLOWER]: Leader election vote request: Granting yes vote for candidate d7e4c153959b4c86b9dcb5a3441a879a in term 9.
I0516 22:02:33.299111 18093 raft_consensus.cc:457] T 00efb34f943d4fa88ec6dcd181ee5c96 P d7e4c153959b4c86b9dcb5a3441a879a [term 13 FOLLOWER]: Starting forced leader election with config: opid_index: -1 OBSOLETE_local: false peers { permanent_uuid: "d2767dd0c676459aa9c2533260fc9d46" member_type: VOTER last_known_addr { host: "127.17.88.2" port: 58101 } } peers { permanent_uuid: "d7e4c153959b4c86b9dcb5a3441a879a" member_type: VOTER last_known_addr { host: "127.17.88.1" port: 47831 } } peers { permanent_uuid: "b141e05cb0444865b490089e568edadc" member_type: VOTER last_known_addr { host: "127.17.88.3" port: 49899 } }
I0516 22:02:33.299310 18100 tablet_service.cc:1113] Received Run Leader Election RPC: tablet_id: "d744b1d6ab5c4844bd636ab76a6c3bee" dest_uuid: "d7e4c153959b4c86b9dcb5a3441a879a" from {username='slave'} at 127.0.0.1:45694
I0516 22:02:33.299414 18093 leader_election.cc:243] T 00efb34f943d4fa88ec6dcd181ee5c96 P d7e4c153959b4c86b9dcb5a3441a879a [CANDIDATE]: Term 13 election: Requesting vote from peer d2767dd0c676459aa9c2533260fc9d46 (127.17.88.2:58101)
I0516 22:02:33.299440 18100 raft_consensus.cc:418] T d744b1d6ab5c4844bd636ab76a6c3bee P d7e4c153959b4c86b9dcb5a3441a879a [term 1 LEADER]: Not starting forced leader election -- already a leader
I0516 22:02:33.299505 18093 leader_election.cc:243] T 00efb34f943d4fa88ec6dcd181ee5c96 P d7e4c153959b4c86b9dcb5a3441a879a [CANDIDATE]: Term 13 election: Requesting vote from peer b141e05cb0444865b490089e568edadc (127.17.88.3:49899)
I0516 22:02:33.299552 18066 leader_election.cc:393] T 50f4658409f4467d91579fefb4bbc4af P d7e4c153959b4c86b9dcb5a3441a879a [CANDIDATE]: Term 5 election: Vote denied by peer b141e05cb0444865b490089e568edadc (127.17.88.3:49899). Message: Invalid argument: T 50f4658409f4467d91579fefb4bbc4af P b141e05cb0444865b490089e568edadc [term 5 FOLLOWER]: Leader election vote request: Denying vote to candidate d7e4c153959b4c86b9dcb5a3441a879a for term 5 because replica has last-logged OpId of term: 1 index: 1, which is greater than that of the candidate, which has last-logged OpId of term: 0 index: 0.
I0516 22:02:33.299907 18066 leader_election.cc:379] T 7966cd4464434af09b1b861e14d66bf9 P d7e4c153959b4c86b9dcb5a3441a879a [CANDIDATE]: Term 5 election: Vote granted by peer b141e05cb0444865b490089e568edadc (127.17.88.3:49899)
I0516 22:02:33.299981 18066 leader_election.cc:270] T 7966cd4464434af09b1b861e14d66bf9 P d7e4c153959b4c86b9dcb5a3441a879a [CANDIDATE]: Term 5 election: Election decided. Result: candidate won.
I0516 22:02:33.300139 18093 tablet_service.cc:1113] Received Run Leader Election RPC: tablet_id: "d744b1d6ab5c4844bd636ab76a6c3bee" dest_uuid: "d7e4c153959b4c86b9dcb5a3441a879a" from {username='slave'} at 127.0.0.1:45694
I0516 22:02:33.300287 18093 raft_consensus.cc:418] T d744b1d6ab5c4844bd636ab76a6c3bee P d7e4c153959b4c86b9dcb5a3441a879a [term 1 LEADER]: Not starting forced leader election -- already a leader
I0516 22:02:33.300248 18100 tablet_service.cc:1113] Received Run Leader Election RPC: tablet_id: "00efb34f943d4fa88ec6dcd181ee5c96" dest_uuid: "d7e4c153959b4c86b9dcb5a3441a879a" from {username='slave'} at 127.0.0.1:45694
I0516 22:02:33.300403 18100 raft_consensus.cc:435] T 00efb34f943d4fa88ec6dcd181ee5c96 P d7e4c153959b4c86b9dcb5a3441a879a [term 13 FOLLOWER]: Starting forced leader election (received explicit request)
I0516 22:02:33.300489 18100 raft_consensus.cc:2704] T 00efb34f943d4fa88ec6dcd181ee5c96 P d7e4c153959b4c86b9dcb5a3441a879a: Snoozing failure detection for 4.275s (starting election)
I0516 22:02:33.300540 18100 raft_consensus.cc:2756] T 00efb34f943d4fa88ec6dcd181ee5c96 P d7e4c153959b4c86b9dcb5a3441a879a [term 13 FOLLOWER]: Advancing to term 14
I0516 22:02:33.300709 18230 tablet_service.cc:998] Received RequestConsensusVote() RPC: tablet_id: "50f4658409f4467d91579fefb4bbc4af" candidate_uuid: "d7e4c153959b4c86b9dcb5a3441a879a" candidate_term: 8 candidate_status { last_received { term: 0 index: 0 } } ignore_live_leader: true dest_uuid: "b141e05cb0444865b490089e568edadc"
I0516 22:02:33.300846 18230 raft_consensus.cc:2756] T 50f4658409f4467d91579fefb4bbc4af P b141e05cb0444865b490089e568edadc [term 7 FOLLOWER]: Advancing to term 8
I0516 22:02:33.300900 18095 tablet_service.cc:1113] Received Run Leader Election RPC: tablet_id: "f2d85aa48a984f07a36195498f0f3754" dest_uuid: "d7e4c153959b4c86b9dcb5a3441a879a" from {username='slave'} at 127.0.0.1:45694
I0516 22:02:33.301093 18102 raft_consensus.cc:457] T f970f063780d4349888d8fd439beb0a0 P d7e4c153959b4c86b9dcb5a3441a879a [term 8 FOLLOWER]: Starting forced leader election with config: opid_index: -1 OBSOLETE_local: false peers { permanent_uuid: "d7e4c153959b4c86b9dcb5a3441a879a" member_type: VOTER last_known_addr { host: "127.17.88.1" port: 47831 } } peers { permanent_uuid: "d2767dd0c676459aa9c2533260fc9d46" member_type: VOTER last_known_addr { host: "127.17.88.2" port: 58101 } } peers { permanent_uuid: "b141e05cb0444865b490089e568edadc" member_type: VOTER last_known_addr { host: "127.17.88.3" port: 49899 } }
I0516 22:02:33.301683 18102 leader_election.cc:243] T f970f063780d4349888d8fd439beb0a0 P d7e4c153959b4c86b9dcb5a3441a879a [CANDIDATE]: Term 8 election: Requesting vote from peer d2767dd0c676459aa9c2533260fc9d46 (127.17.88.2:58101)
I0516 22:02:33.301834 18098 raft_consensus.cc:2704] T f44edd9cb161433f9ae53e8d2e60e43e P d7e4c153959b4c86b9dcb5a3441a879a: Snoozing failure detection for 1.509s (starting election)
I0516 22:02:33.301895 18098 raft_consensus.cc:2756] T f44edd9cb161433f9ae53e8d2e60e43e P d7e4c153959b4c86b9dcb5a3441a879a [term 7 FOLLOWER]: Advancing to term 8
I0516 22:02:33.302114 18101 tablet_service.cc:1113] Received Run Leader Election RPC: tablet_id: "ab7b2ac793a4455e9bbe98795c6a392f" dest_uuid: "d7e4c153959b4c86b9dcb5a3441a879a" from {username='slave'} at 127.0.0.1:45694
I0516 22:02:33.302388 18228 tablet_service.cc:998] Received RequestConsensusVote() RPC: tablet_id: "00efb34f943d4fa88ec6dcd181ee5c96" candidate_uuid: "d7e4c153959b4c86b9dcb5a3441a879a" candidate_term: 13 candidate_status { last_received { term: 0 index: 0 } } ignore_live_leader: true dest_uuid: "b141e05cb0444865b490089e568edadc"
I0516 22:02:33.302489 18228 raft_consensus.cc:2756] T 00efb34f943d4fa88ec6dcd181ee5c96 P b141e05cb0444865b490089e568edadc [term 11 FOLLOWER]: Advancing to term 13
I0516 22:02:33.302713 18101 tablet_service.cc:1113] Received Run Leader Election RPC: tablet_id: "f2d85aa48a984f07a36195498f0f3754" dest_uuid: "d7e4c153959b4c86b9dcb5a3441a879a" from {username='slave'} at 127.0.0.1:45694
W0516 22:02:33.302796 18063 leader_election.cc:363] T f2d85aa48a984f07a36195498f0f3754 P d7e4c153959b4c86b9dcb5a3441a879a [CANDIDATE]: Term 7 election: Vote denied by peer d2767dd0c676459aa9c2533260fc9d46 (127.17.88.2:58101) with higher term. Message: Service unavailable: T f2d85aa48a984f07a36195498f0f3754 P d2767dd0c676459aa9c2533260fc9d46 [term 8 FOLLOWER]: Leader election vote request: Denying vote to candidate d7e4c153959b4c86b9dcb5a3441a879a for term 7 because replica is already servicing an update from a current leader or another vote.
I0516 22:02:33.302839 18063 leader_election.cc:366] T f2d85aa48a984f07a36195498f0f3754 P d7e4c153959b4c86b9dcb5a3441a879a [CANDIDATE]: Term 7 election: Cancelling election due to peer responding with higher term
I0516 22:02:33.301445 18099 raft_consensus.cc:2756] T 50f4658409f4467d91579fefb4bbc4af P d7e4c153959b4c86b9dcb5a3441a879a [term 8 FOLLOWER]: Advancing to term 9
W0516 22:02:33.303133 18063 raft_consensus.cc:2415] T f2d85aa48a984f07a36195498f0f3754 P d7e4c153959b4c86b9dcb5a3441a879a: Unable to run election callback: Service unavailable: Thread pool token was shut down
I0516 22:02:33.303158 18083 tablet_service.cc:801] Processing DeleteTablet for tablet 00efb34f943d4fa88ec6dcd181ee5c96 with delete_type TABLET_DATA_DELETED from {username='slave'} at 127.0.0.1:45694
I0516 22:02:33.303475 18093 tablet_service.cc:1113] Received Run Leader Election RPC: tablet_id: "d744b1d6ab5c4844bd636ab76a6c3bee" dest_uuid: "d7e4c153959b4c86b9dcb5a3441a879a" from {username='slave'} at 127.0.0.1:45694
I0516 22:02:33.303560 18093 raft_consensus.cc:418] T d744b1d6ab5c4844bd636ab76a6c3bee P d7e4c153959b4c86b9dcb5a3441a879a [term 1 LEADER]: Not starting forced leader election -- already a leader
I0516 22:02:33.303647 18346 tablet_replica.cc:261] T 00efb34f943d4fa88ec6dcd181ee5c96 P d7e4c153959b4c86b9dcb5a3441a879a: stopping tablet replica
I0516 22:02:33.304205 18095 tablet_service.cc:1113] Received Run Leader Election RPC: tablet_id: "d744b1d6ab5c4844bd636ab76a6c3bee" dest_uuid: "d7e4c153959b4c86b9dcb5a3441a879a" from {username='slave'} at 127.0.0.1:45694
I0516 22:02:33.304607 18093 tablet_service.cc:1113] Received Run Leader Election RPC: tablet_id: "f2d85aa48a984f07a36195498f0f3754" dest_uuid: "d7e4c153959b4c86b9dcb5a3441a879a" from {username='slave'} at 127.0.0.1:45694
I0516 22:02:33.304832 18066 leader_election.cc:379] T ab7b2ac793a4455e9bbe98795c6a392f P d7e4c153959b4c86b9dcb5a3441a879a [CANDIDATE]: Term 6 election: Vote granted by peer b141e05cb0444865b490089e568edadc (127.17.88.3:49899)
I0516 22:02:33.304903 18063 leader_election.cc:393] T f44edd9cb161433f9ae53e8d2e60e43e P d7e4c153959b4c86b9dcb5a3441a879a [CANDIDATE]: Term 6 election: Vote denied by peer d2767dd0c676459aa9c2533260fc9d46 (127.17.88.2:58101). Message: Invalid argument: T f44edd9cb161433f9ae53e8d2e60e43e P d2767dd0c676459aa9c2533260fc9d46 [term 6 FOLLOWER]: Leader election vote request: Denying vote to candidate d7e4c153959b4c86b9dcb5a3441a879a for term 6 because replica has last-logged OpId of term: 1 index: 1, which is greater than that of the candidate, which has last-logged OpId of term: 0 index: 0.
I0516 22:02:33.305361 18164 tablet_service.cc:998] Received RequestConsensusVote() RPC: tablet_id: "7966cd4464434af09b1b861e14d66bf9" candidate_uuid: "d7e4c153959b4c86b9dcb5a3441a879a" candidate_term: 8 candidate_status { last_received { term: 0 index: 0 } } ignore_live_leader: true dest_uuid: "d2767dd0c676459aa9c2533260fc9d46"
I0516 22:02:33.305428 18093 tablet_service.cc:1113] Received Run Leader Election RPC: tablet_id: "f2d85aa48a984f07a36195498f0f3754" dest_uuid: "d7e4c153959b4c86b9dcb5a3441a879a" from {username='slave'} at 127.0.0.1:45694
I0516 22:02:33.306540 18102 leader_election.cc:243] T f970f063780d4349888d8fd439beb0a0 P d7e4c153959b4c86b9dcb5a3441a879a [CANDIDATE]: Term 8 election: Requesting vote from peer b141e05cb0444865b490089e568edadc (127.17.88.3:49899)
I0516 22:02:33.306567 18165 tablet_service.cc:998] Received RequestConsensusVote() RPC: tablet_id: "00efb34f943d4fa88ec6dcd181ee5c96" candidate_uuid: "d7e4c153959b4c86b9dcb5a3441a879a" candidate_term: 12 candidate_status { last_received { term: 0 index: 0 } } ignore_live_leader: true dest_uuid: "d2767dd0c676459aa9c2533260fc9d46"
I0516 22:02:33.306566 18234 tablet_service.cc:998] Received RequestConsensusVote() RPC: tablet_id: "00efb34f943d4fa88ec6dcd181ee5c96" candidate_uuid: "d7e4c153959b4c86b9dcb5a3441a879a" candidate_term: 12 candidate_status { last_received { term: 0 index: 0 } } ignore_live_leader: true dest_uuid: "b141e05cb0444865b490089e568edadc"
I0516 22:02:33.306870 18167 tablet_service.cc:998] Received RequestConsensusVote() RPC: tablet_id: "f970f063780d4349888d8fd439beb0a0" candidate_uuid: "d7e4c153959b4c86b9dcb5a3441a879a" candidate_term: 8 candidate_status { last_received { term: 0 index: 0 } } ignore_live_leader: true dest_uuid: "d2767dd0c676459aa9c2533260fc9d46"
I0516 22:02:33.307428 18102 tablet_service.cc:1113] Received Run Leader Election RPC: tablet_id: "f970f063780d4349888d8fd439beb0a0" dest_uuid: "d7e4c153959b4c86b9dcb5a3441a879a" from {username='slave'} at 127.0.0.1:45694
I0516 22:02:33.308120 18099 raft_consensus.cc:457] T 50f4658409f4467d91579fefb4bbc4af P d7e4c153959b4c86b9dcb5a3441a879a [term 9 FOLLOWER]: Starting forced leader election with config: opid_index: -1 OBSOLETE_local: false peers { permanent_uuid: "d7e4c153959b4c86b9dcb5a3441a879a" member_type: VOTER last_known_addr { host: "127.17.88.1" port: 47831 } } peers { permanent_uuid: "b141e05cb0444865b490089e568edadc" member_type: VOTER last_known_addr { host: "127.17.88.3" port: 49899 } } peers { permanent_uuid: "d2767dd0c676459aa9c2533260fc9d46" member_type: VOTER last_known_addr { host: "127.17.88.2" port: 58101 } }
I0516 22:02:33.308867 18230 raft_consensus.cc:2166] T 50f4658409f4467d91579fefb4bbc4af P b141e05cb0444865b490089e568edadc [term 8 FOLLOWER]: Leader election vote request: Denying vote to candidate d7e4c153959b4c86b9dcb5a3441a879a for term 8 because replica has last-logged OpId of term: 1 index: 1, which is greater than that of the candidate, which has last-logged OpId of term: 0 index: 0.
I0516 22:02:33.309370 18165 raft_consensus.cc:2756] T 00efb34f943d4fa88ec6dcd181ee5c96 P d2767dd0c676459aa9c2533260fc9d46 [term 10 FOLLOWER]: Advancing to term 12
I0516 22:02:33.309391 18094 tablet_service.cc:1113] Received Run Leader Election RPC: tablet_id: "fde57a2e13af4bcc9077306cd4109c3e" dest_uuid: "d7e4c153959b4c86b9dcb5a3441a879a" from {username='slave'} at 127.0.0.1:45694
I0516 22:02:33.309442 18165 raft_consensus.cc:2704] T 00efb34f943d4fa88ec6dcd181ee5c96 P d2767dd0c676459aa9c2533260fc9d46: Snoozing failure detection for 2.013s (vote granted)
I0516 22:02:33.309494 18094 raft_consensus.cc:418] T fde57a2e13af4bcc9077306cd4109c3e P d7e4c153959b4c86b9dcb5a3441a879a [term 1 LEADER]: Not starting forced leader election -- already a leader
I0516 22:02:33.309736 18101 tablet_service.cc:1113] Received Run Leader Election RPC: tablet_id: "ab7b2ac793a4455e9bbe98795c6a392f" dest_uuid: "d7e4c153959b4c86b9dcb5a3441a879a" from {username='slave'} at 127.0.0.1:45694
I0516 22:02:33.309945 18346 maintenance_manager.cc:237] P d7e4c153959b4c86b9dcb5a3441a879a: Unregistered op CompactRowSetsOp(00efb34f943d4fa88ec6dcd181ee5c96)
I0516 22:02:33.310009 18096 raft_consensus.cc:2704] T 7966cd4464434af09b1b861e14d66bf9 P d7e4c153959b4c86b9dcb5a3441a879a: Snoozing failure detection for 2.160s (starting election)
I0516 22:02:33.310111 18346 maintenance_manager.cc:237] P d7e4c153959b4c86b9dcb5a3441a879a: Unregistered op MinorDeltaCompactionOp(00efb34f943d4fa88ec6dcd181ee5c96)
I0516 22:02:33.310185 18233 tablet_service.cc:998] Received RequestConsensusVote() RPC: tablet_id: "7966cd4464434af09b1b861e14d66bf9" candidate_uuid: "d7e4c153959b4c86b9dcb5a3441a879a" candidate_term: 8 candidate_status { last_received { term: 0 index: 0 } } ignore_live_leader: true dest_uuid: "b141e05cb0444865b490089e568edadc"
I0516 22:02:33.310310 18233 raft_consensus.cc:2756] T 7966cd4464434af09b1b861e14d66bf9 P b141e05cb0444865b490089e568edadc [term 7 FOLLOWER]: Advancing to term 8
I0516 22:02:33.310288 18101 tablet_service.cc:1113] Received Run Leader Election RPC: tablet_id: "fde57a2e13af4bcc9077306cd4109c3e" dest_uuid: "d7e4c153959b4c86b9dcb5a3441a879a" from {username='slave'} at 127.0.0.1:45694
I0516 22:02:33.310416 18233 raft_consensus.cc:2704] T 7966cd4464434af09b1b861e14d66bf9 P b141e05cb0444865b490089e568edadc: Snoozing failure detection for 2.152s (vote granted)
I0516 22:02:33.310672 18094 tablet_service.cc:1113] Received Run Leader Election RPC: tablet_id: "ab7b2ac793a4455e9bbe98795c6a392f" dest_uuid: "d7e4c153959b4c86b9dcb5a3441a879a" from {username='slave'} at 127.0.0.1:45694
I0516 22:02:33.310868 18096 raft_consensus.cc:2756] T 7966cd4464434af09b1b861e14d66bf9 P d7e4c153959b4c86b9dcb5a3441a879a [term 8 FOLLOWER]: Advancing to term 9
I0516 22:02:33.311306 18094 tablet_service.cc:1113] Received Run Leader Election RPC: tablet_id: "ab7b2ac793a4455e9bbe98795c6a392f" dest_uuid: "d7e4c153959b4c86b9dcb5a3441a879a" from {username='slave'} at 127.0.0.1:45694
I0516 22:02:33.311903 18233 raft_consensus.cc:2219] T 7966cd4464434af09b1b861e14d66bf9 P b141e05cb0444865b490089e568edadc [term 8 FOLLOWER]: Leader election vote request: Granting yes vote for candidate d7e4c153959b4c86b9dcb5a3441a879a in term 8.
I0516 22:02:33.311918 18094 tablet_service.cc:1113] Received Run Leader Election RPC: tablet_id: "ab7b2ac793a4455e9bbe98795c6a392f" dest_uuid: "d7e4c153959b4c86b9dcb5a3441a879a" from {username='slave'} at 127.0.0.1:45694
I0516 22:02:33.312556 18094 tablet_service.cc:1113] Received Run Leader Election RPC: tablet_id: "ab7b2ac793a4455e9bbe98795c6a392f" dest_uuid: "d7e4c153959b4c86b9dcb5a3441a879a" from {username='slave'} at 127.0.0.1:45694
I0516 22:02:33.312500 18096 raft_consensus.cc:457] T 7966cd4464434af09b1b861e14d66bf9 P d7e4c153959b4c86b9dcb5a3441a879a [term 9 FOLLOWER]: Starting forced leader election with config: opid_index: -1 OBSOLETE_local: false peers { permanent_uuid: "d2767dd0c676459aa9c2533260fc9d46" member_type: VOTER last_known_addr { host: "127.17.88.2" port: 58101 } } peers { permanent_uuid: "d7e4c153959b4c86b9dcb5a3441a879a" member_type: VOTER last_known_addr { host: "127.17.88.1" port: 47831 } } peers { permanent_uuid: "b141e05cb0444865b490089e568edadc" member_type: VOTER last_known_addr { host: "127.17.88.3" port: 49899 } }
I0516 22:02:33.312826 18323 raft_consensus.cc:2704] T 7966cd4464434af09b1b861e14d66bf9 P d7e4c153959b4c86b9dcb5a3441a879a: Snoozing failure detection for 2.005s (election complete)
I0516 22:02:33.312888 18323 raft_consensus.cc:2474] T 7966cd4464434af09b1b861e14d66bf9 P d7e4c153959b4c86b9dcb5a3441a879a [term 9 FOLLOWER]: Leader election decision vote started in defunct term 5: won
I0516 22:02:33.313012 18096 leader_election.cc:243] T 7966cd4464434af09b1b861e14d66bf9 P d7e4c153959b4c86b9dcb5a3441a879a [CANDIDATE]: Term 9 election: Requesting vote from peer d2767dd0c676459aa9c2533260fc9d46 (127.17.88.2:58101)
I0516 22:02:33.313169 18096 leader_election.cc:243] T 7966cd4464434af09b1b861e14d66bf9 P d7e4c153959b4c86b9dcb5a3441a879a [CANDIDATE]: Term 9 election: Requesting vote from peer b141e05cb0444865b490089e568edadc (127.17.88.3:49899)
I0516 22:02:33.313189 18094 tablet_service.cc:1113] Received Run Leader Election RPC: tablet_id: "ab7b2ac793a4455e9bbe98795c6a392f" dest_uuid: "d7e4c153959b4c86b9dcb5a3441a879a" from {username='slave'} at 127.0.0.1:45694
I0516 22:02:33.313357 18063 leader_election.cc:393] T 7966cd4464434af09b1b861e14d66bf9 P d7e4c153959b4c86b9dcb5a3441a879a [CANDIDATE]: Term 7 election: Vote denied by peer d2767dd0c676459aa9c2533260fc9d46 (127.17.88.2:58101). Message: Invalid argument: T 7966cd4464434af09b1b861e14d66bf9 P d2767dd0c676459aa9c2533260fc9d46 [term 7 FOLLOWER]: Leader election vote request: Denying vote to candidate d7e4c153959b4c86b9dcb5a3441a879a for term 7 because replica has last-logged OpId of term: 1 index: 1, which is greater than that of the candidate, which has last-logged OpId of term: 0 index: 0.
I0516 22:02:33.313575 18063 leader_election.cc:379] T 00efb34f943d4fa88ec6dcd181ee5c96 P d7e4c153959b4c86b9dcb5a3441a879a [CANDIDATE]: Term 10 election: Vote granted by peer d2767dd0c676459aa9c2533260fc9d46 (127.17.88.2:58101)
I0516 22:02:33.313635 18063 leader_election.cc:270] T 00efb34f943d4fa88ec6dcd181ee5c96 P d7e4c153959b4c86b9dcb5a3441a879a [CANDIDATE]: Term 10 election: Election decided. Result: candidate won.
I0516 22:02:33.313908 18063 leader_election.cc:393] T 00efb34f943d4fa88ec6dcd181ee5c96 P d7e4c153959b4c86b9dcb5a3441a879a [CANDIDATE]: Term 11 election: Vote denied by peer d2767dd0c676459aa9c2533260fc9d46 (127.17.88.2:58101). Message: Service unavailable: T 00efb34f943d4fa88ec6dcd181ee5c96 P d2767dd0c676459aa9c2533260fc9d46 [term 10 FOLLOWER]: Leader election vote request: Denying vote to candidate d7e4c153959b4c86b9dcb5a3441a879a for term 11 because replica is already servicing an update from a current leader or another vote.
I0516 22:02:33.313850 18162 tablet_service.cc:998] Received RequestConsensusVote() RPC: tablet_id: "50f4658409f4467d91579fefb4bbc4af" candidate_uuid: "d7e4c153959b4c86b9dcb5a3441a879a" candidate_term: 8 candidate_status { last_received { term: 0 index: 0 } } ignore_live_leader: true dest_uuid: "d2767dd0c676459aa9c2533260fc9d46"
I0516 22:02:33.314151 18063 leader_election.cc:379] T f970f063780d4349888d8fd439beb0a0 P d7e4c153959b4c86b9dcb5a3441a879a [CANDIDATE]: Term 7 election: Vote granted by peer d2767dd0c676459aa9c2533260fc9d46 (127.17.88.2:58101)
I0516 22:02:33.314134 18094 tablet_service.cc:1113] Received Run Leader Election RPC: tablet_id: "7966cd4464434af09b1b861e14d66bf9" dest_uuid: "d7e4c153959b4c86b9dcb5a3441a879a" from {username='slave'} at 127.0.0.1:45694
I0516 22:02:33.314191 18063 leader_election.cc:270] T f970f063780d4349888d8fd439beb0a0 P d7e4c153959b4c86b9dcb5a3441a879a [CANDIDATE]: Term 7 election: Election decided. Result: candidate won.
I0516 22:02:33.314478 18162 raft_consensus.cc:2756] T 50f4658409f4467d91579fefb4bbc4af P d2767dd0c676459aa9c2533260fc9d46 [term 7 FOLLOWER]: Advancing to term 8
I0516 22:02:33.314412 18094 raft_consensus.cc:435] T 7966cd4464434af09b1b861e14d66bf9 P d7e4c153959b4c86b9dcb5a3441a879a [term 9 FOLLOWER]: Starting forced leader election (received explicit request)
I0516 22:02:33.314599 18063 leader_election.cc:393] T f44edd9cb161433f9ae53e8d2e60e43e P d7e4c153959b4c86b9dcb5a3441a879a [CANDIDATE]: Term 7 election: Vote denied by peer d2767dd0c676459aa9c2533260fc9d46 (127.17.88.2:58101). Message: Invalid argument: T f44edd9cb161433f9ae53e8d2e60e43e P d2767dd0c676459aa9c2533260fc9d46 [term 7 FOLLOWER]: Leader election vote request: Denying vote to candidate d7e4c153959b4c86b9dcb5a3441a879a for term 7 because replica has last-logged OpId of term: 1 index: 1, which is greater than that of the candidate, which has last-logged OpId of term: 0 index: 0.
I0516 22:02:33.314743 18063 leader_election.cc:393] T f2d85aa48a984f07a36195498f0f3754 P d7e4c153959b4c86b9dcb5a3441a879a [CANDIDATE]: Term 9 election: Vote denied by peer d2767dd0c676459aa9c2533260fc9d46 (127.17.88.2:58101). Message: Invalid argument: T f2d85aa48a984f07a36195498f0f3754 P d2767dd0c676459aa9c2533260fc9d46 [term 9 FOLLOWER]: Leader election vote request: Denying vote to candidate d7e4c153959b4c86b9dcb5a3441a879a for term 9 because replica has last-logged OpId of term: 1 index: 1, which is greater than that of the candidate, which has last-logged OpId of term: 0 index: 0.
I0516 22:02:33.314810 18169 tablet_service.cc:998] Received RequestConsensusVote() RPC: tablet_id: "7966cd4464434af09b1b861e14d66bf9" candidate_uuid: "d7e4c153959b4c86b9dcb5a3441a879a" candidate_term: 9 candidate_status { last_received { term: 0 index: 0 } } ignore_live_leader: true dest_uuid: "d2767dd0c676459aa9c2533260fc9d46"
I0516 22:02:33.314980 18094 raft_consensus.cc:2704] T 7966cd4464434af09b1b861e14d66bf9 P d7e4c153959b4c86b9dcb5a3441a879a: Snoozing failure detection for 1.740s (starting election)
I0516 22:02:33.315047 18094 raft_consensus.cc:2756] T 7966cd4464434af09b1b861e14d66bf9 P d7e4c153959b4c86b9dcb5a3441a879a [term 9 FOLLOWER]: Advancing to term 10
I0516 22:02:33.315241 18096 tablet_service.cc:1113] Received Run Leader Election RPC: tablet_id: "ab7b2ac793a4455e9bbe98795c6a392f" dest_uuid: "d7e4c153959b4c86b9dcb5a3441a879a" from {username='slave'} at 127.0.0.1:45694
I0516 22:02:33.316313 18094 raft_consensus.cc:457] T 7966cd4464434af09b1b861e14d66bf9 P d7e4c153959b4c86b9dcb5a3441a879a [term 10 FOLLOWER]: Starting forced leader election with config: opid_index: -1 OBSOLETE_local: false peers { permanent_uuid: "d2767dd0c676459aa9c2533260fc9d46" member_type: VOTER last_known_addr { host: "127.17.88.2" port: 58101 } } peers { permanent_uuid: "d7e4c153959b4c86b9dcb5a3441a879a" member_type: VOTER last_known_addr { host: "127.17.88.1" port: 47831 } } peers { permanent_uuid: "b141e05cb0444865b490089e568edadc" member_type: VOTER last_known_addr { host: "127.17.88.3" port: 49899 } }
I0516 22:02:33.316614 18165 raft_consensus.cc:2219] T 00efb34f943d4fa88ec6dcd181ee5c96 P d2767dd0c676459aa9c2533260fc9d46 [term 12 FOLLOWER]: Leader election vote request: Granting yes vote for candidate d7e4c153959b4c86b9dcb5a3441a879a in term 12.
I0516 22:02:33.316680 18167 raft_consensus.cc:2756] T f970f063780d4349888d8fd439beb0a0 P d2767dd0c676459aa9c2533260fc9d46 [term 7 FOLLOWER]: Advancing to term 8
I0516 22:02:33.316650 18163 tablet_service.cc:998] Received RequestConsensusVote() RPC: tablet_id: "00efb34f943d4fa88ec6dcd181ee5c96" candidate_uuid: "d7e4c153959b4c86b9dcb5a3441a879a" candidate_term: 13 candidate_status { last_received { term: 0 index: 0 } } ignore_live_leader: true dest_uuid: "d2767dd0c676459aa9c2533260fc9d46"
I0516 22:02:33.316756 18167 raft_consensus.cc:2704] T f970f063780d4349888d8fd439beb0a0 P d2767dd0c676459aa9c2533260fc9d46: Snoozing failure detection for 1.801s (vote granted)
I0516 22:02:33.316774 18163 raft_consensus.cc:2756] T 00efb34f943d4fa88ec6dcd181ee5c96 P d2767dd0c676459aa9c2533260fc9d46 [term 12 FOLLOWER]: Advancing to term 13
I0516 22:02:33.316846 18163 raft_consensus.cc:2704] T 00efb34f943d4fa88ec6dcd181ee5c96 P d2767dd0c676459aa9c2533260fc9d46: Snoozing failure detection for 1.536s (vote granted)
I0516 22:02:33.316969 18102 raft_consensus.cc:435] T f970f063780d4349888d8fd439beb0a0 P d7e4c153959b4c86b9dcb5a3441a879a [term 8 FOLLOWER]: Starting forced leader election (received explicit request)
I0516 22:02:33.317023 18102 raft_consensus.cc:2704] T f970f063780d4349888d8fd439beb0a0 P d7e4c153959b4c86b9dcb5a3441a879a: Snoozing failure detection for 1.840s (starting election)
I0516 22:02:33.317090 18102 raft_consensus.cc:2756] T f970f063780d4349888d8fd439beb0a0 P d7e4c153959b4c86b9dcb5a3441a879a [term 8 FOLLOWER]: Advancing to term 9
I0516 22:02:33.318317 18163 raft_consensus.cc:2219] T 00efb34f943d4fa88ec6dcd181ee5c96 P d2767dd0c676459aa9c2533260fc9d46 [term 13 FOLLOWER]: Leader election vote request: Granting yes vote for candidate d7e4c153959b4c86b9dcb5a3441a879a in term 13.
I0516 22:02:33.318372 18167 raft_consensus.cc:2219] T f970f063780d4349888d8fd439beb0a0 P d2767dd0c676459aa9c2533260fc9d46 [term 8 FOLLOWER]: Leader election vote request: Granting yes vote for candidate d7e4c153959b4c86b9dcb5a3441a879a in term 8.
I0516 22:02:33.318449 18102 raft_consensus.cc:457] T f970f063780d4349888d8fd439beb0a0 P d7e4c153959b4c86b9dcb5a3441a879a [term 9 FOLLOWER]: Starting forced leader election with config: opid_index: -1 OBSOLETE_local: false peers { permanent_uuid: "d7e4c153959b4c86b9dcb5a3441a879a" member_type: VOTER last_known_addr { host: "127.17.88.1" port: 47831 } } peers { permanent_uuid: "d2767dd0c676459aa9c2533260fc9d46" member_type: VOTER last_known_addr { host: "127.17.88.2" port: 58101 } } peers { permanent_uuid: "b141e05cb0444865b490089e568edadc" member_type: VOTER last_known_addr { host: "127.17.88.3" port: 49899 } }
I0516 22:02:33.318730 18102 leader_election.cc:243] T f970f063780d4349888d8fd439beb0a0 P d7e4c153959b4c86b9dcb5a3441a879a [CANDIDATE]: Term 9 election: Requesting vote from peer d2767dd0c676459aa9c2533260fc9d46 (127.17.88.2:58101)
I0516 22:02:33.318748 18289 raft_consensus.cc:2704] T f970f063780d4349888d8fd439beb0a0 P d7e4c153959b4c86b9dcb5a3441a879a: Snoozing failure detection for 1.587s (election complete)
I0516 22:02:33.318812 18289 raft_consensus.cc:2474] T f970f063780d4349888d8fd439beb0a0 P d7e4c153959b4c86b9dcb5a3441a879a [term 9 FOLLOWER]: Leader election decision vote started in defunct term 7: won
I0516 22:02:33.318845 18102 leader_election.cc:243] T f970f063780d4349888d8fd439beb0a0 P d7e4c153959b4c86b9dcb5a3441a879a [CANDIDATE]: Term 9 election: Requesting vote from peer b141e05cb0444865b490089e568edadc (127.17.88.3:49899)
I0516 22:02:33.318980 18228 raft_consensus.cc:2166] T 00efb34f943d4fa88ec6dcd181ee5c96 P b141e05cb0444865b490089e568edadc [term 13 FOLLOWER]: Leader election vote request: Denying vote to candidate d7e4c153959b4c86b9dcb5a3441a879a for term 13 because replica has last-logged OpId of term: 1 index: 1, which is greater than that of the candidate, which has last-logged OpId of term: 0 index: 0.
I0516 22:02:33.319000 18099 leader_election.cc:243] T 50f4658409f4467d91579fefb4bbc4af P d7e4c153959b4c86b9dcb5a3441a879a [CANDIDATE]: Term 9 election: Requesting vote from peer b141e05cb0444865b490089e568edadc (127.17.88.3:49899)
I0516 22:02:33.319036 18346 maintenance_manager.cc:237] P d7e4c153959b4c86b9dcb5a3441a879a: Unregistered op MajorDeltaCompactionOp(00efb34f943d4fa88ec6dcd181ee5c96)
I0516 22:02:33.319110 18346 maintenance_manager.cc:237] P d7e4c153959b4c86b9dcb5a3441a879a: Unregistered op UndoDeltaBlockGCOp(00efb34f943d4fa88ec6dcd181ee5c96)
I0516 22:02:33.319108 18099 leader_election.cc:243] T 50f4658409f4467d91579fefb4bbc4af P d7e4c153959b4c86b9dcb5a3441a879a [CANDIDATE]: Term 9 election: Requesting vote from peer d2767dd0c676459aa9c2533260fc9d46 (127.17.88.2:58101)
I0516 22:02:33.319175 18346 maintenance_manager.cc:237] P d7e4c153959b4c86b9dcb5a3441a879a: Unregistered op FlushMRSOp(00efb34f943d4fa88ec6dcd181ee5c96)
I0516 22:02:33.319231 18346 maintenance_manager.cc:237] P d7e4c153959b4c86b9dcb5a3441a879a: Unregistered op FlushDeltaMemStoresOp(00efb34f943d4fa88ec6dcd181ee5c96)
I0516 22:02:33.319273 18346 maintenance_manager.cc:237] P d7e4c153959b4c86b9dcb5a3441a879a: Unregistered op LogGCOp(00efb34f943d4fa88ec6dcd181ee5c96)
I0516 22:02:33.319319 18234 raft_consensus.cc:2194] T 00efb34f943d4fa88ec6dcd181ee5c96 P b141e05cb0444865b490089e568edadc [term 13 FOLLOWER]: Leader election vote request: Denying vote to candidate d7e4c153959b4c86b9dcb5a3441a879a for term 12 because replica is already servicing an update from a current leader or another vote.
I0516 22:02:33.319526 18101 raft_consensus.cc:418] T fde57a2e13af4bcc9077306cd4109c3e P d7e4c153959b4c86b9dcb5a3441a879a [term 1 LEADER]: Not starting forced leader election -- already a leader
I0516 22:02:33.319602 18100 raft_consensus.cc:457] T 00efb34f943d4fa88ec6dcd181ee5c96 P d7e4c153959b4c86b9dcb5a3441a879a [term 14 FOLLOWER]: Starting forced leader election with config: opid_index: -1 OBSOLETE_local: false peers { permanent_uuid: "d2767dd0c676459aa9c2533260fc9d46" member_type: VOTER last_known_addr { host: "127.17.88.2" port: 58101 } } peers { permanent_uuid: "d7e4c153959b4c86b9dcb5a3441a879a" member_type: VOTER last_known_addr { host: "127.17.88.1" port: 47831 } } peers { permanent_uuid: "b141e05cb0444865b490089e568edadc" member_type: VOTER last_known_addr { host: "127.17.88.3" port: 49899 } }
