I0516 22:02:33.562310 18161 raft_consensus.cc:2166] T f44edd9cb161433f9ae53e8d2e60e43e P d2767dd0c676459aa9c2533260fc9d46 [term 17 FOLLOWER]: Leader election vote request: Denying vote to candidate d7e4c153959b4c86b9dcb5a3441a879a for term 17 because replica has last-logged OpId of term: 1 index: 1, which is greater than that of the candidate, which has last-logged OpId of term: 0 index: 0.
I0516 22:02:33.562439 18165 raft_consensus.cc:2194] T f44edd9cb161433f9ae53e8d2e60e43e P d2767dd0c676459aa9c2533260fc9d46 [term 17 FOLLOWER]: Leader election vote request: Denying vote to candidate d7e4c153959b4c86b9dcb5a3441a879a for term 18 because replica is already servicing an update from a current leader or another vote.
I0516 22:02:33.562640 18063 leader_election.cc:393] T f44edd9cb161433f9ae53e8d2e60e43e P d7e4c153959b4c86b9dcb5a3441a879a [CANDIDATE]: Term 17 election: Vote denied by peer d2767dd0c676459aa9c2533260fc9d46 (127.17.88.2:58101). Message: Invalid argument: T f44edd9cb161433f9ae53e8d2e60e43e P d2767dd0c676459aa9c2533260fc9d46 [term 17 FOLLOWER]: Leader election vote request: Denying vote to candidate d7e4c153959b4c86b9dcb5a3441a879a for term 17 because replica has last-logged OpId of term: 1 index: 1, which is greater than that of the candidate, which has last-logged OpId of term: 0 index: 0.
I0516 22:02:33.562896 18063 leader_election.cc:393] T f44edd9cb161433f9ae53e8d2e60e43e P d7e4c153959b4c86b9dcb5a3441a879a [CANDIDATE]: Term 18 election: Vote denied by peer d2767dd0c676459aa9c2533260fc9d46 (127.17.88.2:58101). Message: Service unavailable: T f44edd9cb161433f9ae53e8d2e60e43e P d2767dd0c676459aa9c2533260fc9d46 [term 17 FOLLOWER]: Leader election vote request: Denying vote to candidate d7e4c153959b4c86b9dcb5a3441a879a for term 18 because replica is already servicing an update from a current leader or another vote.
I0516 22:02:33.563591 18235 tablet_service.cc:998] Received RequestConsensusVote() RPC: tablet_id: "f44edd9cb161433f9ae53e8d2e60e43e" candidate_uuid: "d7e4c153959b4c86b9dcb5a3441a879a" candidate_term: 18 candidate_status { last_received { term: 0 index: 0 } } ignore_live_leader: true dest_uuid: "b141e05cb0444865b490089e568edadc"
I0516 22:02:33.563735 18235 raft_consensus.cc:2756] T f44edd9cb161433f9ae53e8d2e60e43e P b141e05cb0444865b490089e568edadc [term 17 FOLLOWER]: Advancing to term 18
I0516 22:02:33.563791 18235 raft_consensus.cc:2704] T f44edd9cb161433f9ae53e8d2e60e43e P b141e05cb0444865b490089e568edadc: Snoozing failure detection for 1.602s (vote granted)
I0516 22:02:33.564168 18093 raft_consensus.cc:457] T 50f4658409f4467d91579fefb4bbc4af P d7e4c153959b4c86b9dcb5a3441a879a [term 20 FOLLOWER]: Starting forced leader election with config: opid_index: -1 OBSOLETE_local: false peers { permanent_uuid: "d7e4c153959b4c86b9dcb5a3441a879a" member_type: VOTER last_known_addr { host: "127.17.88.1" port: 47831 } } peers { permanent_uuid: "b141e05cb0444865b490089e568edadc" member_type: VOTER last_known_addr { host: "127.17.88.3" port: 49899 } } peers { permanent_uuid: "d2767dd0c676459aa9c2533260fc9d46" member_type: VOTER last_known_addr { host: "127.17.88.2" port: 58101 } }
I0516 22:02:33.564410 18167 raft_consensus.cc:2219] T 50f4658409f4467d91579fefb4bbc4af P d2767dd0c676459aa9c2533260fc9d46 [term 19 FOLLOWER]: Leader election vote request: Granting yes vote for candidate d7e4c153959b4c86b9dcb5a3441a879a in term 19.
I0516 22:02:33.564518 18093 leader_election.cc:243] T 50f4658409f4467d91579fefb4bbc4af P d7e4c153959b4c86b9dcb5a3441a879a [CANDIDATE]: Term 20 election: Requesting vote from peer b141e05cb0444865b490089e568edadc (127.17.88.3:49899)
I0516 22:02:33.564621 18093 leader_election.cc:243] T 50f4658409f4467d91579fefb4bbc4af P d7e4c153959b4c86b9dcb5a3441a879a [CANDIDATE]: Term 20 election: Requesting vote from peer d2767dd0c676459aa9c2533260fc9d46 (127.17.88.2:58101)
I0516 22:02:33.565454 18063 leader_election.cc:379] T 50f4658409f4467d91579fefb4bbc4af P d7e4c153959b4c86b9dcb5a3441a879a [CANDIDATE]: Term 19 election: Vote granted by peer d2767dd0c676459aa9c2533260fc9d46 (127.17.88.2:58101)
I0516 22:02:33.565680 18232 tablet_service.cc:998] Received RequestConsensusVote() RPC: tablet_id: "50f4658409f4467d91579fefb4bbc4af" candidate_uuid: "d7e4c153959b4c86b9dcb5a3441a879a" candidate_term: 20 candidate_status { last_received { term: 0 index: 0 } } ignore_live_leader: true dest_uuid: "b141e05cb0444865b490089e568edadc"
I0516 22:02:33.566042 18095 tablet_service.cc:1113] Received Run Leader Election RPC: tablet_id: "fde57a2e13af4bcc9077306cd4109c3e" dest_uuid: "d7e4c153959b4c86b9dcb5a3441a879a" from {username='slave'} at 127.0.0.1:45694
I0516 22:02:33.566308 18063 leader_election.cc:270] T 50f4658409f4467d91579fefb4bbc4af P d7e4c153959b4c86b9dcb5a3441a879a [CANDIDATE]: Term 19 election: Election decided. Result: candidate won.
I0516 22:02:33.565722 18093 tablet_service.cc:1113] Received Run Leader Election RPC: tablet_id: "00efb34f943d4fa88ec6dcd181ee5c96" dest_uuid: "d7e4c153959b4c86b9dcb5a3441a879a" from {username='slave'} at 127.0.0.1:45694
I0516 22:02:33.566561 18232 raft_consensus.cc:2756] T 50f4658409f4467d91579fefb4bbc4af P b141e05cb0444865b490089e568edadc [term 18 FOLLOWER]: Advancing to term 20
I0516 22:02:33.566612 18099 tablet_service.cc:1113] Received Run Leader Election RPC: tablet_id: "807b2c351057419d846ab8586e3ed167" dest_uuid: "d7e4c153959b4c86b9dcb5a3441a879a" from {username='slave'} at 127.0.0.1:45694
I0516 22:02:33.566913 18351 raft_consensus.cc:2704] T 50f4658409f4467d91579fefb4bbc4af P d7e4c153959b4c86b9dcb5a3441a879a: Snoozing failure detection for 3.664s (election complete)
I0516 22:02:33.566918 18095 tablet_service.cc:1113] Received Run Leader Election RPC: tablet_id: "f2d85aa48a984f07a36195498f0f3754" dest_uuid: "d7e4c153959b4c86b9dcb5a3441a879a" from {username='slave'} at 127.0.0.1:45694
I0516 22:02:33.567034 18351 raft_consensus.cc:2474] T 50f4658409f4467d91579fefb4bbc4af P d7e4c153959b4c86b9dcb5a3441a879a [term 20 FOLLOWER]: Leader election decision vote started in defunct term 19: won
I0516 22:02:33.567097 18099 tablet_service.cc:1113] Received Run Leader Election RPC: tablet_id: "d744b1d6ab5c4844bd636ab76a6c3bee" dest_uuid: "d7e4c153959b4c86b9dcb5a3441a879a" from {username='slave'} at 127.0.0.1:45694
I0516 22:02:33.567268 18099 raft_consensus.cc:418] T d744b1d6ab5c4844bd636ab76a6c3bee P d7e4c153959b4c86b9dcb5a3441a879a [term 1 LEADER]: Not starting forced leader election -- already a leader
I0516 22:02:33.567375 18095 tablet_service.cc:1113] Received Run Leader Election RPC: tablet_id: "ab7b2ac793a4455e9bbe98795c6a392f" dest_uuid: "d7e4c153959b4c86b9dcb5a3441a879a" from {username='slave'} at 127.0.0.1:45694
I0516 22:02:33.567665 18095 tablet_service.cc:1113] Received Run Leader Election RPC: tablet_id: "7966cd4464434af09b1b861e14d66bf9" dest_uuid: "d7e4c153959b4c86b9dcb5a3441a879a" from {username='slave'} at 127.0.0.1:45694
I0516 22:02:33.567814 18099 tablet_service.cc:1113] Received Run Leader Election RPC: tablet_id: "f44edd9cb161433f9ae53e8d2e60e43e" dest_uuid: "d7e4c153959b4c86b9dcb5a3441a879a" from {username='slave'} at 127.0.0.1:45694
I0516 22:02:33.568135 18099 tablet_service.cc:1113] Received Run Leader Election RPC: tablet_id: "50f4658409f4467d91579fefb4bbc4af" dest_uuid: "d7e4c153959b4c86b9dcb5a3441a879a" from {username='slave'} at 127.0.0.1:45694
I0516 22:02:33.568230 18099 raft_consensus.cc:435] T 50f4658409f4467d91579fefb4bbc4af P d7e4c153959b4c86b9dcb5a3441a879a [term 20 FOLLOWER]: Starting forced leader election (received explicit request)
I0516 22:02:33.568327 18099 raft_consensus.cc:2704] T 50f4658409f4467d91579fefb4bbc4af P d7e4c153959b4c86b9dcb5a3441a879a: Snoozing failure detection for 4.289s (starting election)
I0516 22:02:33.568387 18099 raft_consensus.cc:2756] T 50f4658409f4467d91579fefb4bbc4af P d7e4c153959b4c86b9dcb5a3441a879a [term 20 FOLLOWER]: Advancing to term 21
I0516 22:02:33.568557 18095 tablet_service.cc:1113] Received Run Leader Election RPC: tablet_id: "fde57a2e13af4bcc9077306cd4109c3e" dest_uuid: "d7e4c153959b4c86b9dcb5a3441a879a" from {username='slave'} at 127.0.0.1:45694
I0516 22:02:33.568902 18232 raft_consensus.cc:2166] T 50f4658409f4467d91579fefb4bbc4af P b141e05cb0444865b490089e568edadc [term 20 FOLLOWER]: Leader election vote request: Denying vote to candidate d7e4c153959b4c86b9dcb5a3441a879a for term 20 because replica has last-logged OpId of term: 1 index: 1, which is greater than that of the candidate, which has last-logged OpId of term: 0 index: 0.
I0516 22:02:33.568904 18101 tablet_service.cc:1113] Received Run Leader Election RPC: tablet_id: "f970f063780d4349888d8fd439beb0a0" dest_uuid: "d7e4c153959b4c86b9dcb5a3441a879a" from {username='slave'} at 127.0.0.1:45694
I0516 22:02:33.569557 18346 ts_tablet_manager.cc:1382] T f44edd9cb161433f9ae53e8d2e60e43e P d7e4c153959b4c86b9dcb5a3441a879a: tablet deleted with delete type TABLET_DATA_DELETED: last-logged OpId 0.0
I0516 22:02:33.569561 18101 tablet_service.cc:1113] Received Run Leader Election RPC: tablet_id: "00efb34f943d4fa88ec6dcd181ee5c96" dest_uuid: "d7e4c153959b4c86b9dcb5a3441a879a" from {username='slave'} at 127.0.0.1:45694
I0516 22:02:33.570098 18093 tablet_service.cc:1113] Received Run Leader Election RPC: tablet_id: "d744b1d6ab5c4844bd636ab76a6c3bee" dest_uuid: "d7e4c153959b4c86b9dcb5a3441a879a" from {username='slave'} at 127.0.0.1:45694
I0516 22:02:33.570220 18100 tablet_service.cc:1113] Received Run Leader Election RPC: tablet_id: "ab7b2ac793a4455e9bbe98795c6a392f" dest_uuid: "d7e4c153959b4c86b9dcb5a3441a879a" from {username='slave'} at 127.0.0.1:45694
I0516 22:02:33.570490 18066 leader_election.cc:393] T 50f4658409f4467d91579fefb4bbc4af P d7e4c153959b4c86b9dcb5a3441a879a [CANDIDATE]: Term 20 election: Vote denied by peer b141e05cb0444865b490089e568edadc (127.17.88.3:49899). Message: Invalid argument: T 50f4658409f4467d91579fefb4bbc4af P b141e05cb0444865b490089e568edadc [term 20 FOLLOWER]: Leader election vote request: Denying vote to candidate d7e4c153959b4c86b9dcb5a3441a879a for term 20 because replica has last-logged OpId of term: 1 index: 1, which is greater than that of the candidate, which has last-logged OpId of term: 0 index: 0.
I0516 22:02:33.570603 18235 raft_consensus.cc:2219] T f44edd9cb161433f9ae53e8d2e60e43e P b141e05cb0444865b490089e568edadc [term 18 FOLLOWER]: Leader election vote request: Granting yes vote for candidate d7e4c153959b4c86b9dcb5a3441a879a in term 18.
I0516 22:02:33.570658 18167 tablet_service.cc:998] Received RequestConsensusVote() RPC: tablet_id: "50f4658409f4467d91579fefb4bbc4af" candidate_uuid: "d7e4c153959b4c86b9dcb5a3441a879a" candidate_term: 20 candidate_status { last_received { term: 0 index: 0 } } ignore_live_leader: true dest_uuid: "d2767dd0c676459aa9c2533260fc9d46"
I0516 22:02:33.570868 18167 raft_consensus.cc:2756] T 50f4658409f4467d91579fefb4bbc4af P d2767dd0c676459aa9c2533260fc9d46 [term 19 FOLLOWER]: Advancing to term 20
I0516 22:02:33.571238 18097 tablet_service.cc:1113] Received Run Leader Election RPC: tablet_id: "f970f063780d4349888d8fd439beb0a0" dest_uuid: "d7e4c153959b4c86b9dcb5a3441a879a" from {username='slave'} at 127.0.0.1:45694
I0516 22:02:33.571707 18096 tablet_service.cc:1113] Received Run Leader Election RPC: tablet_id: "00efb34f943d4fa88ec6dcd181ee5c96" dest_uuid: "d7e4c153959b4c86b9dcb5a3441a879a" from {username='slave'} at 127.0.0.1:45694
I0516 22:02:33.571830 18102 tablet_service.cc:1113] Received Run Leader Election RPC: tablet_id: "ab7b2ac793a4455e9bbe98795c6a392f" dest_uuid: "d7e4c153959b4c86b9dcb5a3441a879a" from {username='slave'} at 127.0.0.1:45694
I0516 22:02:33.571877 18101 tablet_service.cc:1113] Received Run Leader Election RPC: tablet_id: "807b2c351057419d846ab8586e3ed167" dest_uuid: "d7e4c153959b4c86b9dcb5a3441a879a" from {username='slave'} at 127.0.0.1:45694
I0516 22:02:33.572031 18095 tablet_service.cc:1113] Received Run Leader Election RPC: tablet_id: "f2d85aa48a984f07a36195498f0f3754" dest_uuid: "d7e4c153959b4c86b9dcb5a3441a879a" from {username='slave'} at 127.0.0.1:45694
I0516 22:02:33.572180 18093 raft_consensus.cc:418] T d744b1d6ab5c4844bd636ab76a6c3bee P d7e4c153959b4c86b9dcb5a3441a879a [term 1 LEADER]: Not starting forced leader election -- already a leader
I0516 22:02:33.572271 18346 log.cc:981] T f44edd9cb161433f9ae53e8d2e60e43e P d7e4c153959b4c86b9dcb5a3441a879a: Deleting WAL directory at /tmp/dist-test-tasksS1KRx/test-tmp/delete_tablet-itest.0.DeleteTabletITest.TestLeaderElectionDuringDeleteTablet.1526508151408653-17760/minicluster-data/ts-0-root/wals/f44edd9cb161433f9ae53e8d2e60e43e
I0516 22:02:33.572289 18095 tablet_service.cc:1113] Received Run Leader Election RPC: tablet_id: "f970f063780d4349888d8fd439beb0a0" dest_uuid: "d7e4c153959b4c86b9dcb5a3441a879a" from {username='slave'} at 127.0.0.1:45694
I0516 22:02:33.572232 18099 raft_consensus.cc:457] T 50f4658409f4467d91579fefb4bbc4af P d7e4c153959b4c86b9dcb5a3441a879a [term 21 FOLLOWER]: Starting forced leader election with config: opid_index: -1 OBSOLETE_local: false peers { permanent_uuid: "d7e4c153959b4c86b9dcb5a3441a879a" member_type: VOTER last_known_addr { host: "127.17.88.1" port: 47831 } } peers { permanent_uuid: "b141e05cb0444865b490089e568edadc" member_type: VOTER last_known_addr { host: "127.17.88.3" port: 49899 } } peers { permanent_uuid: "d2767dd0c676459aa9c2533260fc9d46" member_type: VOTER last_known_addr { host: "127.17.88.2" port: 58101 } }
I0516 22:02:33.572551 18099 leader_election.cc:243] T 50f4658409f4467d91579fefb4bbc4af P d7e4c153959b4c86b9dcb5a3441a879a [CANDIDATE]: Term 21 election: Requesting vote from peer b141e05cb0444865b490089e568edadc (127.17.88.3:49899)
I0516 22:02:33.572553 18346 ts_tablet_manager.cc:1402] T f44edd9cb161433f9ae53e8d2e60e43e P d7e4c153959b4c86b9dcb5a3441a879a: Deleting consensus metadata
I0516 22:02:33.572762 18095 tablet_service.cc:1113] Received Run Leader Election RPC: tablet_id: "ab7b2ac793a4455e9bbe98795c6a392f" dest_uuid: "d7e4c153959b4c86b9dcb5a3441a879a" from {username='slave'} at 127.0.0.1:45694
I0516 22:02:33.572888 18099 leader_election.cc:243] T 50f4658409f4467d91579fefb4bbc4af P d7e4c153959b4c86b9dcb5a3441a879a [CANDIDATE]: Term 21 election: Requesting vote from peer d2767dd0c676459aa9c2533260fc9d46 (127.17.88.2:58101)
I0516 22:02:33.572927 18100 tablet_service.cc:1113] Received Run Leader Election RPC: tablet_id: "7966cd4464434af09b1b861e14d66bf9" dest_uuid: "d7e4c153959b4c86b9dcb5a3441a879a" from {username='slave'} at 127.0.0.1:45694
I0516 22:02:33.573094 18167 raft_consensus.cc:2704] T 50f4658409f4467d91579fefb4bbc4af P d2767dd0c676459aa9c2533260fc9d46: Snoozing failure detection for 1.946s (vote granted)
I0516 22:02:33.573387 18066 leader_election.cc:379] T f44edd9cb161433f9ae53e8d2e60e43e P d7e4c153959b4c86b9dcb5a3441a879a [CANDIDATE]: Term 18 election: Vote granted by peer b141e05cb0444865b490089e568edadc (127.17.88.3:49899)
I0516 22:02:33.573392 18097 tablet_service.cc:1113] Received Run Leader Election RPC: tablet_id: "fde57a2e13af4bcc9077306cd4109c3e" dest_uuid: "d7e4c153959b4c86b9dcb5a3441a879a" from {username='slave'} at 127.0.0.1:45694
I0516 22:02:33.573391 18165 tablet_service.cc:998] Received RequestConsensusVote() RPC: tablet_id: "50f4658409f4467d91579fefb4bbc4af" candidate_uuid: "d7e4c153959b4c86b9dcb5a3441a879a" candidate_term: 21 candidate_status { last_received { term: 0 index: 0 } } ignore_live_leader: true dest_uuid: "d2767dd0c676459aa9c2533260fc9d46"
I0516 22:02:33.573451 18066 leader_election.cc:270] T f44edd9cb161433f9ae53e8d2e60e43e P d7e4c153959b4c86b9dcb5a3441a879a [CANDIDATE]: Term 18 election: Election decided. Result: candidate won.
I0516 22:02:33.573580 18094 tablet_service.cc:1113] Received Run Leader Election RPC: tablet_id: "f44edd9cb161433f9ae53e8d2e60e43e" dest_uuid: "d7e4c153959b4c86b9dcb5a3441a879a" from {username='slave'} at 127.0.0.1:45694
I0516 22:02:33.573599 18097 tablet_service.cc:1113] Received Run Leader Election RPC: tablet_id: "807b2c351057419d846ab8586e3ed167" dest_uuid: "d7e4c153959b4c86b9dcb5a3441a879a" from {username='slave'} at 127.0.0.1:45694
W0516 22:02:33.573643 18066 raft_consensus.cc:2415] T f44edd9cb161433f9ae53e8d2e60e43e P d7e4c153959b4c86b9dcb5a3441a879a: Unable to run election callback: Service unavailable: Thread pool token was shut down
I0516 22:02:33.574280 18097 tablet_service.cc:1113] Received Run Leader Election RPC: tablet_id: "00efb34f943d4fa88ec6dcd181ee5c96" dest_uuid: "d7e4c153959b4c86b9dcb5a3441a879a" from {username='slave'} at 127.0.0.1:45694
I0516 22:02:33.574426 18235 tablet_service.cc:998] Received RequestConsensusVote() RPC: tablet_id: "50f4658409f4467d91579fefb4bbc4af" candidate_uuid: "d7e4c153959b4c86b9dcb5a3441a879a" candidate_term: 21 candidate_status { last_received { term: 0 index: 0 } } ignore_live_leader: true dest_uuid: "b141e05cb0444865b490089e568edadc"
I0516 22:02:33.574571 18235 raft_consensus.cc:2756] T 50f4658409f4467d91579fefb4bbc4af P b141e05cb0444865b490089e568edadc [term 20 FOLLOWER]: Advancing to term 21
I0516 22:02:33.574668 18097 tablet_service.cc:1113] Received Run Leader Election RPC: tablet_id: "f2d85aa48a984f07a36195498f0f3754" dest_uuid: "d7e4c153959b4c86b9dcb5a3441a879a" from {username='slave'} at 127.0.0.1:45694
I0516 22:02:33.575088 18097 tablet_service.cc:1113] Received Run Leader Election RPC: tablet_id: "d744b1d6ab5c4844bd636ab76a6c3bee" dest_uuid: "d7e4c153959b4c86b9dcb5a3441a879a" from {username='slave'} at 127.0.0.1:45694
I0516 22:02:33.575235 18097 raft_consensus.cc:418] T d744b1d6ab5c4844bd636ab76a6c3bee P d7e4c153959b4c86b9dcb5a3441a879a [term 1 LEADER]: Not starting forced leader election -- already a leader
I0516 22:02:33.575289 18094 tablet_service.cc:1113] Received Run Leader Election RPC: tablet_id: "f970f063780d4349888d8fd439beb0a0" dest_uuid: "d7e4c153959b4c86b9dcb5a3441a879a" from {username='slave'} at 127.0.0.1:45694
I0516 22:02:33.575652 18094 tablet_service.cc:1113] Received Run Leader Election RPC: tablet_id: "ab7b2ac793a4455e9bbe98795c6a392f" dest_uuid: "d7e4c153959b4c86b9dcb5a3441a879a" from {username='slave'} at 127.0.0.1:45694
I0516 22:02:33.575883 18094 tablet_service.cc:1113] Received Run Leader Election RPC: tablet_id: "50f4658409f4467d91579fefb4bbc4af" dest_uuid: "d7e4c153959b4c86b9dcb5a3441a879a" from {username='slave'} at 127.0.0.1:45694
I0516 22:02:33.575991 18094 raft_consensus.cc:435] T 50f4658409f4467d91579fefb4bbc4af P d7e4c153959b4c86b9dcb5a3441a879a [term 21 FOLLOWER]: Starting forced leader election (received explicit request)
I0516 22:02:33.576053 18167 raft_consensus.cc:2219] T 50f4658409f4467d91579fefb4bbc4af P d2767dd0c676459aa9c2533260fc9d46 [term 20 FOLLOWER]: Leader election vote request: Granting yes vote for candidate d7e4c153959b4c86b9dcb5a3441a879a in term 20.
I0516 22:02:33.576099 18094 raft_consensus.cc:2704] T 50f4658409f4467d91579fefb4bbc4af P d7e4c153959b4c86b9dcb5a3441a879a: Snoozing failure detection for 3.503s (starting election)
I0516 22:02:33.576162 18094 raft_consensus.cc:2756] T 50f4658409f4467d91579fefb4bbc4af P d7e4c153959b4c86b9dcb5a3441a879a [term 21 FOLLOWER]: Advancing to term 22
I0516 22:02:33.576383 18063 leader_election.cc:379] T 50f4658409f4467d91579fefb4bbc4af P d7e4c153959b4c86b9dcb5a3441a879a [CANDIDATE]: Term 20 election: Vote granted by peer d2767dd0c676459aa9c2533260fc9d46 (127.17.88.2:58101)
I0516 22:02:33.576619 18063 leader_election.cc:270] T 50f4658409f4467d91579fefb4bbc4af P d7e4c153959b4c86b9dcb5a3441a879a [CANDIDATE]: Term 20 election: Election decided. Result: candidate won.
I0516 22:02:33.576977 18165 raft_consensus.cc:2194] T 50f4658409f4467d91579fefb4bbc4af P d2767dd0c676459aa9c2533260fc9d46 [term 20 FOLLOWER]: Leader election vote request: Denying vote to candidate d7e4c153959b4c86b9dcb5a3441a879a for term 21 because replica is already servicing an update from a current leader or another vote.
I0516 22:02:33.577343 18063 leader_election.cc:393] T 50f4658409f4467d91579fefb4bbc4af P d7e4c153959b4c86b9dcb5a3441a879a [CANDIDATE]: Term 21 election: Vote denied by peer d2767dd0c676459aa9c2533260fc9d46 (127.17.88.2:58101). Message: Service unavailable: T 50f4658409f4467d91579fefb4bbc4af P d2767dd0c676459aa9c2533260fc9d46 [term 20 FOLLOWER]: Leader election vote request: Denying vote to candidate d7e4c153959b4c86b9dcb5a3441a879a for term 21 because replica is already servicing an update from a current leader or another vote.
I0516 22:02:33.577569 18097 tablet_service.cc:1113] Received Run Leader Election RPC: tablet_id: "7966cd4464434af09b1b861e14d66bf9" dest_uuid: "d7e4c153959b4c86b9dcb5a3441a879a" from {username='slave'} at 127.0.0.1:45694
I0516 22:02:33.577801 18235 raft_consensus.cc:2166] T 50f4658409f4467d91579fefb4bbc4af P b141e05cb0444865b490089e568edadc [term 21 FOLLOWER]: Leader election vote request: Denying vote to candidate d7e4c153959b4c86b9dcb5a3441a879a for term 21 because replica has last-logged OpId of term: 1 index: 1, which is greater than that of the candidate, which has last-logged OpId of term: 0 index: 0.
I0516 22:02:33.578008 18083 tablet_service.cc:801] Processing DeleteTablet for tablet d744b1d6ab5c4844bd636ab76a6c3bee with delete_type TABLET_DATA_DELETED from {username='slave'} at 127.0.0.1:45694
I0516 22:02:33.578061 18066 leader_election.cc:393] T 50f4658409f4467d91579fefb4bbc4af P d7e4c153959b4c86b9dcb5a3441a879a [CANDIDATE]: Term 21 election: Vote denied by peer b141e05cb0444865b490089e568edadc (127.17.88.3:49899). Message: Invalid argument: T 50f4658409f4467d91579fefb4bbc4af P b141e05cb0444865b490089e568edadc [term 21 FOLLOWER]: Leader election vote request: Denying vote to candidate d7e4c153959b4c86b9dcb5a3441a879a for term 21 because replica has last-logged OpId of term: 1 index: 1, which is greater than that of the candidate, which has last-logged OpId of term: 0 index: 0.
I0516 22:02:33.578145 18066 leader_election.cc:270] T 50f4658409f4467d91579fefb4bbc4af P d7e4c153959b4c86b9dcb5a3441a879a [CANDIDATE]: Term 21 election: Election decided. Result: candidate lost.
I0516 22:02:33.578281 18346 tablet_replica.cc:261] T d744b1d6ab5c4844bd636ab76a6c3bee P d7e4c153959b4c86b9dcb5a3441a879a: stopping tablet replica
I0516 22:02:33.578127 18094 raft_consensus.cc:457] T 50f4658409f4467d91579fefb4bbc4af P d7e4c153959b4c86b9dcb5a3441a879a [term 22 FOLLOWER]: Starting forced leader election with config: opid_index: -1 OBSOLETE_local: false peers { permanent_uuid: "d7e4c153959b4c86b9dcb5a3441a879a" member_type: VOTER last_known_addr { host: "127.17.88.1" port: 47831 } } peers { permanent_uuid: "b141e05cb0444865b490089e568edadc" member_type: VOTER last_known_addr { host: "127.17.88.3" port: 49899 } } peers { permanent_uuid: "d2767dd0c676459aa9c2533260fc9d46" member_type: VOTER last_known_addr { host: "127.17.88.2" port: 58101 } }
I0516 22:02:33.578366 18346 maintenance_manager.cc:237] P d7e4c153959b4c86b9dcb5a3441a879a: Unregistered op CompactRowSetsOp(d744b1d6ab5c4844bd636ab76a6c3bee)
I0516 22:02:33.578445 18346 maintenance_manager.cc:237] P d7e4c153959b4c86b9dcb5a3441a879a: Unregistered op MinorDeltaCompactionOp(d744b1d6ab5c4844bd636ab76a6c3bee)
I0516 22:02:33.578488 18346 maintenance_manager.cc:237] P d7e4c153959b4c86b9dcb5a3441a879a: Unregistered op MajorDeltaCompactionOp(d744b1d6ab5c4844bd636ab76a6c3bee)
I0516 22:02:33.578541 18346 maintenance_manager.cc:237] P d7e4c153959b4c86b9dcb5a3441a879a: Unregistered op UndoDeltaBlockGCOp(d744b1d6ab5c4844bd636ab76a6c3bee)
I0516 22:02:33.578631 18094 leader_election.cc:243] T 50f4658409f4467d91579fefb4bbc4af P d7e4c153959b4c86b9dcb5a3441a879a [CANDIDATE]: Term 22 election: Requesting vote from peer b141e05cb0444865b490089e568edadc (127.17.88.3:49899)
I0516 22:02:33.578626 18351 raft_consensus.cc:2704] T 50f4658409f4467d91579fefb4bbc4af P d7e4c153959b4c86b9dcb5a3441a879a: Snoozing failure detection for 4.008s (election complete)
I0516 22:02:33.578848 18094 leader_election.cc:243] T 50f4658409f4467d91579fefb4bbc4af P d7e4c153959b4c86b9dcb5a3441a879a [CANDIDATE]: Term 22 election: Requesting vote from peer d2767dd0c676459aa9c2533260fc9d46 (127.17.88.2:58101)
I0516 22:02:33.578853 18351 raft_consensus.cc:2474] T 50f4658409f4467d91579fefb4bbc4af P d7e4c153959b4c86b9dcb5a3441a879a [term 22 FOLLOWER]: Leader election decision vote started in defunct term 20: won
I0516 22:02:33.578853 18097 tablet_service.cc:1113] Received Run Leader Election RPC: tablet_id: "fde57a2e13af4bcc9077306cd4109c3e" dest_uuid: "d7e4c153959b4c86b9dcb5a3441a879a" from {username='slave'} at 127.0.0.1:45694
I0516 22:02:33.578974 18323 raft_consensus.cc:2704] T 50f4658409f4467d91579fefb4bbc4af P d7e4c153959b4c86b9dcb5a3441a879a: Snoozing failure detection for 1.801s (election complete)
I0516 22:02:33.579077 18346 maintenance_manager.cc:237] P d7e4c153959b4c86b9dcb5a3441a879a: Unregistered op FlushMRSOp(d744b1d6ab5c4844bd636ab76a6c3bee)
I0516 22:02:33.579124 18323 raft_consensus.cc:2459] T 50f4658409f4467d91579fefb4bbc4af P d7e4c153959b4c86b9dcb5a3441a879a [term 22 FOLLOWER]: Leader election lost for term 21. Reason: could not achieve majority
I0516 22:02:33.579398 18235 tablet_service.cc:998] Received RequestConsensusVote() RPC: tablet_id: "50f4658409f4467d91579fefb4bbc4af" candidate_uuid: "d7e4c153959b4c86b9dcb5a3441a879a" candidate_term: 22 candidate_status { last_received { term: 0 index: 0 } } ignore_live_leader: true dest_uuid: "b141e05cb0444865b490089e568edadc"
I0516 22:02:33.579455 18097 tablet_service.cc:1113] Received Run Leader Election RPC: tablet_id: "f44edd9cb161433f9ae53e8d2e60e43e" dest_uuid: "d7e4c153959b4c86b9dcb5a3441a879a" from {username='slave'} at 127.0.0.1:45694
I0516 22:02:33.579433 18165 tablet_service.cc:998] Received RequestConsensusVote() RPC: tablet_id: "50f4658409f4467d91579fefb4bbc4af" candidate_uuid: "d7e4c153959b4c86b9dcb5a3441a879a" candidate_term: 22 candidate_status { last_received { term: 0 index: 0 } } ignore_live_leader: true dest_uuid: "d2767dd0c676459aa9c2533260fc9d46"
I0516 22:02:33.579720 18165 raft_consensus.cc:2756] T 50f4658409f4467d91579fefb4bbc4af P d2767dd0c676459aa9c2533260fc9d46 [term 20 FOLLOWER]: Advancing to term 22
I0516 22:02:33.579699 18094 tablet_service.cc:1113] Received Run Leader Election RPC: tablet_id: "807b2c351057419d846ab8586e3ed167" dest_uuid: "d7e4c153959b4c86b9dcb5a3441a879a" from {username='slave'} at 127.0.0.1:45694
I0516 22:02:33.579741 18097 tablet_service.cc:1113] Received Run Leader Election RPC: tablet_id: "00efb34f943d4fa88ec6dcd181ee5c96" dest_uuid: "d7e4c153959b4c86b9dcb5a3441a879a" from {username='slave'} at 127.0.0.1:45694
I0516 22:02:33.579779 18165 raft_consensus.cc:2704] T 50f4658409f4467d91579fefb4bbc4af P d2767dd0c676459aa9c2533260fc9d46: Snoozing failure detection for 2.044s (vote granted)
I0516 22:02:33.580157 18346 maintenance_manager.cc:237] P d7e4c153959b4c86b9dcb5a3441a879a: Unregistered op FlushDeltaMemStoresOp(d744b1d6ab5c4844bd636ab76a6c3bee)
I0516 22:02:33.580296 18100 tablet_service.cc:1113] Received Run Leader Election RPC: tablet_id: "f2d85aa48a984f07a36195498f0f3754" dest_uuid: "d7e4c153959b4c86b9dcb5a3441a879a" from {username='slave'} at 127.0.0.1:45694
I0516 22:02:33.580054 18235 raft_consensus.cc:2756] T 50f4658409f4467d91579fefb4bbc4af P b141e05cb0444865b490089e568edadc [term 21 FOLLOWER]: Advancing to term 22
I0516 22:02:33.581131 18346 maintenance_manager.cc:237] P d7e4c153959b4c86b9dcb5a3441a879a: Unregistered op LogGCOp(d744b1d6ab5c4844bd636ab76a6c3bee)
I0516 22:02:33.581568 18100 tablet_service.cc:1113] Received Run Leader Election RPC: tablet_id: "d744b1d6ab5c4844bd636ab76a6c3bee" dest_uuid: "d7e4c153959b4c86b9dcb5a3441a879a" from {username='slave'} at 127.0.0.1:45694
I0516 22:02:33.581763 18100 tablet_service.cc:1113] Received Run Leader Election RPC: tablet_id: "f970f063780d4349888d8fd439beb0a0" dest_uuid: "d7e4c153959b4c86b9dcb5a3441a879a" from {username='slave'} at 127.0.0.1:45694
I0516 22:02:33.581959 18165 raft_consensus.cc:2219] T 50f4658409f4467d91579fefb4bbc4af P d2767dd0c676459aa9c2533260fc9d46 [term 22 FOLLOWER]: Leader election vote request: Granting yes vote for candidate d7e4c153959b4c86b9dcb5a3441a879a in term 22.
I0516 22:02:33.581964 18346 raft_consensus.cc:2016] T d744b1d6ab5c4844bd636ab76a6c3bee P d7e4c153959b4c86b9dcb5a3441a879a [term 1 LEADER]: Raft consensus shutting down.
I0516 22:02:33.582072 18346 consensus_peers.cc:456] T d744b1d6ab5c4844bd636ab76a6c3bee P d7e4c153959b4c86b9dcb5a3441a879a -> Peer b141e05cb0444865b490089e568edadc (127.17.88.3:49899): Closing peer: b141e05cb0444865b490089e568edadc
I0516 22:02:33.582217 18346 consensus_peers.cc:456] T d744b1d6ab5c4844bd636ab76a6c3bee P d7e4c153959b4c86b9dcb5a3441a879a -> Peer d2767dd0c676459aa9c2533260fc9d46 (127.17.88.2:58101): Closing peer: d2767dd0c676459aa9c2533260fc9d46
I0516 22:02:33.582455 18100 tablet_service.cc:1113] Received Run Leader Election RPC: tablet_id: "ab7b2ac793a4455e9bbe98795c6a392f" dest_uuid: "d7e4c153959b4c86b9dcb5a3441a879a" from {username='slave'} at 127.0.0.1:45694
I0516 22:02:33.582706 18063 leader_election.cc:379] T 50f4658409f4467d91579fefb4bbc4af P d7e4c153959b4c86b9dcb5a3441a879a [CANDIDATE]: Term 22 election: Vote granted by peer d2767dd0c676459aa9c2533260fc9d46 (127.17.88.2:58101)
I0516 22:02:33.582768 18063 leader_election.cc:270] T 50f4658409f4467d91579fefb4bbc4af P d7e4c153959b4c86b9dcb5a3441a879a [CANDIDATE]: Term 22 election: Election decided. Result: candidate won.
I0516 22:02:33.582744 18100 tablet_service.cc:1113] Received Run Leader Election RPC: tablet_id: "7966cd4464434af09b1b861e14d66bf9" dest_uuid: "d7e4c153959b4c86b9dcb5a3441a879a" from {username='slave'} at 127.0.0.1:45694
I0516 22:02:33.582892 18094 tablet_service.cc:1113] Received Run Leader Election RPC: tablet_id: "50f4658409f4467d91579fefb4bbc4af" dest_uuid: "d7e4c153959b4c86b9dcb5a3441a879a" from {username='slave'} at 127.0.0.1:45694
I0516 22:02:33.583154 18094 raft_consensus.cc:435] T 50f4658409f4467d91579fefb4bbc4af P d7e4c153959b4c86b9dcb5a3441a879a [term 22 FOLLOWER]: Starting forced leader election (received explicit request)
I0516 22:02:33.583132 18100 tablet_service.cc:1113] Received Run Leader Election RPC: tablet_id: "fde57a2e13af4bcc9077306cd4109c3e" dest_uuid: "d7e4c153959b4c86b9dcb5a3441a879a" from {username='slave'} at 127.0.0.1:45694
I0516 22:02:33.583231 18094 raft_consensus.cc:2704] T 50f4658409f4467d91579fefb4bbc4af P d7e4c153959b4c86b9dcb5a3441a879a: Snoozing failure detection for 5.771s (starting election)
I0516 22:02:33.583334 18094 raft_consensus.cc:2756] T 50f4658409f4467d91579fefb4bbc4af P d7e4c153959b4c86b9dcb5a3441a879a [term 22 FOLLOWER]: Advancing to term 23
I0516 22:02:33.583798 18099 tablet_service.cc:1113] Received Run Leader Election RPC: tablet_id: "00efb34f943d4fa88ec6dcd181ee5c96" dest_uuid: "d7e4c153959b4c86b9dcb5a3441a879a" from {username='slave'} at 127.0.0.1:45694
I0516 22:02:33.583883 18100 tablet_service.cc:1113] Received Run Leader Election RPC: tablet_id: "807b2c351057419d846ab8586e3ed167" dest_uuid: "d7e4c153959b4c86b9dcb5a3441a879a" from {username='slave'} at 127.0.0.1:45694
I0516 22:02:33.583812 18097 tablet_service.cc:1113] Received Run Leader Election RPC: tablet_id: "f44edd9cb161433f9ae53e8d2e60e43e" dest_uuid: "d7e4c153959b4c86b9dcb5a3441a879a" from {username='slave'} at 127.0.0.1:45694
I0516 22:02:33.584005 18095 tablet_service.cc:1113] Received Run Leader Election RPC: tablet_id: "f2d85aa48a984f07a36195498f0f3754" dest_uuid: "d7e4c153959b4c86b9dcb5a3441a879a" from {username='slave'} at 127.0.0.1:45694
I0516 22:02:33.584489 18095 tablet_service.cc:1113] Received Run Leader Election RPC: tablet_id: "d744b1d6ab5c4844bd636ab76a6c3bee" dest_uuid: "d7e4c153959b4c86b9dcb5a3441a879a" from {username='slave'} at 127.0.0.1:45694
I0516 22:02:33.584830 18095 tablet_service.cc:1113] Received Run Leader Election RPC: tablet_id: "f970f063780d4349888d8fd439beb0a0" dest_uuid: "d7e4c153959b4c86b9dcb5a3441a879a" from {username='slave'} at 127.0.0.1:45694
I0516 22:02:33.585186 18095 tablet_service.cc:1113] Received Run Leader Election RPC: tablet_id: "ab7b2ac793a4455e9bbe98795c6a392f" dest_uuid: "d7e4c153959b4c86b9dcb5a3441a879a" from {username='slave'} at 127.0.0.1:45694
I0516 22:02:33.585247 18094 raft_consensus.cc:457] T 50f4658409f4467d91579fefb4bbc4af P d7e4c153959b4c86b9dcb5a3441a879a [term 23 FOLLOWER]: Starting forced leader election with config: opid_index: -1 OBSOLETE_local: false peers { permanent_uuid: "d7e4c153959b4c86b9dcb5a3441a879a" member_type: VOTER last_known_addr { host: "127.17.88.1" port: 47831 } } peers { permanent_uuid: "b141e05cb0444865b490089e568edadc" member_type: VOTER last_known_addr { host: "127.17.88.3" port: 49899 } } peers { permanent_uuid: "d2767dd0c676459aa9c2533260fc9d46" member_type: VOTER last_known_addr { host: "127.17.88.2" port: 58101 } }
I0516 22:02:33.585492 18235 raft_consensus.cc:2166] T 50f4658409f4467d91579fefb4bbc4af P b141e05cb0444865b490089e568edadc [term 22 FOLLOWER]: Leader election vote request: Denying vote to candidate d7e4c153959b4c86b9dcb5a3441a879a for term 22 because replica has last-logged OpId of term: 1 index: 1, which is greater than that of the candidate, which has last-logged OpId of term: 0 index: 0.
I0516 22:02:33.585554 18323 raft_consensus.cc:2704] T 50f4658409f4467d91579fefb4bbc4af P d7e4c153959b4c86b9dcb5a3441a879a: Snoozing failure detection for 3.906s (election complete)
I0516 22:02:33.585640 18323 raft_consensus.cc:2474] T 50f4658409f4467d91579fefb4bbc4af P d7e4c153959b4c86b9dcb5a3441a879a [term 23 FOLLOWER]: Leader election decision vote started in defunct term 22: won
I0516 22:02:33.585553 18095 tablet_service.cc:1113] Received Run Leader Election RPC: tablet_id: "7966cd4464434af09b1b861e14d66bf9" dest_uuid: "d7e4c153959b4c86b9dcb5a3441a879a" from {username='slave'} at 127.0.0.1:45694
I0516 22:02:33.585858 18094 leader_election.cc:243] T 50f4658409f4467d91579fefb4bbc4af P d7e4c153959b4c86b9dcb5a3441a879a [CANDIDATE]: Term 23 election: Requesting vote from peer b141e05cb0444865b490089e568edadc (127.17.88.3:49899)
I0516 22:02:33.585861 18066 leader_election.cc:393] T 50f4658409f4467d91579fefb4bbc4af P d7e4c153959b4c86b9dcb5a3441a879a [CANDIDATE]: Term 22 election: Vote denied by peer b141e05cb0444865b490089e568edadc (127.17.88.3:49899). Message: Invalid argument: T 50f4658409f4467d91579fefb4bbc4af P b141e05cb0444865b490089e568edadc [term 22 FOLLOWER]: Leader election vote request: Denying vote to candidate d7e4c153959b4c86b9dcb5a3441a879a for term 22 because replica has last-logged OpId of term: 1 index: 1, which is greater than that of the candidate, which has last-logged OpId of term: 0 index: 0.
I0516 22:02:33.585956 18094 leader_election.cc:243] T 50f4658409f4467d91579fefb4bbc4af P d7e4c153959b4c86b9dcb5a3441a879a [CANDIDATE]: Term 23 election: Requesting vote from peer d2767dd0c676459aa9c2533260fc9d46 (127.17.88.2:58101)
I0516 22:02:33.586355 18165 tablet_service.cc:998] Received RequestConsensusVote() RPC: tablet_id: "50f4658409f4467d91579fefb4bbc4af" candidate_uuid: "d7e4c153959b4c86b9dcb5a3441a879a" candidate_term: 23 candidate_status { last_received { term: 0 index: 0 } } ignore_live_leader: true dest_uuid: "d2767dd0c676459aa9c2533260fc9d46"
I0516 22:02:33.586472 18346 raft_consensus.cc:2043] T d744b1d6ab5c4844bd636ab76a6c3bee P d7e4c153959b4c86b9dcb5a3441a879a [term 1 FOLLOWER]: Raft consensus is shut down!
I0516 22:02:33.586496 18165 raft_consensus.cc:2756] T 50f4658409f4467d91579fefb4bbc4af P d2767dd0c676459aa9c2533260fc9d46 [term 22 FOLLOWER]: Advancing to term 23
I0516 22:02:33.586678 18165 raft_consensus.cc:2704] T 50f4658409f4467d91579fefb4bbc4af P d2767dd0c676459aa9c2533260fc9d46: Snoozing failure detection for 1.755s (vote granted)
I0516 22:02:33.586788 18094 tablet_service.cc:1113] Received Run Leader Election RPC: tablet_id: "fde57a2e13af4bcc9077306cd4109c3e" dest_uuid: "d7e4c153959b4c86b9dcb5a3441a879a" from {username='slave'} at 127.0.0.1:45694
I0516 22:02:33.587182 18094 tablet_service.cc:1113] Received Run Leader Election RPC: tablet_id: "00efb34f943d4fa88ec6dcd181ee5c96" dest_uuid: "d7e4c153959b4c86b9dcb5a3441a879a" from {username='slave'} at 127.0.0.1:45694
I0516 22:02:33.588071 18165 raft_consensus.cc:2219] T 50f4658409f4467d91579fefb4bbc4af P d2767dd0c676459aa9c2533260fc9d46 [term 23 FOLLOWER]: Leader election vote request: Granting yes vote for candidate d7e4c153959b4c86b9dcb5a3441a879a in term 23.
I0516 22:02:33.588095 18235 tablet_service.cc:998] Received RequestConsensusVote() RPC: tablet_id: "50f4658409f4467d91579fefb4bbc4af" candidate_uuid: "d7e4c153959b4c86b9dcb5a3441a879a" candidate_term: 23 candidate_status { last_received { term: 0 index: 0 } } ignore_live_leader: true dest_uuid: "b141e05cb0444865b490089e568edadc"
I0516 22:02:33.588239 18235 raft_consensus.cc:2756] T 50f4658409f4467d91579fefb4bbc4af P b141e05cb0444865b490089e568edadc [term 22 FOLLOWER]: Advancing to term 23
I0516 22:02:33.588344 18094 tablet_service.cc:1113] Received Run Leader Election RPC: tablet_id: "807b2c351057419d846ab8586e3ed167" dest_uuid: "d7e4c153959b4c86b9dcb5a3441a879a" from {username='slave'} at 127.0.0.1:45694
I0516 22:02:33.588755 18063 leader_election.cc:379] T 50f4658409f4467d91579fefb4bbc4af P d7e4c153959b4c86b9dcb5a3441a879a [CANDIDATE]: Term 23 election: Vote granted by peer d2767dd0c676459aa9c2533260fc9d46 (127.17.88.2:58101)
I0516 22:02:33.588748 18097 tablet_service.cc:1113] Received Run Leader Election RPC: tablet_id: "f2d85aa48a984f07a36195498f0f3754" dest_uuid: "d7e4c153959b4c86b9dcb5a3441a879a" from {username='slave'} at 127.0.0.1:45694
I0516 22:02:33.588819 18063 leader_election.cc:270] T 50f4658409f4467d91579fefb4bbc4af P d7e4c153959b4c86b9dcb5a3441a879a [CANDIDATE]: Term 23 election: Election decided. Result: candidate won.
I0516 22:02:33.589154 18323 raft_consensus.cc:2704] T 50f4658409f4467d91579fefb4bbc4af P d7e4c153959b4c86b9dcb5a3441a879a: Snoozing failure detection for 4.168s (election complete)
I0516 22:02:33.589156 18095 tablet_service.cc:1113] Received Run Leader Election RPC: tablet_id: "f44edd9cb161433f9ae53e8d2e60e43e" dest_uuid: "d7e4c153959b4c86b9dcb5a3441a879a" from {username='slave'} at 127.0.0.1:45694
I0516 22:02:33.589541 18094 tablet_service.cc:1113] Received Run Leader Election RPC: tablet_id: "f970f063780d4349888d8fd439beb0a0" dest_uuid: "d7e4c153959b4c86b9dcb5a3441a879a" from {username='slave'} at 127.0.0.1:45694
I0516 22:02:33.589715 18323 raft_consensus.cc:2511] T 50f4658409f4467d91579fefb4bbc4af P d7e4c153959b4c86b9dcb5a3441a879a [term 23 FOLLOWER]: Leader election won for term 23
I0516 22:02:33.589745 18097 tablet_service.cc:1113] Received Run Leader Election RPC: tablet_id: "d744b1d6ab5c4844bd636ab76a6c3bee" dest_uuid: "d7e4c153959b4c86b9dcb5a3441a879a" from {username='slave'} at 127.0.0.1:45694
I0516 22:02:33.589967 18323 raft_consensus.cc:571] T 50f4658409f4467d91579fefb4bbc4af P d7e4c153959b4c86b9dcb5a3441a879a [term 23 LEADER]: Becoming Leader. State: Replica: d7e4c153959b4c86b9dcb5a3441a879a, State: Running, Role: LEADER
I0516 22:02:33.589964 18095 tablet_service.cc:1113] Received Run Leader Election RPC: tablet_id: "7966cd4464434af09b1b861e14d66bf9" dest_uuid: "d7e4c153959b4c86b9dcb5a3441a879a" from {username='slave'} at 127.0.0.1:45694
I0516 22:02:33.590266 18323 consensus_queue.cc:204] T 50f4658409f4467d91579fefb4bbc4af P d7e4c153959b4c86b9dcb5a3441a879a [LEADER]: Queue going to LEADER mode. State: All replicated index: 0, Majority replicated index: 0, Committed index: 0, Last appended: 0.0, Last appended by leader: 0, Current term: 23, Majority size: 2, State: 0, Mode: LEADER, active raft config: opid_index: -1 OBSOLETE_local: false peers { permanent_uuid: "d7e4c153959b4c86b9dcb5a3441a879a" member_type: VOTER last_known_addr { host: "127.17.88.1" port: 47831 } } peers { permanent_uuid: "b141e05cb0444865b490089e568edadc" member_type: VOTER last_known_addr { host: "127.17.88.3" port: 49899 } } peers { permanent_uuid: "d2767dd0c676459aa9c2533260fc9d46" member_type: VOTER last_known_addr { host: "127.17.88.2" port: 58101 } } @ 0x7ff0b66296b3 kudu::master::CatalogManager::ProcessTabletReport() at ??:0
I0516 22:02:33.590523 18097 tablet_service.cc:1113] Received Run Leader Election RPC: tablet_id: "50f4658409f4467d91579fefb4bbc4af" dest_uuid: "d7e4c153959b4c86b9dcb5a3441a879a" from {username='slave'} at 127.0.0.1:45694
I0516 22:02:33.590855 18094 tablet_service.cc:1113] Received Run Leader Election RPC: tablet_id: "ab7b2ac793a4455e9bbe98795c6a392f" dest_uuid: "d7e4c153959b4c86b9dcb5a3441a879a" from {username='slave'} at 127.0.0.1:45694
I0516 22:02:33.591071 18095 tablet_service.cc:1113] Received Run Leader Election RPC: tablet_id: "fde57a2e13af4bcc9077306cd4109c3e" dest_uuid: "d7e4c153959b4c86b9dcb5a3441a879a" from {username='slave'} at 127.0.0.1:45694
I0516 22:02:33.596834 18094 tablet_service.cc:1113] Received Run Leader Election RPC: tablet_id: "00efb34f943d4fa88ec6dcd181ee5c96" dest_uuid: "d7e4c153959b4c86b9dcb5a3441a879a" from {username='slave'} at 127.0.0.1:45694
I0516 22:02:33.596920 18095 tablet_service.cc:1113] Received Run Leader Election RPC: tablet_id: "807b2c351057419d846ab8586e3ed167" dest_uuid: "d7e4c153959b4c86b9dcb5a3441a879a" from {username='slave'} at 127.0.0.1:45694
I0516 22:02:33.597591 18346 ts_tablet_manager.cc:1369] T d744b1d6ab5c4844bd636ab76a6c3bee P d7e4c153959b4c86b9dcb5a3441a879a: Deleting tablet data with delete state TABLET_DATA_DELETED
I0516 22:02:33.597720 18095 tablet_service.cc:1113] Received Run Leader Election RPC: tablet_id: "f2d85aa48a984f07a36195498f0f3754" dest_uuid: "d7e4c153959b4c86b9dcb5a3441a879a" from {username='slave'} at 127.0.0.1:45694
I0516 22:02:33.597990 18095 tablet_service.cc:1113] Received Run Leader Election RPC: tablet_id: "f44edd9cb161433f9ae53e8d2e60e43e" dest_uuid: "d7e4c153959b4c86b9dcb5a3441a879a" from {username='slave'} at 127.0.0.1:45694
I0516 22:02:33.598955 18095 tablet_service.cc:1113] Received Run Leader Election RPC: tablet_id: "f970f063780d4349888d8fd439beb0a0" dest_uuid: "d7e4c153959b4c86b9dcb5a3441a879a" from {username='slave'} at 127.0.0.1:45694
I0516 22:02:33.599247 18093 tablet_service.cc:1113] Received Run Leader Election RPC: tablet_id: "fde57a2e13af4bcc9077306cd4109c3e" dest_uuid: "d7e4c153959b4c86b9dcb5a3441a879a" from {username='slave'} at 127.0.0.1:45694
I0516 22:02:33.599256 18095 tablet_service.cc:1113] Received Run Leader Election RPC: tablet_id: "807b2c351057419d846ab8586e3ed167" dest_uuid: "d7e4c153959b4c86b9dcb5a3441a879a" from {username='slave'} at 127.0.0.1:45694
I0516 22:02:33.599613 18100 tablet_service.cc:1113] Received Run Leader Election RPC: tablet_id: "d744b1d6ab5c4844bd636ab76a6c3bee" dest_uuid: "d7e4c153959b4c86b9dcb5a3441a879a" from {username='slave'} at 127.0.0.1:45694
I0516 22:02:33.599637 18097 raft_consensus.cc:418] T 50f4658409f4467d91579fefb4bbc4af P d7e4c153959b4c86b9dcb5a3441a879a [term 23 LEADER]: Not starting forced leader election -- already a leader
I0516 22:02:33.599184 18099 tablet_service.cc:1113] Received Run Leader Election RPC: tablet_id: "7966cd4464434af09b1b861e14d66bf9" dest_uuid: "d7e4c153959b4c86b9dcb5a3441a879a" from {username='slave'} at 127.0.0.1:45694
I0516 22:02:33.600193 18094 tablet_service.cc:1113] Received Run Leader Election RPC: tablet_id: "ab7b2ac793a4455e9bbe98795c6a392f" dest_uuid: "d7e4c153959b4c86b9dcb5a3441a879a" from {username='slave'} at 127.0.0.1:45694
I0516 22:02:33.600436 18097 tablet_service.cc:1113] Received Run Leader Election RPC: tablet_id: "00efb34f943d4fa88ec6dcd181ee5c96" dest_uuid: "d7e4c153959b4c86b9dcb5a3441a879a" from {username='slave'} at 127.0.0.1:45694
I0516 22:02:33.600811 18097 tablet_service.cc:1113] Received Run Leader Election RPC: tablet_id: "f44edd9cb161433f9ae53e8d2e60e43e" dest_uuid: "d7e4c153959b4c86b9dcb5a3441a879a" from {username='slave'} at 127.0.0.1:45694
I0516 22:02:33.601227 18235 raft_consensus.cc:2166] T 50f4658409f4467d91579fefb4bbc4af P b141e05cb0444865b490089e568edadc [term 23 FOLLOWER]: Leader election vote request: Denying vote to candidate d7e4c153959b4c86b9dcb5a3441a879a for term 23 because replica has last-logged OpId of term: 1 index: 1, which is greater than that of the candidate, which has last-logged OpId of term: 0 index: 0.
I0516 22:02:33.601526 18097 tablet_service.cc:1113] Received Run Leader Election RPC: tablet_id: "f2d85aa48a984f07a36195498f0f3754" dest_uuid: "d7e4c153959b4c86b9dcb5a3441a879a" from {username='slave'} at 127.0.0.1:45694
I0516 22:02:33.601696 18066 leader_election.cc:393] T 50f4658409f4467d91579fefb4bbc4af P d7e4c153959b4c86b9dcb5a3441a879a [CANDIDATE]: Term 23 election: Vote denied by peer b141e05cb0444865b490089e568edadc (127.17.88.3:49899). Message: Invalid argument: T 50f4658409f4467d91579fefb4bbc4af P b141e05cb0444865b490089e568edadc [term 23 FOLLOWER]: Leader election vote request: Denying vote to candidate d7e4c153959b4c86b9dcb5a3441a879a for term 23 because replica has last-logged OpId of term: 1 index: 1, which is greater than that of the candidate, which has last-logged OpId of term: 0 index: 0.
I0516 22:02:33.601945 18097 tablet_service.cc:1113] Received Run Leader Election RPC: tablet_id: "f970f063780d4349888d8fd439beb0a0" dest_uuid: "d7e4c153959b4c86b9dcb5a3441a879a" from {username='slave'} at 127.0.0.1:45694
I0516 22:02:33.602041 18099 tablet_service.cc:1113] Received Run Leader Election RPC: tablet_id: "fde57a2e13af4bcc9077306cd4109c3e" dest_uuid: "d7e4c153959b4c86b9dcb5a3441a879a" from {username='slave'} at 127.0.0.1:45694
I0516 22:02:33.602427 18099 tablet_service.cc:1113] Received Run Leader Election RPC: tablet_id: "807b2c351057419d846ab8586e3ed167" dest_uuid: "d7e4c153959b4c86b9dcb5a3441a879a" from {username='slave'} at 127.0.0.1:45694
I0516 22:02:33.602649 18099 tablet_service.cc:1113] Received Run Leader Election RPC: tablet_id: "d744b1d6ab5c4844bd636ab76a6c3bee" dest_uuid: "d7e4c153959b4c86b9dcb5a3441a879a" from {username='slave'} at 127.0.0.1:45694
I0516 22:02:33.602864 18097 tablet_service.cc:1113] Received Run Leader Election RPC: tablet_id: "50f4658409f4467d91579fefb4bbc4af" dest_uuid: "d7e4c153959b4c86b9dcb5a3441a879a" from {username='slave'} at 127.0.0.1:45694
I0516 22:02:33.602986 18099 tablet_service.cc:1113] Received Run Leader Election RPC: tablet_id: "ab7b2ac793a4455e9bbe98795c6a392f" dest_uuid: "d7e4c153959b4c86b9dcb5a3441a879a" from {username='slave'} at 127.0.0.1:45694
I0516 22:02:33.603138 18097 raft_consensus.cc:418] T 50f4658409f4467d91579fefb4bbc4af P d7e4c153959b4c86b9dcb5a3441a879a [term 23 LEADER]: Not starting forced leader election -- already a leader
I0516 22:02:33.603256 18094 tablet_service.cc:1113] Received Run Leader Election RPC: tablet_id: "7966cd4464434af09b1b861e14d66bf9" dest_uuid: "d7e4c153959b4c86b9dcb5a3441a879a" from {username='slave'} at 127.0.0.1:45694
I0516 22:02:33.603266 18099 tablet_service.cc:1113] Received Run Leader Election RPC: tablet_id: "00efb34f943d4fa88ec6dcd181ee5c96" dest_uuid: "d7e4c153959b4c86b9dcb5a3441a879a" from {username='slave'} at 127.0.0.1:45694
I0516 22:02:33.604516 18097 tablet_service.cc:1113] Received Run Leader Election RPC: tablet_id: "f44edd9cb161433f9ae53e8d2e60e43e" dest_uuid: "d7e4c153959b4c86b9dcb5a3441a879a" from {username='slave'} at 127.0.0.1:45694
I0516 22:02:33.604647 18346 ts_tablet_manager.cc:1382] T d744b1d6ab5c4844bd636ab76a6c3bee P d7e4c153959b4c86b9dcb5a3441a879a: tablet deleted with delete type TABLET_DATA_DELETED: last-logged OpId 1.1
I0516 22:02:33.604737 18346 log.cc:981] T d744b1d6ab5c4844bd636ab76a6c3bee P d7e4c153959b4c86b9dcb5a3441a879a: Deleting WAL directory at /tmp/dist-test-tasksS1KRx/test-tmp/delete_tablet-itest.0.DeleteTabletITest.TestLeaderElectionDuringDeleteTablet.1526508151408653-17760/minicluster-data/ts-0-root/wals/d744b1d6ab5c4844bd636ab76a6c3bee
I0516 22:02:33.604831 18099 tablet_service.cc:1113] Received Run Leader Election RPC: tablet_id: "f2d85aa48a984f07a36195498f0f3754" dest_uuid: "d7e4c153959b4c86b9dcb5a3441a879a" from {username='slave'} at 127.0.0.1:45694
I0516 22:02:33.605123 18097 tablet_service.cc:1113] Received Run Leader Election RPC: tablet_id: "f970f063780d4349888d8fd439beb0a0" dest_uuid: "d7e4c153959b4c86b9dcb5a3441a879a" from {username='slave'} at 127.0.0.1:45694
I0516 22:02:33.605352 18097 tablet_service.cc:1113] Received Run Leader Election RPC: tablet_id: "fde57a2e13af4bcc9077306cd4109c3e" dest_uuid: "d7e4c153959b4c86b9dcb5a3441a879a" from {username='slave'} at 127.0.0.1:45694
I0516 22:02:33.605633 18097 tablet_service.cc:1113] Received Run Leader Election RPC: tablet_id: "807b2c351057419d846ab8586e3ed167" dest_uuid: "d7e4c153959b4c86b9dcb5a3441a879a" from {username='slave'} at 127.0.0.1:45694
I0516 22:02:33.605787 18099 tablet_service.cc:1113] Received Run Leader Election RPC: tablet_id: "d744b1d6ab5c4844bd636ab76a6c3bee" dest_uuid: "d7e4c153959b4c86b9dcb5a3441a879a" from {username='slave'} at 127.0.0.1:45694
I0516 22:02:33.606173 18099 tablet_service.cc:1113] Received Run Leader Election RPC: tablet_id: "ab7b2ac793a4455e9bbe98795c6a392f" dest_uuid: "d7e4c153959b4c86b9dcb5a3441a879a" from {username='slave'} at 127.0.0.1:45694
I0516 22:02:33.606397 18099 tablet_service.cc:1113] Received Run Leader Election RPC: tablet_id: "7966cd4464434af09b1b861e14d66bf9" dest_uuid: "d7e4c153959b4c86b9dcb5a3441a879a" from {username='slave'} at 127.0.0.1:45694
I0516 22:02:33.606703 18099 tablet_service.cc:1113] Received Run Leader Election RPC: tablet_id: "00efb34f943d4fa88ec6dcd181ee5c96" dest_uuid: "d7e4c153959b4c86b9dcb5a3441a879a" from {username='slave'} at 127.0.0.1:45694
I0516 22:02:33.606850 18097 tablet_service.cc:1113] Received Run Leader Election RPC: tablet_id: "50f4658409f4467d91579fefb4bbc4af" dest_uuid: "d7e4c153959b4c86b9dcb5a3441a879a" from {username='slave'} at 127.0.0.1:45694
I0516 22:02:33.606984 18097 raft_consensus.cc:418] T 50f4658409f4467d91579fefb4bbc4af P d7e4c153959b4c86b9dcb5a3441a879a [term 23 LEADER]: Not starting forced leader election -- already a leader
I0516 22:02:33.607127 18346 ts_tablet_manager.cc:1402] T d744b1d6ab5c4844bd636ab76a6c3bee P d7e4c153959b4c86b9dcb5a3441a879a: Deleting consensus metadata
