I0516 22:02:33.522977 18096 tablet_service.cc:1113] Received Run Leader Election RPC: tablet_id: "ab7b2ac793a4455e9bbe98795c6a392f" dest_uuid: "d7e4c153959b4c86b9dcb5a3441a879a" from {username='slave'} at 127.0.0.1:45694
I0516 22:02:33.523386 18096 tablet_service.cc:1113] Received Run Leader Election RPC: tablet_id: "f970f063780d4349888d8fd439beb0a0" dest_uuid: "d7e4c153959b4c86b9dcb5a3441a879a" from {username='slave'} at 127.0.0.1:45694
I0516 22:02:33.523727 18096 tablet_service.cc:1113] Received Run Leader Election RPC: tablet_id: "d744b1d6ab5c4844bd636ab76a6c3bee" dest_uuid: "d7e4c153959b4c86b9dcb5a3441a879a" from {username='slave'} at 127.0.0.1:45694
I0516 22:02:33.523815 18096 raft_consensus.cc:418] T d744b1d6ab5c4844bd636ab76a6c3bee P d7e4c153959b4c86b9dcb5a3441a879a [term 1 LEADER]: Not starting forced leader election -- already a leader
I0516 22:02:33.523814 18093 raft_consensus.cc:457] T f44edd9cb161433f9ae53e8d2e60e43e P d7e4c153959b4c86b9dcb5a3441a879a [term 16 FOLLOWER]: Starting forced leader election with config: opid_index: -1 OBSOLETE_local: false peers { permanent_uuid: "d2767dd0c676459aa9c2533260fc9d46" member_type: VOTER last_known_addr { host: "127.17.88.2" port: 58101 } } peers { permanent_uuid: "d7e4c153959b4c86b9dcb5a3441a879a" member_type: VOTER last_known_addr { host: "127.17.88.1" port: 47831 } } peers { permanent_uuid: "b141e05cb0444865b490089e568edadc" member_type: VOTER last_known_addr { host: "127.17.88.3" port: 49899 } }
I0516 22:02:33.524196 18094 leader_election.cc:243] T 50f4658409f4467d91579fefb4bbc4af P d7e4c153959b4c86b9dcb5a3441a879a [CANDIDATE]: Term 17 election: Requesting vote from peer b141e05cb0444865b490089e568edadc (127.17.88.3:49899)
I0516 22:02:33.524173 18096 tablet_service.cc:1113] Received Run Leader Election RPC: tablet_id: "807b2c351057419d846ab8586e3ed167" dest_uuid: "d7e4c153959b4c86b9dcb5a3441a879a" from {username='slave'} at 127.0.0.1:45694
I0516 22:02:33.524314 18093 leader_election.cc:243] T f44edd9cb161433f9ae53e8d2e60e43e P d7e4c153959b4c86b9dcb5a3441a879a [CANDIDATE]: Term 16 election: Requesting vote from peer d2767dd0c676459aa9c2533260fc9d46 (127.17.88.2:58101)
I0516 22:02:33.524719 18094 leader_election.cc:243] T 50f4658409f4467d91579fefb4bbc4af P d7e4c153959b4c86b9dcb5a3441a879a [CANDIDATE]: Term 17 election: Requesting vote from peer d2767dd0c676459aa9c2533260fc9d46 (127.17.88.2:58101)
I0516 22:02:33.524718 18096 tablet_service.cc:1113] Received Run Leader Election RPC: tablet_id: "ab7b2ac793a4455e9bbe98795c6a392f" dest_uuid: "d7e4c153959b4c86b9dcb5a3441a879a" from {username='slave'} at 127.0.0.1:45694
I0516 22:02:33.524790 18102 tablet_service.cc:1113] Received Run Leader Election RPC: tablet_id: "f970f063780d4349888d8fd439beb0a0" dest_uuid: "d7e4c153959b4c86b9dcb5a3441a879a" from {username='slave'} at 127.0.0.1:45694
I0516 22:02:33.524940 18235 raft_consensus.cc:2166] T 50f4658409f4467d91579fefb4bbc4af P b141e05cb0444865b490089e568edadc [term 16 FOLLOWER]: Leader election vote request: Denying vote to candidate d7e4c153959b4c86b9dcb5a3441a879a for term 16 because replica has last-logged OpId of term: 1 index: 1, which is greater than that of the candidate, which has last-logged OpId of term: 0 index: 0.
I0516 22:02:33.525234 18167 tablet_service.cc:998] Received RequestConsensusVote() RPC: tablet_id: "f44edd9cb161433f9ae53e8d2e60e43e" candidate_uuid: "d7e4c153959b4c86b9dcb5a3441a879a" candidate_term: 16 candidate_status { last_received { term: 0 index: 0 } } ignore_live_leader: true dest_uuid: "d2767dd0c676459aa9c2533260fc9d46"
I0516 22:02:33.525348 18099 leader_election.cc:243] T 7966cd4464434af09b1b861e14d66bf9 P d7e4c153959b4c86b9dcb5a3441a879a [CANDIDATE]: Term 17 election: Requesting vote from peer b141e05cb0444865b490089e568edadc (127.17.88.3:49899)
I0516 22:02:33.525471 18165 raft_consensus.cc:2166] T 7966cd4464434af09b1b861e14d66bf9 P d2767dd0c676459aa9c2533260fc9d46 [term 17 FOLLOWER]: Leader election vote request: Denying vote to candidate d7e4c153959b4c86b9dcb5a3441a879a for term 17 because replica has last-logged OpId of term: 1 index: 1, which is greater than that of the candidate, which has last-logged OpId of term: 0 index: 0.
I0516 22:02:33.525547 18161 tablet_service.cc:998] Received RequestConsensusVote() RPC: tablet_id: "50f4658409f4467d91579fefb4bbc4af" candidate_uuid: "d7e4c153959b4c86b9dcb5a3441a879a" candidate_term: 17 candidate_status { last_received { term: 0 index: 0 } } ignore_live_leader: true dest_uuid: "d2767dd0c676459aa9c2533260fc9d46"
I0516 22:02:33.525804 18351 raft_consensus.cc:2428] T 7966cd4464434af09b1b861e14d66bf9 P d7e4c153959b4c86b9dcb5a3441a879a [term 17 FOLLOWER]: Received election callback for term 15 while not running: Illegal state: RaftConsensus is not running: State = Stopped
I0516 22:02:33.525782 18235 tablet_service.cc:998] Received RequestConsensusVote() RPC: tablet_id: "50f4658409f4467d91579fefb4bbc4af" candidate_uuid: "d7e4c153959b4c86b9dcb5a3441a879a" candidate_term: 17 candidate_status { last_received { term: 0 index: 0 } } ignore_live_leader: true dest_uuid: "b141e05cb0444865b490089e568edadc"
I0516 22:02:33.526152 18063 leader_election.cc:393] T 7966cd4464434af09b1b861e14d66bf9 P d7e4c153959b4c86b9dcb5a3441a879a [CANDIDATE]: Term 17 election: Vote denied by peer d2767dd0c676459aa9c2533260fc9d46 (127.17.88.2:58101). Message: Invalid argument: T 7966cd4464434af09b1b861e14d66bf9 P d2767dd0c676459aa9c2533260fc9d46 [term 17 FOLLOWER]: Leader election vote request: Denying vote to candidate d7e4c153959b4c86b9dcb5a3441a879a for term 17 because replica has last-logged OpId of term: 1 index: 1, which is greater than that of the candidate, which has last-logged OpId of term: 0 index: 0.
I0516 22:02:33.526178 18101 tablet_service.cc:1113] Received Run Leader Election RPC: tablet_id: "f2d85aa48a984f07a36195498f0f3754" dest_uuid: "d7e4c153959b4c86b9dcb5a3441a879a" from {username='slave'} at 127.0.0.1:45694
I0516 22:02:33.526742 18102 tablet_service.cc:1113] Received Run Leader Election RPC: tablet_id: "807b2c351057419d846ab8586e3ed167" dest_uuid: "d7e4c153959b4c86b9dcb5a3441a879a" from {username='slave'} at 127.0.0.1:45694
I0516 22:02:33.526736 18101 tablet_service.cc:1113] Received Run Leader Election RPC: tablet_id: "50f4658409f4467d91579fefb4bbc4af" dest_uuid: "d7e4c153959b4c86b9dcb5a3441a879a" from {username='slave'} at 127.0.0.1:45694
I0516 22:02:33.526958 18161 raft_consensus.cc:2756] T 50f4658409f4467d91579fefb4bbc4af P d2767dd0c676459aa9c2533260fc9d46 [term 16 FOLLOWER]: Advancing to term 17
I0516 22:02:33.526964 18066 leader_election.cc:393] T 50f4658409f4467d91579fefb4bbc4af P d7e4c153959b4c86b9dcb5a3441a879a [CANDIDATE]: Term 16 election: Vote denied by peer b141e05cb0444865b490089e568edadc (127.17.88.3:49899). Message: Invalid argument: T 50f4658409f4467d91579fefb4bbc4af P b141e05cb0444865b490089e568edadc [term 16 FOLLOWER]: Leader election vote request: Denying vote to candidate d7e4c153959b4c86b9dcb5a3441a879a for term 16 because replica has last-logged OpId of term: 1 index: 1, which is greater than that of the candidate, which has last-logged OpId of term: 0 index: 0.
I0516 22:02:33.526998 18094 tablet_service.cc:1113] Received Run Leader Election RPC: tablet_id: "7966cd4464434af09b1b861e14d66bf9" dest_uuid: "d7e4c153959b4c86b9dcb5a3441a879a" from {username='slave'} at 127.0.0.1:45694
I0516 22:02:33.527328 18161 raft_consensus.cc:2704] T 50f4658409f4467d91579fefb4bbc4af P d2767dd0c676459aa9c2533260fc9d46: Snoozing failure detection for 2.157s (vote granted)
I0516 22:02:33.527449 18232 tablet_service.cc:998] Received RequestConsensusVote() RPC: tablet_id: "7966cd4464434af09b1b861e14d66bf9" candidate_uuid: "d7e4c153959b4c86b9dcb5a3441a879a" candidate_term: 17 candidate_status { last_received { term: 0 index: 0 } } ignore_live_leader: true dest_uuid: "b141e05cb0444865b490089e568edadc"
I0516 22:02:33.527606 18232 raft_consensus.cc:2756] T 7966cd4464434af09b1b861e14d66bf9 P b141e05cb0444865b490089e568edadc [term 16 FOLLOWER]: Advancing to term 17
I0516 22:02:33.527676 18232 raft_consensus.cc:2704] T 7966cd4464434af09b1b861e14d66bf9 P b141e05cb0444865b490089e568edadc: Snoozing failure detection for 1.730s (vote granted)
I0516 22:02:33.527694 18094 tablet_service.cc:1113] Received Run Leader Election RPC: tablet_id: "f2d85aa48a984f07a36195498f0f3754" dest_uuid: "d7e4c153959b4c86b9dcb5a3441a879a" from {username='slave'} at 127.0.0.1:45694
I0516 22:02:33.527834 18102 tablet_service.cc:1113] Received Run Leader Election RPC: tablet_id: "ab7b2ac793a4455e9bbe98795c6a392f" dest_uuid: "d7e4c153959b4c86b9dcb5a3441a879a" from {username='slave'} at 127.0.0.1:45694
I0516 22:02:33.527024 18099 tablet_service.cc:1113] Received Run Leader Election RPC: tablet_id: "d744b1d6ab5c4844bd636ab76a6c3bee" dest_uuid: "d7e4c153959b4c86b9dcb5a3441a879a" from {username='slave'} at 127.0.0.1:45694
I0516 22:02:33.529072 18230 raft_consensus.cc:2219] T f44edd9cb161433f9ae53e8d2e60e43e P b141e05cb0444865b490089e568edadc [term 14 FOLLOWER]: Leader election vote request: Granting yes vote for candidate d7e4c153959b4c86b9dcb5a3441a879a in term 14.
I0516 22:02:33.529078 18100 tablet_service.cc:1113] Received Run Leader Election RPC: tablet_id: "00efb34f943d4fa88ec6dcd181ee5c96" dest_uuid: "d7e4c153959b4c86b9dcb5a3441a879a" from {username='slave'} at 127.0.0.1:45694
I0516 22:02:33.529517 18228 raft_consensus.cc:2194] T f44edd9cb161433f9ae53e8d2e60e43e P b141e05cb0444865b490089e568edadc [term 14 FOLLOWER]: Leader election vote request: Denying vote to candidate d7e4c153959b4c86b9dcb5a3441a879a for term 15 because replica is already servicing an update from a current leader or another vote.
I0516 22:02:33.529531 18094 tablet_service.cc:1113] Received Run Leader Election RPC: tablet_id: "7966cd4464434af09b1b861e14d66bf9" dest_uuid: "d7e4c153959b4c86b9dcb5a3441a879a" from {username='slave'} at 127.0.0.1:45694
I0516 22:02:33.529863 18097 tablet_service.cc:1113] Received Run Leader Election RPC: tablet_id: "fde57a2e13af4bcc9077306cd4109c3e" dest_uuid: "d7e4c153959b4c86b9dcb5a3441a879a" from {username='slave'} at 127.0.0.1:45694
I0516 22:02:33.530119 18066 leader_election.cc:379] T f44edd9cb161433f9ae53e8d2e60e43e P d7e4c153959b4c86b9dcb5a3441a879a [CANDIDATE]: Term 14 election: Vote granted by peer b141e05cb0444865b490089e568edadc (127.17.88.3:49899)
I0516 22:02:33.530117 18096 tablet_service.cc:1113] Received Run Leader Election RPC: tablet_id: "f970f063780d4349888d8fd439beb0a0" dest_uuid: "d7e4c153959b4c86b9dcb5a3441a879a" from {username='slave'} at 127.0.0.1:45694
I0516 22:02:33.530163 18346 ts_tablet_manager.cc:1369] T 7966cd4464434af09b1b861e14d66bf9 P d7e4c153959b4c86b9dcb5a3441a879a: Deleting tablet data with delete state TABLET_DATA_DELETED
I0516 22:02:33.530234 18161 raft_consensus.cc:2219] T 50f4658409f4467d91579fefb4bbc4af P d2767dd0c676459aa9c2533260fc9d46 [term 17 FOLLOWER]: Leader election vote request: Granting yes vote for candidate d7e4c153959b4c86b9dcb5a3441a879a in term 17.
I0516 22:02:33.530282 18093 leader_election.cc:243] T f44edd9cb161433f9ae53e8d2e60e43e P d7e4c153959b4c86b9dcb5a3441a879a [CANDIDATE]: Term 16 election: Requesting vote from peer b141e05cb0444865b490089e568edadc (127.17.88.3:49899)
I0516 22:02:33.530432 18066 leader_election.cc:270] T f44edd9cb161433f9ae53e8d2e60e43e P d7e4c153959b4c86b9dcb5a3441a879a [CANDIDATE]: Term 14 election: Election decided. Result: candidate won.
I0516 22:02:33.530720 18351 raft_consensus.cc:2704] T f44edd9cb161433f9ae53e8d2e60e43e P d7e4c153959b4c86b9dcb5a3441a879a: Snoozing failure detection for 1.858s (election complete)
I0516 22:02:33.530721 18063 leader_election.cc:379] T 50f4658409f4467d91579fefb4bbc4af P d7e4c153959b4c86b9dcb5a3441a879a [CANDIDATE]: Term 17 election: Vote granted by peer d2767dd0c676459aa9c2533260fc9d46 (127.17.88.2:58101)
I0516 22:02:33.530969 18063 leader_election.cc:270] T 50f4658409f4467d91579fefb4bbc4af P d7e4c153959b4c86b9dcb5a3441a879a [CANDIDATE]: Term 17 election: Election decided. Result: candidate won.
I0516 22:02:33.530977 18351 raft_consensus.cc:2474] T f44edd9cb161433f9ae53e8d2e60e43e P d7e4c153959b4c86b9dcb5a3441a879a [term 16 FOLLOWER]: Leader election decision vote started in defunct term 14: won
I0516 22:02:33.531070 18066 leader_election.cc:393] T f44edd9cb161433f9ae53e8d2e60e43e P d7e4c153959b4c86b9dcb5a3441a879a [CANDIDATE]: Term 15 election: Vote denied by peer b141e05cb0444865b490089e568edadc (127.17.88.3:49899). Message: Service unavailable: T f44edd9cb161433f9ae53e8d2e60e43e P b141e05cb0444865b490089e568edadc [term 14 FOLLOWER]: Leader election vote request: Denying vote to candidate d7e4c153959b4c86b9dcb5a3441a879a for term 15 because replica is already servicing an update from a current leader or another vote.
I0516 22:02:33.531357 18066 leader_election.cc:270] T f44edd9cb161433f9ae53e8d2e60e43e P d7e4c153959b4c86b9dcb5a3441a879a [CANDIDATE]: Term 15 election: Election decided. Result: candidate lost.
I0516 22:02:33.531352 18093 tablet_service.cc:1113] Received Run Leader Election RPC: tablet_id: "f2d85aa48a984f07a36195498f0f3754" dest_uuid: "d7e4c153959b4c86b9dcb5a3441a879a" from {username='slave'} at 127.0.0.1:45694
I0516 22:02:33.531545 18235 raft_consensus.cc:2756] T 50f4658409f4467d91579fefb4bbc4af P b141e05cb0444865b490089e568edadc [term 16 FOLLOWER]: Advancing to term 17
I0516 22:02:33.531697 18232 raft_consensus.cc:2219] T 7966cd4464434af09b1b861e14d66bf9 P b141e05cb0444865b490089e568edadc [term 17 FOLLOWER]: Leader election vote request: Granting yes vote for candidate d7e4c153959b4c86b9dcb5a3441a879a in term 17.
I0516 22:02:33.531982 18101 raft_consensus.cc:435] T 50f4658409f4467d91579fefb4bbc4af P d7e4c153959b4c86b9dcb5a3441a879a [term 17 FOLLOWER]: Starting forced leader election (received explicit request)
I0516 22:02:33.532037 18101 raft_consensus.cc:2704] T 50f4658409f4467d91579fefb4bbc4af P d7e4c153959b4c86b9dcb5a3441a879a: Snoozing failure detection for 2.105s (starting election)
I0516 22:02:33.531988 18228 tablet_service.cc:998] Received RequestConsensusVote() RPC: tablet_id: "f44edd9cb161433f9ae53e8d2e60e43e" candidate_uuid: "d7e4c153959b4c86b9dcb5a3441a879a" candidate_term: 16 candidate_status { last_received { term: 0 index: 0 } } ignore_live_leader: true dest_uuid: "b141e05cb0444865b490089e568edadc"
I0516 22:02:33.532292 18323 raft_consensus.cc:2704] T f44edd9cb161433f9ae53e8d2e60e43e P d7e4c153959b4c86b9dcb5a3441a879a: Snoozing failure detection for 2.178s (election complete)
I0516 22:02:33.532397 18096 tablet_service.cc:1113] Received Run Leader Election RPC: tablet_id: "ab7b2ac793a4455e9bbe98795c6a392f" dest_uuid: "d7e4c153959b4c86b9dcb5a3441a879a" from {username='slave'} at 127.0.0.1:45694
I0516 22:02:33.532569 18101 raft_consensus.cc:2756] T 50f4658409f4467d91579fefb4bbc4af P d7e4c153959b4c86b9dcb5a3441a879a [term 17 FOLLOWER]: Advancing to term 18
I0516 22:02:33.532572 18228 raft_consensus.cc:2756] T f44edd9cb161433f9ae53e8d2e60e43e P b141e05cb0444865b490089e568edadc [term 14 FOLLOWER]: Advancing to term 16
I0516 22:02:33.532668 18066 leader_election.cc:379] T 7966cd4464434af09b1b861e14d66bf9 P d7e4c153959b4c86b9dcb5a3441a879a [CANDIDATE]: Term 17 election: Vote granted by peer b141e05cb0444865b490089e568edadc (127.17.88.3:49899)
I0516 22:02:33.534281 18167 raft_consensus.cc:2756] T f44edd9cb161433f9ae53e8d2e60e43e P d2767dd0c676459aa9c2533260fc9d46 [term 15 FOLLOWER]: Advancing to term 16
I0516 22:02:33.534656 18093 tablet_service.cc:1113] Received Run Leader Election RPC: tablet_id: "00efb34f943d4fa88ec6dcd181ee5c96" dest_uuid: "d7e4c153959b4c86b9dcb5a3441a879a" from {username='slave'} at 127.0.0.1:45694
I0516 22:02:33.534930 18102 tablet_service.cc:1113] Received Run Leader Election RPC: tablet_id: "807b2c351057419d846ab8586e3ed167" dest_uuid: "d7e4c153959b4c86b9dcb5a3441a879a" from {username='slave'} at 127.0.0.1:45694
I0516 22:02:33.534652 18101 raft_consensus.cc:457] T 50f4658409f4467d91579fefb4bbc4af P d7e4c153959b4c86b9dcb5a3441a879a [term 18 FOLLOWER]: Starting forced leader election with config: opid_index: -1 OBSOLETE_local: false peers { permanent_uuid: "d7e4c153959b4c86b9dcb5a3441a879a" member_type: VOTER last_known_addr { host: "127.17.88.1" port: 47831 } } peers { permanent_uuid: "b141e05cb0444865b490089e568edadc" member_type: VOTER last_known_addr { host: "127.17.88.3" port: 49899 } } peers { permanent_uuid: "d2767dd0c676459aa9c2533260fc9d46" member_type: VOTER last_known_addr { host: "127.17.88.2" port: 58101 } }
I0516 22:02:33.535413 18323 raft_consensus.cc:2459] T f44edd9cb161433f9ae53e8d2e60e43e P d7e4c153959b4c86b9dcb5a3441a879a [term 16 FOLLOWER]: Leader election lost for term 15. Reason: could not achieve majority
I0516 22:02:33.535475 18102 tablet_service.cc:1113] Received Run Leader Election RPC: tablet_id: "f970f063780d4349888d8fd439beb0a0" dest_uuid: "d7e4c153959b4c86b9dcb5a3441a879a" from {username='slave'} at 127.0.0.1:45694
I0516 22:02:33.535511 18099 raft_consensus.cc:418] T d744b1d6ab5c4844bd636ab76a6c3bee P d7e4c153959b4c86b9dcb5a3441a879a [term 1 LEADER]: Not starting forced leader election -- already a leader
I0516 22:02:33.535631 18093 tablet_service.cc:1113] Received Run Leader Election RPC: tablet_id: "fde57a2e13af4bcc9077306cd4109c3e" dest_uuid: "d7e4c153959b4c86b9dcb5a3441a879a" from {username='slave'} at 127.0.0.1:45694
I0516 22:02:33.535650 18228 raft_consensus.cc:2704] T f44edd9cb161433f9ae53e8d2e60e43e P b141e05cb0444865b490089e568edadc: Snoozing failure detection for 1.599s (vote granted)
I0516 22:02:33.536335 18099 tablet_service.cc:1113] Received Run Leader Election RPC: tablet_id: "f2d85aa48a984f07a36195498f0f3754" dest_uuid: "d7e4c153959b4c86b9dcb5a3441a879a" from {username='slave'} at 127.0.0.1:45694
I0516 22:02:33.536440 18097 tablet_service.cc:1113] Received Run Leader Election RPC: tablet_id: "ab7b2ac793a4455e9bbe98795c6a392f" dest_uuid: "d7e4c153959b4c86b9dcb5a3441a879a" from {username='slave'} at 127.0.0.1:45694
I0516 22:02:33.536486 18351 raft_consensus.cc:2704] T 50f4658409f4467d91579fefb4bbc4af P d7e4c153959b4c86b9dcb5a3441a879a: Snoozing failure detection for 2.706s (election complete)
I0516 22:02:33.536586 18101 leader_election.cc:243] T 50f4658409f4467d91579fefb4bbc4af P d7e4c153959b4c86b9dcb5a3441a879a [CANDIDATE]: Term 18 election: Requesting vote from peer b141e05cb0444865b490089e568edadc (127.17.88.3:49899)
I0516 22:02:33.536849 18101 leader_election.cc:243] T 50f4658409f4467d91579fefb4bbc4af P d7e4c153959b4c86b9dcb5a3441a879a [CANDIDATE]: Term 18 election: Requesting vote from peer d2767dd0c676459aa9c2533260fc9d46 (127.17.88.2:58101)
I0516 22:02:33.536852 18096 tablet_service.cc:1113] Received Run Leader Election RPC: tablet_id: "7966cd4464434af09b1b861e14d66bf9" dest_uuid: "d7e4c153959b4c86b9dcb5a3441a879a" from {username='slave'} at 127.0.0.1:45694
I0516 22:02:33.537133 18102 tablet_service.cc:1113] Received Run Leader Election RPC: tablet_id: "00efb34f943d4fa88ec6dcd181ee5c96" dest_uuid: "d7e4c153959b4c86b9dcb5a3441a879a" from {username='slave'} at 127.0.0.1:45694
I0516 22:02:33.537370 18096 tablet_service.cc:1113] Received Run Leader Election RPC: tablet_id: "807b2c351057419d846ab8586e3ed167" dest_uuid: "d7e4c153959b4c86b9dcb5a3441a879a" from {username='slave'} at 127.0.0.1:45694
I0516 22:02:33.537379 18161 tablet_service.cc:998] Received RequestConsensusVote() RPC: tablet_id: "50f4658409f4467d91579fefb4bbc4af" candidate_uuid: "d7e4c153959b4c86b9dcb5a3441a879a" candidate_term: 18 candidate_status { last_received { term: 0 index: 0 } } ignore_live_leader: true dest_uuid: "d2767dd0c676459aa9c2533260fc9d46"
I0516 22:02:33.537508 18161 raft_consensus.cc:2756] T 50f4658409f4467d91579fefb4bbc4af P d2767dd0c676459aa9c2533260fc9d46 [term 17 FOLLOWER]: Advancing to term 18
I0516 22:02:33.537626 18161 raft_consensus.cc:2704] T 50f4658409f4467d91579fefb4bbc4af P d2767dd0c676459aa9c2533260fc9d46: Snoozing failure detection for 1.748s (vote granted)
I0516 22:02:33.538002 18102 tablet_service.cc:1113] Received Run Leader Election RPC: tablet_id: "d744b1d6ab5c4844bd636ab76a6c3bee" dest_uuid: "d7e4c153959b4c86b9dcb5a3441a879a" from {username='slave'} at 127.0.0.1:45694
I0516 22:02:33.539172 18066 leader_election.cc:270] T 7966cd4464434af09b1b861e14d66bf9 P d7e4c153959b4c86b9dcb5a3441a879a [CANDIDATE]: Term 17 election: Election decided. Result: candidate won.
I0516 22:02:33.539182 18351 raft_consensus.cc:2474] T 50f4658409f4467d91579fefb4bbc4af P d7e4c153959b4c86b9dcb5a3441a879a [term 18 FOLLOWER]: Leader election decision vote started in defunct term 17: won
I0516 22:02:33.538974 18228 raft_consensus.cc:2219] T f44edd9cb161433f9ae53e8d2e60e43e P b141e05cb0444865b490089e568edadc [term 16 FOLLOWER]: Leader election vote request: Granting yes vote for candidate d7e4c153959b4c86b9dcb5a3441a879a in term 16.
I0516 22:02:33.539424 18093 tablet_service.cc:1113] Received Run Leader Election RPC: tablet_id: "f44edd9cb161433f9ae53e8d2e60e43e" dest_uuid: "d7e4c153959b4c86b9dcb5a3441a879a" from {username='slave'} at 127.0.0.1:45694
I0516 22:02:33.539535 18093 raft_consensus.cc:435] T f44edd9cb161433f9ae53e8d2e60e43e P d7e4c153959b4c86b9dcb5a3441a879a [term 16 FOLLOWER]: Starting forced leader election (received explicit request)
I0516 22:02:33.539789 18093 raft_consensus.cc:2704] T f44edd9cb161433f9ae53e8d2e60e43e P d7e4c153959b4c86b9dcb5a3441a879a: Snoozing failure detection for 4.609s (starting election)
I0516 22:02:33.539854 18093 raft_consensus.cc:2756] T f44edd9cb161433f9ae53e8d2e60e43e P d7e4c153959b4c86b9dcb5a3441a879a [term 16 FOLLOWER]: Advancing to term 17
I0516 22:02:33.540293 18096 tablet_service.cc:1113] Received Run Leader Election RPC: tablet_id: "ab7b2ac793a4455e9bbe98795c6a392f" dest_uuid: "d7e4c153959b4c86b9dcb5a3441a879a" from {username='slave'} at 127.0.0.1:45694
I0516 22:02:33.540765 18346 ts_tablet_manager.cc:1382] T 7966cd4464434af09b1b861e14d66bf9 P d7e4c153959b4c86b9dcb5a3441a879a: tablet deleted with delete type TABLET_DATA_DELETED: last-logged OpId 0.0
I0516 22:02:33.540928 18096 tablet_service.cc:1113] Received Run Leader Election RPC: tablet_id: "7966cd4464434af09b1b861e14d66bf9" dest_uuid: "d7e4c153959b4c86b9dcb5a3441a879a" from {username='slave'} at 127.0.0.1:45694
I0516 22:02:33.542845 18100 tablet_service.cc:1113] Received Run Leader Election RPC: tablet_id: "f2d85aa48a984f07a36195498f0f3754" dest_uuid: "d7e4c153959b4c86b9dcb5a3441a879a" from {username='slave'} at 127.0.0.1:45694
W0516 22:02:33.543514 18066 raft_consensus.cc:2415] T 7966cd4464434af09b1b861e14d66bf9 P d7e4c153959b4c86b9dcb5a3441a879a: Unable to run election callback: Service unavailable: Thread pool token was shut down
I0516 22:02:33.543856 18094 tablet_service.cc:1113] Received Run Leader Election RPC: tablet_id: "807b2c351057419d846ab8586e3ed167" dest_uuid: "d7e4c153959b4c86b9dcb5a3441a879a" from {username='slave'} at 127.0.0.1:45694
I0516 22:02:33.543854 18102 raft_consensus.cc:418] T d744b1d6ab5c4844bd636ab76a6c3bee P d7e4c153959b4c86b9dcb5a3441a879a [term 1 LEADER]: Not starting forced leader election -- already a leader
I0516 22:02:33.544124 18101 tablet_service.cc:1113] Received Run Leader Election RPC: tablet_id: "50f4658409f4467d91579fefb4bbc4af" dest_uuid: "d7e4c153959b4c86b9dcb5a3441a879a" from {username='slave'} at 127.0.0.1:45694
I0516 22:02:33.544134 18161 raft_consensus.cc:2219] T 50f4658409f4467d91579fefb4bbc4af P d2767dd0c676459aa9c2533260fc9d46 [term 18 FOLLOWER]: Leader election vote request: Granting yes vote for candidate d7e4c153959b4c86b9dcb5a3441a879a in term 18.
I0516 22:02:33.544220 18101 raft_consensus.cc:435] T 50f4658409f4467d91579fefb4bbc4af P d7e4c153959b4c86b9dcb5a3441a879a [term 18 FOLLOWER]: Starting forced leader election (received explicit request)
I0516 22:02:33.544322 18101 raft_consensus.cc:2704] T 50f4658409f4467d91579fefb4bbc4af P d7e4c153959b4c86b9dcb5a3441a879a: Snoozing failure detection for 3.411s (starting election)
I0516 22:02:33.544369 18101 raft_consensus.cc:2756] T 50f4658409f4467d91579fefb4bbc4af P d7e4c153959b4c86b9dcb5a3441a879a [term 18 FOLLOWER]: Advancing to term 19
I0516 22:02:33.544577 18099 tablet_service.cc:1113] Received Run Leader Election RPC: tablet_id: "fde57a2e13af4bcc9077306cd4109c3e" dest_uuid: "d7e4c153959b4c86b9dcb5a3441a879a" from {username='slave'} at 127.0.0.1:45694
I0516 22:02:33.544764 18235 raft_consensus.cc:2166] T 50f4658409f4467d91579fefb4bbc4af P b141e05cb0444865b490089e568edadc [term 17 FOLLOWER]: Leader election vote request: Denying vote to candidate d7e4c153959b4c86b9dcb5a3441a879a for term 17 because replica has last-logged OpId of term: 1 index: 1, which is greater than that of the candidate, which has last-logged OpId of term: 0 index: 0.
I0516 22:02:33.545025 18097 tablet_service.cc:1113] Received Run Leader Election RPC: tablet_id: "f970f063780d4349888d8fd439beb0a0" dest_uuid: "d7e4c153959b4c86b9dcb5a3441a879a" from {username='slave'} at 127.0.0.1:45694
I0516 22:02:33.544634 18095 tablet_service.cc:1113] Received Run Leader Election RPC: tablet_id: "ab7b2ac793a4455e9bbe98795c6a392f" dest_uuid: "d7e4c153959b4c86b9dcb5a3441a879a" from {username='slave'} at 127.0.0.1:45694
I0516 22:02:33.545310 18063 leader_election.cc:379] T 50f4658409f4467d91579fefb4bbc4af P d7e4c153959b4c86b9dcb5a3441a879a [CANDIDATE]: Term 18 election: Vote granted by peer d2767dd0c676459aa9c2533260fc9d46 (127.17.88.2:58101)
I0516 22:02:33.545375 18063 leader_election.cc:270] T 50f4658409f4467d91579fefb4bbc4af P d7e4c153959b4c86b9dcb5a3441a879a [CANDIDATE]: Term 18 election: Election decided. Result: candidate won.
I0516 22:02:33.545593 18097 tablet_service.cc:1113] Received Run Leader Election RPC: tablet_id: "807b2c351057419d846ab8586e3ed167" dest_uuid: "d7e4c153959b4c86b9dcb5a3441a879a" from {username='slave'} at 127.0.0.1:45694
I0516 22:02:33.546025 18099 tablet_service.cc:1113] Received Run Leader Election RPC: tablet_id: "f970f063780d4349888d8fd439beb0a0" dest_uuid: "d7e4c153959b4c86b9dcb5a3441a879a" from {username='slave'} at 127.0.0.1:45694
I0516 22:02:33.546823 18098 tablet_service.cc:1113] Received Run Leader Election RPC: tablet_id: "f970f063780d4349888d8fd439beb0a0" dest_uuid: "d7e4c153959b4c86b9dcb5a3441a879a" from {username='slave'} at 127.0.0.1:45694
I0516 22:02:33.546811 18102 tablet_service.cc:1113] Received Run Leader Election RPC: tablet_id: "f2d85aa48a984f07a36195498f0f3754" dest_uuid: "d7e4c153959b4c86b9dcb5a3441a879a" from {username='slave'} at 127.0.0.1:45694
I0516 22:02:33.547010 18066 leader_election.cc:379] T f44edd9cb161433f9ae53e8d2e60e43e P d7e4c153959b4c86b9dcb5a3441a879a [CANDIDATE]: Term 16 election: Vote granted by peer b141e05cb0444865b490089e568edadc (127.17.88.3:49899)
I0516 22:02:33.547062 18066 leader_election.cc:270] T f44edd9cb161433f9ae53e8d2e60e43e P d7e4c153959b4c86b9dcb5a3441a879a [CANDIDATE]: Term 16 election: Election decided. Result: candidate won.
I0516 22:02:33.546896 18093 raft_consensus.cc:457] T f44edd9cb161433f9ae53e8d2e60e43e P d7e4c153959b4c86b9dcb5a3441a879a [term 17 FOLLOWER]: Starting forced leader election with config: opid_index: -1 OBSOLETE_local: false peers { permanent_uuid: "d2767dd0c676459aa9c2533260fc9d46" member_type: VOTER last_known_addr { host: "127.17.88.2" port: 58101 } } peers { permanent_uuid: "d7e4c153959b4c86b9dcb5a3441a879a" member_type: VOTER last_known_addr { host: "127.17.88.1" port: 47831 } } peers { permanent_uuid: "b141e05cb0444865b490089e568edadc" member_type: VOTER last_known_addr { host: "127.17.88.3" port: 49899 } }
I0516 22:02:33.547507 18235 tablet_service.cc:998] Received RequestConsensusVote() RPC: tablet_id: "50f4658409f4467d91579fefb4bbc4af" candidate_uuid: "d7e4c153959b4c86b9dcb5a3441a879a" candidate_term: 18 candidate_status { last_received { term: 0 index: 0 } } ignore_live_leader: true dest_uuid: "b141e05cb0444865b490089e568edadc"
I0516 22:02:33.547616 18098 tablet_service.cc:1113] Received Run Leader Election RPC: tablet_id: "f2d85aa48a984f07a36195498f0f3754" dest_uuid: "d7e4c153959b4c86b9dcb5a3441a879a" from {username='slave'} at 127.0.0.1:45694
I0516 22:02:33.547679 18235 raft_consensus.cc:2756] T 50f4658409f4467d91579fefb4bbc4af P b141e05cb0444865b490089e568edadc [term 17 FOLLOWER]: Advancing to term 18
I0516 22:02:33.547693 18323 raft_consensus.cc:2704] T f44edd9cb161433f9ae53e8d2e60e43e P d7e4c153959b4c86b9dcb5a3441a879a: Snoozing failure detection for 3.237s (election complete)
I0516 22:02:33.547752 18102 tablet_service.cc:1113] Received Run Leader Election RPC: tablet_id: "f970f063780d4349888d8fd439beb0a0" dest_uuid: "d7e4c153959b4c86b9dcb5a3441a879a" from {username='slave'} at 127.0.0.1:45694
I0516 22:02:33.547683 18093 leader_election.cc:243] T f44edd9cb161433f9ae53e8d2e60e43e P d7e4c153959b4c86b9dcb5a3441a879a [CANDIDATE]: Term 17 election: Requesting vote from peer d2767dd0c676459aa9c2533260fc9d46 (127.17.88.2:58101)
I0516 22:02:33.547996 18096 tablet_service.cc:1113] Received Run Leader Election RPC: tablet_id: "00efb34f943d4fa88ec6dcd181ee5c96" dest_uuid: "d7e4c153959b4c86b9dcb5a3441a879a" from {username='slave'} at 127.0.0.1:45694
I0516 22:02:33.548485 18100 tablet_service.cc:1113] Received Run Leader Election RPC: tablet_id: "7966cd4464434af09b1b861e14d66bf9" dest_uuid: "d7e4c153959b4c86b9dcb5a3441a879a" from {username='slave'} at 127.0.0.1:45694
I0516 22:02:33.548713 18346 log.cc:981] T 7966cd4464434af09b1b861e14d66bf9 P d7e4c153959b4c86b9dcb5a3441a879a: Deleting WAL directory at /tmp/dist-test-tasksS1KRx/test-tmp/delete_tablet-itest.0.DeleteTabletITest.TestLeaderElectionDuringDeleteTablet.1526508151408653-17760/minicluster-data/ts-0-root/wals/7966cd4464434af09b1b861e14d66bf9
I0516 22:02:33.548755 18095 tablet_service.cc:1113] Received Run Leader Election RPC: tablet_id: "d744b1d6ab5c4844bd636ab76a6c3bee" dest_uuid: "d7e4c153959b4c86b9dcb5a3441a879a" from {username='slave'} at 127.0.0.1:45694
I0516 22:02:33.548945 18095 raft_consensus.cc:418] T d744b1d6ab5c4844bd636ab76a6c3bee P d7e4c153959b4c86b9dcb5a3441a879a [term 1 LEADER]: Not starting forced leader election -- already a leader
I0516 22:02:33.549057 18094 tablet_service.cc:1113] Received Run Leader Election RPC: tablet_id: "ab7b2ac793a4455e9bbe98795c6a392f" dest_uuid: "d7e4c153959b4c86b9dcb5a3441a879a" from {username='slave'} at 127.0.0.1:45694
I0516 22:02:33.549458 18167 raft_consensus.cc:2166] T f44edd9cb161433f9ae53e8d2e60e43e P d2767dd0c676459aa9c2533260fc9d46 [term 16 FOLLOWER]: Leader election vote request: Denying vote to candidate d7e4c153959b4c86b9dcb5a3441a879a for term 16 because replica has last-logged OpId of term: 1 index: 1, which is greater than that of the candidate, which has last-logged OpId of term: 0 index: 0.
I0516 22:02:33.549515 18346 ts_tablet_manager.cc:1402] T 7966cd4464434af09b1b861e14d66bf9 P d7e4c153959b4c86b9dcb5a3441a879a: Deleting consensus metadata
I0516 22:02:33.549523 18161 tablet_service.cc:998] Received RequestConsensusVote() RPC: tablet_id: "f44edd9cb161433f9ae53e8d2e60e43e" candidate_uuid: "d7e4c153959b4c86b9dcb5a3441a879a" candidate_term: 17 candidate_status { last_received { term: 0 index: 0 } } ignore_live_leader: true dest_uuid: "d2767dd0c676459aa9c2533260fc9d46"
I0516 22:02:33.549659 18161 raft_consensus.cc:2756] T f44edd9cb161433f9ae53e8d2e60e43e P d2767dd0c676459aa9c2533260fc9d46 [term 16 FOLLOWER]: Advancing to term 17
I0516 22:02:33.549845 18323 raft_consensus.cc:2474] T f44edd9cb161433f9ae53e8d2e60e43e P d7e4c153959b4c86b9dcb5a3441a879a [term 17 FOLLOWER]: Leader election decision vote started in defunct term 16: won
I0516 22:02:33.549923 18094 tablet_service.cc:1113] Received Run Leader Election RPC: tablet_id: "f970f063780d4349888d8fd439beb0a0" dest_uuid: "d7e4c153959b4c86b9dcb5a3441a879a" from {username='slave'} at 127.0.0.1:45694
I0516 22:02:33.549556 18101 raft_consensus.cc:457] T 50f4658409f4467d91579fefb4bbc4af P d7e4c153959b4c86b9dcb5a3441a879a [term 19 FOLLOWER]: Starting forced leader election with config: opid_index: -1 OBSOLETE_local: false peers { permanent_uuid: "d7e4c153959b4c86b9dcb5a3441a879a" member_type: VOTER last_known_addr { host: "127.17.88.1" port: 47831 } } peers { permanent_uuid: "b141e05cb0444865b490089e568edadc" member_type: VOTER last_known_addr { host: "127.17.88.3" port: 49899 } } peers { permanent_uuid: "d2767dd0c676459aa9c2533260fc9d46" member_type: VOTER last_known_addr { host: "127.17.88.2" port: 58101 } }
I0516 22:02:33.550283 18351 raft_consensus.cc:2704] T 50f4658409f4467d91579fefb4bbc4af P d7e4c153959b4c86b9dcb5a3441a879a: Snoozing failure detection for 2.680s (election complete)
I0516 22:02:33.550277 18066 leader_election.cc:393] T 50f4658409f4467d91579fefb4bbc4af P d7e4c153959b4c86b9dcb5a3441a879a [CANDIDATE]: Term 17 election: Vote denied by peer b141e05cb0444865b490089e568edadc (127.17.88.3:49899). Message: Invalid argument: T 50f4658409f4467d91579fefb4bbc4af P b141e05cb0444865b490089e568edadc [term 17 FOLLOWER]: Leader election vote request: Denying vote to candidate d7e4c153959b4c86b9dcb5a3441a879a for term 17 because replica has last-logged OpId of term: 1 index: 1, which is greater than that of the candidate, which has last-logged OpId of term: 0 index: 0.
I0516 22:02:33.550510 18063 leader_election.cc:393] T f44edd9cb161433f9ae53e8d2e60e43e P d7e4c153959b4c86b9dcb5a3441a879a [CANDIDATE]: Term 16 election: Vote denied by peer d2767dd0c676459aa9c2533260fc9d46 (127.17.88.2:58101). Message: Invalid argument: T f44edd9cb161433f9ae53e8d2e60e43e P d2767dd0c676459aa9c2533260fc9d46 [term 16 FOLLOWER]: Leader election vote request: Denying vote to candidate d7e4c153959b4c86b9dcb5a3441a879a for term 16 because replica has last-logged OpId of term: 1 index: 1, which is greater than that of the candidate, which has last-logged OpId of term: 0 index: 0.
I0516 22:02:33.550616 18097 tablet_service.cc:1113] Received Run Leader Election RPC: tablet_id: "fde57a2e13af4bcc9077306cd4109c3e" dest_uuid: "d7e4c153959b4c86b9dcb5a3441a879a" from {username='slave'} at 127.0.0.1:45694
I0516 22:02:33.550820 18101 leader_election.cc:243] T 50f4658409f4467d91579fefb4bbc4af P d7e4c153959b4c86b9dcb5a3441a879a [CANDIDATE]: Term 19 election: Requesting vote from peer b141e05cb0444865b490089e568edadc (127.17.88.3:49899)
I0516 22:02:33.550979 18093 leader_election.cc:243] T f44edd9cb161433f9ae53e8d2e60e43e P d7e4c153959b4c86b9dcb5a3441a879a [CANDIDATE]: Term 17 election: Requesting vote from peer b141e05cb0444865b490089e568edadc (127.17.88.3:49899)
I0516 22:02:33.550101 18099 tablet_service.cc:1113] Received Run Leader Election RPC: tablet_id: "807b2c351057419d846ab8586e3ed167" dest_uuid: "d7e4c153959b4c86b9dcb5a3441a879a" from {username='slave'} at 127.0.0.1:45694
I0516 22:02:33.551455 18094 tablet_service.cc:1113] Received Run Leader Election RPC: tablet_id: "f2d85aa48a984f07a36195498f0f3754" dest_uuid: "d7e4c153959b4c86b9dcb5a3441a879a" from {username='slave'} at 127.0.0.1:45694
I0516 22:02:33.551635 18351 raft_consensus.cc:2474] T 50f4658409f4467d91579fefb4bbc4af P d7e4c153959b4c86b9dcb5a3441a879a [term 19 FOLLOWER]: Leader election decision vote started in defunct term 18: won
I0516 22:02:33.552084 18094 tablet_service.cc:1113] Received Run Leader Election RPC: tablet_id: "7966cd4464434af09b1b861e14d66bf9" dest_uuid: "d7e4c153959b4c86b9dcb5a3441a879a" from {username='slave'} at 127.0.0.1:45694
I0516 22:02:33.552089 18228 tablet_service.cc:998] Received RequestConsensusVote() RPC: tablet_id: "f44edd9cb161433f9ae53e8d2e60e43e" candidate_uuid: "d7e4c153959b4c86b9dcb5a3441a879a" candidate_term: 17 candidate_status { last_received { term: 0 index: 0 } } ignore_live_leader: true dest_uuid: "b141e05cb0444865b490089e568edadc"
I0516 22:02:33.552225 18228 raft_consensus.cc:2756] T f44edd9cb161433f9ae53e8d2e60e43e P b141e05cb0444865b490089e568edadc [term 16 FOLLOWER]: Advancing to term 17
I0516 22:02:33.552223 18099 tablet_service.cc:1113] Received Run Leader Election RPC: tablet_id: "d744b1d6ab5c4844bd636ab76a6c3bee" dest_uuid: "d7e4c153959b4c86b9dcb5a3441a879a" from {username='slave'} at 127.0.0.1:45694
I0516 22:02:33.552270 18095 tablet_service.cc:1113] Received Run Leader Election RPC: tablet_id: "00efb34f943d4fa88ec6dcd181ee5c96" dest_uuid: "d7e4c153959b4c86b9dcb5a3441a879a" from {username='slave'} at 127.0.0.1:45694
I0516 22:02:33.552523 18228 raft_consensus.cc:2704] T f44edd9cb161433f9ae53e8d2e60e43e P b141e05cb0444865b490089e568edadc: Snoozing failure detection for 1.896s (vote granted)
I0516 22:02:33.552695 18094 tablet_service.cc:1113] Received Run Leader Election RPC: tablet_id: "f970f063780d4349888d8fd439beb0a0" dest_uuid: "d7e4c153959b4c86b9dcb5a3441a879a" from {username='slave'} at 127.0.0.1:45694
I0516 22:02:33.552809 18093 tablet_service.cc:1113] Received Run Leader Election RPC: tablet_id: "ab7b2ac793a4455e9bbe98795c6a392f" dest_uuid: "d7e4c153959b4c86b9dcb5a3441a879a" from {username='slave'} at 127.0.0.1:45694
I0516 22:02:33.553020 18232 tablet_service.cc:998] Received RequestConsensusVote() RPC: tablet_id: "50f4658409f4467d91579fefb4bbc4af" candidate_uuid: "d7e4c153959b4c86b9dcb5a3441a879a" candidate_term: 19 candidate_status { last_received { term: 0 index: 0 } } ignore_live_leader: true dest_uuid: "b141e05cb0444865b490089e568edadc"
I0516 22:02:33.553421 18095 tablet_service.cc:1113] Received Run Leader Election RPC: tablet_id: "fde57a2e13af4bcc9077306cd4109c3e" dest_uuid: "d7e4c153959b4c86b9dcb5a3441a879a" from {username='slave'} at 127.0.0.1:45694
I0516 22:02:33.554137 18094 tablet_service.cc:1113] Received Run Leader Election RPC: tablet_id: "f2d85aa48a984f07a36195498f0f3754" dest_uuid: "d7e4c153959b4c86b9dcb5a3441a879a" from {username='slave'} at 127.0.0.1:45694
I0516 22:02:33.554491 18101 leader_election.cc:243] T 50f4658409f4467d91579fefb4bbc4af P d7e4c153959b4c86b9dcb5a3441a879a [CANDIDATE]: Term 19 election: Requesting vote from peer d2767dd0c676459aa9c2533260fc9d46 (127.17.88.2:58101)
I0516 22:02:33.554520 18228 raft_consensus.cc:2219] T f44edd9cb161433f9ae53e8d2e60e43e P b141e05cb0444865b490089e568edadc [term 17 FOLLOWER]: Leader election vote request: Granting yes vote for candidate d7e4c153959b4c86b9dcb5a3441a879a in term 17.
I0516 22:02:33.555045 18101 tablet_service.cc:1113] Received Run Leader Election RPC: tablet_id: "f970f063780d4349888d8fd439beb0a0" dest_uuid: "d7e4c153959b4c86b9dcb5a3441a879a" from {username='slave'} at 127.0.0.1:45694
I0516 22:02:33.555043 18094 tablet_service.cc:1113] Received Run Leader Election RPC: tablet_id: "7966cd4464434af09b1b861e14d66bf9" dest_uuid: "d7e4c153959b4c86b9dcb5a3441a879a" from {username='slave'} at 127.0.0.1:45694
I0516 22:02:33.555191 18066 leader_election.cc:379] T f44edd9cb161433f9ae53e8d2e60e43e P d7e4c153959b4c86b9dcb5a3441a879a [CANDIDATE]: Term 17 election: Vote granted by peer b141e05cb0444865b490089e568edadc (127.17.88.3:49899)
I0516 22:02:33.555339 18066 leader_election.cc:270] T f44edd9cb161433f9ae53e8d2e60e43e P d7e4c153959b4c86b9dcb5a3441a879a [CANDIDATE]: Term 17 election: Election decided. Result: candidate won.
I0516 22:02:33.555254 18095 tablet_service.cc:1113] Received Run Leader Election RPC: tablet_id: "f44edd9cb161433f9ae53e8d2e60e43e" dest_uuid: "d7e4c153959b4c86b9dcb5a3441a879a" from {username='slave'} at 127.0.0.1:45694
I0516 22:02:33.555647 18095 raft_consensus.cc:435] T f44edd9cb161433f9ae53e8d2e60e43e P d7e4c153959b4c86b9dcb5a3441a879a [term 17 FOLLOWER]: Starting forced leader election (received explicit request)
I0516 22:02:33.555852 18099 raft_consensus.cc:418] T d744b1d6ab5c4844bd636ab76a6c3bee P d7e4c153959b4c86b9dcb5a3441a879a [term 1 LEADER]: Not starting forced leader election -- already a leader
I0516 22:02:33.555869 18083 tablet_service.cc:801] Processing DeleteTablet for tablet f44edd9cb161433f9ae53e8d2e60e43e with delete_type TABLET_DATA_DELETED from {username='slave'} at 127.0.0.1:45694
I0516 22:02:33.556011 18167 tablet_service.cc:998] Received RequestConsensusVote() RPC: tablet_id: "50f4658409f4467d91579fefb4bbc4af" candidate_uuid: "d7e4c153959b4c86b9dcb5a3441a879a" candidate_term: 19 candidate_status { last_received { term: 0 index: 0 } } ignore_live_leader: true dest_uuid: "d2767dd0c676459aa9c2533260fc9d46"
I0516 22:02:33.556423 18099 tablet_service.cc:1113] Received Run Leader Election RPC: tablet_id: "00efb34f943d4fa88ec6dcd181ee5c96" dest_uuid: "d7e4c153959b4c86b9dcb5a3441a879a" from {username='slave'} at 127.0.0.1:45694
I0516 22:02:33.556427 18093 tablet_service.cc:1113] Received Run Leader Election RPC: tablet_id: "807b2c351057419d846ab8586e3ed167" dest_uuid: "d7e4c153959b4c86b9dcb5a3441a879a" from {username='slave'} at 127.0.0.1:45694
I0516 22:02:33.556452 18094 tablet_service.cc:1113] Received Run Leader Election RPC: tablet_id: "ab7b2ac793a4455e9bbe98795c6a392f" dest_uuid: "d7e4c153959b4c86b9dcb5a3441a879a" from {username='slave'} at 127.0.0.1:45694
I0516 22:02:33.556752 18167 raft_consensus.cc:2756] T 50f4658409f4467d91579fefb4bbc4af P d2767dd0c676459aa9c2533260fc9d46 [term 18 FOLLOWER]: Advancing to term 19
I0516 22:02:33.556759 18095 raft_consensus.cc:2704] T f44edd9cb161433f9ae53e8d2e60e43e P d7e4c153959b4c86b9dcb5a3441a879a: Snoozing failure detection for 4.610s (starting election)
I0516 22:02:33.557065 18095 raft_consensus.cc:2756] T f44edd9cb161433f9ae53e8d2e60e43e P d7e4c153959b4c86b9dcb5a3441a879a [term 17 FOLLOWER]: Advancing to term 18
I0516 22:02:33.557478 18235 raft_consensus.cc:2166] T 50f4658409f4467d91579fefb4bbc4af P b141e05cb0444865b490089e568edadc [term 18 FOLLOWER]: Leader election vote request: Denying vote to candidate d7e4c153959b4c86b9dcb5a3441a879a for term 18 because replica has last-logged OpId of term: 1 index: 1, which is greater than that of the candidate, which has last-logged OpId of term: 0 index: 0.
I0516 22:02:33.557581 18232 raft_consensus.cc:2194] T 50f4658409f4467d91579fefb4bbc4af P b141e05cb0444865b490089e568edadc [term 18 FOLLOWER]: Leader election vote request: Denying vote to candidate d7e4c153959b4c86b9dcb5a3441a879a for term 19 because replica is already servicing an update from a current leader or another vote.
I0516 22:02:33.557925 18093 tablet_service.cc:1113] Received Run Leader Election RPC: tablet_id: "50f4658409f4467d91579fefb4bbc4af" dest_uuid: "d7e4c153959b4c86b9dcb5a3441a879a" from {username='slave'} at 127.0.0.1:45694
I0516 22:02:33.558007 18066 leader_election.cc:393] T 50f4658409f4467d91579fefb4bbc4af P d7e4c153959b4c86b9dcb5a3441a879a [CANDIDATE]: Term 19 election: Vote denied by peer b141e05cb0444865b490089e568edadc (127.17.88.3:49899). Message: Service unavailable: T 50f4658409f4467d91579fefb4bbc4af P b141e05cb0444865b490089e568edadc [term 18 FOLLOWER]: Leader election vote request: Denying vote to candidate d7e4c153959b4c86b9dcb5a3441a879a for term 19 because replica is already servicing an update from a current leader or another vote.
I0516 22:02:33.558226 18097 tablet_service.cc:1113] Received Run Leader Election RPC: tablet_id: "7966cd4464434af09b1b861e14d66bf9" dest_uuid: "d7e4c153959b4c86b9dcb5a3441a879a" from {username='slave'} at 127.0.0.1:45694
I0516 22:02:33.558320 18100 tablet_service.cc:1113] Received Run Leader Election RPC: tablet_id: "d744b1d6ab5c4844bd636ab76a6c3bee" dest_uuid: "d7e4c153959b4c86b9dcb5a3441a879a" from {username='slave'} at 127.0.0.1:45694 @ 0x7ff0b0a7c5d6 kudu::consensus::ShouldEvictReplica() at ??:0
I0516 22:02:33.558647 18097 tablet_service.cc:1113] Received Run Leader Election RPC: tablet_id: "00efb34f943d4fa88ec6dcd181ee5c96" dest_uuid: "d7e4c153959b4c86b9dcb5a3441a879a" from {username='slave'} at 127.0.0.1:45694
I0516 22:02:33.558836 18101 tablet_service.cc:1113] Received Run Leader Election RPC: tablet_id: "fde57a2e13af4bcc9077306cd4109c3e" dest_uuid: "d7e4c153959b4c86b9dcb5a3441a879a" from {username='slave'} at 127.0.0.1:45694
I0516 22:02:33.558876 18066 leader_election.cc:393] T 50f4658409f4467d91579fefb4bbc4af P d7e4c153959b4c86b9dcb5a3441a879a [CANDIDATE]: Term 18 election: Vote denied by peer b141e05cb0444865b490089e568edadc (127.17.88.3:49899). Message: Invalid argument: T 50f4658409f4467d91579fefb4bbc4af P b141e05cb0444865b490089e568edadc [term 18 FOLLOWER]: Leader election vote request: Denying vote to candidate d7e4c153959b4c86b9dcb5a3441a879a for term 18 because replica has last-logged OpId of term: 1 index: 1, which is greater than that of the candidate, which has last-logged OpId of term: 0 index: 0.
I0516 22:02:33.559095 18167 raft_consensus.cc:2704] T 50f4658409f4467d91579fefb4bbc4af P d2767dd0c676459aa9c2533260fc9d46: Snoozing failure detection for 1.683s (vote granted)
I0516 22:02:33.559098 18094 tablet_service.cc:1113] Received Run Leader Election RPC: tablet_id: "f2d85aa48a984f07a36195498f0f3754" dest_uuid: "d7e4c153959b4c86b9dcb5a3441a879a" from {username='slave'} at 127.0.0.1:45694
I0516 22:02:33.559305 18093 raft_consensus.cc:435] T 50f4658409f4467d91579fefb4bbc4af P d7e4c153959b4c86b9dcb5a3441a879a [term 19 FOLLOWER]: Starting forced leader election (received explicit request)
I0516 22:02:33.559341 18094 tablet_service.cc:1113] Received Run Leader Election RPC: tablet_id: "807b2c351057419d846ab8586e3ed167" dest_uuid: "d7e4c153959b4c86b9dcb5a3441a879a" from {username='slave'} at 127.0.0.1:45694
I0516 22:02:33.559377 18093 raft_consensus.cc:2704] T 50f4658409f4467d91579fefb4bbc4af P d7e4c153959b4c86b9dcb5a3441a879a: Snoozing failure detection for 1.919s (starting election)
I0516 22:02:33.559437 18099 tablet_service.cc:1113] Received Run Leader Election RPC: tablet_id: "f970f063780d4349888d8fd439beb0a0" dest_uuid: "d7e4c153959b4c86b9dcb5a3441a879a" from {username='slave'} at 127.0.0.1:45694
I0516 22:02:33.559598 18100 raft_consensus.cc:418] T d744b1d6ab5c4844bd636ab76a6c3bee P d7e4c153959b4c86b9dcb5a3441a879a [term 1 LEADER]: Not starting forced leader election -- already a leader
I0516 22:02:33.559682 18101 tablet_service.cc:1113] Received Run Leader Election RPC: tablet_id: "ab7b2ac793a4455e9bbe98795c6a392f" dest_uuid: "d7e4c153959b4c86b9dcb5a3441a879a" from {username='slave'} at 127.0.0.1:45694
I0516 22:02:33.559667 18099 tablet_service.cc:1113] Received Run Leader Election RPC: tablet_id: "7966cd4464434af09b1b861e14d66bf9" dest_uuid: "d7e4c153959b4c86b9dcb5a3441a879a" from {username='slave'} at 127.0.0.1:45694
I0516 22:02:33.559816 18095 raft_consensus.cc:457] T f44edd9cb161433f9ae53e8d2e60e43e P d7e4c153959b4c86b9dcb5a3441a879a [term 18 FOLLOWER]: Starting forced leader election with config: opid_index: -1 OBSOLETE_local: false peers { permanent_uuid: "d2767dd0c676459aa9c2533260fc9d46" member_type: VOTER last_known_addr { host: "127.17.88.2" port: 58101 } } peers { permanent_uuid: "d7e4c153959b4c86b9dcb5a3441a879a" member_type: VOTER last_known_addr { host: "127.17.88.1" port: 47831 } } peers { permanent_uuid: "b141e05cb0444865b490089e568edadc" member_type: VOTER last_known_addr { host: "127.17.88.3" port: 49899 } }
I0516 22:02:33.560099 18095 leader_election.cc:243] T f44edd9cb161433f9ae53e8d2e60e43e P d7e4c153959b4c86b9dcb5a3441a879a [CANDIDATE]: Term 18 election: Requesting vote from peer d2767dd0c676459aa9c2533260fc9d46 (127.17.88.2:58101)
I0516 22:02:33.560201 18095 leader_election.cc:243] T f44edd9cb161433f9ae53e8d2e60e43e P d7e4c153959b4c86b9dcb5a3441a879a [CANDIDATE]: Term 18 election: Requesting vote from peer b141e05cb0444865b490089e568edadc (127.17.88.3:49899)
I0516 22:02:33.560354 18351 raft_consensus.cc:2704] T f44edd9cb161433f9ae53e8d2e60e43e P d7e4c153959b4c86b9dcb5a3441a879a: Snoozing failure detection for 4.771s (election complete)
I0516 22:02:33.560412 18351 raft_consensus.cc:2474] T f44edd9cb161433f9ae53e8d2e60e43e P d7e4c153959b4c86b9dcb5a3441a879a [term 18 FOLLOWER]: Leader election decision vote started in defunct term 17: won
I0516 22:02:33.560624 18346 tablet_replica.cc:261] T f44edd9cb161433f9ae53e8d2e60e43e P d7e4c153959b4c86b9dcb5a3441a879a: stopping tablet replica
I0516 22:02:33.560724 18346 maintenance_manager.cc:237] P d7e4c153959b4c86b9dcb5a3441a879a: Unregistered op CompactRowSetsOp(f44edd9cb161433f9ae53e8d2e60e43e)
I0516 22:02:33.560775 18346 maintenance_manager.cc:237] P d7e4c153959b4c86b9dcb5a3441a879a: Unregistered op MinorDeltaCompactionOp(f44edd9cb161433f9ae53e8d2e60e43e)
I0516 22:02:33.560833 18346 maintenance_manager.cc:237] P d7e4c153959b4c86b9dcb5a3441a879a: Unregistered op MajorDeltaCompactionOp(f44edd9cb161433f9ae53e8d2e60e43e)
I0516 22:02:33.560791 18165 tablet_service.cc:998] Received RequestConsensusVote() RPC: tablet_id: "f44edd9cb161433f9ae53e8d2e60e43e" candidate_uuid: "d7e4c153959b4c86b9dcb5a3441a879a" candidate_term: 18 candidate_status { last_received { term: 0 index: 0 } } ignore_live_leader: true dest_uuid: "d2767dd0c676459aa9c2533260fc9d46"
I0516 22:02:33.560873 18346 maintenance_manager.cc:237] P d7e4c153959b4c86b9dcb5a3441a879a: Unregistered op UndoDeltaBlockGCOp(f44edd9cb161433f9ae53e8d2e60e43e)
I0516 22:02:33.560919 18346 maintenance_manager.cc:237] P d7e4c153959b4c86b9dcb5a3441a879a: Unregistered op FlushMRSOp(f44edd9cb161433f9ae53e8d2e60e43e)
I0516 22:02:33.560957 18346 maintenance_manager.cc:237] P d7e4c153959b4c86b9dcb5a3441a879a: Unregistered op FlushDeltaMemStoresOp(f44edd9cb161433f9ae53e8d2e60e43e)
I0516 22:02:33.560986 18346 maintenance_manager.cc:237] P d7e4c153959b4c86b9dcb5a3441a879a: Unregistered op LogGCOp(f44edd9cb161433f9ae53e8d2e60e43e)
I0516 22:02:33.561023 18346 raft_consensus.cc:2016] T f44edd9cb161433f9ae53e8d2e60e43e P d7e4c153959b4c86b9dcb5a3441a879a [term 18 FOLLOWER]: Raft consensus shutting down.
I0516 22:02:33.561102 18346 raft_consensus.cc:2043] T f44edd9cb161433f9ae53e8d2e60e43e P d7e4c153959b4c86b9dcb5a3441a879a [term 18 FOLLOWER]: Raft consensus is shut down!
I0516 22:02:33.561575 18346 ts_tablet_manager.cc:1369] T f44edd9cb161433f9ae53e8d2e60e43e P d7e4c153959b4c86b9dcb5a3441a879a: Deleting tablet data with delete state TABLET_DATA_DELETED
I0516 22:02:33.562014 18093 raft_consensus.cc:2756] T 50f4658409f4467d91579fefb4bbc4af P d7e4c153959b4c86b9dcb5a3441a879a [term 19 FOLLOWER]: Advancing to term 20
