I0516 22:02:32.775449 18323 raft_consensus.cc:457] T fde57a2e13af4bcc9077306cd4109c3e P d7e4c153959b4c86b9dcb5a3441a879a [term 0 FOLLOWER]: Starting pre-election with config: opid_index: -1 OBSOLETE_local: false peers { permanent_uuid: "d7e4c153959b4c86b9dcb5a3441a879a" member_type: VOTER last_known_addr { host: "127.17.88.1" port: 47831 } } peers { permanent_uuid: "d2767dd0c676459aa9c2533260fc9d46" member_type: VOTER last_known_addr { host: "127.17.88.2" port: 58101 } } peers { permanent_uuid: "b141e05cb0444865b490089e568edadc" member_type: VOTER last_known_addr { host: "127.17.88.3" port: 49899 } }
I0516 22:02:32.775745 18323 leader_election.cc:243] T fde57a2e13af4bcc9077306cd4109c3e P d7e4c153959b4c86b9dcb5a3441a879a [CANDIDATE]: Term 1 pre-election: Requesting pre-vote from peer d2767dd0c676459aa9c2533260fc9d46 (127.17.88.2:58101)
I0516 22:02:32.775866 18323 leader_election.cc:243] T fde57a2e13af4bcc9077306cd4109c3e P d7e4c153959b4c86b9dcb5a3441a879a [CANDIDATE]: Term 1 pre-election: Requesting pre-vote from peer b141e05cb0444865b490089e568edadc (127.17.88.3:49899)
I0516 22:02:32.776402 18168 tablet_service.cc:998] Received RequestConsensusVote() RPC: tablet_id: "fde57a2e13af4bcc9077306cd4109c3e" candidate_uuid: "d7e4c153959b4c86b9dcb5a3441a879a" candidate_term: 1 candidate_status { last_received { term: 0 index: 0 } } ignore_live_leader: false dest_uuid: "d2767dd0c676459aa9c2533260fc9d46" is_pre_election: true
I0516 22:02:32.776413 18237 tablet_service.cc:998] Received RequestConsensusVote() RPC: tablet_id: "fde57a2e13af4bcc9077306cd4109c3e" candidate_uuid: "d7e4c153959b4c86b9dcb5a3441a879a" candidate_term: 1 candidate_status { last_received { term: 0 index: 0 } } ignore_live_leader: false dest_uuid: "b141e05cb0444865b490089e568edadc" is_pre_election: true
I0516 22:02:32.776531 18168 raft_consensus.cc:2704] T fde57a2e13af4bcc9077306cd4109c3e P d2767dd0c676459aa9c2533260fc9d46: Snoozing failure detection for 1.866s (vote granted)
I0516 22:02:32.776571 18237 raft_consensus.cc:2704] T fde57a2e13af4bcc9077306cd4109c3e P b141e05cb0444865b490089e568edadc: Snoozing failure detection for 1.847s (vote granted)
I0516 22:02:32.776598 18168 raft_consensus.cc:2219] T fde57a2e13af4bcc9077306cd4109c3e P d2767dd0c676459aa9c2533260fc9d46 [term 0 FOLLOWER]: Leader pre-election vote request: Granting yes vote for candidate d7e4c153959b4c86b9dcb5a3441a879a in term 0.
I0516 22:02:32.776638 18237 raft_consensus.cc:2219] T fde57a2e13af4bcc9077306cd4109c3e P b141e05cb0444865b490089e568edadc [term 0 FOLLOWER]: Leader pre-election vote request: Granting yes vote for candidate d7e4c153959b4c86b9dcb5a3441a879a in term 0.
I0516 22:02:32.776903 18063 leader_election.cc:379] T fde57a2e13af4bcc9077306cd4109c3e P d7e4c153959b4c86b9dcb5a3441a879a [CANDIDATE]: Term 1 pre-election: Vote granted by peer d2767dd0c676459aa9c2533260fc9d46 (127.17.88.2:58101)
I0516 22:02:32.776957 18063 leader_election.cc:270] T fde57a2e13af4bcc9077306cd4109c3e P d7e4c153959b4c86b9dcb5a3441a879a [CANDIDATE]: Term 1 pre-election: Election decided. Result: candidate won.
I0516 22:02:32.777029 18066 leader_election.cc:379] T fde57a2e13af4bcc9077306cd4109c3e P d7e4c153959b4c86b9dcb5a3441a879a [CANDIDATE]: Term 1 pre-election: Vote granted by peer b141e05cb0444865b490089e568edadc (127.17.88.3:49899)
I0516 22:02:32.777091 18323 raft_consensus.cc:2704] T fde57a2e13af4bcc9077306cd4109c3e P d7e4c153959b4c86b9dcb5a3441a879a: Snoozing failure detection for 2.057s (election complete)
I0516 22:02:32.777145 18323 raft_consensus.cc:2511] T fde57a2e13af4bcc9077306cd4109c3e P d7e4c153959b4c86b9dcb5a3441a879a [term 0 FOLLOWER]: Leader pre-election won for term 1
I0516 22:02:32.777179 18323 raft_consensus.cc:435] T fde57a2e13af4bcc9077306cd4109c3e P d7e4c153959b4c86b9dcb5a3441a879a [term 0 FOLLOWER]: Starting leader election (no leader contacted us within the election timeout)
I0516 22:02:32.777220 18323 raft_consensus.cc:2704] T fde57a2e13af4bcc9077306cd4109c3e P d7e4c153959b4c86b9dcb5a3441a879a: Snoozing failure detection for 2.204s (starting election)
I0516 22:02:32.777251 18323 raft_consensus.cc:2756] T fde57a2e13af4bcc9077306cd4109c3e P d7e4c153959b4c86b9dcb5a3441a879a [term 0 FOLLOWER]: Advancing to term 1
I0516 22:02:32.778601 18323 raft_consensus.cc:457] T fde57a2e13af4bcc9077306cd4109c3e P d7e4c153959b4c86b9dcb5a3441a879a [term 1 FOLLOWER]: Starting leader election with config: opid_index: -1 OBSOLETE_local: false peers { permanent_uuid: "d7e4c153959b4c86b9dcb5a3441a879a" member_type: VOTER last_known_addr { host: "127.17.88.1" port: 47831 } } peers { permanent_uuid: "d2767dd0c676459aa9c2533260fc9d46" member_type: VOTER last_known_addr { host: "127.17.88.2" port: 58101 } } peers { permanent_uuid: "b141e05cb0444865b490089e568edadc" member_type: VOTER last_known_addr { host: "127.17.88.3" port: 49899 } }
I0516 22:02:32.778832 18323 leader_election.cc:243] T fde57a2e13af4bcc9077306cd4109c3e P d7e4c153959b4c86b9dcb5a3441a879a [CANDIDATE]: Term 1 election: Requesting vote from peer d2767dd0c676459aa9c2533260fc9d46 (127.17.88.2:58101)
I0516 22:02:32.778949 18323 leader_election.cc:243] T fde57a2e13af4bcc9077306cd4109c3e P d7e4c153959b4c86b9dcb5a3441a879a [CANDIDATE]: Term 1 election: Requesting vote from peer b141e05cb0444865b490089e568edadc (127.17.88.3:49899)
I0516 22:02:32.779256 18168 tablet_service.cc:998] Received RequestConsensusVote() RPC: tablet_id: "fde57a2e13af4bcc9077306cd4109c3e" candidate_uuid: "d7e4c153959b4c86b9dcb5a3441a879a" candidate_term: 1 candidate_status { last_received { term: 0 index: 0 } } ignore_live_leader: false dest_uuid: "d2767dd0c676459aa9c2533260fc9d46"
I0516 22:02:32.779405 18168 raft_consensus.cc:2756] T fde57a2e13af4bcc9077306cd4109c3e P d2767dd0c676459aa9c2533260fc9d46 [term 0 FOLLOWER]: Advancing to term 1
I0516 22:02:32.779458 18168 raft_consensus.cc:2704] T fde57a2e13af4bcc9077306cd4109c3e P d2767dd0c676459aa9c2533260fc9d46: Snoozing failure detection for 1.795s (vote granted)
I0516 22:02:32.779433 18237 tablet_service.cc:998] Received RequestConsensusVote() RPC: tablet_id: "fde57a2e13af4bcc9077306cd4109c3e" candidate_uuid: "d7e4c153959b4c86b9dcb5a3441a879a" candidate_term: 1 candidate_status { last_received { term: 0 index: 0 } } ignore_live_leader: false dest_uuid: "b141e05cb0444865b490089e568edadc"
I0516 22:02:32.779548 18237 raft_consensus.cc:2756] T fde57a2e13af4bcc9077306cd4109c3e P b141e05cb0444865b490089e568edadc [term 0 FOLLOWER]: Advancing to term 1
I0516 22:02:32.779598 18237 raft_consensus.cc:2704] T fde57a2e13af4bcc9077306cd4109c3e P b141e05cb0444865b490089e568edadc: Snoozing failure detection for 2.238s (vote granted)
I0516 22:02:32.780800 18168 raft_consensus.cc:2219] T fde57a2e13af4bcc9077306cd4109c3e P d2767dd0c676459aa9c2533260fc9d46 [term 1 FOLLOWER]: Leader election vote request: Granting yes vote for candidate d7e4c153959b4c86b9dcb5a3441a879a in term 1.
I0516 22:02:32.780982 18237 raft_consensus.cc:2219] T fde57a2e13af4bcc9077306cd4109c3e P b141e05cb0444865b490089e568edadc [term 1 FOLLOWER]: Leader election vote request: Granting yes vote for candidate d7e4c153959b4c86b9dcb5a3441a879a in term 1.
I0516 22:02:32.781080 18063 leader_election.cc:379] T fde57a2e13af4bcc9077306cd4109c3e P d7e4c153959b4c86b9dcb5a3441a879a [CANDIDATE]: Term 1 election: Vote granted by peer d2767dd0c676459aa9c2533260fc9d46 (127.17.88.2:58101)
I0516 22:02:32.781136 18063 leader_election.cc:270] T fde57a2e13af4bcc9077306cd4109c3e P d7e4c153959b4c86b9dcb5a3441a879a [CANDIDATE]: Term 1 election: Election decided. Result: candidate won.
I0516 22:02:32.781240 18066 leader_election.cc:379] T fde57a2e13af4bcc9077306cd4109c3e P d7e4c153959b4c86b9dcb5a3441a879a [CANDIDATE]: Term 1 election: Vote granted by peer b141e05cb0444865b490089e568edadc (127.17.88.3:49899)
I0516 22:02:32.781296 18323 raft_consensus.cc:2704] T fde57a2e13af4bcc9077306cd4109c3e P d7e4c153959b4c86b9dcb5a3441a879a: Snoozing failure detection for 2.176s (election complete)
I0516 22:02:32.781373 18323 raft_consensus.cc:2511] T fde57a2e13af4bcc9077306cd4109c3e P d7e4c153959b4c86b9dcb5a3441a879a [term 1 FOLLOWER]: Leader election won for term 1
I0516 22:02:32.781447 18323 raft_consensus.cc:571] T fde57a2e13af4bcc9077306cd4109c3e P d7e4c153959b4c86b9dcb5a3441a879a [term 1 LEADER]: Becoming Leader. State: Replica: d7e4c153959b4c86b9dcb5a3441a879a, State: Running, Role: LEADER
I0516 22:02:32.781602 18323 consensus_queue.cc:204] T fde57a2e13af4bcc9077306cd4109c3e P d7e4c153959b4c86b9dcb5a3441a879a [LEADER]: Queue going to LEADER mode. State: All replicated index: 0, Majority replicated index: 0, Committed index: 0, Last appended: 0.0, Last appended by leader: 0, Current term: 1, Majority size: 2, State: 0, Mode: LEADER, active raft config: opid_index: -1 OBSOLETE_local: false peers { permanent_uuid: "d7e4c153959b4c86b9dcb5a3441a879a" member_type: VOTER last_known_addr { host: "127.17.88.1" port: 47831 } } peers { permanent_uuid: "d2767dd0c676459aa9c2533260fc9d46" member_type: VOTER last_known_addr { host: "127.17.88.2" port: 58101 } } peers { permanent_uuid: "b141e05cb0444865b490089e568edadc" member_type: VOTER last_known_addr { host: "127.17.88.3" port: 49899 } }
I0516 22:02:32.783129 18018 catalog_manager.cc:3686] T fde57a2e13af4bcc9077306cd4109c3e P d7e4c153959b4c86b9dcb5a3441a879a reported cstate change: term changed from 0 to 1, leader changed from to d7e4c153959b4c86b9dcb5a3441a879a (127.17.88.1). New cstate: current_term: 1 leader_uuid: "d7e4c153959b4c86b9dcb5a3441a879a" committed_config { opid_index: -1 OBSOLETE_local: false peers { permanent_uuid: "d7e4c153959b4c86b9dcb5a3441a879a" member_type: VOTER last_known_addr { host: "127.17.88.1" port: 47831 } health_report { overall_health: HEALTHY } } peers { permanent_uuid: "d2767dd0c676459aa9c2533260fc9d46" member_type: VOTER last_known_addr { host: "127.17.88.2" port: 58101 } health_report { overall_health: UNKNOWN } } peers { permanent_uuid: "b141e05cb0444865b490089e568edadc" member_type: VOTER last_known_addr { host: "127.17.88.3" port: 49899 } health_report { overall_health: UNKNOWN } } }
I0516 22:02:32.790549 18290 raft_consensus.cc:435] T 7966cd4464434af09b1b861e14d66bf9 P d2767dd0c676459aa9c2533260fc9d46 [term 0 FOLLOWER]: Starting pre-election (no leader contacted us within the election timeout)
I0516 22:02:32.790606 18290 raft_consensus.cc:2704] T 7966cd4464434af09b1b861e14d66bf9 P d2767dd0c676459aa9c2533260fc9d46: Snoozing failure detection for 1.990s (starting election)
I0516 22:02:32.790670 18290 raft_consensus.cc:457] T 7966cd4464434af09b1b861e14d66bf9 P d2767dd0c676459aa9c2533260fc9d46 [term 0 FOLLOWER]: Starting pre-election with config: opid_index: -1 OBSOLETE_local: false peers { permanent_uuid: "d2767dd0c676459aa9c2533260fc9d46" member_type: VOTER last_known_addr { host: "127.17.88.2" port: 58101 } } peers { permanent_uuid: "d7e4c153959b4c86b9dcb5a3441a879a" member_type: VOTER last_known_addr { host: "127.17.88.1" port: 47831 } } peers { permanent_uuid: "b141e05cb0444865b490089e568edadc" member_type: VOTER last_known_addr { host: "127.17.88.3" port: 49899 } }
I0516 22:02:32.790910 18290 leader_election.cc:243] T 7966cd4464434af09b1b861e14d66bf9 P d2767dd0c676459aa9c2533260fc9d46 [CANDIDATE]: Term 1 pre-election: Requesting pre-vote from peer d7e4c153959b4c86b9dcb5a3441a879a (127.17.88.1:47831)
I0516 22:02:32.791031 18290 leader_election.cc:243] T 7966cd4464434af09b1b861e14d66bf9 P d2767dd0c676459aa9c2533260fc9d46 [CANDIDATE]: Term 1 pre-election: Requesting pre-vote from peer b141e05cb0444865b490089e568edadc (127.17.88.3:49899)
I0516 22:02:32.791456 18099 tablet_service.cc:998] Received RequestConsensusVote() RPC: tablet_id: "7966cd4464434af09b1b861e14d66bf9" candidate_uuid: "d2767dd0c676459aa9c2533260fc9d46" candidate_term: 1 candidate_status { last_received { term: 0 index: 0 } } ignore_live_leader: false dest_uuid: "d7e4c153959b4c86b9dcb5a3441a879a" is_pre_election: true
I0516 22:02:32.791499 18237 tablet_service.cc:998] Received RequestConsensusVote() RPC: tablet_id: "7966cd4464434af09b1b861e14d66bf9" candidate_uuid: "d2767dd0c676459aa9c2533260fc9d46" candidate_term: 1 candidate_status { last_received { term: 0 index: 0 } } ignore_live_leader: false dest_uuid: "b141e05cb0444865b490089e568edadc" is_pre_election: true
I0516 22:02:32.791579 18099 raft_consensus.cc:2704] T 7966cd4464434af09b1b861e14d66bf9 P d7e4c153959b4c86b9dcb5a3441a879a: Snoozing failure detection for 1.654s (vote granted)
I0516 22:02:32.791641 18237 raft_consensus.cc:2704] T 7966cd4464434af09b1b861e14d66bf9 P b141e05cb0444865b490089e568edadc: Snoozing failure detection for 1.959s (vote granted)
I0516 22:02:32.791649 18099 raft_consensus.cc:2219] T 7966cd4464434af09b1b861e14d66bf9 P d7e4c153959b4c86b9dcb5a3441a879a [term 0 FOLLOWER]: Leader pre-election vote request: Granting yes vote for candidate d2767dd0c676459aa9c2533260fc9d46 in term 0.
I0516 22:02:32.791683 18237 raft_consensus.cc:2219] T 7966cd4464434af09b1b861e14d66bf9 P b141e05cb0444865b490089e568edadc [term 0 FOLLOWER]: Leader pre-election vote request: Granting yes vote for candidate d2767dd0c676459aa9c2533260fc9d46 in term 0.
I0516 22:02:32.791903 18133 leader_election.cc:379] T 7966cd4464434af09b1b861e14d66bf9 P d2767dd0c676459aa9c2533260fc9d46 [CANDIDATE]: Term 1 pre-election: Vote granted by peer d7e4c153959b4c86b9dcb5a3441a879a (127.17.88.1:47831)
I0516 22:02:32.791972 18133 leader_election.cc:270] T 7966cd4464434af09b1b861e14d66bf9 P d2767dd0c676459aa9c2533260fc9d46 [CANDIDATE]: Term 1 pre-election: Election decided. Result: candidate won.
I0516 22:02:32.792034 18134 leader_election.cc:379] T 7966cd4464434af09b1b861e14d66bf9 P d2767dd0c676459aa9c2533260fc9d46 [CANDIDATE]: Term 1 pre-election: Vote granted by peer b141e05cb0444865b490089e568edadc (127.17.88.3:49899)
I0516 22:02:32.792112 18290 raft_consensus.cc:2704] T 7966cd4464434af09b1b861e14d66bf9 P d2767dd0c676459aa9c2533260fc9d46: Snoozing failure detection for 1.919s (election complete)
I0516 22:02:32.792170 18290 raft_consensus.cc:2511] T 7966cd4464434af09b1b861e14d66bf9 P d2767dd0c676459aa9c2533260fc9d46 [term 0 FOLLOWER]: Leader pre-election won for term 1
I0516 22:02:32.792201 18290 raft_consensus.cc:435] T 7966cd4464434af09b1b861e14d66bf9 P d2767dd0c676459aa9c2533260fc9d46 [term 0 FOLLOWER]: Starting leader election (no leader contacted us within the election timeout)
I0516 22:02:32.792243 18290 raft_consensus.cc:2704] T 7966cd4464434af09b1b861e14d66bf9 P d2767dd0c676459aa9c2533260fc9d46: Snoozing failure detection for 2.135s (starting election)
I0516 22:02:32.792275 18290 raft_consensus.cc:2756] T 7966cd4464434af09b1b861e14d66bf9 P d2767dd0c676459aa9c2533260fc9d46 [term 0 FOLLOWER]: Advancing to term 1
I0516 22:02:32.793632 18290 raft_consensus.cc:457] T 7966cd4464434af09b1b861e14d66bf9 P d2767dd0c676459aa9c2533260fc9d46 [term 1 FOLLOWER]: Starting leader election with config: opid_index: -1 OBSOLETE_local: false peers { permanent_uuid: "d2767dd0c676459aa9c2533260fc9d46" member_type: VOTER last_known_addr { host: "127.17.88.2" port: 58101 } } peers { permanent_uuid: "d7e4c153959b4c86b9dcb5a3441a879a" member_type: VOTER last_known_addr { host: "127.17.88.1" port: 47831 } } peers { permanent_uuid: "b141e05cb0444865b490089e568edadc" member_type: VOTER last_known_addr { host: "127.17.88.3" port: 49899 } }
I0516 22:02:32.793857 18290 leader_election.cc:243] T 7966cd4464434af09b1b861e14d66bf9 P d2767dd0c676459aa9c2533260fc9d46 [CANDIDATE]: Term 1 election: Requesting vote from peer d7e4c153959b4c86b9dcb5a3441a879a (127.17.88.1:47831)
I0516 22:02:32.793982 18290 leader_election.cc:243] T 7966cd4464434af09b1b861e14d66bf9 P d2767dd0c676459aa9c2533260fc9d46 [CANDIDATE]: Term 1 election: Requesting vote from peer b141e05cb0444865b490089e568edadc (127.17.88.3:49899)
I0516 22:02:32.794243 18099 tablet_service.cc:998] Received RequestConsensusVote() RPC: tablet_id: "7966cd4464434af09b1b861e14d66bf9" candidate_uuid: "d2767dd0c676459aa9c2533260fc9d46" candidate_term: 1 candidate_status { last_received { term: 0 index: 0 } } ignore_live_leader: false dest_uuid: "d7e4c153959b4c86b9dcb5a3441a879a"
I0516 22:02:32.794356 18099 raft_consensus.cc:2756] T 7966cd4464434af09b1b861e14d66bf9 P d7e4c153959b4c86b9dcb5a3441a879a [term 0 FOLLOWER]: Advancing to term 1
I0516 22:02:32.794412 18099 raft_consensus.cc:2704] T 7966cd4464434af09b1b861e14d66bf9 P d7e4c153959b4c86b9dcb5a3441a879a: Snoozing failure detection for 1.687s (vote granted)
I0516 22:02:32.794394 18237 tablet_service.cc:998] Received RequestConsensusVote() RPC: tablet_id: "7966cd4464434af09b1b861e14d66bf9" candidate_uuid: "d2767dd0c676459aa9c2533260fc9d46" candidate_term: 1 candidate_status { last_received { term: 0 index: 0 } } ignore_live_leader: false dest_uuid: "b141e05cb0444865b490089e568edadc"
I0516 22:02:32.794493 18237 raft_consensus.cc:2756] T 7966cd4464434af09b1b861e14d66bf9 P b141e05cb0444865b490089e568edadc [term 0 FOLLOWER]: Advancing to term 1
I0516 22:02:32.794555 18237 raft_consensus.cc:2704] T 7966cd4464434af09b1b861e14d66bf9 P b141e05cb0444865b490089e568edadc: Snoozing failure detection for 1.839s (vote granted)
I0516 22:02:32.795866 18099 raft_consensus.cc:2219] T 7966cd4464434af09b1b861e14d66bf9 P d7e4c153959b4c86b9dcb5a3441a879a [term 1 FOLLOWER]: Leader election vote request: Granting yes vote for candidate d2767dd0c676459aa9c2533260fc9d46 in term 1.
I0516 22:02:32.796022 18237 raft_consensus.cc:2219] T 7966cd4464434af09b1b861e14d66bf9 P b141e05cb0444865b490089e568edadc [term 1 FOLLOWER]: Leader election vote request: Granting yes vote for candidate d2767dd0c676459aa9c2533260fc9d46 in term 1.
I0516 22:02:32.796105 18133 leader_election.cc:379] T 7966cd4464434af09b1b861e14d66bf9 P d2767dd0c676459aa9c2533260fc9d46 [CANDIDATE]: Term 1 election: Vote granted by peer d7e4c153959b4c86b9dcb5a3441a879a (127.17.88.1:47831)
I0516 22:02:32.796175 18133 leader_election.cc:270] T 7966cd4464434af09b1b861e14d66bf9 P d2767dd0c676459aa9c2533260fc9d46 [CANDIDATE]: Term 1 election: Election decided. Result: candidate won.
I0516 22:02:32.796309 18134 leader_election.cc:379] T 7966cd4464434af09b1b861e14d66bf9 P d2767dd0c676459aa9c2533260fc9d46 [CANDIDATE]: Term 1 election: Vote granted by peer b141e05cb0444865b490089e568edadc (127.17.88.3:49899)
I0516 22:02:32.796324 18290 raft_consensus.cc:2704] T 7966cd4464434af09b1b861e14d66bf9 P d2767dd0c676459aa9c2533260fc9d46: Snoozing failure detection for 2.181s (election complete)
I0516 22:02:32.796403 18290 raft_consensus.cc:2511] T 7966cd4464434af09b1b861e14d66bf9 P d2767dd0c676459aa9c2533260fc9d46 [term 1 FOLLOWER]: Leader election won for term 1
I0516 22:02:32.796478 18290 raft_consensus.cc:571] T 7966cd4464434af09b1b861e14d66bf9 P d2767dd0c676459aa9c2533260fc9d46 [term 1 LEADER]: Becoming Leader. State: Replica: d2767dd0c676459aa9c2533260fc9d46, State: Running, Role: LEADER
I0516 22:02:32.796663 18290 consensus_queue.cc:204] T 7966cd4464434af09b1b861e14d66bf9 P d2767dd0c676459aa9c2533260fc9d46 [LEADER]: Queue going to LEADER mode. State: All replicated index: 0, Majority replicated index: 0, Committed index: 0, Last appended: 0.0, Last appended by leader: 0, Current term: 1, Majority size: 2, State: 0, Mode: LEADER, active raft config: opid_index: -1 OBSOLETE_local: false peers { permanent_uuid: "d2767dd0c676459aa9c2533260fc9d46" member_type: VOTER last_known_addr { host: "127.17.88.2" port: 58101 } } peers { permanent_uuid: "d7e4c153959b4c86b9dcb5a3441a879a" member_type: VOTER last_known_addr { host: "127.17.88.1" port: 47831 } } peers { permanent_uuid: "b141e05cb0444865b490089e568edadc" member_type: VOTER last_known_addr { host: "127.17.88.3" port: 49899 } }
I0516 22:02:32.798130 18018 catalog_manager.cc:3686] T 7966cd4464434af09b1b861e14d66bf9 P d2767dd0c676459aa9c2533260fc9d46 reported cstate change: term changed from 0 to 1, leader changed from to d2767dd0c676459aa9c2533260fc9d46 (127.17.88.2). New cstate: current_term: 1 leader_uuid: "d2767dd0c676459aa9c2533260fc9d46" committed_config { opid_index: -1 OBSOLETE_local: false peers { permanent_uuid: "d2767dd0c676459aa9c2533260fc9d46" member_type: VOTER last_known_addr { host: "127.17.88.2" port: 58101 } health_report { overall_health: HEALTHY } } peers { permanent_uuid: "d7e4c153959b4c86b9dcb5a3441a879a" member_type: VOTER last_known_addr { host: "127.17.88.1" port: 47831 } health_report { overall_health: UNKNOWN } } peers { permanent_uuid: "b141e05cb0444865b490089e568edadc" member_type: VOTER last_known_addr { host: "127.17.88.3" port: 49899 } health_report { overall_health: UNKNOWN } } }
I0516 22:02:32.953665 18290 raft_consensus.cc:435] T f44edd9cb161433f9ae53e8d2e60e43e P d2767dd0c676459aa9c2533260fc9d46 [term 0 FOLLOWER]: Starting pre-election (no leader contacted us within the election timeout)
I0516 22:02:32.953788 18290 raft_consensus.cc:2704] T f44edd9cb161433f9ae53e8d2e60e43e P d2767dd0c676459aa9c2533260fc9d46: Snoozing failure detection for 2.056s (starting election)
I0516 22:02:32.953868 18290 raft_consensus.cc:457] T f44edd9cb161433f9ae53e8d2e60e43e P d2767dd0c676459aa9c2533260fc9d46 [term 0 FOLLOWER]: Starting pre-election with config: opid_index: -1 OBSOLETE_local: false peers { permanent_uuid: "d2767dd0c676459aa9c2533260fc9d46" member_type: VOTER last_known_addr { host: "127.17.88.2" port: 58101 } } peers { permanent_uuid: "d7e4c153959b4c86b9dcb5a3441a879a" member_type: VOTER last_known_addr { host: "127.17.88.1" port: 47831 } } peers { permanent_uuid: "b141e05cb0444865b490089e568edadc" member_type: VOTER last_known_addr { host: "127.17.88.3" port: 49899 } }
I0516 22:02:32.954221 18290 leader_election.cc:243] T f44edd9cb161433f9ae53e8d2e60e43e P d2767dd0c676459aa9c2533260fc9d46 [CANDIDATE]: Term 1 pre-election: Requesting pre-vote from peer d7e4c153959b4c86b9dcb5a3441a879a (127.17.88.1:47831)
I0516 22:02:32.954382 18290 leader_election.cc:243] T f44edd9cb161433f9ae53e8d2e60e43e P d2767dd0c676459aa9c2533260fc9d46 [CANDIDATE]: Term 1 pre-election: Requesting pre-vote from peer b141e05cb0444865b490089e568edadc (127.17.88.3:49899)
I0516 22:02:32.954872 18099 tablet_service.cc:998] Received RequestConsensusVote() RPC: tablet_id: "f44edd9cb161433f9ae53e8d2e60e43e" candidate_uuid: "d2767dd0c676459aa9c2533260fc9d46" candidate_term: 1 candidate_status { last_received { term: 0 index: 0 } } ignore_live_leader: false dest_uuid: "d7e4c153959b4c86b9dcb5a3441a879a" is_pre_election: true
I0516 22:02:32.954994 18237 tablet_service.cc:998] Received RequestConsensusVote() RPC: tablet_id: "f44edd9cb161433f9ae53e8d2e60e43e" candidate_uuid: "d2767dd0c676459aa9c2533260fc9d46" candidate_term: 1 candidate_status { last_received { term: 0 index: 0 } } ignore_live_leader: false dest_uuid: "b141e05cb0444865b490089e568edadc" is_pre_election: true
I0516 22:02:32.955056 18099 raft_consensus.cc:2704] T f44edd9cb161433f9ae53e8d2e60e43e P d7e4c153959b4c86b9dcb5a3441a879a: Snoozing failure detection for 2.234s (vote granted)
I0516 22:02:32.955121 18099 raft_consensus.cc:2219] T f44edd9cb161433f9ae53e8d2e60e43e P d7e4c153959b4c86b9dcb5a3441a879a [term 0 FOLLOWER]: Leader pre-election vote request: Granting yes vote for candidate d2767dd0c676459aa9c2533260fc9d46 in term 0.
I0516 22:02:32.955132 18237 raft_consensus.cc:2704] T f44edd9cb161433f9ae53e8d2e60e43e P b141e05cb0444865b490089e568edadc: Snoozing failure detection for 1.633s (vote granted)
I0516 22:02:32.955230 18237 raft_consensus.cc:2219] T f44edd9cb161433f9ae53e8d2e60e43e P b141e05cb0444865b490089e568edadc [term 0 FOLLOWER]: Leader pre-election vote request: Granting yes vote for candidate d2767dd0c676459aa9c2533260fc9d46 in term 0.
I0516 22:02:32.955451 18133 leader_election.cc:379] T f44edd9cb161433f9ae53e8d2e60e43e P d2767dd0c676459aa9c2533260fc9d46 [CANDIDATE]: Term 1 pre-election: Vote granted by peer d7e4c153959b4c86b9dcb5a3441a879a (127.17.88.1:47831)
I0516 22:02:32.955513 18133 leader_election.cc:270] T f44edd9cb161433f9ae53e8d2e60e43e P d2767dd0c676459aa9c2533260fc9d46 [CANDIDATE]: Term 1 pre-election: Election decided. Result: candidate won.
I0516 22:02:32.955566 18134 leader_election.cc:379] T f44edd9cb161433f9ae53e8d2e60e43e P d2767dd0c676459aa9c2533260fc9d46 [CANDIDATE]: Term 1 pre-election: Vote granted by peer b141e05cb0444865b490089e568edadc (127.17.88.3:49899)
I0516 22:02:32.955677 18290 raft_consensus.cc:2704] T f44edd9cb161433f9ae53e8d2e60e43e P d2767dd0c676459aa9c2533260fc9d46: Snoozing failure detection for 1.847s (election complete)
I0516 22:02:32.955744 18290 raft_consensus.cc:2511] T f44edd9cb161433f9ae53e8d2e60e43e P d2767dd0c676459aa9c2533260fc9d46 [term 0 FOLLOWER]: Leader pre-election won for term 1
I0516 22:02:32.955787 18290 raft_consensus.cc:435] T f44edd9cb161433f9ae53e8d2e60e43e P d2767dd0c676459aa9c2533260fc9d46 [term 0 FOLLOWER]: Starting leader election (no leader contacted us within the election timeout)
I0516 22:02:32.955824 18290 raft_consensus.cc:2704] T f44edd9cb161433f9ae53e8d2e60e43e P d2767dd0c676459aa9c2533260fc9d46: Snoozing failure detection for 1.958s (starting election)
I0516 22:02:32.955869 18290 raft_consensus.cc:2756] T f44edd9cb161433f9ae53e8d2e60e43e P d2767dd0c676459aa9c2533260fc9d46 [term 0 FOLLOWER]: Advancing to term 1
I0516 22:02:32.957445 18290 raft_consensus.cc:457] T f44edd9cb161433f9ae53e8d2e60e43e P d2767dd0c676459aa9c2533260fc9d46 [term 1 FOLLOWER]: Starting leader election with config: opid_index: -1 OBSOLETE_local: false peers { permanent_uuid: "d2767dd0c676459aa9c2533260fc9d46" member_type: VOTER last_known_addr { host: "127.17.88.2" port: 58101 } } peers { permanent_uuid: "d7e4c153959b4c86b9dcb5a3441a879a" member_type: VOTER last_known_addr { host: "127.17.88.1" port: 47831 } } peers { permanent_uuid: "b141e05cb0444865b490089e568edadc" member_type: VOTER last_known_addr { host: "127.17.88.3" port: 49899 } }
I0516 22:02:32.957696 18290 leader_election.cc:243] T f44edd9cb161433f9ae53e8d2e60e43e P d2767dd0c676459aa9c2533260fc9d46 [CANDIDATE]: Term 1 election: Requesting vote from peer d7e4c153959b4c86b9dcb5a3441a879a (127.17.88.1:47831)
I0516 22:02:32.957811 18290 leader_election.cc:243] T f44edd9cb161433f9ae53e8d2e60e43e P d2767dd0c676459aa9c2533260fc9d46 [CANDIDATE]: Term 1 election: Requesting vote from peer b141e05cb0444865b490089e568edadc (127.17.88.3:49899)
I0516 22:02:32.958225 18237 tablet_service.cc:998] Received RequestConsensusVote() RPC: tablet_id: "f44edd9cb161433f9ae53e8d2e60e43e" candidate_uuid: "d2767dd0c676459aa9c2533260fc9d46" candidate_term: 1 candidate_status { last_received { term: 0 index: 0 } } ignore_live_leader: false dest_uuid: "b141e05cb0444865b490089e568edadc"
I0516 22:02:32.958216 18099 tablet_service.cc:998] Received RequestConsensusVote() RPC: tablet_id: "f44edd9cb161433f9ae53e8d2e60e43e" candidate_uuid: "d2767dd0c676459aa9c2533260fc9d46" candidate_term: 1 candidate_status { last_received { term: 0 index: 0 } } ignore_live_leader: false dest_uuid: "d7e4c153959b4c86b9dcb5a3441a879a"
I0516 22:02:32.958346 18099 raft_consensus.cc:2756] T f44edd9cb161433f9ae53e8d2e60e43e P d7e4c153959b4c86b9dcb5a3441a879a [term 0 FOLLOWER]: Advancing to term 1
I0516 22:02:32.958350 18237 raft_consensus.cc:2756] T f44edd9cb161433f9ae53e8d2e60e43e P b141e05cb0444865b490089e568edadc [term 0 FOLLOWER]: Advancing to term 1
I0516 22:02:32.958417 18099 raft_consensus.cc:2704] T f44edd9cb161433f9ae53e8d2e60e43e P d7e4c153959b4c86b9dcb5a3441a879a: Snoozing failure detection for 2.049s (vote granted)
I0516 22:02:32.958420 18237 raft_consensus.cc:2704] T f44edd9cb161433f9ae53e8d2e60e43e P b141e05cb0444865b490089e568edadc: Snoozing failure detection for 1.668s (vote granted)
I0516 22:02:32.959861 18237 raft_consensus.cc:2219] T f44edd9cb161433f9ae53e8d2e60e43e P b141e05cb0444865b490089e568edadc [term 1 FOLLOWER]: Leader election vote request: Granting yes vote for candidate d2767dd0c676459aa9c2533260fc9d46 in term 1.
I0516 22:02:32.959863 18099 raft_consensus.cc:2219] T f44edd9cb161433f9ae53e8d2e60e43e P d7e4c153959b4c86b9dcb5a3441a879a [term 1 FOLLOWER]: Leader election vote request: Granting yes vote for candidate d2767dd0c676459aa9c2533260fc9d46 in term 1.
I0516 22:02:32.960167 18133 leader_election.cc:379] T f44edd9cb161433f9ae53e8d2e60e43e P d2767dd0c676459aa9c2533260fc9d46 [CANDIDATE]: Term 1 election: Vote granted by peer d7e4c153959b4c86b9dcb5a3441a879a (127.17.88.1:47831)
I0516 22:02:32.960233 18133 leader_election.cc:270] T f44edd9cb161433f9ae53e8d2e60e43e P d2767dd0c676459aa9c2533260fc9d46 [CANDIDATE]: Term 1 election: Election decided. Result: candidate won.
I0516 22:02:32.960356 18134 leader_election.cc:379] T f44edd9cb161433f9ae53e8d2e60e43e P d2767dd0c676459aa9c2533260fc9d46 [CANDIDATE]: Term 1 election: Vote granted by peer b141e05cb0444865b490089e568edadc (127.17.88.3:49899)
I0516 22:02:32.960397 18290 raft_consensus.cc:2704] T f44edd9cb161433f9ae53e8d2e60e43e P d2767dd0c676459aa9c2533260fc9d46: Snoozing failure detection for 1.953s (election complete)
I0516 22:02:32.960449 18290 raft_consensus.cc:2511] T f44edd9cb161433f9ae53e8d2e60e43e P d2767dd0c676459aa9c2533260fc9d46 [term 1 FOLLOWER]: Leader election won for term 1
I0516 22:02:32.960527 18290 raft_consensus.cc:571] T f44edd9cb161433f9ae53e8d2e60e43e P d2767dd0c676459aa9c2533260fc9d46 [term 1 LEADER]: Becoming Leader. State: Replica: d2767dd0c676459aa9c2533260fc9d46, State: Running, Role: LEADER
I0516 22:02:32.960677 18290 consensus_queue.cc:204] T f44edd9cb161433f9ae53e8d2e60e43e P d2767dd0c676459aa9c2533260fc9d46 [LEADER]: Queue going to LEADER mode. State: All replicated index: 0, Majority replicated index: 0, Committed index: 0, Last appended: 0.0, Last appended by leader: 0, Current term: 1, Majority size: 2, State: 0, Mode: LEADER, active raft config: opid_index: -1 OBSOLETE_local: false peers { permanent_uuid: "d2767dd0c676459aa9c2533260fc9d46" member_type: VOTER last_known_addr { host: "127.17.88.2" port: 58101 } } peers { permanent_uuid: "d7e4c153959b4c86b9dcb5a3441a879a" member_type: VOTER last_known_addr { host: "127.17.88.1" port: 47831 } } peers { permanent_uuid: "b141e05cb0444865b490089e568edadc" member_type: VOTER last_known_addr { host: "127.17.88.3" port: 49899 } }
I0516 22:02:32.962281 18018 catalog_manager.cc:3686] T f44edd9cb161433f9ae53e8d2e60e43e P d2767dd0c676459aa9c2533260fc9d46 reported cstate change: term changed from 0 to 1, leader changed from to d2767dd0c676459aa9c2533260fc9d46 (127.17.88.2). New cstate: current_term: 1 leader_uuid: "d2767dd0c676459aa9c2533260fc9d46" committed_config { opid_index: -1 OBSOLETE_local: false peers { permanent_uuid: "d2767dd0c676459aa9c2533260fc9d46" member_type: VOTER last_known_addr { host: "127.17.88.2" port: 58101 } health_report { overall_health: HEALTHY } } peers { permanent_uuid: "d7e4c153959b4c86b9dcb5a3441a879a" member_type: VOTER last_known_addr { host: "127.17.88.1" port: 47831 } health_report { overall_health: UNKNOWN } } peers { permanent_uuid: "b141e05cb0444865b490089e568edadc" member_type: VOTER last_known_addr { host: "127.17.88.3" port: 49899 } health_report { overall_health: UNKNOWN } } }
I0516 22:02:33.064893 18099 tablet_service.cc:1113] Received Run Leader Election RPC: tablet_id: "807b2c351057419d846ab8586e3ed167" dest_uuid: "d7e4c153959b4c86b9dcb5a3441a879a" from {username='slave'} at 127.0.0.1:45694
I0516 22:02:33.065080 18099 raft_consensus.cc:418] T 807b2c351057419d846ab8586e3ed167 P d7e4c153959b4c86b9dcb5a3441a879a [term 1 LEADER]: Not starting forced leader election -- already a leader
I0516 22:02:33.065063 18100 tablet_service.cc:1113] Received Run Leader Election RPC: tablet_id: "ab7b2ac793a4455e9bbe98795c6a392f" dest_uuid: "d7e4c153959b4c86b9dcb5a3441a879a" from {username='slave'} at 127.0.0.1:45694
I0516 22:02:33.065176 18100 raft_consensus.cc:435] T ab7b2ac793a4455e9bbe98795c6a392f P d7e4c153959b4c86b9dcb5a3441a879a [term 1 FOLLOWER]: Starting forced leader election (received explicit request)
I0516 22:02:33.065243 18100 raft_consensus.cc:2704] T ab7b2ac793a4455e9bbe98795c6a392f P d7e4c153959b4c86b9dcb5a3441a879a: Snoozing failure detection for 1.564s (starting election)
I0516 22:02:33.065300 18100 raft_consensus.cc:2756] T ab7b2ac793a4455e9bbe98795c6a392f P d7e4c153959b4c86b9dcb5a3441a879a [term 1 FOLLOWER]: Advancing to term 2
I0516 22:02:33.065701 18099 tablet_service.cc:1113] Received Run Leader Election RPC: tablet_id: "807b2c351057419d846ab8586e3ed167" dest_uuid: "d7e4c153959b4c86b9dcb5a3441a879a" from {username='slave'} at 127.0.0.1:45694
I0516 22:02:33.065976 18099 raft_consensus.cc:418] T 807b2c351057419d846ab8586e3ed167 P d7e4c153959b4c86b9dcb5a3441a879a [term 1 LEADER]: Not starting forced leader election -- already a leader
I0516 22:02:33.066087 18102 tablet_service.cc:1113] Received Run Leader Election RPC: tablet_id: "00efb34f943d4fa88ec6dcd181ee5c96" dest_uuid: "d7e4c153959b4c86b9dcb5a3441a879a" from {username='slave'} at 127.0.0.1:45694
I0516 22:02:33.066171 18102 raft_consensus.cc:435] T 00efb34f943d4fa88ec6dcd181ee5c96 P d7e4c153959b4c86b9dcb5a3441a879a [term 1 FOLLOWER]: Starting forced leader election (received explicit request)
I0516 22:02:33.066236 18102 raft_consensus.cc:2704] T 00efb34f943d4fa88ec6dcd181ee5c96 P d7e4c153959b4c86b9dcb5a3441a879a: Snoozing failure detection for 1.950s (starting election)
I0516 22:02:33.066283 18102 raft_consensus.cc:2756] T 00efb34f943d4fa88ec6dcd181ee5c96 P d7e4c153959b4c86b9dcb5a3441a879a [term 1 FOLLOWER]: Advancing to term 2
I0516 22:02:33.066915 18101 tablet_service.cc:1113] Received Run Leader Election RPC: tablet_id: "f2d85aa48a984f07a36195498f0f3754" dest_uuid: "d7e4c153959b4c86b9dcb5a3441a879a" from {username='slave'} at 127.0.0.1:45694
I0516 22:02:33.067440 18099 tablet_service.cc:1113] Received Run Leader Election RPC: tablet_id: "807b2c351057419d846ab8586e3ed167" dest_uuid: "d7e4c153959b4c86b9dcb5a3441a879a" from {username='slave'} at 127.0.0.1:45694
I0516 22:02:33.067361 18098 tablet_service.cc:1113] Received Run Leader Election RPC: tablet_id: "fde57a2e13af4bcc9077306cd4109c3e" dest_uuid: "d7e4c153959b4c86b9dcb5a3441a879a" from {username='slave'} at 127.0.0.1:45694
I0516 22:02:33.067636 18099 raft_consensus.cc:418] T 807b2c351057419d846ab8586e3ed167 P d7e4c153959b4c86b9dcb5a3441a879a [term 1 LEADER]: Not starting forced leader election -- already a leader
I0516 22:02:33.067711 18098 raft_consensus.cc:418] T fde57a2e13af4bcc9077306cd4109c3e P d7e4c153959b4c86b9dcb5a3441a879a [term 1 LEADER]: Not starting forced leader election -- already a leader
I0516 22:02:33.068080 18101 raft_consensus.cc:435] T f2d85aa48a984f07a36195498f0f3754 P d7e4c153959b4c86b9dcb5a3441a879a [term 1 FOLLOWER]: Starting forced leader election (received explicit request)
I0516 22:02:33.068184 18101 raft_consensus.cc:2704] T f2d85aa48a984f07a36195498f0f3754 P d7e4c153959b4c86b9dcb5a3441a879a: Snoozing failure detection for 2.163s (starting election)
I0516 22:02:33.068544 18101 raft_consensus.cc:2756] T f2d85aa48a984f07a36195498f0f3754 P d7e4c153959b4c86b9dcb5a3441a879a [term 1 FOLLOWER]: Advancing to term 2
I0516 22:02:33.068707 18098 tablet_service.cc:1113] Received Run Leader Election RPC: tablet_id: "807b2c351057419d846ab8586e3ed167" dest_uuid: "d7e4c153959b4c86b9dcb5a3441a879a" from {username='slave'} at 127.0.0.1:45694
I0516 22:02:33.068794 18098 raft_consensus.cc:418] T 807b2c351057419d846ab8586e3ed167 P d7e4c153959b4c86b9dcb5a3441a879a [term 1 LEADER]: Not starting forced leader election -- already a leader
I0516 22:02:33.068922 18099 tablet_service.cc:1113] Received Run Leader Election RPC: tablet_id: "fde57a2e13af4bcc9077306cd4109c3e" dest_uuid: "d7e4c153959b4c86b9dcb5a3441a879a" from {username='slave'} at 127.0.0.1:45694
I0516 22:02:33.068995 18099 raft_consensus.cc:418] T fde57a2e13af4bcc9077306cd4109c3e P d7e4c153959b4c86b9dcb5a3441a879a [term 1 LEADER]: Not starting forced leader election -- already a leader
I0516 22:02:33.069073 18102 raft_consensus.cc:457] T 00efb34f943d4fa88ec6dcd181ee5c96 P d7e4c153959b4c86b9dcb5a3441a879a [term 2 FOLLOWER]: Starting forced leader election with config: opid_index: -1 OBSOLETE_local: false peers { permanent_uuid: "d2767dd0c676459aa9c2533260fc9d46" member_type: VOTER last_known_addr { host: "127.17.88.2" port: 58101 } } peers { permanent_uuid: "d7e4c153959b4c86b9dcb5a3441a879a" member_type: VOTER last_known_addr { host: "127.17.88.1" port: 47831 } } peers { permanent_uuid: "b141e05cb0444865b490089e568edadc" member_type: VOTER last_known_addr { host: "127.17.88.3" port: 49899 } }
I0516 22:02:33.069403 18102 leader_election.cc:243] T 00efb34f943d4fa88ec6dcd181ee5c96 P d7e4c153959b4c86b9dcb5a3441a879a [CANDIDATE]: Term 2 election: Requesting vote from peer d2767dd0c676459aa9c2533260fc9d46 (127.17.88.2:58101)
I0516 22:02:33.069561 18099 tablet_service.cc:1113] Received Run Leader Election RPC: tablet_id: "807b2c351057419d846ab8586e3ed167" dest_uuid: "d7e4c153959b4c86b9dcb5a3441a879a" from {username='slave'} at 127.0.0.1:45694
I0516 22:02:33.069641 18099 raft_consensus.cc:418] T 807b2c351057419d846ab8586e3ed167 P d7e4c153959b4c86b9dcb5a3441a879a [term 1 LEADER]: Not starting forced leader election -- already a leader
I0516 22:02:33.069864 18102 leader_election.cc:243] T 00efb34f943d4fa88ec6dcd181ee5c96 P d7e4c153959b4c86b9dcb5a3441a879a [CANDIDATE]: Term 2 election: Requesting vote from peer b141e05cb0444865b490089e568edadc (127.17.88.3:49899)
I0516 22:02:33.070000 18101 raft_consensus.cc:457] T f2d85aa48a984f07a36195498f0f3754 P d7e4c153959b4c86b9dcb5a3441a879a [term 2 FOLLOWER]: Starting forced leader election with config: opid_index: -1 OBSOLETE_local: false peers { permanent_uuid: "d7e4c153959b4c86b9dcb5a3441a879a" member_type: VOTER last_known_addr { host: "127.17.88.1" port: 47831 } } peers { permanent_uuid: "d2767dd0c676459aa9c2533260fc9d46" member_type: VOTER last_known_addr { host: "127.17.88.2" port: 58101 } } peers { permanent_uuid: "b141e05cb0444865b490089e568edadc" member_type: VOTER last_known_addr { host: "127.17.88.3" port: 49899 } }
I0516 22:02:33.070607 18237 tablet_service.cc:998] Received RequestConsensusVote() RPC: tablet_id: "00efb34f943d4fa88ec6dcd181ee5c96" candidate_uuid: "d7e4c153959b4c86b9dcb5a3441a879a" candidate_term: 2 candidate_status { last_received { term: 0 index: 0 } } ignore_live_leader: true dest_uuid: "b141e05cb0444865b490089e568edadc"
I0516 22:02:33.070556 18100 raft_consensus.cc:457] T ab7b2ac793a4455e9bbe98795c6a392f P d7e4c153959b4c86b9dcb5a3441a879a [term 2 FOLLOWER]: Starting forced leader election with config: opid_index: -1 OBSOLETE_local: false peers { permanent_uuid: "d2767dd0c676459aa9c2533260fc9d46" member_type: VOTER last_known_addr { host: "127.17.88.2" port: 58101 } } peers { permanent_uuid: "d7e4c153959b4c86b9dcb5a3441a879a" member_type: VOTER last_known_addr { host: "127.17.88.1" port: 47831 } } peers { permanent_uuid: "b141e05cb0444865b490089e568edadc" member_type: VOTER last_known_addr { host: "127.17.88.3" port: 49899 } }
I0516 22:02:33.070724 18101 leader_election.cc:243] T f2d85aa48a984f07a36195498f0f3754 P d7e4c153959b4c86b9dcb5a3441a879a [CANDIDATE]: Term 2 election: Requesting vote from peer d2767dd0c676459aa9c2533260fc9d46 (127.17.88.2:58101)
I0516 22:02:33.070873 18237 raft_consensus.cc:2751] T 00efb34f943d4fa88ec6dcd181ee5c96 P b141e05cb0444865b490089e568edadc [term 1 LEADER]: Stepping down as leader of term 1
I0516 22:02:33.070899 18101 leader_election.cc:243] T f2d85aa48a984f07a36195498f0f3754 P d7e4c153959b4c86b9dcb5a3441a879a [CANDIDATE]: Term 2 election: Requesting vote from peer b141e05cb0444865b490089e568edadc (127.17.88.3:49899)
I0516 22:02:33.070932 18100 leader_election.cc:243] T ab7b2ac793a4455e9bbe98795c6a392f P d7e4c153959b4c86b9dcb5a3441a879a [CANDIDATE]: Term 2 election: Requesting vote from peer d2767dd0c676459aa9c2533260fc9d46 (127.17.88.2:58101)
I0516 22:02:33.070938 18237 raft_consensus.cc:604] T 00efb34f943d4fa88ec6dcd181ee5c96 P b141e05cb0444865b490089e568edadc [term 1 LEADER]: Becoming Follower/Learner. State: Replica: b141e05cb0444865b490089e568edadc, State: Running, Role: LEADER
I0516 22:02:33.070780 18168 tablet_service.cc:998] Received RequestConsensusVote() RPC: tablet_id: "00efb34f943d4fa88ec6dcd181ee5c96" candidate_uuid: "d7e4c153959b4c86b9dcb5a3441a879a" candidate_term: 2 candidate_status { last_received { term: 0 index: 0 } } ignore_live_leader: true dest_uuid: "d2767dd0c676459aa9c2533260fc9d46"
I0516 22:02:33.071177 18099 tablet_service.cc:1113] Received Run Leader Election RPC: tablet_id: "fde57a2e13af4bcc9077306cd4109c3e" dest_uuid: "d7e4c153959b4c86b9dcb5a3441a879a" from {username='slave'} at 127.0.0.1:45694
I0516 22:02:33.071388 18168 raft_consensus.cc:2756] T 00efb34f943d4fa88ec6dcd181ee5c96 P d2767dd0c676459aa9c2533260fc9d46 [term 1 FOLLOWER]: Advancing to term 2
I0516 22:02:33.071450 18168 raft_consensus.cc:2704] T 00efb34f943d4fa88ec6dcd181ee5c96 P d2767dd0c676459aa9c2533260fc9d46: Snoozing failure detection for 2.172s (vote granted)
I0516 22:02:33.071708 18170 tablet_service.cc:998] Received RequestConsensusVote() RPC: tablet_id: "f2d85aa48a984f07a36195498f0f3754" candidate_uuid: "d7e4c153959b4c86b9dcb5a3441a879a" candidate_term: 2 candidate_status { last_received { term: 0 index: 0 } } ignore_live_leader: true dest_uuid: "d2767dd0c676459aa9c2533260fc9d46"
I0516 22:02:33.071842 18100 leader_election.cc:243] T ab7b2ac793a4455e9bbe98795c6a392f P d7e4c153959b4c86b9dcb5a3441a879a [CANDIDATE]: Term 2 election: Requesting vote from peer b141e05cb0444865b490089e568edadc (127.17.88.3:49899)
I0516 22:02:33.072029 18236 tablet_service.cc:998] Received RequestConsensusVote() RPC: tablet_id: "f2d85aa48a984f07a36195498f0f3754" candidate_uuid: "d7e4c153959b4c86b9dcb5a3441a879a" candidate_term: 2 candidate_status { last_received { term: 0 index: 0 } } ignore_live_leader: true dest_uuid: "b141e05cb0444865b490089e568edadc"
I0516 22:02:33.072126 18236 raft_consensus.cc:2756] T f2d85aa48a984f07a36195498f0f3754 P b141e05cb0444865b490089e568edadc [term 1 FOLLOWER]: Advancing to term 2
I0516 22:02:33.072518 18236 raft_consensus.cc:2704] T f2d85aa48a984f07a36195498f0f3754 P b141e05cb0444865b490089e568edadc: Snoozing failure detection for 1.523s (vote granted)
I0516 22:02:33.072767 18099 raft_consensus.cc:418] T fde57a2e13af4bcc9077306cd4109c3e P d7e4c153959b4c86b9dcb5a3441a879a [term 1 LEADER]: Not starting forced leader election -- already a leader
I0516 22:02:33.072523 18100 tablet_service.cc:1113] Received Run Leader Election RPC: tablet_id: "00efb34f943d4fa88ec6dcd181ee5c96" dest_uuid: "d7e4c153959b4c86b9dcb5a3441a879a" from {username='slave'} at 127.0.0.1:45694
I0516 22:02:33.072422 18102 tablet_service.cc:1113] Received Run Leader Election RPC: tablet_id: "807b2c351057419d846ab8586e3ed167" dest_uuid: "d7e4c153959b4c86b9dcb5a3441a879a" from {username='slave'} at 127.0.0.1:45694
I0516 22:02:33.072856 18169 tablet_service.cc:998] Received RequestConsensusVote() RPC: tablet_id: "ab7b2ac793a4455e9bbe98795c6a392f" candidate_uuid: "d7e4c153959b4c86b9dcb5a3441a879a" candidate_term: 2 candidate_status { last_received { term: 0 index: 0 } } ignore_live_leader: true dest_uuid: "d2767dd0c676459aa9c2533260fc9d46"
I0516 22:02:33.072813 18237 consensus_queue.cc:227] T 00efb34f943d4fa88ec6dcd181ee5c96 P b141e05cb0444865b490089e568edadc [NON_LEADER]: Queue going to NON_LEADER mode. State: All replicated index: 0, Majority replicated index: 0, Committed index: 0, Last appended: 1.1, Last appended by leader: 1, Current term: 1, Majority size: -1, State: 0, Mode: NON_LEADER, active raft config: opid_index: -1 OBSOLETE_local: false peers { permanent_uuid: "d2767dd0c676459aa9c2533260fc9d46" member_type: VOTER last_known_addr { host: "127.17.88.2" port: 58101 } } peers { permanent_uuid: "d7e4c153959b4c86b9dcb5a3441a879a" member_type: VOTER last_known_addr { host: "127.17.88.1" port: 47831 } } peers { permanent_uuid: "b141e05cb0444865b490089e568edadc" member_type: VOTER last_known_addr { host: "127.17.88.3" port: 49899 } }
I0516 22:02:33.084161 18235 tablet_service.cc:998] Received RequestConsensusVote() RPC: tablet_id: "ab7b2ac793a4455e9bbe98795c6a392f" candidate_uuid: "d7e4c153959b4c86b9dcb5a3441a879a" candidate_term: 2 candidate_status { last_received { term: 0 index: 0 } } ignore_live_leader: true dest_uuid: "b141e05cb0444865b490089e568edadc"
I0516 22:02:33.084455 18235 raft_consensus.cc:2756] T ab7b2ac793a4455e9bbe98795c6a392f P b141e05cb0444865b490089e568edadc [term 0 FOLLOWER]: Advancing to term 2
I0516 22:02:33.084913 18170 raft_consensus.cc:2751] T f2d85aa48a984f07a36195498f0f3754 P d2767dd0c676459aa9c2533260fc9d46 [term 1 LEADER]: Stepping down as leader of term 1
I0516 22:02:33.084877 18099 tablet_service.cc:1113] Received Run Leader Election RPC: tablet_id: "f2d85aa48a984f07a36195498f0f3754" dest_uuid: "d7e4c153959b4c86b9dcb5a3441a879a" from {username='slave'} at 127.0.0.1:45694
I0516 22:02:33.085198 18237 consensus_peers.cc:456] T 00efb34f943d4fa88ec6dcd181ee5c96 P b141e05cb0444865b490089e568edadc -> Peer d7e4c153959b4c86b9dcb5a3441a879a (127.17.88.1:47831): Closing peer: d7e4c153959b4c86b9dcb5a3441a879a
I0516 22:02:33.085336 18170 raft_consensus.cc:604] T f2d85aa48a984f07a36195498f0f3754 P d2767dd0c676459aa9c2533260fc9d46 [term 1 LEADER]: Becoming Follower/Learner. State: Replica: d2767dd0c676459aa9c2533260fc9d46, State: Running, Role: LEADER
I0516 22:02:33.085391 18099 raft_consensus.cc:435] T f2d85aa48a984f07a36195498f0f3754 P d7e4c153959b4c86b9dcb5a3441a879a [term 2 FOLLOWER]: Starting forced leader election (received explicit request)
I0516 22:02:33.085623 18100 raft_consensus.cc:435] T 00efb34f943d4fa88ec6dcd181ee5c96 P d7e4c153959b4c86b9dcb5a3441a879a [term 2 FOLLOWER]: Starting forced leader election (received explicit request)
I0516 22:02:33.085664 18235 raft_consensus.cc:2704] T ab7b2ac793a4455e9bbe98795c6a392f P b141e05cb0444865b490089e568edadc: Snoozing failure detection for 1.872s (vote granted)
I0516 22:02:33.085702 18100 raft_consensus.cc:2704] T 00efb34f943d4fa88ec6dcd181ee5c96 P d7e4c153959b4c86b9dcb5a3441a879a: Snoozing failure detection for 1.640s (starting election)
I0516 22:02:33.085817 18100 raft_consensus.cc:2756] T 00efb34f943d4fa88ec6dcd181ee5c96 P d7e4c153959b4c86b9dcb5a3441a879a [term 2 FOLLOWER]: Advancing to term 3
I0516 22:02:33.085584 18169 raft_consensus.cc:2751] T ab7b2ac793a4455e9bbe98795c6a392f P d2767dd0c676459aa9c2533260fc9d46 [term 1 LEADER]: Stepping down as leader of term 1
I0516 22:02:33.085568 18102 raft_consensus.cc:418] T 807b2c351057419d846ab8586e3ed167 P d7e4c153959b4c86b9dcb5a3441a879a [term 1 LEADER]: Not starting forced leader election -- already a leader
I0516 22:02:33.087121 18097 tablet_service.cc:1113] Received Run Leader Election RPC: tablet_id: "fde57a2e13af4bcc9077306cd4109c3e" dest_uuid: "d7e4c153959b4c86b9dcb5a3441a879a" from {username='slave'} at 127.0.0.1:45694
I0516 22:02:33.087260 18097 raft_consensus.cc:418] T fde57a2e13af4bcc9077306cd4109c3e P d7e4c153959b4c86b9dcb5a3441a879a [term 1 LEADER]: Not starting forced leader election -- already a leader
I0516 22:02:33.087396 18098 tablet_service.cc:1113] Received Run Leader Election RPC: tablet_id: "ab7b2ac793a4455e9bbe98795c6a392f" dest_uuid: "d7e4c153959b4c86b9dcb5a3441a879a" from {username='slave'} at 127.0.0.1:45694
I0516 22:02:33.087908 18237 consensus_peers.cc:456] T 00efb34f943d4fa88ec6dcd181ee5c96 P b141e05cb0444865b490089e568edadc -> Peer d2767dd0c676459aa9c2533260fc9d46 (127.17.88.2:58101): Closing peer: d2767dd0c676459aa9c2533260fc9d46
I0516 22:02:33.088074 18237 raft_consensus.cc:2756] T 00efb34f943d4fa88ec6dcd181ee5c96 P b141e05cb0444865b490089e568edadc [term 1 FOLLOWER]: Advancing to term 2
I0516 22:02:33.088486 18102 tablet_service.cc:1113] Received Run Leader Election RPC: tablet_id: "807b2c351057419d846ab8586e3ed167" dest_uuid: "d7e4c153959b4c86b9dcb5a3441a879a" from {username='slave'} at 127.0.0.1:45694
I0516 22:02:33.088560 18169 raft_consensus.cc:604] T ab7b2ac793a4455e9bbe98795c6a392f P d2767dd0c676459aa9c2533260fc9d46 [term 1 LEADER]: Becoming Follower/Learner. State: Replica: d2767dd0c676459aa9c2533260fc9d46, State: Running, Role: LEADER
I0516 22:02:33.089402 18098 raft_consensus.cc:435] T ab7b2ac793a4455e9bbe98795c6a392f P d7e4c153959b4c86b9dcb5a3441a879a [term 2 FOLLOWER]: Starting forced leader election (received explicit request)
I0516 22:02:33.089920 18098 raft_consensus.cc:2704] T ab7b2ac793a4455e9bbe98795c6a392f P d7e4c153959b4c86b9dcb5a3441a879a: Snoozing failure detection for 1.738s (starting election)
I0516 22:02:33.090103 18102 raft_consensus.cc:418] T 807b2c351057419d846ab8586e3ed167 P d7e4c153959b4c86b9dcb5a3441a879a [term 1 LEADER]: Not starting forced leader election -- already a leader
I0516 22:02:33.090126 18098 raft_consensus.cc:2756] T ab7b2ac793a4455e9bbe98795c6a392f P d7e4c153959b4c86b9dcb5a3441a879a [term 2 FOLLOWER]: Advancing to term 3
I0516 22:02:33.090373 18097 tablet_service.cc:1113] Received Run Leader Election RPC: tablet_id: "fde57a2e13af4bcc9077306cd4109c3e" dest_uuid: "d7e4c153959b4c86b9dcb5a3441a879a" from {username='slave'} at 127.0.0.1:45694
I0516 22:02:33.089427 18170 consensus_queue.cc:227] T f2d85aa48a984f07a36195498f0f3754 P d2767dd0c676459aa9c2533260fc9d46 [NON_LEADER]: Queue going to NON_LEADER mode. State: All replicated index: 0, Majority replicated index: 0, Committed index: 0, Last appended: 1.1, Last appended by leader: 1, Current term: 1, Majority size: -1, State: 0, Mode: NON_LEADER, active raft config: opid_index: -1 OBSOLETE_local: false peers { permanent_uuid: "d7e4c153959b4c86b9dcb5a3441a879a" member_type: VOTER last_known_addr { host: "127.17.88.1" port: 47831 } } peers { permanent_uuid: "d2767dd0c676459aa9c2533260fc9d46" member_type: VOTER last_known_addr { host: "127.17.88.2" port: 58101 } } peers { permanent_uuid: "b141e05cb0444865b490089e568edadc" member_type: VOTER last_known_addr { host: "127.17.88.3" port: 49899 } }
I0516 22:02:33.090580 18170 consensus_peers.cc:456] T f2d85aa48a984f07a36195498f0f3754 P d2767dd0c676459aa9c2533260fc9d46 -> Peer b141e05cb0444865b490089e568edadc (127.17.88.3:49899): Closing peer: b141e05cb0444865b490089e568edadc
