I0516 22:02:32.371865 17760 webserver.cc:173] Starting webserver on 127.17.88.2:0
I0516 22:02:32.371892 17760 webserver.cc:184] Document root disabled
I0516 22:02:32.372349 17760 webserver.cc:311] Webserver started. Bound to: http://127.17.88.2:37170/
I0516 22:02:32.375478 17760 system_ntp.cc:143] NTP initialized. Skew: 500ppm Current error: 1236988us
I0516 22:02:32.375664 17760 fs_manager.cc:260] Metadata directory not provided
I0516 22:02:32.375711 17760 fs_manager.cc:266] Using write-ahead log directory (fs_wal_dir) as metadata directory
I0516 22:02:32.375810 17760 server_base.cc:433] Could not load existing FS layout: Not found: /tmp/dist-test-tasksS1KRx/test-tmp/delete_tablet-itest.0.DeleteTabletITest.TestLeaderElectionDuringDeleteTablet.1526508151408653-17760/minicluster-data/ts-2-root/instance: No such file or directory (error 2)
I0516 22:02:32.375849 17760 server_base.cc:434] Attempting to create new FS layout instead
I0516 22:02:32.377925 17760 fs_manager.cc:595] Generated new instance metadata in path /tmp/dist-test-tasksS1KRx/test-tmp/delete_tablet-itest.0.DeleteTabletITest.TestLeaderElectionDuringDeleteTablet.1526508151408653-17760/minicluster-data/ts-2-root/instance: uuid: "b141e05cb0444865b490089e568edadc" format_stamp: "Formatted at 2018-05-16 22:02:32 on dist-test-slave-dist-test-slave-gwpd"
I0516 22:02:32.378324 18193 heartbeater.cc:346] Connected to a master server at 127.17.88.62:39073
I0516 22:02:32.378409 18193 heartbeater.cc:426] Registering TS with master...
I0516 22:02:32.378613 18193 heartbeater.cc:475] Master 127.17.88.62:39073 requested a full tablet report, sending...
I0516 22:02:32.379227 18018 ts_manager.cc:81] Registered new tserver with Master: d2767dd0c676459aa9c2533260fc9d46 (127.17.88.2:58101)
I0516 22:02:32.379946 18018 master_service.cc:249] Signed X509 certificate for tserver {username='slave'} at 127.0.0.1:60783
I0516 22:02:32.381381 17760 fs_manager.cc:495] Time spent creating directory manager: real 0.003s user 0.000s sys 0.004s
I0516 22:02:32.382100 17760 file_cache.cc:470] Constructed file cache lbm with capacity 26214
I0516 22:02:32.384263 17760 fs_manager.cc:417] Time spent opening block manager: real 0.001s user 0.000s sys 0.000s
I0516 22:02:32.384330 17760 fs_manager.cc:428] Opened local filesystem: /tmp/dist-test-tasksS1KRx/test-tmp/delete_tablet-itest.0.DeleteTabletITest.TestLeaderElectionDuringDeleteTablet.1526508151408653-17760/minicluster-data/ts-2-root uuid: "b141e05cb0444865b490089e568edadc" format_stamp: "Formatted at 2018-05-16 22:02:32 on dist-test-slave-dist-test-slave-gwpd"
I0516 22:02:32.384409 17760 fs_report.cc:347] Block manager report -------------------- 1 data directories: /tmp/dist-test-tasksS1KRx/test-tmp/delete_tablet-itest.0.DeleteTabletITest.TestLeaderElectionDuringDeleteTablet.1526508151408653-17760/minicluster-data/ts-2-root/data Total live blocks: 0 Total live bytes: 0 Total live bytes (after alignment): 0 Total number of LBM containers: 0 (0 full) Did not check for missing blocks Did not check for orphaned blocks Total full LBM containers with extra space: 0 (0 repaired) Total full LBM container extra space in bytes: 0 (0 repaired) Total incomplete LBM containers: 0 (0 repaired) Total LBM partial records: 0 (0 repaired)
I0516 22:02:32.406672 17760 ts_tablet_manager.cc:356] Loaded tablet metadata (0 live tablets)
I0516 22:02:32.417873 17760 rpc_server.cc:205] RPC server started. Bound to: 127.17.88.3:49899
I0516 22:02:32.418143 17760 webserver.cc:173] Starting webserver on 127.17.88.3:0
I0516 22:02:32.418171 17760 webserver.cc:184] Document root disabled
I0516 22:02:32.418628 17760 webserver.cc:311] Webserver started. Bound to: http://127.17.88.3:48392/
I0516 22:02:32.424301 18260 heartbeater.cc:346] Connected to a master server at 127.17.88.62:39073
I0516 22:02:32.424383 18260 heartbeater.cc:426] Registering TS with master...
I0516 22:02:32.424579 18260 heartbeater.cc:475] Master 127.17.88.62:39073 requested a full tablet report, sending...
I0516 22:02:32.425184 18018 ts_manager.cc:81] Registered new tserver with Master: b141e05cb0444865b490089e568edadc (127.17.88.3:49899)
I0516 22:02:32.425648 17760 internal_mini_cluster.cc:326] 3 TS(s) registered with all masters after 0.006524538s
I0516 22:02:32.426012 18018 master_service.cc:249] Signed X509 certificate for tserver {username='slave'} at 127.0.0.1:60784
I0516 22:02:32.439630 17760 test_util.cc:200] Using random seed: -533970121
I0516 22:02:32.448016 18018 catalog_manager.cc:1315] Servicing CreateTable request from {username='slave'} at 127.0.0.1:60787: name: "test-workload" schema { columns { name: "key" type: INT32 is_key: true is_nullable: false encoding: AUTO_ENCODING compression: DEFAULT_COMPRESSION cfile_block_size: 0 } columns { name: "int_val" type: INT32 is_key: false is_nullable: false encoding: AUTO_ENCODING compression: DEFAULT_COMPRESSION cfile_block_size: 0 } columns { name: "string_val" type: STRING is_key: false is_nullable: true encoding: AUTO_ENCODING compression: DEFAULT_COMPRESSION cfile_block_size: 0 } } num_replicas: 3 split_rows_range_bounds { rows: "\004\001\000\314\314\314\014\004\001\000\230\231\231\031\004\001\000dff&\004\001\0000333\004\001\000\374\377\377?\004\001\000\310\314\314L\004\001\000\224\231\231Y\004\001\000`fff\004\001\000,33s" } partition_schema { range_schema { columns { name: "key" } } }
W0516 22:02:32.448927 18018 catalog_manager.cc:1463] The number of live tablet servers is not enough to re-replicate a tablet replica of the newly created table test-workload in case of a replica failure: 4 tablet servers are needed, 3 are alive. Consider bringing up additional tablet server(s) or running both the masters and all tablet servers with --raft_prepare_replacement_before_eviction=false flag (not recommended).
I0516 22:02:32.474361 18227 tablet_service.cc:760] Processing CreateTablet for tablet 50f4658409f4467d91579fefb4bbc4af (table=test-workload [id=b81d5ce0c26147e199605e0eca7fdd50]), partition=RANGE (key) PARTITION VALUES < 214748364
I0516 22:02:32.474938 18224 tablet_service.cc:760] Processing CreateTablet for tablet f44edd9cb161433f9ae53e8d2e60e43e (table=test-workload [id=b81d5ce0c26147e199605e0eca7fdd50]), partition=RANGE (key) PARTITION 644245092 <= VALUES < 858993456
I0516 22:02:32.475553 18227 data_dirs.cc:934] Could only allocate 1 dirs of requested 3 for tablet 50f4658409f4467d91579fefb4bbc4af. 1 dirs total, 0 dirs full, 0 dirs failed
I0516 22:02:32.477164 18224 data_dirs.cc:934] Could only allocate 1 dirs of requested 3 for tablet f44edd9cb161433f9ae53e8d2e60e43e. 1 dirs total, 0 dirs full, 0 dirs failed
I0516 22:02:32.477536 18221 tablet_service.cc:760] Processing CreateTablet for tablet 7966cd4464434af09b1b861e14d66bf9 (table=test-workload [id=b81d5ce0c26147e199605e0eca7fdd50]), partition=RANGE (key) PARTITION 1288490184 <= VALUES < 1503238548
I0516 22:02:32.477524 18223 tablet_service.cc:760] Processing CreateTablet for tablet fde57a2e13af4bcc9077306cd4109c3e (table=test-workload [id=b81d5ce0c26147e199605e0eca7fdd50]), partition=RANGE (key) PARTITION 858993456 <= VALUES < 1073741820
I0516 22:02:32.478539 18225 tablet_service.cc:760] Processing CreateTablet for tablet ab7b2ac793a4455e9bbe98795c6a392f (table=test-workload [id=b81d5ce0c26147e199605e0eca7fdd50]), partition=RANGE (key) PARTITION 429496728 <= VALUES < 644245092
I0516 22:02:32.479696 18092 tablet_service.cc:760] Processing CreateTablet for tablet 50f4658409f4467d91579fefb4bbc4af (table=test-workload [id=b81d5ce0c26147e199605e0eca7fdd50]), partition=RANGE (key) PARTITION VALUES < 214748364
I0516 22:02:32.480306 18226 tablet_service.cc:760] Processing CreateTablet for tablet f970f063780d4349888d8fd439beb0a0 (table=test-workload [id=b81d5ce0c26147e199605e0eca7fdd50]), partition=RANGE (key) PARTITION 214748364 <= VALUES < 429496728
I0516 22:02:32.480340 18222 tablet_service.cc:760] Processing CreateTablet for tablet d744b1d6ab5c4844bd636ab76a6c3bee (table=test-workload [id=b81d5ce0c26147e199605e0eca7fdd50]), partition=RANGE (key) PARTITION 1073741820 <= VALUES < 1288490184
I0516 22:02:32.480511 18221 data_dirs.cc:934] Could only allocate 1 dirs of requested 3 for tablet 7966cd4464434af09b1b861e14d66bf9. 1 dirs total, 0 dirs full, 0 dirs failed
I0516 22:02:32.480881 18220 tablet_service.cc:760] Processing CreateTablet for tablet f2d85aa48a984f07a36195498f0f3754 (table=test-workload [id=b81d5ce0c26147e199605e0eca7fdd50]), partition=RANGE (key) PARTITION 1503238548 <= VALUES < 1717986912
I0516 22:02:32.481870 18092 data_dirs.cc:934] Could only allocate 1 dirs of requested 3 for tablet 50f4658409f4467d91579fefb4bbc4af. 1 dirs total, 0 dirs full, 0 dirs failed
I0516 22:02:32.481873 18223 data_dirs.cc:934] Could only allocate 1 dirs of requested 3 for tablet fde57a2e13af4bcc9077306cd4109c3e. 1 dirs total, 0 dirs full, 0 dirs failed
I0516 22:02:32.481961 18089 tablet_service.cc:760] Processing CreateTablet for tablet f44edd9cb161433f9ae53e8d2e60e43e (table=test-workload [id=b81d5ce0c26147e199605e0eca7fdd50]), partition=RANGE (key) PARTITION 644245092 <= VALUES < 858993456
I0516 22:02:32.482376 18218 tablet_service.cc:760] Processing CreateTablet for tablet 00efb34f943d4fa88ec6dcd181ee5c96 (table=test-workload [id=b81d5ce0c26147e199605e0eca7fdd50]), partition=RANGE (key) PARTITION VALUES >= 1932735276
I0516 22:02:32.482874 18219 tablet_service.cc:760] Processing CreateTablet for tablet 807b2c351057419d846ab8586e3ed167 (table=test-workload [id=b81d5ce0c26147e199605e0eca7fdd50]), partition=RANGE (key) PARTITION 1717986912 <= VALUES < 1932735276
I0516 22:02:32.482904 18088 tablet_service.cc:760] Processing CreateTablet for tablet fde57a2e13af4bcc9077306cd4109c3e (table=test-workload [id=b81d5ce0c26147e199605e0eca7fdd50]), partition=RANGE (key) PARTITION 858993456 <= VALUES < 1073741820
I0516 22:02:32.483480 18084 tablet_service.cc:760] Processing CreateTablet for tablet 807b2c351057419d846ab8586e3ed167 (table=test-workload [id=b81d5ce0c26147e199605e0eca7fdd50]), partition=RANGE (key) PARTITION 1717986912 <= VALUES < 1932735276
I0516 22:02:32.483633 18225 data_dirs.cc:934] Could only allocate 1 dirs of requested 3 for tablet ab7b2ac793a4455e9bbe98795c6a392f. 1 dirs total, 0 dirs full, 0 dirs failed
I0516 22:02:32.483757 18086 tablet_service.cc:760] Processing CreateTablet for tablet 7966cd4464434af09b1b861e14d66bf9 (table=test-workload [id=b81d5ce0c26147e199605e0eca7fdd50]), partition=RANGE (key) PARTITION 1288490184 <= VALUES < 1503238548
I0516 22:02:32.484330 18089 data_dirs.cc:934] Could only allocate 1 dirs of requested 3 for tablet f44edd9cb161433f9ae53e8d2e60e43e. 1 dirs total, 0 dirs full, 0 dirs failed
I0516 22:02:32.484278 18087 tablet_service.cc:760] Processing CreateTablet for tablet d744b1d6ab5c4844bd636ab76a6c3bee (table=test-workload [id=b81d5ce0c26147e199605e0eca7fdd50]), partition=RANGE (key) PARTITION 1073741820 <= VALUES < 1288490184
I0516 22:02:32.484189 18085 tablet_service.cc:760] Processing CreateTablet for tablet f2d85aa48a984f07a36195498f0f3754 (table=test-workload [id=b81d5ce0c26147e199605e0eca7fdd50]), partition=RANGE (key) PARTITION 1503238548 <= VALUES < 1717986912
I0516 22:02:32.484611 18091 tablet_service.cc:760] Processing CreateTablet for tablet f970f063780d4349888d8fd439beb0a0 (table=test-workload [id=b81d5ce0c26147e199605e0eca7fdd50]), partition=RANGE (key) PARTITION 214748364 <= VALUES < 429496728
I0516 22:02:32.485374 18226 data_dirs.cc:934] Could only allocate 1 dirs of requested 3 for tablet f970f063780d4349888d8fd439beb0a0. 1 dirs total, 0 dirs full, 0 dirs failed
I0516 22:02:32.485443 18083 tablet_service.cc:760] Processing CreateTablet for tablet 00efb34f943d4fa88ec6dcd181ee5c96 (table=test-workload [id=b81d5ce0c26147e199605e0eca7fdd50]), partition=RANGE (key) PARTITION VALUES >= 1932735276
I0516 22:02:32.486027 18219 data_dirs.cc:934] Could only allocate 1 dirs of requested 3 for tablet 807b2c351057419d846ab8586e3ed167. 1 dirs total, 0 dirs full, 0 dirs failed
I0516 22:02:32.486057 18090 tablet_service.cc:760] Processing CreateTablet for tablet ab7b2ac793a4455e9bbe98795c6a392f (table=test-workload [id=b81d5ce0c26147e199605e0eca7fdd50]), partition=RANGE (key) PARTITION 429496728 <= VALUES < 644245092
I0516 22:02:32.486863 18220 data_dirs.cc:934] Could only allocate 1 dirs of requested 3 for tablet f2d85aa48a984f07a36195498f0f3754. 1 dirs total, 0 dirs full, 0 dirs failed
I0516 22:02:32.487574 18088 data_dirs.cc:934] Could only allocate 1 dirs of requested 3 for tablet fde57a2e13af4bcc9077306cd4109c3e. 1 dirs total, 0 dirs full, 0 dirs failed
I0516 22:02:32.487716 18218 data_dirs.cc:934] Could only allocate 1 dirs of requested 3 for tablet 00efb34f943d4fa88ec6dcd181ee5c96. 1 dirs total, 0 dirs full, 0 dirs failed
I0516 22:02:32.488261 18084 data_dirs.cc:934] Could only allocate 1 dirs of requested 3 for tablet 807b2c351057419d846ab8586e3ed167. 1 dirs total, 0 dirs full, 0 dirs failed
I0516 22:02:32.488586 18222 data_dirs.cc:934] Could only allocate 1 dirs of requested 3 for tablet d744b1d6ab5c4844bd636ab76a6c3bee. 1 dirs total, 0 dirs full, 0 dirs failed
I0516 22:02:32.490592 18087 data_dirs.cc:934] Could only allocate 1 dirs of requested 3 for tablet d744b1d6ab5c4844bd636ab76a6c3bee. 1 dirs total, 0 dirs full, 0 dirs failed
I0516 22:02:32.492027 18091 data_dirs.cc:934] Could only allocate 1 dirs of requested 3 for tablet f970f063780d4349888d8fd439beb0a0. 1 dirs total, 0 dirs full, 0 dirs failed
I0516 22:02:32.492357 18090 data_dirs.cc:934] Could only allocate 1 dirs of requested 3 for tablet ab7b2ac793a4455e9bbe98795c6a392f. 1 dirs total, 0 dirs full, 0 dirs failed
I0516 22:02:32.492599 18083 data_dirs.cc:934] Could only allocate 1 dirs of requested 3 for tablet 00efb34f943d4fa88ec6dcd181ee5c96. 1 dirs total, 0 dirs full, 0 dirs failed
I0516 22:02:32.493713 18086 data_dirs.cc:934] Could only allocate 1 dirs of requested 3 for tablet 7966cd4464434af09b1b861e14d66bf9. 1 dirs total, 0 dirs full, 0 dirs failed
I0516 22:02:32.494418 18085 data_dirs.cc:934] Could only allocate 1 dirs of requested 3 for tablet f2d85aa48a984f07a36195498f0f3754. 1 dirs total, 0 dirs full, 0 dirs failed
I0516 22:02:32.509673 18224 ts_tablet_manager.cc:1173] T f44edd9cb161433f9ae53e8d2e60e43e P b141e05cb0444865b490089e568edadc: Registered tablet (data state: TABLET_DATA_READY)
I0516 22:02:32.513902 18227 ts_tablet_manager.cc:1173] T 50f4658409f4467d91579fefb4bbc4af P b141e05cb0444865b490089e568edadc: Registered tablet (data state: TABLET_DATA_READY)
I0516 22:02:32.524569 18092 ts_tablet_manager.cc:1173] T 50f4658409f4467d91579fefb4bbc4af P d7e4c153959b4c86b9dcb5a3441a879a: Registered tablet (data state: TABLET_DATA_READY)
I0516 22:02:32.525833 18281 ts_tablet_manager.cc:1028] T f44edd9cb161433f9ae53e8d2e60e43e P b141e05cb0444865b490089e568edadc: Bootstrapping tablet
I0516 22:02:32.526235 18089 ts_tablet_manager.cc:1173] T f44edd9cb161433f9ae53e8d2e60e43e P d7e4c153959b4c86b9dcb5a3441a879a: Registered tablet (data state: TABLET_DATA_READY)
I0516 22:02:32.527427 18281 tablet_bootstrap.cc:436] T f44edd9cb161433f9ae53e8d2e60e43e P b141e05cb0444865b490089e568edadc: Bootstrap starting.
I0516 22:02:32.529491 18222 ts_tablet_manager.cc:1173] T d744b1d6ab5c4844bd636ab76a6c3bee P b141e05cb0444865b490089e568edadc: Registered tablet (data state: TABLET_DATA_READY)
I0516 22:02:32.535570 18088 ts_tablet_manager.cc:1173] T fde57a2e13af4bcc9077306cd4109c3e P d7e4c153959b4c86b9dcb5a3441a879a: Registered tablet (data state: TABLET_DATA_READY)
I0516 22:02:32.536641 18221 ts_tablet_manager.cc:1173] T 7966cd4464434af09b1b861e14d66bf9 P b141e05cb0444865b490089e568edadc: Registered tablet (data state: TABLET_DATA_READY)
I0516 22:02:32.561130 18219 ts_tablet_manager.cc:1173] T 807b2c351057419d846ab8586e3ed167 P b141e05cb0444865b490089e568edadc: Registered tablet (data state: TABLET_DATA_READY)
I0516 22:02:32.562798 18087 ts_tablet_manager.cc:1173] T d744b1d6ab5c4844bd636ab76a6c3bee P d7e4c153959b4c86b9dcb5a3441a879a: Registered tablet (data state: TABLET_DATA_READY)
I0516 22:02:32.563258 18218 ts_tablet_manager.cc:1173] T 00efb34f943d4fa88ec6dcd181ee5c96 P b141e05cb0444865b490089e568edadc: Registered tablet (data state: TABLET_DATA_READY)
I0516 22:02:32.563607 18282 ts_tablet_manager.cc:1028] T 50f4658409f4467d91579fefb4bbc4af P d7e4c153959b4c86b9dcb5a3441a879a: Bootstrapping tablet
I0516 22:02:32.565656 18282 tablet_bootstrap.cc:436] T 50f4658409f4467d91579fefb4bbc4af P d7e4c153959b4c86b9dcb5a3441a879a: Bootstrap starting.
I0516 22:02:32.565660 18226 ts_tablet_manager.cc:1173] T f970f063780d4349888d8fd439beb0a0 P b141e05cb0444865b490089e568edadc: Registered tablet (data state: TABLET_DATA_READY)
I0516 22:02:32.566057 18223 ts_tablet_manager.cc:1173] T fde57a2e13af4bcc9077306cd4109c3e P b141e05cb0444865b490089e568edadc: Registered tablet (data state: TABLET_DATA_READY)
I0516 22:02:32.566615 18085 ts_tablet_manager.cc:1173] T f2d85aa48a984f07a36195498f0f3754 P d7e4c153959b4c86b9dcb5a3441a879a: Registered tablet (data state: TABLET_DATA_READY)
I0516 22:02:32.566619 18225 ts_tablet_manager.cc:1173] T ab7b2ac793a4455e9bbe98795c6a392f P b141e05cb0444865b490089e568edadc: Registered tablet (data state: TABLET_DATA_READY)
I0516 22:02:32.568589 18090 ts_tablet_manager.cc:1173] T ab7b2ac793a4455e9bbe98795c6a392f P d7e4c153959b4c86b9dcb5a3441a879a: Registered tablet (data state: TABLET_DATA_READY)
I0516 22:02:32.569267 18220 ts_tablet_manager.cc:1173] T f2d85aa48a984f07a36195498f0f3754 P b141e05cb0444865b490089e568edadc: Registered tablet (data state: TABLET_DATA_READY)
I0516 22:02:32.569278 18281 tablet_bootstrap.cc:587] T f44edd9cb161433f9ae53e8d2e60e43e P b141e05cb0444865b490089e568edadc: No blocks or log segments found. Creating new log.
I0516 22:02:32.569587 18159 tablet_service.cc:760] Processing CreateTablet for tablet f970f063780d4349888d8fd439beb0a0 (table=test-workload [id=b81d5ce0c26147e199605e0eca7fdd50]), partition=RANGE (key) PARTITION 214748364 <= VALUES < 429496728
I0516 22:02:32.570564 18084 ts_tablet_manager.cc:1173] T 807b2c351057419d846ab8586e3ed167 P d7e4c153959b4c86b9dcb5a3441a879a: Registered tablet (data state: TABLET_DATA_READY)
I0516 22:02:32.570631 18160 tablet_service.cc:760] Processing CreateTablet for tablet 50f4658409f4467d91579fefb4bbc4af (table=test-workload [id=b81d5ce0c26147e199605e0eca7fdd50]), partition=RANGE (key) PARTITION VALUES < 214748364
I0516 22:02:32.570969 18154 tablet_service.cc:760] Processing CreateTablet for tablet 7966cd4464434af09b1b861e14d66bf9 (table=test-workload [id=b81d5ce0c26147e199605e0eca7fdd50]), partition=RANGE (key) PARTITION 1288490184 <= VALUES < 1503238548
I0516 22:02:32.571125 18159 data_dirs.cc:934] Could only allocate 1 dirs of requested 3 for tablet f970f063780d4349888d8fd439beb0a0. 1 dirs total, 0 dirs full, 0 dirs failed
I0516 22:02:32.571097 18155 tablet_service.cc:760] Processing CreateTablet for tablet d744b1d6ab5c4844bd636ab76a6c3bee (table=test-workload [id=b81d5ce0c26147e199605e0eca7fdd50]), partition=RANGE (key) PARTITION 1073741820 <= VALUES < 1288490184
I0516 22:02:32.571983 18157 tablet_service.cc:760] Processing CreateTablet for tablet f44edd9cb161433f9ae53e8d2e60e43e (table=test-workload [id=b81d5ce0c26147e199605e0eca7fdd50]), partition=RANGE (key) PARTITION 644245092 <= VALUES < 858993456
I0516 22:02:32.572067 18160 data_dirs.cc:934] Could only allocate 1 dirs of requested 3 for tablet 50f4658409f4467d91579fefb4bbc4af. 1 dirs total, 0 dirs full, 0 dirs failed
I0516 22:02:32.572427 18086 ts_tablet_manager.cc:1173] T 7966cd4464434af09b1b861e14d66bf9 P d7e4c153959b4c86b9dcb5a3441a879a: Registered tablet (data state: TABLET_DATA_READY)
I0516 22:02:32.572455 18155 data_dirs.cc:934] Could only allocate 1 dirs of requested 3 for tablet d744b1d6ab5c4844bd636ab76a6c3bee. 1 dirs total, 0 dirs full, 0 dirs failed
I0516 22:02:32.572430 18152 tablet_service.cc:760] Processing CreateTablet for tablet 807b2c351057419d846ab8586e3ed167 (table=test-workload [id=b81d5ce0c26147e199605e0eca7fdd50]), partition=RANGE (key) PARTITION 1717986912 <= VALUES < 1932735276
I0516 22:02:32.572495 18153 tablet_service.cc:760] Processing CreateTablet for tablet f2d85aa48a984f07a36195498f0f3754 (table=test-workload [id=b81d5ce0c26147e199605e0eca7fdd50]), partition=RANGE (key) PARTITION 1503238548 <= VALUES < 1717986912
I0516 22:02:32.573002 18158 tablet_service.cc:760] Processing CreateTablet for tablet ab7b2ac793a4455e9bbe98795c6a392f (table=test-workload [id=b81d5ce0c26147e199605e0eca7fdd50]), partition=RANGE (key) PARTITION 429496728 <= VALUES < 644245092
I0516 22:02:32.573266 18091 ts_tablet_manager.cc:1173] T f970f063780d4349888d8fd439beb0a0 P d7e4c153959b4c86b9dcb5a3441a879a: Registered tablet (data state: TABLET_DATA_READY)
I0516 22:02:32.573292 18151 tablet_service.cc:760] Processing CreateTablet for tablet 00efb34f943d4fa88ec6dcd181ee5c96 (table=test-workload [id=b81d5ce0c26147e199605e0eca7fdd50]), partition=RANGE (key) PARTITION VALUES >= 1932735276
I0516 22:02:32.573585 18156 tablet_service.cc:760] Processing CreateTablet for tablet fde57a2e13af4bcc9077306cd4109c3e (table=test-workload [id=b81d5ce0c26147e199605e0eca7fdd50]), partition=RANGE (key) PARTITION 858993456 <= VALUES < 1073741820
I0516 22:02:32.574041 18154 data_dirs.cc:934] Could only allocate 1 dirs of requested 3 for tablet 7966cd4464434af09b1b861e14d66bf9. 1 dirs total, 0 dirs full, 0 dirs failed
I0516 22:02:32.574256 18156 data_dirs.cc:934] Could only allocate 1 dirs of requested 3 for tablet fde57a2e13af4bcc9077306cd4109c3e. 1 dirs total, 0 dirs full, 0 dirs failed
I0516 22:02:32.574800 18151 data_dirs.cc:934] Could only allocate 1 dirs of requested 3 for tablet 00efb34f943d4fa88ec6dcd181ee5c96. 1 dirs total, 0 dirs full, 0 dirs failed
I0516 22:02:32.575135 18158 data_dirs.cc:934] Could only allocate 1 dirs of requested 3 for tablet ab7b2ac793a4455e9bbe98795c6a392f. 1 dirs total, 0 dirs full, 0 dirs failed
I0516 22:02:32.575330 18152 data_dirs.cc:934] Could only allocate 1 dirs of requested 3 for tablet 807b2c351057419d846ab8586e3ed167. 1 dirs total, 0 dirs full, 0 dirs failed
I0516 22:02:32.575678 18153 data_dirs.cc:934] Could only allocate 1 dirs of requested 3 for tablet f2d85aa48a984f07a36195498f0f3754. 1 dirs total, 0 dirs full, 0 dirs failed
I0516 22:02:32.576416 18083 ts_tablet_manager.cc:1173] T 00efb34f943d4fa88ec6dcd181ee5c96 P d7e4c153959b4c86b9dcb5a3441a879a: Registered tablet (data state: TABLET_DATA_READY)
I0516 22:02:32.577497 18157 data_dirs.cc:934] Could only allocate 1 dirs of requested 3 for tablet f44edd9cb161433f9ae53e8d2e60e43e. 1 dirs total, 0 dirs full, 0 dirs failed
I0516 22:02:32.584558 18281 tablet_bootstrap.cc:436] T f44edd9cb161433f9ae53e8d2e60e43e P b141e05cb0444865b490089e568edadc: No bootstrap required, opened a new log
I0516 22:02:32.584858 18281 ts_tablet_manager.cc:1045] T f44edd9cb161433f9ae53e8d2e60e43e P b141e05cb0444865b490089e568edadc: Time spent bootstrapping tablet: real 0.058s user 0.000s sys 0.004s
I0516 22:02:32.586879 18281 raft_consensus.cc:303] T f44edd9cb161433f9ae53e8d2e60e43e P b141e05cb0444865b490089e568edadc [term 0 FOLLOWER]: Replica starting. Triggering 0 pending transactions. Active config: opid_index: -1 OBSOLETE_local: false peers { permanent_uuid: "d2767dd0c676459aa9c2533260fc9d46" member_type: VOTER last_known_addr { host: "127.17.88.2" port: 58101 } } peers { permanent_uuid: "d7e4c153959b4c86b9dcb5a3441a879a" member_type: VOTER last_known_addr { host: "127.17.88.1" port: 47831 } } peers { permanent_uuid: "b141e05cb0444865b490089e568edadc" member_type: VOTER last_known_addr { host: "127.17.88.3" port: 49899 } }
I0516 22:02:32.588613 18281 raft_consensus.cc:329] T f44edd9cb161433f9ae53e8d2e60e43e P b141e05cb0444865b490089e568edadc [term 0 FOLLOWER]: Consensus starting up: Expiring failure detector timer to make a prompt election more likely
I0516 22:02:32.588917 18281 raft_consensus.cc:604] T f44edd9cb161433f9ae53e8d2e60e43e P b141e05cb0444865b490089e568edadc [term 0 FOLLOWER]: Becoming Follower/Learner. State: Replica: b141e05cb0444865b490089e568edadc, State: Initialized, Role: FOLLOWER
I0516 22:02:32.589787 18159 ts_tablet_manager.cc:1173] T f970f063780d4349888d8fd439beb0a0 P d2767dd0c676459aa9c2533260fc9d46: Registered tablet (data state: TABLET_DATA_READY)
I0516 22:02:32.590140 18156 ts_tablet_manager.cc:1173] T fde57a2e13af4bcc9077306cd4109c3e P d2767dd0c676459aa9c2533260fc9d46: Registered tablet (data state: TABLET_DATA_READY)
I0516 22:02:32.593072 18160 ts_tablet_manager.cc:1173] T 50f4658409f4467d91579fefb4bbc4af P d2767dd0c676459aa9c2533260fc9d46: Registered tablet (data state: TABLET_DATA_READY)
I0516 22:02:32.594832 18158 ts_tablet_manager.cc:1173] T ab7b2ac793a4455e9bbe98795c6a392f P d2767dd0c676459aa9c2533260fc9d46: Registered tablet (data state: TABLET_DATA_READY)
I0516 22:02:32.595911 18152 ts_tablet_manager.cc:1173] T 807b2c351057419d846ab8586e3ed167 P d2767dd0c676459aa9c2533260fc9d46: Registered tablet (data state: TABLET_DATA_READY)
I0516 22:02:32.595625 18281 consensus_queue.cc:227] T f44edd9cb161433f9ae53e8d2e60e43e P b141e05cb0444865b490089e568edadc [NON_LEADER]: Queue going to NON_LEADER mode. State: All replicated index: 0, Majority replicated index: 0, Committed index: 0, Last appended: 0.0, Last appended by leader: 0, Current term: 0, Majority size: -1, State: 0, Mode: NON_LEADER, active raft config: opid_index: -1 OBSOLETE_local: false peers { permanent_uuid: "d2767dd0c676459aa9c2533260fc9d46" member_type: VOTER last_known_addr { host: "127.17.88.2" port: 58101 } } peers { permanent_uuid: "d7e4c153959b4c86b9dcb5a3441a879a" member_type: VOTER last_known_addr { host: "127.17.88.1" port: 47831 } } peers { permanent_uuid: "b141e05cb0444865b490089e568edadc" member_type: VOTER last_known_addr { host: "127.17.88.3" port: 49899 } }
I0516 22:02:32.596405 18153 ts_tablet_manager.cc:1173] T f2d85aa48a984f07a36195498f0f3754 P d2767dd0c676459aa9c2533260fc9d46: Registered tablet (data state: TABLET_DATA_READY)
I0516 22:02:32.600500 18282 tablet_bootstrap.cc:587] T 50f4658409f4467d91579fefb4bbc4af P d7e4c153959b4c86b9dcb5a3441a879a: No blocks or log segments found. Creating new log.
I0516 22:02:32.600518 18284 ts_tablet_manager.cc:1028] T f970f063780d4349888d8fd439beb0a0 P d2767dd0c676459aa9c2533260fc9d46: Bootstrapping tablet
I0516 22:02:32.600528 18260 heartbeater.cc:467] Master 127.17.88.62:39073 was elected leader, sending a full tablet report...
I0516 22:02:32.600528 18154 ts_tablet_manager.cc:1173] T 7966cd4464434af09b1b861e14d66bf9 P d2767dd0c676459aa9c2533260fc9d46: Registered tablet (data state: TABLET_DATA_READY)
I0516 22:02:32.600687 18281 ts_tablet_manager.cc:1073] T f44edd9cb161433f9ae53e8d2e60e43e P b141e05cb0444865b490089e568edadc: Time spent starting tablet: real 0.016s user 0.000s sys 0.004s
I0516 22:02:32.600809 18151 ts_tablet_manager.cc:1173] T 00efb34f943d4fa88ec6dcd181ee5c96 P d2767dd0c676459aa9c2533260fc9d46: Registered tablet (data state: TABLET_DATA_READY)
I0516 22:02:32.601109 18281 ts_tablet_manager.cc:1028] T 50f4658409f4467d91579fefb4bbc4af P b141e05cb0444865b490089e568edadc: Bootstrapping tablet
I0516 22:02:32.601112 18157 ts_tablet_manager.cc:1173] T f44edd9cb161433f9ae53e8d2e60e43e P d2767dd0c676459aa9c2533260fc9d46: Registered tablet (data state: TABLET_DATA_READY)
I0516 22:02:32.601137 18284 tablet_bootstrap.cc:436] T f970f063780d4349888d8fd439beb0a0 P d2767dd0c676459aa9c2533260fc9d46: Bootstrap starting.
I0516 22:02:32.601347 18281 tablet_bootstrap.cc:436] T 50f4658409f4467d91579fefb4bbc4af P b141e05cb0444865b490089e568edadc: Bootstrap starting.
I0516 22:02:32.602759 18155 ts_tablet_manager.cc:1173] T d744b1d6ab5c4844bd636ab76a6c3bee P d2767dd0c676459aa9c2533260fc9d46: Registered tablet (data state: TABLET_DATA_READY)
I0516 22:02:32.604444 18281 tablet_bootstrap.cc:587] T 50f4658409f4467d91579fefb4bbc4af P b141e05cb0444865b490089e568edadc: No blocks or log segments found. Creating new log.
I0516 22:02:32.604743 18284 tablet_bootstrap.cc:587] T f970f063780d4349888d8fd439beb0a0 P d2767dd0c676459aa9c2533260fc9d46: No blocks or log segments found. Creating new log.
I0516 22:02:32.605608 18282 tablet_bootstrap.cc:436] T 50f4658409f4467d91579fefb4bbc4af P d7e4c153959b4c86b9dcb5a3441a879a: No bootstrap required, opened a new log
I0516 22:02:32.605993 18282 ts_tablet_manager.cc:1045] T 50f4658409f4467d91579fefb4bbc4af P d7e4c153959b4c86b9dcb5a3441a879a: Time spent bootstrapping tablet: real 0.040s user 0.004s sys 0.000s
I0516 22:02:32.606621 18281 tablet_bootstrap.cc:436] T 50f4658409f4467d91579fefb4bbc4af P b141e05cb0444865b490089e568edadc: No bootstrap required, opened a new log
I0516 22:02:32.606614 18282 raft_consensus.cc:303] T 50f4658409f4467d91579fefb4bbc4af P d7e4c153959b4c86b9dcb5a3441a879a [term 0 FOLLOWER]: Replica starting. Triggering 0 pending transactions. Active config: opid_index: -1 OBSOLETE_local: false peers { permanent_uuid: "d7e4c153959b4c86b9dcb5a3441a879a" member_type: VOTER last_known_addr { host: "127.17.88.1" port: 47831 } } peers { permanent_uuid: "b141e05cb0444865b490089e568edadc" member_type: VOTER last_known_addr { host: "127.17.88.3" port: 49899 } } peers { permanent_uuid: "d2767dd0c676459aa9c2533260fc9d46" member_type: VOTER last_known_addr { host: "127.17.88.2" port: 58101 } }
I0516 22:02:32.606765 18281 ts_tablet_manager.cc:1045] T 50f4658409f4467d91579fefb4bbc4af P b141e05cb0444865b490089e568edadc: Time spent bootstrapping tablet: real 0.005s user 0.000s sys 0.004s
I0516 22:02:32.606829 18282 raft_consensus.cc:329] T 50f4658409f4467d91579fefb4bbc4af P d7e4c153959b4c86b9dcb5a3441a879a [term 0 FOLLOWER]: Consensus starting up: Expiring failure detector timer to make a prompt election more likely
I0516 22:02:32.606869 18282 raft_consensus.cc:604] T 50f4658409f4467d91579fefb4bbc4af P d7e4c153959b4c86b9dcb5a3441a879a [term 0 FOLLOWER]: Becoming Follower/Learner. State: Replica: d7e4c153959b4c86b9dcb5a3441a879a, State: Initialized, Role: FOLLOWER
I0516 22:02:32.607018 18282 consensus_queue.cc:227] T 50f4658409f4467d91579fefb4bbc4af P d7e4c153959b4c86b9dcb5a3441a879a [NON_LEADER]: Queue going to NON_LEADER mode. State: All replicated index: 0, Majority replicated index: 0, Committed index: 0, Last appended: 0.0, Last appended by leader: 0, Current term: 0, Majority size: -1, State: 0, Mode: NON_LEADER, active raft config: opid_index: -1 OBSOLETE_local: false peers { permanent_uuid: "d7e4c153959b4c86b9dcb5a3441a879a" member_type: VOTER last_known_addr { host: "127.17.88.1" port: 47831 } } peers { permanent_uuid: "b141e05cb0444865b490089e568edadc" member_type: VOTER last_known_addr { host: "127.17.88.3" port: 49899 } } peers { permanent_uuid: "d2767dd0c676459aa9c2533260fc9d46" member_type: VOTER last_known_addr { host: "127.17.88.2" port: 58101 } }
I0516 22:02:32.607322 18281 raft_consensus.cc:303] T 50f4658409f4467d91579fefb4bbc4af P b141e05cb0444865b490089e568edadc [term 0 FOLLOWER]: Replica starting. Triggering 0 pending transactions. Active config: opid_index: -1 OBSOLETE_local: false peers { permanent_uuid: "d7e4c153959b4c86b9dcb5a3441a879a" member_type: VOTER last_known_addr { host: "127.17.88.1" port: 47831 } } peers { permanent_uuid: "b141e05cb0444865b490089e568edadc" member_type: VOTER last_known_addr { host: "127.17.88.3" port: 49899 } } peers { permanent_uuid: "d2767dd0c676459aa9c2533260fc9d46" member_type: VOTER last_known_addr { host: "127.17.88.2" port: 58101 } }
I0516 22:02:32.607465 18281 raft_consensus.cc:329] T 50f4658409f4467d91579fefb4bbc4af P b141e05cb0444865b490089e568edadc [term 0 FOLLOWER]: Consensus starting up: Expiring failure detector timer to make a prompt election more likely
I0516 22:02:32.607501 18281 raft_consensus.cc:604] T 50f4658409f4467d91579fefb4bbc4af P b141e05cb0444865b490089e568edadc [term 0 FOLLOWER]: Becoming Follower/Learner. State: Replica: b141e05cb0444865b490089e568edadc, State: Initialized, Role: FOLLOWER
I0516 22:02:32.607591 18284 tablet_bootstrap.cc:436] T f970f063780d4349888d8fd439beb0a0 P d2767dd0c676459aa9c2533260fc9d46: No bootstrap required, opened a new log
I0516 22:02:32.607697 18284 ts_tablet_manager.cc:1045] T f970f063780d4349888d8fd439beb0a0 P d2767dd0c676459aa9c2533260fc9d46: Time spent bootstrapping tablet: real 0.007s user 0.000s sys 0.000s
I0516 22:02:32.607664 18281 consensus_queue.cc:227] T 50f4658409f4467d91579fefb4bbc4af P b141e05cb0444865b490089e568edadc [NON_LEADER]: Queue going to NON_LEADER mode. State: All replicated index: 0, Majority replicated index: 0, Committed index: 0, Last appended: 0.0, Last appended by leader: 0, Current term: 0, Majority size: -1, State: 0, Mode: NON_LEADER, active raft config: opid_index: -1 OBSOLETE_local: false peers { permanent_uuid: "d7e4c153959b4c86b9dcb5a3441a879a" member_type: VOTER last_known_addr { host: "127.17.88.1" port: 47831 } } peers { permanent_uuid: "b141e05cb0444865b490089e568edadc" member_type: VOTER last_known_addr { host: "127.17.88.3" port: 49899 } } peers { permanent_uuid: "d2767dd0c676459aa9c2533260fc9d46" member_type: VOTER last_known_addr { host: "127.17.88.2" port: 58101 } }
I0516 22:02:32.608160 18284 raft_consensus.cc:303] T f970f063780d4349888d8fd439beb0a0 P d2767dd0c676459aa9c2533260fc9d46 [term 0 FOLLOWER]: Replica starting. Triggering 0 pending transactions. Active config: opid_index: -1 OBSOLETE_local: false peers { permanent_uuid: "d7e4c153959b4c86b9dcb5a3441a879a" member_type: VOTER last_known_addr { host: "127.17.88.1" port: 47831 } } peers { permanent_uuid: "d2767dd0c676459aa9c2533260fc9d46" member_type: VOTER last_known_addr { host: "127.17.88.2" port: 58101 } } peers { permanent_uuid: "b141e05cb0444865b490089e568edadc" member_type: VOTER last_known_addr { host: "127.17.88.3" port: 49899 } }
I0516 22:02:32.608372 18284 raft_consensus.cc:329] T f970f063780d4349888d8fd439beb0a0 P d2767dd0c676459aa9c2533260fc9d46 [term 0 FOLLOWER]: Consensus starting up: Expiring failure detector timer to make a prompt election more likely
I0516 22:02:32.608420 18284 raft_consensus.cc:604] T f970f063780d4349888d8fd439beb0a0 P d2767dd0c676459aa9c2533260fc9d46 [term 0 FOLLOWER]: Becoming Follower/Learner. State: Replica: d2767dd0c676459aa9c2533260fc9d46, State: Initialized, Role: FOLLOWER
I0516 22:02:32.608582 18284 consensus_queue.cc:227] T f970f063780d4349888d8fd439beb0a0 P d2767dd0c676459aa9c2533260fc9d46 [NON_LEADER]: Queue going to NON_LEADER mode. State: All replicated index: 0, Majority replicated index: 0, Committed index: 0, Last appended: 0.0, Last appended by leader: 0, Current term: 0, Majority size: -1, State: 0, Mode: NON_LEADER, active raft config: opid_index: -1 OBSOLETE_local: false peers { permanent_uuid: "d7e4c153959b4c86b9dcb5a3441a879a" member_type: VOTER last_known_addr { host: "127.17.88.1" port: 47831 } } peers { permanent_uuid: "d2767dd0c676459aa9c2533260fc9d46" member_type: VOTER last_known_addr { host: "127.17.88.2" port: 58101 } } peers { permanent_uuid: "b141e05cb0444865b490089e568edadc" member_type: VOTER last_known_addr { host: "127.17.88.3" port: 49899 } }
I0516 22:02:32.609998 18281 ts_tablet_manager.cc:1073] T 50f4658409f4467d91579fefb4bbc4af P b141e05cb0444865b490089e568edadc: Time spent starting tablet: real 0.003s user 0.000s sys 0.000s
I0516 22:02:32.610098 18281 ts_tablet_manager.cc:1028] T d744b1d6ab5c4844bd636ab76a6c3bee P b141e05cb0444865b490089e568edadc: Bootstrapping tablet
I0516 22:02:32.610182 18281 tablet_bootstrap.cc:436] T d744b1d6ab5c4844bd636ab76a6c3bee P b141e05cb0444865b490089e568edadc: Bootstrap starting.
I0516 22:02:32.611047 18281 tablet_bootstrap.cc:587] T d744b1d6ab5c4844bd636ab76a6c3bee P b141e05cb0444865b490089e568edadc: No blocks or log segments found. Creating new log.
I0516 22:02:32.614908 18125 heartbeater.cc:467] Master 127.17.88.62:39073 was elected leader, sending a full tablet report...
I0516 22:02:32.615113 18282 ts_tablet_manager.cc:1073] T 50f4658409f4467d91579fefb4bbc4af P d7e4c153959b4c86b9dcb5a3441a879a: Time spent starting tablet: real 0.009s user 0.004s sys 0.008s
I0516 22:02:32.615375 18193 heartbeater.cc:467] Master 127.17.88.62:39073 was elected leader, sending a full tablet report...
I0516 22:02:32.615586 18281 tablet_bootstrap.cc:436] T d744b1d6ab5c4844bd636ab76a6c3bee P b141e05cb0444865b490089e568edadc: No bootstrap required, opened a new log
I0516 22:02:32.615767 18282 ts_tablet_manager.cc:1028] T f44edd9cb161433f9ae53e8d2e60e43e P d7e4c153959b4c86b9dcb5a3441a879a: Bootstrapping tablet
I0516 22:02:32.615783 18284 ts_tablet_manager.cc:1073] T f970f063780d4349888d8fd439beb0a0 P d2767dd0c676459aa9c2533260fc9d46: Time spent starting tablet: real 0.008s user 0.004s sys 0.004s
I0516 22:02:32.615939 18282 tablet_bootstrap.cc:436] T f44edd9cb161433f9ae53e8d2e60e43e P d7e4c153959b4c86b9dcb5a3441a879a: Bootstrap starting.
I0516 22:02:32.616363 18281 ts_tablet_manager.cc:1045] T d744b1d6ab5c4844bd636ab76a6c3bee P b141e05cb0444865b490089e568edadc: Time spent bootstrapping tablet: real 0.006s user 0.008s sys 0.000s
I0516 22:02:32.616788 18281 raft_consensus.cc:303] T d744b1d6ab5c4844bd636ab76a6c3bee P b141e05cb0444865b490089e568edadc [term 0 FOLLOWER]: Replica starting. Triggering 0 pending transactions. Active config: opid_index: -1 OBSOLETE_local: false peers { permanent_uuid: "d2767dd0c676459aa9c2533260fc9d46" member_type: VOTER last_known_addr { host: "127.17.88.2" port: 58101 } } peers { permanent_uuid: "d7e4c153959b4c86b9dcb5a3441a879a" member_type: VOTER last_known_addr { host: "127.17.88.1" port: 47831 } } peers { permanent_uuid: "b141e05cb0444865b490089e568edadc" member_type: VOTER last_known_addr { host: "127.17.88.3" port: 49899 } }
I0516 22:02:32.616922 18284 ts_tablet_manager.cc:1028] T fde57a2e13af4bcc9077306cd4109c3e P d2767dd0c676459aa9c2533260fc9d46: Bootstrapping tablet
I0516 22:02:32.616997 18284 tablet_bootstrap.cc:436] T fde57a2e13af4bcc9077306cd4109c3e P d2767dd0c676459aa9c2533260fc9d46: Bootstrap starting.
I0516 22:02:32.617353 18281 raft_consensus.cc:329] T d744b1d6ab5c4844bd636ab76a6c3bee P b141e05cb0444865b490089e568edadc [term 0 FOLLOWER]: Consensus starting up: Expiring failure detector timer to make a prompt election more likely
I0516 22:02:32.617411 18281 raft_consensus.cc:604] T d744b1d6ab5c4844bd636ab76a6c3bee P b141e05cb0444865b490089e568edadc [term 0 FOLLOWER]: Becoming Follower/Learner. State: Replica: b141e05cb0444865b490089e568edadc, State: Initialized, Role: FOLLOWER
I0516 22:02:32.617782 18281 consensus_queue.cc:227] T d744b1d6ab5c4844bd636ab76a6c3bee P b141e05cb0444865b490089e568edadc [NON_LEADER]: Queue going to NON_LEADER mode. State: All replicated index: 0, Majority replicated index: 0, Committed index: 0, Last appended: 0.0, Last appended by leader: 0, Current term: 0, Majority size: -1, State: 0, Mode: NON_LEADER, active raft config: opid_index: -1 OBSOLETE_local: false peers { permanent_uuid: "d2767dd0c676459aa9c2533260fc9d46" member_type: VOTER last_known_addr { host: "127.17.88.2" port: 58101 } } peers { permanent_uuid: "d7e4c153959b4c86b9dcb5a3441a879a" member_type: VOTER last_known_addr { host: "127.17.88.1" port: 47831 } } peers { permanent_uuid: "b141e05cb0444865b490089e568edadc" member_type: VOTER last_known_addr { host: "127.17.88.3" port: 49899 } }
I0516 22:02:32.619140 18284 tablet_bootstrap.cc:587] T fde57a2e13af4bcc9077306cd4109c3e P d2767dd0c676459aa9c2533260fc9d46: No blocks or log segments found. Creating new log.
I0516 22:02:32.619448 18281 ts_tablet_manager.cc:1073] T d744b1d6ab5c4844bd636ab76a6c3bee P b141e05cb0444865b490089e568edadc: Time spent starting tablet: real 0.003s user 0.000s sys 0.000s
I0516 22:02:32.619552 18281 ts_tablet_manager.cc:1028] T 7966cd4464434af09b1b861e14d66bf9 P b141e05cb0444865b490089e568edadc: Bootstrapping tablet
I0516 22:02:32.619627 18281 tablet_bootstrap.cc:436] T 7966cd4464434af09b1b861e14d66bf9 P b141e05cb0444865b490089e568edadc: Bootstrap starting.
I0516 22:02:32.620358 18282 tablet_bootstrap.cc:587] T f44edd9cb161433f9ae53e8d2e60e43e P d7e4c153959b4c86b9dcb5a3441a879a: No blocks or log segments found. Creating new log.
I0516 22:02:32.620694 18281 tablet_bootstrap.cc:587] T 7966cd4464434af09b1b861e14d66bf9 P b141e05cb0444865b490089e568edadc: No blocks or log segments found. Creating new log.
I0516 22:02:32.621377 18284 tablet_bootstrap.cc:436] T fde57a2e13af4bcc9077306cd4109c3e P d2767dd0c676459aa9c2533260fc9d46: No bootstrap required, opened a new log
I0516 22:02:32.621476 18284 ts_tablet_manager.cc:1045] T fde57a2e13af4bcc9077306cd4109c3e P d2767dd0c676459aa9c2533260fc9d46: Time spent bootstrapping tablet: real 0.004s user 0.000s sys 0.004s
I0516 22:02:32.621785 18282 tablet_bootstrap.cc:436] T f44edd9cb161433f9ae53e8d2e60e43e P d7e4c153959b4c86b9dcb5a3441a879a: No bootstrap required, opened a new log
I0516 22:02:32.621902 18282 ts_tablet_manager.cc:1045] T f44edd9cb161433f9ae53e8d2e60e43e P d7e4c153959b4c86b9dcb5a3441a879a: Time spent bootstrapping tablet: real 0.006s user 0.000s sys 0.000s
I0516 22:02:32.621852 18284 raft_consensus.cc:303] T fde57a2e13af4bcc9077306cd4109c3e P d2767dd0c676459aa9c2533260fc9d46 [term 0 FOLLOWER]: Replica starting. Triggering 0 pending transactions. Active config: opid_index: -1 OBSOLETE_local: false peers { permanent_uuid: "d7e4c153959b4c86b9dcb5a3441a879a" member_type: VOTER last_known_addr { host: "127.17.88.1" port: 47831 } } peers { permanent_uuid: "d2767dd0c676459aa9c2533260fc9d46" member_type: VOTER last_known_addr { host: "127.17.88.2" port: 58101 } } peers { permanent_uuid: "b141e05cb0444865b490089e568edadc" member_type: VOTER last_known_addr { host: "127.17.88.3" port: 49899 } }
I0516 22:02:32.621994 18284 raft_consensus.cc:329] T fde57a2e13af4bcc9077306cd4109c3e P d2767dd0c676459aa9c2533260fc9d46 [term 0 FOLLOWER]: Consensus starting up: Expiring failure detector timer to make a prompt election more likely
I0516 22:02:32.622030 18284 raft_consensus.cc:604] T fde57a2e13af4bcc9077306cd4109c3e P d2767dd0c676459aa9c2533260fc9d46 [term 0 FOLLOWER]: Becoming Follower/Learner. State: Replica: d2767dd0c676459aa9c2533260fc9d46, State: Initialized, Role: FOLLOWER
I0516 22:02:32.622176 18284 consensus_queue.cc:227] T fde57a2e13af4bcc9077306cd4109c3e P d2767dd0c676459aa9c2533260fc9d46 [NON_LEADER]: Queue going to NON_LEADER mode. State: All replicated index: 0, Majority replicated index: 0, Committed index: 0, Last appended: 0.0, Last appended by leader: 0, Current term: 0, Majority size: -1, State: 0, Mode: NON_LEADER, active raft config: opid_index: -1 OBSOLETE_local: false peers { permanent_uuid: "d7e4c153959b4c86b9dcb5a3441a879a" member_type: VOTER last_known_addr { host: "127.17.88.1" port: 47831 } } peers { permanent_uuid: "d2767dd0c676459aa9c2533260fc9d46" member_type: VOTER last_known_addr { host: "127.17.88.2" port: 58101 } } peers { permanent_uuid: "b141e05cb0444865b490089e568edadc" member_type: VOTER last_known_addr { host: "127.17.88.3" port: 49899 } }
I0516 22:02:32.622385 18282 raft_consensus.cc:303] T f44edd9cb161433f9ae53e8d2e60e43e P d7e4c153959b4c86b9dcb5a3441a879a [term 0 FOLLOWER]: Replica starting. Triggering 0 pending transactions. Active config: opid_index: -1 OBSOLETE_local: false peers { permanent_uuid: "d2767dd0c676459aa9c2533260fc9d46" member_type: VOTER last_known_addr { host: "127.17.88.2" port: 58101 } } peers { permanent_uuid: "d7e4c153959b4c86b9dcb5a3441a879a" member_type: VOTER last_known_addr { host: "127.17.88.1" port: 47831 } } peers { permanent_uuid: "b141e05cb0444865b490089e568edadc" member_type: VOTER last_known_addr { host: "127.17.88.3" port: 49899 } }
I0516 22:02:32.622537 18282 raft_consensus.cc:329] T f44edd9cb161433f9ae53e8d2e60e43e P d7e4c153959b4c86b9dcb5a3441a879a [term 0 FOLLOWER]: Consensus starting up: Expiring failure detector timer to make a prompt election more likely
I0516 22:02:32.622583 18282 raft_consensus.cc:604] T f44edd9cb161433f9ae53e8d2e60e43e P d7e4c153959b4c86b9dcb5a3441a879a [term 0 FOLLOWER]: Becoming Follower/Learner. State: Replica: d7e4c153959b4c86b9dcb5a3441a879a, State: Initialized, Role: FOLLOWER
I0516 22:02:32.622814 18284 ts_tablet_manager.cc:1073] T fde57a2e13af4bcc9077306cd4109c3e P d2767dd0c676459aa9c2533260fc9d46: Time spent starting tablet: real 0.001s user 0.000s sys 0.000s
I0516 22:02:32.622762 18282 consensus_queue.cc:227] T f44edd9cb161433f9ae53e8d2e60e43e P d7e4c153959b4c86b9dcb5a3441a879a [NON_LEADER]: Queue going to NON_LEADER mode. State: All replicated index: 0, Majority replicated index: 0, Committed index: 0, Last appended: 0.0, Last appended by leader: 0, Current term: 0, Majority size: -1, State: 0, Mode: NON_LEADER, active raft config: opid_index: -1 OBSOLETE_local: false peers { permanent_uuid: "d2767dd0c676459aa9c2533260fc9d46" member_type: VOTER last_known_addr { host: "127.17.88.2" port: 58101 } } peers { permanent_uuid: "d7e4c153959b4c86b9dcb5a3441a879a" member_type: VOTER last_known_addr { host: "127.17.88.1" port: 47831 } } peers { permanent_uuid: "b141e05cb0444865b490089e568edadc" member_type: VOTER last_known_addr { host: "127.17.88.3" port: 49899 } }
I0516 22:02:32.622916 18284 ts_tablet_manager.cc:1028] T 50f4658409f4467d91579fefb4bbc4af P d2767dd0c676459aa9c2533260fc9d46: Bootstrapping tablet
I0516 22:02:32.623006 18284 tablet_bootstrap.cc:436] T 50f4658409f4467d91579fefb4bbc4af P d2767dd0c676459aa9c2533260fc9d46: Bootstrap starting.
W0516 22:02:32.623407 18194 tablet.cc:1678] T f970f063780d4349888d8fd439beb0a0 P d2767dd0c676459aa9c2533260fc9d46: Can't schedule compaction. Clean time has not been advanced past its initial value.
I0516 22:02:32.624053 18284 tablet_bootstrap.cc:587] T 50f4658409f4467d91579fefb4bbc4af P d2767dd0c676459aa9c2533260fc9d46: No blocks or log segments found. Creating new log.
I0516 22:02:32.624594 18282 ts_tablet_manager.cc:1073] T f44edd9cb161433f9ae53e8d2e60e43e P d7e4c153959b4c86b9dcb5a3441a879a: Time spent starting tablet: real 0.003s user 0.000s sys 0.000s
I0516 22:02:32.624723 18282 ts_tablet_manager.cc:1028] T fde57a2e13af4bcc9077306cd4109c3e P d7e4c153959b4c86b9dcb5a3441a879a: Bootstrapping tablet
I0516 22:02:32.624825 18282 tablet_bootstrap.cc:436] T fde57a2e13af4bcc9077306cd4109c3e P d7e4c153959b4c86b9dcb5a3441a879a: Bootstrap starting.
I0516 22:02:32.625603 18284 tablet_bootstrap.cc:436] T 50f4658409f4467d91579fefb4bbc4af P d2767dd0c676459aa9c2533260fc9d46: No bootstrap required, opened a new log
I0516 22:02:32.625687 18281 tablet_bootstrap.cc:436] T 7966cd4464434af09b1b861e14d66bf9 P b141e05cb0444865b490089e568edadc: No bootstrap required, opened a new log
I0516 22:02:32.625697 18284 ts_tablet_manager.cc:1045] T 50f4658409f4467d91579fefb4bbc4af P d2767dd0c676459aa9c2533260fc9d46: Time spent bootstrapping tablet: real 0.003s user 0.004s sys 0.000s
I0516 22:02:32.625803 18281 ts_tablet_manager.cc:1045] T 7966cd4464434af09b1b861e14d66bf9 P b141e05cb0444865b490089e568edadc: Time spent bootstrapping tablet: real 0.006s user 0.004s sys 0.000s
I0516 22:02:32.625916 18282 tablet_bootstrap.cc:587] T fde57a2e13af4bcc9077306cd4109c3e P d7e4c153959b4c86b9dcb5a3441a879a: No blocks or log segments found. Creating new log.
I0516 22:02:32.626139 18284 raft_consensus.cc:303] T 50f4658409f4467d91579fefb4bbc4af P d2767dd0c676459aa9c2533260fc9d46 [term 0 FOLLOWER]: Replica starting. Triggering 0 pending transactions. Active config: opid_index: -1 OBSOLETE_local: false peers { permanent_uuid: "d7e4c153959b4c86b9dcb5a3441a879a" member_type: VOTER last_known_addr { host: "127.17.88.1" port: 47831 } } peers { permanent_uuid: "b141e05cb0444865b490089e568edadc" member_type: VOTER last_known_addr { host: "127.17.88.3" port: 49899 } } peers { permanent_uuid: "d2767dd0c676459aa9c2533260fc9d46" member_type: VOTER last_known_addr { host: "127.17.88.2" port: 58101 } }
I0516 22:02:32.626299 18284 raft_consensus.cc:329] T 50f4658409f4467d91579fefb4bbc4af P d2767dd0c676459aa9c2533260fc9d46 [term 0 FOLLOWER]: Consensus starting up: Expiring failure detector timer to make a prompt election more likely
I0516 22:02:32.626340 18284 raft_consensus.cc:604] T 50f4658409f4467d91579fefb4bbc4af P d2767dd0c676459aa9c2533260fc9d46 [term 0 FOLLOWER]: Becoming Follower/Learner. State: Replica: d2767dd0c676459aa9c2533260fc9d46, State: Initialized, Role: FOLLOWER
I0516 22:02:32.626205 18281 raft_consensus.cc:303] T 7966cd4464434af09b1b861e14d66bf9 P b141e05cb0444865b490089e568edadc [term 0 FOLLOWER]: Replica starting. Triggering 0 pending transactions. Active config: opid_index: -1 OBSOLETE_local: false peers { permanent_uuid: "d2767dd0c676459aa9c2533260fc9d46" member_type: VOTER last_known_addr { host: "127.17.88.2" port: 58101 } } peers { permanent_uuid: "d7e4c153959b4c86b9dcb5a3441a879a" member_type: VOTER last_known_addr { host: "127.17.88.1" port: 47831 } } peers { permanent_uuid: "b141e05cb0444865b490089e568edadc" member_type: VOTER last_known_addr { host: "127.17.88.3" port: 49899 } }
I0516 22:02:32.626420 18281 raft_consensus.cc:329] T 7966cd4464434af09b1b861e14d66bf9 P b141e05cb0444865b490089e568edadc [term 0 FOLLOWER]: Consensus starting up: Expiring failure detector timer to make a prompt election more likely
I0516 22:02:32.626464 18281 raft_consensus.cc:604] T 7966cd4464434af09b1b861e14d66bf9 P b141e05cb0444865b490089e568edadc [term 0 FOLLOWER]: Becoming Follower/Learner. State: Replica: b141e05cb0444865b490089e568edadc, State: Initialized, Role: FOLLOWER
I0516 22:02:32.626499 18284 consensus_queue.cc:227] T 50f4658409f4467d91579fefb4bbc4af P d2767dd0c676459aa9c2533260fc9d46 [NON_LEADER]: Queue going to NON_LEADER mode. State: All replicated index: 0, Majority replicated index: 0, Committed index: 0, Last appended: 0.0, Last appended by leader: 0, Current term: 0, Majority size: -1, State: 0, Mode: NON_LEADER, active raft config: opid_index: -1 OBSOLETE_local: false peers { permanent_uuid: "d7e4c153959b4c86b9dcb5a3441a879a" member_type: VOTER last_known_addr { host: "127.17.88.1" port: 47831 } } peers { permanent_uuid: "b141e05cb0444865b490089e568edadc" member_type: VOTER last_known_addr { host: "127.17.88.3" port: 49899 } } peers { permanent_uuid: "d2767dd0c676459aa9c2533260fc9d46" member_type: VOTER last_known_addr { host: "127.17.88.2" port: 58101 } }
