I0516 22:02:33.210253 18096 raft_consensus.cc:457] T ab7b2ac793a4455e9bbe98795c6a392f P d7e4c153959b4c86b9dcb5a3441a879a [term 6 FOLLOWER]: Starting forced leader election with config: opid_index: -1 OBSOLETE_local: false peers { permanent_uuid: "d2767dd0c676459aa9c2533260fc9d46" member_type: VOTER last_known_addr { host: "127.17.88.2" port: 58101 } } peers { permanent_uuid: "d7e4c153959b4c86b9dcb5a3441a879a" member_type: VOTER last_known_addr { host: "127.17.88.1" port: 47831 } } peers { permanent_uuid: "b141e05cb0444865b490089e568edadc" member_type: VOTER last_known_addr { host: "127.17.88.3" port: 49899 } }
I0516 22:02:33.210635 18096 leader_election.cc:243] T ab7b2ac793a4455e9bbe98795c6a392f P d7e4c153959b4c86b9dcb5a3441a879a [CANDIDATE]: Term 6 election: Requesting vote from peer d2767dd0c676459aa9c2533260fc9d46 (127.17.88.2:58101)
I0516 22:02:33.210767 18094 leader_election.cc:243] T 7966cd4464434af09b1b861e14d66bf9 P d7e4c153959b4c86b9dcb5a3441a879a [CANDIDATE]: Term 5 election: Requesting vote from peer d2767dd0c676459aa9c2533260fc9d46 (127.17.88.2:58101)
I0516 22:02:33.210793 18102 raft_consensus.cc:2704] T f970f063780d4349888d8fd439beb0a0 P d7e4c153959b4c86b9dcb5a3441a879a: Snoozing failure detection for 1.980s (starting election)
I0516 22:02:33.210852 18094 leader_election.cc:243] T 7966cd4464434af09b1b861e14d66bf9 P d7e4c153959b4c86b9dcb5a3441a879a [CANDIDATE]: Term 5 election: Requesting vote from peer b141e05cb0444865b490089e568edadc (127.17.88.3:49899)
I0516 22:02:33.210858 18102 raft_consensus.cc:2756] T f970f063780d4349888d8fd439beb0a0 P d7e4c153959b4c86b9dcb5a3441a879a [term 5 FOLLOWER]: Advancing to term 6
I0516 22:02:33.211064 18094 tablet_service.cc:1113] Received Run Leader Election RPC: tablet_id: "fde57a2e13af4bcc9077306cd4109c3e" dest_uuid: "d7e4c153959b4c86b9dcb5a3441a879a" from {username='slave'} at 127.0.0.1:45694
I0516 22:02:33.211155 18094 raft_consensus.cc:418] T fde57a2e13af4bcc9077306cd4109c3e P d7e4c153959b4c86b9dcb5a3441a879a [term 1 LEADER]: Not starting forced leader election -- already a leader
I0516 22:02:33.211482 18101 tablet_service.cc:1113] Received Run Leader Election RPC: tablet_id: "807b2c351057419d846ab8586e3ed167" dest_uuid: "d7e4c153959b4c86b9dcb5a3441a879a" from {username='slave'} at 127.0.0.1:45694
I0516 22:02:33.211598 18094 tablet_service.cc:1113] Received Run Leader Election RPC: tablet_id: "7966cd4464434af09b1b861e14d66bf9" dest_uuid: "d7e4c153959b4c86b9dcb5a3441a879a" from {username='slave'} at 127.0.0.1:45694
I0516 22:02:33.211724 18094 raft_consensus.cc:435] T 7966cd4464434af09b1b861e14d66bf9 P d7e4c153959b4c86b9dcb5a3441a879a [term 5 FOLLOWER]: Starting forced leader election (received explicit request)
I0516 22:02:33.211741 18095 leader_election.cc:243] T 00efb34f943d4fa88ec6dcd181ee5c96 P d7e4c153959b4c86b9dcb5a3441a879a [CANDIDATE]: Term 8 election: Requesting vote from peer d2767dd0c676459aa9c2533260fc9d46 (127.17.88.2:58101)
I0516 22:02:33.211936 18095 leader_election.cc:243] T 00efb34f943d4fa88ec6dcd181ee5c96 P d7e4c153959b4c86b9dcb5a3441a879a [CANDIDATE]: Term 8 election: Requesting vote from peer b141e05cb0444865b490089e568edadc (127.17.88.3:49899)
I0516 22:02:33.212040 18101 tablet_service.cc:1113] Received Run Leader Election RPC: tablet_id: "fde57a2e13af4bcc9077306cd4109c3e" dest_uuid: "d7e4c153959b4c86b9dcb5a3441a879a" from {username='slave'} at 127.0.0.1:45694
I0516 22:02:33.212520 18099 tablet_service.cc:1113] Received Run Leader Election RPC: tablet_id: "00efb34f943d4fa88ec6dcd181ee5c96" dest_uuid: "d7e4c153959b4c86b9dcb5a3441a879a" from {username='slave'} at 127.0.0.1:45694
I0516 22:02:33.212908 18094 raft_consensus.cc:2704] T 7966cd4464434af09b1b861e14d66bf9 P d7e4c153959b4c86b9dcb5a3441a879a: Snoozing failure detection for 1.698s (starting election)
I0516 22:02:33.212955 18165 raft_consensus.cc:2219] T f970f063780d4349888d8fd439beb0a0 P d2767dd0c676459aa9c2533260fc9d46 [term 5 FOLLOWER]: Leader election vote request: Granting yes vote for candidate d7e4c153959b4c86b9dcb5a3441a879a in term 5.
I0516 22:02:33.212939 18161 raft_consensus.cc:2704] T 50f4658409f4467d91579fefb4bbc4af P d2767dd0c676459aa9c2533260fc9d46: Snoozing failure detection for 1.940s (vote granted)
I0516 22:02:33.213016 18094 raft_consensus.cc:2756] T 7966cd4464434af09b1b861e14d66bf9 P d7e4c153959b4c86b9dcb5a3441a879a [term 5 FOLLOWER]: Advancing to term 6
I0516 22:02:33.213016 18231 raft_consensus.cc:2219] T f2d85aa48a984f07a36195498f0f3754 P b141e05cb0444865b490089e568edadc [term 5 FOLLOWER]: Leader election vote request: Granting yes vote for candidate d7e4c153959b4c86b9dcb5a3441a879a in term 5.
I0516 22:02:33.213306 18236 raft_consensus.cc:2704] T 7966cd4464434af09b1b861e14d66bf9 P b141e05cb0444865b490089e568edadc: Snoozing failure detection for 1.790s (vote granted)
I0516 22:02:33.213518 18233 tablet_service.cc:998] Received RequestConsensusVote() RPC: tablet_id: "50f4658409f4467d91579fefb4bbc4af" candidate_uuid: "d7e4c153959b4c86b9dcb5a3441a879a" candidate_term: 4 candidate_status { last_received { term: 0 index: 0 } } ignore_live_leader: true dest_uuid: "b141e05cb0444865b490089e568edadc"
I0516 22:02:33.213654 18233 raft_consensus.cc:2756] T 50f4658409f4467d91579fefb4bbc4af P b141e05cb0444865b490089e568edadc [term 2 FOLLOWER]: Advancing to term 4
I0516 22:02:33.213764 18097 leader_election.cc:243] T 50f4658409f4467d91579fefb4bbc4af P d7e4c153959b4c86b9dcb5a3441a879a [CANDIDATE]: Term 5 election: Requesting vote from peer b141e05cb0444865b490089e568edadc (127.17.88.3:49899)
I0516 22:02:33.213901 18100 leader_election.cc:243] T f2d85aa48a984f07a36195498f0f3754 P d7e4c153959b4c86b9dcb5a3441a879a [CANDIDATE]: Term 6 election: Requesting vote from peer b141e05cb0444865b490089e568edadc (127.17.88.3:49899)
I0516 22:02:33.213593 18164 tablet_service.cc:998] Received RequestConsensusVote() RPC: tablet_id: "ab7b2ac793a4455e9bbe98795c6a392f" candidate_uuid: "d7e4c153959b4c86b9dcb5a3441a879a" candidate_term: 5 candidate_status { last_received { term: 0 index: 0 } } ignore_live_leader: true dest_uuid: "d2767dd0c676459aa9c2533260fc9d46"
I0516 22:02:33.213989 18164 raft_consensus.cc:2756] T ab7b2ac793a4455e9bbe98795c6a392f P d2767dd0c676459aa9c2533260fc9d46 [term 4 FOLLOWER]: Advancing to term 5
I0516 22:02:33.214143 18097 leader_election.cc:243] T 50f4658409f4467d91579fefb4bbc4af P d7e4c153959b4c86b9dcb5a3441a879a [CANDIDATE]: Term 5 election: Requesting vote from peer d2767dd0c676459aa9c2533260fc9d46 (127.17.88.2:58101)
I0516 22:02:33.214838 18100 tablet_service.cc:1113] Received Run Leader Election RPC: tablet_id: "50f4658409f4467d91579fefb4bbc4af" dest_uuid: "d7e4c153959b4c86b9dcb5a3441a879a" from {username='slave'} at 127.0.0.1:45694
I0516 22:02:33.213763 18098 tablet_service.cc:1113] Received Run Leader Election RPC: tablet_id: "d744b1d6ab5c4844bd636ab76a6c3bee" dest_uuid: "d7e4c153959b4c86b9dcb5a3441a879a" from {username='slave'} at 127.0.0.1:45694
I0516 22:02:33.215158 18098 raft_consensus.cc:418] T d744b1d6ab5c4844bd636ab76a6c3bee P d7e4c153959b4c86b9dcb5a3441a879a [term 1 LEADER]: Not starting forced leader election -- already a leader
I0516 22:02:33.215741 18066 leader_election.cc:379] T f44edd9cb161433f9ae53e8d2e60e43e P d7e4c153959b4c86b9dcb5a3441a879a [CANDIDATE]: Term 3 election: Vote granted by peer b141e05cb0444865b490089e568edadc (127.17.88.3:49899)
I0516 22:02:33.215808 18066 leader_election.cc:270] T f44edd9cb161433f9ae53e8d2e60e43e P d7e4c153959b4c86b9dcb5a3441a879a [CANDIDATE]: Term 3 election: Election decided. Result: candidate won.
I0516 22:02:33.215869 18063 leader_election.cc:393] T f44edd9cb161433f9ae53e8d2e60e43e P d7e4c153959b4c86b9dcb5a3441a879a [CANDIDATE]: Term 3 election: Vote denied by peer d2767dd0c676459aa9c2533260fc9d46 (127.17.88.2:58101). Message: Service unavailable: T f44edd9cb161433f9ae53e8d2e60e43e P d2767dd0c676459aa9c2533260fc9d46 [term 2 FOLLOWER]: Leader election vote request: Denying vote to candidate d7e4c153959b4c86b9dcb5a3441a879a for term 3 because replica is already servicing an update from a current leader or another vote.
I0516 22:02:33.216151 18231 tablet_service.cc:998] Received RequestConsensusVote() RPC: tablet_id: "f970f063780d4349888d8fd439beb0a0" candidate_uuid: "d7e4c153959b4c86b9dcb5a3441a879a" candidate_term: 5 candidate_status { last_received { term: 0 index: 0 } } ignore_live_leader: true dest_uuid: "b141e05cb0444865b490089e568edadc"
I0516 22:02:33.217227 18236 raft_consensus.cc:2219] T 7966cd4464434af09b1b861e14d66bf9 P b141e05cb0444865b490089e568edadc [term 4 FOLLOWER]: Leader election vote request: Granting yes vote for candidate d7e4c153959b4c86b9dcb5a3441a879a in term 4.
I0516 22:02:33.217759 18348 raft_consensus.cc:2704] T ab7b2ac793a4455e9bbe98795c6a392f P d7e4c153959b4c86b9dcb5a3441a879a: Snoozing failure detection for 2.200s (election complete)
I0516 22:02:33.217842 18161 raft_consensus.cc:2219] T 50f4658409f4467d91579fefb4bbc4af P d2767dd0c676459aa9c2533260fc9d46 [term 4 FOLLOWER]: Leader election vote request: Granting yes vote for candidate d7e4c153959b4c86b9dcb5a3441a879a in term 4.
I0516 22:02:33.217941 18348 raft_consensus.cc:2474] T ab7b2ac793a4455e9bbe98795c6a392f P d7e4c153959b4c86b9dcb5a3441a879a [term 6 FOLLOWER]: Leader election decision vote started in defunct term 5: won
I0516 22:02:33.217944 18093 leader_election.cc:243] T f44edd9cb161433f9ae53e8d2e60e43e P d7e4c153959b4c86b9dcb5a3441a879a [CANDIDATE]: Term 5 election: Requesting vote from peer d2767dd0c676459aa9c2533260fc9d46 (127.17.88.2:58101)
I0516 22:02:33.218044 18346 raft_consensus.cc:2016] T ab7b2ac793a4455e9bbe98795c6a392f P d7e4c153959b4c86b9dcb5a3441a879a [term 6 FOLLOWER]: Raft consensus shutting down.
I0516 22:02:33.218068 18093 leader_election.cc:243] T f44edd9cb161433f9ae53e8d2e60e43e P d7e4c153959b4c86b9dcb5a3441a879a [CANDIDATE]: Term 5 election: Requesting vote from peer b141e05cb0444865b490089e568edadc (127.17.88.3:49899)
I0516 22:02:33.218250 18289 raft_consensus.cc:2474] T 00efb34f943d4fa88ec6dcd181ee5c96 P d7e4c153959b4c86b9dcb5a3441a879a [term 8 FOLLOWER]: Leader election decision vote started in defunct term 6: won
I0516 22:02:33.218264 18101 raft_consensus.cc:418] T fde57a2e13af4bcc9077306cd4109c3e P d7e4c153959b4c86b9dcb5a3441a879a [term 1 LEADER]: Not starting forced leader election -- already a leader
I0516 22:02:33.218468 18095 tablet_service.cc:1113] Received Run Leader Election RPC: tablet_id: "807b2c351057419d846ab8586e3ed167" dest_uuid: "d7e4c153959b4c86b9dcb5a3441a879a" from {username='slave'} at 127.0.0.1:45694
I0516 22:02:33.218605 18233 raft_consensus.cc:2166] T 50f4658409f4467d91579fefb4bbc4af P b141e05cb0444865b490089e568edadc [term 4 FOLLOWER]: Leader election vote request: Denying vote to candidate d7e4c153959b4c86b9dcb5a3441a879a for term 4 because replica has last-logged OpId of term: 1 index: 1, which is greater than that of the candidate, which has last-logged OpId of term: 0 index: 0.
I0516 22:02:33.218768 18095 tablet_service.cc:1113] Received Run Leader Election RPC: tablet_id: "f44edd9cb161433f9ae53e8d2e60e43e" dest_uuid: "d7e4c153959b4c86b9dcb5a3441a879a" from {username='slave'} at 127.0.0.1:45694
I0516 22:02:33.218825 18097 tablet_service.cc:1113] Received Run Leader Election RPC: tablet_id: "f2d85aa48a984f07a36195498f0f3754" dest_uuid: "d7e4c153959b4c86b9dcb5a3441a879a" from {username='slave'} at 127.0.0.1:45694
I0516 22:02:33.218933 18097 raft_consensus.cc:435] T f2d85aa48a984f07a36195498f0f3754 P d7e4c153959b4c86b9dcb5a3441a879a [term 6 FOLLOWER]: Starting forced leader election (received explicit request)
I0516 22:02:33.218996 18097 raft_consensus.cc:2704] T f2d85aa48a984f07a36195498f0f3754 P d7e4c153959b4c86b9dcb5a3441a879a: Snoozing failure detection for 2.958s (starting election)
I0516 22:02:33.219043 18097 raft_consensus.cc:2756] T f2d85aa48a984f07a36195498f0f3754 P d7e4c153959b4c86b9dcb5a3441a879a [term 6 FOLLOWER]: Advancing to term 7
I0516 22:02:33.219164 18101 tablet_service.cc:1113] Received Run Leader Election RPC: tablet_id: "fde57a2e13af4bcc9077306cd4109c3e" dest_uuid: "d7e4c153959b4c86b9dcb5a3441a879a" from {username='slave'} at 127.0.0.1:45694
I0516 22:02:33.219334 18101 raft_consensus.cc:418] T fde57a2e13af4bcc9077306cd4109c3e P d7e4c153959b4c86b9dcb5a3441a879a [term 1 LEADER]: Not starting forced leader election -- already a leader
I0516 22:02:33.219424 18093 tablet_service.cc:1113] Received Run Leader Election RPC: tablet_id: "807b2c351057419d846ab8586e3ed167" dest_uuid: "d7e4c153959b4c86b9dcb5a3441a879a" from {username='slave'} at 127.0.0.1:45694
I0516 22:02:33.219449 18098 tablet_service.cc:1113] Received Run Leader Election RPC: tablet_id: "d744b1d6ab5c4844bd636ab76a6c3bee" dest_uuid: "d7e4c153959b4c86b9dcb5a3441a879a" from {username='slave'} at 127.0.0.1:45694
I0516 22:02:33.218401 18102 raft_consensus.cc:457] T f970f063780d4349888d8fd439beb0a0 P d7e4c153959b4c86b9dcb5a3441a879a [term 6 FOLLOWER]: Starting forced leader election with config: opid_index: -1 OBSOLETE_local: false peers { permanent_uuid: "d7e4c153959b4c86b9dcb5a3441a879a" member_type: VOTER last_known_addr { host: "127.17.88.1" port: 47831 } } peers { permanent_uuid: "d2767dd0c676459aa9c2533260fc9d46" member_type: VOTER last_known_addr { host: "127.17.88.2" port: 58101 } } peers { permanent_uuid: "b141e05cb0444865b490089e568edadc" member_type: VOTER last_known_addr { host: "127.17.88.3" port: 49899 } }
I0516 22:02:33.219663 18063 leader_election.cc:379] T 50f4658409f4467d91579fefb4bbc4af P d7e4c153959b4c86b9dcb5a3441a879a [CANDIDATE]: Term 3 election: Vote granted by peer d2767dd0c676459aa9c2533260fc9d46 (127.17.88.2:58101)
I0516 22:02:33.219715 18063 leader_election.cc:270] T 50f4658409f4467d91579fefb4bbc4af P d7e4c153959b4c86b9dcb5a3441a879a [CANDIDATE]: Term 3 election: Election decided. Result: candidate won.
I0516 22:02:33.220481 18164 raft_consensus.cc:2166] T ab7b2ac793a4455e9bbe98795c6a392f P d2767dd0c676459aa9c2533260fc9d46 [term 5 FOLLOWER]: Leader election vote request: Denying vote to candidate d7e4c153959b4c86b9dcb5a3441a879a for term 5 because replica has last-logged OpId of term: 1 index: 1, which is greater than that of the candidate, which has last-logged OpId of term: 0 index: 0.
I0516 22:02:33.220479 18101 tablet_service.cc:1113] Received Run Leader Election RPC: tablet_id: "807b2c351057419d846ab8586e3ed167" dest_uuid: "d7e4c153959b4c86b9dcb5a3441a879a" from {username='slave'} at 127.0.0.1:45694
I0516 22:02:33.220629 18323 raft_consensus.cc:2704] T f970f063780d4349888d8fd439beb0a0 P d7e4c153959b4c86b9dcb5a3441a879a: Snoozing failure detection for 2.759s (election complete)
I0516 22:02:33.221031 18323 raft_consensus.cc:2474] T f970f063780d4349888d8fd439beb0a0 P d7e4c153959b4c86b9dcb5a3441a879a [term 6 FOLLOWER]: Leader election decision vote started in defunct term 4: won
I0516 22:02:33.221029 18093 tablet_service.cc:1113] Received Run Leader Election RPC: tablet_id: "fde57a2e13af4bcc9077306cd4109c3e" dest_uuid: "d7e4c153959b4c86b9dcb5a3441a879a" from {username='slave'} at 127.0.0.1:45694
I0516 22:02:33.221155 18102 leader_election.cc:243] T f970f063780d4349888d8fd439beb0a0 P d7e4c153959b4c86b9dcb5a3441a879a [CANDIDATE]: Term 6 election: Requesting vote from peer d2767dd0c676459aa9c2533260fc9d46 (127.17.88.2:58101)
I0516 22:02:33.221362 18098 raft_consensus.cc:418] T d744b1d6ab5c4844bd636ab76a6c3bee P d7e4c153959b4c86b9dcb5a3441a879a [term 1 LEADER]: Not starting forced leader election -- already a leader
I0516 22:02:33.222645 18093 raft_consensus.cc:418] T fde57a2e13af4bcc9077306cd4109c3e P d7e4c153959b4c86b9dcb5a3441a879a [term 1 LEADER]: Not starting forced leader election -- already a leader
I0516 22:02:33.222647 18162 tablet_service.cc:998] Received RequestConsensusVote() RPC: tablet_id: "f2d85aa48a984f07a36195498f0f3754" candidate_uuid: "d7e4c153959b4c86b9dcb5a3441a879a" candidate_term: 6 candidate_status { last_received { term: 0 index: 0 } } ignore_live_leader: true dest_uuid: "d2767dd0c676459aa9c2533260fc9d46"
I0516 22:02:33.222751 18162 raft_consensus.cc:2756] T f2d85aa48a984f07a36195498f0f3754 P d2767dd0c676459aa9c2533260fc9d46 [term 5 FOLLOWER]: Advancing to term 6
I0516 22:02:33.223186 18093 tablet_service.cc:1113] Received Run Leader Election RPC: tablet_id: "fde57a2e13af4bcc9077306cd4109c3e" dest_uuid: "d7e4c153959b4c86b9dcb5a3441a879a" from {username='slave'} at 127.0.0.1:45694
I0516 22:02:33.223320 18093 raft_consensus.cc:418] T fde57a2e13af4bcc9077306cd4109c3e P d7e4c153959b4c86b9dcb5a3441a879a [term 1 LEADER]: Not starting forced leader election -- already a leader
I0516 22:02:33.223783 18093 tablet_service.cc:1113] Received Run Leader Election RPC: tablet_id: "fde57a2e13af4bcc9077306cd4109c3e" dest_uuid: "d7e4c153959b4c86b9dcb5a3441a879a" from {username='slave'} at 127.0.0.1:45694
I0516 22:02:33.223886 18093 raft_consensus.cc:418] T fde57a2e13af4bcc9077306cd4109c3e P d7e4c153959b4c86b9dcb5a3441a879a [term 1 LEADER]: Not starting forced leader election -- already a leader
I0516 22:02:33.224074 18162 raft_consensus.cc:2166] T f2d85aa48a984f07a36195498f0f3754 P d2767dd0c676459aa9c2533260fc9d46 [term 6 FOLLOWER]: Leader election vote request: Denying vote to candidate d7e4c153959b4c86b9dcb5a3441a879a for term 6 because replica has last-logged OpId of term: 1 index: 1, which is greater than that of the candidate, which has last-logged OpId of term: 0 index: 0.
I0516 22:02:33.224372 18093 tablet_service.cc:1113] Received Run Leader Election RPC: tablet_id: "fde57a2e13af4bcc9077306cd4109c3e" dest_uuid: "d7e4c153959b4c86b9dcb5a3441a879a" from {username='slave'} at 127.0.0.1:45694
I0516 22:02:33.224498 18096 leader_election.cc:243] T ab7b2ac793a4455e9bbe98795c6a392f P d7e4c153959b4c86b9dcb5a3441a879a [CANDIDATE]: Term 6 election: Requesting vote from peer b141e05cb0444865b490089e568edadc (127.17.88.3:49899)
I0516 22:02:33.224668 18099 raft_consensus.cc:435] T 00efb34f943d4fa88ec6dcd181ee5c96 P d7e4c153959b4c86b9dcb5a3441a879a [term 8 FOLLOWER]: Starting forced leader election (received explicit request)
I0516 22:02:33.224715 18099 raft_consensus.cc:2704] T 00efb34f943d4fa88ec6dcd181ee5c96 P d7e4c153959b4c86b9dcb5a3441a879a: Snoozing failure detection for 3.262s (starting election)
I0516 22:02:33.224778 18099 raft_consensus.cc:2756] T 00efb34f943d4fa88ec6dcd181ee5c96 P d7e4c153959b4c86b9dcb5a3441a879a [term 8 FOLLOWER]: Advancing to term 9
I0516 22:02:33.224891 18346 raft_consensus.cc:2043] T ab7b2ac793a4455e9bbe98795c6a392f P d7e4c153959b4c86b9dcb5a3441a879a [term 6 FOLLOWER]: Raft consensus is shut down!
I0516 22:02:33.224912 18161 tablet_service.cc:998] Received RequestConsensusVote() RPC: tablet_id: "ab7b2ac793a4455e9bbe98795c6a392f" candidate_uuid: "d7e4c153959b4c86b9dcb5a3441a879a" candidate_term: 6 candidate_status { last_received { term: 0 index: 0 } } ignore_live_leader: true dest_uuid: "d2767dd0c676459aa9c2533260fc9d46"
I0516 22:02:33.224995 18161 raft_consensus.cc:2756] T ab7b2ac793a4455e9bbe98795c6a392f P d2767dd0c676459aa9c2533260fc9d46 [term 5 FOLLOWER]: Advancing to term 6
I0516 22:02:33.225062 18096 tablet_service.cc:1113] Received Run Leader Election RPC: tablet_id: "ab7b2ac793a4455e9bbe98795c6a392f" dest_uuid: "d7e4c153959b4c86b9dcb5a3441a879a" from {username='slave'} at 127.0.0.1:45694
I0516 22:02:33.224522 18094 raft_consensus.cc:457] T 7966cd4464434af09b1b861e14d66bf9 P d7e4c153959b4c86b9dcb5a3441a879a [term 6 FOLLOWER]: Starting forced leader election with config: opid_index: -1 OBSOLETE_local: false peers { permanent_uuid: "d2767dd0c676459aa9c2533260fc9d46" member_type: VOTER last_known_addr { host: "127.17.88.2" port: 58101 } } peers { permanent_uuid: "d7e4c153959b4c86b9dcb5a3441a879a" member_type: VOTER last_known_addr { host: "127.17.88.1" port: 47831 } } peers { permanent_uuid: "b141e05cb0444865b490089e568edadc" member_type: VOTER last_known_addr { host: "127.17.88.3" port: 49899 } }
I0516 22:02:33.225432 18346 ts_tablet_manager.cc:1369] T ab7b2ac793a4455e9bbe98795c6a392f P d7e4c153959b4c86b9dcb5a3441a879a: Deleting tablet data with delete state TABLET_DATA_DELETED
I0516 22:02:33.225613 18094 leader_election.cc:243] T 7966cd4464434af09b1b861e14d66bf9 P d7e4c153959b4c86b9dcb5a3441a879a [CANDIDATE]: Term 6 election: Requesting vote from peer d2767dd0c676459aa9c2533260fc9d46 (127.17.88.2:58101)
I0516 22:02:33.225963 18066 leader_election.cc:393] T 00efb34f943d4fa88ec6dcd181ee5c96 P d7e4c153959b4c86b9dcb5a3441a879a [CANDIDATE]: Term 7 election: Vote denied by peer b141e05cb0444865b490089e568edadc (127.17.88.3:49899). Message: Invalid argument: T 00efb34f943d4fa88ec6dcd181ee5c96 P b141e05cb0444865b490089e568edadc [term 7 FOLLOWER]: Leader election vote request: Denying vote to candidate d7e4c153959b4c86b9dcb5a3441a879a for term 7 because replica has last-logged OpId of term: 1 index: 1, which is greater than that of the candidate, which has last-logged OpId of term: 0 index: 0.
I0516 22:02:33.226101 18231 raft_consensus.cc:2756] T f970f063780d4349888d8fd439beb0a0 P b141e05cb0444865b490089e568edadc [term 4 FOLLOWER]: Advancing to term 5
I0516 22:02:33.227262 18099 raft_consensus.cc:457] T 00efb34f943d4fa88ec6dcd181ee5c96 P d7e4c153959b4c86b9dcb5a3441a879a [term 9 FOLLOWER]: Starting forced leader election with config: opid_index: -1 OBSOLETE_local: false peers { permanent_uuid: "d2767dd0c676459aa9c2533260fc9d46" member_type: VOTER last_known_addr { host: "127.17.88.2" port: 58101 } } peers { permanent_uuid: "d7e4c153959b4c86b9dcb5a3441a879a" member_type: VOTER last_known_addr { host: "127.17.88.1" port: 47831 } } peers { permanent_uuid: "b141e05cb0444865b490089e568edadc" member_type: VOTER last_known_addr { host: "127.17.88.3" port: 49899 } }
I0516 22:02:33.227726 18347 raft_consensus.cc:2704] T f44edd9cb161433f9ae53e8d2e60e43e P d7e4c153959b4c86b9dcb5a3441a879a: Snoozing failure detection for 2.061s (election complete)
I0516 22:02:33.227754 18102 leader_election.cc:243] T f970f063780d4349888d8fd439beb0a0 P d7e4c153959b4c86b9dcb5a3441a879a [CANDIDATE]: Term 6 election: Requesting vote from peer b141e05cb0444865b490089e568edadc (127.17.88.3:49899)
I0516 22:02:33.227818 18169 tablet_service.cc:998] Received RequestConsensusVote() RPC: tablet_id: "7966cd4464434af09b1b861e14d66bf9" candidate_uuid: "d7e4c153959b4c86b9dcb5a3441a879a" candidate_term: 5 candidate_status { last_received { term: 0 index: 0 } } ignore_live_leader: true dest_uuid: "d2767dd0c676459aa9c2533260fc9d46"
I0516 22:02:33.227943 18169 raft_consensus.cc:2756] T 7966cd4464434af09b1b861e14d66bf9 P d2767dd0c676459aa9c2533260fc9d46 [term 4 FOLLOWER]: Advancing to term 5
I0516 22:02:33.228029 18347 raft_consensus.cc:2474] T f44edd9cb161433f9ae53e8d2e60e43e P d7e4c153959b4c86b9dcb5a3441a879a [term 5 FOLLOWER]: Leader election decision vote started in defunct term 3: won
I0516 22:02:33.228159 18095 raft_consensus.cc:435] T f44edd9cb161433f9ae53e8d2e60e43e P d7e4c153959b4c86b9dcb5a3441a879a [term 5 FOLLOWER]: Starting forced leader election (received explicit request)
I0516 22:02:33.228230 18095 raft_consensus.cc:2704] T f44edd9cb161433f9ae53e8d2e60e43e P d7e4c153959b4c86b9dcb5a3441a879a: Snoozing failure detection for 1.829s (starting election)
I0516 22:02:33.228276 18066 leader_election.cc:270] T 00efb34f943d4fa88ec6dcd181ee5c96 P d7e4c153959b4c86b9dcb5a3441a879a [CANDIDATE]: Term 7 election: Election decided. Result: candidate lost.
I0516 22:02:33.228303 18095 raft_consensus.cc:2756] T f44edd9cb161433f9ae53e8d2e60e43e P d7e4c153959b4c86b9dcb5a3441a879a [term 5 FOLLOWER]: Advancing to term 6
I0516 22:02:33.228713 18102 tablet_service.cc:1113] Received Run Leader Election RPC: tablet_id: "f970f063780d4349888d8fd439beb0a0" dest_uuid: "d7e4c153959b4c86b9dcb5a3441a879a" from {username='slave'} at 127.0.0.1:45694
I0516 22:02:33.229502 18233 raft_consensus.cc:1057] T d744b1d6ab5c4844bd636ab76a6c3bee P b141e05cb0444865b490089e568edadc [term 1 FOLLOWER]: Refusing update from remote peer d7e4c153959b4c86b9dcb5a3441a879a: Log matching property violated. Preceding OpId in replica: term: 0 index: 0. Preceding OpId from leader: term: 1 index: 1. (index mismatch)
I0516 22:02:33.229738 18063 leader_election.cc:393] T f44edd9cb161433f9ae53e8d2e60e43e P d7e4c153959b4c86b9dcb5a3441a879a [CANDIDATE]: Term 4 election: Vote denied by peer d2767dd0c676459aa9c2533260fc9d46 (127.17.88.2:58101). Message: Service unavailable: T f44edd9cb161433f9ae53e8d2e60e43e P d2767dd0c676459aa9c2533260fc9d46 [term 2 FOLLOWER]: Leader election vote request: Denying vote to candidate d7e4c153959b4c86b9dcb5a3441a879a for term 4 because replica is already servicing an update from a current leader or another vote.
I0516 22:02:33.230023 18169 raft_consensus.cc:2166] T 7966cd4464434af09b1b861e14d66bf9 P d2767dd0c676459aa9c2533260fc9d46 [term 5 FOLLOWER]: Leader election vote request: Denying vote to candidate d7e4c153959b4c86b9dcb5a3441a879a for term 5 because replica has last-logged OpId of term: 1 index: 1, which is greater than that of the candidate, which has last-logged OpId of term: 0 index: 0.
I0516 22:02:33.230024 18165 tablet_service.cc:998] Received RequestConsensusVote() RPC: tablet_id: "f44edd9cb161433f9ae53e8d2e60e43e" candidate_uuid: "d7e4c153959b4c86b9dcb5a3441a879a" candidate_term: 5 candidate_status { last_received { term: 0 index: 0 } } ignore_live_leader: true dest_uuid: "d2767dd0c676459aa9c2533260fc9d46"
I0516 22:02:33.230187 18063 leader_election.cc:393] T 7966cd4464434af09b1b861e14d66bf9 P d7e4c153959b4c86b9dcb5a3441a879a [CANDIDATE]: Term 4 election: Vote denied by peer d2767dd0c676459aa9c2533260fc9d46 (127.17.88.2:58101). Message: Invalid argument: T 7966cd4464434af09b1b861e14d66bf9 P d2767dd0c676459aa9c2533260fc9d46 [term 4 FOLLOWER]: Leader election vote request: Denying vote to candidate d7e4c153959b4c86b9dcb5a3441a879a for term 4 because replica has last-logged OpId of term: 1 index: 1, which is greater than that of the candidate, which has last-logged OpId of term: 0 index: 0.
I0516 22:02:33.230402 18347 raft_consensus.cc:2704] T 00efb34f943d4fa88ec6dcd181ee5c96 P d7e4c153959b4c86b9dcb5a3441a879a: Snoozing failure detection for 2.757s (election complete)
I0516 22:02:33.230463 18347 raft_consensus.cc:2459] T 00efb34f943d4fa88ec6dcd181ee5c96 P d7e4c153959b4c86b9dcb5a3441a879a [term 9 FOLLOWER]: Leader election lost for term 7. Reason: could not achieve majority
I0516 22:02:33.230540 18165 raft_consensus.cc:2756] T f44edd9cb161433f9ae53e8d2e60e43e P d2767dd0c676459aa9c2533260fc9d46 [term 2 FOLLOWER]: Advancing to term 5
I0516 22:02:33.230605 18231 raft_consensus.cc:2166] T f970f063780d4349888d8fd439beb0a0 P b141e05cb0444865b490089e568edadc [term 5 FOLLOWER]: Leader election vote request: Denying vote to candidate d7e4c153959b4c86b9dcb5a3441a879a for term 5 because replica has last-logged OpId of term: 1 index: 1, which is greater than that of the candidate, which has last-logged OpId of term: 0 index: 0.
I0516 22:02:33.230610 18162 tablet_service.cc:998] Received RequestConsensusVote() RPC: tablet_id: "7966cd4464434af09b1b861e14d66bf9" candidate_uuid: "d7e4c153959b4c86b9dcb5a3441a879a" candidate_term: 6 candidate_status { last_received { term: 0 index: 0 } } ignore_live_leader: true dest_uuid: "d2767dd0c676459aa9c2533260fc9d46"
I0516 22:02:33.230720 18162 raft_consensus.cc:2756] T 7966cd4464434af09b1b861e14d66bf9 P d2767dd0c676459aa9c2533260fc9d46 [term 5 FOLLOWER]: Advancing to term 6
I0516 22:02:33.231413 18093 raft_consensus.cc:418] T fde57a2e13af4bcc9077306cd4109c3e P d7e4c153959b4c86b9dcb5a3441a879a [term 1 LEADER]: Not starting forced leader election -- already a leader
I0516 22:02:33.231636 18100 raft_consensus.cc:435] T 50f4658409f4467d91579fefb4bbc4af P d7e4c153959b4c86b9dcb5a3441a879a [term 5 FOLLOWER]: Starting forced leader election (received explicit request)
I0516 22:02:33.231710 18100 raft_consensus.cc:2704] T 50f4658409f4467d91579fefb4bbc4af P d7e4c153959b4c86b9dcb5a3441a879a: Snoozing failure detection for 1.639s (starting election)
I0516 22:02:33.231250 18097 raft_consensus.cc:457] T f2d85aa48a984f07a36195498f0f3754 P d7e4c153959b4c86b9dcb5a3441a879a [term 7 FOLLOWER]: Starting forced leader election with config: opid_index: -1 OBSOLETE_local: false peers { permanent_uuid: "d7e4c153959b4c86b9dcb5a3441a879a" member_type: VOTER last_known_addr { host: "127.17.88.1" port: 47831 } } peers { permanent_uuid: "d2767dd0c676459aa9c2533260fc9d46" member_type: VOTER last_known_addr { host: "127.17.88.2" port: 58101 } } peers { permanent_uuid: "b141e05cb0444865b490089e568edadc" member_type: VOTER last_known_addr { host: "127.17.88.3" port: 49899 } }
I0516 22:02:33.231835 18100 raft_consensus.cc:2756] T 50f4658409f4467d91579fefb4bbc4af P d7e4c153959b4c86b9dcb5a3441a879a [term 5 FOLLOWER]: Advancing to term 6
I0516 22:02:33.231967 18097 leader_election.cc:243] T f2d85aa48a984f07a36195498f0f3754 P d7e4c153959b4c86b9dcb5a3441a879a [CANDIDATE]: Term 7 election: Requesting vote from peer d2767dd0c676459aa9c2533260fc9d46 (127.17.88.2:58101)
I0516 22:02:33.232410 18169 tablet_service.cc:998] Received RequestConsensusVote() RPC: tablet_id: "f970f063780d4349888d8fd439beb0a0" candidate_uuid: "d7e4c153959b4c86b9dcb5a3441a879a" candidate_term: 6 candidate_status { last_received { term: 0 index: 0 } } ignore_live_leader: true dest_uuid: "d2767dd0c676459aa9c2533260fc9d46"
I0516 22:02:33.232549 18097 leader_election.cc:243] T f2d85aa48a984f07a36195498f0f3754 P d7e4c153959b4c86b9dcb5a3441a879a [CANDIDATE]: Term 7 election: Requesting vote from peer b141e05cb0444865b490089e568edadc (127.17.88.3:49899)
I0516 22:02:33.232573 18096 tablet_service.cc:1113] Received Run Leader Election RPC: tablet_id: "ab7b2ac793a4455e9bbe98795c6a392f" dest_uuid: "d7e4c153959b4c86b9dcb5a3441a879a" from {username='slave'} at 127.0.0.1:45694
I0516 22:02:33.232982 18165 raft_consensus.cc:2166] T f44edd9cb161433f9ae53e8d2e60e43e P d2767dd0c676459aa9c2533260fc9d46 [term 5 FOLLOWER]: Leader election vote request: Denying vote to candidate d7e4c153959b4c86b9dcb5a3441a879a for term 5 because replica has last-logged OpId of term: 1 index: 1, which is greater than that of the candidate, which has last-logged OpId of term: 0 index: 0.
I0516 22:02:33.233146 18096 tablet_service.cc:1113] Received Run Leader Election RPC: tablet_id: "f2d85aa48a984f07a36195498f0f3754" dest_uuid: "d7e4c153959b4c86b9dcb5a3441a879a" from {username='slave'} at 127.0.0.1:45694
I0516 22:02:33.233381 18096 raft_consensus.cc:435] T f2d85aa48a984f07a36195498f0f3754 P d7e4c153959b4c86b9dcb5a3441a879a [term 7 FOLLOWER]: Starting forced leader election (received explicit request)
I0516 22:02:33.233435 18096 raft_consensus.cc:2704] T f2d85aa48a984f07a36195498f0f3754 P d7e4c153959b4c86b9dcb5a3441a879a: Snoozing failure detection for 1.946s (starting election)
I0516 22:02:33.233763 18097 tablet_service.cc:1113] Received Run Leader Election RPC: tablet_id: "ab7b2ac793a4455e9bbe98795c6a392f" dest_uuid: "d7e4c153959b4c86b9dcb5a3441a879a" from {username='slave'} at 127.0.0.1:45694
I0516 22:02:33.233942 18100 raft_consensus.cc:457] T 50f4658409f4467d91579fefb4bbc4af P d7e4c153959b4c86b9dcb5a3441a879a [term 6 FOLLOWER]: Starting forced leader election with config: opid_index: -1 OBSOLETE_local: false peers { permanent_uuid: "d7e4c153959b4c86b9dcb5a3441a879a" member_type: VOTER last_known_addr { host: "127.17.88.1" port: 47831 } } peers { permanent_uuid: "b141e05cb0444865b490089e568edadc" member_type: VOTER last_known_addr { host: "127.17.88.3" port: 49899 } } peers { permanent_uuid: "d2767dd0c676459aa9c2533260fc9d46" member_type: VOTER last_known_addr { host: "127.17.88.2" port: 58101 } }
I0516 22:02:33.234068 18162 raft_consensus.cc:2166] T 7966cd4464434af09b1b861e14d66bf9 P d2767dd0c676459aa9c2533260fc9d46 [term 6 FOLLOWER]: Leader election vote request: Denying vote to candidate d7e4c153959b4c86b9dcb5a3441a879a for term 6 because replica has last-logged OpId of term: 1 index: 1, which is greater than that of the candidate, which has last-logged OpId of term: 0 index: 0.
I0516 22:02:33.234606 18289 raft_consensus.cc:2704] T 50f4658409f4467d91579fefb4bbc4af P d7e4c153959b4c86b9dcb5a3441a879a: Snoozing failure detection for 2.158s (election complete)
I0516 22:02:33.234659 18093 tablet_service.cc:1113] Received Run Leader Election RPC: tablet_id: "fde57a2e13af4bcc9077306cd4109c3e" dest_uuid: "d7e4c153959b4c86b9dcb5a3441a879a" from {username='slave'} at 127.0.0.1:45694
I0516 22:02:33.234701 18289 raft_consensus.cc:2474] T 50f4658409f4467d91579fefb4bbc4af P d7e4c153959b4c86b9dcb5a3441a879a [term 6 FOLLOWER]: Leader election decision vote started in defunct term 3: won
I0516 22:02:33.234696 18163 tablet_service.cc:998] Received RequestConsensusVote() RPC: tablet_id: "50f4658409f4467d91579fefb4bbc4af" candidate_uuid: "d7e4c153959b4c86b9dcb5a3441a879a" candidate_term: 5 candidate_status { last_received { term: 0 index: 0 } } ignore_live_leader: true dest_uuid: "d2767dd0c676459aa9c2533260fc9d46"
I0516 22:02:33.234614 18096 raft_consensus.cc:2756] T f2d85aa48a984f07a36195498f0f3754 P d7e4c153959b4c86b9dcb5a3441a879a [term 7 FOLLOWER]: Advancing to term 8
I0516 22:02:33.234920 18163 raft_consensus.cc:2756] T 50f4658409f4467d91579fefb4bbc4af P d2767dd0c676459aa9c2533260fc9d46 [term 4 FOLLOWER]: Advancing to term 5
I0516 22:02:33.234982 18095 raft_consensus.cc:457] T f44edd9cb161433f9ae53e8d2e60e43e P d7e4c153959b4c86b9dcb5a3441a879a [term 6 FOLLOWER]: Starting forced leader election with config: opid_index: -1 OBSOLETE_local: false peers { permanent_uuid: "d2767dd0c676459aa9c2533260fc9d46" member_type: VOTER last_known_addr { host: "127.17.88.2" port: 58101 } } peers { permanent_uuid: "d7e4c153959b4c86b9dcb5a3441a879a" member_type: VOTER last_known_addr { host: "127.17.88.1" port: 47831 } } peers { permanent_uuid: "b141e05cb0444865b490089e568edadc" member_type: VOTER last_known_addr { host: "127.17.88.3" port: 49899 } }
I0516 22:02:33.235525 18093 raft_consensus.cc:418] T fde57a2e13af4bcc9077306cd4109c3e P d7e4c153959b4c86b9dcb5a3441a879a [term 1 LEADER]: Not starting forced leader election -- already a leader
I0516 22:02:33.235544 18236 tablet_service.cc:998] Received RequestConsensusVote() RPC: tablet_id: "7966cd4464434af09b1b861e14d66bf9" candidate_uuid: "d7e4c153959b4c86b9dcb5a3441a879a" candidate_term: 5 candidate_status { last_received { term: 0 index: 0 } } ignore_live_leader: true dest_uuid: "b141e05cb0444865b490089e568edadc"
I0516 22:02:33.235703 18236 raft_consensus.cc:2756] T 7966cd4464434af09b1b861e14d66bf9 P b141e05cb0444865b490089e568edadc [term 4 FOLLOWER]: Advancing to term 5
I0516 22:02:33.236106 18093 tablet_service.cc:1113] Received Run Leader Election RPC: tablet_id: "fde57a2e13af4bcc9077306cd4109c3e" dest_uuid: "d7e4c153959b4c86b9dcb5a3441a879a" from {username='slave'} at 127.0.0.1:45694
I0516 22:02:33.236651 18096 raft_consensus.cc:457] T f2d85aa48a984f07a36195498f0f3754 P d7e4c153959b4c86b9dcb5a3441a879a [term 8 FOLLOWER]: Starting forced leader election with config: opid_index: -1 OBSOLETE_local: false peers { permanent_uuid: "d7e4c153959b4c86b9dcb5a3441a879a" member_type: VOTER last_known_addr { host: "127.17.88.1" port: 47831 } } peers { permanent_uuid: "d2767dd0c676459aa9c2533260fc9d46" member_type: VOTER last_known_addr { host: "127.17.88.2" port: 58101 } } peers { permanent_uuid: "b141e05cb0444865b490089e568edadc" member_type: VOTER last_known_addr { host: "127.17.88.3" port: 49899 } }
I0516 22:02:33.236930 18097 tablet_service.cc:1113] Received Run Leader Election RPC: tablet_id: "ab7b2ac793a4455e9bbe98795c6a392f" dest_uuid: "d7e4c153959b4c86b9dcb5a3441a879a" from {username='slave'} at 127.0.0.1:45694
I0516 22:02:33.236987 18232 tablet_service.cc:998] Received RequestConsensusVote() RPC: tablet_id: "50f4658409f4467d91579fefb4bbc4af" candidate_uuid: "d7e4c153959b4c86b9dcb5a3441a879a" candidate_term: 5 candidate_status { last_received { term: 0 index: 0 } } ignore_live_leader: true dest_uuid: "b141e05cb0444865b490089e568edadc"
I0516 22:02:33.237030 18235 tablet_service.cc:998] Received RequestConsensusVote() RPC: tablet_id: "00efb34f943d4fa88ec6dcd181ee5c96" candidate_uuid: "d7e4c153959b4c86b9dcb5a3441a879a" candidate_term: 8 candidate_status { last_received { term: 0 index: 0 } } ignore_live_leader: true dest_uuid: "b141e05cb0444865b490089e568edadc"
I0516 22:02:33.237109 18232 raft_consensus.cc:2756] T 50f4658409f4467d91579fefb4bbc4af P b141e05cb0444865b490089e568edadc [term 4 FOLLOWER]: Advancing to term 5
I0516 22:02:33.237145 18235 raft_consensus.cc:2756] T 00efb34f943d4fa88ec6dcd181ee5c96 P b141e05cb0444865b490089e568edadc [term 7 FOLLOWER]: Advancing to term 8
I0516 22:02:33.237303 18237 tablet_service.cc:998] Received RequestConsensusVote() RPC: tablet_id: "f2d85aa48a984f07a36195498f0f3754" candidate_uuid: "d7e4c153959b4c86b9dcb5a3441a879a" candidate_term: 6 candidate_status { last_received { term: 0 index: 0 } } ignore_live_leader: true dest_uuid: "b141e05cb0444865b490089e568edadc"
I0516 22:02:33.237515 18098 tablet_service.cc:1113] Received Run Leader Election RPC: tablet_id: "807b2c351057419d846ab8586e3ed167" dest_uuid: "d7e4c153959b4c86b9dcb5a3441a879a" from {username='slave'} at 127.0.0.1:45694
I0516 22:02:33.237679 18237 raft_consensus.cc:2756] T f2d85aa48a984f07a36195498f0f3754 P b141e05cb0444865b490089e568edadc [term 5 FOLLOWER]: Advancing to term 6
I0516 22:02:33.237772 18237 raft_consensus.cc:2704] T f2d85aa48a984f07a36195498f0f3754 P b141e05cb0444865b490089e568edadc: Snoozing failure detection for 1.941s (vote granted)
I0516 22:02:33.238200 18098 tablet_service.cc:1113] Received Run Leader Election RPC: tablet_id: "807b2c351057419d846ab8586e3ed167" dest_uuid: "d7e4c153959b4c86b9dcb5a3441a879a" from {username='slave'} at 127.0.0.1:45694
I0516 22:02:33.238485 18063 leader_election.cc:379] T f970f063780d4349888d8fd439beb0a0 P d7e4c153959b4c86b9dcb5a3441a879a [CANDIDATE]: Term 5 election: Vote granted by peer d2767dd0c676459aa9c2533260fc9d46 (127.17.88.2:58101)
I0516 22:02:33.238543 18063 leader_election.cc:270] T f970f063780d4349888d8fd439beb0a0 P d7e4c153959b4c86b9dcb5a3441a879a [CANDIDATE]: Term 5 election: Election decided. Result: candidate won.
I0516 22:02:33.239383 18169 raft_consensus.cc:2756] T f970f063780d4349888d8fd439beb0a0 P d2767dd0c676459aa9c2533260fc9d46 [term 5 FOLLOWER]: Advancing to term 6
I0516 22:02:33.239459 18169 raft_consensus.cc:2704] T f970f063780d4349888d8fd439beb0a0 P d2767dd0c676459aa9c2533260fc9d46: Snoozing failure detection for 1.952s (vote granted)
I0516 22:02:33.239609 18094 leader_election.cc:243] T 7966cd4464434af09b1b861e14d66bf9 P d7e4c153959b4c86b9dcb5a3441a879a [CANDIDATE]: Term 6 election: Requesting vote from peer b141e05cb0444865b490089e568edadc (127.17.88.3:49899)
I0516 22:02:33.237658 18097 tablet_service.cc:1113] Received Run Leader Election RPC: tablet_id: "ab7b2ac793a4455e9bbe98795c6a392f" dest_uuid: "d7e4c153959b4c86b9dcb5a3441a879a" from {username='slave'} at 127.0.0.1:45694
I0516 22:02:33.240159 18237 raft_consensus.cc:2219] T f2d85aa48a984f07a36195498f0f3754 P b141e05cb0444865b490089e568edadc [term 6 FOLLOWER]: Leader election vote request: Granting yes vote for candidate d7e4c153959b4c86b9dcb5a3441a879a in term 6.
I0516 22:02:33.240402 18097 tablet_service.cc:1113] Received Run Leader Election RPC: tablet_id: "7966cd4464434af09b1b861e14d66bf9" dest_uuid: "d7e4c153959b4c86b9dcb5a3441a879a" from {username='slave'} at 127.0.0.1:45694
I0516 22:02:33.240514 18097 raft_consensus.cc:435] T 7966cd4464434af09b1b861e14d66bf9 P d7e4c153959b4c86b9dcb5a3441a879a [term 6 FOLLOWER]: Starting forced leader election (received explicit request)
I0516 22:02:33.240581 18097 raft_consensus.cc:2704] T 7966cd4464434af09b1b861e14d66bf9 P d7e4c153959b4c86b9dcb5a3441a879a: Snoozing failure detection for 2.235s (starting election)
I0516 22:02:33.240636 18097 raft_consensus.cc:2756] T 7966cd4464434af09b1b861e14d66bf9 P d7e4c153959b4c86b9dcb5a3441a879a [term 6 FOLLOWER]: Advancing to term 7
I0516 22:02:33.240645 18235 raft_consensus.cc:2166] T 00efb34f943d4fa88ec6dcd181ee5c96 P b141e05cb0444865b490089e568edadc [term 8 FOLLOWER]: Leader election vote request: Denying vote to candidate d7e4c153959b4c86b9dcb5a3441a879a for term 8 because replica has last-logged OpId of term: 1 index: 1, which is greater than that of the candidate, which has last-logged OpId of term: 0 index: 0.
I0516 22:02:33.240703 18094 tablet_service.cc:1113] Received Run Leader Election RPC: tablet_id: "ab7b2ac793a4455e9bbe98795c6a392f" dest_uuid: "d7e4c153959b4c86b9dcb5a3441a879a" from {username='slave'} at 127.0.0.1:45694
I0516 22:02:33.240883 18169 raft_consensus.cc:2219] T f970f063780d4349888d8fd439beb0a0 P d2767dd0c676459aa9c2533260fc9d46 [term 6 FOLLOWER]: Leader election vote request: Granting yes vote for candidate d7e4c153959b4c86b9dcb5a3441a879a in term 6.
I0516 22:02:33.241266 18161 raft_consensus.cc:2166] T ab7b2ac793a4455e9bbe98795c6a392f P d2767dd0c676459aa9c2533260fc9d46 [term 6 FOLLOWER]: Leader election vote request: Denying vote to candidate d7e4c153959b4c86b9dcb5a3441a879a for term 6 because replica has last-logged OpId of term: 1 index: 1, which is greater than that of the candidate, which has last-logged OpId of term: 0 index: 0.
I0516 22:02:33.241338 18099 leader_election.cc:243] T 00efb34f943d4fa88ec6dcd181ee5c96 P d7e4c153959b4c86b9dcb5a3441a879a [CANDIDATE]: Term 9 election: Requesting vote from peer d2767dd0c676459aa9c2533260fc9d46 (127.17.88.2:58101)
I0516 22:02:33.241222 18170 tablet_service.cc:998] Received RequestConsensusVote() RPC: tablet_id: "00efb34f943d4fa88ec6dcd181ee5c96" candidate_uuid: "d7e4c153959b4c86b9dcb5a3441a879a" candidate_term: 8 candidate_status { last_received { term: 0 index: 0 } } ignore_live_leader: true dest_uuid: "d2767dd0c676459aa9c2533260fc9d46"
I0516 22:02:33.241428 18170 raft_consensus.cc:2756] T 00efb34f943d4fa88ec6dcd181ee5c96 P d2767dd0c676459aa9c2533260fc9d46 [term 6 FOLLOWER]: Advancing to term 8
I0516 22:02:33.241451 18099 leader_election.cc:243] T 00efb34f943d4fa88ec6dcd181ee5c96 P d7e4c153959b4c86b9dcb5a3441a879a [CANDIDATE]: Term 9 election: Requesting vote from peer b141e05cb0444865b490089e568edadc (127.17.88.3:49899)
I0516 22:02:33.241581 18100 leader_election.cc:243] T 50f4658409f4467d91579fefb4bbc4af P d7e4c153959b4c86b9dcb5a3441a879a [CANDIDATE]: Term 6 election: Requesting vote from peer b141e05cb0444865b490089e568edadc (127.17.88.3:49899)
I0516 22:02:33.241677 18100 leader_election.cc:243] T 50f4658409f4467d91579fefb4bbc4af P d7e4c153959b4c86b9dcb5a3441a879a [CANDIDATE]: Term 6 election: Requesting vote from peer d2767dd0c676459aa9c2533260fc9d46 (127.17.88.2:58101)
I0516 22:02:33.242018 18163 raft_consensus.cc:2704] T 50f4658409f4467d91579fefb4bbc4af P d2767dd0c676459aa9c2533260fc9d46: Snoozing failure detection for 1.647s (vote granted)
I0516 22:02:33.242049 18095 leader_election.cc:243] T f44edd9cb161433f9ae53e8d2e60e43e P d7e4c153959b4c86b9dcb5a3441a879a [CANDIDATE]: Term 6 election: Requesting vote from peer d2767dd0c676459aa9c2533260fc9d46 (127.17.88.2:58101)
I0516 22:02:33.242224 18232 raft_consensus.cc:2166] T 50f4658409f4467d91579fefb4bbc4af P b141e05cb0444865b490089e568edadc [term 5 FOLLOWER]: Leader election vote request: Denying vote to candidate d7e4c153959b4c86b9dcb5a3441a879a for term 5 because replica has last-logged OpId of term: 1 index: 1, which is greater than that of the candidate, which has last-logged OpId of term: 0 index: 0.
I0516 22:02:33.242655 18236 raft_consensus.cc:2704] T 7966cd4464434af09b1b861e14d66bf9 P b141e05cb0444865b490089e568edadc: Snoozing failure detection for 2.221s (vote granted)
I0516 22:02:33.242653 18100 tablet_service.cc:1113] Received Run Leader Election RPC: tablet_id: "00efb34f943d4fa88ec6dcd181ee5c96" dest_uuid: "d7e4c153959b4c86b9dcb5a3441a879a" from {username='slave'} at 127.0.0.1:45694
I0516 22:02:33.242754 18100 raft_consensus.cc:435] T 00efb34f943d4fa88ec6dcd181ee5c96 P d7e4c153959b4c86b9dcb5a3441a879a [term 9 FOLLOWER]: Starting forced leader election (received explicit request)
I0516 22:02:33.243355 18095 leader_election.cc:243] T f44edd9cb161433f9ae53e8d2e60e43e P d7e4c153959b4c86b9dcb5a3441a879a [CANDIDATE]: Term 6 election: Requesting vote from peer b141e05cb0444865b490089e568edadc (127.17.88.3:49899)
I0516 22:02:33.244176 18236 raft_consensus.cc:2219] T 7966cd4464434af09b1b861e14d66bf9 P b141e05cb0444865b490089e568edadc [term 5 FOLLOWER]: Leader election vote request: Granting yes vote for candidate d7e4c153959b4c86b9dcb5a3441a879a in term 5.
I0516 22:02:33.244277 18163 raft_consensus.cc:2219] T 50f4658409f4467d91579fefb4bbc4af P d2767dd0c676459aa9c2533260fc9d46 [term 5 FOLLOWER]: Leader election vote request: Granting yes vote for candidate d7e4c153959b4c86b9dcb5a3441a879a in term 5.
I0516 22:02:33.244447 18100 raft_consensus.cc:2704] T 00efb34f943d4fa88ec6dcd181ee5c96 P d7e4c153959b4c86b9dcb5a3441a879a: Snoozing failure detection for 3.577s (starting election)
I0516 22:02:33.244473 18096 leader_election.cc:243] T f2d85aa48a984f07a36195498f0f3754 P d7e4c153959b4c86b9dcb5a3441a879a [CANDIDATE]: Term 8 election: Requesting vote from peer d2767dd0c676459aa9c2533260fc9d46 (127.17.88.2:58101)
I0516 22:02:33.244521 18100 raft_consensus.cc:2756] T 00efb34f943d4fa88ec6dcd181ee5c96 P d7e4c153959b4c86b9dcb5a3441a879a [term 9 FOLLOWER]: Advancing to term 10
I0516 22:02:33.244586 18096 leader_election.cc:243] T f2d85aa48a984f07a36195498f0f3754 P d7e4c153959b4c86b9dcb5a3441a879a [CANDIDATE]: Term 8 election: Requesting vote from peer b141e05cb0444865b490089e568edadc (127.17.88.3:49899)
I0516 22:02:33.244722 18101 tablet_service.cc:1113] Received Run Leader Election RPC: tablet_id: "d744b1d6ab5c4844bd636ab76a6c3bee" dest_uuid: "d7e4c153959b4c86b9dcb5a3441a879a" from {username='slave'} at 127.0.0.1:45694
I0516 22:02:33.244859 18101 raft_consensus.cc:418] T d744b1d6ab5c4844bd636ab76a6c3bee P d7e4c153959b4c86b9dcb5a3441a879a [term 1 LEADER]: Not starting forced leader election -- already a leader
I0516 22:02:33.246043 18346 ts_tablet_manager.cc:1382] T ab7b2ac793a4455e9bbe98795c6a392f P d7e4c153959b4c86b9dcb5a3441a879a: tablet deleted with delete type TABLET_DATA_DELETED: last-logged OpId 0.0
I0516 22:02:33.246078 18063 leader_election.cc:379] T 50f4658409f4467d91579fefb4bbc4af P d7e4c153959b4c86b9dcb5a3441a879a [CANDIDATE]: Term 4 election: Vote granted by peer d2767dd0c676459aa9c2533260fc9d46 (127.17.88.2:58101)
I0516 22:02:33.246143 18346 log.cc:981] T ab7b2ac793a4455e9bbe98795c6a392f P d7e4c153959b4c86b9dcb5a3441a879a: Deleting WAL directory at /tmp/dist-test-tasksS1KRx/test-tmp/delete_tablet-itest.0.DeleteTabletITest.TestLeaderElectionDuringDeleteTablet.1526508151408653-17760/minicluster-data/ts-0-root/wals/ab7b2ac793a4455e9bbe98795c6a392f
I0516 22:02:33.246147 18063 leader_election.cc:270] T 50f4658409f4467d91579fefb4bbc4af P d7e4c153959b4c86b9dcb5a3441a879a [CANDIDATE]: Term 4 election: Election decided. Result: candidate won.
I0516 22:02:33.246100 18098 tablet_service.cc:1113] Received Run Leader Election RPC: tablet_id: "807b2c351057419d846ab8586e3ed167" dest_uuid: "d7e4c153959b4c86b9dcb5a3441a879a" from {username='slave'} at 127.0.0.1:45694
I0516 22:02:33.246428 18346 ts_tablet_manager.cc:1402] T ab7b2ac793a4455e9bbe98795c6a392f P d7e4c153959b4c86b9dcb5a3441a879a: Deleting consensus metadata
I0516 22:02:33.246520 18347 raft_consensus.cc:2704] T 50f4658409f4467d91579fefb4bbc4af P d7e4c153959b4c86b9dcb5a3441a879a: Snoozing failure detection for 2.005s (election complete)
I0516 22:02:33.246601 18347 raft_consensus.cc:2474] T 50f4658409f4467d91579fefb4bbc4af P d7e4c153959b4c86b9dcb5a3441a879a [term 6 FOLLOWER]: Leader election decision vote started in defunct term 4: won
I0516 22:02:33.246605 18063 leader_election.cc:393] T ab7b2ac793a4455e9bbe98795c6a392f P d7e4c153959b4c86b9dcb5a3441a879a [CANDIDATE]: Term 5 election: Vote denied by peer d2767dd0c676459aa9c2533260fc9d46 (127.17.88.2:58101). Message: Invalid argument: T ab7b2ac793a4455e9bbe98795c6a392f P d2767dd0c676459aa9c2533260fc9d46 [term 5 FOLLOWER]: Leader election vote request: Denying vote to candidate d7e4c153959b4c86b9dcb5a3441a879a for term 5 because replica has last-logged OpId of term: 1 index: 1, which is greater than that of the candidate, which has last-logged OpId of term: 0 index: 0.
I0516 22:02:33.246898 18170 raft_consensus.cc:2704] T 00efb34f943d4fa88ec6dcd181ee5c96 P d2767dd0c676459aa9c2533260fc9d46: Snoozing failure detection for 2.246s (vote granted)
I0516 22:02:33.246896 18094 tablet_service.cc:1113] Received Run Leader Election RPC: tablet_id: "ab7b2ac793a4455e9bbe98795c6a392f" dest_uuid: "d7e4c153959b4c86b9dcb5a3441a879a" from {username='slave'} at 127.0.0.1:45694
I0516 22:02:33.247146 18161 tablet_service.cc:998] Received RequestConsensusVote() RPC: tablet_id: "00efb34f943d4fa88ec6dcd181ee5c96" candidate_uuid: "d7e4c153959b4c86b9dcb5a3441a879a" candidate_term: 9 candidate_status { last_received { term: 0 index: 0 } } ignore_live_leader: true dest_uuid: "d2767dd0c676459aa9c2533260fc9d46"
I0516 22:02:33.247208 18169 tablet_service.cc:998] Received RequestConsensusVote() RPC: tablet_id: "50f4658409f4467d91579fefb4bbc4af" candidate_uuid: "d7e4c153959b4c86b9dcb5a3441a879a" candidate_term: 6 candidate_status { last_received { term: 0 index: 0 } } ignore_live_leader: true dest_uuid: "d2767dd0c676459aa9c2533260fc9d46"
I0516 22:02:33.247440 18063 leader_election.cc:393] T f2d85aa48a984f07a36195498f0f3754 P d7e4c153959b4c86b9dcb5a3441a879a [CANDIDATE]: Term 6 election: Vote denied by peer d2767dd0c676459aa9c2533260fc9d46 (127.17.88.2:58101). Message: Invalid argument: T f2d85aa48a984f07a36195498f0f3754 P d2767dd0c676459aa9c2533260fc9d46 [term 6 FOLLOWER]: Leader election vote request: Denying vote to candidate d7e4c153959b4c86b9dcb5a3441a879a for term 6 because replica has last-logged OpId of term: 1 index: 1, which is greater than that of the candidate, which has last-logged OpId of term: 0 index: 0.
