I0516 22:02:32.731191 18099 raft_consensus.cc:2756] T 00efb34f943d4fa88ec6dcd181ee5c96 P d7e4c153959b4c86b9dcb5a3441a879a [term 0 FOLLOWER]: Advancing to term 1
I0516 22:02:32.731520 18200 leader_election.cc:379] T 00efb34f943d4fa88ec6dcd181ee5c96 P b141e05cb0444865b490089e568edadc [CANDIDATE]: Term 1 pre-election: Vote granted by peer d7e4c153959b4c86b9dcb5a3441a879a (127.17.88.1:47831)
I0516 22:02:32.731545 18290 leader_election.cc:243] T f2d85aa48a984f07a36195498f0f3754 P d2767dd0c676459aa9c2533260fc9d46 [CANDIDATE]: Term 1 pre-election: Requesting pre-vote from peer d7e4c153959b4c86b9dcb5a3441a879a (127.17.88.1:47831)
I0516 22:02:32.727759 18323 raft_consensus.cc:457] T f2d85aa48a984f07a36195498f0f3754 P d7e4c153959b4c86b9dcb5a3441a879a [term 0 FOLLOWER]: Starting pre-election with config: opid_index: -1 OBSOLETE_local: false peers { permanent_uuid: "d7e4c153959b4c86b9dcb5a3441a879a" member_type: VOTER last_known_addr { host: "127.17.88.1" port: 47831 } } peers { permanent_uuid: "d2767dd0c676459aa9c2533260fc9d46" member_type: VOTER last_known_addr { host: "127.17.88.2" port: 58101 } } peers { permanent_uuid: "b141e05cb0444865b490089e568edadc" member_type: VOTER last_known_addr { host: "127.17.88.3" port: 49899 } }
I0516 22:02:32.731704 18099 raft_consensus.cc:2704] T 00efb34f943d4fa88ec6dcd181ee5c96 P d7e4c153959b4c86b9dcb5a3441a879a: Snoozing failure detection for 2.045s (vote granted)
I0516 22:02:32.731791 18321 leader_election.cc:243] T 50f4658409f4467d91579fefb4bbc4af P b141e05cb0444865b490089e568edadc [CANDIDATE]: Term 1 election: Requesting vote from peer d7e4c153959b4c86b9dcb5a3441a879a (127.17.88.1:47831)
I0516 22:02:32.730532 18285 consensus_queue.cc:204] T 00efb34f943d4fa88ec6dcd181ee5c96 P b141e05cb0444865b490089e568edadc [LEADER]: Queue going to LEADER mode. State: All replicated index: 0, Majority replicated index: 0, Committed index: 0, Last appended: 0.0, Last appended by leader: 0, Current term: 1, Majority size: 2, State: 0, Mode: LEADER, active raft config: opid_index: -1 OBSOLETE_local: false peers { permanent_uuid: "d2767dd0c676459aa9c2533260fc9d46" member_type: VOTER last_known_addr { host: "127.17.88.2" port: 58101 } } peers { permanent_uuid: "d7e4c153959b4c86b9dcb5a3441a879a" member_type: VOTER last_known_addr { host: "127.17.88.1" port: 47831 } } peers { permanent_uuid: "b141e05cb0444865b490089e568edadc" member_type: VOTER last_known_addr { host: "127.17.88.3" port: 49899 } }
I0516 22:02:32.731956 18290 leader_election.cc:243] T f2d85aa48a984f07a36195498f0f3754 P d2767dd0c676459aa9c2533260fc9d46 [CANDIDATE]: Term 1 pre-election: Requesting pre-vote from peer b141e05cb0444865b490089e568edadc (127.17.88.3:49899)
I0516 22:02:32.731204 18100 raft_consensus.cc:2219] T 50f4658409f4467d91579fefb4bbc4af P d7e4c153959b4c86b9dcb5a3441a879a [term 0 FOLLOWER]: Leader pre-election vote request: Granting yes vote for candidate b141e05cb0444865b490089e568edadc in term 0.
I0516 22:02:32.732219 18200 leader_election.cc:393] T 807b2c351057419d846ab8586e3ed167 P b141e05cb0444865b490089e568edadc [CANDIDATE]: Term 1 pre-election: Vote denied by peer d7e4c153959b4c86b9dcb5a3441a879a (127.17.88.1:47831). Message: Invalid argument: T 807b2c351057419d846ab8586e3ed167 P d7e4c153959b4c86b9dcb5a3441a879a [term 1 LEADER]: Leader pre-election vote request: Denying vote to candidate b141e05cb0444865b490089e568edadc for term 1 because replica is either leader or believes a valid leader to be alive.
I0516 22:02:32.732379 18237 raft_consensus.cc:2219] T 807b2c351057419d846ab8586e3ed167 P b141e05cb0444865b490089e568edadc [term 1 FOLLOWER]: Leader election vote request: Granting yes vote for candidate d7e4c153959b4c86b9dcb5a3441a879a in term 1.
I0516 22:02:32.732741 18101 tablet_service.cc:998] Received RequestConsensusVote() RPC: tablet_id: "f2d85aa48a984f07a36195498f0f3754" candidate_uuid: "d2767dd0c676459aa9c2533260fc9d46" candidate_term: 1 candidate_status { last_received { term: 0 index: 0 } } ignore_live_leader: false dest_uuid: "d7e4c153959b4c86b9dcb5a3441a879a" is_pre_election: true
I0516 22:02:32.732625 18323 leader_election.cc:243] T f2d85aa48a984f07a36195498f0f3754 P d7e4c153959b4c86b9dcb5a3441a879a [CANDIDATE]: Term 1 pre-election: Requesting pre-vote from peer d2767dd0c676459aa9c2533260fc9d46 (127.17.88.2:58101)
I0516 22:02:32.733005 18236 raft_consensus.cc:2194] T 807b2c351057419d846ab8586e3ed167 P b141e05cb0444865b490089e568edadc [term 1 FOLLOWER]: Leader pre-election vote request: Denying vote to candidate d7e4c153959b4c86b9dcb5a3441a879a for term 1 because replica is already servicing an update from a current leader or another vote.
I0516 22:02:32.733023 18200 leader_election.cc:270] T 807b2c351057419d846ab8586e3ed167 P b141e05cb0444865b490089e568edadc [CANDIDATE]: Term 1 pre-election: Election decided. Result: candidate lost.
I0516 22:02:32.733523 18321 leader_election.cc:243] T 50f4658409f4467d91579fefb4bbc4af P b141e05cb0444865b490089e568edadc [CANDIDATE]: Term 1 election: Requesting vote from peer d2767dd0c676459aa9c2533260fc9d46 (127.17.88.2:58101)
I0516 22:02:32.733502 18101 raft_consensus.cc:2704] T f2d85aa48a984f07a36195498f0f3754 P d7e4c153959b4c86b9dcb5a3441a879a: Snoozing failure detection for 2.172s (vote granted)
I0516 22:02:32.734357 18200 leader_election.cc:379] T 50f4658409f4467d91579fefb4bbc4af P b141e05cb0444865b490089e568edadc [CANDIDATE]: Term 1 pre-election: Vote granted by peer d7e4c153959b4c86b9dcb5a3441a879a (127.17.88.1:47831)
I0516 22:02:32.734551 18066 leader_election.cc:379] T 807b2c351057419d846ab8586e3ed167 P d7e4c153959b4c86b9dcb5a3441a879a [CANDIDATE]: Term 1 election: Vote granted by peer b141e05cb0444865b490089e568edadc (127.17.88.3:49899)
I0516 22:02:32.734539 18237 tablet_service.cc:998] Received RequestConsensusVote() RPC: tablet_id: "f2d85aa48a984f07a36195498f0f3754" candidate_uuid: "d2767dd0c676459aa9c2533260fc9d46" candidate_term: 1 candidate_status { last_received { term: 0 index: 0 } } ignore_live_leader: false dest_uuid: "b141e05cb0444865b490089e568edadc" is_pre_election: true
I0516 22:02:32.734578 18100 tablet_service.cc:998] Received RequestConsensusVote() RPC: tablet_id: "50f4658409f4467d91579fefb4bbc4af" candidate_uuid: "b141e05cb0444865b490089e568edadc" candidate_term: 1 candidate_status { last_received { term: 0 index: 0 } } ignore_live_leader: false dest_uuid: "d7e4c153959b4c86b9dcb5a3441a879a"
I0516 22:02:32.734781 18066 leader_election.cc:393] T 807b2c351057419d846ab8586e3ed167 P d7e4c153959b4c86b9dcb5a3441a879a [CANDIDATE]: Term 1 pre-election: Vote denied by peer b141e05cb0444865b490089e568edadc (127.17.88.3:49899). Message: Service unavailable: T 807b2c351057419d846ab8586e3ed167 P b141e05cb0444865b490089e568edadc [term 1 FOLLOWER]: Leader pre-election vote request: Denying vote to candidate d7e4c153959b4c86b9dcb5a3441a879a for term 1 because replica is already servicing an update from a current leader or another vote.
I0516 22:02:32.735268 18326 raft_consensus.cc:2704] T 807b2c351057419d846ab8586e3ed167 P b141e05cb0444865b490089e568edadc: Snoozing failure detection for 1.847s (election complete)
I0516 22:02:32.735291 18168 tablet_service.cc:998] Received RequestConsensusVote() RPC: tablet_id: "f2d85aa48a984f07a36195498f0f3754" candidate_uuid: "d7e4c153959b4c86b9dcb5a3441a879a" candidate_term: 1 candidate_status { last_received { term: 0 index: 0 } } ignore_live_leader: false dest_uuid: "d2767dd0c676459aa9c2533260fc9d46" is_pre_election: true
I0516 22:02:32.735487 18326 raft_consensus.cc:2459] T 807b2c351057419d846ab8586e3ed167 P b141e05cb0444865b490089e568edadc [term 1 FOLLOWER]: Leader pre-election lost for term 1. Reason: could not achieve majority
I0516 22:02:32.735503 18170 tablet_service.cc:998] Received RequestConsensusVote() RPC: tablet_id: "50f4658409f4467d91579fefb4bbc4af" candidate_uuid: "b141e05cb0444865b490089e568edadc" candidate_term: 1 candidate_status { last_received { term: 0 index: 0 } } ignore_live_leader: false dest_uuid: "d2767dd0c676459aa9c2533260fc9d46"
I0516 22:02:32.735616 18170 raft_consensus.cc:2756] T 50f4658409f4467d91579fefb4bbc4af P d2767dd0c676459aa9c2533260fc9d46 [term 0 FOLLOWER]: Advancing to term 1
I0516 22:02:32.735708 18101 raft_consensus.cc:2219] T f2d85aa48a984f07a36195498f0f3754 P d7e4c153959b4c86b9dcb5a3441a879a [term 0 FOLLOWER]: Leader pre-election vote request: Granting yes vote for candidate d2767dd0c676459aa9c2533260fc9d46 in term 0.
I0516 22:02:32.735775 18168 raft_consensus.cc:2704] T f2d85aa48a984f07a36195498f0f3754 P d2767dd0c676459aa9c2533260fc9d46: Snoozing failure detection for 2.172s (vote granted)
I0516 22:02:32.735800 18237 raft_consensus.cc:2704] T f2d85aa48a984f07a36195498f0f3754 P b141e05cb0444865b490089e568edadc: Snoozing failure detection for 2.035s (vote granted)
I0516 22:02:32.735935 18237 raft_consensus.cc:2219] T f2d85aa48a984f07a36195498f0f3754 P b141e05cb0444865b490089e568edadc [term 0 FOLLOWER]: Leader pre-election vote request: Granting yes vote for candidate d2767dd0c676459aa9c2533260fc9d46 in term 0.
I0516 22:02:32.735941 18168 raft_consensus.cc:2219] T f2d85aa48a984f07a36195498f0f3754 P d2767dd0c676459aa9c2533260fc9d46 [term 0 FOLLOWER]: Leader pre-election vote request: Granting yes vote for candidate d7e4c153959b4c86b9dcb5a3441a879a in term 0.
I0516 22:02:32.735965 18323 leader_election.cc:243] T f2d85aa48a984f07a36195498f0f3754 P d7e4c153959b4c86b9dcb5a3441a879a [CANDIDATE]: Term 1 pre-election: Requesting pre-vote from peer b141e05cb0444865b490089e568edadc (127.17.88.3:49899)
I0516 22:02:32.736078 18133 leader_election.cc:379] T f2d85aa48a984f07a36195498f0f3754 P d2767dd0c676459aa9c2533260fc9d46 [CANDIDATE]: Term 1 pre-election: Vote granted by peer d7e4c153959b4c86b9dcb5a3441a879a (127.17.88.1:47831)
I0516 22:02:32.736124 18133 leader_election.cc:270] T f2d85aa48a984f07a36195498f0f3754 P d2767dd0c676459aa9c2533260fc9d46 [CANDIDATE]: Term 1 pre-election: Election decided. Result: candidate won.
I0516 22:02:32.736405 18170 raft_consensus.cc:2704] T 50f4658409f4467d91579fefb4bbc4af P d2767dd0c676459aa9c2533260fc9d46: Snoozing failure detection for 1.568s (vote granted)
I0516 22:02:32.737370 18099 raft_consensus.cc:2219] T 00efb34f943d4fa88ec6dcd181ee5c96 P d7e4c153959b4c86b9dcb5a3441a879a [term 1 FOLLOWER]: Leader election vote request: Granting yes vote for candidate b141e05cb0444865b490089e568edadc in term 1.
I0516 22:02:32.737713 18237 tablet_service.cc:998] Received RequestConsensusVote() RPC: tablet_id: "f2d85aa48a984f07a36195498f0f3754" candidate_uuid: "d7e4c153959b4c86b9dcb5a3441a879a" candidate_term: 1 candidate_status { last_received { term: 0 index: 0 } } ignore_live_leader: false dest_uuid: "b141e05cb0444865b490089e568edadc" is_pre_election: true
I0516 22:02:32.737819 18237 raft_consensus.cc:2704] T f2d85aa48a984f07a36195498f0f3754 P b141e05cb0444865b490089e568edadc: Snoozing failure detection for 1.519s (vote granted)
I0516 22:02:32.737875 18237 raft_consensus.cc:2219] T f2d85aa48a984f07a36195498f0f3754 P b141e05cb0444865b490089e568edadc [term 0 FOLLOWER]: Leader pre-election vote request: Granting yes vote for candidate d7e4c153959b4c86b9dcb5a3441a879a in term 0.
I0516 22:02:32.737931 18170 raft_consensus.cc:2219] T 50f4658409f4467d91579fefb4bbc4af P d2767dd0c676459aa9c2533260fc9d46 [term 1 FOLLOWER]: Leader election vote request: Granting yes vote for candidate b141e05cb0444865b490089e568edadc in term 1.
I0516 22:02:32.738092 18290 raft_consensus.cc:2704] T f2d85aa48a984f07a36195498f0f3754 P d2767dd0c676459aa9c2533260fc9d46: Snoozing failure detection for 1.848s (election complete)
I0516 22:02:32.738144 18290 raft_consensus.cc:2511] T f2d85aa48a984f07a36195498f0f3754 P d2767dd0c676459aa9c2533260fc9d46 [term 0 FOLLOWER]: Leader pre-election won for term 1
I0516 22:02:32.738193 18290 raft_consensus.cc:435] T f2d85aa48a984f07a36195498f0f3754 P d2767dd0c676459aa9c2533260fc9d46 [term 0 FOLLOWER]: Starting leader election (no leader contacted us within the election timeout)
I0516 22:02:32.738240 18290 raft_consensus.cc:2704] T f2d85aa48a984f07a36195498f0f3754 P d2767dd0c676459aa9c2533260fc9d46: Snoozing failure detection for 2.013s (starting election)
I0516 22:02:32.738282 18290 raft_consensus.cc:2756] T f2d85aa48a984f07a36195498f0f3754 P d2767dd0c676459aa9c2533260fc9d46 [term 0 FOLLOWER]: Advancing to term 1
I0516 22:02:32.738338 18198 leader_election.cc:379] T 50f4658409f4467d91579fefb4bbc4af P b141e05cb0444865b490089e568edadc [CANDIDATE]: Term 1 election: Vote granted by peer d2767dd0c676459aa9c2533260fc9d46 (127.17.88.2:58101)
I0516 22:02:32.738402 18198 leader_election.cc:270] T 50f4658409f4467d91579fefb4bbc4af P b141e05cb0444865b490089e568edadc [CANDIDATE]: Term 1 election: Election decided. Result: candidate won.
I0516 22:02:32.738543 18326 raft_consensus.cc:2704] T 50f4658409f4467d91579fefb4bbc4af P b141e05cb0444865b490089e568edadc: Snoozing failure detection for 1.895s (election complete)
I0516 22:02:32.738593 18326 raft_consensus.cc:2511] T 50f4658409f4467d91579fefb4bbc4af P b141e05cb0444865b490089e568edadc [term 1 FOLLOWER]: Leader election won for term 1
I0516 22:02:32.738669 18326 raft_consensus.cc:571] T 50f4658409f4467d91579fefb4bbc4af P b141e05cb0444865b490089e568edadc [term 1 LEADER]: Becoming Leader. State: Replica: b141e05cb0444865b490089e568edadc, State: Running, Role: LEADER
I0516 22:02:32.738880 18326 consensus_queue.cc:204] T 50f4658409f4467d91579fefb4bbc4af P b141e05cb0444865b490089e568edadc [LEADER]: Queue going to LEADER mode. State: All replicated index: 0, Majority replicated index: 0, Committed index: 0, Last appended: 0.0, Last appended by leader: 0, Current term: 1, Majority size: 2, State: 0, Mode: LEADER, active raft config: opid_index: -1 OBSOLETE_local: false peers { permanent_uuid: "d7e4c153959b4c86b9dcb5a3441a879a" member_type: VOTER last_known_addr { host: "127.17.88.1" port: 47831 } } peers { permanent_uuid: "b141e05cb0444865b490089e568edadc" member_type: VOTER last_known_addr { host: "127.17.88.3" port: 49899 } } peers { permanent_uuid: "d2767dd0c676459aa9c2533260fc9d46" member_type: VOTER last_known_addr { host: "127.17.88.2" port: 58101 } }
I0516 22:02:32.739593 18134 leader_election.cc:379] T f2d85aa48a984f07a36195498f0f3754 P d2767dd0c676459aa9c2533260fc9d46 [CANDIDATE]: Term 1 pre-election: Vote granted by peer b141e05cb0444865b490089e568edadc (127.17.88.3:49899)
I0516 22:02:32.739784 18063 leader_election.cc:379] T f2d85aa48a984f07a36195498f0f3754 P d7e4c153959b4c86b9dcb5a3441a879a [CANDIDATE]: Term 1 pre-election: Vote granted by peer d2767dd0c676459aa9c2533260fc9d46 (127.17.88.2:58101)
I0516 22:02:32.739854 18063 leader_election.cc:270] T f2d85aa48a984f07a36195498f0f3754 P d7e4c153959b4c86b9dcb5a3441a879a [CANDIDATE]: Term 1 pre-election: Election decided. Result: candidate won.
I0516 22:02:32.739944 18290 raft_consensus.cc:457] T f2d85aa48a984f07a36195498f0f3754 P d2767dd0c676459aa9c2533260fc9d46 [term 1 FOLLOWER]: Starting leader election with config: opid_index: -1 OBSOLETE_local: false peers { permanent_uuid: "d7e4c153959b4c86b9dcb5a3441a879a" member_type: VOTER last_known_addr { host: "127.17.88.1" port: 47831 } } peers { permanent_uuid: "d2767dd0c676459aa9c2533260fc9d46" member_type: VOTER last_known_addr { host: "127.17.88.2" port: 58101 } } peers { permanent_uuid: "b141e05cb0444865b490089e568edadc" member_type: VOTER last_known_addr { host: "127.17.88.3" port: 49899 } }
I0516 22:02:32.740118 18100 raft_consensus.cc:2756] T 50f4658409f4467d91579fefb4bbc4af P d7e4c153959b4c86b9dcb5a3441a879a [term 0 FOLLOWER]: Advancing to term 1
I0516 22:02:32.740173 18100 raft_consensus.cc:2704] T 50f4658409f4467d91579fefb4bbc4af P d7e4c153959b4c86b9dcb5a3441a879a: Snoozing failure detection for 2.020s (vote granted)
I0516 22:02:32.740042 18066 leader_election.cc:379] T f2d85aa48a984f07a36195498f0f3754 P d7e4c153959b4c86b9dcb5a3441a879a [CANDIDATE]: Term 1 pre-election: Vote granted by peer b141e05cb0444865b490089e568edadc (127.17.88.3:49899)
I0516 22:02:32.740319 18323 raft_consensus.cc:2704] T f2d85aa48a984f07a36195498f0f3754 P d7e4c153959b4c86b9dcb5a3441a879a: Snoozing failure detection for 2.209s (election complete)
I0516 22:02:32.740233 18290 leader_election.cc:243] T f2d85aa48a984f07a36195498f0f3754 P d2767dd0c676459aa9c2533260fc9d46 [CANDIDATE]: Term 1 election: Requesting vote from peer d7e4c153959b4c86b9dcb5a3441a879a (127.17.88.1:47831)
I0516 22:02:32.741710 18200 leader_election.cc:379] T 00efb34f943d4fa88ec6dcd181ee5c96 P b141e05cb0444865b490089e568edadc [CANDIDATE]: Term 1 election: Vote granted by peer d7e4c153959b4c86b9dcb5a3441a879a (127.17.88.1:47831)
I0516 22:02:32.742326 18290 leader_election.cc:243] T f2d85aa48a984f07a36195498f0f3754 P d2767dd0c676459aa9c2533260fc9d46 [CANDIDATE]: Term 1 election: Requesting vote from peer b141e05cb0444865b490089e568edadc (127.17.88.3:49899)
I0516 22:02:32.742949 18323 raft_consensus.cc:2511] T f2d85aa48a984f07a36195498f0f3754 P d7e4c153959b4c86b9dcb5a3441a879a [term 0 FOLLOWER]: Leader pre-election won for term 1
I0516 22:02:32.742926 18099 tablet_service.cc:998] Received RequestConsensusVote() RPC: tablet_id: "f2d85aa48a984f07a36195498f0f3754" candidate_uuid: "d2767dd0c676459aa9c2533260fc9d46" candidate_term: 1 candidate_status { last_received { term: 0 index: 0 } } ignore_live_leader: false dest_uuid: "d7e4c153959b4c86b9dcb5a3441a879a"
I0516 22:02:32.743067 18323 raft_consensus.cc:435] T f2d85aa48a984f07a36195498f0f3754 P d7e4c153959b4c86b9dcb5a3441a879a [term 0 FOLLOWER]: Starting leader election (no leader contacted us within the election timeout)
I0516 22:02:32.742913 18237 tablet_service.cc:998] Received RequestConsensusVote() RPC: tablet_id: "f2d85aa48a984f07a36195498f0f3754" candidate_uuid: "d2767dd0c676459aa9c2533260fc9d46" candidate_term: 1 candidate_status { last_received { term: 0 index: 0 } } ignore_live_leader: false dest_uuid: "b141e05cb0444865b490089e568edadc"
I0516 22:02:32.742954 18018 catalog_manager.cc:3686] T 00efb34f943d4fa88ec6dcd181ee5c96 P b141e05cb0444865b490089e568edadc reported cstate change: term changed from 0 to 1, leader changed from to b141e05cb0444865b490089e568edadc (127.17.88.3). New cstate: current_term: 1 leader_uuid: "b141e05cb0444865b490089e568edadc" committed_config { opid_index: -1 OBSOLETE_local: false peers { permanent_uuid: "d2767dd0c676459aa9c2533260fc9d46" member_type: VOTER last_known_addr { host: "127.17.88.2" port: 58101 } health_report { overall_health: UNKNOWN } } peers { permanent_uuid: "d7e4c153959b4c86b9dcb5a3441a879a" member_type: VOTER last_known_addr { host: "127.17.88.1" port: 47831 } health_report { overall_health: UNKNOWN } } peers { permanent_uuid: "b141e05cb0444865b490089e568edadc" member_type: VOTER last_known_addr { host: "127.17.88.3" port: 49899 } health_report { overall_health: HEALTHY } } }
I0516 22:02:32.744232 18100 raft_consensus.cc:2219] T 50f4658409f4467d91579fefb4bbc4af P d7e4c153959b4c86b9dcb5a3441a879a [term 1 FOLLOWER]: Leader election vote request: Granting yes vote for candidate b141e05cb0444865b490089e568edadc in term 1.
I0516 22:02:32.744412 18285 raft_consensus.cc:435] T f970f063780d4349888d8fd439beb0a0 P b141e05cb0444865b490089e568edadc [term 0 FOLLOWER]: Starting pre-election (no leader contacted us within the election timeout)
I0516 22:02:32.744470 18285 raft_consensus.cc:2704] T f970f063780d4349888d8fd439beb0a0 P b141e05cb0444865b490089e568edadc: Snoozing failure detection for 1.867s (starting election)
I0516 22:02:32.744576 18200 leader_election.cc:379] T 50f4658409f4467d91579fefb4bbc4af P b141e05cb0444865b490089e568edadc [CANDIDATE]: Term 1 election: Vote granted by peer d7e4c153959b4c86b9dcb5a3441a879a (127.17.88.1:47831)
I0516 22:02:32.744537 18285 raft_consensus.cc:457] T f970f063780d4349888d8fd439beb0a0 P b141e05cb0444865b490089e568edadc [term 0 FOLLOWER]: Starting pre-election with config: opid_index: -1 OBSOLETE_local: false peers { permanent_uuid: "d7e4c153959b4c86b9dcb5a3441a879a" member_type: VOTER last_known_addr { host: "127.17.88.1" port: 47831 } } peers { permanent_uuid: "d2767dd0c676459aa9c2533260fc9d46" member_type: VOTER last_known_addr { host: "127.17.88.2" port: 58101 } } peers { permanent_uuid: "b141e05cb0444865b490089e568edadc" member_type: VOTER last_known_addr { host: "127.17.88.3" port: 49899 } }
I0516 22:02:32.744730 18237 raft_consensus.cc:2756] T f2d85aa48a984f07a36195498f0f3754 P b141e05cb0444865b490089e568edadc [term 0 FOLLOWER]: Advancing to term 1
I0516 22:02:32.744782 18285 leader_election.cc:243] T f970f063780d4349888d8fd439beb0a0 P b141e05cb0444865b490089e568edadc [CANDIDATE]: Term 1 pre-election: Requesting pre-vote from peer d7e4c153959b4c86b9dcb5a3441a879a (127.17.88.1:47831)
I0516 22:02:32.744794 18237 raft_consensus.cc:2704] T f2d85aa48a984f07a36195498f0f3754 P b141e05cb0444865b490089e568edadc: Snoozing failure detection for 2.008s (vote granted)
I0516 22:02:32.745168 18100 tablet_service.cc:998] Received RequestConsensusVote() RPC: tablet_id: "f970f063780d4349888d8fd439beb0a0" candidate_uuid: "b141e05cb0444865b490089e568edadc" candidate_term: 1 candidate_status { last_received { term: 0 index: 0 } } ignore_live_leader: false dest_uuid: "d7e4c153959b4c86b9dcb5a3441a879a" is_pre_election: true
I0516 22:02:32.745301 18100 raft_consensus.cc:2704] T f970f063780d4349888d8fd439beb0a0 P d7e4c153959b4c86b9dcb5a3441a879a: Snoozing failure detection for 1.899s (vote granted)
I0516 22:02:32.745344 18100 raft_consensus.cc:2219] T f970f063780d4349888d8fd439beb0a0 P d7e4c153959b4c86b9dcb5a3441a879a [term 0 FOLLOWER]: Leader pre-election vote request: Granting yes vote for candidate b141e05cb0444865b490089e568edadc in term 0.
I0516 22:02:32.745610 18200 leader_election.cc:379] T f970f063780d4349888d8fd439beb0a0 P b141e05cb0444865b490089e568edadc [CANDIDATE]: Term 1 pre-election: Vote granted by peer d7e4c153959b4c86b9dcb5a3441a879a (127.17.88.1:47831)
I0516 22:02:32.745607 18323 raft_consensus.cc:2704] T f2d85aa48a984f07a36195498f0f3754 P d7e4c153959b4c86b9dcb5a3441a879a: Snoozing failure detection for 1.548s (starting election)
I0516 22:02:32.745663 18200 leader_election.cc:270] T f970f063780d4349888d8fd439beb0a0 P b141e05cb0444865b490089e568edadc [CANDIDATE]: Term 1 pre-election: Election decided. Result: candidate won.
I0516 22:02:32.745692 18323 raft_consensus.cc:2756] T f2d85aa48a984f07a36195498f0f3754 P d7e4c153959b4c86b9dcb5a3441a879a [term 0 FOLLOWER]: Advancing to term 1
I0516 22:02:32.745851 18326 raft_consensus.cc:2704] T f970f063780d4349888d8fd439beb0a0 P b141e05cb0444865b490089e568edadc: Snoozing failure detection for 1.613s (election complete)
I0516 22:02:32.745899 18326 raft_consensus.cc:2511] T f970f063780d4349888d8fd439beb0a0 P b141e05cb0444865b490089e568edadc [term 0 FOLLOWER]: Leader pre-election won for term 1
I0516 22:02:32.746258 18018 catalog_manager.cc:3686] T 50f4658409f4467d91579fefb4bbc4af P b141e05cb0444865b490089e568edadc reported cstate change: term changed from 0 to 1, leader changed from to b141e05cb0444865b490089e568edadc (127.17.88.3). New cstate: current_term: 1 leader_uuid: "b141e05cb0444865b490089e568edadc" committed_config { opid_index: -1 OBSOLETE_local: false peers { permanent_uuid: "d7e4c153959b4c86b9dcb5a3441a879a" member_type: VOTER last_known_addr { host: "127.17.88.1" port: 47831 } health_report { overall_health: UNKNOWN } } peers { permanent_uuid: "b141e05cb0444865b490089e568edadc" member_type: VOTER last_known_addr { host: "127.17.88.3" port: 49899 } health_report { overall_health: HEALTHY } } peers { permanent_uuid: "d2767dd0c676459aa9c2533260fc9d46" member_type: VOTER last_known_addr { host: "127.17.88.2" port: 58101 } health_report { overall_health: UNKNOWN } } }
I0516 22:02:32.746565 18326 raft_consensus.cc:435] T f970f063780d4349888d8fd439beb0a0 P b141e05cb0444865b490089e568edadc [term 0 FOLLOWER]: Starting leader election (no leader contacted us within the election timeout)
I0516 22:02:32.746619 18326 raft_consensus.cc:2704] T f970f063780d4349888d8fd439beb0a0 P b141e05cb0444865b490089e568edadc: Snoozing failure detection for 2.105s (starting election)
I0516 22:02:32.746706 18326 raft_consensus.cc:2756] T f970f063780d4349888d8fd439beb0a0 P b141e05cb0444865b490089e568edadc [term 0 FOLLOWER]: Advancing to term 1
I0516 22:02:32.746832 18237 raft_consensus.cc:2219] T f2d85aa48a984f07a36195498f0f3754 P b141e05cb0444865b490089e568edadc [term 1 FOLLOWER]: Leader election vote request: Granting yes vote for candidate d2767dd0c676459aa9c2533260fc9d46 in term 1.
I0516 22:02:32.747057 18134 leader_election.cc:379] T f2d85aa48a984f07a36195498f0f3754 P d2767dd0c676459aa9c2533260fc9d46 [CANDIDATE]: Term 1 election: Vote granted by peer b141e05cb0444865b490089e568edadc (127.17.88.3:49899)
I0516 22:02:32.747169 18134 leader_election.cc:270] T f2d85aa48a984f07a36195498f0f3754 P d2767dd0c676459aa9c2533260fc9d46 [CANDIDATE]: Term 1 election: Election decided. Result: candidate won.
I0516 22:02:32.747356 18290 raft_consensus.cc:2704] T f2d85aa48a984f07a36195498f0f3754 P d2767dd0c676459aa9c2533260fc9d46: Snoozing failure detection for 1.776s (election complete)
I0516 22:02:32.747414 18290 raft_consensus.cc:2511] T f2d85aa48a984f07a36195498f0f3754 P d2767dd0c676459aa9c2533260fc9d46 [term 1 FOLLOWER]: Leader election won for term 1
I0516 22:02:32.747500 18290 raft_consensus.cc:571] T f2d85aa48a984f07a36195498f0f3754 P d2767dd0c676459aa9c2533260fc9d46 [term 1 LEADER]: Becoming Leader. State: Replica: d2767dd0c676459aa9c2533260fc9d46, State: Running, Role: LEADER
I0516 22:02:32.747647 18290 consensus_queue.cc:204] T f2d85aa48a984f07a36195498f0f3754 P d2767dd0c676459aa9c2533260fc9d46 [LEADER]: Queue going to LEADER mode. State: All replicated index: 0, Majority replicated index: 0, Committed index: 0, Last appended: 0.0, Last appended by leader: 0, Current term: 1, Majority size: 2, State: 0, Mode: LEADER, active raft config: opid_index: -1 OBSOLETE_local: false peers { permanent_uuid: "d7e4c153959b4c86b9dcb5a3441a879a" member_type: VOTER last_known_addr { host: "127.17.88.1" port: 47831 } } peers { permanent_uuid: "d2767dd0c676459aa9c2533260fc9d46" member_type: VOTER last_known_addr { host: "127.17.88.2" port: 58101 } } peers { permanent_uuid: "b141e05cb0444865b490089e568edadc" member_type: VOTER last_known_addr { host: "127.17.88.3" port: 49899 } }
I0516 22:02:32.748040 18285 leader_election.cc:243] T f970f063780d4349888d8fd439beb0a0 P b141e05cb0444865b490089e568edadc [CANDIDATE]: Term 1 pre-election: Requesting pre-vote from peer d2767dd0c676459aa9c2533260fc9d46 (127.17.88.2:58101)
I0516 22:02:32.748495 18170 tablet_service.cc:998] Received RequestConsensusVote() RPC: tablet_id: "f970f063780d4349888d8fd439beb0a0" candidate_uuid: "b141e05cb0444865b490089e568edadc" candidate_term: 1 candidate_status { last_received { term: 0 index: 0 } } ignore_live_leader: false dest_uuid: "d2767dd0c676459aa9c2533260fc9d46" is_pre_election: true
I0516 22:02:32.748644 18170 raft_consensus.cc:2704] T f970f063780d4349888d8fd439beb0a0 P d2767dd0c676459aa9c2533260fc9d46: Snoozing failure detection for 1.979s (vote granted)
I0516 22:02:32.748728 18170 raft_consensus.cc:2219] T f970f063780d4349888d8fd439beb0a0 P d2767dd0c676459aa9c2533260fc9d46 [term 0 FOLLOWER]: Leader pre-election vote request: Granting yes vote for candidate b141e05cb0444865b490089e568edadc in term 0.
I0516 22:02:32.748960 18198 leader_election.cc:379] T f970f063780d4349888d8fd439beb0a0 P b141e05cb0444865b490089e568edadc [CANDIDATE]: Term 1 pre-election: Vote granted by peer d2767dd0c676459aa9c2533260fc9d46 (127.17.88.2:58101)
I0516 22:02:32.749012 18323 raft_consensus.cc:457] T f2d85aa48a984f07a36195498f0f3754 P d7e4c153959b4c86b9dcb5a3441a879a [term 1 FOLLOWER]: Starting leader election with config: opid_index: -1 OBSOLETE_local: false peers { permanent_uuid: "d7e4c153959b4c86b9dcb5a3441a879a" member_type: VOTER last_known_addr { host: "127.17.88.1" port: 47831 } } peers { permanent_uuid: "d2767dd0c676459aa9c2533260fc9d46" member_type: VOTER last_known_addr { host: "127.17.88.2" port: 58101 } } peers { permanent_uuid: "b141e05cb0444865b490089e568edadc" member_type: VOTER last_known_addr { host: "127.17.88.3" port: 49899 } }
I0516 22:02:32.748945 18018 catalog_manager.cc:3686] T f2d85aa48a984f07a36195498f0f3754 P d2767dd0c676459aa9c2533260fc9d46 reported cstate change: term changed from 0 to 1, leader changed from to d2767dd0c676459aa9c2533260fc9d46 (127.17.88.2). New cstate: current_term: 1 leader_uuid: "d2767dd0c676459aa9c2533260fc9d46" committed_config { opid_index: -1 OBSOLETE_local: false peers { permanent_uuid: "d7e4c153959b4c86b9dcb5a3441a879a" member_type: VOTER last_known_addr { host: "127.17.88.1" port: 47831 } health_report { overall_health: UNKNOWN } } peers { permanent_uuid: "d2767dd0c676459aa9c2533260fc9d46" member_type: VOTER last_known_addr { host: "127.17.88.2" port: 58101 } health_report { overall_health: HEALTHY } } peers { permanent_uuid: "b141e05cb0444865b490089e568edadc" member_type: VOTER last_known_addr { host: "127.17.88.3" port: 49899 } health_report { overall_health: UNKNOWN } } }
I0516 22:02:32.749588 18099 raft_consensus.cc:2149] T f2d85aa48a984f07a36195498f0f3754 P d7e4c153959b4c86b9dcb5a3441a879a [term 1 FOLLOWER]: Leader election vote request: Denying vote to candidate d2767dd0c676459aa9c2533260fc9d46 in current term 1: Already voted for candidate d7e4c153959b4c86b9dcb5a3441a879a in this term.
I0516 22:02:32.749750 18326 raft_consensus.cc:457] T f970f063780d4349888d8fd439beb0a0 P b141e05cb0444865b490089e568edadc [term 1 FOLLOWER]: Starting leader election with config: opid_index: -1 OBSOLETE_local: false peers { permanent_uuid: "d7e4c153959b4c86b9dcb5a3441a879a" member_type: VOTER last_known_addr { host: "127.17.88.1" port: 47831 } } peers { permanent_uuid: "d2767dd0c676459aa9c2533260fc9d46" member_type: VOTER last_known_addr { host: "127.17.88.2" port: 58101 } } peers { permanent_uuid: "b141e05cb0444865b490089e568edadc" member_type: VOTER last_known_addr { host: "127.17.88.3" port: 49899 } }
I0516 22:02:32.750025 18326 leader_election.cc:243] T f970f063780d4349888d8fd439beb0a0 P b141e05cb0444865b490089e568edadc [CANDIDATE]: Term 1 election: Requesting vote from peer d7e4c153959b4c86b9dcb5a3441a879a (127.17.88.1:47831)
I0516 22:02:32.750032 18133 leader_election.cc:393] T f2d85aa48a984f07a36195498f0f3754 P d2767dd0c676459aa9c2533260fc9d46 [CANDIDATE]: Term 1 election: Vote denied by peer d7e4c153959b4c86b9dcb5a3441a879a (127.17.88.1:47831). Message: Invalid argument: T f2d85aa48a984f07a36195498f0f3754 P d7e4c153959b4c86b9dcb5a3441a879a [term 1 FOLLOWER]: Leader election vote request: Denying vote to candidate d2767dd0c676459aa9c2533260fc9d46 in current term 1: Already voted for candidate d7e4c153959b4c86b9dcb5a3441a879a in this term.
I0516 22:02:32.750229 18323 leader_election.cc:243] T f2d85aa48a984f07a36195498f0f3754 P d7e4c153959b4c86b9dcb5a3441a879a [CANDIDATE]: Term 1 election: Requesting vote from peer d2767dd0c676459aa9c2533260fc9d46 (127.17.88.2:58101)
I0516 22:02:32.750267 18326 leader_election.cc:243] T f970f063780d4349888d8fd439beb0a0 P b141e05cb0444865b490089e568edadc [CANDIDATE]: Term 1 election: Requesting vote from peer d2767dd0c676459aa9c2533260fc9d46 (127.17.88.2:58101)
I0516 22:02:32.750439 18099 tablet_service.cc:998] Received RequestConsensusVote() RPC: tablet_id: "f970f063780d4349888d8fd439beb0a0" candidate_uuid: "b141e05cb0444865b490089e568edadc" candidate_term: 1 candidate_status { last_received { term: 0 index: 0 } } ignore_live_leader: false dest_uuid: "d7e4c153959b4c86b9dcb5a3441a879a"
I0516 22:02:32.750519 18323 leader_election.cc:243] T f2d85aa48a984f07a36195498f0f3754 P d7e4c153959b4c86b9dcb5a3441a879a [CANDIDATE]: Term 1 election: Requesting vote from peer b141e05cb0444865b490089e568edadc (127.17.88.3:49899)
I0516 22:02:32.750571 18099 raft_consensus.cc:2756] T f970f063780d4349888d8fd439beb0a0 P d7e4c153959b4c86b9dcb5a3441a879a [term 0 FOLLOWER]: Advancing to term 1
I0516 22:02:32.750635 18099 raft_consensus.cc:2704] T f970f063780d4349888d8fd439beb0a0 P d7e4c153959b4c86b9dcb5a3441a879a: Snoozing failure detection for 1.750s (vote granted)
I0516 22:02:32.750680 18170 tablet_service.cc:998] Received RequestConsensusVote() RPC: tablet_id: "f970f063780d4349888d8fd439beb0a0" candidate_uuid: "b141e05cb0444865b490089e568edadc" candidate_term: 1 candidate_status { last_received { term: 0 index: 0 } } ignore_live_leader: false dest_uuid: "d2767dd0c676459aa9c2533260fc9d46"
I0516 22:02:32.750802 18170 raft_consensus.cc:2756] T f970f063780d4349888d8fd439beb0a0 P d2767dd0c676459aa9c2533260fc9d46 [term 0 FOLLOWER]: Advancing to term 1
I0516 22:02:32.750854 18170 raft_consensus.cc:2704] T f970f063780d4349888d8fd439beb0a0 P d2767dd0c676459aa9c2533260fc9d46: Snoozing failure detection for 2.166s (vote granted)
I0516 22:02:32.750995 18237 tablet_service.cc:998] Received RequestConsensusVote() RPC: tablet_id: "f2d85aa48a984f07a36195498f0f3754" candidate_uuid: "d7e4c153959b4c86b9dcb5a3441a879a" candidate_term: 1 candidate_status { last_received { term: 0 index: 0 } } ignore_live_leader: false dest_uuid: "b141e05cb0444865b490089e568edadc"
I0516 22:02:32.751128 18237 raft_consensus.cc:2149] T f2d85aa48a984f07a36195498f0f3754 P b141e05cb0444865b490089e568edadc [term 1 FOLLOWER]: Leader election vote request: Denying vote to candidate d7e4c153959b4c86b9dcb5a3441a879a in current term 1: Already voted for candidate d2767dd0c676459aa9c2533260fc9d46 in this term.
I0516 22:02:32.751426 18066 leader_election.cc:393] T f2d85aa48a984f07a36195498f0f3754 P d7e4c153959b4c86b9dcb5a3441a879a [CANDIDATE]: Term 1 election: Vote denied by peer b141e05cb0444865b490089e568edadc (127.17.88.3:49899). Message: Invalid argument: T f2d85aa48a984f07a36195498f0f3754 P b141e05cb0444865b490089e568edadc [term 1 FOLLOWER]: Leader election vote request: Denying vote to candidate d7e4c153959b4c86b9dcb5a3441a879a in current term 1: Already voted for candidate d2767dd0c676459aa9c2533260fc9d46 in this term.
I0516 22:02:32.752038 18099 raft_consensus.cc:2219] T f970f063780d4349888d8fd439beb0a0 P d7e4c153959b4c86b9dcb5a3441a879a [term 1 FOLLOWER]: Leader election vote request: Granting yes vote for candidate b141e05cb0444865b490089e568edadc in term 1.
I0516 22:02:32.752209 18170 raft_consensus.cc:2219] T f970f063780d4349888d8fd439beb0a0 P d2767dd0c676459aa9c2533260fc9d46 [term 1 FOLLOWER]: Leader election vote request: Granting yes vote for candidate b141e05cb0444865b490089e568edadc in term 1.
I0516 22:02:32.752336 18200 leader_election.cc:379] T f970f063780d4349888d8fd439beb0a0 P b141e05cb0444865b490089e568edadc [CANDIDATE]: Term 1 election: Vote granted by peer d7e4c153959b4c86b9dcb5a3441a879a (127.17.88.1:47831)
I0516 22:02:32.752395 18200 leader_election.cc:270] T f970f063780d4349888d8fd439beb0a0 P b141e05cb0444865b490089e568edadc [CANDIDATE]: Term 1 election: Election decided. Result: candidate won.
I0516 22:02:32.752420 18168 tablet_service.cc:998] Received RequestConsensusVote() RPC: tablet_id: "f2d85aa48a984f07a36195498f0f3754" candidate_uuid: "d7e4c153959b4c86b9dcb5a3441a879a" candidate_term: 1 candidate_status { last_received { term: 0 index: 0 } } ignore_live_leader: false dest_uuid: "d2767dd0c676459aa9c2533260fc9d46"
I0516 22:02:32.752559 18168 raft_consensus.cc:2180] T f2d85aa48a984f07a36195498f0f3754 P d2767dd0c676459aa9c2533260fc9d46 [term 1 LEADER]: Leader election vote request: Denying vote to candidate d7e4c153959b4c86b9dcb5a3441a879a for term 1 because replica is either leader or believes a valid leader to be alive.
I0516 22:02:32.752564 18285 raft_consensus.cc:2704] T f970f063780d4349888d8fd439beb0a0 P b141e05cb0444865b490089e568edadc: Snoozing failure detection for 2.230s (election complete)
I0516 22:02:32.752642 18285 raft_consensus.cc:2511] T f970f063780d4349888d8fd439beb0a0 P b141e05cb0444865b490089e568edadc [term 1 FOLLOWER]: Leader election won for term 1
I0516 22:02:32.752708 18285 raft_consensus.cc:571] T f970f063780d4349888d8fd439beb0a0 P b141e05cb0444865b490089e568edadc [term 1 LEADER]: Becoming Leader. State: Replica: b141e05cb0444865b490089e568edadc, State: Running, Role: LEADER
I0516 22:02:32.752918 18063 leader_election.cc:393] T f2d85aa48a984f07a36195498f0f3754 P d7e4c153959b4c86b9dcb5a3441a879a [CANDIDATE]: Term 1 election: Vote denied by peer d2767dd0c676459aa9c2533260fc9d46 (127.17.88.2:58101). Message: Invalid argument: T f2d85aa48a984f07a36195498f0f3754 P d2767dd0c676459aa9c2533260fc9d46 [term 1 LEADER]: Leader election vote request: Denying vote to candidate d7e4c153959b4c86b9dcb5a3441a879a for term 1 because replica is either leader or believes a valid leader to be alive.
I0516 22:02:32.752979 18063 leader_election.cc:270] T f2d85aa48a984f07a36195498f0f3754 P d7e4c153959b4c86b9dcb5a3441a879a [CANDIDATE]: Term 1 election: Election decided. Result: candidate lost.
I0516 22:02:32.752843 18285 consensus_queue.cc:204] T f970f063780d4349888d8fd439beb0a0 P b141e05cb0444865b490089e568edadc [LEADER]: Queue going to LEADER mode. State: All replicated index: 0, Majority replicated index: 0, Committed index: 0, Last appended: 0.0, Last appended by leader: 0, Current term: 1, Majority size: 2, State: 0, Mode: LEADER, active raft config: opid_index: -1 OBSOLETE_local: false peers { permanent_uuid: "d7e4c153959b4c86b9dcb5a3441a879a" member_type: VOTER last_known_addr { host: "127.17.88.1" port: 47831 } } peers { permanent_uuid: "d2767dd0c676459aa9c2533260fc9d46" member_type: VOTER last_known_addr { host: "127.17.88.2" port: 58101 } } peers { permanent_uuid: "b141e05cb0444865b490089e568edadc" member_type: VOTER last_known_addr { host: "127.17.88.3" port: 49899 } }
I0516 22:02:32.753111 18323 raft_consensus.cc:2704] T f2d85aa48a984f07a36195498f0f3754 P d7e4c153959b4c86b9dcb5a3441a879a: Snoozing failure detection for 1.534s (election complete)
I0516 22:02:32.753177 18323 raft_consensus.cc:2459] T f2d85aa48a984f07a36195498f0f3754 P d7e4c153959b4c86b9dcb5a3441a879a [term 1 FOLLOWER]: Leader election lost for term 1. Reason: could not achieve majority
I0516 22:02:32.753206 18198 leader_election.cc:379] T f970f063780d4349888d8fd439beb0a0 P b141e05cb0444865b490089e568edadc [CANDIDATE]: Term 1 election: Vote granted by peer d2767dd0c676459aa9c2533260fc9d46 (127.17.88.2:58101)
I0516 22:02:32.753690 18323 raft_consensus.cc:435] T d744b1d6ab5c4844bd636ab76a6c3bee P d7e4c153959b4c86b9dcb5a3441a879a [term 0 FOLLOWER]: Starting pre-election (no leader contacted us within the election timeout)
I0516 22:02:32.753768 18323 raft_consensus.cc:2704] T d744b1d6ab5c4844bd636ab76a6c3bee P d7e4c153959b4c86b9dcb5a3441a879a: Snoozing failure detection for 1.660s (starting election)
I0516 22:02:32.753834 18323 raft_consensus.cc:457] T d744b1d6ab5c4844bd636ab76a6c3bee P d7e4c153959b4c86b9dcb5a3441a879a [term 0 FOLLOWER]: Starting pre-election with config: opid_index: -1 OBSOLETE_local: false peers { permanent_uuid: "d2767dd0c676459aa9c2533260fc9d46" member_type: VOTER last_known_addr { host: "127.17.88.2" port: 58101 } } peers { permanent_uuid: "d7e4c153959b4c86b9dcb5a3441a879a" member_type: VOTER last_known_addr { host: "127.17.88.1" port: 47831 } } peers { permanent_uuid: "b141e05cb0444865b490089e568edadc" member_type: VOTER last_known_addr { host: "127.17.88.3" port: 49899 } }
I0516 22:02:32.754107 18323 leader_election.cc:243] T d744b1d6ab5c4844bd636ab76a6c3bee P d7e4c153959b4c86b9dcb5a3441a879a [CANDIDATE]: Term 1 pre-election: Requesting pre-vote from peer d2767dd0c676459aa9c2533260fc9d46 (127.17.88.2:58101)
I0516 22:02:32.754240 18323 leader_election.cc:243] T d744b1d6ab5c4844bd636ab76a6c3bee P d7e4c153959b4c86b9dcb5a3441a879a [CANDIDATE]: Term 1 pre-election: Requesting pre-vote from peer b141e05cb0444865b490089e568edadc (127.17.88.3:49899)
I0516 22:02:32.754238 18018 catalog_manager.cc:3686] T f970f063780d4349888d8fd439beb0a0 P b141e05cb0444865b490089e568edadc reported cstate change: term changed from 0 to 1, leader changed from to b141e05cb0444865b490089e568edadc (127.17.88.3). New cstate: current_term: 1 leader_uuid: "b141e05cb0444865b490089e568edadc" committed_config { opid_index: -1 OBSOLETE_local: false peers { permanent_uuid: "d7e4c153959b4c86b9dcb5a3441a879a" member_type: VOTER last_known_addr { host: "127.17.88.1" port: 47831 } health_report { overall_health: UNKNOWN } } peers { permanent_uuid: "d2767dd0c676459aa9c2533260fc9d46" member_type: VOTER last_known_addr { host: "127.17.88.2" port: 58101 } health_report { overall_health: UNKNOWN } } peers { permanent_uuid: "b141e05cb0444865b490089e568edadc" member_type: VOTER last_known_addr { host: "127.17.88.3" port: 49899 } health_report { overall_health: HEALTHY } } }
I0516 22:02:32.754520 18168 tablet_service.cc:998] Received RequestConsensusVote() RPC: tablet_id: "d744b1d6ab5c4844bd636ab76a6c3bee" candidate_uuid: "d7e4c153959b4c86b9dcb5a3441a879a" candidate_term: 1 candidate_status { last_received { term: 0 index: 0 } } ignore_live_leader: false dest_uuid: "d2767dd0c676459aa9c2533260fc9d46" is_pre_election: true
I0516 22:02:32.754642 18168 raft_consensus.cc:2704] T d744b1d6ab5c4844bd636ab76a6c3bee P d2767dd0c676459aa9c2533260fc9d46: Snoozing failure detection for 1.608s (vote granted)
I0516 22:02:32.754694 18168 raft_consensus.cc:2219] T d744b1d6ab5c4844bd636ab76a6c3bee P d2767dd0c676459aa9c2533260fc9d46 [term 0 FOLLOWER]: Leader pre-election vote request: Granting yes vote for candidate d7e4c153959b4c86b9dcb5a3441a879a in term 0.
I0516 22:02:32.754664 18237 tablet_service.cc:998] Received RequestConsensusVote() RPC: tablet_id: "d744b1d6ab5c4844bd636ab76a6c3bee" candidate_uuid: "d7e4c153959b4c86b9dcb5a3441a879a" candidate_term: 1 candidate_status { last_received { term: 0 index: 0 } } ignore_live_leader: false dest_uuid: "b141e05cb0444865b490089e568edadc" is_pre_election: true
I0516 22:02:32.754794 18237 raft_consensus.cc:2704] T d744b1d6ab5c4844bd636ab76a6c3bee P b141e05cb0444865b490089e568edadc: Snoozing failure detection for 1.916s (vote granted)
I0516 22:02:32.754843 18237 raft_consensus.cc:2219] T d744b1d6ab5c4844bd636ab76a6c3bee P b141e05cb0444865b490089e568edadc [term 0 FOLLOWER]: Leader pre-election vote request: Granting yes vote for candidate d7e4c153959b4c86b9dcb5a3441a879a in term 0.
I0516 22:02:32.754952 18063 leader_election.cc:379] T d744b1d6ab5c4844bd636ab76a6c3bee P d7e4c153959b4c86b9dcb5a3441a879a [CANDIDATE]: Term 1 pre-election: Vote granted by peer d2767dd0c676459aa9c2533260fc9d46 (127.17.88.2:58101)
I0516 22:02:32.755002 18063 leader_election.cc:270] T d744b1d6ab5c4844bd636ab76a6c3bee P d7e4c153959b4c86b9dcb5a3441a879a [CANDIDATE]: Term 1 pre-election: Election decided. Result: candidate won.
I0516 22:02:32.755105 18066 leader_election.cc:379] T d744b1d6ab5c4844bd636ab76a6c3bee P d7e4c153959b4c86b9dcb5a3441a879a [CANDIDATE]: Term 1 pre-election: Vote granted by peer b141e05cb0444865b490089e568edadc (127.17.88.3:49899)
I0516 22:02:32.755129 18323 raft_consensus.cc:2704] T d744b1d6ab5c4844bd636ab76a6c3bee P d7e4c153959b4c86b9dcb5a3441a879a: Snoozing failure detection for 1.964s (election complete)
I0516 22:02:32.755177 18323 raft_consensus.cc:2511] T d744b1d6ab5c4844bd636ab76a6c3bee P d7e4c153959b4c86b9dcb5a3441a879a [term 0 FOLLOWER]: Leader pre-election won for term 1
I0516 22:02:32.755244 18323 raft_consensus.cc:435] T d744b1d6ab5c4844bd636ab76a6c3bee P d7e4c153959b4c86b9dcb5a3441a879a [term 0 FOLLOWER]: Starting leader election (no leader contacted us within the election timeout)
I0516 22:02:32.755285 18323 raft_consensus.cc:2704] T d744b1d6ab5c4844bd636ab76a6c3bee P d7e4c153959b4c86b9dcb5a3441a879a: Snoozing failure detection for 1.873s (starting election)
I0516 22:02:32.755326 18323 raft_consensus.cc:2756] T d744b1d6ab5c4844bd636ab76a6c3bee P d7e4c153959b4c86b9dcb5a3441a879a [term 0 FOLLOWER]: Advancing to term 1
I0516 22:02:32.756564 18323 raft_consensus.cc:457] T d744b1d6ab5c4844bd636ab76a6c3bee P d7e4c153959b4c86b9dcb5a3441a879a [term 1 FOLLOWER]: Starting leader election with config: opid_index: -1 OBSOLETE_local: false peers { permanent_uuid: "d2767dd0c676459aa9c2533260fc9d46" member_type: VOTER last_known_addr { host: "127.17.88.2" port: 58101 } } peers { permanent_uuid: "d7e4c153959b4c86b9dcb5a3441a879a" member_type: VOTER last_known_addr { host: "127.17.88.1" port: 47831 } } peers { permanent_uuid: "b141e05cb0444865b490089e568edadc" member_type: VOTER last_known_addr { host: "127.17.88.3" port: 49899 } }
I0516 22:02:32.756803 18323 leader_election.cc:243] T d744b1d6ab5c4844bd636ab76a6c3bee P d7e4c153959b4c86b9dcb5a3441a879a [CANDIDATE]: Term 1 election: Requesting vote from peer d2767dd0c676459aa9c2533260fc9d46 (127.17.88.2:58101)
I0516 22:02:32.756898 18323 leader_election.cc:243] T d744b1d6ab5c4844bd636ab76a6c3bee P d7e4c153959b4c86b9dcb5a3441a879a [CANDIDATE]: Term 1 election: Requesting vote from peer b141e05cb0444865b490089e568edadc (127.17.88.3:49899)
I0516 22:02:32.757243 18168 tablet_service.cc:998] Received RequestConsensusVote() RPC: tablet_id: "d744b1d6ab5c4844bd636ab76a6c3bee" candidate_uuid: "d7e4c153959b4c86b9dcb5a3441a879a" candidate_term: 1 candidate_status { last_received { term: 0 index: 0 } } ignore_live_leader: false dest_uuid: "d2767dd0c676459aa9c2533260fc9d46"
I0516 22:02:32.757302 18237 tablet_service.cc:998] Received RequestConsensusVote() RPC: tablet_id: "d744b1d6ab5c4844bd636ab76a6c3bee" candidate_uuid: "d7e4c153959b4c86b9dcb5a3441a879a" candidate_term: 1 candidate_status { last_received { term: 0 index: 0 } } ignore_live_leader: false dest_uuid: "b141e05cb0444865b490089e568edadc"
I0516 22:02:32.757362 18168 raft_consensus.cc:2756] T d744b1d6ab5c4844bd636ab76a6c3bee P d2767dd0c676459aa9c2533260fc9d46 [term 0 FOLLOWER]: Advancing to term 1
I0516 22:02:32.757436 18237 raft_consensus.cc:2756] T d744b1d6ab5c4844bd636ab76a6c3bee P b141e05cb0444865b490089e568edadc [term 0 FOLLOWER]: Advancing to term 1
I0516 22:02:32.757448 18168 raft_consensus.cc:2704] T d744b1d6ab5c4844bd636ab76a6c3bee P d2767dd0c676459aa9c2533260fc9d46: Snoozing failure detection for 1.814s (vote granted)
I0516 22:02:32.757501 18237 raft_consensus.cc:2704] T d744b1d6ab5c4844bd636ab76a6c3bee P b141e05cb0444865b490089e568edadc: Snoozing failure detection for 1.595s (vote granted)
I0516 22:02:32.758827 18168 raft_consensus.cc:2219] T d744b1d6ab5c4844bd636ab76a6c3bee P d2767dd0c676459aa9c2533260fc9d46 [term 1 FOLLOWER]: Leader election vote request: Granting yes vote for candidate d7e4c153959b4c86b9dcb5a3441a879a in term 1.
I0516 22:02:32.759079 18237 raft_consensus.cc:2219] T d744b1d6ab5c4844bd636ab76a6c3bee P b141e05cb0444865b490089e568edadc [term 1 FOLLOWER]: Leader election vote request: Granting yes vote for candidate d7e4c153959b4c86b9dcb5a3441a879a in term 1.
I0516 22:02:32.759094 18063 leader_election.cc:379] T d744b1d6ab5c4844bd636ab76a6c3bee P d7e4c153959b4c86b9dcb5a3441a879a [CANDIDATE]: Term 1 election: Vote granted by peer d2767dd0c676459aa9c2533260fc9d46 (127.17.88.2:58101)
I0516 22:02:32.759217 18063 leader_election.cc:270] T d744b1d6ab5c4844bd636ab76a6c3bee P d7e4c153959b4c86b9dcb5a3441a879a [CANDIDATE]: Term 1 election: Election decided. Result: candidate won.
I0516 22:02:32.759415 18323 raft_consensus.cc:2704] T d744b1d6ab5c4844bd636ab76a6c3bee P d7e4c153959b4c86b9dcb5a3441a879a: Snoozing failure detection for 1.705s (election complete)
I0516 22:02:32.759419 18066 leader_election.cc:379] T d744b1d6ab5c4844bd636ab76a6c3bee P d7e4c153959b4c86b9dcb5a3441a879a [CANDIDATE]: Term 1 election: Vote granted by peer b141e05cb0444865b490089e568edadc (127.17.88.3:49899)
I0516 22:02:32.759472 18323 raft_consensus.cc:2511] T d744b1d6ab5c4844bd636ab76a6c3bee P d7e4c153959b4c86b9dcb5a3441a879a [term 1 FOLLOWER]: Leader election won for term 1
I0516 22:02:32.759558 18323 raft_consensus.cc:571] T d744b1d6ab5c4844bd636ab76a6c3bee P d7e4c153959b4c86b9dcb5a3441a879a [term 1 LEADER]: Becoming Leader. State: Replica: d7e4c153959b4c86b9dcb5a3441a879a, State: Running, Role: LEADER
I0516 22:02:32.759681 18323 consensus_queue.cc:204] T d744b1d6ab5c4844bd636ab76a6c3bee P d7e4c153959b4c86b9dcb5a3441a879a [LEADER]: Queue going to LEADER mode. State: All replicated index: 0, Majority replicated index: 0, Committed index: 0, Last appended: 0.0, Last appended by leader: 0, Current term: 1, Majority size: 2, State: 0, Mode: LEADER, active raft config: opid_index: -1 OBSOLETE_local: false peers { permanent_uuid: "d2767dd0c676459aa9c2533260fc9d46" member_type: VOTER last_known_addr { host: "127.17.88.2" port: 58101 } } peers { permanent_uuid: "d7e4c153959b4c86b9dcb5a3441a879a" member_type: VOTER last_known_addr { host: "127.17.88.1" port: 47831 } } peers { permanent_uuid: "b141e05cb0444865b490089e568edadc" member_type: VOTER last_known_addr { host: "127.17.88.3" port: 49899 } }
I0516 22:02:32.760998 18018 catalog_manager.cc:3686] T d744b1d6ab5c4844bd636ab76a6c3bee P d7e4c153959b4c86b9dcb5a3441a879a reported cstate change: term changed from 0 to 1, leader changed from to d7e4c153959b4c86b9dcb5a3441a879a (127.17.88.1). New cstate: current_term: 1 leader_uuid: "d7e4c153959b4c86b9dcb5a3441a879a" committed_config { opid_index: -1 OBSOLETE_local: false peers { permanent_uuid: "d2767dd0c676459aa9c2533260fc9d46" member_type: VOTER last_known_addr { host: "127.17.88.2" port: 58101 } health_report { overall_health: UNKNOWN } } peers { permanent_uuid: "d7e4c153959b4c86b9dcb5a3441a879a" member_type: VOTER last_known_addr { host: "127.17.88.1" port: 47831 } health_report { overall_health: HEALTHY } } peers { permanent_uuid: "b141e05cb0444865b490089e568edadc" member_type: VOTER last_known_addr { host: "127.17.88.3" port: 49899 } health_report { overall_health: UNKNOWN } } }
I0516 22:02:32.775317 18323 raft_consensus.cc:435] T fde57a2e13af4bcc9077306cd4109c3e P d7e4c153959b4c86b9dcb5a3441a879a [term 0 FOLLOWER]: Starting pre-election (no leader contacted us within the election timeout)
I0516 22:02:32.775380 18323 raft_consensus.cc:2704] T fde57a2e13af4bcc9077306cd4109c3e P d7e4c153959b4c86b9dcb5a3441a879a: Snoozing failure detection for 1.939s (starting election)
